2026-06-30 23:27:15.051 8 INFO cinder.volume.api [None req-5a53bfa3-7ce5-4189-baab-2af9da49a555 381cf5643d654e3a8f1e162f2ae3334c 6080e0c93a5e4b2b930adbd06389492d - - default default] Volume info retrieved successfully.
2026-06-30 23:27:15.062 8 INFO cinder.api.openstack.wsgi [None req-5a53bfa3-7ce5-4189-baab-2af9da49a555 381cf5643d654e3a8f1e162f2ae3334c 6080e0c93a5e4b2b930adbd06389492d - - default default] http://cinder-api.openstack.svc.cluster.local:8776/v3/6080e0c93a5e4b2b930adbd06389492d/volumes/2746dfaf-8e63-481b-a436-afa3c86414af returned with HTTP 200 [pid: 8|app: 0|req: 344/690] 10.0.0.178 () {32 vars in 775 bytes} [Tue Jun 30 23:27:15 2026] GET /v3/6080e0c93a5e4b2b930adbd06389492d/volumes/2746dfaf-8e63-481b-a436-afa3c86414af => generated 933 bytes in 55 msecs (HTTP/1.1 200) 7 headers in 285 bytes (1 switches on core 0) /var/lib/openstack/lib/python3.10/site-packages/pycadf/identifier.py:71: UserWarning: Invalid uuid: cinderv3. To ensure interoperability, identifiers should be a valid uuid. warnings.warn(('Invalid uuid: %s. To ensure interoperability, '
2026-06-30 23:27:16.082 7 INFO cinder.api.openstack.wsgi [None req-9768b04a-3e19-42f4-97e2-d8997ea59d8a 381cf5643d654e3a8f1e162f2ae3334c 6080e0c93a5e4b2b930adbd06389492d - - default default] GET http://cinder-api.openstack.svc.cluster.local:8776/v3/6080e0c93a5e4b2b930adbd06389492d/volumes/2746dfaf-8e63-481b-a436-afa3c86414af /var/lib/openstack/lib/python3.10/site-packages/oslo_context/context.py:100: DeprecationWarning: Policy enforcement is depending on the value of is_admin. This key is deprecated. Please update your policy file to use the standard policy values. warnings.warn('Policy enforcement is depending on the value of '
2026-06-30 23:27:16.111 7 INFO cinder.volume.api [None req-9768b04a-3e19-42f4-97e2-d8997ea59d8a 381cf5643d654e3a8f1e162f2ae3334c 6080e0c93a5e4b2b930adbd06389492d - - default default] Volume info retrieved successfully.
2026-06-30 23:27:16.138 7 INFO cinder.api.openstack.wsgi [None req-9768b04a-3e19-42f4-97e2-d8997ea59d8a 381cf5643d654e3a8f1e162f2ae3334c 6080e0c93a5e4b2b930adbd06389492d - - default default] http://cinder-api.openstack.svc.cluster.local:8776/v3/6080e0c93a5e4b2b930adbd06389492d/volumes/2746dfaf-8e63-481b-a436-afa3c86414af returned with HTTP 200 [pid: 7|app: 0|req: 347/691] 10.0.0.178 () {32 vars in 775 bytes} [Tue Jun 30 23:27:16 2026] GET /v3/6080e0c93a5e4b2b930adbd06389492d/volumes/2746dfaf-8e63-481b-a436-afa3c86414af => generated 957 bytes in 65 msecs (HTTP/1.1 200) 7 headers in 285 bytes (1 switches on core 0) /var/lib/openstack/lib/python3.10/site-packages/pycadf/identifier.py:71: UserWarning: Invalid uuid: cinderv3. To ensure interoperability, identifiers should be a valid uuid. warnings.warn(('Invalid uuid: %s. To ensure interoperability, '
2026-06-30 23:27:17.169 8 INFO cinder.api.openstack.wsgi [None req-08cf0311-0e84-44d7-b569-fdaa1f09664e 381cf5643d654e3a8f1e162f2ae3334c 6080e0c93a5e4b2b930adbd06389492d - - default default] GET http://cinder-api.openstack.svc.cluster.local:8776/v3/6080e0c93a5e4b2b930adbd06389492d/volumes/2746dfaf-8e63-481b-a436-afa3c86414af /var/lib/openstack/lib/python3.10/site-packages/oslo_context/context.py:100: DeprecationWarning: Policy enforcement is depending on the value of is_admin. This key is deprecated. Please update your policy file to use the standard policy values. warnings.warn('Policy enforcement is depending on the value of '
2026-06-30 23:27:17.187 8 INFO cinder.volume.api [None req-08cf0311-0e84-44d7-b569-fdaa1f09664e 381cf5643d654e3a8f1e162f2ae3334c 6080e0c93a5e4b2b930adbd06389492d - - default default] Volume info retrieved successfully.
2026-06-30 23:27:17.192 8 INFO cinder.api.openstack.wsgi [None req-08cf0311-0e84-44d7-b569-fdaa1f09664e 381cf5643d654e3a8f1e162f2ae3334c 6080e0c93a5e4b2b930adbd06389492d - - default default] http://cinder-api.openstack.svc.cluster.local:8776/v3/6080e0c93a5e4b2b930adbd06389492d/volumes/2746dfaf-8e63-481b-a436-afa3c86414af returned with HTTP 200 [pid: 8|app: 0|req: 345/692] 10.0.0.178 () {32 vars in 775 bytes} [Tue Jun 30 23:27:17 2026] GET /v3/6080e0c93a5e4b2b930adbd06389492d/volumes/2746dfaf-8e63-481b-a436-afa3c86414af => generated 957 bytes in 33 msecs (HTTP/1.1 200) 7 headers in 285 bytes (1 switches on core 0) /var/lib/openstack/lib/python3.10/site-packages/pycadf/identifier.py:71: UserWarning: Invalid uuid: cinderv3. To ensure interoperability, identifiers should be a valid uuid. warnings.warn(('Invalid uuid: %s. To ensure interoperability, '
2026-06-30 23:27:17.591 7 INFO cinder.api.openstack.wsgi [None req-b5ccb33c-54ff-4858-aadd-f2b9929e9018 a6066b61c62d4ed183f7a26a55d58c8c aed7af4cc48643158008a648409ea655 - - default default] GET http://cinder-api.openstack.svc.cluster.local:8776/v3/aed7af4cc48643158008a648409ea655/snapshots?all_tenants=true
2026-06-30 23:27:17.600 7 INFO cinder.volume.api [None req-b5ccb33c-54ff-4858-aadd-f2b9929e9018 a6066b61c62d4ed183f7a26a55d58c8c aed7af4cc48643158008a648409ea655 - - default default] Get all snapshots completed successfully.
2026-06-30 23:27:17.600 7 INFO cinder.api.openstack.wsgi [None req-b5ccb33c-54ff-4858-aadd-f2b9929e9018 a6066b61c62d4ed183f7a26a55d58c8c aed7af4cc48643158008a648409ea655 - - default default] http://cinder-api.openstack.svc.cluster.local:8776/v3/aed7af4cc48643158008a648409ea655/snapshots?all_tenants=true returned with HTTP 200 [pid: 7|app: 0|req: 348/693] 10.0.0.82 () {28 vars in 673 bytes} [Tue Jun 30 23:27:17 2026] GET /v3/aed7af4cc48643158008a648409ea655/snapshots?all_tenants=true => generated 17 bytes in 93 msecs (HTTP/1.1 200) 7 headers in 284 bytes (1 switches on core 0) /var/lib/openstack/lib/python3.10/site-packages/pycadf/identifier.py:71: UserWarning: Invalid uuid: cinderv3. To ensure interoperability, identifiers should be a valid uuid. warnings.warn(('Invalid uuid: %s. To ensure interoperability, '
2026-06-30 23:27:17.613 8 INFO cinder.api.openstack.wsgi [None req-71212c1d-789c-44ea-a4f3-01ada55e2e53 a6066b61c62d4ed183f7a26a55d58c8c aed7af4cc48643158008a648409ea655 - - default default] GET http://cinder-api.openstack.svc.cluster.local:8776/v3/aed7af4cc48643158008a648409ea655/volumes/detail?all_tenants=true
2026-06-30 23:27:17.629 8 INFO cinder.volume.api [None req-71212c1d-789c-44ea-a4f3-01ada55e2e53 a6066b61c62d4ed183f7a26a55d58c8c aed7af4cc48643158008a648409ea655 - - default default] Get all volumes completed successfully. /var/lib/openstack/lib/python3.10/site-packages/oslo_context/context.py:100: DeprecationWarning: Policy enforcement is depending on the value of is_admin. This key is deprecated. Please update your policy file to use the standard policy values. warnings.warn('Policy enforcement is depending on the value of '
2026-06-30 23:27:17.640 8 INFO cinder.api.openstack.wsgi [None req-71212c1d-789c-44ea-a4f3-01ada55e2e53 a6066b61c62d4ed183f7a26a55d58c8c aed7af4cc48643158008a648409ea655 - - default default] http://cinder-api.openstack.svc.cluster.local:8776/v3/aed7af4cc48643158008a648409ea655/volumes/detail?all_tenants=true returned with HTTP 200 [pid: 8|app: 0|req: 346/694] 10.0.0.82 () {28 vars in 683 bytes} [Tue Jun 30 23:27:17 2026] GET /v3/aed7af4cc48643158008a648409ea655/volumes/detail?all_tenants=true => generated 1125 bytes in 34 msecs (HTTP/1.1 200) 7 headers in 286 bytes (1 switches on core 0)
2026-06-30 23:27:17.651 7 INFO cinder.api.openstack.wsgi [None req-700b8a1c-1886-445a-bec3-3039e0d95edc a6066b61c62d4ed183f7a26a55d58c8c aed7af4cc48643158008a648409ea655 - - default default] GET http://cinder-api.openstack.svc.cluster.local:8776/v3/aed7af4cc48643158008a648409ea655/volumes/detail?all_tenants=true
2026-06-30 23:27:17.664 7 INFO cinder.volume.api [None req-700b8a1c-1886-445a-bec3-3039e0d95edc a6066b61c62d4ed183f7a26a55d58c8c aed7af4cc48643158008a648409ea655 - - default default] Get all volumes completed successfully. /var/lib/openstack/lib/python3.10/site-packages/oslo_context/context.py:100: DeprecationWarning: Policy enforcement is depending on the value of is_admin. This key is deprecated. Please update your policy file to use the standard policy values. warnings.warn('Policy enforcement is depending on the value of '
2026-06-30 23:27:17.672 7 INFO cinder.api.openstack.wsgi [None req-700b8a1c-1886-445a-bec3-3039e0d95edc a6066b61c62d4ed183f7a26a55d58c8c aed7af4cc48643158008a648409ea655 - - default default] http://cinder-api.openstack.svc.cluster.local:8776/v3/aed7af4cc48643158008a648409ea655/volumes/detail?all_tenants=true returned with HTTP 200 [pid: 7|app: 0|req: 349/695] 10.0.0.82 () {28 vars in 683 bytes} [Tue Jun 30 23:27:17 2026] GET /v3/aed7af4cc48643158008a648409ea655/volumes/detail?all_tenants=true => generated 1125 bytes in 28 msecs (HTTP/1.1 200) 7 headers in 286 bytes (1 switches on core 0) /var/lib/openstack/lib/python3.10/site-packages/pycadf/identifier.py:71: UserWarning: Invalid uuid: cinderv3. To ensure interoperability, identifiers should be a valid uuid. warnings.warn(('Invalid uuid: %s. To ensure interoperability, '
2026-06-30 23:27:17.688 8 INFO cinder.api.openstack.wsgi [None req-493a2307-af91-452a-a9c0-c9743b434f0b a6066b61c62d4ed183f7a26a55d58c8c aed7af4cc48643158008a648409ea655 - - default default] GET http://cinder-api.openstack.svc.cluster.local:8776/v3/aed7af4cc48643158008a648409ea655/os-services
2026-06-30 23:27:17.694 8 INFO cinder.api.openstack.wsgi [None req-493a2307-af91-452a-a9c0-c9743b434f0b a6066b61c62d4ed183f7a26a55d58c8c aed7af4cc48643158008a648409ea655 - - default default] http://cinder-api.openstack.svc.cluster.local:8776/v3/aed7af4cc48643158008a648409ea655/os-services returned with HTTP 200 [pid: 8|app: 0|req: 347/696] 10.0.0.82 () {28 vars in 644 bytes} [Tue Jun 30 23:27:17 2026] GET /v3/aed7af4cc48643158008a648409ea655/os-services => generated 646 bytes in 16 msecs (HTTP/1.1 200) 7 headers in 285 bytes (1 switches on core 0) /var/lib/openstack/lib/python3.10/site-packages/pycadf/identifier.py:71: UserWarning: Invalid uuid: cinderv3. To ensure interoperability, identifiers should be a valid uuid. warnings.warn(('Invalid uuid: %s. To ensure interoperability, '
2026-06-30 23:27:17.709 7 INFO cinder.api.openstack.wsgi [None req-81a705da-a386-4e35-acc8-f6b0d19bcc0d a6066b61c62d4ed183f7a26a55d58c8c aed7af4cc48643158008a648409ea655 - - default default] GET http://cinder-api.openstack.svc.cluster.local:8776/v3/aed7af4cc48643158008a648409ea655/scheduler-stats/get_pools?detail=true
2026-06-30 23:27:17.725 7 INFO cinder.api.openstack.wsgi [None req-81a705da-a386-4e35-acc8-f6b0d19bcc0d a6066b61c62d4ed183f7a26a55d58c8c aed7af4cc48643158008a648409ea655 - - default default] http://cinder-api.openstack.svc.cluster.local:8776/v3/aed7af4cc48643158008a648409ea655/scheduler-stats/get_pools?detail=true returned with HTTP 200 [pid: 7|app: 0|req: 350/697] 10.0.0.82 () {28 vars in 695 bytes} [Tue Jun 30 23:27:17 2026] GET /v3/aed7af4cc48643158008a648409ea655/scheduler-stats/get_pools?detail=true => generated 670 bytes in 28 msecs (HTTP/1.1 200) 7 headers in 285 bytes (1 switches on core 0)
2026-06-30 23:27:17.807 8 INFO cinder.api.openstack.wsgi [None req-07c16a3a-9e9f-474e-8a19-69c6399b6a75 a6066b61c62d4ed183f7a26a55d58c8c aed7af4cc48643158008a648409ea655 - - default default] GET http://cinder-api.openstack.svc.cluster.local:8776/v3/aed7af4cc48643158008a648409ea655/os-quota-sets/6080e0c93a5e4b2b930adbd06389492d?usage=true
2026-06-30 23:27:17.859 8 INFO cinder.api.openstack.wsgi [None req-07c16a3a-9e9f-474e-8a19-69c6399b6a75 a6066b61c62d4ed183f7a26a55d58c8c aed7af4cc48643158008a648409ea655 - - default default] http://cinder-api.openstack.svc.cluster.local:8776/v3/aed7af4cc48643158008a648409ea655/os-quota-sets/6080e0c93a5e4b2b930adbd06389492d?usage=true returned with HTTP 200 [pid: 8|app: 0|req: 348/698] 10.0.0.82 () {28 vars in 735 bytes} [Tue Jun 30 23:27:17 2026] GET /v3/aed7af4cc48643158008a648409ea655/os-quota-sets/6080e0c93a5e4b2b930adbd06389492d?usage=true => generated 847 bytes in 61 msecs (HTTP/1.1 200) 7 headers in 285 bytes (1 switches on core 0)
2026-06-30 23:27:17.872 7 INFO cinder.api.openstack.wsgi [None req-c8135beb-c58e-4374-9832-7aa9aae987e0 a6066b61c62d4ed183f7a26a55d58c8c aed7af4cc48643158008a648409ea655 - - default default] GET http://cinder-api.openstack.svc.cluster.local:8776/v3/aed7af4cc48643158008a648409ea655/os-quota-sets/8b9145767a6242cfbd976bbe5e52b9e6?usage=true
2026-06-30 23:27:17.914 7 INFO cinder.api.openstack.wsgi [None req-c8135beb-c58e-4374-9832-7aa9aae987e0 a6066b61c62d4ed183f7a26a55d58c8c aed7af4cc48643158008a648409ea655 - - default default] http://cinder-api.openstack.svc.cluster.local:8776/v3/aed7af4cc48643158008a648409ea655/os-quota-sets/8b9145767a6242cfbd976bbe5e52b9e6?usage=true returned with HTTP 200 [pid: 7|app: 0|req: 351/699] 10.0.0.82 () {28 vars in 735 bytes} [Tue Jun 30 23:27:17 2026] GET /v3/aed7af4cc48643158008a648409ea655/os-quota-sets/8b9145767a6242cfbd976bbe5e52b9e6?usage=true => generated 847 bytes in 50 msecs (HTTP/1.1 200) 7 headers in 285 bytes (1 switches on core 0)
2026-06-30 23:27:17.926 8 INFO cinder.api.openstack.wsgi [None req-977e5770-38bf-490b-a315-6856ecae6e47 a6066b61c62d4ed183f7a26a55d58c8c aed7af4cc48643158008a648409ea655 - - default default] GET http://cinder-api.openstack.svc.cluster.local:8776/v3/aed7af4cc48643158008a648409ea655/os-quota-sets/941deec9faef4423a0d8fd1d95580de0?usage=true
2026-06-30 23:27:17.951 8 INFO cinder.api.openstack.wsgi [None req-977e5770-38bf-490b-a315-6856ecae6e47 a6066b61c62d4ed183f7a26a55d58c8c aed7af4cc48643158008a648409ea655 - - default default] http://cinder-api.openstack.svc.cluster.local:8776/v3/aed7af4cc48643158008a648409ea655/os-quota-sets/941deec9faef4423a0d8fd1d95580de0?usage=true returned with HTTP 200 [pid: 8|app: 0|req: 349/700] 10.0.0.82 () {28 vars in 735 bytes} [Tue Jun 30 23:27:17 2026] GET /v3/aed7af4cc48643158008a648409ea655/os-quota-sets/941deec9faef4423a0d8fd1d95580de0?usage=true => generated 847 bytes in 33 msecs (HTTP/1.1 200) 7 headers in 285 bytes (1 switches on core 0)
2026-06-30 23:27:17.965 7 INFO cinder.api.openstack.wsgi [None req-9e21bca5-bcbd-4186-9b67-f17b9a72da7b a6066b61c62d4ed183f7a26a55d58c8c aed7af4cc48643158008a648409ea655 - - default default] GET http://cinder-api.openstack.svc.cluster.local:8776/v3/aed7af4cc48643158008a648409ea655/os-quota-sets/aed7af4cc48643158008a648409ea655?usage=true
2026-06-30 23:27:17.991 7 INFO cinder.api.openstack.wsgi [None req-9e21bca5-bcbd-4186-9b67-f17b9a72da7b a6066b61c62d4ed183f7a26a55d58c8c aed7af4cc48643158008a648409ea655 - - default default] http://cinder-api.openstack.svc.cluster.local:8776/v3/aed7af4cc48643158008a648409ea655/os-quota-sets/aed7af4cc48643158008a648409ea655?usage=true returned with HTTP 200 [pid: 7|app: 0|req: 352/701] 10.0.0.82 () {28 vars in 735 bytes} [Tue Jun 30 23:27:17 2026] GET /v3/aed7af4cc48643158008a648409ea655/os-quota-sets/aed7af4cc48643158008a648409ea655?usage=true => generated 845 bytes in 35 msecs (HTTP/1.1 200) 7 headers in 285 bytes (1 switches on core 0)
2026-06-30 23:27:18.006 8 INFO cinder.api.openstack.wsgi [None req-84f977d4-ea50-434d-845f-dde2a579624c a6066b61c62d4ed183f7a26a55d58c8c aed7af4cc48643158008a648409ea655 - - default default] GET http://cinder-api.openstack.svc.cluster.local:8776/v3/aed7af4cc48643158008a648409ea655/os-quota-sets/b62ffabbc21f4b05a43f7df104c76a46?usage=true
2026-06-30 23:27:18.030 8 INFO cinder.api.openstack.wsgi [None req-84f977d4-ea50-434d-845f-dde2a579624c a6066b61c62d4ed183f7a26a55d58c8c aed7af4cc48643158008a648409ea655 - - default default] http://cinder-api.openstack.svc.cluster.local:8776/v3/aed7af4cc48643158008a648409ea655/os-quota-sets/b62ffabbc21f4b05a43f7df104c76a46?usage=true returned with HTTP 200 [pid: 8|app: 0|req: 350/702] 10.0.0.82 () {28 vars in 735 bytes} [Tue Jun 30 23:27:17 2026] GET /v3/aed7af4cc48643158008a648409ea655/os-quota-sets/b62ffabbc21f4b05a43f7df104c76a46?usage=true => generated 847 bytes in 32 msecs (HTTP/1.1 200) 7 headers in 285 bytes (1 switches on core 0)
2026-06-30 23:27:18.042 7 INFO cinder.api.openstack.wsgi [None req-77f5fccb-0cd6-4757-96f5-c8332d3f82d7 a6066b61c62d4ed183f7a26a55d58c8c aed7af4cc48643158008a648409ea655 - - default default] GET http://cinder-api.openstack.svc.cluster.local:8776/v3/aed7af4cc48643158008a648409ea655/os-quota-sets/b9c2d556b10f4644a99ced35db1c6862?usage=true
2026-06-30 23:27:18.067 7 INFO cinder.api.openstack.wsgi [None req-77f5fccb-0cd6-4757-96f5-c8332d3f82d7 a6066b61c62d4ed183f7a26a55d58c8c aed7af4cc48643158008a648409ea655 - - default default] http://cinder-api.openstack.svc.cluster.local:8776/v3/aed7af4cc48643158008a648409ea655/os-quota-sets/b9c2d556b10f4644a99ced35db1c6862?usage=true returned with HTTP 200 [pid: 7|app: 0|req: 353/703] 10.0.0.82 () {28 vars in 735 bytes} [Tue Jun 30 23:27:18 2026] GET /v3/aed7af4cc48643158008a648409ea655/os-quota-sets/b9c2d556b10f4644a99ced35db1c6862?usage=true => generated 847 bytes in 33 msecs (HTTP/1.1 200) 7 headers in 285 bytes (1 switches on core 0)
2026-06-30 23:27:18.089 8 INFO cinder.api.openstack.wsgi [None req-5633ea8a-160e-4b2a-bbbc-904242ec3007 a6066b61c62d4ed183f7a26a55d58c8c aed7af4cc48643158008a648409ea655 - - default default] GET http://cinder-api.openstack.svc.cluster.local:8776/v3/aed7af4cc48643158008a648409ea655/os-quota-sets/e53fbdfe72844f6baac2bb82b0389d2b?usage=true
2026-06-30 23:27:18.124 8 INFO cinder.api.openstack.wsgi [None req-5633ea8a-160e-4b2a-bbbc-904242ec3007 a6066b61c62d4ed183f7a26a55d58c8c aed7af4cc48643158008a648409ea655 - - default default] http://cinder-api.openstack.svc.cluster.local:8776/v3/aed7af4cc48643158008a648409ea655/os-quota-sets/e53fbdfe72844f6baac2bb82b0389d2b?usage=true returned with HTTP 200 [pid: 8|app: 0|req: 351/704] 10.0.0.82 () {28 vars in 735 bytes} [Tue Jun 30 23:27:18 2026] GET /v3/aed7af4cc48643158008a648409ea655/os-quota-sets/e53fbdfe72844f6baac2bb82b0389d2b?usage=true => generated 845 bytes in 48 msecs (HTTP/1.1 200) 7 headers in 285 bytes (1 switches on core 0)
2026-06-30 23:27:18.226 7 INFO cinder.api.openstack.wsgi [None req-853ba281-7abd-428c-8ce3-b0a6f8c8998e 381cf5643d654e3a8f1e162f2ae3334c 6080e0c93a5e4b2b930adbd06389492d - - default default] GET http://cinder-api.openstack.svc.cluster.local:8776/v3/6080e0c93a5e4b2b930adbd06389492d/volumes/2746dfaf-8e63-481b-a436-afa3c86414af /var/lib/openstack/lib/python3.10/site-packages/oslo_context/context.py:100: DeprecationWarning: Policy enforcement is depending on the value of is_admin. This key is deprecated. Please update your policy file to use the standard policy values. warnings.warn('Policy enforcement is depending on the value of '
2026-06-30 23:27:18.261 7 INFO cinder.volume.api [None req-853ba281-7abd-428c-8ce3-b0a6f8c8998e 381cf5643d654e3a8f1e162f2ae3334c 6080e0c93a5e4b2b930adbd06389492d - - default default] Volume info retrieved successfully.
2026-06-30 23:27:18.275 7 INFO cinder.api.openstack.wsgi [None req-853ba281-7abd-428c-8ce3-b0a6f8c8998e 381cf5643d654e3a8f1e162f2ae3334c 6080e0c93a5e4b2b930adbd06389492d - - default default] http://cinder-api.openstack.svc.cluster.local:8776/v3/6080e0c93a5e4b2b930adbd06389492d/volumes/2746dfaf-8e63-481b-a436-afa3c86414af returned with HTTP 200 [pid: 7|app: 0|req: 354/705] 10.0.0.178 () {32 vars in 775 bytes} [Tue Jun 30 23:27:18 2026] GET /v3/6080e0c93a5e4b2b930adbd06389492d/volumes/2746dfaf-8e63-481b-a436-afa3c86414af => generated 1342 bytes in 58 msecs (HTTP/1.1 200) 7 headers in 286 bytes (1 switches on core 0)
2026-06-30 23:27:18.489 8 INFO cinder.api.openstack.wsgi [req-f0790b50-efb4-44c2-a4fc-37504c18891a req-60feba27-5f17-4878-9fd6-273ca2153960 381cf5643d654e3a8f1e162f2ae3334c 6080e0c93a5e4b2b930adbd06389492d - - default default] GET http://cinder-api.openstack.svc.cluster.local:8776/v3/6080e0c93a5e4b2b930adbd06389492d/volumes/2746dfaf-8e63-481b-a436-afa3c86414af /var/lib/openstack/lib/python3.10/site-packages/oslo_context/context.py:100: DeprecationWarning: Policy enforcement is depending on the value of is_admin. This key is deprecated. Please update your policy file to use the standard policy values. warnings.warn('Policy enforcement is depending on the value of '
2026-06-30 23:27:18.505 8 INFO cinder.volume.api [req-f0790b50-efb4-44c2-a4fc-37504c18891a req-60feba27-5f17-4878-9fd6-273ca2153960 381cf5643d654e3a8f1e162f2ae3334c 6080e0c93a5e4b2b930adbd06389492d - - default default] Volume info retrieved successfully.
2026-06-30 23:27:18.511 8 INFO cinder.api.openstack.wsgi [req-f0790b50-efb4-44c2-a4fc-37504c18891a req-60feba27-5f17-4878-9fd6-273ca2153960 381cf5643d654e3a8f1e162f2ae3334c 6080e0c93a5e4b2b930adbd06389492d - - default default] http://cinder-api.openstack.svc.cluster.local:8776/v3/6080e0c93a5e4b2b930adbd06389492d/volumes/2746dfaf-8e63-481b-a436-afa3c86414af returned with HTTP 200 [pid: 8|app: 0|req: 352/706] 10.0.0.65 () {34 vars in 1027 bytes} [Tue Jun 30 23:27:18 2026] GET /v3/6080e0c93a5e4b2b930adbd06389492d/volumes/2746dfaf-8e63-481b-a436-afa3c86414af => generated 1342 bytes in 33 msecs (HTTP/1.1 200) 7 headers in 286 bytes (1 switches on core 0) /var/lib/openstack/lib/python3.10/site-packages/pycadf/identifier.py:71: UserWarning: Invalid uuid: cinderv3. To ensure interoperability, identifiers should be a valid uuid. warnings.warn(('Invalid uuid: %s. To ensure interoperability, '
2026-06-30 23:27:20.293 7 INFO cinder.api.openstack.wsgi [req-f0790b50-efb4-44c2-a4fc-37504c18891a req-c2470e84-6ef0-4717-b64e-b911bb465ac7 381cf5643d654e3a8f1e162f2ae3334c 6080e0c93a5e4b2b930adbd06389492d - - default default] GET http://cinder-api.openstack.svc.cluster.local:8776/v3/6080e0c93a5e4b2b930adbd06389492d/volumes/2746dfaf-8e63-481b-a436-afa3c86414af /var/lib/openstack/lib/python3.10/site-packages/oslo_context/context.py:100: DeprecationWarning: Policy enforcement is depending on the value of is_admin. This key is deprecated. Please update your policy file to use the standard policy values. warnings.warn('Policy enforcement is depending on the value of '
2026-06-30 23:27:20.334 7 INFO cinder.volume.api [req-f0790b50-efb4-44c2-a4fc-37504c18891a req-c2470e84-6ef0-4717-b64e-b911bb465ac7 381cf5643d654e3a8f1e162f2ae3334c 6080e0c93a5e4b2b930adbd06389492d - - default default] Volume info retrieved successfully.
2026-06-30 23:27:20.342 7 INFO cinder.api.openstack.wsgi [req-f0790b50-efb4-44c2-a4fc-37504c18891a req-c2470e84-6ef0-4717-b64e-b911bb465ac7 381cf5643d654e3a8f1e162f2ae3334c 6080e0c93a5e4b2b930adbd06389492d - - default default] http://cinder-api.openstack.svc.cluster.local:8776/v3/6080e0c93a5e4b2b930adbd06389492d/volumes/2746dfaf-8e63-481b-a436-afa3c86414af returned with HTTP 200 [pid: 7|app: 0|req: 355/707] 10.0.0.65 () {34 vars in 1027 bytes} [Tue Jun 30 23:27:20 2026] GET /v3/6080e0c93a5e4b2b930adbd06389492d/volumes/2746dfaf-8e63-481b-a436-afa3c86414af => generated 1342 bytes in 59 msecs (HTTP/1.1 200) 7 headers in 286 bytes (1 switches on core 0)
2026-06-30 23:27:20.352 8 INFO cinder.api.openstack.wsgi [req-f0790b50-efb4-44c2-a4fc-37504c18891a req-60feba27-5f17-4878-9fd6-273ca2153960 381cf5643d654e3a8f1e162f2ae3334c 6080e0c93a5e4b2b930adbd06389492d - - default default] GET http://cinder-api.openstack.svc.cluster.local:8776/
2026-06-30 23:27:20.353 8 INFO cinder.api.openstack.wsgi [req-f0790b50-efb4-44c2-a4fc-37504c18891a req-60feba27-5f17-4878-9fd6-273ca2153960 381cf5643d654e3a8f1e162f2ae3334c 6080e0c93a5e4b2b930adbd06389492d - - default default] http://cinder-api.openstack.svc.cluster.local:8776/ returned with HTTP 300 [pid: 8|app: 0|req: 353/708] 10.0.0.65 () {32 vars in 828 bytes} [Tue Jun 30 23:27:20 2026] GET / => generated 411 bytes in 2 msecs (HTTP/1.1 300) 5 headers in 169 bytes (1 switches on core 0) /var/lib/openstack/lib/python3.10/site-packages/pycadf/identifier.py:71: UserWarning: Invalid uuid: cinderv3. To ensure interoperability, identifiers should be a valid uuid. warnings.warn(('Invalid uuid: %s. To ensure interoperability, '
2026-06-30 23:27:20.367 7 INFO cinder.api.openstack.wsgi [req-f0790b50-efb4-44c2-a4fc-37504c18891a req-b266e01e-9118-4078-a139-e5cc39415814 381cf5643d654e3a8f1e162f2ae3334c 6080e0c93a5e4b2b930adbd06389492d - - default default] POST http://cinder-api.openstack.svc.cluster.local:8776/v3/6080e0c93a5e4b2b930adbd06389492d/attachments /var/lib/openstack/lib/python3.10/site-packages/oslo_context/context.py:100: DeprecationWarning: Policy enforcement is depending on the value of is_admin. This key is deprecated. Please update your policy file to use the standard policy values. warnings.warn('Policy enforcement is depending on the value of '
2026-06-30 23:27:20.423 7 INFO cinder.api.openstack.wsgi [req-f0790b50-efb4-44c2-a4fc-37504c18891a req-b266e01e-9118-4078-a139-e5cc39415814 381cf5643d654e3a8f1e162f2ae3334c 6080e0c93a5e4b2b930adbd06389492d - - default default] http://cinder-api.openstack.svc.cluster.local:8776/v3/6080e0c93a5e4b2b930adbd06389492d/attachments returned with HTTP 200 [pid: 7|app: 0|req: 356/709] 10.0.0.65 () {40 vars in 1056 bytes} [Tue Jun 30 23:27:20 2026] POST /v3/6080e0c93a5e4b2b930adbd06389492d/attachments => generated 273 bytes in 64 msecs (HTTP/1.1 200) 7 headers in 286 bytes (1 switches on core 0)
2026-06-30 23:27:21.624 8 INFO cinder.api.openstack.wsgi [req-f0790b50-efb4-44c2-a4fc-37504c18891a req-60feba27-5f17-4878-9fd6-273ca2153960 381cf5643d654e3a8f1e162f2ae3334c 6080e0c93a5e4b2b930adbd06389492d - - default default] GET http://cinder-api.openstack.svc.cluster.local:8776/
2026-06-30 23:27:21.625 8 INFO cinder.api.openstack.wsgi [req-f0790b50-efb4-44c2-a4fc-37504c18891a req-60feba27-5f17-4878-9fd6-273ca2153960 381cf5643d654e3a8f1e162f2ae3334c 6080e0c93a5e4b2b930adbd06389492d - - default default] http://cinder-api.openstack.svc.cluster.local:8776/ returned with HTTP 300 [pid: 8|app: 0|req: 354/710] 199.204.45.235 () {32 vars in 840 bytes} [Tue Jun 30 23:27:21 2026] GET / => generated 411 bytes in 2 msecs (HTTP/1.1 300) 5 headers in 169 bytes (1 switches on core 0) /var/lib/openstack/lib/python3.10/site-packages/pycadf/identifier.py:71: UserWarning: Invalid uuid: cinderv3. To ensure interoperability, identifiers should be a valid uuid. warnings.warn(('Invalid uuid: %s. To ensure interoperability, '
2026-06-30 23:27:21.666 7 INFO cinder.api.openstack.wsgi [req-f0790b50-efb4-44c2-a4fc-37504c18891a req-84d7ac72-c9fb-483b-a488-50e73a32f71c 381cf5643d654e3a8f1e162f2ae3334c 6080e0c93a5e4b2b930adbd06389492d - - default default] GET http://cinder-api.openstack.svc.cluster.local:8776/v3/6080e0c93a5e4b2b930adbd06389492d/volumes/2746dfaf-8e63-481b-a436-afa3c86414af /var/lib/openstack/lib/python3.10/site-packages/oslo_context/context.py:100: DeprecationWarning: Policy enforcement is depending on the value of is_admin. This key is deprecated. Please update your policy file to use the standard policy values. warnings.warn('Policy enforcement is depending on the value of '
2026-06-30 23:27:21.686 7 INFO cinder.volume.api [req-f0790b50-efb4-44c2-a4fc-37504c18891a req-84d7ac72-c9fb-483b-a488-50e73a32f71c 381cf5643d654e3a8f1e162f2ae3334c 6080e0c93a5e4b2b930adbd06389492d - - default default] Volume info retrieved successfully.
2026-06-30 23:27:21.695 7 INFO cinder.api.openstack.wsgi [req-f0790b50-efb4-44c2-a4fc-37504c18891a req-84d7ac72-c9fb-483b-a488-50e73a32f71c 381cf5643d654e3a8f1e162f2ae3334c 6080e0c93a5e4b2b930adbd06389492d - - default default] http://cinder-api.openstack.svc.cluster.local:8776/v3/6080e0c93a5e4b2b930adbd06389492d/volumes/2746dfaf-8e63-481b-a436-afa3c86414af returned with HTTP 200 [pid: 7|app: 0|req: 357/711] 199.204.45.235 () {36 vars in 1073 bytes} [Tue Jun 30 23:27:21 2026] GET /v3/6080e0c93a5e4b2b930adbd06389492d/volumes/2746dfaf-8e63-481b-a436-afa3c86414af => generated 1440 bytes in 39 msecs (HTTP/1.1 200) 7 headers in 287 bytes (1 switches on core 0) /var/lib/openstack/lib/python3.10/site-packages/pycadf/identifier.py:71: UserWarning: Invalid uuid: cinderv3. To ensure interoperability, identifiers should be a valid uuid. warnings.warn(('Invalid uuid: %s. To ensure interoperability, '
2026-06-30 23:27:23.837 8 INFO cinder.api.openstack.wsgi [req-f0790b50-efb4-44c2-a4fc-37504c18891a req-3d23b345-db61-493e-b517-298356db56df 381cf5643d654e3a8f1e162f2ae3334c 6080e0c93a5e4b2b930adbd06389492d - - default default] PUT http://cinder-api.openstack.svc.cluster.local:8776/v3/6080e0c93a5e4b2b930adbd06389492d/attachments/8e2dbbc2-4b25-41eb-8649-e3a9709036d5 /var/lib/openstack/lib/python3.10/site-packages/oslo_context/context.py:100: DeprecationWarning: Policy enforcement is depending on the value of is_admin. This key is deprecated. Please update your policy file to use the standard policy values. warnings.warn('Policy enforcement is depending on the value of '
2026-06-30 23:27:24.566 8 INFO cinder.api.openstack.wsgi [req-f0790b50-efb4-44c2-a4fc-37504c18891a req-3d23b345-db61-493e-b517-298356db56df 381cf5643d654e3a8f1e162f2ae3334c 6080e0c93a5e4b2b930adbd06389492d - - default default] http://cinder-api.openstack.svc.cluster.local:8776/v3/6080e0c93a5e4b2b930adbd06389492d/attachments/8e2dbbc2-4b25-41eb-8649-e3a9709036d5 returned with HTTP 200 [pid: 8|app: 0|req: 355/712] 199.204.45.235 () {40 vars in 1134 bytes} [Tue Jun 30 23:27:23 2026] PUT /v3/6080e0c93a5e4b2b930adbd06389492d/attachments/8e2dbbc2-4b25-41eb-8649-e3a9709036d5 => generated 775 bytes in 740 msecs (HTTP/1.1 200) 7 headers in 286 bytes (1 switches on core 0) /var/lib/openstack/lib/python3.10/site-packages/pycadf/identifier.py:71: UserWarning: Invalid uuid: cinderv3. To ensure interoperability, identifiers should be a valid uuid. warnings.warn(('Invalid uuid: %s. To ensure interoperability, '
2026-06-30 23:27:24.606 7 INFO cinder.api.openstack.wsgi [req-f0790b50-efb4-44c2-a4fc-37504c18891a req-f2ec6b9e-2564-4f54-843f-5ec93740e54a 381cf5643d654e3a8f1e162f2ae3334c 6080e0c93a5e4b2b930adbd06389492d - - default default] POST http://cinder-api.openstack.svc.cluster.local:8776/v3/6080e0c93a5e4b2b930adbd06389492d/attachments/8e2dbbc2-4b25-41eb-8649-e3a9709036d5/action /var/lib/openstack/lib/python3.10/site-packages/oslo_context/context.py:100: DeprecationWarning: Policy enforcement is depending on the value of is_admin. This key is deprecated. Please update your policy file to use the standard policy values. warnings.warn('Policy enforcement is depending on the value of '
2026-06-30 23:27:24.649 7 INFO cinder.api.openstack.wsgi [req-f0790b50-efb4-44c2-a4fc-37504c18891a req-f2ec6b9e-2564-4f54-843f-5ec93740e54a 381cf5643d654e3a8f1e162f2ae3334c 6080e0c93a5e4b2b930adbd06389492d - - default default] http://cinder-api.openstack.svc.cluster.local:8776/v3/6080e0c93a5e4b2b930adbd06389492d/attachments/8e2dbbc2-4b25-41eb-8649-e3a9709036d5/action returned with HTTP 204 [pid: 7|app: 0|req: 358/713] 199.204.45.235 () {40 vars in 1148 bytes} [Tue Jun 30 23:27:24 2026] POST /v3/6080e0c93a5e4b2b930adbd06389492d/attachments/8e2dbbc2-4b25-41eb-8649-e3a9709036d5/action => generated 0 bytes in 54 msecs (HTTP/1.1 204) 7 headers in 292 bytes (1 switches on core 0)
2026-06-30 23:27:24.821 8 INFO cinder.api.openstack.wsgi [req-f0790b50-efb4-44c2-a4fc-37504c18891a req-3d23b345-db61-493e-b517-298356db56df 381cf5643d654e3a8f1e162f2ae3334c 6080e0c93a5e4b2b930adbd06389492d - - default default] GET http://10.0.0.170:8776/
2026-06-30 23:27:24.822 8 INFO cinder.api.openstack.wsgi [req-f0790b50-efb4-44c2-a4fc-37504c18891a req-3d23b345-db61-493e-b517-298356db56df 381cf5643d654e3a8f1e162f2ae3334c 6080e0c93a5e4b2b930adbd06389492d - - default default] http://10.0.0.170:8776/ returned with HTTP 300
2026-06-30 23:27:24.826 7 INFO cinder.api.openstack.wsgi [req-f0790b50-efb4-44c2-a4fc-37504c18891a req-f2ec6b9e-2564-4f54-843f-5ec93740e54a 381cf5643d654e3a8f1e162f2ae3334c 6080e0c93a5e4b2b930adbd06389492d - - default default] GET http://10.0.0.170:8776/
2026-06-30 23:27:24.826 7 INFO cinder.api.openstack.wsgi [req-f0790b50-efb4-44c2-a4fc-37504c18891a req-f2ec6b9e-2564-4f54-843f-5ec93740e54a 381cf5643d654e3a8f1e162f2ae3334c 6080e0c93a5e4b2b930adbd06389492d - - default default] http://10.0.0.170:8776/ returned with HTTP 300
2026-06-30 23:27:34.822 8 INFO cinder.api.openstack.wsgi [req-f0790b50-efb4-44c2-a4fc-37504c18891a req-3d23b345-db61-493e-b517-298356db56df 381cf5643d654e3a8f1e162f2ae3334c 6080e0c93a5e4b2b930adbd06389492d - - default default] GET http://10.0.0.170:8776/
2026-06-30 23:27:34.823 8 INFO cinder.api.openstack.wsgi [req-f0790b50-efb4-44c2-a4fc-37504c18891a req-3d23b345-db61-493e-b517-298356db56df 381cf5643d654e3a8f1e162f2ae3334c 6080e0c93a5e4b2b930adbd06389492d - - default default] http://10.0.0.170:8776/ returned with HTTP 300
2026-06-30 23:27:34.824 7 INFO cinder.api.openstack.wsgi [req-f0790b50-efb4-44c2-a4fc-37504c18891a req-f2ec6b9e-2564-4f54-843f-5ec93740e54a 381cf5643d654e3a8f1e162f2ae3334c 6080e0c93a5e4b2b930adbd06389492d - - default default] GET http://10.0.0.170:8776/
2026-06-30 23:27:34.826 7 INFO cinder.api.openstack.wsgi [req-f0790b50-efb4-44c2-a4fc-37504c18891a req-f2ec6b9e-2564-4f54-843f-5ec93740e54a 381cf5643d654e3a8f1e162f2ae3334c 6080e0c93a5e4b2b930adbd06389492d - - default default] http://10.0.0.170:8776/ returned with HTTP 300 /var/lib/openstack/lib/python3.10/site-packages/pycadf/identifier.py:71: UserWarning: Invalid uuid: cinderv3. To ensure interoperability, identifiers should be a valid uuid. warnings.warn(('Invalid uuid: %s. To ensure interoperability, '
2026-06-30 23:27:35.183 8 INFO cinder.api.openstack.wsgi [req-a4997441-b6af-4224-a406-9eca4dcefec1 req-144feab0-6548-4713-b6b2-55f4295ed471 381cf5643d654e3a8f1e162f2ae3334c 6080e0c93a5e4b2b930adbd06389492d - - default default] DELETE http://cinder-api.openstack.svc.cluster.local:8776/v3/6080e0c93a5e4b2b930adbd06389492d/attachments/8e2dbbc2-4b25-41eb-8649-e3a9709036d5 /var/lib/openstack/lib/python3.10/site-packages/oslo_context/context.py:100: DeprecationWarning: Policy enforcement is depending on the value of is_admin. This key is deprecated. Please update your policy file to use the standard policy values. warnings.warn('Policy enforcement is depending on the value of '
2026-06-30 23:27:35.305 8 INFO cinder.api.openstack.wsgi [req-a4997441-b6af-4224-a406-9eca4dcefec1 req-144feab0-6548-4713-b6b2-55f4295ed471 381cf5643d654e3a8f1e162f2ae3334c 6080e0c93a5e4b2b930adbd06389492d - - default default] http://cinder-api.openstack.svc.cluster.local:8776/v3/6080e0c93a5e4b2b930adbd06389492d/attachments/8e2dbbc2-4b25-41eb-8649-e3a9709036d5 returned with HTTP 200 [pid: 8|app: 0|req: 358/718] 199.204.45.235 () {38 vars in 1103 bytes} [Tue Jun 30 23:27:35 2026] DELETE /v3/6080e0c93a5e4b2b930adbd06389492d/attachments/8e2dbbc2-4b25-41eb-8649-e3a9709036d5 => generated 19 bytes in 134 msecs (HTTP/1.1 200) 7 headers in 285 bytes (1 switches on core 0) /var/lib/openstack/lib/python3.10/site-packages/pycadf/identifier.py:71: UserWarning: Invalid uuid: cinderv3. To ensure interoperability, identifiers should be a valid uuid. warnings.warn(('Invalid uuid: %s. To ensure interoperability, '
2026-06-30 23:27:35.325 7 INFO cinder.api.openstack.wsgi [req-a4997441-b6af-4224-a406-9eca4dcefec1 req-f5cc1b26-680e-41d8-82d8-51afe12863bc 381cf5643d654e3a8f1e162f2ae3334c 6080e0c93a5e4b2b930adbd06389492d - - default default] DELETE http://cinder-api.openstack.svc.cluster.local:8776/v3/6080e0c93a5e4b2b930adbd06389492d/volumes/2746dfaf-8e63-481b-a436-afa3c86414af
2026-06-30 23:27:35.326 7 INFO cinder.api.v3.volumes [req-a4997441-b6af-4224-a406-9eca4dcefec1 req-f5cc1b26-680e-41d8-82d8-51afe12863bc 381cf5643d654e3a8f1e162f2ae3334c 6080e0c93a5e4b2b930adbd06389492d - - default default] Delete volume with id: 2746dfaf-8e63-481b-a436-afa3c86414af  /var/lib/openstack/lib/python3.10/site-packages/oslo_context/context.py:100: DeprecationWarning: Policy enforcement is depending on the value of is_admin. This key is deprecated. Please update your policy file to use the standard policy values. warnings.warn('Policy enforcement is depending on the value of '
2026-06-30 23:27:35.336 7 INFO cinder.volume.api [req-a4997441-b6af-4224-a406-9eca4dcefec1 req-f5cc1b26-680e-41d8-82d8-51afe12863bc 381cf5643d654e3a8f1e162f2ae3334c 6080e0c93a5e4b2b930adbd06389492d - - default default] Volume info retrieved successfully.
2026-06-30 23:27:35.363 7 INFO cinder.volume.api [req-a4997441-b6af-4224-a406-9eca4dcefec1 req-f5cc1b26-680e-41d8-82d8-51afe12863bc 381cf5643d654e3a8f1e162f2ae3334c 6080e0c93a5e4b2b930adbd06389492d - - default default] Delete volume request issued successfully.
2026-06-30 23:27:35.364 7 INFO cinder.api.openstack.wsgi [req-a4997441-b6af-4224-a406-9eca4dcefec1 req-f5cc1b26-680e-41d8-82d8-51afe12863bc 381cf5643d654e3a8f1e162f2ae3334c 6080e0c93a5e4b2b930adbd06389492d - - default default] http://cinder-api.openstack.svc.cluster.local:8776/v3/6080e0c93a5e4b2b930adbd06389492d/volumes/2746dfaf-8e63-481b-a436-afa3c86414af returned with HTTP 202 [pid: 7|app: 0|req: 361/719] 199.204.45.235 () {36 vars in 1054 bytes} [Tue Jun 30 23:27:35 2026] DELETE /v3/6080e0c93a5e4b2b930adbd06389492d/volumes/2746dfaf-8e63-481b-a436-afa3c86414af => generated 0 bytes in 49 msecs (HTTP/1.1 202) 6 headers in 233 bytes (1 switches on core 0)
2026-06-30 23:27:44.821 7 INFO cinder.api.openstack.wsgi [req-a4997441-b6af-4224-a406-9eca4dcefec1 req-f5cc1b26-680e-41d8-82d8-51afe12863bc 381cf5643d654e3a8f1e162f2ae3334c 6080e0c93a5e4b2b930adbd06389492d - - default default] GET http://10.0.0.170:8776/
2026-06-30 23:27:44.821 8 INFO cinder.api.openstack.wsgi [req-a4997441-b6af-4224-a406-9eca4dcefec1 req-144feab0-6548-4713-b6b2-55f4295ed471 381cf5643d654e3a8f1e162f2ae3334c 6080e0c93a5e4b2b930adbd06389492d - - default default] GET http://10.0.0.170:8776/
2026-06-30 23:27:44.821 7 INFO cinder.api.openstack.wsgi [req-a4997441-b6af-4224-a406-9eca4dcefec1 req-f5cc1b26-680e-41d8-82d8-51afe12863bc 381cf5643d654e3a8f1e162f2ae3334c 6080e0c93a5e4b2b930adbd06389492d - - default default] http://10.0.0.170:8776/ returned with HTTP 300
2026-06-30 23:27:44.822 8 INFO cinder.api.openstack.wsgi [req-a4997441-b6af-4224-a406-9eca4dcefec1 req-144feab0-6548-4713-b6b2-55f4295ed471 381cf5643d654e3a8f1e162f2ae3334c 6080e0c93a5e4b2b930adbd06389492d - - default default] http://10.0.0.170:8776/ returned with HTTP 300
2026-06-30 23:27:54.821 7 INFO cinder.api.openstack.wsgi [req-a4997441-b6af-4224-a406-9eca4dcefec1 req-f5cc1b26-680e-41d8-82d8-51afe12863bc 381cf5643d654e3a8f1e162f2ae3334c 6080e0c93a5e4b2b930adbd06389492d - - default default] GET http://10.0.0.170:8776/
2026-06-30 23:27:54.821 8 INFO cinder.api.openstack.wsgi [req-a4997441-b6af-4224-a406-9eca4dcefec1 req-144feab0-6548-4713-b6b2-55f4295ed471 381cf5643d654e3a8f1e162f2ae3334c 6080e0c93a5e4b2b930adbd06389492d - - default default] GET http://10.0.0.170:8776/
2026-06-30 23:27:54.822 7 INFO cinder.api.openstack.wsgi [req-a4997441-b6af-4224-a406-9eca4dcefec1 req-f5cc1b26-680e-41d8-82d8-51afe12863bc 381cf5643d654e3a8f1e162f2ae3334c 6080e0c93a5e4b2b930adbd06389492d - - default default] http://10.0.0.170:8776/ returned with HTTP 300
2026-06-30 23:27:54.822 8 INFO cinder.api.openstack.wsgi [req-a4997441-b6af-4224-a406-9eca4dcefec1 req-144feab0-6548-4713-b6b2-55f4295ed471 381cf5643d654e3a8f1e162f2ae3334c 6080e0c93a5e4b2b930adbd06389492d - - default default] http://10.0.0.170:8776/ returned with HTTP 300
2026-06-30 23:28:04.822 8 INFO cinder.api.openstack.wsgi [req-a4997441-b6af-4224-a406-9eca4dcefec1 req-144feab0-6548-4713-b6b2-55f4295ed471 381cf5643d654e3a8f1e162f2ae3334c 6080e0c93a5e4b2b930adbd06389492d - - default default] GET http://10.0.0.170:8776/
2026-06-30 23:28:04.822 7 INFO cinder.api.openstack.wsgi [req-a4997441-b6af-4224-a406-9eca4dcefec1 req-f5cc1b26-680e-41d8-82d8-51afe12863bc 381cf5643d654e3a8f1e162f2ae3334c 6080e0c93a5e4b2b930adbd06389492d - - default default] GET http://10.0.0.170:8776/
2026-06-30 23:28:04.823 8 INFO cinder.api.openstack.wsgi [req-a4997441-b6af-4224-a406-9eca4dcefec1 req-144feab0-6548-4713-b6b2-55f4295ed471 381cf5643d654e3a8f1e162f2ae3334c 6080e0c93a5e4b2b930adbd06389492d - - default default] http://10.0.0.170:8776/ returned with HTTP 300
2026-06-30 23:28:04.823 7 INFO cinder.api.openstack.wsgi [req-a4997441-b6af-4224-a406-9eca4dcefec1 req-f5cc1b26-680e-41d8-82d8-51afe12863bc 381cf5643d654e3a8f1e162f2ae3334c 6080e0c93a5e4b2b930adbd06389492d - - default default] http://10.0.0.170:8776/ returned with HTTP 300
2026-06-30 23:28:14.822 7 INFO cinder.api.openstack.wsgi [req-a4997441-b6af-4224-a406-9eca4dcefec1 req-f5cc1b26-680e-41d8-82d8-51afe12863bc 381cf5643d654e3a8f1e162f2ae3334c 6080e0c93a5e4b2b930adbd06389492d - - default default] GET http://10.0.0.170:8776/
2026-06-30 23:28:14.823 7 INFO cinder.api.openstack.wsgi [req-a4997441-b6af-4224-a406-9eca4dcefec1 req-f5cc1b26-680e-41d8-82d8-51afe12863bc 381cf5643d654e3a8f1e162f2ae3334c 6080e0c93a5e4b2b930adbd06389492d - - default default] http://10.0.0.170:8776/ returned with HTTP 300
2026-06-30 23:28:14.822 8 INFO cinder.api.openstack.wsgi [req-a4997441-b6af-4224-a406-9eca4dcefec1 req-144feab0-6548-4713-b6b2-55f4295ed471 381cf5643d654e3a8f1e162f2ae3334c 6080e0c93a5e4b2b930adbd06389492d - - default default] GET http://10.0.0.170:8776/
2026-06-30 23:28:14.823 8 INFO cinder.api.openstack.wsgi [req-a4997441-b6af-4224-a406-9eca4dcefec1 req-144feab0-6548-4713-b6b2-55f4295ed471 381cf5643d654e3a8f1e162f2ae3334c 6080e0c93a5e4b2b930adbd06389492d - - default default] http://10.0.0.170:8776/ returned with HTTP 300 /var/lib/openstack/lib/python3.10/site-packages/pycadf/identifier.py:71: UserWarning: Invalid uuid: cinderv3. To ensure interoperability, identifiers should be a valid uuid. warnings.warn(('Invalid uuid: %s. To ensure interoperability, '
2026-06-30 23:28:17.619 7 INFO cinder.api.openstack.wsgi [None req-17bdbea2-5f2d-472d-a0ab-cc43c261c7e1 a6066b61c62d4ed183f7a26a55d58c8c aed7af4cc48643158008a648409ea655 - - default default] GET http://cinder-api.openstack.svc.cluster.local:8776/v3/aed7af4cc48643158008a648409ea655/volumes/detail?all_tenants=true
2026-06-30 23:28:17.633 7 INFO cinder.volume.api [None req-17bdbea2-5f2d-472d-a0ab-cc43c261c7e1 a6066b61c62d4ed183f7a26a55d58c8c aed7af4cc48643158008a648409ea655 - - default default] Get all volumes completed successfully.
2026-06-30 23:28:17.635 7 INFO cinder.api.openstack.wsgi [None req-17bdbea2-5f2d-472d-a0ab-cc43c261c7e1 a6066b61c62d4ed183f7a26a55d58c8c aed7af4cc48643158008a648409ea655 - - default default] http://cinder-api.openstack.svc.cluster.local:8776/v3/aed7af4cc48643158008a648409ea655/volumes/detail?all_tenants=true returned with HTTP 200 [pid: 7|app: 0|req: 366/728] 10.0.0.82 () {28 vars in 683 bytes} [Tue Jun 30 23:28:17 2026] GET /v3/aed7af4cc48643158008a648409ea655/volumes/detail?all_tenants=true => generated 15 bytes in 155 msecs (HTTP/1.1 200) 7 headers in 284 bytes (1 switches on core 0) /var/lib/openstack/lib/python3.10/site-packages/pycadf/identifier.py:71: UserWarning: Invalid uuid: cinderv3. To ensure interoperability, identifiers should be a valid uuid. warnings.warn(('Invalid uuid: %s. To ensure interoperability, '
2026-06-30 23:28:17.648 8 INFO cinder.api.openstack.wsgi [None req-ee88985f-4068-4873-a886-94072f47a596 a6066b61c62d4ed183f7a26a55d58c8c aed7af4cc48643158008a648409ea655 - - default default] GET http://cinder-api.openstack.svc.cluster.local:8776/v3/aed7af4cc48643158008a648409ea655/volumes/detail?all_tenants=true /var/lib/openstack/lib/python3.10/site-packages/oslo_context/context.py:100: DeprecationWarning: Policy enforcement is depending on the value of is_admin. This key is deprecated. Please update your policy file to use the standard policy values. warnings.warn('Policy enforcement is depending on the value of '
2026-06-30 23:28:17.662 8 INFO cinder.volume.api [None req-ee88985f-4068-4873-a886-94072f47a596 a6066b61c62d4ed183f7a26a55d58c8c aed7af4cc48643158008a648409ea655 - - default default] Get all volumes completed successfully.
2026-06-30 23:28:17.665 8 INFO cinder.api.openstack.wsgi [None req-ee88985f-4068-4873-a886-94072f47a596 a6066b61c62d4ed183f7a26a55d58c8c aed7af4cc48643158008a648409ea655 - - default default] http://cinder-api.openstack.svc.cluster.local:8776/v3/aed7af4cc48643158008a648409ea655/volumes/detail?all_tenants=true returned with HTTP 200 [pid: 8|app: 0|req: 363/729] 10.0.0.82 () {28 vars in 683 bytes} [Tue Jun 30 23:28:17 2026] GET /v3/aed7af4cc48643158008a648409ea655/volumes/detail?all_tenants=true => generated 15 bytes in 24 msecs (HTTP/1.1 200) 7 headers in 284 bytes (1 switches on core 0)
2026-06-30 23:28:17.676 7 INFO cinder.api.openstack.wsgi [None req-fd9f2846-6af1-4230-852d-dfd54fedbcbd a6066b61c62d4ed183f7a26a55d58c8c aed7af4cc48643158008a648409ea655 - - default default] GET http://cinder-api.openstack.svc.cluster.local:8776/v3/aed7af4cc48643158008a648409ea655/scheduler-stats/get_pools?detail=true
2026-06-30 23:28:17.695 7 INFO cinder.api.openstack.wsgi [None req-fd9f2846-6af1-4230-852d-dfd54fedbcbd a6066b61c62d4ed183f7a26a55d58c8c aed7af4cc48643158008a648409ea655 - - default default] http://cinder-api.openstack.svc.cluster.local:8776/v3/aed7af4cc48643158008a648409ea655/scheduler-stats/get_pools?detail=true returned with HTTP 200 [pid: 7|app: 0|req: 367/730] 10.0.0.82 () {28 vars in 695 bytes} [Tue Jun 30 23:28:17 2026] GET /v3/aed7af4cc48643158008a648409ea655/scheduler-stats/get_pools?detail=true => generated 670 bytes in 27 msecs (HTTP/1.1 200) 7 headers in 285 bytes (1 switches on core 0)
2026-06-30 23:28:17.777 8 INFO cinder.api.openstack.wsgi [None req-46d83568-9a57-4483-89a1-0fc4fc2c7e49 a6066b61c62d4ed183f7a26a55d58c8c aed7af4cc48643158008a648409ea655 - - default default] GET http://cinder-api.openstack.svc.cluster.local:8776/v3/aed7af4cc48643158008a648409ea655/os-quota-sets/3ba88fd3387c486b879fe3fc62e19745?usage=true
2026-06-30 23:28:17.817 8 INFO cinder.api.openstack.wsgi [None req-46d83568-9a57-4483-89a1-0fc4fc2c7e49 a6066b61c62d4ed183f7a26a55d58c8c aed7af4cc48643158008a648409ea655 - - default default] http://cinder-api.openstack.svc.cluster.local:8776/v3/aed7af4cc48643158008a648409ea655/os-quota-sets/3ba88fd3387c486b879fe3fc62e19745?usage=true returned with HTTP 200 [pid: 8|app: 0|req: 364/731] 10.0.0.82 () {28 vars in 735 bytes} [Tue Jun 30 23:28:17 2026] GET /v3/aed7af4cc48643158008a648409ea655/os-quota-sets/3ba88fd3387c486b879fe3fc62e19745?usage=true => generated 847 bytes in 52 msecs (HTTP/1.1 200) 7 headers in 285 bytes (1 switches on core 0)
2026-06-30 23:28:17.831 7 INFO cinder.api.openstack.wsgi [None req-c7533e68-e42b-4016-a953-f900f4cf9c6a a6066b61c62d4ed183f7a26a55d58c8c aed7af4cc48643158008a648409ea655 - - default default] GET http://cinder-api.openstack.svc.cluster.local:8776/v3/aed7af4cc48643158008a648409ea655/os-quota-sets/69da00093e6d41d4890a3be603a229f9?usage=true
2026-06-30 23:28:17.856 7 INFO cinder.api.openstack.wsgi [None req-c7533e68-e42b-4016-a953-f900f4cf9c6a a6066b61c62d4ed183f7a26a55d58c8c aed7af4cc48643158008a648409ea655 - - default default] http://cinder-api.openstack.svc.cluster.local:8776/v3/aed7af4cc48643158008a648409ea655/os-quota-sets/69da00093e6d41d4890a3be603a229f9?usage=true returned with HTTP 200 [pid: 7|app: 0|req: 368/732] 10.0.0.82 () {28 vars in 735 bytes} [Tue Jun 30 23:28:17 2026] GET /v3/aed7af4cc48643158008a648409ea655/os-quota-sets/69da00093e6d41d4890a3be603a229f9?usage=true => generated 847 bytes in 33 msecs (HTTP/1.1 200) 7 headers in 285 bytes (1 switches on core 0)
2026-06-30 23:28:17.870 8 INFO cinder.api.openstack.wsgi [None req-1c132d7b-d497-475f-a6e0-9e9b2b52c786 a6066b61c62d4ed183f7a26a55d58c8c aed7af4cc48643158008a648409ea655 - - default default] GET http://cinder-api.openstack.svc.cluster.local:8776/v3/aed7af4cc48643158008a648409ea655/os-quota-sets/941deec9faef4423a0d8fd1d95580de0?usage=true
2026-06-30 23:28:17.899 8 INFO cinder.api.openstack.wsgi [None req-1c132d7b-d497-475f-a6e0-9e9b2b52c786 a6066b61c62d4ed183f7a26a55d58c8c aed7af4cc48643158008a648409ea655 - - default default] http://cinder-api.openstack.svc.cluster.local:8776/v3/aed7af4cc48643158008a648409ea655/os-quota-sets/941deec9faef4423a0d8fd1d95580de0?usage=true returned with HTTP 200 [pid: 8|app: 0|req: 365/733] 10.0.0.82 () {28 vars in 735 bytes} [Tue Jun 30 23:28:17 2026] GET /v3/aed7af4cc48643158008a648409ea655/os-quota-sets/941deec9faef4423a0d8fd1d95580de0?usage=true => generated 847 bytes in 39 msecs (HTTP/1.1 200) 7 headers in 285 bytes (1 switches on core 0)
2026-06-30 23:28:17.910 7 INFO cinder.api.openstack.wsgi [None req-aa70f1c3-406b-4a61-8f79-234c9e799c53 a6066b61c62d4ed183f7a26a55d58c8c aed7af4cc48643158008a648409ea655 - - default default] GET http://cinder-api.openstack.svc.cluster.local:8776/v3/aed7af4cc48643158008a648409ea655/os-quota-sets/99661ced31fc4e58be66661366bddcc6?usage=true
2026-06-30 23:28:17.932 7 INFO cinder.api.openstack.wsgi [None req-aa70f1c3-406b-4a61-8f79-234c9e799c53 a6066b61c62d4ed183f7a26a55d58c8c aed7af4cc48643158008a648409ea655 - - default default] http://cinder-api.openstack.svc.cluster.local:8776/v3/aed7af4cc48643158008a648409ea655/os-quota-sets/99661ced31fc4e58be66661366bddcc6?usage=true returned with HTTP 200 [pid: 7|app: 0|req: 369/734] 10.0.0.82 () {28 vars in 735 bytes} [Tue Jun 30 23:28:17 2026] GET /v3/aed7af4cc48643158008a648409ea655/os-quota-sets/99661ced31fc4e58be66661366bddcc6?usage=true => generated 847 bytes in 29 msecs (HTTP/1.1 200) 7 headers in 285 bytes (1 switches on core 0)
2026-06-30 23:28:17.945 8 INFO cinder.api.openstack.wsgi [None req-d79fa9dd-a907-4a9f-be3e-01f6dee8ec81 a6066b61c62d4ed183f7a26a55d58c8c aed7af4cc48643158008a648409ea655 - - default default] GET http://cinder-api.openstack.svc.cluster.local:8776/v3/aed7af4cc48643158008a648409ea655/os-quota-sets/adc9388b16654688a8209273d18f51e9?usage=true
