2026-06-30 23:32:44.497 8 INFO placement.requestlog [None req-44dc304c-a3a2-4245-981e-18c132e07376 991d013204e74c9eb6749d37043af7d8 9a4d85b227314d89b6b16cf9ed507b3a - - 84073a95238d43c795cd3fc1ae1fd103 84073a95238d43c795cd3fc1ae1fd103] 10.0.0.218 "GET /resource_providers/fd7f2a75-71a8-4554-9779-ebd64a7e5689/aggregates" status: 404 len: 235 microversion: 1.1 [pid: 8|app: 0|req: 501/1003] 10.0.0.218 () {32 vars in 816 bytes} [Tue Jun 30 23:32:44 2026] GET /resource_providers/fd7f2a75-71a8-4554-9779-ebd64a7e5689/aggregates => generated 235 bytes in 14 msecs (HTTP/1.1 404) 5 headers in 202 bytes (1 switches on core 0)
2026-06-30 23:32:44.520 8 INFO placement.requestlog [None req-e794508e-a342-403f-bb9e-400ef991d2e7 991d013204e74c9eb6749d37043af7d8 9a4d85b227314d89b6b16cf9ed507b3a - - 84073a95238d43c795cd3fc1ae1fd103 84073a95238d43c795cd3fc1ae1fd103] 10.0.0.218 "DELETE /resource_providers/fd7f2a75-71a8-4554-9779-ebd64a7e5689" status: 404 len: 246 microversion: 1.1
2026-06-30 23:32:44.520 7 INFO placement.requestlog [None req-5422756e-12b1-4596-88a9-8fddfc23a0f2 991d013204e74c9eb6749d37043af7d8 9a4d85b227314d89b6b16cf9ed507b3a - - 84073a95238d43c795cd3fc1ae1fd103 84073a95238d43c795cd3fc1ae1fd103] 10.0.0.218 "DELETE /resource_providers/fd7f2a75-71a8-4554-9779-ebd64a7e5689" status: 404 len: 246 microversion: 1.1 [pid: 7|app: 0|req: 503/1004] 10.0.0.218 () {34 vars in 816 bytes} [Tue Jun 30 23:32:44 2026] DELETE /resource_providers/fd7f2a75-71a8-4554-9779-ebd64a7e5689 => generated 246 bytes in 12 msecs (HTTP/1.1 404) 6 headers in 231 bytes (1 switches on core 0) [pid: 8|app: 0|req: 502/1005] 10.0.0.218 () {34 vars in 816 bytes} [Tue Jun 30 23:32:44 2026] DELETE /resource_providers/fd7f2a75-71a8-4554-9779-ebd64a7e5689 => generated 246 bytes in 9 msecs (HTTP/1.1 404) 6 headers in 231 bytes (1 switches on core 0)
2026-06-30 23:32:44.632 7 INFO placement.requestlog [None req-cc502a87-1e26-4696-ac8e-11d33d874842 991d013204e74c9eb6749d37043af7d8 9a4d85b227314d89b6b16cf9ed507b3a - - 84073a95238d43c795cd3fc1ae1fd103 84073a95238d43c795cd3fc1ae1fd103] 10.0.0.218 "GET /resource_providers/ae62e4e4-5c2c-4498-a7a2-64cf6ad6361a/aggregates" status: 404 len: 235 microversion: 1.1 [pid: 7|app: 0|req: 504/1006] 10.0.0.218 () {32 vars in 816 bytes} [Tue Jun 30 23:32:44 2026] GET /resource_providers/ae62e4e4-5c2c-4498-a7a2-64cf6ad6361a/aggregates => generated 235 bytes in 13 msecs (HTTP/1.1 404) 5 headers in 202 bytes (1 switches on core 0)
2026-06-30 23:32:44.639 8 INFO placement.requestlog [None req-732295d3-58dc-44dd-a65c-30cf97604a82 991d013204e74c9eb6749d37043af7d8 9a4d85b227314d89b6b16cf9ed507b3a - - 84073a95238d43c795cd3fc1ae1fd103 84073a95238d43c795cd3fc1ae1fd103] 10.0.0.218 "GET /resource_providers/ae62e4e4-5c2c-4498-a7a2-64cf6ad6361a/aggregates" status: 404 len: 235 microversion: 1.1 [pid: 8|app: 0|req: 503/1007] 10.0.0.218 () {32 vars in 816 bytes} [Tue Jun 30 23:32:44 2026] GET /resource_providers/ae62e4e4-5c2c-4498-a7a2-64cf6ad6361a/aggregates => generated 235 bytes in 17 msecs (HTTP/1.1 404) 5 headers in 202 bytes (1 switches on core 0)
2026-06-30 23:32:44.649 7 INFO placement.requestlog [None req-b2107a6a-5845-447b-a159-a35721fdcf23 991d013204e74c9eb6749d37043af7d8 9a4d85b227314d89b6b16cf9ed507b3a - - 84073a95238d43c795cd3fc1ae1fd103 84073a95238d43c795cd3fc1ae1fd103] 10.0.0.218 "DELETE /resource_providers/ae62e4e4-5c2c-4498-a7a2-64cf6ad6361a" status: 404 len: 246 microversion: 1.1 [pid: 7|app: 0|req: 505/1008] 10.0.0.218 () {34 vars in 816 bytes} [Tue Jun 30 23:32:44 2026] DELETE /resource_providers/ae62e4e4-5c2c-4498-a7a2-64cf6ad6361a => generated 246 bytes in 11 msecs (HTTP/1.1 404) 6 headers in 231 bytes (1 switches on core 0)
2026-06-30 23:32:44.656 8 INFO placement.requestlog [None req-b5fb9249-ac8c-4756-b47c-ba73642cf13a 991d013204e74c9eb6749d37043af7d8 9a4d85b227314d89b6b16cf9ed507b3a - - 84073a95238d43c795cd3fc1ae1fd103 84073a95238d43c795cd3fc1ae1fd103] 10.0.0.218 "DELETE /resource_providers/ae62e4e4-5c2c-4498-a7a2-64cf6ad6361a" status: 404 len: 246 microversion: 1.1 [pid: 8|app: 0|req: 504/1009] 10.0.0.218 () {34 vars in 816 bytes} [Tue Jun 30 23:32:44 2026] DELETE /resource_providers/ae62e4e4-5c2c-4498-a7a2-64cf6ad6361a => generated 246 bytes in 10 msecs (HTTP/1.1 404) 6 headers in 231 bytes (1 switches on core 0)
2026-06-30 23:32:46.544 7 INFO placement.requestlog [None req-b5d83d53-305d-4da2-83fb-2a9355f0d77c 991d013204e74c9eb6749d37043af7d8 9a4d85b227314d89b6b16cf9ed507b3a - - 84073a95238d43c795cd3fc1ae1fd103 84073a95238d43c795cd3fc1ae1fd103] 10.0.0.218 "GET /resource_providers/e2aa4b5e-6a49-486a-a4d3-70ee3039dfa2/aggregates" status: 404 len: 235 microversion: 1.1 [pid: 7|app: 0|req: 506/1010] 10.0.0.218 () {32 vars in 816 bytes} [Tue Jun 30 23:32:46 2026] GET /resource_providers/e2aa4b5e-6a49-486a-a4d3-70ee3039dfa2/aggregates => generated 235 bytes in 11 msecs (HTTP/1.1 404) 5 headers in 202 bytes (1 switches on core 0)
2026-06-30 23:32:46.544 8 INFO placement.requestlog [None req-c2aabd7d-c2e4-44e9-92ea-36a747d4882e 991d013204e74c9eb6749d37043af7d8 9a4d85b227314d89b6b16cf9ed507b3a - - 84073a95238d43c795cd3fc1ae1fd103 84073a95238d43c795cd3fc1ae1fd103] 10.0.0.218 "GET /resource_providers/e2aa4b5e-6a49-486a-a4d3-70ee3039dfa2/aggregates" status: 404 len: 235 microversion: 1.1 [pid: 8|app: 0|req: 505/1011] 10.0.0.218 () {32 vars in 816 bytes} [Tue Jun 30 23:32:46 2026] GET /resource_providers/e2aa4b5e-6a49-486a-a4d3-70ee3039dfa2/aggregates => generated 235 bytes in 13 msecs (HTTP/1.1 404) 5 headers in 202 bytes (1 switches on core 0)
2026-06-30 23:32:46.565 7 INFO placement.requestlog [None req-83c14915-b4d9-43a2-b241-8c3a70e376e1 991d013204e74c9eb6749d37043af7d8 9a4d85b227314d89b6b16cf9ed507b3a - - 84073a95238d43c795cd3fc1ae1fd103 84073a95238d43c795cd3fc1ae1fd103] 10.0.0.218 "DELETE /resource_providers/e2aa4b5e-6a49-486a-a4d3-70ee3039dfa2" status: 404 len: 246 microversion: 1.1 [pid: 7|app: 0|req: 507/1012] 10.0.0.218 () {34 vars in 816 bytes} [Tue Jun 30 23:32:46 2026] DELETE /resource_providers/e2aa4b5e-6a49-486a-a4d3-70ee3039dfa2 => generated 246 bytes in 11 msecs (HTTP/1.1 404) 6 headers in 231 bytes (1 switches on core 0)
2026-06-30 23:32:46.571 8 INFO placement.requestlog [None req-9ee6b379-e54e-4037-b3d9-164f4148842a 991d013204e74c9eb6749d37043af7d8 9a4d85b227314d89b6b16cf9ed507b3a - - 84073a95238d43c795cd3fc1ae1fd103 84073a95238d43c795cd3fc1ae1fd103] 10.0.0.218 "DELETE /resource_providers/e2aa4b5e-6a49-486a-a4d3-70ee3039dfa2" status: 404 len: 246 microversion: 1.1 [pid: 8|app: 0|req: 506/1013] 10.0.0.218 () {34 vars in 816 bytes} [Tue Jun 30 23:32:46 2026] DELETE /resource_providers/e2aa4b5e-6a49-486a-a4d3-70ee3039dfa2 => generated 246 bytes in 13 msecs (HTTP/1.1 404) 6 headers in 231 bytes (1 switches on core 0)
2026-06-30 23:32:46.586 7 INFO placement.requestlog [None req-bcb55bb6-392c-4c30-af37-559367b27dfa 991d013204e74c9eb6749d37043af7d8 9a4d85b227314d89b6b16cf9ed507b3a - - 84073a95238d43c795cd3fc1ae1fd103 84073a95238d43c795cd3fc1ae1fd103] 10.0.0.218 "GET /resource_providers/2bf029ff-63c1-4ca9-9c72-a7b5f48ca6c8/aggregates" status: 404 len: 235 microversion: 1.1 [pid: 7|app: 0|req: 508/1014] 10.0.0.218 () {32 vars in 816 bytes} [Tue Jun 30 23:32:46 2026] GET /resource_providers/2bf029ff-63c1-4ca9-9c72-a7b5f48ca6c8/aggregates => generated 235 bytes in 7 msecs (HTTP/1.1 404) 5 headers in 202 bytes (1 switches on core 0)
2026-06-30 23:32:46.588 8 INFO placement.requestlog [None req-f987dd2a-358a-4e64-b13c-0e76a2ceacd4 991d013204e74c9eb6749d37043af7d8 9a4d85b227314d89b6b16cf9ed507b3a - - 84073a95238d43c795cd3fc1ae1fd103 84073a95238d43c795cd3fc1ae1fd103] 10.0.0.218 "GET /resource_providers/2bf029ff-63c1-4ca9-9c72-a7b5f48ca6c8/aggregates" status: 404 len: 235 microversion: 1.1 [pid: 8|app: 0|req: 507/1015] 10.0.0.218 () {32 vars in 816 bytes} [Tue Jun 30 23:32:46 2026] GET /resource_providers/2bf029ff-63c1-4ca9-9c72-a7b5f48ca6c8/aggregates => generated 235 bytes in 7 msecs (HTTP/1.1 404) 5 headers in 202 bytes (1 switches on core 0)
2026-06-30 23:32:46.603 7 INFO placement.requestlog [None req-047eebc0-3c11-4e9a-abc2-61b01dc69649 991d013204e74c9eb6749d37043af7d8 9a4d85b227314d89b6b16cf9ed507b3a - - 84073a95238d43c795cd3fc1ae1fd103 84073a95238d43c795cd3fc1ae1fd103] 10.0.0.218 "DELETE /resource_providers/2bf029ff-63c1-4ca9-9c72-a7b5f48ca6c8" status: 404 len: 246 microversion: 1.1 [pid: 7|app: 0|req: 509/1016] 10.0.0.218 () {34 vars in 816 bytes} [Tue Jun 30 23:32:46 2026] DELETE /resource_providers/2bf029ff-63c1-4ca9-9c72-a7b5f48ca6c8 => generated 246 bytes in 7 msecs (HTTP/1.1 404) 6 headers in 231 bytes (1 switches on core 0)
2026-06-30 23:32:46.604 8 INFO placement.requestlog [None req-3fda5c29-b194-427e-bf3f-339386cb5449 991d013204e74c9eb6749d37043af7d8 9a4d85b227314d89b6b16cf9ed507b3a - - 84073a95238d43c795cd3fc1ae1fd103 84073a95238d43c795cd3fc1ae1fd103] 10.0.0.218 "DELETE /resource_providers/2bf029ff-63c1-4ca9-9c72-a7b5f48ca6c8" status: 404 len: 246 microversion: 1.1 [pid: 8|app: 0|req: 508/1017] 10.0.0.218 () {34 vars in 816 bytes} [Tue Jun 30 23:32:46 2026] DELETE /resource_providers/2bf029ff-63c1-4ca9-9c72-a7b5f48ca6c8 => generated 246 bytes in 7 msecs (HTTP/1.1 404) 6 headers in 231 bytes (1 switches on core 0)
2026-06-30 23:32:46.672 7 INFO placement.requestlog [None req-2f502a39-e26a-4f91-9123-4c5b4881ecc2 991d013204e74c9eb6749d37043af7d8 9a4d85b227314d89b6b16cf9ed507b3a - - 84073a95238d43c795cd3fc1ae1fd103 84073a95238d43c795cd3fc1ae1fd103] 10.0.0.218 "GET /resource_providers/03f5bf4b-99e2-4924-afff-0a3d5f1baac2/aggregates" status: 404 len: 235 microversion: 1.1 [pid: 7|app: 0|req: 510/1018] 10.0.0.218 () {32 vars in 816 bytes} [Tue Jun 30 23:32:46 2026] GET /resource_providers/03f5bf4b-99e2-4924-afff-0a3d5f1baac2/aggregates => generated 235 bytes in 9 msecs (HTTP/1.1 404) 5 headers in 202 bytes (1 switches on core 0)
2026-06-30 23:32:46.672 8 INFO placement.requestlog [None req-15cf7a78-e66f-4497-9d3a-f04dbae8622e 991d013204e74c9eb6749d37043af7d8 9a4d85b227314d89b6b16cf9ed507b3a - - 84073a95238d43c795cd3fc1ae1fd103 84073a95238d43c795cd3fc1ae1fd103] 10.0.0.218 "GET /resource_providers/03f5bf4b-99e2-4924-afff-0a3d5f1baac2/aggregates" status: 404 len: 235 microversion: 1.1 [pid: 8|app: 0|req: 509/1019] 10.0.0.218 () {32 vars in 816 bytes} [Tue Jun 30 23:32:46 2026] GET /resource_providers/03f5bf4b-99e2-4924-afff-0a3d5f1baac2/aggregates => generated 235 bytes in 7 msecs (HTTP/1.1 404) 5 headers in 202 bytes (1 switches on core 0)
2026-06-30 23:32:46.690 7 INFO placement.requestlog [None req-930d3c56-ff17-44ef-bbae-40c51088e206 991d013204e74c9eb6749d37043af7d8 9a4d85b227314d89b6b16cf9ed507b3a - - 84073a95238d43c795cd3fc1ae1fd103 84073a95238d43c795cd3fc1ae1fd103] 10.0.0.218 "DELETE /resource_providers/03f5bf4b-99e2-4924-afff-0a3d5f1baac2" status: 404 len: 246 microversion: 1.1 [pid: 7|app: 0|req: 511/1020] 10.0.0.218 () {34 vars in 816 bytes} [Tue Jun 30 23:32:46 2026] DELETE /resource_providers/03f5bf4b-99e2-4924-afff-0a3d5f1baac2 => generated 246 bytes in 6 msecs (HTTP/1.1 404) 6 headers in 231 bytes (1 switches on core 0)
2026-06-30 23:32:46.692 8 INFO placement.requestlog [None req-c412ae2d-a629-43f3-9cf0-e3abd4162c80 991d013204e74c9eb6749d37043af7d8 9a4d85b227314d89b6b16cf9ed507b3a - - 84073a95238d43c795cd3fc1ae1fd103 84073a95238d43c795cd3fc1ae1fd103] 10.0.0.218 "DELETE /resource_providers/03f5bf4b-99e2-4924-afff-0a3d5f1baac2" status: 404 len: 246 microversion: 1.1 [pid: 8|app: 0|req: 510/1021] 10.0.0.218 () {34 vars in 816 bytes} [Tue Jun 30 23:32:46 2026] DELETE /resource_providers/03f5bf4b-99e2-4924-afff-0a3d5f1baac2 => generated 246 bytes in 7 msecs (HTTP/1.1 404) 6 headers in 231 bytes (1 switches on core 0)
2026-06-30 23:32:48.712 8 INFO placement.requestlog [None req-e7d6f2a8-2f01-4afd-bd21-f9b2bece4a64 991d013204e74c9eb6749d37043af7d8 9a4d85b227314d89b6b16cf9ed507b3a - - 84073a95238d43c795cd3fc1ae1fd103 84073a95238d43c795cd3fc1ae1fd103] 10.0.0.218 "GET /resource_providers/3f413ada-3aa1-4133-9553-8fdd216d9f06/aggregates" status: 404 len: 235 microversion: 1.1 [pid: 8|app: 0|req: 511/1022] 10.0.0.218 () {32 vars in 816 bytes} [Tue Jun 30 23:32:48 2026] GET /resource_providers/3f413ada-3aa1-4133-9553-8fdd216d9f06/aggregates => generated 235 bytes in 8 msecs (HTTP/1.1 404) 5 headers in 202 bytes (1 switches on core 0)
2026-06-30 23:32:48.713 7 INFO placement.requestlog [None req-6283f306-8bf4-48e2-af1d-027533cd7c47 991d013204e74c9eb6749d37043af7d8 9a4d85b227314d89b6b16cf9ed507b3a - - 84073a95238d43c795cd3fc1ae1fd103 84073a95238d43c795cd3fc1ae1fd103] 10.0.0.218 "GET /resource_providers/3f413ada-3aa1-4133-9553-8fdd216d9f06/aggregates" status: 404 len: 235 microversion: 1.1 [pid: 7|app: 0|req: 512/1023] 10.0.0.218 () {32 vars in 816 bytes} [Tue Jun 30 23:32:48 2026] GET /resource_providers/3f413ada-3aa1-4133-9553-8fdd216d9f06/aggregates => generated 235 bytes in 12 msecs (HTTP/1.1 404) 5 headers in 202 bytes (1 switches on core 0)
2026-06-30 23:32:48.730 8 INFO placement.requestlog [None req-2c34c27f-5669-47a2-932a-c617cea02684 991d013204e74c9eb6749d37043af7d8 9a4d85b227314d89b6b16cf9ed507b3a - - 84073a95238d43c795cd3fc1ae1fd103 84073a95238d43c795cd3fc1ae1fd103] 10.0.0.218 "DELETE /resource_providers/3f413ada-3aa1-4133-9553-8fdd216d9f06" status: 404 len: 246 microversion: 1.1 [pid: 8|app: 0|req: 512/1024] 10.0.0.218 () {34 vars in 816 bytes} [Tue Jun 30 23:32:48 2026] DELETE /resource_providers/3f413ada-3aa1-4133-9553-8fdd216d9f06 => generated 246 bytes in 9 msecs (HTTP/1.1 404) 6 headers in 231 bytes (1 switches on core 0)
2026-06-30 23:32:48.736 7 INFO placement.requestlog [None req-803ff224-45aa-4abe-9366-ad826e6783ed 991d013204e74c9eb6749d37043af7d8 9a4d85b227314d89b6b16cf9ed507b3a - - 84073a95238d43c795cd3fc1ae1fd103 84073a95238d43c795cd3fc1ae1fd103] 10.0.0.218 "DELETE /resource_providers/3f413ada-3aa1-4133-9553-8fdd216d9f06" status: 404 len: 246 microversion: 1.1 [pid: 7|app: 0|req: 513/1025] 10.0.0.218 () {34 vars in 816 bytes} [Tue Jun 30 23:32:48 2026] DELETE /resource_providers/3f413ada-3aa1-4133-9553-8fdd216d9f06 => generated 246 bytes in 9 msecs (HTTP/1.1 404) 6 headers in 231 bytes (1 switches on core 0)
2026-06-30 23:32:48.878 8 INFO placement.requestlog [None req-6dbb7e7d-66cb-48ca-8191-95910f51cafb - - - - - -] 10.0.0.66 "GET /" status: 200 len: 136 microversion: 1.0
2026-06-30 23:32:48.879 7 INFO placement.requestlog [None req-45b0becc-7f62-41cb-b545-96f5cca27bc6 - - - - - -] 10.0.0.66 "GET /" status: 200 len: 136 microversion: 1.0
2026-06-30 23:32:52.371 8 INFO placement.requestlog [None req-35e8cb00-b314-4716-a8b4-9997c77324df 991d013204e74c9eb6749d37043af7d8 9a4d85b227314d89b6b16cf9ed507b3a - - 84073a95238d43c795cd3fc1ae1fd103 84073a95238d43c795cd3fc1ae1fd103] 10.0.0.218 "GET /resource_providers/33bb374a-c025-43c6-8938-7a9548d11692/aggregates" status: 404 len: 235 microversion: 1.1
2026-06-30 23:32:52.371 7 INFO placement.requestlog [None req-ca4dadb1-6903-4ed1-98c7-8c52f2e43801 991d013204e74c9eb6749d37043af7d8 9a4d85b227314d89b6b16cf9ed507b3a - - 84073a95238d43c795cd3fc1ae1fd103 84073a95238d43c795cd3fc1ae1fd103] 10.0.0.218 "GET /resource_providers/33bb374a-c025-43c6-8938-7a9548d11692/aggregates" status: 404 len: 235 microversion: 1.1 [pid: 8|app: 0|req: 514/1028] 10.0.0.218 () {32 vars in 816 bytes} [Tue Jun 30 23:32:52 2026] GET /resource_providers/33bb374a-c025-43c6-8938-7a9548d11692/aggregates => generated 235 bytes in 10 msecs (HTTP/1.1 404) 5 headers in 202 bytes (1 switches on core 0) [pid: 7|app: 0|req: 515/1029] 10.0.0.218 () {32 vars in 816 bytes} [Tue Jun 30 23:32:52 2026] GET /resource_providers/33bb374a-c025-43c6-8938-7a9548d11692/aggregates => generated 235 bytes in 9 msecs (HTTP/1.1 404) 5 headers in 202 bytes (1 switches on core 0)
2026-06-30 23:32:52.392 8 INFO placement.requestlog [None req-697131dd-50dc-4fd0-922a-786f78fc6c34 991d013204e74c9eb6749d37043af7d8 9a4d85b227314d89b6b16cf9ed507b3a - - 84073a95238d43c795cd3fc1ae1fd103 84073a95238d43c795cd3fc1ae1fd103] 10.0.0.218 "DELETE /resource_providers/33bb374a-c025-43c6-8938-7a9548d11692" status: 404 len: 246 microversion: 1.1 [pid: 8|app: 0|req: 515/1030] 10.0.0.218 () {34 vars in 816 bytes} [Tue Jun 30 23:32:52 2026] DELETE /resource_providers/33bb374a-c025-43c6-8938-7a9548d11692 => generated 246 bytes in 12 msecs (HTTP/1.1 404) 6 headers in 231 bytes (1 switches on core 0)
2026-06-30 23:32:52.393 7 INFO placement.requestlog [None req-ae17ae59-d924-482a-bffa-78aa30d417f7 991d013204e74c9eb6749d37043af7d8 9a4d85b227314d89b6b16cf9ed507b3a - - 84073a95238d43c795cd3fc1ae1fd103 84073a95238d43c795cd3fc1ae1fd103] 10.0.0.218 "DELETE /resource_providers/33bb374a-c025-43c6-8938-7a9548d11692" status: 404 len: 246 microversion: 1.1 [pid: 7|app: 0|req: 516/1031] 10.0.0.218 () {34 vars in 816 bytes} [Tue Jun 30 23:32:52 2026] DELETE /resource_providers/33bb374a-c025-43c6-8938-7a9548d11692 => generated 246 bytes in 8 msecs (HTTP/1.1 404) 6 headers in 231 bytes (1 switches on core 0)
2026-06-30 23:32:53.936 8 INFO placement.requestlog [req-87f96c90-75af-4f68-94ca-35bda06f0417 req-3952a319-bab3-4da4-a03e-d84f1227fe15 d32bc5bfd42746119d1a6b0c462e858e 9a4d85b227314d89b6b16cf9ed507b3a - - 84073a95238d43c795cd3fc1ae1fd103 84073a95238d43c795cd3fc1ae1fd103] 10.0.0.185 "GET /allocation_candidates?limit=1000&resources=DISK_GB%3A1%2CMEMORY_MB%3A512%2CVCPU%3A1&root_required=%21COMPUTE_STATUS_DISABLED" status: 200 len: 2445 microversion: 1.36 [pid: 8|app: 0|req: 516/1032] 10.0.0.185 () {34 vars in 1012 bytes} [Tue Jun 30 23:32:53 2026] GET /allocation_candidates?limit=1000&resources=DISK_GB%3A1%2CMEMORY_MB%3A512%2CVCPU%3A1&root_required=%21COMPUTE_STATUS_DISABLED => generated 2445 bytes in 49 msecs (HTTP/1.1 200) 8 headers in 297 bytes (1 switches on core 0)
2026-06-30 23:32:53.970 7 INFO placement.requestlog [req-87f96c90-75af-4f68-94ca-35bda06f0417 req-0f68ad2b-c629-432f-8206-c52126c0fe0f d32bc5bfd42746119d1a6b0c462e858e 9a4d85b227314d89b6b16cf9ed507b3a - - 84073a95238d43c795cd3fc1ae1fd103 84073a95238d43c795cd3fc1ae1fd103] 10.0.0.185 "GET /allocations/e0e7b256-1aa2-482e-a9f9-6dd98d46ad7e" status: 200 len: 19 microversion: 1.28 [pid: 7|app: 0|req: 517/1033] 10.0.0.185 () {34 vars in 861 bytes} [Tue Jun 30 23:32:53 2026] GET /allocations/e0e7b256-1aa2-482e-a9f9-6dd98d46ad7e => generated 19 bytes in 10 msecs (HTTP/1.1 200) 8 headers in 295 bytes (1 switches on core 0)
2026-06-30 23:32:54.028 8 INFO placement.requestlog [req-87f96c90-75af-4f68-94ca-35bda06f0417 req-9d849f9e-3f36-49e5-9d27-45d61a25bfc0 d32bc5bfd42746119d1a6b0c462e858e 9a4d85b227314d89b6b16cf9ed507b3a - - 84073a95238d43c795cd3fc1ae1fd103 84073a95238d43c795cd3fc1ae1fd103] 10.0.0.185 "PUT /allocations/e0e7b256-1aa2-482e-a9f9-6dd98d46ad7e" status: 204 len: 0 microversion: 1.36 [pid: 8|app: 0|req: 517/1034] 10.0.0.185 () {38 vars in 914 bytes} [Tue Jun 30 23:32:53 2026] PUT /allocations/e0e7b256-1aa2-482e-a9f9-6dd98d46ad7e => generated 0 bytes in 51 msecs (HTTP/1.1 204) 5 headers in 199 bytes (1 switches on core 0)
2026-06-30 23:32:54.116 7 INFO placement.requestlog [None req-935437ba-6056-45b6-bc26-ee36a9d263e7 991d013204e74c9eb6749d37043af7d8 9a4d85b227314d89b6b16cf9ed507b3a - - 84073a95238d43c795cd3fc1ae1fd103 84073a95238d43c795cd3fc1ae1fd103] 10.0.0.218 "GET /resource_providers/83f78b88-a2d6-4d05-a115-688bd6895480/aggregates" status: 404 len: 235 microversion: 1.1 [pid: 7|app: 0|req: 518/1035] 10.0.0.218 () {32 vars in 816 bytes} [Tue Jun 30 23:32:54 2026] GET /resource_providers/83f78b88-a2d6-4d05-a115-688bd6895480/aggregates => generated 235 bytes in 15 msecs (HTTP/1.1 404) 5 headers in 202 bytes (1 switches on core 0)
2026-06-30 23:32:54.118 8 INFO placement.requestlog [None req-dfe315a7-75dd-4ba5-b486-5cc937729062 991d013204e74c9eb6749d37043af7d8 9a4d85b227314d89b6b16cf9ed507b3a - - 84073a95238d43c795cd3fc1ae1fd103 84073a95238d43c795cd3fc1ae1fd103] 10.0.0.218 "GET /resource_providers/83f78b88-a2d6-4d05-a115-688bd6895480/aggregates" status: 404 len: 235 microversion: 1.1 [pid: 8|app: 0|req: 518/1036] 10.0.0.218 () {32 vars in 816 bytes} [Tue Jun 30 23:32:54 2026] GET /resource_providers/83f78b88-a2d6-4d05-a115-688bd6895480/aggregates => generated 235 bytes in 11 msecs (HTTP/1.1 404) 5 headers in 202 bytes (1 switches on core 0)
2026-06-30 23:32:54.147 7 INFO placement.requestlog [None req-b797f66c-8303-45e9-9208-ebfb34c4f3c5 991d013204e74c9eb6749d37043af7d8 9a4d85b227314d89b6b16cf9ed507b3a - - 84073a95238d43c795cd3fc1ae1fd103 84073a95238d43c795cd3fc1ae1fd103] 10.0.0.218 "DELETE /resource_providers/83f78b88-a2d6-4d05-a115-688bd6895480" status: 404 len: 246 microversion: 1.1
2026-06-30 23:32:54.147 8 INFO placement.requestlog [None req-aaa60b6c-46bb-48f3-becf-ede0e4a33afe 991d013204e74c9eb6749d37043af7d8 9a4d85b227314d89b6b16cf9ed507b3a - - 84073a95238d43c795cd3fc1ae1fd103 84073a95238d43c795cd3fc1ae1fd103] 10.0.0.218 "DELETE /resource_providers/83f78b88-a2d6-4d05-a115-688bd6895480" status: 404 len: 246 microversion: 1.1 [pid: 7|app: 0|req: 519/1037] 10.0.0.218 () {34 vars in 816 bytes} [Tue Jun 30 23:32:54 2026] DELETE /resource_providers/83f78b88-a2d6-4d05-a115-688bd6895480 => generated 246 bytes in 13 msecs (HTTP/1.1 404) 6 headers in 231 bytes (1 switches on core 0) [pid: 8|app: 0|req: 519/1038] 10.0.0.218 () {34 vars in 816 bytes} [Tue Jun 30 23:32:54 2026] DELETE /resource_providers/83f78b88-a2d6-4d05-a115-688bd6895480 => generated 246 bytes in 12 msecs (HTTP/1.1 404) 6 headers in 231 bytes (1 switches on core 0)
2026-06-30 23:32:54.412 7 INFO placement.requestlog [None req-24012a82-c81c-4dbb-bf68-14e1704a50b9 991d013204e74c9eb6749d37043af7d8 9a4d85b227314d89b6b16cf9ed507b3a - - 84073a95238d43c795cd3fc1ae1fd103 84073a95238d43c795cd3fc1ae1fd103] 10.0.0.218 "GET /resource_providers/8c1b2f91-b485-41f6-8fae-6f6227831530/aggregates" status: 404 len: 235 microversion: 1.1 [pid: 7|app: 0|req: 520/1039] 10.0.0.218 () {32 vars in 816 bytes} [Tue Jun 30 23:32:54 2026] GET /resource_providers/8c1b2f91-b485-41f6-8fae-6f6227831530/aggregates => generated 235 bytes in 11 msecs (HTTP/1.1 404) 5 headers in 202 bytes (1 switches on core 0)
2026-06-30 23:32:54.414 8 INFO placement.requestlog [None req-32a4b9b4-8de1-4bc9-8630-64e980df7c8b 991d013204e74c9eb6749d37043af7d8 9a4d85b227314d89b6b16cf9ed507b3a - - 84073a95238d43c795cd3fc1ae1fd103 84073a95238d43c795cd3fc1ae1fd103] 10.0.0.218 "GET /resource_providers/8c1b2f91-b485-41f6-8fae-6f6227831530/aggregates" status: 404 len: 235 microversion: 1.1 [pid: 8|app: 0|req: 520/1040] 10.0.0.218 () {32 vars in 816 bytes} [Tue Jun 30 23:32:54 2026] GET /resource_providers/8c1b2f91-b485-41f6-8fae-6f6227831530/aggregates => generated 235 bytes in 12 msecs (HTTP/1.1 404) 5 headers in 202 bytes (1 switches on core 0)
2026-06-30 23:32:54.430 7 INFO placement.requestlog [None req-599ea84b-71f8-416f-bc1e-6a4a86cee8a3 991d013204e74c9eb6749d37043af7d8 9a4d85b227314d89b6b16cf9ed507b3a - - 84073a95238d43c795cd3fc1ae1fd103 84073a95238d43c795cd3fc1ae1fd103] 10.0.0.218 "DELETE /resource_providers/8c1b2f91-b485-41f6-8fae-6f6227831530" status: 404 len: 246 microversion: 1.1 [pid: 7|app: 0|req: 521/1041] 10.0.0.218 () {34 vars in 816 bytes} [Tue Jun 30 23:32:54 2026] DELETE /resource_providers/8c1b2f91-b485-41f6-8fae-6f6227831530 => generated 246 bytes in 9 msecs (HTTP/1.1 404) 6 headers in 231 bytes (1 switches on core 0)
2026-06-30 23:32:54.433 8 INFO placement.requestlog [None req-c982f0b9-beaf-45d5-ae03-2c3802e1a038 991d013204e74c9eb6749d37043af7d8 9a4d85b227314d89b6b16cf9ed507b3a - - 84073a95238d43c795cd3fc1ae1fd103 84073a95238d43c795cd3fc1ae1fd103] 10.0.0.218 "DELETE /resource_providers/8c1b2f91-b485-41f6-8fae-6f6227831530" status: 404 len: 246 microversion: 1.1 [pid: 8|app: 0|req: 521/1042] 10.0.0.218 () {34 vars in 816 bytes} [Tue Jun 30 23:32:54 2026] DELETE /resource_providers/8c1b2f91-b485-41f6-8fae-6f6227831530 => generated 246 bytes in 7 msecs (HTTP/1.1 404) 6 headers in 231 bytes (1 switches on core 0)
2026-06-30 23:32:55.541 7 INFO placement.requestlog [req-87f96c90-75af-4f68-94ca-35bda06f0417 req-d31e3e22-606a-4699-872b-0b97bd9edc73 d32bc5bfd42746119d1a6b0c462e858e 9a4d85b227314d89b6b16cf9ed507b3a - - 84073a95238d43c795cd3fc1ae1fd103 84073a95238d43c795cd3fc1ae1fd103] 199.204.45.70 "GET /allocations/e0e7b256-1aa2-482e-a9f9-6dd98d46ad7e" status: 200 len: 258 microversion: 1.28 [pid: 7|app: 0|req: 522/1043] 199.204.45.70 () {34 vars in 862 bytes} [Tue Jun 30 23:32:55 2026] GET /allocations/e0e7b256-1aa2-482e-a9f9-6dd98d46ad7e => generated 258 bytes in 16 msecs (HTTP/1.1 200) 8 headers in 296 bytes (1 switches on core 0)
2026-06-30 23:32:56.583 8 INFO placement.requestlog [req-87f96c90-75af-4f68-94ca-35bda06f0417 req-a0f4dbc1-57d6-43a9-a030-cf75bda61375 d32bc5bfd42746119d1a6b0c462e858e 9a4d85b227314d89b6b16cf9ed507b3a - - 84073a95238d43c795cd3fc1ae1fd103 84073a95238d43c795cd3fc1ae1fd103] 199.204.45.70 "GET /resource_providers/47a866bf-8386-4147-aa31-8669425512bb/allocations" status: 200 len: 353 microversion: 1.0 [pid: 8|app: 0|req: 522/1044] 199.204.45.70 () {32 vars in 856 bytes} [Tue Jun 30 23:32:56 2026] GET /resource_providers/47a866bf-8386-4147-aa31-8669425512bb/allocations => generated 353 bytes in 18 msecs (HTTP/1.1 200) 6 headers in 224 bytes (1 switches on core 0)
2026-06-30 23:32:56.603 7 INFO placement.requestlog [req-87f96c90-75af-4f68-94ca-35bda06f0417 req-7ad2f564-1334-428a-90bf-f71d22ba6f42 d32bc5bfd42746119d1a6b0c462e858e 9a4d85b227314d89b6b16cf9ed507b3a - - 84073a95238d43c795cd3fc1ae1fd103 84073a95238d43c795cd3fc1ae1fd103] 199.204.45.70 "GET /allocations/e0e7b256-1aa2-482e-a9f9-6dd98d46ad7e" status: 200 len: 258 microversion: 1.28 [pid: 7|app: 0|req: 523/1045] 199.204.45.70 () {34 vars in 862 bytes} [Tue Jun 30 23:32:56 2026] GET /allocations/e0e7b256-1aa2-482e-a9f9-6dd98d46ad7e => generated 258 bytes in 15 msecs (HTTP/1.1 200) 8 headers in 296 bytes (1 switches on core 0)
2026-06-30 23:32:56.627 8 INFO placement.requestlog [req-87f96c90-75af-4f68-94ca-35bda06f0417 req-8e5f5245-22a8-4805-90e9-b187894b64c6 d32bc5bfd42746119d1a6b0c462e858e 9a4d85b227314d89b6b16cf9ed507b3a - - 84073a95238d43c795cd3fc1ae1fd103 84073a95238d43c795cd3fc1ae1fd103] 199.204.45.70 "GET /allocations/6c0081d7-e290-4ccd-8dfb-124924245923" status: 200 len: 258 microversion: 1.28 [pid: 8|app: 0|req: 523/1046] 199.204.45.70 () {34 vars in 862 bytes} [Tue Jun 30 23:32:56 2026] GET /allocations/6c0081d7-e290-4ccd-8dfb-124924245923 => generated 258 bytes in 18 msecs (HTTP/1.1 200) 8 headers in 296 bytes (1 switches on core 0)
2026-06-30 23:32:56.659 7 INFO placement.requestlog [req-87f96c90-75af-4f68-94ca-35bda06f0417 req-1a928683-3111-4f53-8bde-acc0d8a20627 d32bc5bfd42746119d1a6b0c462e858e 9a4d85b227314d89b6b16cf9ed507b3a - - 84073a95238d43c795cd3fc1ae1fd103 84073a95238d43c795cd3fc1ae1fd103] 199.204.45.70 "GET /allocations/3e2973f2-ea73-4308-9763-5c51f1b3775a" status: 200 len: 258 microversion: 1.28 [pid: 7|app: 0|req: 524/1047] 199.204.45.70 () {34 vars in 862 bytes} [Tue Jun 30 23:32:56 2026] GET /allocations/3e2973f2-ea73-4308-9763-5c51f1b3775a => generated 258 bytes in 11 msecs (HTTP/1.1 200) 8 headers in 296 bytes (1 switches on core 0)
2026-06-30 23:32:58.878 8 INFO placement.requestlog [None req-7724c790-856e-466d-a7d8-97d14f348a1d - - - - - -] 10.0.0.66 "GET /" status: 200 len: 136 microversion: 1.0
2026-06-30 23:32:58.879 7 INFO placement.requestlog [None req-287b8b81-7c7d-496f-ab26-b63445751bbc - - - - - -] 10.0.0.66 "GET /" status: 200 len: 136 microversion: 1.0
2026-06-30 23:32:59.373 8 INFO placement.requestlog [None req-0ed903f2-1246-4f78-a19e-a5024df515ff 991d013204e74c9eb6749d37043af7d8 9a4d85b227314d89b6b16cf9ed507b3a - - 84073a95238d43c795cd3fc1ae1fd103 84073a95238d43c795cd3fc1ae1fd103] 10.0.0.218 "GET /resource_providers/d502200a-638b-4c33-855c-e8dcf7a3319b/aggregates" status: 404 len: 235 microversion: 1.1 [pid: 8|app: 0|req: 525/1050] 10.0.0.218 () {32 vars in 816 bytes} [Tue Jun 30 23:32:59 2026] GET /resource_providers/d502200a-638b-4c33-855c-e8dcf7a3319b/aggregates => generated 235 bytes in 11 msecs (HTTP/1.1 404) 5 headers in 202 bytes (1 switches on core 0)
2026-06-30 23:32:59.375 7 INFO placement.requestlog [None req-4967aca8-a2a3-4a47-b9a4-792b17b3467f 991d013204e74c9eb6749d37043af7d8 9a4d85b227314d89b6b16cf9ed507b3a - - 84073a95238d43c795cd3fc1ae1fd103 84073a95238d43c795cd3fc1ae1fd103] 10.0.0.218 "GET /resource_providers/d502200a-638b-4c33-855c-e8dcf7a3319b/aggregates" status: 404 len: 235 microversion: 1.1 [pid: 7|app: 0|req: 526/1051] 10.0.0.218 () {32 vars in 816 bytes} [Tue Jun 30 23:32:59 2026] GET /resource_providers/d502200a-638b-4c33-855c-e8dcf7a3319b/aggregates => generated 235 bytes in 12 msecs (HTTP/1.1 404) 5 headers in 202 bytes (1 switches on core 0)
2026-06-30 23:32:59.394 7 INFO placement.requestlog [None req-9afed2ff-2e31-460d-bec3-fb83d7d7cfe6 991d013204e74c9eb6749d37043af7d8 9a4d85b227314d89b6b16cf9ed507b3a - - 84073a95238d43c795cd3fc1ae1fd103 84073a95238d43c795cd3fc1ae1fd103] 10.0.0.218 "DELETE /resource_providers/d502200a-638b-4c33-855c-e8dcf7a3319b" status: 404 len: 246 microversion: 1.1 [pid: 7|app: 0|req: 527/1052] 10.0.0.218 () {34 vars in 816 bytes} [Tue Jun 30 23:32:59 2026] DELETE /resource_providers/d502200a-638b-4c33-855c-e8dcf7a3319b => generated 246 bytes in 7 msecs (HTTP/1.1 404) 6 headers in 231 bytes (1 switches on core 0)
2026-06-30 23:32:59.397 8 INFO placement.requestlog [None req-443c4700-0a1a-488d-9196-25c916ab2cdb 991d013204e74c9eb6749d37043af7d8 9a4d85b227314d89b6b16cf9ed507b3a - - 84073a95238d43c795cd3fc1ae1fd103 84073a95238d43c795cd3fc1ae1fd103] 10.0.0.218 "DELETE /resource_providers/d502200a-638b-4c33-855c-e8dcf7a3319b" status: 404 len: 246 microversion: 1.1 [pid: 8|app: 0|req: 526/1053] 10.0.0.218 () {34 vars in 816 bytes} [Tue Jun 30 23:32:59 2026] DELETE /resource_providers/d502200a-638b-4c33-855c-e8dcf7a3319b => generated 246 bytes in 10 msecs (HTTP/1.1 404) 6 headers in 231 bytes (1 switches on core 0)
2026-06-30 23:33:08.878 7 INFO placement.requestlog [None req-0e801896-204b-4baf-b018-cfef20557946 - - - - - -] 10.0.0.66 "GET /" status: 200 len: 136 microversion: 1.0
2026-06-30 23:33:08.878 8 INFO placement.requestlog [None req-182d6b7a-e29d-436e-a7e1-f7deb1d09371 - - - - - -] 10.0.0.66 "GET /" status: 200 len: 136 microversion: 1.0
2026-06-30 23:33:18.879 7 INFO placement.requestlog [None req-e4ff11bc-fef3-4bee-8544-8434a6e281b6 - - - - - -] 10.0.0.66 "GET /" status: 200 len: 136 microversion: 1.0
2026-06-30 23:33:18.879 8 INFO placement.requestlog [None req-3a911a9a-b417-4eb5-ac24-8828ac4aa1f9 - - - - - -] 10.0.0.66 "GET /" status: 200 len: 136 microversion: 1.0
2026-06-30 23:33:23.021 8 INFO placement.requestlog [req-05a1b5ed-562d-490f-935e-b3aad12f90f1 req-fc927984-4ab7-4b83-afef-a4f3a05077b9 d32bc5bfd42746119d1a6b0c462e858e 9a4d85b227314d89b6b16cf9ed507b3a - - 84073a95238d43c795cd3fc1ae1fd103 84073a95238d43c795cd3fc1ae1fd103] 10.0.0.185 "GET /allocation_candidates?limit=1000&resources=MEMORY_MB%3A2048%2CVCPU%3A2&root_required=%21COMPUTE_STATUS_DISABLED" status: 200 len: 2432 microversion: 1.36 [pid: 8|app: 0|req: 529/1058] 10.0.0.185 () {34 vars in 986 bytes} [Tue Jun 30 23:33:22 2026] GET /allocation_candidates?limit=1000&resources=MEMORY_MB%3A2048%2CVCPU%3A2&root_required=%21COMPUTE_STATUS_DISABLED => generated 2432 bytes in 37 msecs (HTTP/1.1 200) 8 headers in 297 bytes (1 switches on core 0)
2026-06-30 23:33:23.050 7 INFO placement.requestlog [req-05a1b5ed-562d-490f-935e-b3aad12f90f1 req-e1121045-d54a-4d6a-adbc-f58dcf5c6cea d32bc5bfd42746119d1a6b0c462e858e 9a4d85b227314d89b6b16cf9ed507b3a - - 84073a95238d43c795cd3fc1ae1fd103 84073a95238d43c795cd3fc1ae1fd103] 10.0.0.185 "GET /allocations/2bdf8280-ff0c-4489-864f-11ead8bea4c4" status: 200 len: 19 microversion: 1.28 [pid: 7|app: 0|req: 530/1059] 10.0.0.185 () {34 vars in 861 bytes} [Tue Jun 30 23:33:23 2026] GET /allocations/2bdf8280-ff0c-4489-864f-11ead8bea4c4 => generated 19 bytes in 12 msecs (HTTP/1.1 200) 8 headers in 295 bytes (1 switches on core 0)
2026-06-30 23:33:23.107 8 INFO placement.requestlog [req-05a1b5ed-562d-490f-935e-b3aad12f90f1 req-0a6e64ae-37bd-4f0e-860e-25a3d40911e9 d32bc5bfd42746119d1a6b0c462e858e 9a4d85b227314d89b6b16cf9ed507b3a - - 84073a95238d43c795cd3fc1ae1fd103 84073a95238d43c795cd3fc1ae1fd103] 10.0.0.185 "PUT /allocations/2bdf8280-ff0c-4489-864f-11ead8bea4c4" status: 204 len: 0 microversion: 1.36 [pid: 8|app: 0|req: 530/1060] 10.0.0.185 () {38 vars in 914 bytes} [Tue Jun 30 23:33:23 2026] PUT /allocations/2bdf8280-ff0c-4489-864f-11ead8bea4c4 => generated 0 bytes in 52 msecs (HTTP/1.1 204) 5 headers in 199 bytes (1 switches on core 0)
2026-06-30 23:33:24.647 7 INFO placement.requestlog [req-05a1b5ed-562d-490f-935e-b3aad12f90f1 req-34dbc135-81f9-4c99-b6d7-5411b3bcdb59 d32bc5bfd42746119d1a6b0c462e858e 9a4d85b227314d89b6b16cf9ed507b3a - - 84073a95238d43c795cd3fc1ae1fd103 84073a95238d43c795cd3fc1ae1fd103] 199.204.45.70 "GET /allocations/2bdf8280-ff0c-4489-864f-11ead8bea4c4" status: 200 len: 245 microversion: 1.28 [pid: 7|app: 0|req: 531/1061] 199.204.45.70 () {34 vars in 862 bytes} [Tue Jun 30 23:33:24 2026] GET /allocations/2bdf8280-ff0c-4489-864f-11ead8bea4c4 => generated 245 bytes in 14 msecs (HTTP/1.1 200) 8 headers in 296 bytes (1 switches on core 0)
2026-06-30 23:33:25.693 8 INFO placement.requestlog [req-05a1b5ed-562d-490f-935e-b3aad12f90f1 req-0f27ff0e-8cf2-4add-ab58-5baaafa1c4bd d32bc5bfd42746119d1a6b0c462e858e 9a4d85b227314d89b6b16cf9ed507b3a - - 84073a95238d43c795cd3fc1ae1fd103 84073a95238d43c795cd3fc1ae1fd103] 199.204.45.70 "GET /resource_providers/47a866bf-8386-4147-aa31-8669425512bb/allocations" status: 200 len: 440 microversion: 1.0 [pid: 8|app: 0|req: 531/1062] 199.204.45.70 () {32 vars in 856 bytes} [Tue Jun 30 23:33:25 2026] GET /resource_providers/47a866bf-8386-4147-aa31-8669425512bb/allocations => generated 440 bytes in 17 msecs (HTTP/1.1 200) 6 headers in 224 bytes (1 switches on core 0)
2026-06-30 23:33:25.708 7 INFO placement.requestlog [req-05a1b5ed-562d-490f-935e-b3aad12f90f1 req-9c103a77-a3e2-4b3e-b795-ffc5bf9165c2 d32bc5bfd42746119d1a6b0c462e858e 9a4d85b227314d89b6b16cf9ed507b3a - - 84073a95238d43c795cd3fc1ae1fd103 84073a95238d43c795cd3fc1ae1fd103] 199.204.45.70 "GET /allocations/e0e7b256-1aa2-482e-a9f9-6dd98d46ad7e" status: 200 len: 258 microversion: 1.28 [pid: 7|app: 0|req: 532/1063] 199.204.45.70 () {34 vars in 862 bytes} [Tue Jun 30 23:33:25 2026] GET /allocations/e0e7b256-1aa2-482e-a9f9-6dd98d46ad7e => generated 258 bytes in 10 msecs (HTTP/1.1 200) 8 headers in 296 bytes (1 switches on core 0)
2026-06-30 23:33:25.726 8 INFO placement.requestlog [req-05a1b5ed-562d-490f-935e-b3aad12f90f1 req-22816541-52d7-4586-9303-52b59c2f13ea d32bc5bfd42746119d1a6b0c462e858e 9a4d85b227314d89b6b16cf9ed507b3a - - 84073a95238d43c795cd3fc1ae1fd103 84073a95238d43c795cd3fc1ae1fd103] 199.204.45.70 "GET /allocations/6c0081d7-e290-4ccd-8dfb-124924245923" status: 200 len: 258 microversion: 1.28 [pid: 8|app: 0|req: 532/1064] 199.204.45.70 () {34 vars in 862 bytes} [Tue Jun 30 23:33:25 2026] GET /allocations/6c0081d7-e290-4ccd-8dfb-124924245923 => generated 258 bytes in 15 msecs (HTTP/1.1 200) 8 headers in 296 bytes (1 switches on core 0)
2026-06-30 23:33:25.754 7 INFO placement.requestlog [req-05a1b5ed-562d-490f-935e-b3aad12f90f1 req-b1b2a7c5-e7c1-4b17-bcea-84aa1611d95b d32bc5bfd42746119d1a6b0c462e858e 9a4d85b227314d89b6b16cf9ed507b3a - - 84073a95238d43c795cd3fc1ae1fd103 84073a95238d43c795cd3fc1ae1fd103] 199.204.45.70 "GET /allocations/2bdf8280-ff0c-4489-864f-11ead8bea4c4" status: 200 len: 245 microversion: 1.28 [pid: 7|app: 0|req: 533/1065] 199.204.45.70 () {34 vars in 862 bytes} [Tue Jun 30 23:33:25 2026] GET /allocations/2bdf8280-ff0c-4489-864f-11ead8bea4c4 => generated 245 bytes in 19 msecs (HTTP/1.1 200) 8 headers in 296 bytes (1 switches on core 0)
2026-06-30 23:33:25.773 8 INFO placement.requestlog [req-05a1b5ed-562d-490f-935e-b3aad12f90f1 req-7356ed08-3304-402b-a943-0c3558df9995 d32bc5bfd42746119d1a6b0c462e858e 9a4d85b227314d89b6b16cf9ed507b3a - - 84073a95238d43c795cd3fc1ae1fd103 84073a95238d43c795cd3fc1ae1fd103] 199.204.45.70 "GET /allocations/3e2973f2-ea73-4308-9763-5c51f1b3775a" status: 200 len: 258 microversion: 1.28 [pid: 8|app: 0|req: 533/1066] 199.204.45.70 () {34 vars in 862 bytes} [Tue Jun 30 23:33:25 2026] GET /allocations/3e2973f2-ea73-4308-9763-5c51f1b3775a => generated 258 bytes in 12 msecs (HTTP/1.1 200) 8 headers in 296 bytes (1 switches on core 0)
2026-06-30 23:33:28.878 8 INFO placement.requestlog [None req-10ec08bf-57c8-442d-8f55-e3911cd4e2f4 - - - - - -] 10.0.0.66 "GET /" status: 200 len: 136 microversion: 1.0
2026-06-30 23:33:28.878 7 INFO placement.requestlog [None req-7b2191bc-bed2-4a45-877b-e21dbb74abf8 - - - - - -] 10.0.0.66 "GET /" status: 200 len: 136 microversion: 1.0
2026-06-30 23:33:33.581 7 INFO placement.requestlog [req-4a726cf3-4514-4c05-82bc-69ea7da16b7b req-4528193d-129a-4e69-8e24-15130be82559 d32bc5bfd42746119d1a6b0c462e858e 9a4d85b227314d89b6b16cf9ed507b3a - - 84073a95238d43c795cd3fc1ae1fd103 84073a95238d43c795cd3fc1ae1fd103] 10.0.0.185 "GET /allocation_candidates?limit=1000&resources=DISK_GB%3A1%2CMEMORY_MB%3A512%2CVCPU%3A1&root_required=%21COMPUTE_STATUS_DISABLED" status: 200 len: 2445 microversion: 1.36 [pid: 7|app: 0|req: 535/1069] 10.0.0.185 () {34 vars in 1012 bytes} [Tue Jun 30 23:33:33 2026] GET /allocation_candidates?limit=1000&resources=DISK_GB%3A1%2CMEMORY_MB%3A512%2CVCPU%3A1&root_required=%21COMPUTE_STATUS_DISABLED => generated 2445 bytes in 42 msecs (HTTP/1.1 200) 8 headers in 297 bytes (1 switches on core 0)
2026-06-30 23:33:33.612 8 INFO placement.requestlog [req-4a726cf3-4514-4c05-82bc-69ea7da16b7b req-66c00e91-616c-4584-9f10-b0aea45aaaab d32bc5bfd42746119d1a6b0c462e858e 9a4d85b227314d89b6b16cf9ed507b3a - - 84073a95238d43c795cd3fc1ae1fd103 84073a95238d43c795cd3fc1ae1fd103] 10.0.0.185 "GET /allocations/58160f94-2afb-49e4-993c-889fdc9bf0cd" status: 200 len: 19 microversion: 1.28 [pid: 8|app: 0|req: 535/1070] 10.0.0.185 () {34 vars in 861 bytes} [Tue Jun 30 23:33:33 2026] GET /allocations/58160f94-2afb-49e4-993c-889fdc9bf0cd => generated 19 bytes in 14 msecs (HTTP/1.1 200) 8 headers in 295 bytes (1 switches on core 0)
2026-06-30 23:33:33.665 7 INFO placement.requestlog [req-4a726cf3-4514-4c05-82bc-69ea7da16b7b req-ab7a5f8e-aa06-4788-9d3d-3bcf467dc095 d32bc5bfd42746119d1a6b0c462e858e 9a4d85b227314d89b6b16cf9ed507b3a - - 84073a95238d43c795cd3fc1ae1fd103 84073a95238d43c795cd3fc1ae1fd103] 10.0.0.185 "PUT /allocations/58160f94-2afb-49e4-993c-889fdc9bf0cd" status: 204 len: 0 microversion: 1.36 [pid: 7|app: 0|req: 536/1071] 10.0.0.185 () {38 vars in 914 bytes} [Tue Jun 30 23:33:33 2026] PUT /allocations/58160f94-2afb-49e4-993c-889fdc9bf0cd => generated 0 bytes in 48 msecs (HTTP/1.1 204) 5 headers in 199 bytes (1 switches on core 0)
2026-06-30 23:33:35.207 8 INFO placement.requestlog [req-4a726cf3-4514-4c05-82bc-69ea7da16b7b req-edb8deef-68bf-44fa-b682-5b54c46a0f7c d32bc5bfd42746119d1a6b0c462e858e 9a4d85b227314d89b6b16cf9ed507b3a - - 84073a95238d43c795cd3fc1ae1fd103 84073a95238d43c795cd3fc1ae1fd103] 199.204.45.70 "GET /allocations/58160f94-2afb-49e4-993c-889fdc9bf0cd" status: 200 len: 258 microversion: 1.28 [pid: 8|app: 0|req: 536/1072] 199.204.45.70 () {34 vars in 862 bytes} [Tue Jun 30 23:33:35 2026] GET /allocations/58160f94-2afb-49e4-993c-889fdc9bf0cd => generated 258 bytes in 15 msecs (HTTP/1.1 200) 8 headers in 296 bytes (1 switches on core 0)
2026-06-30 23:33:36.254 7 INFO placement.requestlog [req-4a726cf3-4514-4c05-82bc-69ea7da16b7b req-0f681bee-390e-4d0c-83e5-4572b36a2a61 d32bc5bfd42746119d1a6b0c462e858e 9a4d85b227314d89b6b16cf9ed507b3a - - 84073a95238d43c795cd3fc1ae1fd103 84073a95238d43c795cd3fc1ae1fd103] 199.204.45.70 "GET /resource_providers/47a866bf-8386-4147-aa31-8669425512bb/allocations" status: 200 len: 540 microversion: 1.0 [pid: 7|app: 0|req: 537/1073] 199.204.45.70 () {32 vars in 856 bytes} [Tue Jun 30 23:33:36 2026] GET /resource_providers/47a866bf-8386-4147-aa31-8669425512bb/allocations => generated 540 bytes in 16 msecs (HTTP/1.1 200) 6 headers in 224 bytes (1 switches on core 0)
2026-06-30 23:33:36.274 8 INFO placement.requestlog [req-4a726cf3-4514-4c05-82bc-69ea7da16b7b req-168b11c4-a567-4859-a677-77d0da6f114c d32bc5bfd42746119d1a6b0c462e858e 9a4d85b227314d89b6b16cf9ed507b3a - - 84073a95238d43c795cd3fc1ae1fd103 84073a95238d43c795cd3fc1ae1fd103] 199.204.45.70 "GET /allocations/2bdf8280-ff0c-4489-864f-11ead8bea4c4" status: 200 len: 245 microversion: 1.28 [pid: 8|app: 0|req: 537/1074] 199.204.45.70 () {34 vars in 862 bytes} [Tue Jun 30 23:33:36 2026] GET /allocations/2bdf8280-ff0c-4489-864f-11ead8bea4c4 => generated 245 bytes in 13 msecs (HTTP/1.1 200) 8 headers in 296 bytes (1 switches on core 0)
2026-06-30 23:33:36.294 7 INFO placement.requestlog [req-4a726cf3-4514-4c05-82bc-69ea7da16b7b req-ea0d7886-e574-462a-aad4-0fc6b7e71f0a d32bc5bfd42746119d1a6b0c462e858e 9a4d85b227314d89b6b16cf9ed507b3a - - 84073a95238d43c795cd3fc1ae1fd103 84073a95238d43c795cd3fc1ae1fd103] 199.204.45.70 "GET /allocations/3e2973f2-ea73-4308-9763-5c51f1b3775a" status: 200 len: 258 microversion: 1.28 [pid: 7|app: 0|req: 538/1075] 199.204.45.70 () {34 vars in 862 bytes} [Tue Jun 30 23:33:36 2026] GET /allocations/3e2973f2-ea73-4308-9763-5c51f1b3775a => generated 258 bytes in 14 msecs (HTTP/1.1 200) 8 headers in 296 bytes (1 switches on core 0)
2026-06-30 23:33:36.313 8 INFO placement.requestlog [req-4a726cf3-4514-4c05-82bc-69ea7da16b7b req-1577f363-806c-4d36-a340-cf5c79aa6b39 d32bc5bfd42746119d1a6b0c462e858e 9a4d85b227314d89b6b16cf9ed507b3a - - 84073a95238d43c795cd3fc1ae1fd103 84073a95238d43c795cd3fc1ae1fd103] 199.204.45.70 "GET /allocations/e0e7b256-1aa2-482e-a9f9-6dd98d46ad7e" status: 200 len: 258 microversion: 1.28 [pid: 8|app: 0|req: 538/1076] 199.204.45.70 () {34 vars in 862 bytes} [Tue Jun 30 23:33:36 2026] GET /allocations/e0e7b256-1aa2-482e-a9f9-6dd98d46ad7e => generated 258 bytes in 13 msecs (HTTP/1.1 200) 8 headers in 296 bytes (1 switches on core 0)
2026-06-30 23:33:36.328 7 INFO placement.requestlog [req-4a726cf3-4514-4c05-82bc-69ea7da16b7b req-198e1727-f766-4f2b-8e9b-60101174c525 d32bc5bfd42746119d1a6b0c462e858e 9a4d85b227314d89b6b16cf9ed507b3a - - 84073a95238d43c795cd3fc1ae1fd103 84073a95238d43c795cd3fc1ae1fd103] 199.204.45.70 "GET /allocations/58160f94-2afb-49e4-993c-889fdc9bf0cd" status: 200 len: 258 microversion: 1.28 [pid: 7|app: 0|req: 539/1077] 199.204.45.70 () {34 vars in 862 bytes} [Tue Jun 30 23:33:36 2026] GET /allocations/58160f94-2afb-49e4-993c-889fdc9bf0cd => generated 258 bytes in 10 msecs (HTTP/1.1 200) 8 headers in 296 bytes (1 switches on core 0)
2026-06-30 23:33:36.346 8 INFO placement.requestlog [req-4a726cf3-4514-4c05-82bc-69ea7da16b7b req-11a9de13-6e1e-49c1-b508-1f2e0a946a2c d32bc5bfd42746119d1a6b0c462e858e 9a4d85b227314d89b6b16cf9ed507b3a - - 84073a95238d43c795cd3fc1ae1fd103 84073a95238d43c795cd3fc1ae1fd103] 199.204.45.70 "GET /allocations/6c0081d7-e290-4ccd-8dfb-124924245923" status: 200 len: 258 microversion: 1.28 [pid: 8|app: 0|req: 539/1078] 199.204.45.70 () {34 vars in 862 bytes} [Tue Jun 30 23:33:36 2026] GET /allocations/6c0081d7-e290-4ccd-8dfb-124924245923 => generated 258 bytes in 14 msecs (HTTP/1.1 200) 8 headers in 296 bytes (1 switches on core 0)
2026-06-30 23:33:38.878 8 INFO placement.requestlog [None req-0bc9eab7-776a-48e7-a281-6d6e286b44a2 - - - - - -] 10.0.0.66 "GET /" status: 200 len: 136 microversion: 1.0
2026-06-30 23:33:38.878 7 INFO placement.requestlog [None req-e00bdf6e-accc-4bbd-a1fe-b2583ce64289 - - - - - -] 10.0.0.66 "GET /" status: 200 len: 136 microversion: 1.0
2026-06-30 23:33:43.810 8 INFO placement.requestlog [req-271d5768-483b-43b3-b75a-d488fc912dd1 req-0361dcd1-133f-4342-afbf-2fad175f51d3 d32bc5bfd42746119d1a6b0c462e858e 9a4d85b227314d89b6b16cf9ed507b3a - - 84073a95238d43c795cd3fc1ae1fd103 84073a95238d43c795cd3fc1ae1fd103] 199.204.45.70 "GET /resource_providers/47a866bf-8386-4147-aa31-8669425512bb/allocations" status: 200 len: 540 microversion: 1.0 [pid: 8|app: 0|req: 541/1081] 199.204.45.70 () {32 vars in 856 bytes} [Tue Jun 30 23:33:43 2026] GET /resource_providers/47a866bf-8386-4147-aa31-8669425512bb/allocations => generated 540 bytes in 17 msecs (HTTP/1.1 200) 6 headers in 224 bytes (1 switches on core 0)
2026-06-30 23:33:43.832 7 INFO placement.requestlog [req-271d5768-483b-43b3-b75a-d488fc912dd1 req-8bc80928-1bc0-45ea-a90a-a22610f45fa0 d32bc5bfd42746119d1a6b0c462e858e 9a4d85b227314d89b6b16cf9ed507b3a - - 84073a95238d43c795cd3fc1ae1fd103 84073a95238d43c795cd3fc1ae1fd103] 199.204.45.70 "GET /resource_providers/47a866bf-8386-4147-aa31-8669425512bb/allocations" status: 200 len: 540 microversion: 1.0 [pid: 7|app: 0|req: 541/1082] 199.204.45.70 () {32 vars in 856 bytes} [Tue Jun 30 23:33:43 2026] GET /resource_providers/47a866bf-8386-4147-aa31-8669425512bb/allocations => generated 540 bytes in 16 msecs (HTTP/1.1 200) 6 headers in 224 bytes (1 switches on core 0)
2026-06-30 23:33:43.852 8 INFO placement.requestlog [req-271d5768-483b-43b3-b75a-d488fc912dd1 req-8e7db0e9-2d27-49db-828a-805eb6f22433 d32bc5bfd42746119d1a6b0c462e858e 9a4d85b227314d89b6b16cf9ed507b3a - - 84073a95238d43c795cd3fc1ae1fd103 84073a95238d43c795cd3fc1ae1fd103] 199.204.45.70 "GET /allocations/2bdf8280-ff0c-4489-864f-11ead8bea4c4" status: 200 len: 245 microversion: 1.28 [pid: 8|app: 0|req: 542/1083] 199.204.45.70 () {34 vars in 862 bytes} [Tue Jun 30 23:33:43 2026] GET /allocations/2bdf8280-ff0c-4489-864f-11ead8bea4c4 => generated 245 bytes in 15 msecs (HTTP/1.1 200) 8 headers in 296 bytes (1 switches on core 0)
2026-06-30 23:33:43.873 7 INFO placement.requestlog [req-271d5768-483b-43b3-b75a-d488fc912dd1 req-33b9ed9b-0f3c-4258-bf87-6d9975a929b6 d32bc5bfd42746119d1a6b0c462e858e 9a4d85b227314d89b6b16cf9ed507b3a - - 84073a95238d43c795cd3fc1ae1fd103 84073a95238d43c795cd3fc1ae1fd103] 199.204.45.70 "GET /allocations/3e2973f2-ea73-4308-9763-5c51f1b3775a" status: 200 len: 258 microversion: 1.28 [pid: 7|app: 0|req: 542/1084] 199.204.45.70 () {34 vars in 862 bytes} [Tue Jun 30 23:33:43 2026] GET /allocations/3e2973f2-ea73-4308-9763-5c51f1b3775a => generated 258 bytes in 12 msecs (HTTP/1.1 200) 8 headers in 296 bytes (1 switches on core 0)
2026-06-30 23:33:43.900 8 INFO placement.requestlog [req-271d5768-483b-43b3-b75a-d488fc912dd1 req-20e1c431-f6d1-492c-847a-02a4c868f795 d32bc5bfd42746119d1a6b0c462e858e 9a4d85b227314d89b6b16cf9ed507b3a - - 84073a95238d43c795cd3fc1ae1fd103 84073a95238d43c795cd3fc1ae1fd103] 199.204.45.70 "GET /allocations/e0e7b256-1aa2-482e-a9f9-6dd98d46ad7e" status: 200 len: 258 microversion: 1.28 [pid: 8|app: 0|req: 543/1085] 199.204.45.70 () {34 vars in 862 bytes} [Tue Jun 30 23:33:43 2026] GET /allocations/e0e7b256-1aa2-482e-a9f9-6dd98d46ad7e => generated 258 bytes in 19 msecs (HTTP/1.1 200) 8 headers in 296 bytes (1 switches on core 0)
2026-06-30 23:33:43.919 7 INFO placement.requestlog [req-271d5768-483b-43b3-b75a-d488fc912dd1 req-c66541d2-e84f-4c24-9f5b-79b39aa589a2 d32bc5bfd42746119d1a6b0c462e858e 9a4d85b227314d89b6b16cf9ed507b3a - - 84073a95238d43c795cd3fc1ae1fd103 84073a95238d43c795cd3fc1ae1fd103] 199.204.45.70 "GET /allocations/58160f94-2afb-49e4-993c-889fdc9bf0cd" status: 200 len: 258 microversion: 1.28 [pid: 7|app: 0|req: 543/1086] 199.204.45.70 () {34 vars in 862 bytes} [Tue Jun 30 23:33:43 2026] GET /allocations/58160f94-2afb-49e4-993c-889fdc9bf0cd => generated 258 bytes in 14 msecs (HTTP/1.1 200) 8 headers in 296 bytes (1 switches on core 0)
2026-06-30 23:33:43.936 8 INFO placement.requestlog [req-271d5768-483b-43b3-b75a-d488fc912dd1 req-c1da97ac-d14a-44fb-9342-5bf0b69de818 d32bc5bfd42746119d1a6b0c462e858e 9a4d85b227314d89b6b16cf9ed507b3a - - 84073a95238d43c795cd3fc1ae1fd103 84073a95238d43c795cd3fc1ae1fd103] 199.204.45.70 "GET /allocations/6c0081d7-e290-4ccd-8dfb-124924245923" status: 200 len: 258 microversion: 1.28 [pid: 8|app: 0|req: 544/1087] 199.204.45.70 () {34 vars in 862 bytes} [Tue Jun 30 23:33:43 2026] GET /allocations/6c0081d7-e290-4ccd-8dfb-124924245923 => generated 258 bytes in 10 msecs (HTTP/1.1 200) 8 headers in 296 bytes (1 switches on core 0)
2026-06-30 23:33:48.880 7 INFO placement.requestlog [None req-757ffe4e-d868-432d-8606-b8c2a4149cd3 - - - - - -] 10.0.0.66 "GET /" status: 200 len: 136 microversion: 1.0
2026-06-30 23:33:48.880 8 INFO placement.requestlog [None req-859e8450-2433-4a66-b458-6448b8e4f130 - - - - - -] 10.0.0.66 "GET /" status: 200 len: 136 microversion: 1.0
2026-06-30 23:33:58.879 7 INFO placement.requestlog [None req-63204e06-c63a-40b5-83ed-96a11d993314 - - - - - -] 10.0.0.66 "GET /" status: 200 len: 136 microversion: 1.0
2026-06-30 23:33:58.879 8 INFO placement.requestlog [None req-49f4a85d-aa51-4237-bb5f-3dcd7cd90651 - - - - - -] 10.0.0.66 "GET /" status: 200 len: 136 microversion: 1.0
2026-06-30 23:34:08.878 7 INFO placement.requestlog [None req-6a3e3a44-b4ae-4338-95b6-9ba60867aa28 - - - - - -] 10.0.0.66 "GET /" status: 200 len: 136 microversion: 1.0
2026-06-30 23:34:08.879 8 INFO placement.requestlog [None req-c26f01bd-a63b-41a8-9449-0e8136535ef5 - - - - - -] 10.0.0.66 "GET /" status: 200 len: 136 microversion: 1.0
2026-06-30 23:34:11.690 7 INFO placement.requestlog [req-7473927f-58a8-4a00-ba1c-cf77fd683ff7 req-8640337d-52e9-4cb8-b5c7-e8eb0505cd79 d32bc5bfd42746119d1a6b0c462e858e 9a4d85b227314d89b6b16cf9ed507b3a - - 84073a95238d43c795cd3fc1ae1fd103 84073a95238d43c795cd3fc1ae1fd103] 199.204.45.70 "GET /resource_providers/47a866bf-8386-4147-aa31-8669425512bb/allocations" status: 200 len: 540 microversion: 1.0 [pid: 7|app: 0|req: 547/1094] 199.204.45.70 () {32 vars in 856 bytes} [Tue Jun 30 23:34:11 2026] GET /resource_providers/47a866bf-8386-4147-aa31-8669425512bb/allocations => generated 540 bytes in 31 msecs (HTTP/1.1 200) 6 headers in 224 bytes (1 switches on core 0)
