2026-04-07 01:20:59.512 7 INFO placement.requestlog [req-36069235-5a86-40f5-a933-d6b9efdb5e39 req-24d5ef04-18b0-4bde-b923-309fd5598427 044af36b1bdd4ace98e477aa270afaa1 bf92e9d439864e79a8433bcbb5f006f4 - - 13a0343b69c144849fc902e20b6aa187 13a0343b69c144849fc902e20b6aa187] 10.0.0.54 "PUT /allocations/bfb21d56-972e-47e8-b844-8bb1b0f94109" status: 204 len: 0 microversion: 1.36 [pid: 7|app: 0|req: 553/1103] 10.0.0.54 () {38 vars in 913 bytes} [Tue Apr 7 01:20:59 2026] PUT /allocations/bfb21d56-972e-47e8-b844-8bb1b0f94109 => generated 0 bytes in 61 msecs (HTTP/1.1 204) 5 headers in 199 bytes (1 switches on core 0)
2026-04-07 01:20:59.841 8 INFO placement.requestlog [req-36069235-5a86-40f5-a933-d6b9efdb5e39 req-dc60d9eb-9b0c-484a-a948-2023c4903fcd 044af36b1bdd4ace98e477aa270afaa1 bf92e9d439864e79a8433bcbb5f006f4 - - 13a0343b69c144849fc902e20b6aa187 13a0343b69c144849fc902e20b6aa187] 199.19.213.62 "GET /allocations/bfb21d56-972e-47e8-b844-8bb1b0f94109" status: 200 len: 258 microversion: 1.28 [pid: 8|app: 0|req: 551/1104] 199.19.213.62 () {34 vars in 862 bytes} [Tue Apr 7 01:20:59 2026] GET /allocations/bfb21d56-972e-47e8-b844-8bb1b0f94109 => generated 258 bytes in 14 msecs (HTTP/1.1 200) 8 headers in 296 bytes (1 switches on core 0)
2026-04-07 01:20:59.958 7 INFO placement.requestlog [req-36069235-5a86-40f5-a933-d6b9efdb5e39 req-f90dd7cf-b7d8-406b-85ab-aeebada35364 044af36b1bdd4ace98e477aa270afaa1 bf92e9d439864e79a8433bcbb5f006f4 - - 13a0343b69c144849fc902e20b6aa187 13a0343b69c144849fc902e20b6aa187] 199.19.213.62 "GET /resource_providers/08135e73-e6b1-4f82-a750-ec482764477d/allocations" status: 200 len: 253 microversion: 1.0 [pid: 7|app: 0|req: 554/1105] 199.19.213.62 () {32 vars in 856 bytes} [Tue Apr 7 01:20:59 2026] GET /resource_providers/08135e73-e6b1-4f82-a750-ec482764477d/allocations => generated 253 bytes in 22 msecs (HTTP/1.1 200) 6 headers in 224 bytes (1 switches on core 0)
2026-04-07 01:20:59.985 8 INFO placement.requestlog [req-36069235-5a86-40f5-a933-d6b9efdb5e39 req-cb6ee630-2239-449b-b9e9-6f303ff3ee58 044af36b1bdd4ace98e477aa270afaa1 bf92e9d439864e79a8433bcbb5f006f4 - - 13a0343b69c144849fc902e20b6aa187 13a0343b69c144849fc902e20b6aa187] 199.19.213.62 "GET /allocations/bfb21d56-972e-47e8-b844-8bb1b0f94109" status: 200 len: 258 microversion: 1.28 [pid: 8|app: 0|req: 552/1106] 199.19.213.62 () {34 vars in 862 bytes} [Tue Apr 7 01:20:59 2026] GET /allocations/bfb21d56-972e-47e8-b844-8bb1b0f94109 => generated 258 bytes in 17 msecs (HTTP/1.1 200) 8 headers in 296 bytes (1 switches on core 0)
2026-04-07 01:21:00.009 7 INFO placement.requestlog [req-36069235-5a86-40f5-a933-d6b9efdb5e39 req-b90981b6-eaa9-407a-92c2-4a2df969bc4a 044af36b1bdd4ace98e477aa270afaa1 bf92e9d439864e79a8433bcbb5f006f4 - - 13a0343b69c144849fc902e20b6aa187 13a0343b69c144849fc902e20b6aa187] 199.19.213.62 "GET /allocations/20bfd13b-429a-4689-9f3f-caaff4b89d18" status: 200 len: 258 microversion: 1.28 [pid: 7|app: 0|req: 555/1107] 199.19.213.62 () {34 vars in 862 bytes} [Tue Apr 7 01:20:59 2026] GET /allocations/20bfd13b-429a-4689-9f3f-caaff4b89d18 => generated 258 bytes in 19 msecs (HTTP/1.1 200) 8 headers in 296 bytes (1 switches on core 0)
2026-04-07 01:21:02.478 8 INFO placement.requestlog [None req-e404a970-03f0-49c1-815c-8d33668a450b - - - - - -] 10.0.0.236 "GET /" status: 200 len: 136 microversion: 1.0
2026-04-07 01:21:02.479 7 INFO placement.requestlog [None req-91c26730-fbff-4491-a9c3-8d033a0a1273 - - - - - -] 10.0.0.236 "GET /" status: 200 len: 136 microversion: 1.0
2026-04-07 01:21:12.477 7 INFO placement.requestlog [None req-515657a7-d60d-4939-8aed-f085fbce071c - - - - - -] 10.0.0.236 "GET /" status: 200 len: 136 microversion: 1.0
2026-04-07 01:21:12.481 8 INFO placement.requestlog [None req-fad4d1fd-3242-47ec-bdfd-44fca9ffa9f7 - - - - - -] 10.0.0.236 "GET /" status: 200 len: 136 microversion: 1.0
2026-04-07 01:21:13.756 7 INFO placement.requestlog [req-6da60d37-56c1-42c1-954f-3243a6bfbb65 req-6ef2e684-3ba6-4da8-83cc-faa2e7c6e0ab 044af36b1bdd4ace98e477aa270afaa1 bf92e9d439864e79a8433bcbb5f006f4 - - 13a0343b69c144849fc902e20b6aa187 13a0343b69c144849fc902e20b6aa187] 199.19.213.62 "GET /resource_providers/08135e73-e6b1-4f82-a750-ec482764477d/allocations" status: 200 len: 253 microversion: 1.0 [pid: 7|app: 0|req: 558/1112] 199.19.213.62 () {32 vars in 856 bytes} [Tue Apr 7 01:21:13 2026] GET /resource_providers/08135e73-e6b1-4f82-a750-ec482764477d/allocations => generated 253 bytes in 142 msecs (HTTP/1.1 200) 6 headers in 224 bytes (1 switches on core 0)
2026-04-07 01:21:13.787 8 INFO placement.requestlog [req-6da60d37-56c1-42c1-954f-3243a6bfbb65 req-f5891708-eee5-4cd3-b500-5a899932af71 044af36b1bdd4ace98e477aa270afaa1 bf92e9d439864e79a8433bcbb5f006f4 - - 13a0343b69c144849fc902e20b6aa187 13a0343b69c144849fc902e20b6aa187] 199.19.213.62 "GET /resource_providers?in_tree=08135e73-e6b1-4f82-a750-ec482764477d" status: 200 len: 798 microversion: 1.14 [pid: 8|app: 0|req: 555/1113] 199.19.213.62 () {34 vars in 891 bytes} [Tue Apr 7 01:21:13 2026] GET /resource_providers?in_tree=08135e73-e6b1-4f82-a750-ec482764477d => generated 798 bytes in 21 msecs (HTTP/1.1 200) 6 headers in 225 bytes (1 switches on core 0)
2026-04-07 01:21:13.811 7 INFO placement.requestlog [req-6da60d37-56c1-42c1-954f-3243a6bfbb65 req-39516482-5a5d-4825-9ef9-425d81908628 044af36b1bdd4ace98e477aa270afaa1 bf92e9d439864e79a8433bcbb5f006f4 - - 13a0343b69c144849fc902e20b6aa187 13a0343b69c144849fc902e20b6aa187] 199.19.213.62 "GET /resource_providers/08135e73-e6b1-4f82-a750-ec482764477d/inventories" status: 200 len: 401 microversion: 1.0 [pid: 7|app: 0|req: 559/1114] 199.19.213.62 () {32 vars in 856 bytes} [Tue Apr 7 01:21:13 2026] GET /resource_providers/08135e73-e6b1-4f82-a750-ec482764477d/inventories => generated 401 bytes in 19 msecs (HTTP/1.1 200) 6 headers in 224 bytes (1 switches on core 0)
2026-04-07 01:21:13.835 8 INFO placement.requestlog [req-6da60d37-56c1-42c1-954f-3243a6bfbb65 req-2663d4c0-48b8-4067-83b4-d400cf480ab3 044af36b1bdd4ace98e477aa270afaa1 bf92e9d439864e79a8433bcbb5f006f4 - - 13a0343b69c144849fc902e20b6aa187 13a0343b69c144849fc902e20b6aa187] 199.19.213.62 "GET /resource_providers/08135e73-e6b1-4f82-a750-ec482764477d/aggregates" status: 200 len: 54 microversion: 1.19 [pid: 8|app: 0|req: 556/1115] 199.19.213.62 () {34 vars in 898 bytes} [Tue Apr 7 01:21:13 2026] GET /resource_providers/08135e73-e6b1-4f82-a750-ec482764477d/aggregates => generated 54 bytes in 15 msecs (HTTP/1.1 200) 8 headers in 295 bytes (1 switches on core 0)
2026-04-07 01:21:13.863 7 INFO placement.requestlog [req-6da60d37-56c1-42c1-954f-3243a6bfbb65 req-63fa5134-e438-4b56-ae71-0c0580ed40fd 044af36b1bdd4ace98e477aa270afaa1 bf92e9d439864e79a8433bcbb5f006f4 - - 13a0343b69c144849fc902e20b6aa187 13a0343b69c144849fc902e20b6aa187] 199.19.213.62 "GET /resource_providers/08135e73-e6b1-4f82-a750-ec482764477d/traits" status: 200 len: 1753 microversion: 1.6 [pid: 7|app: 0|req: 560/1116] 199.19.213.62 () {34 vars in 889 bytes} [Tue Apr 7 01:21:13 2026] GET /resource_providers/08135e73-e6b1-4f82-a750-ec482764477d/traits => generated 1753 bytes in 21 msecs (HTTP/1.1 200) 6 headers in 225 bytes (1 switches on core 0)
2026-04-07 01:21:13.894 8 INFO placement.requestlog [req-6da60d37-56c1-42c1-954f-3243a6bfbb65 req-574b4b9e-95aa-4abc-9229-89493522eba4 044af36b1bdd4ace98e477aa270afaa1 bf92e9d439864e79a8433bcbb5f006f4 - - 13a0343b69c144849fc902e20b6aa187 13a0343b69c144849fc902e20b6aa187] 199.19.213.62 "GET /resource_providers/08135e73-e6b1-4f82-a750-ec482764477d/allocations" status: 200 len: 253 microversion: 1.0 [pid: 8|app: 0|req: 557/1117] 199.19.213.62 () {32 vars in 856 bytes} [Tue Apr 7 01:21:13 2026] GET /resource_providers/08135e73-e6b1-4f82-a750-ec482764477d/allocations => generated 253 bytes in 20 msecs (HTTP/1.1 200) 6 headers in 224 bytes (1 switches on core 0)
2026-04-07 01:21:13.920 7 INFO placement.requestlog [req-6da60d37-56c1-42c1-954f-3243a6bfbb65 req-ad120b18-932d-4c97-ac15-effa97f8a43b 044af36b1bdd4ace98e477aa270afaa1 bf92e9d439864e79a8433bcbb5f006f4 - - 13a0343b69c144849fc902e20b6aa187 13a0343b69c144849fc902e20b6aa187] 199.19.213.62 "GET /allocations/bfb21d56-972e-47e8-b844-8bb1b0f94109" status: 200 len: 258 microversion: 1.28 [pid: 7|app: 0|req: 561/1118] 199.19.213.62 () {34 vars in 862 bytes} [Tue Apr 7 01:21:13 2026] GET /allocations/bfb21d56-972e-47e8-b844-8bb1b0f94109 => generated 258 bytes in 17 msecs (HTTP/1.1 200) 8 headers in 296 bytes (1 switches on core 0)
2026-04-07 01:21:13.945 8 INFO placement.requestlog [req-6da60d37-56c1-42c1-954f-3243a6bfbb65 req-15eea2e9-b598-4035-ae0d-97a531c196b9 044af36b1bdd4ace98e477aa270afaa1 bf92e9d439864e79a8433bcbb5f006f4 - - 13a0343b69c144849fc902e20b6aa187 13a0343b69c144849fc902e20b6aa187] 199.19.213.62 "GET /allocations/20bfd13b-429a-4689-9f3f-caaff4b89d18" status: 200 len: 258 microversion: 1.28 [pid: 8|app: 0|req: 558/1119] 199.19.213.62 () {34 vars in 862 bytes} [Tue Apr 7 01:21:13 2026] GET /allocations/20bfd13b-429a-4689-9f3f-caaff4b89d18 => generated 258 bytes in 15 msecs (HTTP/1.1 200) 8 headers in 296 bytes (1 switches on core 0)
2026-04-07 01:21:22.478 8 INFO placement.requestlog [None req-7b8b7c17-2957-412a-bb30-5e080bbac755 - - - - - -] 10.0.0.236 "GET /" status: 200 len: 136 microversion: 1.0
2026-04-07 01:21:22.479 7 INFO placement.requestlog [None req-9cdd5b56-b2f3-43a5-b6f3-70c2cc7e7ef1 - - - - - -] 10.0.0.236 "GET /" status: 200 len: 136 microversion: 1.0
2026-04-07 01:21:32.477 8 INFO placement.requestlog [None req-ea11a75d-c017-4af9-acce-8d95807d36f7 - - - - - -] 10.0.0.236 "GET /" status: 200 len: 136 microversion: 1.0
2026-04-07 01:21:32.478 7 INFO placement.requestlog [None req-e8113cb9-0cc0-4b62-8f85-62247b697f9a - - - - - -] 10.0.0.236 "GET /" status: 200 len: 136 microversion: 1.0
2026-04-07 01:21:38.012 8 INFO placement.requestlog [req-1667fa77-0b9d-4bae-a0c3-1423d6540a88 req-e644900f-63ee-4ab2-957e-6a08eaa3ec98 044af36b1bdd4ace98e477aa270afaa1 bf92e9d439864e79a8433bcbb5f006f4 - - 13a0343b69c144849fc902e20b6aa187 13a0343b69c144849fc902e20b6aa187] 10.0.0.54 "GET /allocation_candidates?limit=1000&resources=MEMORY_MB%3A2048%2CVCPU%3A2&root_required=%21COMPUTE_STATUS_DISABLED" status: 200 len: 2207 microversion: 1.36 [pid: 8|app: 0|req: 561/1124] 10.0.0.54 () {34 vars in 985 bytes} [Tue Apr 7 01:21:37 2026] GET /allocation_candidates?limit=1000&resources=MEMORY_MB%3A2048%2CVCPU%3A2&root_required=%21COMPUTE_STATUS_DISABLED => generated 2207 bytes in 91 msecs (HTTP/1.1 200) 8 headers in 297 bytes (1 switches on core 0)
2026-04-07 01:21:38.051 7 INFO placement.requestlog [req-1667fa77-0b9d-4bae-a0c3-1423d6540a88 req-0e22fa0e-c1af-476f-a353-503bd2a257f9 044af36b1bdd4ace98e477aa270afaa1 bf92e9d439864e79a8433bcbb5f006f4 - - 13a0343b69c144849fc902e20b6aa187 13a0343b69c144849fc902e20b6aa187] 10.0.0.54 "GET /allocations/c27741be-1b1e-434c-ad90-a439eff2bafc" status: 200 len: 19 microversion: 1.28 [pid: 7|app: 0|req: 564/1125] 10.0.0.54 () {34 vars in 860 bytes} [Tue Apr 7 01:21:38 2026] GET /allocations/c27741be-1b1e-434c-ad90-a439eff2bafc => generated 19 bytes in 14 msecs (HTTP/1.1 200) 8 headers in 295 bytes (1 switches on core 0)
2026-04-07 01:21:38.120 8 INFO placement.requestlog [req-1667fa77-0b9d-4bae-a0c3-1423d6540a88 req-953f7d29-f704-4e95-a323-c40fd4f960c9 044af36b1bdd4ace98e477aa270afaa1 bf92e9d439864e79a8433bcbb5f006f4 - - 13a0343b69c144849fc902e20b6aa187 13a0343b69c144849fc902e20b6aa187] 10.0.0.54 "PUT /allocations/c27741be-1b1e-434c-ad90-a439eff2bafc" status: 204 len: 0 microversion: 1.36 [pid: 8|app: 0|req: 562/1126] 10.0.0.54 () {38 vars in 913 bytes} [Tue Apr 7 01:21:38 2026] PUT /allocations/c27741be-1b1e-434c-ad90-a439eff2bafc => generated 0 bytes in 61 msecs (HTTP/1.1 204) 5 headers in 199 bytes (1 switches on core 0)
2026-04-07 01:21:38.429 7 INFO placement.requestlog [req-1667fa77-0b9d-4bae-a0c3-1423d6540a88 req-0fb1c8c2-e616-4680-a992-ae41d3377940 044af36b1bdd4ace98e477aa270afaa1 bf92e9d439864e79a8433bcbb5f006f4 - - 13a0343b69c144849fc902e20b6aa187 13a0343b69c144849fc902e20b6aa187] 199.19.213.62 "GET /allocations/c27741be-1b1e-434c-ad90-a439eff2bafc" status: 200 len: 245 microversion: 1.28 [pid: 7|app: 0|req: 565/1127] 199.19.213.62 () {34 vars in 862 bytes} [Tue Apr 7 01:21:38 2026] GET /allocations/c27741be-1b1e-434c-ad90-a439eff2bafc => generated 245 bytes in 14 msecs (HTTP/1.1 200) 8 headers in 296 bytes (1 switches on core 0)
2026-04-07 01:21:38.572 8 INFO placement.requestlog [req-1667fa77-0b9d-4bae-a0c3-1423d6540a88 req-e7e93dd6-1128-4a57-acf2-41bff774690e 044af36b1bdd4ace98e477aa270afaa1 bf92e9d439864e79a8433bcbb5f006f4 - - 13a0343b69c144849fc902e20b6aa187 13a0343b69c144849fc902e20b6aa187] 199.19.213.62 "GET /resource_providers/08135e73-e6b1-4f82-a750-ec482764477d/allocations" status: 200 len: 340 microversion: 1.0 [pid: 8|app: 0|req: 563/1128] 199.19.213.62 () {32 vars in 856 bytes} [Tue Apr 7 01:21:38 2026] GET /resource_providers/08135e73-e6b1-4f82-a750-ec482764477d/allocations => generated 340 bytes in 19 msecs (HTTP/1.1 200) 6 headers in 224 bytes (1 switches on core 0)
2026-04-07 01:21:38.596 7 INFO placement.requestlog [req-1667fa77-0b9d-4bae-a0c3-1423d6540a88 req-eb8ed597-1583-4c5c-8359-2bf0559bb6e2 044af36b1bdd4ace98e477aa270afaa1 bf92e9d439864e79a8433bcbb5f006f4 - - 13a0343b69c144849fc902e20b6aa187 13a0343b69c144849fc902e20b6aa187] 199.19.213.62 "GET /allocations/bfb21d56-972e-47e8-b844-8bb1b0f94109" status: 200 len: 258 microversion: 1.28 [pid: 7|app: 0|req: 566/1129] 199.19.213.62 () {34 vars in 862 bytes} [Tue Apr 7 01:21:38 2026] GET /allocations/bfb21d56-972e-47e8-b844-8bb1b0f94109 => generated 258 bytes in 16 msecs (HTTP/1.1 200) 8 headers in 296 bytes (1 switches on core 0)
2026-04-07 01:21:38.614 8 INFO placement.requestlog [req-1667fa77-0b9d-4bae-a0c3-1423d6540a88 req-cf56da60-987a-4599-ad05-7a6eab1735c9 044af36b1bdd4ace98e477aa270afaa1 bf92e9d439864e79a8433bcbb5f006f4 - - 13a0343b69c144849fc902e20b6aa187 13a0343b69c144849fc902e20b6aa187] 199.19.213.62 "GET /allocations/c27741be-1b1e-434c-ad90-a439eff2bafc" status: 200 len: 245 microversion: 1.28 [pid: 8|app: 0|req: 564/1130] 199.19.213.62 () {34 vars in 862 bytes} [Tue Apr 7 01:21:38 2026] GET /allocations/c27741be-1b1e-434c-ad90-a439eff2bafc => generated 245 bytes in 12 msecs (HTTP/1.1 200) 8 headers in 296 bytes (1 switches on core 0)
2026-04-07 01:21:38.635 7 INFO placement.requestlog [req-1667fa77-0b9d-4bae-a0c3-1423d6540a88 req-4d2dc317-90c8-45eb-83e7-7ea66da6e8cd 044af36b1bdd4ace98e477aa270afaa1 bf92e9d439864e79a8433bcbb5f006f4 - - 13a0343b69c144849fc902e20b6aa187 13a0343b69c144849fc902e20b6aa187] 199.19.213.62 "GET /allocations/20bfd13b-429a-4689-9f3f-caaff4b89d18" status: 200 len: 258 microversion: 1.28 [pid: 7|app: 0|req: 567/1131] 199.19.213.62 () {34 vars in 862 bytes} [Tue Apr 7 01:21:38 2026] GET /allocations/20bfd13b-429a-4689-9f3f-caaff4b89d18 => generated 258 bytes in 14 msecs (HTTP/1.1 200) 8 headers in 296 bytes (1 switches on core 0)
2026-04-07 01:21:42.477 8 INFO placement.requestlog [None req-c3b5afaa-8eb5-407a-bf72-e2d7162f7001 - - - - - -] 10.0.0.236 "GET /" status: 200 len: 136 microversion: 1.0
2026-04-07 01:21:42.478 7 INFO placement.requestlog [None req-78390271-070d-4c7f-a152-6f9a8cc8cafb - - - - - -] 10.0.0.236 "GET /" status: 200 len: 136 microversion: 1.0
2026-04-07 01:21:52.478 7 INFO placement.requestlog [None req-dbbb102e-e8a6-47f1-9868-eb0f48c609bc - - - - - -] 10.0.0.236 "GET /" status: 200 len: 136 microversion: 1.0
2026-04-07 01:21:52.478 8 INFO placement.requestlog [None req-15e7bea9-a6df-45e3-8756-4d43b12bb7b8 - - - - - -] 10.0.0.236 "GET /" status: 200 len: 136 microversion: 1.0
2026-04-07 01:22:02.478 8 INFO placement.requestlog [None req-fc2fa8b8-2247-4aff-8354-901704ef8d6a - - - - - -] 10.0.0.236 "GET /" status: 200 len: 136 microversion: 1.0
2026-04-07 01:22:02.479 7 INFO placement.requestlog [None req-3996a516-a3f8-45ae-a1dc-bb47a620b1fd - - - - - -] 10.0.0.236 "GET /" status: 200 len: 136 microversion: 1.0
2026-04-07 01:22:12.477 7 INFO placement.requestlog [None req-aa6c8328-a591-4db2-81a3-b1d027198052 - - - - - -] 10.0.0.236 "GET /" status: 200 len: 136 microversion: 1.0
2026-04-07 01:22:12.479 8 INFO placement.requestlog [None req-707f8a0f-9e5c-4211-8d15-e174e2f4d2d0 - - - - - -] 10.0.0.236 "GET /" status: 200 len: 136 microversion: 1.0
2026-04-07 01:22:13.957 7 INFO placement.requestlog [req-c0021c85-2f29-4c60-8f96-0504ac4eb2ce req-e34284d5-c4f1-45e0-8d43-c3130f51605e 044af36b1bdd4ace98e477aa270afaa1 bf92e9d439864e79a8433bcbb5f006f4 - - 13a0343b69c144849fc902e20b6aa187 13a0343b69c144849fc902e20b6aa187] 199.19.213.62 "GET /resource_providers/08135e73-e6b1-4f82-a750-ec482764477d/allocations" status: 200 len: 340 microversion: 1.0 [pid: 7|app: 0|req: 572/1140] 199.19.213.62 () {32 vars in 856 bytes} [Tue Apr 7 01:22:13 2026] GET /resource_providers/08135e73-e6b1-4f82-a750-ec482764477d/allocations => generated 340 bytes in 20 msecs (HTTP/1.1 200) 6 headers in 224 bytes (1 switches on core 0)
2026-04-07 01:22:13.985 8 INFO placement.requestlog [req-c0021c85-2f29-4c60-8f96-0504ac4eb2ce req-0583e827-2359-41cd-a5a0-a046ccfcbdf7 044af36b1bdd4ace98e477aa270afaa1 bf92e9d439864e79a8433bcbb5f006f4 - - 13a0343b69c144849fc902e20b6aa187 13a0343b69c144849fc902e20b6aa187] 199.19.213.62 "GET /resource_providers/08135e73-e6b1-4f82-a750-ec482764477d/allocations" status: 200 len: 340 microversion: 1.0 [pid: 8|app: 0|req: 569/1141] 199.19.213.62 () {32 vars in 856 bytes} [Tue Apr 7 01:22:13 2026] GET /resource_providers/08135e73-e6b1-4f82-a750-ec482764477d/allocations => generated 340 bytes in 22 msecs (HTTP/1.1 200) 6 headers in 224 bytes (1 switches on core 0)
2026-04-07 01:22:14.009 7 INFO placement.requestlog [req-c0021c85-2f29-4c60-8f96-0504ac4eb2ce req-39212b8d-536e-4795-a2d8-fc008ff305be 044af36b1bdd4ace98e477aa270afaa1 bf92e9d439864e79a8433bcbb5f006f4 - - 13a0343b69c144849fc902e20b6aa187 13a0343b69c144849fc902e20b6aa187] 199.19.213.62 "GET /allocations/bfb21d56-972e-47e8-b844-8bb1b0f94109" status: 200 len: 258 microversion: 1.28 [pid: 7|app: 0|req: 573/1142] 199.19.213.62 () {34 vars in 862 bytes} [Tue Apr 7 01:22:13 2026] GET /allocations/bfb21d56-972e-47e8-b844-8bb1b0f94109 => generated 258 bytes in 17 msecs (HTTP/1.1 200) 8 headers in 296 bytes (1 switches on core 0)
2026-04-07 01:22:14.029 8 INFO placement.requestlog [req-c0021c85-2f29-4c60-8f96-0504ac4eb2ce req-3bb4800c-141b-4047-95eb-87646cac792e 044af36b1bdd4ace98e477aa270afaa1 bf92e9d439864e79a8433bcbb5f006f4 - - 13a0343b69c144849fc902e20b6aa187 13a0343b69c144849fc902e20b6aa187] 199.19.213.62 "GET /allocations/c27741be-1b1e-434c-ad90-a439eff2bafc" status: 200 len: 245 microversion: 1.28 [pid: 8|app: 0|req: 570/1143] 199.19.213.62 () {34 vars in 862 bytes} [Tue Apr 7 01:22:14 2026] GET /allocations/c27741be-1b1e-434c-ad90-a439eff2bafc => generated 245 bytes in 15 msecs (HTTP/1.1 200) 8 headers in 296 bytes (1 switches on core 0)
2026-04-07 01:22:14.051 7 INFO placement.requestlog [req-c0021c85-2f29-4c60-8f96-0504ac4eb2ce req-f96c2316-5917-4cae-a988-e250d29fda2a 044af36b1bdd4ace98e477aa270afaa1 bf92e9d439864e79a8433bcbb5f006f4 - - 13a0343b69c144849fc902e20b6aa187 13a0343b69c144849fc902e20b6aa187] 199.19.213.62 "GET /allocations/20bfd13b-429a-4689-9f3f-caaff4b89d18" status: 200 len: 258 microversion: 1.28 [pid: 7|app: 0|req: 574/1144] 199.19.213.62 () {34 vars in 862 bytes} [Tue Apr 7 01:22:14 2026] GET /allocations/20bfd13b-429a-4689-9f3f-caaff4b89d18 => generated 258 bytes in 14 msecs (HTTP/1.1 200) 8 headers in 296 bytes (1 switches on core 0)
2026-04-07 01:22:22.478 7 INFO placement.requestlog [None req-d52f63ab-1862-4909-b072-025ee5205252 - - - - - -] 10.0.0.236 "GET /" status: 200 len: 136 microversion: 1.0
2026-04-07 01:22:22.478 8 INFO placement.requestlog [None req-0bc8b47a-d3cb-435f-9179-4dab10acacea - - - - - -] 10.0.0.236 "GET /" status: 200 len: 136 microversion: 1.0
2026-04-07 01:22:32.478 8 INFO placement.requestlog [None req-6ba5c78e-f424-412c-8cef-42397d9de01a - - - - - -] 10.0.0.236 "GET /" status: 200 len: 136 microversion: 1.0
2026-04-07 01:22:32.478 7 INFO placement.requestlog [None req-9b28fb57-cfd6-40d3-8d44-2b81c14f3a5a - - - - - -] 10.0.0.236 "GET /" status: 200 len: 136 microversion: 1.0
2026-04-07 01:22:42.478 7 INFO placement.requestlog [None req-48c1798e-f3fd-493c-977f-29c2232e5a82 - - - - - -] 10.0.0.236 "GET /" status: 200 len: 136 microversion: 1.0
2026-04-07 01:22:42.478 8 INFO placement.requestlog [None req-90381d88-b34c-4511-96dd-7d6076334b62 - - - - - -] 10.0.0.236 "GET /" status: 200 len: 136 microversion: 1.0
2026-04-07 01:22:52.478 8 INFO placement.requestlog [None req-e3155cbd-09ba-4f42-9844-ca6865740e67 - - - - - -] 10.0.0.236 "GET /" status: 200 len: 136 microversion: 1.0
2026-04-07 01:22:52.478 7 INFO placement.requestlog [None req-eba7f616-ae5e-454b-92e9-435e5af9e3eb - - - - - -] 10.0.0.236 "GET /" status: 200 len: 136 microversion: 1.0
2026-04-07 01:23:02.479 8 INFO placement.requestlog [None req-c59f2c34-96c7-479b-a4cf-76cd91e47799 - - - - - -] 10.0.0.236 "GET /" status: 200 len: 136 microversion: 1.0
2026-04-07 01:23:02.480 7 INFO placement.requestlog [None req-1efe3690-6ab2-4671-b08c-4b8096831ccb - - - - - -] 10.0.0.236 "GET /" status: 200 len: 136 microversion: 1.0
2026-04-07 01:23:12.478 8 INFO placement.requestlog [None req-5a21e830-3b18-4fc8-a631-afc436bcbbe0 - - - - - -] 10.0.0.236 "GET /" status: 200 len: 136 microversion: 1.0
2026-04-07 01:23:12.479 7 INFO placement.requestlog [None req-182d04aa-dfd5-4e87-84f2-01410387a55d - - - - - -] 10.0.0.236 "GET /" status: 200 len: 136 microversion: 1.0
2026-04-07 01:23:15.868 8 INFO placement.requestlog [req-2f15c10d-fea8-4527-9cff-3e7841fe8a4f req-a2c15300-ec38-4afa-b4ea-ecc0a16a0399 044af36b1bdd4ace98e477aa270afaa1 bf92e9d439864e79a8433bcbb5f006f4 - - 13a0343b69c144849fc902e20b6aa187 13a0343b69c144849fc902e20b6aa187] 199.19.213.62 "GET /resource_providers/08135e73-e6b1-4f82-a750-ec482764477d/allocations" status: 200 len: 340 microversion: 1.0 [pid: 8|app: 0|req: 577/1157] 199.19.213.62 () {32 vars in 856 bytes} [Tue Apr 7 01:23:15 2026] GET /resource_providers/08135e73-e6b1-4f82-a750-ec482764477d/allocations => generated 340 bytes in 21 msecs (HTTP/1.1 200) 6 headers in 224 bytes (1 switches on core 0)
2026-04-07 01:23:15.904 7 INFO placement.requestlog [req-2f15c10d-fea8-4527-9cff-3e7841fe8a4f req-d991d571-ca82-4440-9127-d28ed1fc807a 044af36b1bdd4ace98e477aa270afaa1 bf92e9d439864e79a8433bcbb5f006f4 - - 13a0343b69c144849fc902e20b6aa187 13a0343b69c144849fc902e20b6aa187] 199.19.213.62 "GET /resource_providers/08135e73-e6b1-4f82-a750-ec482764477d/allocations" status: 200 len: 340 microversion: 1.0 [pid: 7|app: 0|req: 581/1158] 199.19.213.62 () {32 vars in 856 bytes} [Tue Apr 7 01:23:15 2026] GET /resource_providers/08135e73-e6b1-4f82-a750-ec482764477d/allocations => generated 340 bytes in 29 msecs (HTTP/1.1 200) 6 headers in 224 bytes (1 switches on core 0)
2026-04-07 01:23:15.930 8 INFO placement.requestlog [req-2f15c10d-fea8-4527-9cff-3e7841fe8a4f req-99bfce33-95cc-4e2f-b95a-ab5f272f043f 044af36b1bdd4ace98e477aa270afaa1 bf92e9d439864e79a8433bcbb5f006f4 - - 13a0343b69c144849fc902e20b6aa187 13a0343b69c144849fc902e20b6aa187] 199.19.213.62 "GET /allocations/bfb21d56-972e-47e8-b844-8bb1b0f94109" status: 200 len: 258 microversion: 1.28 [pid: 8|app: 0|req: 578/1159] 199.19.213.62 () {34 vars in 862 bytes} [Tue Apr 7 01:23:15 2026] GET /allocations/bfb21d56-972e-47e8-b844-8bb1b0f94109 => generated 258 bytes in 15 msecs (HTTP/1.1 200) 8 headers in 296 bytes (1 switches on core 0)
2026-04-07 01:23:15.958 7 INFO placement.requestlog [req-2f15c10d-fea8-4527-9cff-3e7841fe8a4f req-584d1276-15be-4045-b3de-1f15884fceef 044af36b1bdd4ace98e477aa270afaa1 bf92e9d439864e79a8433bcbb5f006f4 - - 13a0343b69c144849fc902e20b6aa187 13a0343b69c144849fc902e20b6aa187] 199.19.213.62 "GET /allocations/c27741be-1b1e-434c-ad90-a439eff2bafc" status: 200 len: 245 microversion: 1.28 [pid: 7|app: 0|req: 582/1160] 199.19.213.62 () {34 vars in 862 bytes} [Tue Apr 7 01:23:15 2026] GET /allocations/c27741be-1b1e-434c-ad90-a439eff2bafc => generated 245 bytes in 20 msecs (HTTP/1.1 200) 8 headers in 296 bytes (1 switches on core 0)
2026-04-07 01:23:15.978 8 INFO placement.requestlog [req-2f15c10d-fea8-4527-9cff-3e7841fe8a4f req-f50a0e4f-e351-43c2-b6bc-00899b468276 044af36b1bdd4ace98e477aa270afaa1 bf92e9d439864e79a8433bcbb5f006f4 - - 13a0343b69c144849fc902e20b6aa187 13a0343b69c144849fc902e20b6aa187] 199.19.213.62 "GET /allocations/20bfd13b-429a-4689-9f3f-caaff4b89d18" status: 200 len: 258 microversion: 1.28 [pid: 8|app: 0|req: 579/1161] 199.19.213.62 () {34 vars in 862 bytes} [Tue Apr 7 01:23:15 2026] GET /allocations/20bfd13b-429a-4689-9f3f-caaff4b89d18 => generated 258 bytes in 16 msecs (HTTP/1.1 200) 8 headers in 296 bytes (1 switches on core 0)
2026-04-07 01:23:22.477 8 INFO placement.requestlog [None req-23f1bf05-02e9-46d1-9f38-0d3492c90e7b - - - - - -] 10.0.0.236 "GET /" status: 200 len: 136 microversion: 1.0
2026-04-07 01:23:22.478 7 INFO placement.requestlog [None req-239dbc6f-1db9-4320-9e9c-686da7ae16b6 - - - - - -] 10.0.0.236 "GET /" status: 200 len: 136 microversion: 1.0
2026-04-07 01:23:32.478 7 INFO placement.requestlog [None req-5b5bd282-348d-492e-8c23-c37fc0d171c8 - - - - - -] 10.0.0.236 "GET /" status: 200 len: 136 microversion: 1.0
2026-04-07 01:23:32.478 8 INFO placement.requestlog [None req-6478ec26-40e5-476e-91e1-b14c18b5748d - - - - - -] 10.0.0.236 "GET /" status: 200 len: 136 microversion: 1.0
2026-04-07 01:23:42.478 7 INFO placement.requestlog [None req-6303e0a6-c76e-40be-b6ab-d7a5c15fc6c8 - - - - - -] 10.0.0.236 "GET /" status: 200 len: 136 microversion: 1.0
2026-04-07 01:23:42.478 8 INFO placement.requestlog [None req-5592f13b-c142-4f4c-8d7c-f8497523cf03 - - - - - -] 10.0.0.236 "GET /" status: 200 len: 136 microversion: 1.0
2026-04-07 01:23:52.479 7 INFO placement.requestlog [None req-f555dfb2-92db-49fc-8a38-84eda25fccdc - - - - - -] 10.0.0.236 "GET /" status: 200 len: 136 microversion: 1.0
2026-04-07 01:23:52.479 8 INFO placement.requestlog [None req-87dcbde4-c4e1-45d9-b52c-c5d28e0467c2 - - - - - -] 10.0.0.236 "GET /" status: 200 len: 136 microversion: 1.0
2026-04-07 01:24:02.478 7 INFO placement.requestlog [None req-938ad088-c5ba-41f5-b1da-7c1392a4a68f - - - - - -] 10.0.0.236 "GET /" status: 200 len: 136 microversion: 1.0
2026-04-07 01:24:02.478 8 INFO placement.requestlog [None req-30ddf2ad-ec22-4a7d-bc19-537fb18a2c9b - - - - - -] 10.0.0.236 "GET /" status: 200 len: 136 microversion: 1.0
2026-04-07 01:24:12.478 7 INFO placement.requestlog [None req-59f2ccb6-d41e-4619-b1e3-34af8c719d18 - - - - - -] 10.0.0.236 "GET /" status: 200 len: 136 microversion: 1.0
2026-04-07 01:24:12.478 8 INFO placement.requestlog [None req-d6feafd3-8512-4680-a6b0-bbd53cd5e5c0 - - - - - -] 10.0.0.236 "GET /" status: 200 len: 136 microversion: 1.0
2026-04-07 01:24:15.810 7 INFO placement.requestlog [req-80d53730-2fb4-4abe-89a5-4031c278e4bd req-0c980dd5-1721-48ba-8583-6bb91c5286a4 044af36b1bdd4ace98e477aa270afaa1 bf92e9d439864e79a8433bcbb5f006f4 - - 13a0343b69c144849fc902e20b6aa187 13a0343b69c144849fc902e20b6aa187] 199.19.213.62 "GET /resource_providers/08135e73-e6b1-4f82-a750-ec482764477d/allocations" status: 200 len: 340 microversion: 1.0 [pid: 7|app: 0|req: 589/1174] 199.19.213.62 () {32 vars in 856 bytes} [Tue Apr 7 01:24:15 2026] GET /resource_providers/08135e73-e6b1-4f82-a750-ec482764477d/allocations => generated 340 bytes in 18 msecs (HTTP/1.1 200) 6 headers in 224 bytes (1 switches on core 0)
2026-04-07 01:24:15.842 8 INFO placement.requestlog [req-80d53730-2fb4-4abe-89a5-4031c278e4bd req-cd40a648-67e9-42b8-91a5-3af547f7ef35 044af36b1bdd4ace98e477aa270afaa1 bf92e9d439864e79a8433bcbb5f006f4 - - 13a0343b69c144849fc902e20b6aa187 13a0343b69c144849fc902e20b6aa187] 199.19.213.62 "GET /resource_providers/08135e73-e6b1-4f82-a750-ec482764477d/allocations" status: 200 len: 340 microversion: 1.0 [pid: 8|app: 0|req: 586/1175] 199.19.213.62 () {32 vars in 856 bytes} [Tue Apr 7 01:24:15 2026] GET /resource_providers/08135e73-e6b1-4f82-a750-ec482764477d/allocations => generated 340 bytes in 20 msecs (HTTP/1.1 200) 6 headers in 224 bytes (1 switches on core 0)
2026-04-07 01:24:15.866 7 INFO placement.requestlog [req-80d53730-2fb4-4abe-89a5-4031c278e4bd req-c2fa242c-a6ab-43cf-a7c0-2232b963a8bf 044af36b1bdd4ace98e477aa270afaa1 bf92e9d439864e79a8433bcbb5f006f4 - - 13a0343b69c144849fc902e20b6aa187 13a0343b69c144849fc902e20b6aa187] 199.19.213.62 "GET /allocations/bfb21d56-972e-47e8-b844-8bb1b0f94109" status: 200 len: 258 microversion: 1.28 [pid: 7|app: 0|req: 590/1176] 199.19.213.62 () {34 vars in 862 bytes} [Tue Apr 7 01:24:15 2026] GET /allocations/bfb21d56-972e-47e8-b844-8bb1b0f94109 => generated 258 bytes in 16 msecs (HTTP/1.1 200) 8 headers in 296 bytes (1 switches on core 0)
2026-04-07 01:24:15.896 8 INFO placement.requestlog [req-80d53730-2fb4-4abe-89a5-4031c278e4bd req-ce126557-703a-4341-be5f-53b181c2ebad 044af36b1bdd4ace98e477aa270afaa1 bf92e9d439864e79a8433bcbb5f006f4 - - 13a0343b69c144849fc902e20b6aa187 13a0343b69c144849fc902e20b6aa187] 199.19.213.62 "GET /allocations/c27741be-1b1e-434c-ad90-a439eff2bafc" status: 200 len: 245 microversion: 1.28 [pid: 8|app: 0|req: 587/1177] 199.19.213.62 () {34 vars in 862 bytes} [Tue Apr 7 01:24:15 2026] GET /allocations/c27741be-1b1e-434c-ad90-a439eff2bafc => generated 245 bytes in 19 msecs (HTTP/1.1 200) 8 headers in 296 bytes (1 switches on core 0)
2026-04-07 01:24:15.921 7 INFO placement.requestlog [req-80d53730-2fb4-4abe-89a5-4031c278e4bd req-63a24dd2-c6f1-4ec1-b5ad-725b72e8f38c 044af36b1bdd4ace98e477aa270afaa1 bf92e9d439864e79a8433bcbb5f006f4 - - 13a0343b69c144849fc902e20b6aa187 13a0343b69c144849fc902e20b6aa187] 199.19.213.62 "GET /allocations/20bfd13b-429a-4689-9f3f-caaff4b89d18" status: 200 len: 258 microversion: 1.28 [pid: 7|app: 0|req: 591/1178] 199.19.213.62 () {34 vars in 862 bytes} [Tue Apr 7 01:24:15 2026] GET /allocations/20bfd13b-429a-4689-9f3f-caaff4b89d18 => generated 258 bytes in 16 msecs (HTTP/1.1 200) 8 headers in 296 bytes (1 switches on core 0)
2026-04-07 01:24:22.478 7 INFO placement.requestlog [None req-d3257454-5f09-4dc3-bafa-6fa90822a24e - - - - - -] 10.0.0.236 "GET /" status: 200 len: 136 microversion: 1.0
2026-04-07 01:24:22.478 8 INFO placement.requestlog [None req-5e04d471-5011-44e0-a384-8f929056d44d - - - - - -] 10.0.0.236 "GET /" status: 200 len: 136 microversion: 1.0
2026-04-07 01:24:32.479 8 INFO placement.requestlog [None req-5c05514a-8c38-425c-9a74-a8784d936cac - - - - - -] 10.0.0.236 "GET /" status: 200 len: 136 microversion: 1.0
2026-04-07 01:24:32.479 7 INFO placement.requestlog [None req-fe39ddf9-6b6b-46a3-a751-de819585d99e - - - - - -] 10.0.0.236 "GET /" status: 200 len: 136 microversion: 1.0
2026-04-07 01:24:42.478 7 INFO placement.requestlog [None req-7a1d3416-da6a-40f8-bc64-fc006b516801 - - - - - -] 10.0.0.236 "GET /" status: 200 len: 136 microversion: 1.0
2026-04-07 01:24:42.478 8 INFO placement.requestlog [None req-b5b95924-acef-49ee-9625-bb8a49b2c976 - - - - - -] 10.0.0.236 "GET /" status: 200 len: 136 microversion: 1.0
2026-04-07 01:24:52.478 7 INFO placement.requestlog [None req-50db4b0e-43a9-412d-b1ca-f0957be8471d - - - - - -] 10.0.0.236 "GET /" status: 200 len: 136 microversion: 1.0
2026-04-07 01:24:52.478 8 INFO placement.requestlog [None req-733516cf-b010-454a-822f-5d3a555b47db - - - - - -] 10.0.0.236 "GET /" status: 200 len: 136 microversion: 1.0
2026-04-07 01:24:55.492 7 INFO placement.requestlog [req-5970861a-946a-4842-b08e-f621b6309b49 req-0fcf42dd-f931-461a-a80c-04233fdb5dd8 044af36b1bdd4ace98e477aa270afaa1 bf92e9d439864e79a8433bcbb5f006f4 - - 13a0343b69c144849fc902e20b6aa187 13a0343b69c144849fc902e20b6aa187] 199.19.213.62 "GET /resource_providers/08135e73-e6b1-4f82-a750-ec482764477d/allocations" status: 200 len: 340 microversion: 1.0 [pid: 7|app: 0|req: 596/1187] 199.19.213.62 () {32 vars in 856 bytes} [Tue Apr 7 01:24:55 2026] GET /resource_providers/08135e73-e6b1-4f82-a750-ec482764477d/allocations => generated 340 bytes in 19 msecs (HTTP/1.1 200) 6 headers in 224 bytes (1 switches on core 0)
2026-04-07 01:24:55.523 8 INFO placement.requestlog [req-5970861a-946a-4842-b08e-f621b6309b49 req-f9606d29-0bfa-4d2c-b449-be54c8b2ad98 044af36b1bdd4ace98e477aa270afaa1 bf92e9d439864e79a8433bcbb5f006f4 - - 13a0343b69c144849fc902e20b6aa187 13a0343b69c144849fc902e20b6aa187] 199.19.213.62 "GET /allocations/bfb21d56-972e-47e8-b844-8bb1b0f94109" status: 200 len: 258 microversion: 1.28 [pid: 8|app: 0|req: 592/1188] 199.19.213.62 () {34 vars in 862 bytes} [Tue Apr 7 01:24:55 2026] GET /allocations/bfb21d56-972e-47e8-b844-8bb1b0f94109 => generated 258 bytes in 25 msecs (HTTP/1.1 200) 8 headers in 296 bytes (1 switches on core 0)
2026-04-07 01:24:55.545 7 INFO placement.requestlog [req-5970861a-946a-4842-b08e-f621b6309b49 req-8dd60f2b-2263-4e32-9bb0-7fd7f4efef7f 044af36b1bdd4ace98e477aa270afaa1 bf92e9d439864e79a8433bcbb5f006f4 - - 13a0343b69c144849fc902e20b6aa187 13a0343b69c144849fc902e20b6aa187] 199.19.213.62 "GET /allocations/c27741be-1b1e-434c-ad90-a439eff2bafc" status: 200 len: 245 microversion: 1.28 [pid: 7|app: 0|req: 597/1189] 199.19.213.62 () {34 vars in 862 bytes} [Tue Apr 7 01:24:55 2026] GET /allocations/c27741be-1b1e-434c-ad90-a439eff2bafc => generated 245 bytes in 15 msecs (HTTP/1.1 200) 8 headers in 296 bytes (1 switches on core 0)
2026-04-07 01:24:55.570 8 INFO placement.requestlog [req-5970861a-946a-4842-b08e-f621b6309b49 req-64c38d46-b7ad-426f-b465-d024246bbb9f 044af36b1bdd4ace98e477aa270afaa1 bf92e9d439864e79a8433bcbb5f006f4 - - 13a0343b69c144849fc902e20b6aa187 13a0343b69c144849fc902e20b6aa187] 199.19.213.62 "GET /allocations/20bfd13b-429a-4689-9f3f-caaff4b89d18" status: 200 len: 258 microversion: 1.28 [pid: 8|app: 0|req: 593/1190] 199.19.213.62 () {34 vars in 862 bytes} [Tue Apr 7 01:24:55 2026] GET /allocations/20bfd13b-429a-4689-9f3f-caaff4b89d18 => generated 258 bytes in 19 msecs (HTTP/1.1 200) 8 headers in 296 bytes (1 switches on core 0)
2026-04-07 01:24:55.649 7 INFO placement.requestlog [req-5970861a-946a-4842-b08e-f621b6309b49 req-9e0a5872-058c-45e5-a30f-a9a267031268 044af36b1bdd4ace98e477aa270afaa1 bf92e9d439864e79a8433bcbb5f006f4 - - 13a0343b69c144849fc902e20b6aa187 13a0343b69c144849fc902e20b6aa187] 199.19.213.62 "DELETE /allocations/c27741be-1b1e-434c-ad90-a439eff2bafc" status: 204 len: 0 microversion: 1.0 [pid: 7|app: 0|req: 598/1191] 199.19.213.62 () {34 vars in 840 bytes} [Tue Apr 7 01:24:55 2026] DELETE /allocations/c27741be-1b1e-434c-ad90-a439eff2bafc => generated 0 bytes in 26 msecs (HTTP/1.1 204) 5 headers in 198 bytes (1 switches on core 0)
2026-04-07 01:25:01.911 8 INFO placement.requestlog [req-4d010d1e-08e7-47bf-9abc-94170f99be23 req-8b19524f-890f-468b-8d1b-9e7e60cd4a14 044af36b1bdd4ace98e477aa270afaa1 bf92e9d439864e79a8433bcbb5f006f4 - - 13a0343b69c144849fc902e20b6aa187 13a0343b69c144849fc902e20b6aa187] 199.19.213.62 "GET /resource_providers/08135e73-e6b1-4f82-a750-ec482764477d/allocations" status: 200 len: 253 microversion: 1.0 [pid: 8|app: 0|req: 594/1192] 199.19.213.62 () {32 vars in 856 bytes} [Tue Apr 7 01:25:01 2026] GET /resource_providers/08135e73-e6b1-4f82-a750-ec482764477d/allocations => generated 253 bytes in 19 msecs (HTTP/1.1 200) 6 headers in 224 bytes (1 switches on core 0)
2026-04-07 01:25:01.934 7 INFO placement.requestlog [req-4d010d1e-08e7-47bf-9abc-94170f99be23 req-39ffcec2-9d39-4b5d-b5d5-6ebfd533bb31 044af36b1bdd4ace98e477aa270afaa1 bf92e9d439864e79a8433bcbb5f006f4 - - 13a0343b69c144849fc902e20b6aa187 13a0343b69c144849fc902e20b6aa187] 199.19.213.62 "GET /allocations/bfb21d56-972e-47e8-b844-8bb1b0f94109" status: 200 len: 258 microversion: 1.28 [pid: 7|app: 0|req: 599/1193] 199.19.213.62 () {34 vars in 862 bytes} [Tue Apr 7 01:25:01 2026] GET /allocations/bfb21d56-972e-47e8-b844-8bb1b0f94109 => generated 258 bytes in 13 msecs (HTTP/1.1 200) 8 headers in 296 bytes (1 switches on core 0)
2026-04-07 01:25:01.969 8 INFO placement.requestlog [req-4d010d1e-08e7-47bf-9abc-94170f99be23 req-7c4ca769-d799-408d-a59d-7a2b70ff08f7 044af36b1bdd4ace98e477aa270afaa1 bf92e9d439864e79a8433bcbb5f006f4 - - 13a0343b69c144849fc902e20b6aa187 13a0343b69c144849fc902e20b6aa187] 199.19.213.62 "GET /allocations/20bfd13b-429a-4689-9f3f-caaff4b89d18" status: 200 len: 258 microversion: 1.28 [pid: 8|app: 0|req: 595/1194] 199.19.213.62 () {34 vars in 862 bytes} [Tue Apr 7 01:25:01 2026] GET /allocations/20bfd13b-429a-4689-9f3f-caaff4b89d18 => generated 258 bytes in 27 msecs (HTTP/1.1 200) 8 headers in 296 bytes (1 switches on core 0)
2026-04-07 01:25:02.066 7 INFO placement.requestlog [req-4d010d1e-08e7-47bf-9abc-94170f99be23 req-f3f06316-d243-4756-a9d8-b63dc6d637dc 044af36b1bdd4ace98e477aa270afaa1 bf92e9d439864e79a8433bcbb5f006f4 - - 13a0343b69c144849fc902e20b6aa187 13a0343b69c144849fc902e20b6aa187] 199.19.213.62 "DELETE /allocations/bfb21d56-972e-47e8-b844-8bb1b0f94109" status: 204 len: 0 microversion: 1.0 [pid: 7|app: 0|req: 600/1195] 199.19.213.62 () {34 vars in 840 bytes} [Tue Apr 7 01:25:02 2026] DELETE /allocations/bfb21d56-972e-47e8-b844-8bb1b0f94109 => generated 0 bytes in 47 msecs (HTTP/1.1 204) 5 headers in 198 bytes (1 switches on core 0)
2026-04-07 01:25:02.478 8 INFO placement.requestlog [None req-b0e088ac-b824-4070-8b84-a92c7db3a1d5 - - - - - -] 10.0.0.236 "GET /" status: 200 len: 136 microversion: 1.0
2026-04-07 01:25:02.479 7 INFO placement.requestlog [None req-51634ee0-d44e-49db-b81f-9800ca9e1720 - - - - - -] 10.0.0.236 "GET /" status: 200 len: 136 microversion: 1.0
2026-04-07 01:25:08.345 8 INFO placement.requestlog [req-9d9025a6-be72-4c25-b679-97dcf7f85445 req-2e3b5e11-d730-4fc1-8e59-2ef175760bad 044af36b1bdd4ace98e477aa270afaa1 bf92e9d439864e79a8433bcbb5f006f4 - - 13a0343b69c144849fc902e20b6aa187 13a0343b69c144849fc902e20b6aa187] 199.19.213.62 "GET /resource_providers/08135e73-e6b1-4f82-a750-ec482764477d/allocations" status: 200 len: 153 microversion: 1.0 [pid: 8|app: 0|req: 597/1198] 199.19.213.62 () {32 vars in 856 bytes} [Tue Apr 7 01:25:08 2026] GET /resource_providers/08135e73-e6b1-4f82-a750-ec482764477d/allocations => generated 153 bytes in 30 msecs (HTTP/1.1 200) 6 headers in 224 bytes (1 switches on core 0)
2026-04-07 01:25:08.372 7 INFO placement.requestlog [req-9d9025a6-be72-4c25-b679-97dcf7f85445 req-08d9037c-0065-4cfc-b7c4-4bf4af17a59c 044af36b1bdd4ace98e477aa270afaa1 bf92e9d439864e79a8433bcbb5f006f4 - - 13a0343b69c144849fc902e20b6aa187 13a0343b69c144849fc902e20b6aa187] 199.19.213.62 "GET /allocations/20bfd13b-429a-4689-9f3f-caaff4b89d18" status: 200 len: 258 microversion: 1.28 [pid: 7|app: 0|req: 602/1199] 199.19.213.62 () {34 vars in 862 bytes} [Tue Apr 7 01:25:08 2026] GET /allocations/20bfd13b-429a-4689-9f3f-caaff4b89d18 => generated 258 bytes in 21 msecs (HTTP/1.1 200) 8 headers in 296 bytes (1 switches on core 0)
2026-04-07 01:25:08.504 8 INFO placement.requestlog [req-9d9025a6-be72-4c25-b679-97dcf7f85445 req-908bb7f8-2d8c-4a76-ab13-7fd654827b49 044af36b1bdd4ace98e477aa270afaa1 bf92e9d439864e79a8433bcbb5f006f4 - - 13a0343b69c144849fc902e20b6aa187 13a0343b69c144849fc902e20b6aa187] 199.19.213.62 "DELETE /allocations/20bfd13b-429a-4689-9f3f-caaff4b89d18" status: 204 len: 0 microversion: 1.0 [pid: 8|app: 0|req: 598/1200] 199.19.213.62 () {34 vars in 840 bytes} [Tue Apr 7 01:25:08 2026] DELETE /allocations/20bfd13b-429a-4689-9f3f-caaff4b89d18 => generated 0 bytes in 31 msecs (HTTP/1.1 204) 5 headers in 198 bytes (1 switches on core 0)
2026-04-07 01:25:12.478 7 INFO placement.requestlog [None req-32f2f57b-7e85-431e-822c-f678f0256e4a - - - - - -] 10.0.0.236 "GET /" status: 200 len: 136 microversion: 1.0
2026-04-07 01:25:12.479 8 INFO placement.requestlog [None req-e55a064a-bac2-44c6-916c-d5039d5727ac - - - - - -] 10.0.0.236 "GET /" status: 200 len: 136 microversion: 1.0
2026-04-07 01:25:17.511 7 INFO placement.requestlog [req-c4d6fb1e-b71a-4887-95fc-bf831febd325 req-7bb86f85-babc-4d70-a0de-16012ffa5b6c 044af36b1bdd4ace98e477aa270afaa1 bf92e9d439864e79a8433bcbb5f006f4 - - 13a0343b69c144849fc902e20b6aa187 13a0343b69c144849fc902e20b6aa187] 199.19.213.62 "GET /resource_providers/08135e73-e6b1-4f82-a750-ec482764477d/allocations" status: 200 len: 55 microversion: 1.0 [pid: 7|app: 0|req: 604/1203] 199.19.213.62 () {32 vars in 856 bytes} [Tue Apr 7 01:25:17 2026] GET /resource_providers/08135e73-e6b1-4f82-a750-ec482764477d/allocations => generated 55 bytes in 16 msecs (HTTP/1.1 200) 6 headers in 223 bytes (1 switches on core 0)
2026-04-07 01:25:17.536 8 INFO placement.requestlog [req-c4d6fb1e-b71a-4887-95fc-bf831febd325 req-8b7b81dd-e997-4e58-85a2-5425a7e761a8 044af36b1bdd4ace98e477aa270afaa1 bf92e9d439864e79a8433bcbb5f006f4 - - 13a0343b69c144849fc902e20b6aa187 13a0343b69c144849fc902e20b6aa187] 199.19.213.62 "GET /resource_providers/08135e73-e6b1-4f82-a750-ec482764477d/allocations" status: 200 len: 55 microversion: 1.0 [pid: 8|app: 0|req: 600/1204] 199.19.213.62 () {32 vars in 856 bytes} [Tue Apr 7 01:25:17 2026] GET /resource_providers/08135e73-e6b1-4f82-a750-ec482764477d/allocations => generated 55 bytes in 17 msecs (HTTP/1.1 200) 6 headers in 223 bytes (1 switches on core 0)
2026-04-07 01:25:21.627 7 INFO placement.requestlog [None req-d565cee2-e3e9-4af9-b857-c78f0df67bae 4b4db636aa30406490f0b1755d9736d0 bf92e9d439864e79a8433bcbb5f006f4 - - 13a0343b69c144849fc902e20b6aa187 13a0343b69c144849fc902e20b6aa187] 10.0.0.252 "GET /resource_providers/1476f5ce-5b75-4cf8-9dd8-bd5bf2bf18b1/aggregates" status: 404 len: 235 microversion: 1.1 [pid: 7|app: 0|req: 605/1205] 10.0.0.252 () {32 vars in 816 bytes} [Tue Apr 7 01:25:21 2026] GET /resource_providers/1476f5ce-5b75-4cf8-9dd8-bd5bf2bf18b1/aggregates => generated 235 bytes in 57 msecs (HTTP/1.1 404) 5 headers in 202 bytes (1 switches on core 0)
2026-04-07 01:25:21.632 8 INFO placement.requestlog [None req-3cd3e992-058f-4ecb-abef-9905f77263d0 4b4db636aa30406490f0b1755d9736d0 bf92e9d439864e79a8433bcbb5f006f4 - - 13a0343b69c144849fc902e20b6aa187 13a0343b69c144849fc902e20b6aa187] 10.0.0.252 "GET /resource_providers/1476f5ce-5b75-4cf8-9dd8-bd5bf2bf18b1/aggregates" status: 404 len: 235 microversion: 1.1 [pid: 8|app: 0|req: 601/1206] 10.0.0.252 () {32 vars in 816 bytes} [Tue Apr 7 01:25:21 2026] GET /resource_providers/1476f5ce-5b75-4cf8-9dd8-bd5bf2bf18b1/aggregates => generated 235 bytes in 62 msecs (HTTP/1.1 404) 5 headers in 202 bytes (1 switches on core 0)
2026-04-07 01:25:21.676 7 INFO placement.requestlog [None req-42afa68e-b1fd-4667-81f4-8e7db930dec8 4b4db636aa30406490f0b1755d9736d0 bf92e9d439864e79a8433bcbb5f006f4 - - 13a0343b69c144849fc902e20b6aa187 13a0343b69c144849fc902e20b6aa187] 10.0.0.252 "DELETE /resource_providers/1476f5ce-5b75-4cf8-9dd8-bd5bf2bf18b1" status: 404 len: 246 microversion: 1.1 [pid: 7|app: 0|req: 606/1207] 10.0.0.252 () {34 vars in 816 bytes} [Tue Apr 7 01:25:21 2026] DELETE /resource_providers/1476f5ce-5b75-4cf8-9dd8-bd5bf2bf18b1 => generated 246 bytes in 13 msecs (HTTP/1.1 404) 6 headers in 231 bytes (1 switches on core 0)
2026-04-07 01:25:21.681 8 INFO placement.requestlog [None req-157d00c3-1072-4a24-9af6-a1dd518a8f6d 4b4db636aa30406490f0b1755d9736d0 bf92e9d439864e79a8433bcbb5f006f4 - - 13a0343b69c144849fc902e20b6aa187 13a0343b69c144849fc902e20b6aa187] 10.0.0.252 "DELETE /resource_providers/1476f5ce-5b75-4cf8-9dd8-bd5bf2bf18b1" status: 404 len: 246 microversion: 1.1 [pid: 8|app: 0|req: 602/1208] 10.0.0.252 () {34 vars in 816 bytes} [Tue Apr 7 01:25:21 2026] DELETE /resource_providers/1476f5ce-5b75-4cf8-9dd8-bd5bf2bf18b1 => generated 246 bytes in 18 msecs (HTTP/1.1 404) 6 headers in 231 bytes (1 switches on core 0)
2026-04-07 01:25:22.477 7 INFO placement.requestlog [None req-dcc6f7b6-b625-4e42-88b8-8b5619de23f3 - - - - - -] 10.0.0.236 "GET /" status: 200 len: 136 microversion: 1.0
2026-04-07 01:25:22.478 8 INFO placement.requestlog [None req-a1528d46-d204-4dea-a516-53edf40866ba - - - - - -] 10.0.0.236 "GET /" status: 200 len: 136 microversion: 1.0
2026-04-07 01:25:23.741 7 INFO placement.requestlog [None req-638618f4-cfe3-4d6c-a303-5270996437db 4b4db636aa30406490f0b1755d9736d0 bf92e9d439864e79a8433bcbb5f006f4 - - 13a0343b69c144849fc902e20b6aa187 13a0343b69c144849fc902e20b6aa187] 10.0.0.252 "GET /resource_providers/c6f6415d-f566-4a47-9364-af2103320525/aggregates" status: 404 len: 235 microversion: 1.1 [pid: 7|app: 0|req: 608/1211] 10.0.0.252 () {32 vars in 816 bytes} [Tue Apr 7 01:25:23 2026] GET /resource_providers/c6f6415d-f566-4a47-9364-af2103320525/aggregates => generated 235 bytes in 14 msecs (HTTP/1.1 404) 5 headers in 202 bytes (1 switches on core 0)
2026-04-07 01:25:23.743 8 INFO placement.requestlog [None req-2c72fe76-8864-4983-b408-109e087b1f39 4b4db636aa30406490f0b1755d9736d0 bf92e9d439864e79a8433bcbb5f006f4 - - 13a0343b69c144849fc902e20b6aa187 13a0343b69c144849fc902e20b6aa187] 10.0.0.252 "GET /resource_providers/c6f6415d-f566-4a47-9364-af2103320525/aggregates" status: 404 len: 235 microversion: 1.1 [pid: 8|app: 0|req: 604/1212] 10.0.0.252 () {32 vars in 816 bytes} [Tue Apr 7 01:25:23 2026] GET /resource_providers/c6f6415d-f566-4a47-9364-af2103320525/aggregates => generated 235 bytes in 16 msecs (HTTP/1.1 404) 5 headers in 202 bytes (1 switches on core 0)
2026-04-07 01:25:23.770 8 INFO placement.requestlog [None req-483bb622-17e7-4b0a-a9b3-649c9fed045c 4b4db636aa30406490f0b1755d9736d0 bf92e9d439864e79a8433bcbb5f006f4 - - 13a0343b69c144849fc902e20b6aa187 13a0343b69c144849fc902e20b6aa187] 10.0.0.252 "DELETE /resource_providers/c6f6415d-f566-4a47-9364-af2103320525" status: 404 len: 246 microversion: 1.1 [pid: 8|app: 0|req: 605/1213] 10.0.0.252 () {34 vars in 816 bytes} [Tue Apr 7 01:25:23 2026] DELETE /resource_providers/c6f6415d-f566-4a47-9364-af2103320525 => generated 246 bytes in 11 msecs (HTTP/1.1 404) 6 headers in 231 bytes (1 switches on core 0)
2026-04-07 01:25:23.770 7 INFO placement.requestlog [None req-586bc1b6-73be-4c61-9717-ca6e71cd66ef 4b4db636aa30406490f0b1755d9736d0 bf92e9d439864e79a8433bcbb5f006f4 - - 13a0343b69c144849fc902e20b6aa187 13a0343b69c144849fc902e20b6aa187] 10.0.0.252 "DELETE /resource_providers/c6f6415d-f566-4a47-9364-af2103320525" status: 404 len: 246 microversion: 1.1 [pid: 7|app: 0|req: 609/1214] 10.0.0.252 () {34 vars in 816 bytes} [Tue Apr 7 01:25:23 2026] DELETE /resource_providers/c6f6415d-f566-4a47-9364-af2103320525 => generated 246 bytes in 12 msecs (HTTP/1.1 404) 6 headers in 231 bytes (1 switches on core 0)
2026-04-07 01:25:23.789 8 INFO placement.requestlog [None req-3bab25b8-156d-4667-a785-507137a5c270 4b4db636aa30406490f0b1755d9736d0 bf92e9d439864e79a8433bcbb5f006f4 - - 13a0343b69c144849fc902e20b6aa187 13a0343b69c144849fc902e20b6aa187] 10.0.0.252 "GET /resource_providers/5c5e27dc-fa6e-4c92-98f2-8948b30e4364/aggregates" status: 404 len: 235 microversion: 1.1 [pid: 8|app: 0|req: 606/1215] 10.0.0.252 () {32 vars in 816 bytes} [Tue Apr 7 01:25:23 2026] GET /resource_providers/5c5e27dc-fa6e-4c92-98f2-8948b30e4364/aggregates => generated 235 bytes in 10 msecs (HTTP/1.1 404) 5 headers in 202 bytes (1 switches on core 0)
2026-04-07 01:25:23.792 7 INFO placement.requestlog [None req-47727c3c-c683-47c5-adab-33ac9288ae26 4b4db636aa30406490f0b1755d9736d0 bf92e9d439864e79a8433bcbb5f006f4 - - 13a0343b69c144849fc902e20b6aa187 13a0343b69c144849fc902e20b6aa187] 10.0.0.252 "GET /resource_providers/5c5e27dc-fa6e-4c92-98f2-8948b30e4364/aggregates" status: 404 len: 235 microversion: 1.1 [pid: 7|app: 0|req: 610/1216] 10.0.0.252 () {32 vars in 816 bytes} [Tue Apr 7 01:25:23 2026] GET /resource_providers/5c5e27dc-fa6e-4c92-98f2-8948b30e4364/aggregates => generated 235 bytes in 12 msecs (HTTP/1.1 404) 5 headers in 202 bytes (1 switches on core 0)
2026-04-07 01:25:23.812 8 INFO placement.requestlog [None req-2f81f2ad-e10f-4aae-9ea4-876d5edcdd0c 4b4db636aa30406490f0b1755d9736d0 bf92e9d439864e79a8433bcbb5f006f4 - - 13a0343b69c144849fc902e20b6aa187 13a0343b69c144849fc902e20b6aa187] 10.0.0.252 "DELETE /resource_providers/5c5e27dc-fa6e-4c92-98f2-8948b30e4364" status: 404 len: 246 microversion: 1.1 [pid: 8|app: 0|req: 607/1217] 10.0.0.252 () {34 vars in 816 bytes} [Tue Apr 7 01:25:23 2026] DELETE /resource_providers/5c5e27dc-fa6e-4c92-98f2-8948b30e4364 => generated 246 bytes in 11 msecs (HTTP/1.1 404) 6 headers in 231 bytes (1 switches on core 0)
2026-04-07 01:25:23.815 7 INFO placement.requestlog [None req-45d12116-44e5-4f5d-8d38-b9a0a1835b17 4b4db636aa30406490f0b1755d9736d0 bf92e9d439864e79a8433bcbb5f006f4 - - 13a0343b69c144849fc902e20b6aa187 13a0343b69c144849fc902e20b6aa187] 10.0.0.252 "DELETE /resource_providers/5c5e27dc-fa6e-4c92-98f2-8948b30e4364" status: 404 len: 246 microversion: 1.1 [pid: 7|app: 0|req: 611/1218] 10.0.0.252 () {34 vars in 816 bytes} [Tue Apr 7 01:25:23 2026] DELETE /resource_providers/5c5e27dc-fa6e-4c92-98f2-8948b30e4364 => generated 246 bytes in 12 msecs (HTTP/1.1 404) 6 headers in 231 bytes (1 switches on core 0)
2026-04-07 01:25:27.146 8 INFO placement.requestlog [None req-6e0618c7-a032-4355-ba2d-cdd13ff2bcba 4b4db636aa30406490f0b1755d9736d0 bf92e9d439864e79a8433bcbb5f006f4 - - 13a0343b69c144849fc902e20b6aa187 13a0343b69c144849fc902e20b6aa187] 10.0.0.252 "GET /resource_providers/fbcd3892-cf46-476c-b568-6edc4f7a2d21/aggregates" status: 404 len: 235 microversion: 1.1 [pid: 8|app: 0|req: 608/1219] 10.0.0.252 () {32 vars in 816 bytes} [Tue Apr 7 01:25:27 2026] GET /resource_providers/fbcd3892-cf46-476c-b568-6edc4f7a2d21/aggregates => generated 235 bytes in 13 msecs (HTTP/1.1 404) 5 headers in 202 bytes (1 switches on core 0)
2026-04-07 01:25:27.153 7 INFO placement.requestlog [None req-b7eb3cb4-b797-4bed-9c1e-171e83bc364e 4b4db636aa30406490f0b1755d9736d0 bf92e9d439864e79a8433bcbb5f006f4 - - 13a0343b69c144849fc902e20b6aa187 13a0343b69c144849fc902e20b6aa187] 10.0.0.252 "GET /resource_providers/fbcd3892-cf46-476c-b568-6edc4f7a2d21/aggregates" status: 404 len: 235 microversion: 1.1 [pid: 7|app: 0|req: 612/1220] 10.0.0.252 () {32 vars in 816 bytes} [Tue Apr 7 01:25:27 2026] GET /resource_providers/fbcd3892-cf46-476c-b568-6edc4f7a2d21/aggregates => generated 235 bytes in 15 msecs (HTTP/1.1 404) 5 headers in 202 bytes (1 switches on core 0)
