2026-04-07 01:17:06.575 10 INFO neutron.notifiers.nova [-] Nova event matching ['req-e6ce0ff0-5b8e-4e3d-aa83-9a816dc75858'] response: {'server_uuid': 'bb46f1a1-25a7-499f-b6e0-f6973783cb7b', 'name': 'network-vif-unplugged', 'status': 'completed', 'tag': '90020dd8-fa0b-48f6-b8f2-5ee3b749bd75', 'code': 200} /var/lib/openstack/lib/python3.10/site-packages/oslo_db/sqlalchemy/enginefacade.py:664: SAWarning: DELETE statement on table 'portsecuritybindings' expected to delete 1 row(s); 0 were matched. Please set confirm_deleted_rows=False within the mapper configuration to prevent this warning. self.session.flush() /var/lib/openstack/lib/python3.10/site-packages/oslo_db/sqlalchemy/enginefacade.py:664: SAWarning: DELETE statement on table 'ml2_port_bindings' expected to delete 1 row(s); 0 were matched. Please set confirm_deleted_rows=False within the mapper configuration to prevent this warning. self.session.flush() /var/lib/openstack/lib/python3.10/site-packages/oslo_db/sqlalchemy/enginefacade.py:664: SAWarning: DELETE statement on table 'ml2_port_binding_levels' expected to delete 1 row(s); 0 were matched. Please set confirm_deleted_rows=False within the mapper configuration to prevent this warning. self.session.flush() /var/lib/openstack/lib/python3.10/site-packages/oslo_db/sqlalchemy/enginefacade.py:664: SAWarning: DELETE statement on table 'ports' expected to delete 1 row(s); 0 were matched. Please set confirm_deleted_rows=False within the mapper configuration to prevent this warning. self.session.flush()
2026-04-07 01:17:13.859 10 INFO neutron.plugins.ml2.plugin [None req-5af6a69e-09c6-4411-bf48-84c0aa2c7f25 - - - - - -] Attempt 1 to provision port d69ed241-8ff7-47cd-a17e-e17a25734baf
2026-04-07 01:17:14.168 9 INFO neutron.plugins.ml2.plugin [None req-de41bb5e-08f5-408d-9472-24d26aa56c37 - - - - - -] Attempt 1 to provision port d69ed241-8ff7-47cd-a17e-e17a25734baf
2026-04-07 01:17:14.256 10 INFO neutron.plugins.ml2.plugin [None req-389d8b58-9b29-46fe-9e5d-f597f68aaa3f - - - - - -] Attempt 1 to provision port 4aa98b28-fa9e-4ebc-bbe1-b3169250a1fe
2026-04-07 01:17:14.510 9 INFO neutron.plugins.ml2.plugin [None req-de41bb5e-08f5-408d-9472-24d26aa56c37 - - - - - -] Attempt 1 to provision port 31dd494f-c287-4868-8fa4-98d3b115f9b1
2026-04-07 01:17:15.432 9 INFO neutron.plugins.ml2.plugin [None req-e33c190b-5793-49fe-b8a5-8720e2637925 - - - - - -] Attempt 1 to provision port 31dd494f-c287-4868-8fa4-98d3b115f9b1
2026-04-07 01:17:16.235 9 INFO neutron.plugins.ml2.plugin [None req-de41bb5e-08f5-408d-9472-24d26aa56c37 - - - - - -] Attempt 1 to provision port d69ed241-8ff7-47cd-a17e-e17a25734baf
2026-04-07 01:17:16.594 9 INFO neutron.plugins.ml2.plugin [None req-de41bb5e-08f5-408d-9472-24d26aa56c37 - - - - - -] Attempt 1 to provision port 31dd494f-c287-4868-8fa4-98d3b115f9b1
2026-04-07 01:17:16.758 10 INFO neutron.plugins.ml2.plugin [None req-b9a9b7bc-32c4-4977-b0f2-0926011d5e3a - - - - - -] Attempt 1 to provision port 918b737e-1270-4dc6-b126-5aa5550f4b1c
2026-04-07 01:17:17.459 9 INFO neutron.plugins.ml2.plugin [None req-8ba90524-476f-4e15-9356-2926bedd6b58 - - - - - -] Attempt 1 to provision port 918b737e-1270-4dc6-b126-5aa5550f4b1c
2026-04-07 01:17:18.233 10 INFO neutron.plugins.ml2.plugin [None req-de41bb5e-08f5-408d-9472-24d26aa56c37 - - - - - -] Attempt 1 to provision port 7ed60d6b-e5dd-4f50-b42a-fb4eecbf7b07
2026-04-07 01:17:20.190 10 INFO neutron.plugins.ml2.plugin [None req-de41bb5e-08f5-408d-9472-24d26aa56c37 - - - - - -] Attempt 1 to provision port 7ed60d6b-e5dd-4f50-b42a-fb4eecbf7b07
2026-04-07 01:17:22.985 10 INFO neutron.plugins.ml2.plugin [None req-5dabfc3b-0b84-4e63-a5db-2e00dee5cb33 - - - - - -] Attempt 1 to provision port 6f225efe-10b5-4cd7-91ec-0141532edf8d /var/lib/openstack/lib/python3.10/site-packages/oslo_db/sqlalchemy/enginefacade.py:664: SAWarning: DELETE statement on table 'portsecuritybindings' expected to delete 1 row(s); 0 were matched. Please set confirm_deleted_rows=False within the mapper configuration to prevent this warning. self.session.flush() /var/lib/openstack/lib/python3.10/site-packages/oslo_db/sqlalchemy/enginefacade.py:664: SAWarning: DELETE statement on table 'ml2_port_bindings' expected to delete 1 row(s); 0 were matched. Please set confirm_deleted_rows=False within the mapper configuration to prevent this warning. self.session.flush() /var/lib/openstack/lib/python3.10/site-packages/oslo_db/sqlalchemy/enginefacade.py:664: SAWarning: DELETE statement on table 'ml2_port_binding_levels' expected to delete 1 row(s); 0 were matched. Please set confirm_deleted_rows=False within the mapper configuration to prevent this warning. self.session.flush() /var/lib/openstack/lib/python3.10/site-packages/oslo_db/sqlalchemy/enginefacade.py:664: SAWarning: DELETE statement on table 'ports' expected to delete 1 row(s); 0 were matched. Please set confirm_deleted_rows=False within the mapper configuration to prevent this warning. self.session.flush()
2026-04-07 01:17:26.275 10 INFO neutron.plugins.ml2.plugin [None req-de41bb5e-08f5-408d-9472-24d26aa56c37 - - - - - -] Attempt 1 to provision port 6f225efe-10b5-4cd7-91ec-0141532edf8d
2026-04-07 01:17:26.436 10 INFO neutron.notifiers.nova [-] Nova event matching ['req-ac755e01-9cd4-45fc-9d4a-65985755a781'] response: {'server_uuid': '49a46061-b257-4127-9e73-b14c277fcfaa', 'name': 'network-vif-plugged', 'status': 'completed', 'tag': '6f225efe-10b5-4cd7-91ec-0141532edf8d', 'code': 200}
2026-04-07 01:17:28.414 9 INFO neutron.plugins.ml2.plugin [None req-de41bb5e-08f5-408d-9472-24d26aa56c37 - - - - - -] Attempt 1 to provision port 6f225efe-10b5-4cd7-91ec-0141532edf8d
2026-04-07 01:17:28.777 9 INFO neutron.plugins.ml2.plugin [None req-3a7059d4-acaa-4447-8ccf-24210c6e5938 - - - - - -] Attempt 1 to provision port dea35c95-944d-40be-856a-e03c087320f7
2026-04-07 01:17:29.726 9 INFO neutron.plugins.ml2.plugin [None req-dff38429-ad8b-4606-85d9-f664d3b4a8e0 - - - - - -] Attempt 1 to provision port 2a125c18-e280-4e37-a1ae-4e3a6296fa21
2026-04-07 01:17:30.202 10 INFO neutron.plugins.ml2.plugin [None req-de41bb5e-08f5-408d-9472-24d26aa56c37 - - - - - -] Attempt 1 to provision port 2a125c18-e280-4e37-a1ae-4e3a6296fa21
2026-04-07 01:17:31.802 9 INFO neutron.plugins.ml2.plugin [None req-ce43dc7c-671e-4547-be3d-4b62df670b0c - - - - - -] Attempt 1 to provision port e228ce1e-b3ac-46b3-a467-f86e49ac2c1b
2026-04-07 01:17:32.175 10 INFO neutron.plugins.ml2.plugin [None req-de41bb5e-08f5-408d-9472-24d26aa56c37 - - - - - -] Attempt 1 to provision port 2a125c18-e280-4e37-a1ae-4e3a6296fa21
2026-04-07 01:17:32.561 9 INFO neutron.plugins.ml2.plugin [None req-f2502f37-c50e-4df5-8395-ccdcc3dabdc1 - - - - - -] Attempt 1 to provision port e228ce1e-b3ac-46b3-a467-f86e49ac2c1b
2026-04-07 01:17:34.245 9 INFO neutron.plugins.ml2.plugin [None req-de41bb5e-08f5-408d-9472-24d26aa56c37 - - - - - -] Attempt 1 to provision port 5d9253c9-58a0-4207-b7b5-5212fe99b771
2026-04-07 01:17:36.039 10 INFO neutron.plugins.ml2.plugin [None req-54c0f09b-208b-470d-8b3f-df2ff230dc77 - - - - - -] Attempt 1 to provision port b738047c-e09c-4290-9cd3-178ad0dddebf
2026-04-07 01:17:36.645 9 INFO neutron.plugins.ml2.plugin [None req-de41bb5e-08f5-408d-9472-24d26aa56c37 - - - - - -] Attempt 1 to provision port 4aa98b28-fa9e-4ebc-bbe1-b3169250a1fe
2026-04-07 01:17:36.725 9 INFO neutron.plugins.ml2.db [None req-de41bb5e-08f5-408d-9472-24d26aa56c37 - - - - - -] No ports have port_id starting with 4aa98b28-fa9e-4ebc-bbe1-b3169250a1fe
2026-04-07 01:17:36.873 9 INFO neutron.plugins.ml2.plugin [None req-de41bb5e-08f5-408d-9472-24d26aa56c37 - - - - - -] Attempt 1 to provision port 5d9253c9-58a0-4207-b7b5-5212fe99b771
2026-04-07 01:17:38.434 9 INFO neutron.plugins.ml2.plugin [None req-de41bb5e-08f5-408d-9472-24d26aa56c37 - - - - - -] Attempt 1 to provision port b738047c-e09c-4290-9cd3-178ad0dddebf
2026-04-07 01:17:38.644 9 INFO neutron.notifiers.nova [-] Nova event matching ['req-90ce38e5-5bb7-4c59-9490-5320b3e96988'] response: {'server_uuid': 'f0c0ccab-c868-406a-9baa-93e874dfd6b7', 'name': 'network-vif-plugged', 'status': 'completed', 'tag': 'b738047c-e09c-4290-9cd3-178ad0dddebf', 'code': 200}
2026-04-07 01:17:40.143 9 INFO neutron.plugins.ml2.plugin [None req-de41bb5e-08f5-408d-9472-24d26aa56c37 - - - - - -] Attempt 1 to provision port b738047c-e09c-4290-9cd3-178ad0dddebf
2026-04-07 01:17:46.175 10 INFO neutron.plugins.ml2.plugin [None req-de41bb5e-08f5-408d-9472-24d26aa56c37 - - - - - -] Attempt 1 to provision port c9dcda29-c347-4d0d-b5d8-50c11b49e112
2026-04-07 01:17:46.386 9 INFO neutron.plugins.ml2.plugin [None req-c5d758de-a7e4-4466-a0d3-bf85e3f86cfd - - - - - -] Attempt 1 to provision port 72fc1055-bd18-4f69-a8fe-22b1955ef530
2026-04-07 01:17:46.955 10 INFO neutron.plugins.ml2.plugin [None req-3a842410-2ae2-44d9-929e-980709afa0db - - - - - -] Attempt 1 to provision port c9dcda29-c347-4d0d-b5d8-50c11b49e112
2026-04-07 01:17:48.174 9 INFO neutron.plugins.ml2.plugin [None req-de41bb5e-08f5-408d-9472-24d26aa56c37 - - - - - -] Attempt 1 to provision port c9dcda29-c347-4d0d-b5d8-50c11b49e112
2026-04-07 01:17:49.010 9 INFO neutron.plugins.ml2.plugin [None req-352d8897-85ae-4d8c-805e-fdd7b4bcf2fb - - - - - -] Attempt 1 to provision port d28c1040-ec1c-4a39-b333-cf63f5c38c81
2026-04-07 01:17:49.776 10 INFO neutron.plugins.ml2.plugin [None req-d4e29317-b1ff-44fd-b08b-3a5fa82ff76b - - - - - -] Attempt 1 to provision port d28c1040-ec1c-4a39-b333-cf63f5c38c81
2026-04-07 01:17:50.146 9 INFO neutron.plugins.ml2.plugin [None req-de41bb5e-08f5-408d-9472-24d26aa56c37 - - - - - -] Attempt 1 to provision port 93b7ae73-6f35-418a-a707-4ada899d66e8
2026-04-07 01:17:50.722 9 INFO neutron.plugins.ml2.plugin [None req-cb1df1cd-41b3-465f-ba24-bdad1497221a - - - - - -] Attempt 1 to provision port 9b8eb38a-291b-4710-9dfd-ca513541c4c6
2026-04-07 01:17:52.161 10 INFO neutron.plugins.ml2.plugin [None req-de41bb5e-08f5-408d-9472-24d26aa56c37 - - - - - -] Attempt 1 to provision port 93b7ae73-6f35-418a-a707-4ada899d66e8
2026-04-07 01:17:53.893 9 INFO neutron.plugins.ml2.plugin [None req-68983d7b-0e86-4e29-b09d-42d16981ecdf - - - - - -] Attempt 1 to provision port f089b3b1-0a49-4032-9b32-3cd4edb44113
2026-04-07 01:17:54.163 10 INFO neutron.plugins.ml2.plugin [None req-de41bb5e-08f5-408d-9472-24d26aa56c37 - - - - - -] Attempt 1 to provision port 2ea1e275-6f33-495e-a236-01bd0f133889
2026-04-07 01:17:54.461 9 INFO neutron.plugins.ml2.plugin [None req-866de5fc-839b-4bb2-a741-e917d357e1de - - - - - -] Attempt 1 to provision port 2ea1e275-6f33-495e-a236-01bd0f133889
2026-04-07 01:17:56.237 10 INFO neutron.plugins.ml2.plugin [None req-de41bb5e-08f5-408d-9472-24d26aa56c37 - - - - - -] Attempt 1 to provision port 2ea1e275-6f33-495e-a236-01bd0f133889
2026-04-07 01:17:56.901 10 INFO neutron.plugins.ml2.plugin [None req-aed005bd-1827-4265-a224-a6d6aa914903 - - - - - -] Attempt 1 to provision port 511298bf-f120-4ac3-b589-c7e5671d6e66
2026-04-07 01:17:57.554 10 INFO neutron.plugins.ml2.plugin [None req-6f5b99ea-4cb5-4208-8c9a-df6652c4e36e - - - - - -] Attempt 1 to provision port 511298bf-f120-4ac3-b589-c7e5671d6e66
2026-04-07 01:17:58.131 10 INFO neutron.plugins.ml2.plugin [None req-de41bb5e-08f5-408d-9472-24d26aa56c37 - - - - - -] Attempt 1 to provision port 8ca777da-4556-4985-bbe0-38e751ee116e
2026-04-07 01:18:00.142 10 INFO neutron.plugins.ml2.plugin [None req-de41bb5e-08f5-408d-9472-24d26aa56c37 - - - - - -] Attempt 1 to provision port 8ca777da-4556-4985-bbe0-38e751ee116e
2026-04-07 01:18:04.177 9 INFO neutron.plugins.ml2.plugin [None req-de41bb5e-08f5-408d-9472-24d26aa56c37 - - - - - -] Attempt 1 to provision port b6a28fbc-7c16-4db7-82e0-e514abe05f0d
2026-04-07 01:18:04.447 9 INFO neutron.plugins.ml2.plugin [None req-de41bb5e-08f5-408d-9472-24d26aa56c37 - - - - - -] No ports have port_id starting with b6a28fbc-7c16-4db7-82e0-e514abe05f0d
2026-04-07 01:18:04.481 9 INFO neutron.plugins.ml2.plugin [None req-de41bb5e-08f5-408d-9472-24d26aa56c37 - - - - - -] Attempt 1 to provision port 236a8439-4588-4e6a-82cf-dc01fa30d603
2026-04-07 01:18:06.251 10 INFO neutron.plugins.ml2.plugin [None req-de41bb5e-08f5-408d-9472-24d26aa56c37 - - - - - -] Attempt 1 to provision port 72fc1055-bd18-4f69-a8fe-22b1955ef530
2026-04-07 01:18:08.249 10 INFO neutron.plugins.ml2.plugin [None req-de41bb5e-08f5-408d-9472-24d26aa56c37 - - - - - -] Attempt 1 to provision port d28c1040-ec1c-4a39-b333-cf63f5c38c81
2026-04-07 01:18:08.642 10 INFO neutron.plugins.ml2.plugin [None req-de41bb5e-08f5-408d-9472-24d26aa56c37 - - - - - -] Attempt 1 to provision port 72fc1055-bd18-4f69-a8fe-22b1955ef530
2026-04-07 01:18:10.333 10 INFO neutron.plugins.ml2.plugin [None req-de41bb5e-08f5-408d-9472-24d26aa56c37 - - - - - -] Attempt 1 to provision port d28c1040-ec1c-4a39-b333-cf63f5c38c81
2026-04-07 01:18:11.918 9 INFO neutron.plugins.ml2.plugin [None req-604448a3-561c-4e74-9af0-6d0fded22490 - - - - - -] Attempt 1 to provision port 76354755-2f50-4788-b249-068a9e3b96dd
2026-04-07 01:18:12.303 9 INFO neutron.plugins.ml2.plugin [None req-de41bb5e-08f5-408d-9472-24d26aa56c37 - - - - - -] Attempt 1 to provision port d1e42642-a085-4310-86e6-1f1a5bf07b7f
2026-04-07 01:18:12.755 10 INFO neutron.plugins.ml2.plugin [None req-c7ee2b5e-1acb-4c84-8a06-b7aa6d63cb89 - - - - - -] Attempt 1 to provision port d1e42642-a085-4310-86e6-1f1a5bf07b7f
2026-04-07 01:18:12.871 9 INFO neutron.plugins.ml2.plugin [None req-de41bb5e-08f5-408d-9472-24d26aa56c37 - - - - - -] Attempt 1 to provision port 8a995305-8586-4862-83e3-b19aa90187e2
2026-04-07 01:18:13.100 9 INFO neutron.notifiers.nova [-] Nova event matching ['req-e6f3693e-cd14-4e17-91a3-ab391a4ed017'] response: {'server_uuid': 'b47040e7-caed-49b2-838d-2f726bb9f256', 'name': 'network-vif-plugged', 'status': 'completed', 'tag': '8a995305-8586-4862-83e3-b19aa90187e2', 'code': 200}
2026-04-07 01:18:13.380 9 INFO neutron.plugins.ml2.plugin [None req-f0de0df9-3a3e-46f3-b453-0805f31b67e6 - - - - - -] Attempt 1 to provision port 621264ee-7511-4e23-9408-332d284b44c6
2026-04-07 01:18:13.751 9 INFO neutron.plugins.ml2.plugin [None req-de41bb5e-08f5-408d-9472-24d26aa56c37 - - - - - -] Attempt 1 to provision port 76354755-2f50-4788-b249-068a9e3b96dd
2026-04-07 01:18:13.997 10 INFO neutron.plugins.ml2.plugin [None req-7c08e2ce-dbfc-416d-b8c2-396e592f8328 - - - - - -] Attempt 1 to provision port 621264ee-7511-4e23-9408-332d284b44c6
2026-04-07 01:18:14.303 10 INFO neutron.plugins.ml2.plugin [None req-de41bb5e-08f5-408d-9472-24d26aa56c37 - - - - - -] Attempt 1 to provision port 511298bf-f120-4ac3-b589-c7e5671d6e66
2026-04-07 01:18:14.667 10 INFO neutron.plugins.ml2.plugin [None req-de41bb5e-08f5-408d-9472-24d26aa56c37 - - - - - -] Attempt 1 to provision port d1e42642-a085-4310-86e6-1f1a5bf07b7f
2026-04-07 01:18:14.974 10 INFO neutron.plugins.ml2.plugin [None req-de41bb5e-08f5-408d-9472-24d26aa56c37 - - - - - -] Attempt 1 to provision port 76354755-2f50-4788-b249-068a9e3b96dd
2026-04-07 01:18:15.259 9 INFO neutron.plugins.ml2.plugin [None req-f1b485fc-3696-4f49-bd0b-e309499f3495 - - - - - -] Attempt 1 to provision port 9261503e-42fc-48b7-a4e1-a297b9e4beac
2026-04-07 01:18:15.328 10 INFO neutron.plugins.ml2.plugin [None req-de41bb5e-08f5-408d-9472-24d26aa56c37 - - - - - -] Attempt 1 to provision port f089b3b1-0a49-4032-9b32-3cd4edb44113
2026-04-07 01:18:15.668 10 INFO neutron.plugins.ml2.plugin [None req-de41bb5e-08f5-408d-9472-24d26aa56c37 - - - - - -] Attempt 1 to provision port 8a995305-8586-4862-83e3-b19aa90187e2
2026-04-07 01:18:15.832 10 INFO neutron.plugins.ml2.plugin [None req-4bf1805c-a67e-452a-bb71-ded3fa960f76 - - - - - -] Attempt 1 to provision port 9261503e-42fc-48b7-a4e1-a297b9e4beac
2026-04-07 01:18:16.508 9 INFO neutron.plugins.ml2.plugin [None req-de41bb5e-08f5-408d-9472-24d26aa56c37 - - - - - -] Attempt 1 to provision port 511298bf-f120-4ac3-b589-c7e5671d6e66
2026-04-07 01:18:16.839 9 INFO neutron.plugins.ml2.plugin [None req-de41bb5e-08f5-408d-9472-24d26aa56c37 - - - - - -] Attempt 1 to provision port f089b3b1-0a49-4032-9b32-3cd4edb44113
2026-04-07 01:18:17.156 9 INFO neutron.plugins.ml2.plugin [None req-de41bb5e-08f5-408d-9472-24d26aa56c37 - - - - - -] Attempt 1 to provision port 172e7295-ac0d-45c2-a22d-f5dd529c96e2
2026-04-07 01:18:17.693 9 INFO neutron.plugins.ml2.plugin [None req-9d1d6a04-7fcb-4d50-b0d4-61e7d326bc73 - - - - - -] Attempt 1 to provision port 172e7295-ac0d-45c2-a22d-f5dd529c96e2
2026-04-07 01:18:20.417 10 INFO neutron.plugins.ml2.plugin [None req-de41bb5e-08f5-408d-9472-24d26aa56c37 - - - - - -] Attempt 1 to provision port 5dc476f0-25d8-4b9d-bea8-0361385ec387
2026-04-07 01:18:24.041 10 INFO neutron.plugins.ml2.plugin [None req-c52ce769-94c1-4299-9e4e-2eeb7f3a0b9c - - - - - -] Attempt 1 to provision port b3efdc07-5984-45e3-be64-4b597428a612
2026-04-07 01:18:24.501 10 INFO neutron.plugins.ml2.plugin [None req-de41bb5e-08f5-408d-9472-24d26aa56c37 - - - - - -] Attempt 1 to provision port e6732798-c0dd-4268-ac34-ec727f9fded4
2026-04-07 01:18:25.072 10 INFO neutron.plugins.ml2.plugin [None req-de41bb5e-08f5-408d-9472-24d26aa56c37 - - - - - -] Attempt 1 to provision port b3efdc07-5984-45e3-be64-4b597428a612
2026-04-07 01:18:25.558 9 INFO neutron.plugins.ml2.plugin [None req-fa9f40d7-cdb7-4d81-b949-04407badc8f7 - - - - - -] Attempt 1 to provision port 171bc9a4-b518-4a25-929e-85f41c9fcb82
2026-04-07 01:18:26.215 9 INFO neutron.plugins.ml2.plugin [None req-dff6149a-c82e-40df-8187-741700ed7571 - - - - - -] Attempt 1 to provision port 171bc9a4-b518-4a25-929e-85f41c9fcb82
2026-04-07 01:18:26.256 9 INFO neutron.plugins.ml2.plugin [None req-dff6149a-c82e-40df-8187-741700ed7571 - - - - - -] Attempt 1 to provision port e6732798-c0dd-4268-ac34-ec727f9fded4
2026-04-07 01:18:26.489 9 INFO neutron.plugins.ml2.plugin [None req-de41bb5e-08f5-408d-9472-24d26aa56c37 - - - - - -] Attempt 1 to provision port e6732798-c0dd-4268-ac34-ec727f9fded4
2026-04-07 01:18:26.789 9 INFO neutron.plugins.ml2.plugin [None req-de41bb5e-08f5-408d-9472-24d26aa56c37 - - - - - -] Attempt 1 to provision port b3efdc07-5984-45e3-be64-4b597428a612 /var/lib/openstack/lib/python3.10/site-packages/oslo_db/sqlalchemy/enginefacade.py:664: SAWarning: DELETE statement on table 'portsecuritybindings' expected to delete 1 row(s); 0 were matched. Please set confirm_deleted_rows=False within the mapper configuration to prevent this warning. self.session.flush() /var/lib/openstack/lib/python3.10/site-packages/oslo_db/sqlalchemy/enginefacade.py:664: SAWarning: DELETE statement on table 'ml2_port_bindings' expected to delete 1 row(s); 0 were matched. Please set confirm_deleted_rows=False within the mapper configuration to prevent this warning. self.session.flush() /var/lib/openstack/lib/python3.10/site-packages/oslo_db/sqlalchemy/enginefacade.py:664: SAWarning: DELETE statement on table 'ml2_port_binding_levels' expected to delete 1 row(s); 0 were matched. Please set confirm_deleted_rows=False within the mapper configuration to prevent this warning. self.session.flush() /var/lib/openstack/lib/python3.10/site-packages/oslo_db/sqlalchemy/enginefacade.py:664: SAWarning: DELETE statement on table 'ports' expected to delete 1 row(s); 0 were matched. Please set confirm_deleted_rows=False within the mapper configuration to prevent this warning. self.session.flush()
2026-04-07 01:18:30.580 9 INFO neutron.notifiers.nova [-] Nova event matching ['req-fac46e09-65d9-4f28-8a5c-2caaee2c015a'] response: {'server_uuid': 'b47040e7-caed-49b2-838d-2f726bb9f256', 'name': 'network-vif-unplugged', 'status': 'completed', 'tag': '8a995305-8586-4862-83e3-b19aa90187e2', 'code': 200}
2026-04-07 01:18:32.394 9 INFO neutron.plugins.ml2.plugin [None req-de41bb5e-08f5-408d-9472-24d26aa56c37 - - - - - -] Attempt 1 to provision port 4ab79f65-4e64-40b2-b562-60ce60baacc2
2026-04-07 01:18:32.396 10 INFO neutron.plugins.ml2.plugin [None req-c4e945e3-5dac-49d4-885a-0dcacb907307 - - - - - -] Attempt 1 to provision port 910b3047-60f0-45a0-b92c-ff3b63b9b91b
2026-04-07 01:18:32.449 10 INFO neutron.plugins.ml2.plugin [None req-c4e945e3-5dac-49d4-885a-0dcacb907307 - - - - - -] Attempt 1 to provision port 4ab79f65-4e64-40b2-b562-60ce60baacc2
2026-04-07 01:18:33.286 9 INFO neutron.plugins.ml2.plugin [None req-4ae24a84-7833-4fc2-9bb4-3bc1f3570e42 - - - - - -] Attempt 1 to provision port 910b3047-60f0-45a0-b92c-ff3b63b9b91b
2026-04-07 01:18:33.839 10 INFO neutron.plugins.ml2.plugin [None req-b4435ca0-8edf-4a2d-81c9-5ed49bc7a80e - - - - - -] Attempt 1 to provision port 910b3047-60f0-45a0-b92c-ff3b63b9b91b
2026-04-07 01:18:34.462 9 INFO neutron.plugins.ml2.plugin [None req-de41bb5e-08f5-408d-9472-24d26aa56c37 - - - - - -] Attempt 1 to provision port 4ab79f65-4e64-40b2-b562-60ce60baacc2
2026-04-07 01:18:34.842 9 INFO neutron.plugins.ml2.plugin [None req-de41bb5e-08f5-408d-9472-24d26aa56c37 - - - - - -] Attempt 1 to provision port cc1c092c-5908-4d85-be24-0369e56e308f
2026-04-07 01:18:35.099 9 INFO neutron.plugins.ml2.plugin [None req-ac2a2e92-1756-4aba-b7cd-0f23dcbf00e1 - - - - - -] Attempt 1 to provision port cc1c092c-5908-4d85-be24-0369e56e308f
2026-04-07 01:18:35.435 9 INFO neutron.plugins.ml2.plugin [None req-de41bb5e-08f5-408d-9472-24d26aa56c37 - - - - - -] Attempt 1 to provision port 74f612ad-f9aa-407d-86be-dc8ee2b39fb2
2026-04-07 01:18:35.651 9 INFO neutron.plugins.ml2.plugin [None req-f676fd79-b580-4fa0-bd28-43fdeac7181b - - - - - -] Attempt 1 to provision port 74f612ad-f9aa-407d-86be-dc8ee2b39fb2
2026-04-07 01:18:36.298 9 INFO neutron.plugins.ml2.plugin [None req-12b0fd2d-9047-41af-a747-19656a022431 - - - - - -] Attempt 1 to provision port 6082c704-e1bd-4608-818c-e7365869a3ec
2026-04-07 01:18:36.354 10 INFO neutron.plugins.ml2.plugin [None req-de41bb5e-08f5-408d-9472-24d26aa56c37 - - - - - -] Attempt 1 to provision port cc1c092c-5908-4d85-be24-0369e56e308f
2026-04-07 01:18:36.629 10 INFO neutron.plugins.ml2.plugin [None req-de41bb5e-08f5-408d-9472-24d26aa56c37 - - - - - -] Attempt 1 to provision port 74f612ad-f9aa-407d-86be-dc8ee2b39fb2
2026-04-07 01:18:37.062 9 INFO neutron.plugins.ml2.plugin [None req-b825b0a9-c201-4439-ac47-5360fc93fd73 - - - - - -] Attempt 1 to provision port 6082c704-e1bd-4608-818c-e7365869a3ec
2026-04-07 01:18:39.319 9 INFO neutron.plugins.ml2.plugin [None req-2f57ae07-a58b-46bc-8ee9-744c69906fc6 - - - - - -] Attempt 1 to provision port 6da25099-8f96-4ae6-a200-889fa7cc4084
2026-04-07 01:18:40.074 10 INFO neutron.plugins.ml2.plugin [None req-db400d63-dd35-4511-90ed-0130131f66b3 - - - - - -] Attempt 1 to provision port 6da25099-8f96-4ae6-a200-889fa7cc4084
2026-04-07 01:18:40.929 9 INFO neutron.plugins.ml2.plugin [None req-93c34633-3abc-4e49-998c-43c63efa81dd - - - - - -] Attempt 1 to provision port 7e483cb6-895c-4a53-8cc2-d00b290089a0
2026-04-07 01:18:50.163 9 INFO neutron.plugins.ml2.plugin [None req-6174713c-89e7-442d-9728-31326d94c635 - - - - - -] Attempt 1 to provision port 5340e6ed-ac73-4b44-b51e-53b72dc73aff
2026-04-07 01:18:50.344 9 INFO neutron.plugins.ml2.plugin [None req-de41bb5e-08f5-408d-9472-24d26aa56c37 - - - - - -] Attempt 1 to provision port 7205bd14-ce18-486a-b71c-369398f5c1b2
2026-04-07 01:18:50.821 10 INFO neutron.plugins.ml2.plugin [None req-e0b7b5ac-a0e7-40eb-9823-e0ca7938fb60 - - - - - -] Attempt 1 to provision port 7205bd14-ce18-486a-b71c-369398f5c1b2
2026-04-07 01:18:50.929 10 INFO neutron.plugins.ml2.plugin [None req-e0b7b5ac-a0e7-40eb-9823-e0ca7938fb60 - - - - - -] Attempt 1 to provision port 01a3bf1b-1c4b-4bcd-a4ef-12f47d4ac34d
2026-04-07 01:18:50.959 9 INFO neutron.plugins.ml2.plugin [None req-de41bb5e-08f5-408d-9472-24d26aa56c37 - - - - - -] Attempt 1 to provision port 0754d2aa-1355-4af5-a831-0db5a49d7bd7
2026-04-07 01:18:51.323 9 INFO neutron.plugins.ml2.plugin [None req-749d05a6-7958-486b-9513-929f5c6dcbb9 - - - - - -] Attempt 1 to provision port 0754d2aa-1355-4af5-a831-0db5a49d7bd7
2026-04-07 01:18:51.493 9 INFO neutron.plugins.ml2.plugin [None req-749d05a6-7958-486b-9513-929f5c6dcbb9 - - - - - -] Attempt 1 to provision port 01a3bf1b-1c4b-4bcd-a4ef-12f47d4ac34d
2026-04-07 01:18:52.156 9 INFO neutron.plugins.ml2.plugin [None req-334dc86f-469c-48ed-b159-83ceada2fcb5 - - - - - -] Attempt 1 to provision port 01a3bf1b-1c4b-4bcd-a4ef-12f47d4ac34d
2026-04-07 01:18:52.316 9 INFO neutron.plugins.ml2.plugin [None req-de41bb5e-08f5-408d-9472-24d26aa56c37 - - - - - -] Attempt 1 to provision port 7205bd14-ce18-486a-b71c-369398f5c1b2
2026-04-07 01:18:52.506 10 INFO neutron.plugins.ml2.plugin [None req-722ec98f-d64c-4ba5-9a8a-2073ad4f7c16 - - - - - -] Attempt 1 to provision port 951306fb-aea3-4f75-9acd-8c9952b34c33
2026-04-07 01:18:52.977 9 INFO neutron.plugins.ml2.plugin [None req-de41bb5e-08f5-408d-9472-24d26aa56c37 - - - - - -] Attempt 1 to provision port 0754d2aa-1355-4af5-a831-0db5a49d7bd7
2026-04-07 01:18:53.050 10 INFO neutron.plugins.ml2.plugin [None req-bae4331e-e593-40a1-983b-70abc7be13fd - - - - - -] Attempt 1 to provision port 951306fb-aea3-4f75-9acd-8c9952b34c33
2026-04-07 01:18:54.310 9 INFO neutron.plugins.ml2.plugin [None req-de41bb5e-08f5-408d-9472-24d26aa56c37 - - - - - -] Attempt 1 to provision port 4c2ee2e3-252d-4ffd-8fa7-c352c6885518
2026-04-07 01:18:56.348 9 INFO neutron.plugins.ml2.plugin [None req-de41bb5e-08f5-408d-9472-24d26aa56c37 - - - - - -] Attempt 1 to provision port 4c2ee2e3-252d-4ffd-8fa7-c352c6885518 /var/lib/openstack/lib/python3.10/site-packages/oslo_db/sqlalchemy/enginefacade.py:664: SAWarning: DELETE statement on table 'portsecuritybindings' expected to delete 1 row(s); 0 were matched. Please set confirm_deleted_rows=False within the mapper configuration to prevent this warning. self.session.flush() /var/lib/openstack/lib/python3.10/site-packages/oslo_db/sqlalchemy/enginefacade.py:664: SAWarning: DELETE statement on table 'ml2_port_bindings' expected to delete 1 row(s); 0 were matched. Please set confirm_deleted_rows=False within the mapper configuration to prevent this warning. self.session.flush() /var/lib/openstack/lib/python3.10/site-packages/oslo_db/sqlalchemy/enginefacade.py:664: SAWarning: DELETE statement on table 'ml2_port_binding_levels' expected to delete 1 row(s); 0 were matched. Please set confirm_deleted_rows=False within the mapper configuration to prevent this warning. self.session.flush() /var/lib/openstack/lib/python3.10/site-packages/oslo_db/sqlalchemy/enginefacade.py:664: SAWarning: DELETE statement on table 'ports' expected to delete 1 row(s); 0 were matched. Please set confirm_deleted_rows=False within the mapper configuration to prevent this warning. self.session.flush()
2026-04-07 01:18:59.648 10 INFO neutron.plugins.ml2.plugin [None req-1085477f-0f49-478b-94db-5c00b38ce61c - - - - - -] Attempt 1 to provision port 0c6fd3af-b107-4a99-98f8-3f7aed767d33
2026-04-07 01:19:00.343 10 INFO neutron.plugins.ml2.plugin [None req-de41bb5e-08f5-408d-9472-24d26aa56c37 - - - - - -] Attempt 1 to provision port 56e36b70-b119-4852-9914-f1b980266e14
2026-04-07 01:19:00.408 9 INFO neutron.plugins.ml2.plugin [None req-e6ce58de-c0a7-4616-8469-536aa5648d66 - - - - - -] Attempt 1 to provision port 56e36b70-b119-4852-9914-f1b980266e14
2026-04-07 01:19:01.187 9 INFO neutron.plugins.ml2.plugin [None req-66e3abcf-cdd1-4394-8c91-0422e6c00b83 - - - - - -] Attempt 1 to provision port cb1b5ebe-1f37-4e3f-8f6b-bc815f7e5213
2026-04-07 01:19:01.769 9 INFO neutron.plugins.ml2.plugin [None req-8e607c0e-e688-4c37-8fa4-051fbd747713 - - - - - -] Attempt 1 to provision port cb1b5ebe-1f37-4e3f-8f6b-bc815f7e5213
2026-04-07 01:19:02.578 10 INFO neutron.plugins.ml2.plugin [None req-de41bb5e-08f5-408d-9472-24d26aa56c37 - - - - - -] Attempt 1 to provision port 0c6fd3af-b107-4a99-98f8-3f7aed767d33
2026-04-07 01:19:02.757 10 INFO neutron.notifiers.nova [-] Nova event matching ['req-08ebb754-8df6-4397-b6d5-c48eaf258daa'] response: {'server_uuid': '821d0c12-c42a-4c4b-b631-f175090544b5', 'name': 'network-vif-plugged', 'status': 'completed', 'tag': '0c6fd3af-b107-4a99-98f8-3f7aed767d33', 'code': 200}
2026-04-07 01:19:03.078 10 INFO neutron.plugins.ml2.plugin [None req-de41bb5e-08f5-408d-9472-24d26aa56c37 - - - - - -] Attempt 1 to provision port 56e36b70-b119-4852-9914-f1b980266e14
2026-04-07 01:19:04.385 10 INFO neutron.plugins.ml2.plugin [None req-de41bb5e-08f5-408d-9472-24d26aa56c37 - - - - - -] Attempt 1 to provision port 0c6fd3af-b107-4a99-98f8-3f7aed767d33 /var/lib/openstack/lib/python3.10/site-packages/oslo_db/sqlalchemy/enginefacade.py:664: SAWarning: DELETE statement on table 'portsecuritybindings' expected to delete 1 row(s); 0 were matched. Please set confirm_deleted_rows=False within the mapper configuration to prevent this warning. self.session.flush() /var/lib/openstack/lib/python3.10/site-packages/oslo_db/sqlalchemy/enginefacade.py:664: SAWarning: DELETE statement on table 'ml2_port_bindings' expected to delete 1 row(s); 0 were matched. Please set confirm_deleted_rows=False within the mapper configuration to prevent this warning. self.session.flush() /var/lib/openstack/lib/python3.10/site-packages/oslo_db/sqlalchemy/enginefacade.py:664: SAWarning: DELETE statement on table 'ml2_port_binding_levels' expected to delete 1 row(s); 0 were matched. Please set confirm_deleted_rows=False within the mapper configuration to prevent this warning. self.session.flush() /var/lib/openstack/lib/python3.10/site-packages/oslo_db/sqlalchemy/enginefacade.py:664: SAWarning: DELETE statement on table 'ports' expected to delete 1 row(s); 0 were matched. Please set confirm_deleted_rows=False within the mapper configuration to prevent this warning. self.session.flush()
2026-04-07 01:19:06.991 9 INFO neutron.plugins.ml2.plugin [None req-f2e50a7b-7f52-4cac-b6af-3633e7f4c260 - - - - - -] Attempt 1 to provision port 73dd6402-26c3-4a54-992a-9cb50850703a
2026-04-07 01:19:10.514 9 INFO neutron.plugins.ml2.plugin [None req-de41bb5e-08f5-408d-9472-24d26aa56c37 - - - - - -] Attempt 1 to provision port 5340e6ed-ac73-4b44-b51e-53b72dc73aff
2026-04-07 01:19:17.685 10 INFO neutron.plugins.ml2.plugin [None req-0328b68f-ffb1-49f8-83dd-093e7b3bf8f1 - - - - - -] Attempt 1 to provision port d5a19189-0f14-4fad-bf4b-346b9845257b
2026-04-07 01:19:22.298 10 INFO neutron.plugins.ml2.plugin [None req-38eec653-0f58-4ef2-b0db-12820c3c8e1e - - - - - -] Attempt 1 to provision port 17440be4-ae32-434f-b247-6eaf41086844
2026-04-07 01:19:22.358 10 INFO neutron.plugins.ml2.plugin [None req-38eec653-0f58-4ef2-b0db-12820c3c8e1e - - - - - -] Attempt 1 to provision port 2fa47a69-8b73-44be-8a91-e3e1f90f88dd
2026-04-07 01:19:22.361 9 INFO neutron.plugins.ml2.plugin [None req-de41bb5e-08f5-408d-9472-24d26aa56c37 - - - - - -] Attempt 1 to provision port f39acce1-6a91-4cdd-808d-f29086de0d11
2026-04-07 01:19:22.799 10 INFO neutron.plugins.ml2.plugin [None req-e8af972d-98c9-402a-a169-5731775fe621 - - - - - -] Attempt 1 to provision port 17440be4-ae32-434f-b247-6eaf41086844
2026-04-07 01:19:23.163 9 INFO neutron.plugins.ml2.plugin [None req-de41bb5e-08f5-408d-9472-24d26aa56c37 - - - - - -] Attempt 1 to provision port 2fa47a69-8b73-44be-8a91-e3e1f90f88dd
2026-04-07 01:19:23.252 9 INFO neutron.plugins.ml2.plugin [None req-203ce940-a990-4e61-b659-f99b62a9edfe - - - - - -] Attempt 1 to provision port 17440be4-ae32-434f-b247-6eaf41086844
2026-04-07 01:19:24.409 10 INFO neutron.plugins.ml2.plugin [None req-de41bb5e-08f5-408d-9472-24d26aa56c37 - - - - - -] Attempt 1 to provision port f39acce1-6a91-4cdd-808d-f29086de0d11
2026-04-07 01:19:24.820 10 INFO neutron.plugins.ml2.plugin [None req-de41bb5e-08f5-408d-9472-24d26aa56c37 - - - - - -] Attempt 1 to provision port 2fa47a69-8b73-44be-8a91-e3e1f90f88dd
2026-04-07 01:19:27.637 10 INFO neutron.plugins.ml2.plugin [None req-fb1f5c85-f648-4537-a19b-1d2ce534e352 - - - - - -] Attempt 1 to provision port 45ab38b1-fa5a-4813-90c2-a40b2d90cc0f
2026-04-07 01:19:30.413 10 INFO neutron.plugins.ml2.plugin [None req-de41bb5e-08f5-408d-9472-24d26aa56c37 - - - - - -] Attempt 1 to provision port 45ab38b1-fa5a-4813-90c2-a40b2d90cc0f
2026-04-07 01:19:30.565 10 INFO neutron.notifiers.nova [-] Nova event matching ['req-1a3e3159-e405-4a66-a03d-b74a5e5d8359'] response: {'server_uuid': '5def5a6e-9375-4170-9593-ee35686cf3a0', 'name': 'network-vif-plugged', 'status': 'completed', 'tag': '45ab38b1-fa5a-4813-90c2-a40b2d90cc0f', 'code': 200}
2026-04-07 01:19:32.299 9 INFO neutron.plugins.ml2.plugin [None req-de41bb5e-08f5-408d-9472-24d26aa56c37 - - - - - -] Attempt 1 to provision port 45ab38b1-fa5a-4813-90c2-a40b2d90cc0f
2026-04-07 01:19:38.330 9 INFO neutron.plugins.ml2.plugin [None req-de41bb5e-08f5-408d-9472-24d26aa56c37 - - - - - -] Attempt 1 to provision port 17440be4-ae32-434f-b247-6eaf41086844
2026-04-07 01:19:38.701 9 INFO neutron.plugins.ml2.plugin [None req-de41bb5e-08f5-408d-9472-24d26aa56c37 - - - - - -] Attempt 1 to provision port d5a19189-0f14-4fad-bf4b-346b9845257b
2026-04-07 01:19:40.390 10 INFO neutron.plugins.ml2.plugin [None req-de41bb5e-08f5-408d-9472-24d26aa56c37 - - - - - -] Attempt 1 to provision port 17440be4-ae32-434f-b247-6eaf41086844
2026-04-07 01:19:40.667 10 INFO neutron.plugins.ml2.plugin [None req-de41bb5e-08f5-408d-9472-24d26aa56c37 - - - - - -] Attempt 1 to provision port d5a19189-0f14-4fad-bf4b-346b9845257b
2026-04-07 01:19:46.446 9 INFO neutron.plugins.ml2.plugin [None req-de41bb5e-08f5-408d-9472-24d26aa56c37 - - - - - -] Attempt 1 to provision port 76baf8c4-1fca-4a1a-bc95-75f4cb84cb06
2026-04-07 01:19:46.944 9 INFO neutron.plugins.ml2.plugin [None req-402e9e70-0095-4973-a492-ec6ea1105214 - - - - - -] Attempt 1 to provision port 76baf8c4-1fca-4a1a-bc95-75f4cb84cb06
2026-04-07 01:19:47.195 9 INFO neutron.plugins.ml2.plugin [None req-de41bb5e-08f5-408d-9472-24d26aa56c37 - - - - - -] Attempt 1 to provision port 28b58947-b5af-4962-92a9-2812ff161361
2026-04-07 01:19:47.499 10 INFO neutron.plugins.ml2.plugin [None req-5b92e0cd-6b7d-45e5-98e7-397d4bee96f8 - - - - - -] Attempt 1 to provision port 28b58947-b5af-4962-92a9-2812ff161361
2026-04-07 01:19:48.580 10 INFO neutron.plugins.ml2.plugin [None req-de41bb5e-08f5-408d-9472-24d26aa56c37 - - - - - -] Attempt 1 to provision port 97898d4f-6c08-4661-8c61-74a1cc4235ca
2026-04-07 01:19:48.701 10 INFO neutron.plugins.ml2.plugin [None req-e51acd66-962b-44d5-a352-2f3006fac69c - - - - - -] Attempt 1 to provision port 97898d4f-6c08-4661-8c61-74a1cc4235ca
2026-04-07 01:19:49.452 10 INFO neutron.plugins.ml2.plugin [None req-8e1b3d7e-6e0e-4d53-bb32-d6a7cf0eba9a - - - - - -] Attempt 1 to provision port 182e42bb-5760-4413-adb4-2fa92617a2dc
2026-04-07 01:19:49.477 10 INFO neutron.plugins.ml2.plugin [None req-de41bb5e-08f5-408d-9472-24d26aa56c37 - - - - - -] Attempt 1 to provision port 76baf8c4-1fca-4a1a-bc95-75f4cb84cb06
2026-04-07 01:19:49.966 10 INFO neutron.plugins.ml2.plugin [None req-de41bb5e-08f5-408d-9472-24d26aa56c37 - - - - - -] Attempt 1 to provision port 89a9b72b-8049-4155-9edc-f9f729c51ccf
2026-04-07 01:19:50.006 10 INFO neutron.plugins.ml2.plugin [None req-ddb51612-b316-4ba8-8415-70f027d7a930 - - - - - -] Attempt 1 to provision port 89a9b72b-8049-4155-9edc-f9f729c51ccf
2026-04-07 01:19:50.954 10 INFO neutron.plugins.ml2.plugin [None req-de41bb5e-08f5-408d-9472-24d26aa56c37 - - - - - -] Attempt 1 to provision port 28b58947-b5af-4962-92a9-2812ff161361
2026-04-07 01:19:51.208 10 INFO neutron.plugins.ml2.plugin [None req-de41bb5e-08f5-408d-9472-24d26aa56c37 - - - - - -] Attempt 1 to provision port 182e42bb-5760-4413-adb4-2fa92617a2dc
2026-04-07 01:19:51.792 10 INFO neutron.plugins.ml2.plugin [None req-de41bb5e-08f5-408d-9472-24d26aa56c37 - - - - - -] Attempt 1 to provision port 89a9b72b-8049-4155-9edc-f9f729c51ccf
2026-04-07 01:19:57.787 9 INFO neutron.plugins.ml2.plugin [None req-976bfe49-e81d-4d14-9867-5b35b3fe383d - - - - - -] Attempt 1 to provision port b3536f63-5252-4f0d-8261-0d5eff34f79a
2026-04-07 01:19:59.873 9 INFO neutron.plugins.ml2.plugin [None req-de41bb5e-08f5-408d-9472-24d26aa56c37 - - - - - -] Attempt 1 to provision port b3536f63-5252-4f0d-8261-0d5eff34f79a
2026-04-07 01:20:00.171 9 INFO neutron.notifiers.nova [-] Nova event matching ['req-f3580990-9148-48ab-a8f0-d6bcca13e2da'] response: {'server_uuid': 'ed7238f0-656e-4e74-a945-ecbdb78103ab', 'name': 'network-vif-plugged', 'status': 'completed', 'tag': 'b3536f63-5252-4f0d-8261-0d5eff34f79a', 'code': 200}
2026-04-07 01:20:01.825 10 INFO neutron.plugins.ml2.plugin [None req-de41bb5e-08f5-408d-9472-24d26aa56c37 - - - - - -] Attempt 1 to provision port b3536f63-5252-4f0d-8261-0d5eff34f79a
2026-04-07 01:20:37.970 10 INFO neutron.plugins.ml2.plugin [None req-de41bb5e-08f5-408d-9472-24d26aa56c37 - - - - - -] Attempt 1 to provision port 3f926ce6-c89a-4abd-ae67-bd1b10353ebb
2026-04-07 01:20:38.463 10 INFO neutron.plugins.ml2.plugin [None req-de41bb5e-08f5-408d-9472-24d26aa56c37 - - - - - -] Attempt 1 to provision port 6a0635b9-1787-4735-aaa2-add6790967c3
2026-04-07 01:20:39.180 9 INFO neutron.plugins.ml2.plugin [None req-41d9277e-3052-4802-adac-518e2f2a7c74 - - - - - -] Attempt 1 to provision port 6a0635b9-1787-4735-aaa2-add6790967c3
2026-04-07 01:20:39.885 10 INFO neutron.plugins.ml2.plugin [None req-de41bb5e-08f5-408d-9472-24d26aa56c37 - - - - - -] Attempt 1 to provision port 3f926ce6-c89a-4abd-ae67-bd1b10353ebb
2026-04-07 01:20:40.190 10 INFO neutron.plugins.ml2.plugin [None req-de41bb5e-08f5-408d-9472-24d26aa56c37 - - - - - -] Attempt 1 to provision port 2dc97138-34d3-4eee-bfc1-7adc707cf595
2026-04-07 01:20:40.467 9 INFO neutron.plugins.ml2.plugin [None req-b1182ae0-bd49-4208-9a4a-ca80204969af - - - - - -] Attempt 1 to provision port 3f926ce6-c89a-4abd-ae67-bd1b10353ebb
2026-04-07 01:20:40.545 9 INFO neutron.plugins.ml2.plugin [None req-b1182ae0-bd49-4208-9a4a-ca80204969af - - - - - -] Attempt 1 to provision port 21733a2a-dfdb-49db-a8f8-a3b042ab2a58
2026-04-07 01:20:40.797 10 INFO neutron.plugins.ml2.plugin [None req-de41bb5e-08f5-408d-9472-24d26aa56c37 - - - - - -] Attempt 1 to provision port 6a0635b9-1787-4735-aaa2-add6790967c3
2026-04-07 01:20:41.100 9 INFO neutron.plugins.ml2.plugin [None req-2977e13a-ef43-4c74-b3fa-420ac303707a - - - - - -] Attempt 1 to provision port 6a0635b9-1787-4735-aaa2-add6790967c3
2026-04-07 01:20:41.805 10 INFO neutron.plugins.ml2.plugin [None req-de41bb5e-08f5-408d-9472-24d26aa56c37 - - - - - -] Attempt 1 to provision port 2dc97138-34d3-4eee-bfc1-7adc707cf595
2026-04-07 01:20:41.902 10 INFO neutron.plugins.ml2.plugin [None req-45f32689-e351-4d44-b892-3c1528234886 - - - - - -] Attempt 1 to provision port 2dc97138-34d3-4eee-bfc1-7adc707cf595
2026-04-07 01:20:42.111 9 INFO neutron.plugins.ml2.plugin [None req-acb11f67-2062-4a4c-98ea-532a7bf967aa - - - - - -] Attempt 1 to provision port 3f926ce6-c89a-4abd-ae67-bd1b10353ebb
2026-04-07 01:20:42.941 9 INFO neutron.plugins.ml2.plugin [None req-66318ebf-0963-4571-ae83-5f8dfe6f5756 - - - - - -] Attempt 1 to provision port 7ded52a9-bc35-4dd3-ae48-22897fd73df3
2026-04-07 01:20:43.817 9 INFO neutron.plugins.ml2.plugin [None req-de41bb5e-08f5-408d-9472-24d26aa56c37 - - - - - -] Attempt 1 to provision port 09c2f073-c672-430a-97a4-b1785e4baec2
2026-04-07 01:20:44.202 10 INFO neutron.plugins.ml2.plugin [None req-5adc0628-ba3c-4548-b9d4-3873c75383b4 - - - - - -] Attempt 1 to provision port 2dc97138-34d3-4eee-bfc1-7adc707cf595
2026-04-07 01:20:44.519 9 INFO neutron.plugins.ml2.plugin [None req-0df36ff5-acf2-447f-98c3-0764c77b96e0 - - - - - -] Attempt 1 to provision port 7ded52a9-bc35-4dd3-ae48-22897fd73df3
2026-04-07 01:20:45.678 9 INFO neutron.plugins.ml2.plugin [None req-cc1b5e0d-90a8-4442-826a-b871a97826d0 - - - - - -] Attempt 1 to provision port 74da64e2-fe49-465f-8b0e-601173ddba7d
2026-04-07 01:20:45.812 10 INFO neutron.plugins.ml2.plugin [None req-de41bb5e-08f5-408d-9472-24d26aa56c37 - - - - - -] Attempt 1 to provision port 09c2f073-c672-430a-97a4-b1785e4baec2
2026-04-07 01:20:46.546 10 INFO neutron.plugins.ml2.plugin [None req-4cf7628a-665d-46cd-a812-f302162e691f - - - - - -] Attempt 1 to provision port 74da64e2-fe49-465f-8b0e-601173ddba7d
2026-04-07 01:20:47.697 10 INFO neutron.plugins.ml2.plugin [None req-7f457fc3-1574-4a20-b150-f986049d3809 - - - - - -] Attempt 1 to provision port 14c66c2f-4502-45c5-8872-55c03b91896e
2026-04-07 01:20:48.559 10 INFO neutron.plugins.ml2.plugin [None req-12cb7877-f29c-4ac0-bce4-578af6afc5ad - - - - - -] Attempt 1 to provision port 14c66c2f-4502-45c5-8872-55c03b91896e
2026-04-07 01:20:55.919 10 INFO neutron.plugins.ml2.plugin [None req-de41bb5e-08f5-408d-9472-24d26aa56c37 - - - - - -] Attempt 1 to provision port 962377dc-4a90-4fde-906c-cb3dea1a1d7f
2026-04-07 01:20:56.066 10 INFO neutron.notifiers.nova [-] Nova event matching ['req-ee3607d6-0b45-410a-9da1-bdee340a4875'] response: {'server_uuid': '20bfd13b-429a-4689-9f3f-caaff4b89d18', 'name': 'network-vif-plugged', 'status': 'completed', 'tag': '962377dc-4a90-4fde-906c-cb3dea1a1d7f', 'code': 200}
2026-04-07 01:20:57.817 9 INFO neutron.plugins.ml2.plugin [None req-de41bb5e-08f5-408d-9472-24d26aa56c37 - - - - - -] Attempt 1 to provision port 962377dc-4a90-4fde-906c-cb3dea1a1d7f
2026-04-07 01:21:01.871 10 INFO neutron.plugins.ml2.plugin [None req-de41bb5e-08f5-408d-9472-24d26aa56c37 - - - - - -] Attempt 1 to provision port 14c66c2f-4502-45c5-8872-55c03b91896e
2026-04-07 01:21:02.289 10 INFO neutron.plugins.ml2.plugin [None req-de41bb5e-08f5-408d-9472-24d26aa56c37 - - - - - -] Attempt 1 to provision port 21733a2a-dfdb-49db-a8f8-a3b042ab2a58
2026-04-07 01:21:03.960 9 INFO neutron.plugins.ml2.plugin [None req-de41bb5e-08f5-408d-9472-24d26aa56c37 - - - - - -] Attempt 1 to provision port 7ded52a9-bc35-4dd3-ae48-22897fd73df3
2026-04-07 01:21:04.299 9 INFO neutron.plugins.ml2.plugin [None req-de41bb5e-08f5-408d-9472-24d26aa56c37 - - - - - -] Attempt 1 to provision port 14c66c2f-4502-45c5-8872-55c03b91896e
2026-04-07 01:21:04.550 9 INFO neutron.plugins.ml2.plugin [None req-de41bb5e-08f5-408d-9472-24d26aa56c37 - - - - - -] Attempt 1 to provision port 74da64e2-fe49-465f-8b0e-601173ddba7d
2026-04-07 01:21:04.904 9 INFO neutron.plugins.ml2.plugin [None req-de41bb5e-08f5-408d-9472-24d26aa56c37 - - - - - -] Attempt 1 to provision port 21733a2a-dfdb-49db-a8f8-a3b042ab2a58
2026-04-07 01:21:05.114 9 INFO neutron.plugins.ml2.plugin [None req-de41bb5e-08f5-408d-9472-24d26aa56c37 - - - - - -] Attempt 1 to provision port a76e2f18-7500-4bb1-a69c-d12357c705e9
2026-04-07 01:21:05.257 9 INFO neutron.notifiers.nova [-] Nova event matching ['req-2f40e0f2-3d1e-41da-9785-ece0c08bf212'] response: {'server_uuid': 'bfb21d56-972e-47e8-b844-8bb1b0f94109', 'name': 'network-vif-plugged', 'status': 'completed', 'tag': 'a76e2f18-7500-4bb1-a69c-d12357c705e9', 'code': 200}
2026-04-07 01:21:05.905 10 INFO neutron.plugins.ml2.plugin [None req-de41bb5e-08f5-408d-9472-24d26aa56c37 - - - - - -] Attempt 1 to provision port 7ded52a9-bc35-4dd3-ae48-22897fd73df3
2026-04-07 01:21:06.188 10 INFO neutron.plugins.ml2.plugin [None req-de41bb5e-08f5-408d-9472-24d26aa56c37 - - - - - -] Attempt 1 to provision port 74da64e2-fe49-465f-8b0e-601173ddba7d
2026-04-07 01:21:06.483 10 INFO neutron.plugins.ml2.plugin [None req-de41bb5e-08f5-408d-9472-24d26aa56c37 - - - - - -] Attempt 1 to provision port a76e2f18-7500-4bb1-a69c-d12357c705e9
2026-04-07 01:21:26.152 10 INFO neutron.plugins.ml2.plugin [None req-52bd136e-89c2-451f-b3fd-b41c9a39bbd5 - - - - - -] Attempt 1 to provision port e4385201-3ab3-4296-8d4b-3c85ab71b239
2026-04-07 01:21:39.694 10 INFO neutron.plugins.ml2.plugin [None req-cb3df709-852e-4331-ad49-07bff907750d - - - - - -] Attempt 1 to provision port 37a5fac0-9415-4a3c-a884-0d766f313b56
2026-04-07 01:21:41.985 10 INFO neutron.plugins.ml2.plugin [None req-de41bb5e-08f5-408d-9472-24d26aa56c37 - - - - - -] Attempt 1 to provision port 37a5fac0-9415-4a3c-a884-0d766f313b56
2026-04-07 01:21:42.168 10 INFO neutron.notifiers.nova [-] Nova event matching ['req-75af1b45-d423-4ca9-b067-b1d80e6c9b07'] response: {'server_uuid': 'c27741be-1b1e-434c-ad90-a439eff2bafc', 'name': 'network-vif-plugged', 'status': 'completed', 'tag': '37a5fac0-9415-4a3c-a884-0d766f313b56', 'code': 200}
2026-04-07 01:21:43.914 9 INFO neutron.plugins.ml2.plugin [None req-de41bb5e-08f5-408d-9472-24d26aa56c37 - - - - - -] Attempt 1 to provision port 37a5fac0-9415-4a3c-a884-0d766f313b56
2026-04-07 01:22:25.207 9 INFO neutron.plugins.ml2.plugin [None req-c4b2ebfd-247f-40f3-995b-52be26037775 - - - - - -] Attempt 1 to provision port 5b523fd8-7d4f-4e65-a6af-d6372ba2905f
2026-04-07 01:22:28.147 9 INFO neutron.plugins.ml2.plugin [None req-de41bb5e-08f5-408d-9472-24d26aa56c37 - - - - - -] Attempt 1 to provision port 5b523fd8-7d4f-4e65-a6af-d6372ba2905f
2026-04-07 01:22:28.359 9 INFO neutron.notifiers.nova [-] Nova event matching ['req-cbcbbccd-68ce-4fbf-9c92-924fcbd93d21'] response: {'server_uuid': 'c27741be-1b1e-434c-ad90-a439eff2bafc', 'name': 'network-vif-plugged', 'status': 'completed', 'tag': '5b523fd8-7d4f-4e65-a6af-d6372ba2905f', 'code': 200}
2026-04-07 01:22:30.099 9 INFO neutron.plugins.ml2.plugin [None req-de41bb5e-08f5-408d-9472-24d26aa56c37 - - - - - -] Attempt 1 to provision port 5b523fd8-7d4f-4e65-a6af-d6372ba2905f
2026-04-07 01:22:56.075 10 INFO neutron.plugins.ml2.plugin [None req-de41bb5e-08f5-408d-9472-24d26aa56c37 - - - - - -] Attempt 1 to provision port db81862d-6c5f-4a73-85a3-7973765544a6
2026-04-07 01:22:56.735 10 INFO neutron.plugins.ml2.plugin [None req-ea380edb-f6e0-44a6-9637-bfe9f900d07d - - - - - -] Attempt 1 to provision port db81862d-6c5f-4a73-85a3-7973765544a6
2026-04-07 01:22:56.906 10 INFO neutron.notifiers.nova [-] Nova event matching ['req-bef8a7de-0da3-4467-84fa-d2cf4cd02308'] response: {'server_uuid': 'c27741be-1b1e-434c-ad90-a439eff2bafc', 'name': 'network-vif-plugged', 'status': 'completed', 'tag': 'db81862d-6c5f-4a73-85a3-7973765544a6', 'code': 200}
2026-04-07 01:22:58.066 9 INFO neutron.plugins.ml2.plugin [None req-de41bb5e-08f5-408d-9472-24d26aa56c37 - - - - - -] Attempt 1 to provision port db81862d-6c5f-4a73-85a3-7973765544a6
2026-04-07 01:23:12.071 10 INFO neutron.plugins.ml2.plugin [None req-de41bb5e-08f5-408d-9472-24d26aa56c37 - - - - - -] Attempt 1 to provision port 5831e9a9-2cd1-47f9-b0f9-4e0e6adbe847
2026-04-07 01:23:12.248 10 INFO neutron.notifiers.nova [-] Nova event matching ['req-c16fd35a-a408-4119-8687-d127f41aacfe'] response: {'server_uuid': 'c27741be-1b1e-434c-ad90-a439eff2bafc', 'name': 'network-vif-plugged', 'status': 'completed', 'tag': '5831e9a9-2cd1-47f9-b0f9-4e0e6adbe847', 'code': 200}
2026-04-07 01:23:12.821 10 INFO neutron.plugins.ml2.plugin [None req-0419bd51-6cd9-4112-9f61-541f34f8a4b4 - - - - - -] Attempt 1 to provision port 5831e9a9-2cd1-47f9-b0f9-4e0e6adbe847
2026-04-07 01:23:14.042 9 INFO neutron.plugins.ml2.plugin [None req-de41bb5e-08f5-408d-9472-24d26aa56c37 - - - - - -] Attempt 1 to provision port 5831e9a9-2cd1-47f9-b0f9-4e0e6adbe847
2026-04-07 01:23:24.003 9 INFO neutron.plugins.ml2.plugin [None req-99d5e694-a7a0-40c6-a55f-a673e043417d - - - - - -] Attempt 1 to provision port 5831e9a9-2cd1-47f9-b0f9-4e0e6adbe847
2026-04-07 01:23:24.096 10 INFO neutron.plugins.ml2.plugin [None req-de41bb5e-08f5-408d-9472-24d26aa56c37 - - - - - -] Attempt 1 to provision port 5831e9a9-2cd1-47f9-b0f9-4e0e6adbe847
2026-04-07 01:23:53.543 10 INFO neutron.plugins.ml2.plugin [None req-d9539b17-e2e1-4457-9369-ce396948bb6a - - - - - -] Attempt 1 to provision port db81862d-6c5f-4a73-85a3-7973765544a6
2026-04-07 01:23:54.079 9 INFO neutron.plugins.ml2.plugin [None req-de41bb5e-08f5-408d-9472-24d26aa56c37 - - - - - -] Attempt 1 to provision port db81862d-6c5f-4a73-85a3-7973765544a6
2026-04-07 01:24:14.322 10 INFO neutron.notifiers.nova [-] Nova event matching ['req-78b86173-3611-4357-a214-4bab1b1efdee'] response: {'server_uuid': 'c27741be-1b1e-434c-ad90-a439eff2bafc', 'name': 'network-vif-unplugged', 'status': 'completed', 'tag': 'db81862d-6c5f-4a73-85a3-7973765544a6', 'code': 200}
2026-04-07 01:25:35.093 9 ERROR neutron.plugins.ml2.managers [None req-28fa6a1a-ba40-42fa-b8a9-b6bc7b691662 - - - - - -] Mechanism driver openvswitch failed in bind_port: neutron_lib.exceptions.SubnetNotFound: Subnet b2d501f2-0f42-4372-9816-49849e5efce9 could not be found.
2026-04-07 01:25:35.093 9 ERROR neutron.plugins.ml2.managers
Traceback (most recent call last):
2026-04-07 01:25:35.093 9 ERROR neutron.plugins.ml2.managers
File "/var/lib/openstack/lib/python3.10/site-packages/neutron/plugins/ml2/managers.py", line 850, in _bind_port_level
2026-04-07 01:25:35.093 9 ERROR neutron.plugins.ml2.managers driver.obj.bind_port(context)
2026-04-07 01:25:35.093 9 ERROR neutron.plugins.ml2.managers
File "/var/lib/openstack/lib/python3.10/site-packages/neutron/plugins/ml2/drivers/openvswitch/mech_driver/mech_openvswitch.py", line 133, in bind_port
2026-04-07 01:25:35.093 9 ERROR neutron.plugins.ml2.managers super(OpenvswitchMechanismDriver, self).bind_port(context)
2026-04-07 01:25:35.093 9 ERROR neutron.plugins.ml2.managers
File "/var/lib/openstack/lib/python3.10/site-packages/neutron/plugins/ml2/drivers/mech_agent.py", line 104, in bind_port
2026-04-07 01:25:35.093 9 ERROR neutron.plugins.ml2.managers subnets = self.get_subnets_from_fixed_ips(context)
2026-04-07 01:25:35.093 9 ERROR neutron.plugins.ml2.managers
File "/var/lib/openstack/lib/python3.10/site-packages/neutron/plugins/ml2/drivers/mech_agent.py", line 149, in get_subnets_from_fixed_ips
2026-04-07 01:25:35.093 9 ERROR neutron.plugins.ml2.managers subnets.append(context._plugin.get_subnet(
2026-04-07 01:25:35.093 9 ERROR neutron.plugins.ml2.managers
File "/var/lib/openstack/lib/python3.10/site-packages/neutron_lib/db/api.py", line 223, in wrapped
2026-04-07 01:25:35.093 9 ERROR neutron.plugins.ml2.managers return f_with_retry(*args, **kwargs,
2026-04-07 01:25:35.093 9 ERROR neutron.plugins.ml2.managers
File "/var/lib/openstack/lib/python3.10/site-packages/neutron_lib/db/api.py", line 137, in wrapped
2026-04-07 01:25:35.093 9 ERROR neutron.plugins.ml2.managers with excutils.save_and_reraise_exception():
2026-04-07 01:25:35.093 9 ERROR neutron.plugins.ml2.managers
File "/var/lib/openstack/lib/python3.10/site-packages/oslo_utils/excutils.py", line 227, in __exit__
2026-04-07 01:25:35.093 9 ERROR neutron.plugins.ml2.managers self.force_reraise()
2026-04-07 01:25:35.093 9 ERROR neutron.plugins.ml2.managers
