2026-02-25 07:26:51.322 7 INFO placement.requestlog [req-74bb7f84-0f0b-4fa5-a562-ec2c8bc8df94 req-bf15db67-872c-437e-903f-ba2b34c13b51 2725ff64e940498b8065ab3aa08ec44f fe1cf9ba7fa24e32b8b90da814b4613b - - beb0ed6be28c4bf9b5f9a36a7758f38e beb0ed6be28c4bf9b5f9a36a7758f38e] 199.204.45.99 "GET /allocations/d57af4b3-4f39-46fc-85b5-64361de43a11" status: 200 len: 258 microversion: 1.28 [pid: 7|app: 0|req: 599/1190] 199.204.45.99 () {34 vars in 861 bytes} [Wed Feb 25 07:26:51 2026] GET /allocations/d57af4b3-4f39-46fc-85b5-64361de43a11 => generated 258 bytes in 13 msecs (HTTP/1.1 200) 8 headers in 296 bytes (1 switches on core 0)
2026-02-25 07:26:58.348 8 INFO placement.requestlog [req-fe123487-7eea-432d-8c32-8d414b7121ac req-13de4042-6a7b-4606-a48a-899556f6583a 2725ff64e940498b8065ab3aa08ec44f fe1cf9ba7fa24e32b8b90da814b4613b - - beb0ed6be28c4bf9b5f9a36a7758f38e beb0ed6be28c4bf9b5f9a36a7758f38e] 199.204.45.99 "GET /resource_providers/64c61dbc-32ed-42e9-ab1c-52248f7d49ed/allocations" status: 200 len: 153 microversion: 1.0 [pid: 8|app: 0|req: 592/1191] 199.204.45.99 () {32 vars in 855 bytes} [Wed Feb 25 07:26:58 2026] GET /resource_providers/64c61dbc-32ed-42e9-ab1c-52248f7d49ed/allocations => generated 153 bytes in 13 msecs (HTTP/1.1 200) 6 headers in 224 bytes (1 switches on core 0)
2026-02-25 07:26:58.369 7 INFO placement.requestlog [req-fe123487-7eea-432d-8c32-8d414b7121ac req-77925853-2653-4d83-ad3e-e18ba27db730 2725ff64e940498b8065ab3aa08ec44f fe1cf9ba7fa24e32b8b90da814b4613b - - beb0ed6be28c4bf9b5f9a36a7758f38e beb0ed6be28c4bf9b5f9a36a7758f38e] 199.204.45.99 "GET /resource_providers/64c61dbc-32ed-42e9-ab1c-52248f7d49ed/allocations" status: 200 len: 153 microversion: 1.0 [pid: 7|app: 0|req: 600/1192] 199.204.45.99 () {32 vars in 855 bytes} [Wed Feb 25 07:26:58 2026] GET /resource_providers/64c61dbc-32ed-42e9-ab1c-52248f7d49ed/allocations => generated 153 bytes in 16 msecs (HTTP/1.1 200) 6 headers in 224 bytes (1 switches on core 0)
2026-02-25 07:26:58.391 8 INFO placement.requestlog [req-fe123487-7eea-432d-8c32-8d414b7121ac req-3d511228-00cf-482a-809e-952cce8368e7 2725ff64e940498b8065ab3aa08ec44f fe1cf9ba7fa24e32b8b90da814b4613b - - beb0ed6be28c4bf9b5f9a36a7758f38e beb0ed6be28c4bf9b5f9a36a7758f38e] 199.204.45.99 "GET /allocations/d57af4b3-4f39-46fc-85b5-64361de43a11" status: 200 len: 258 microversion: 1.28 [pid: 8|app: 0|req: 593/1193] 199.204.45.99 () {34 vars in 861 bytes} [Wed Feb 25 07:26:58 2026] GET /allocations/d57af4b3-4f39-46fc-85b5-64361de43a11 => generated 258 bytes in 14 msecs (HTTP/1.1 200) 8 headers in 296 bytes (1 switches on core 0)
2026-02-25 07:27:00.768 7 INFO placement.requestlog [None req-5361e84f-52e0-4a01-9a84-3fb7563f2fb0 - - - - - -] 10.0.0.231 "GET /" status: 200 len: 136 microversion: 1.0
2026-02-25 07:27:00.768 8 INFO placement.requestlog [None req-9eb754f3-ad49-4077-8b99-b437ef05a6e4 - - - - - -] 10.0.0.231 "GET /" status: 200 len: 136 microversion: 1.0
2026-02-25 07:27:02.372 7 INFO placement.requestlog [None req-79783f9e-6717-492f-ae51-e7cbeacc5d2f 5dd02c76bbbf42c6a7615b6d5c4c626f 6022d6d06f154e18a3a490e9868792a6 - - default default] 10.0.0.206 "GET /resource_providers" status: 200 len: 406 microversion: 1.0 [pid: 7|app: 0|req: 602/1196] 10.0.0.206 () {28 vars in 592 bytes} [Wed Feb 25 07:27:02 2026] GET /resource_providers => generated 406 bytes in 48 msecs (HTTP/1.1 200) 6 headers in 224 bytes (1 switches on core 0)
2026-02-25 07:27:02.410 8 INFO placement.requestlog [None req-92a66584-35df-469c-8c9b-fc302556ea5a 5dd02c76bbbf42c6a7615b6d5c4c626f 6022d6d06f154e18a3a490e9868792a6 - - default default] 10.0.0.206 "GET /resource_providers/64c61dbc-32ed-42e9-ab1c-52248f7d49ed/inventories" status: 200 len: 401 microversion: 1.0 [pid: 8|app: 0|req: 595/1197] 10.0.0.206 () {28 vars in 690 bytes} [Wed Feb 25 07:27:02 2026] GET /resource_providers/64c61dbc-32ed-42e9-ab1c-52248f7d49ed/inventories => generated 401 bytes in 31 msecs (HTTP/1.1 200) 6 headers in 224 bytes (1 switches on core 0)
2026-02-25 07:27:02.437 7 INFO placement.requestlog [None req-452846fb-2971-4740-b09c-f973180c3424 5dd02c76bbbf42c6a7615b6d5c4c626f 6022d6d06f154e18a3a490e9868792a6 - - default default] 10.0.0.206 "GET /resource_providers/64c61dbc-32ed-42e9-ab1c-52248f7d49ed/usages" status: 200 len: 91 microversion: 1.0 [pid: 7|app: 0|req: 603/1198] 10.0.0.206 () {28 vars in 680 bytes} [Wed Feb 25 07:27:02 2026] GET /resource_providers/64c61dbc-32ed-42e9-ab1c-52248f7d49ed/usages => generated 91 bytes in 21 msecs (HTTP/1.1 200) 6 headers in 223 bytes (1 switches on core 0)
2026-02-25 07:27:05.946 8 INFO placement.requestlog [req-de613a72-22b7-41be-8a26-2d30f672e9d9 req-e1460544-28c2-4014-9694-2ed4efcdf43a 2725ff64e940498b8065ab3aa08ec44f fe1cf9ba7fa24e32b8b90da814b4613b - - beb0ed6be28c4bf9b5f9a36a7758f38e beb0ed6be28c4bf9b5f9a36a7758f38e] 10.0.0.28 "GET /allocation_candidates?limit=1000&resources=DISK_GB%3A1%2CMEMORY_MB%3A512%2CVCPU%3A1&root_required=%21COMPUTE_STATUS_DISABLED" status: 200 len: 2642 microversion: 1.36 [pid: 8|app: 0|req: 596/1199] 10.0.0.28 () {34 vars in 1010 bytes} [Wed Feb 25 07:27:05 2026] GET /allocation_candidates?limit=1000&resources=DISK_GB%3A1%2CMEMORY_MB%3A512%2CVCPU%3A1&root_required=%21COMPUTE_STATUS_DISABLED => generated 2642 bytes in 61 msecs (HTTP/1.1 200) 8 headers in 297 bytes (1 switches on core 0)
2026-02-25 07:27:05.993 7 INFO placement.requestlog [req-de613a72-22b7-41be-8a26-2d30f672e9d9 req-e18c7f1b-e3f5-42be-bfa5-d2374e9175db 2725ff64e940498b8065ab3aa08ec44f fe1cf9ba7fa24e32b8b90da814b4613b - - beb0ed6be28c4bf9b5f9a36a7758f38e beb0ed6be28c4bf9b5f9a36a7758f38e] 10.0.0.28 "GET /allocations/5fe6e4d2-6a62-462d-8b3f-597c749e037f" status: 200 len: 19 microversion: 1.28 [pid: 7|app: 0|req: 604/1200] 10.0.0.28 () {34 vars in 859 bytes} [Wed Feb 25 07:27:05 2026] GET /allocations/5fe6e4d2-6a62-462d-8b3f-597c749e037f => generated 19 bytes in 12 msecs (HTTP/1.1 200) 8 headers in 295 bytes (1 switches on core 0)
2026-02-25 07:27:06.047 8 INFO placement.requestlog [req-de613a72-22b7-41be-8a26-2d30f672e9d9 req-6f426215-1631-4a30-b3a0-825d5d8643c0 2725ff64e940498b8065ab3aa08ec44f fe1cf9ba7fa24e32b8b90da814b4613b - - beb0ed6be28c4bf9b5f9a36a7758f38e beb0ed6be28c4bf9b5f9a36a7758f38e] 10.0.0.28 "PUT /allocations/5fe6e4d2-6a62-462d-8b3f-597c749e037f" status: 204 len: 0 microversion: 1.36 [pid: 8|app: 0|req: 597/1201] 10.0.0.28 () {38 vars in 912 bytes} [Wed Feb 25 07:27:05 2026] PUT /allocations/5fe6e4d2-6a62-462d-8b3f-597c749e037f => generated 0 bytes in 48 msecs (HTTP/1.1 204) 5 headers in 199 bytes (1 switches on core 0)
2026-02-25 07:27:07.513 7 INFO placement.requestlog [req-de613a72-22b7-41be-8a26-2d30f672e9d9 req-a0a6cce6-77db-4496-8083-a892421e7a9f 2725ff64e940498b8065ab3aa08ec44f fe1cf9ba7fa24e32b8b90da814b4613b - - beb0ed6be28c4bf9b5f9a36a7758f38e beb0ed6be28c4bf9b5f9a36a7758f38e] 199.204.45.99 "GET /allocations/5fe6e4d2-6a62-462d-8b3f-597c749e037f" status: 200 len: 258 microversion: 1.28 [pid: 7|app: 0|req: 605/1202] 199.204.45.99 () {34 vars in 861 bytes} [Wed Feb 25 07:27:07 2026] GET /allocations/5fe6e4d2-6a62-462d-8b3f-597c749e037f => generated 258 bytes in 13 msecs (HTTP/1.1 200) 8 headers in 296 bytes (1 switches on core 0)
2026-02-25 07:27:08.558 8 INFO placement.requestlog [req-de613a72-22b7-41be-8a26-2d30f672e9d9 req-f11afa23-b767-4d6f-a37a-8f7cd13b6f30 2725ff64e940498b8065ab3aa08ec44f fe1cf9ba7fa24e32b8b90da814b4613b - - beb0ed6be28c4bf9b5f9a36a7758f38e beb0ed6be28c4bf9b5f9a36a7758f38e] 199.204.45.99 "GET /resource_providers/64c61dbc-32ed-42e9-ab1c-52248f7d49ed/allocations" status: 200 len: 253 microversion: 1.0 [pid: 8|app: 0|req: 598/1203] 199.204.45.99 () {32 vars in 855 bytes} [Wed Feb 25 07:27:08 2026] GET /resource_providers/64c61dbc-32ed-42e9-ab1c-52248f7d49ed/allocations => generated 253 bytes in 18 msecs (HTTP/1.1 200) 6 headers in 224 bytes (1 switches on core 0)
2026-02-25 07:27:08.575 7 INFO placement.requestlog [req-de613a72-22b7-41be-8a26-2d30f672e9d9 req-01d2fa07-5edb-4900-b8a8-5bd33686057a 2725ff64e940498b8065ab3aa08ec44f fe1cf9ba7fa24e32b8b90da814b4613b - - beb0ed6be28c4bf9b5f9a36a7758f38e beb0ed6be28c4bf9b5f9a36a7758f38e] 199.204.45.99 "GET /allocations/d57af4b3-4f39-46fc-85b5-64361de43a11" status: 200 len: 258 microversion: 1.28 [pid: 7|app: 0|req: 606/1204] 199.204.45.99 () {34 vars in 861 bytes} [Wed Feb 25 07:27:08 2026] GET /allocations/d57af4b3-4f39-46fc-85b5-64361de43a11 => generated 258 bytes in 13 msecs (HTTP/1.1 200) 8 headers in 296 bytes (1 switches on core 0)
2026-02-25 07:27:08.593 8 INFO placement.requestlog [req-de613a72-22b7-41be-8a26-2d30f672e9d9 req-def5ce1b-4860-45a8-b75f-150b7a3984df 2725ff64e940498b8065ab3aa08ec44f fe1cf9ba7fa24e32b8b90da814b4613b - - beb0ed6be28c4bf9b5f9a36a7758f38e beb0ed6be28c4bf9b5f9a36a7758f38e] 199.204.45.99 "GET /allocations/5fe6e4d2-6a62-462d-8b3f-597c749e037f" status: 200 len: 258 microversion: 1.28 [pid: 8|app: 0|req: 599/1205] 199.204.45.99 () {34 vars in 861 bytes} [Wed Feb 25 07:27:08 2026] GET /allocations/5fe6e4d2-6a62-462d-8b3f-597c749e037f => generated 258 bytes in 12 msecs (HTTP/1.1 200) 8 headers in 296 bytes (1 switches on core 0)
2026-02-25 07:27:10.768 8 INFO placement.requestlog [None req-582e6a81-a7c8-45a6-b7bf-161f8bc14e10 - - - - - -] 10.0.0.231 "GET /" status: 200 len: 136 microversion: 1.0
2026-02-25 07:27:10.768 7 INFO placement.requestlog [None req-d652f15d-7214-4dc5-bfd5-a4a5f696a921 - - - - - -] 10.0.0.231 "GET /" status: 200 len: 136 microversion: 1.0
2026-02-25 07:27:20.767 8 INFO placement.requestlog [None req-fab5c24b-79d3-4fec-b1a4-2cdfa45eac33 - - - - - -] 10.0.0.231 "GET /" status: 200 len: 136 microversion: 1.0
2026-02-25 07:27:20.767 7 INFO placement.requestlog [None req-bce98eed-1ac3-4ea9-8d85-193ca87f76f1 - - - - - -] 10.0.0.231 "GET /" status: 200 len: 136 microversion: 1.0
2026-02-25 07:27:30.768 8 INFO placement.requestlog [None req-ad1a0c12-da68-46d5-8af4-173d69566e79 - - - - - -] 10.0.0.231 "GET /" status: 200 len: 136 microversion: 1.0
2026-02-25 07:27:30.768 7 INFO placement.requestlog [None req-3499eed9-0b86-4d86-8832-cfc0e122e295 - - - - - -] 10.0.0.231 "GET /" status: 200 len: 136 microversion: 1.0
2026-02-25 07:27:40.767 8 INFO placement.requestlog [None req-0eaf60e3-124a-44cd-b1cd-b050e0ac7894 - - - - - -] 10.0.0.231 "GET /" status: 200 len: 136 microversion: 1.0
2026-02-25 07:27:40.767 7 INFO placement.requestlog [None req-823bf06b-84dd-4aad-a31d-d0b94aef0e6c - - - - - -] 10.0.0.231 "GET /" status: 200 len: 136 microversion: 1.0
2026-02-25 07:27:50.768 8 INFO placement.requestlog [None req-da6684ca-3b29-4e2d-be6a-ef2dc8a56bcd - - - - - -] 10.0.0.231 "GET /" status: 200 len: 136 microversion: 1.0
2026-02-25 07:27:50.768 7 INFO placement.requestlog [None req-303c89f9-f61f-4d02-b8f3-cd043cc0c9a3 - - - - - -] 10.0.0.231 "GET /" status: 200 len: 136 microversion: 1.0
2026-02-25 07:27:53.007 8 INFO placement.requestlog [req-1724556b-5edb-41a9-b4c8-f882e8811841 req-b52d33f6-dc00-4d3a-8361-aaeebe6f5539 2725ff64e940498b8065ab3aa08ec44f fe1cf9ba7fa24e32b8b90da814b4613b - - beb0ed6be28c4bf9b5f9a36a7758f38e beb0ed6be28c4bf9b5f9a36a7758f38e] 10.0.0.28 "GET /allocation_candidates?limit=1000&resources=MEMORY_MB%3A2048%2CVCPU%3A2&root_required=%21COMPUTE_STATUS_DISABLED" status: 200 len: 2630 microversion: 1.36 [pid: 8|app: 0|req: 605/1216] 10.0.0.28 () {34 vars in 984 bytes} [Wed Feb 25 07:27:52 2026] GET /allocation_candidates?limit=1000&resources=MEMORY_MB%3A2048%2CVCPU%3A2&root_required=%21COMPUTE_STATUS_DISABLED => generated 2630 bytes in 46 msecs (HTTP/1.1 200) 8 headers in 297 bytes (1 switches on core 0)
2026-02-25 07:27:53.045 7 INFO placement.requestlog [req-1724556b-5edb-41a9-b4c8-f882e8811841 req-2bcfbaf4-a953-49e5-97ab-af2201651eea 2725ff64e940498b8065ab3aa08ec44f fe1cf9ba7fa24e32b8b90da814b4613b - - beb0ed6be28c4bf9b5f9a36a7758f38e beb0ed6be28c4bf9b5f9a36a7758f38e] 10.0.0.28 "GET /allocations/72011b9e-00ba-44cb-8f71-987274727a8d" status: 200 len: 19 microversion: 1.28 [pid: 7|app: 0|req: 612/1217] 10.0.0.28 () {34 vars in 859 bytes} [Wed Feb 25 07:27:53 2026] GET /allocations/72011b9e-00ba-44cb-8f71-987274727a8d => generated 19 bytes in 15 msecs (HTTP/1.1 200) 8 headers in 295 bytes (1 switches on core 0)
2026-02-25 07:27:53.139 8 INFO placement.requestlog [req-1724556b-5edb-41a9-b4c8-f882e8811841 req-d400fef9-9ff4-46d4-a60f-709dd1e6e990 2725ff64e940498b8065ab3aa08ec44f fe1cf9ba7fa24e32b8b90da814b4613b - - beb0ed6be28c4bf9b5f9a36a7758f38e beb0ed6be28c4bf9b5f9a36a7758f38e] 10.0.0.28 "PUT /allocations/72011b9e-00ba-44cb-8f71-987274727a8d" status: 204 len: 0 microversion: 1.36 [pid: 8|app: 0|req: 606/1218] 10.0.0.28 () {38 vars in 912 bytes} [Wed Feb 25 07:27:53 2026] PUT /allocations/72011b9e-00ba-44cb-8f71-987274727a8d => generated 0 bytes in 82 msecs (HTTP/1.1 204) 5 headers in 199 bytes (1 switches on core 0)
2026-02-25 07:27:54.608 7 INFO placement.requestlog [req-1724556b-5edb-41a9-b4c8-f882e8811841 req-9adf2b4c-cf29-40fc-9335-c920afa84f0a 2725ff64e940498b8065ab3aa08ec44f fe1cf9ba7fa24e32b8b90da814b4613b - - beb0ed6be28c4bf9b5f9a36a7758f38e beb0ed6be28c4bf9b5f9a36a7758f38e] 199.204.45.99 "GET /allocations/72011b9e-00ba-44cb-8f71-987274727a8d" status: 200 len: 245 microversion: 1.28 [pid: 7|app: 0|req: 613/1219] 199.204.45.99 () {34 vars in 861 bytes} [Wed Feb 25 07:27:54 2026] GET /allocations/72011b9e-00ba-44cb-8f71-987274727a8d => generated 245 bytes in 14 msecs (HTTP/1.1 200) 8 headers in 296 bytes (1 switches on core 0)
2026-02-25 07:27:55.647 8 INFO placement.requestlog [req-1724556b-5edb-41a9-b4c8-f882e8811841 req-6f4df2b0-c1b1-41ef-80ce-8d8dda9ef752 2725ff64e940498b8065ab3aa08ec44f fe1cf9ba7fa24e32b8b90da814b4613b - - beb0ed6be28c4bf9b5f9a36a7758f38e beb0ed6be28c4bf9b5f9a36a7758f38e] 199.204.45.99 "GET /resource_providers/64c61dbc-32ed-42e9-ab1c-52248f7d49ed/allocations" status: 200 len: 340 microversion: 1.0 [pid: 8|app: 0|req: 607/1220] 199.204.45.99 () {32 vars in 855 bytes} [Wed Feb 25 07:27:55 2026] GET /resource_providers/64c61dbc-32ed-42e9-ab1c-52248f7d49ed/allocations => generated 340 bytes in 16 msecs (HTTP/1.1 200) 6 headers in 224 bytes (1 switches on core 0)
2026-02-25 07:27:55.664 7 INFO placement.requestlog [req-1724556b-5edb-41a9-b4c8-f882e8811841 req-4014682f-9cef-4b6d-964b-0fe60367beb5 2725ff64e940498b8065ab3aa08ec44f fe1cf9ba7fa24e32b8b90da814b4613b - - beb0ed6be28c4bf9b5f9a36a7758f38e beb0ed6be28c4bf9b5f9a36a7758f38e] 199.204.45.99 "GET /allocations/72011b9e-00ba-44cb-8f71-987274727a8d" status: 200 len: 245 microversion: 1.28 [pid: 7|app: 0|req: 614/1221] 199.204.45.99 () {34 vars in 861 bytes} [Wed Feb 25 07:27:55 2026] GET /allocations/72011b9e-00ba-44cb-8f71-987274727a8d => generated 245 bytes in 14 msecs (HTTP/1.1 200) 8 headers in 296 bytes (1 switches on core 0)
2026-02-25 07:27:55.681 8 INFO placement.requestlog [req-1724556b-5edb-41a9-b4c8-f882e8811841 req-b2209e56-dbe6-4789-bdb7-49e174214548 2725ff64e940498b8065ab3aa08ec44f fe1cf9ba7fa24e32b8b90da814b4613b - - beb0ed6be28c4bf9b5f9a36a7758f38e beb0ed6be28c4bf9b5f9a36a7758f38e] 199.204.45.99 "GET /allocations/d57af4b3-4f39-46fc-85b5-64361de43a11" status: 200 len: 258 microversion: 1.28 [pid: 8|app: 0|req: 608/1222] 199.204.45.99 () {34 vars in 861 bytes} [Wed Feb 25 07:27:55 2026] GET /allocations/d57af4b3-4f39-46fc-85b5-64361de43a11 => generated 258 bytes in 13 msecs (HTTP/1.1 200) 8 headers in 296 bytes (1 switches on core 0)
2026-02-25 07:27:55.698 7 INFO placement.requestlog [req-1724556b-5edb-41a9-b4c8-f882e8811841 req-c1c79776-5fa0-46b7-a79b-7c48d2daee42 2725ff64e940498b8065ab3aa08ec44f fe1cf9ba7fa24e32b8b90da814b4613b - - beb0ed6be28c4bf9b5f9a36a7758f38e beb0ed6be28c4bf9b5f9a36a7758f38e] 199.204.45.99 "GET /allocations/5fe6e4d2-6a62-462d-8b3f-597c749e037f" status: 200 len: 258 microversion: 1.28 [pid: 7|app: 0|req: 615/1223] 199.204.45.99 () {34 vars in 861 bytes} [Wed Feb 25 07:27:55 2026] GET /allocations/5fe6e4d2-6a62-462d-8b3f-597c749e037f => generated 258 bytes in 13 msecs (HTTP/1.1 200) 8 headers in 296 bytes (1 switches on core 0)
2026-02-25 07:28:00.767 8 INFO placement.requestlog [None req-1474b522-fe2b-4ce4-8acd-2b6b4700c5fb - - - - - -] 10.0.0.231 "GET /" status: 200 len: 136 microversion: 1.0
2026-02-25 07:28:00.767 7 INFO placement.requestlog [None req-699d2f76-7cbe-4368-bd78-c987530cefbf - - - - - -] 10.0.0.231 "GET /" status: 200 len: 136 microversion: 1.0
2026-02-25 07:28:01.830 8 INFO placement.requestlog [req-f5eea27c-44ea-44a4-b5ae-6abf63ac7ab1 req-43f4a1b4-48f4-4f2c-9f82-5e24edd36bf5 2725ff64e940498b8065ab3aa08ec44f fe1cf9ba7fa24e32b8b90da814b4613b - - beb0ed6be28c4bf9b5f9a36a7758f38e beb0ed6be28c4bf9b5f9a36a7758f38e] 199.204.45.99 "GET /resource_providers/64c61dbc-32ed-42e9-ab1c-52248f7d49ed/allocations" status: 200 len: 340 microversion: 1.0 [pid: 8|app: 0|req: 610/1226] 199.204.45.99 () {32 vars in 855 bytes} [Wed Feb 25 07:28:01 2026] GET /resource_providers/64c61dbc-32ed-42e9-ab1c-52248f7d49ed/allocations => generated 340 bytes in 18 msecs (HTTP/1.1 200) 6 headers in 224 bytes (1 switches on core 0)
2026-02-25 07:28:01.854 7 INFO placement.requestlog [req-f5eea27c-44ea-44a4-b5ae-6abf63ac7ab1 req-6d4c84e9-9583-4b2c-af40-e0b9f23662ac 2725ff64e940498b8065ab3aa08ec44f fe1cf9ba7fa24e32b8b90da814b4613b - - beb0ed6be28c4bf9b5f9a36a7758f38e beb0ed6be28c4bf9b5f9a36a7758f38e] 199.204.45.99 "GET /resource_providers/64c61dbc-32ed-42e9-ab1c-52248f7d49ed/allocations" status: 200 len: 340 microversion: 1.0 [pid: 7|app: 0|req: 617/1227] 199.204.45.99 () {32 vars in 855 bytes} [Wed Feb 25 07:28:01 2026] GET /resource_providers/64c61dbc-32ed-42e9-ab1c-52248f7d49ed/allocations => generated 340 bytes in 17 msecs (HTTP/1.1 200) 6 headers in 224 bytes (1 switches on core 0)
2026-02-25 07:28:01.875 8 INFO placement.requestlog [req-f5eea27c-44ea-44a4-b5ae-6abf63ac7ab1 req-7b5aaef4-43e6-4dc2-bb3f-8f97e514fc07 2725ff64e940498b8065ab3aa08ec44f fe1cf9ba7fa24e32b8b90da814b4613b - - beb0ed6be28c4bf9b5f9a36a7758f38e beb0ed6be28c4bf9b5f9a36a7758f38e] 199.204.45.99 "GET /allocations/72011b9e-00ba-44cb-8f71-987274727a8d" status: 200 len: 245 microversion: 1.28 [pid: 8|app: 0|req: 611/1228] 199.204.45.99 () {34 vars in 861 bytes} [Wed Feb 25 07:28:01 2026] GET /allocations/72011b9e-00ba-44cb-8f71-987274727a8d => generated 245 bytes in 15 msecs (HTTP/1.1 200) 8 headers in 296 bytes (1 switches on core 0)
2026-02-25 07:28:01.894 7 INFO placement.requestlog [req-f5eea27c-44ea-44a4-b5ae-6abf63ac7ab1 req-52671341-bd68-4f8a-885b-7a54f47a7d08 2725ff64e940498b8065ab3aa08ec44f fe1cf9ba7fa24e32b8b90da814b4613b - - beb0ed6be28c4bf9b5f9a36a7758f38e beb0ed6be28c4bf9b5f9a36a7758f38e] 199.204.45.99 "GET /allocations/d57af4b3-4f39-46fc-85b5-64361de43a11" status: 200 len: 258 microversion: 1.28 [pid: 7|app: 0|req: 618/1229] 199.204.45.99 () {34 vars in 861 bytes} [Wed Feb 25 07:28:01 2026] GET /allocations/d57af4b3-4f39-46fc-85b5-64361de43a11 => generated 258 bytes in 13 msecs (HTTP/1.1 200) 8 headers in 296 bytes (1 switches on core 0)
2026-02-25 07:28:01.915 8 INFO placement.requestlog [req-f5eea27c-44ea-44a4-b5ae-6abf63ac7ab1 req-2692809e-a0da-453e-a3df-d39c329a8a13 2725ff64e940498b8065ab3aa08ec44f fe1cf9ba7fa24e32b8b90da814b4613b - - beb0ed6be28c4bf9b5f9a36a7758f38e beb0ed6be28c4bf9b5f9a36a7758f38e] 199.204.45.99 "GET /allocations/5fe6e4d2-6a62-462d-8b3f-597c749e037f" status: 200 len: 258 microversion: 1.28 [pid: 8|app: 0|req: 612/1230] 199.204.45.99 () {34 vars in 861 bytes} [Wed Feb 25 07:28:01 2026] GET /allocations/5fe6e4d2-6a62-462d-8b3f-597c749e037f => generated 258 bytes in 13 msecs (HTTP/1.1 200) 8 headers in 296 bytes (1 switches on core 0)
2026-02-25 07:28:02.234 7 INFO placement.requestlog [None req-90212d8a-0c8c-4071-b411-830442327b60 5dd02c76bbbf42c6a7615b6d5c4c626f 6022d6d06f154e18a3a490e9868792a6 - - default default] 10.0.0.206 "GET /resource_providers" status: 200 len: 406 microversion: 1.0 [pid: 7|app: 0|req: 619/1231] 10.0.0.206 () {28 vars in 592 bytes} [Wed Feb 25 07:28:02 2026] GET /resource_providers => generated 406 bytes in 63 msecs (HTTP/1.1 200) 6 headers in 224 bytes (1 switches on core 0)
2026-02-25 07:28:02.267 8 INFO placement.requestlog [None req-d8ba16a7-4a1c-4699-9afc-d0f663c23b2d 5dd02c76bbbf42c6a7615b6d5c4c626f 6022d6d06f154e18a3a490e9868792a6 - - default default] 10.0.0.206 "GET /resource_providers/64c61dbc-32ed-42e9-ab1c-52248f7d49ed/inventories" status: 200 len: 401 microversion: 1.0 [pid: 8|app: 0|req: 613/1232] 10.0.0.206 () {28 vars in 690 bytes} [Wed Feb 25 07:28:02 2026] GET /resource_providers/64c61dbc-32ed-42e9-ab1c-52248f7d49ed/inventories => generated 401 bytes in 29 msecs (HTTP/1.1 200) 6 headers in 224 bytes (1 switches on core 0)
2026-02-25 07:28:02.285 7 INFO placement.requestlog [None req-2aaddd5b-d880-458a-a615-b1547ad6f00a 5dd02c76bbbf42c6a7615b6d5c4c626f 6022d6d06f154e18a3a490e9868792a6 - - default default] 10.0.0.206 "GET /resource_providers/64c61dbc-32ed-42e9-ab1c-52248f7d49ed/usages" status: 200 len: 92 microversion: 1.0 [pid: 7|app: 0|req: 620/1233] 10.0.0.206 () {28 vars in 680 bytes} [Wed Feb 25 07:28:02 2026] GET /resource_providers/64c61dbc-32ed-42e9-ab1c-52248f7d49ed/usages => generated 92 bytes in 13 msecs (HTTP/1.1 200) 6 headers in 223 bytes (1 switches on core 0)
2026-02-25 07:28:10.768 7 INFO placement.requestlog [None req-378832d6-c9e9-455b-919c-0cd10d69be1d - - - - - -] 10.0.0.231 "GET /" status: 200 len: 136 microversion: 1.0
2026-02-25 07:28:10.768 8 INFO placement.requestlog [None req-0f5a2b30-a258-4493-b971-5a0bc7309313 - - - - - -] 10.0.0.231 "GET /" status: 200 len: 136 microversion: 1.0
2026-02-25 07:28:20.768 7 INFO placement.requestlog [None req-bd0d26a7-9de3-457b-8451-4d291f3f02b7 - - - - - -] 10.0.0.231 "GET /" status: 200 len: 136 microversion: 1.0
2026-02-25 07:28:20.768 8 INFO placement.requestlog [None req-0d0a96aa-fefc-4478-8ddc-5b30d2e3aa7b - - - - - -] 10.0.0.231 "GET /" status: 200 len: 136 microversion: 1.0
2026-02-25 07:28:30.767 8 INFO placement.requestlog [None req-545a37be-9619-4d30-8a83-daf904a2a1fc - - - - - -] 10.0.0.231 "GET /" status: 200 len: 136 microversion: 1.0
2026-02-25 07:28:30.768 7 INFO placement.requestlog [None req-928b9c9c-441d-4c0e-bbae-d08e85d02753 - - - - - -] 10.0.0.231 "GET /" status: 200 len: 136 microversion: 1.0
2026-02-25 07:28:40.767 8 INFO placement.requestlog [None req-d3cb900a-ee5d-4047-9c24-53f5be1e7ff3 - - - - - -] 10.0.0.231 "GET /" status: 200 len: 136 microversion: 1.0
2026-02-25 07:28:40.767 7 INFO placement.requestlog [None req-c3d795bb-e458-4119-9716-ddbfadc1ec34 - - - - - -] 10.0.0.231 "GET /" status: 200 len: 136 microversion: 1.0
2026-02-25 07:28:50.767 8 INFO placement.requestlog [None req-61b75b3d-5204-4eba-9886-0d57ebeec9ec - - - - - -] 10.0.0.231 "GET /" status: 200 len: 136 microversion: 1.0
2026-02-25 07:28:50.767 7 INFO placement.requestlog [None req-f0c517a7-6c9d-4727-9c3a-8800d84777ce - - - - - -] 10.0.0.231 "GET /" status: 200 len: 136 microversion: 1.0
2026-02-25 07:29:00.767 8 INFO placement.requestlog [None req-07b8a851-cbc8-4ea0-aeec-cc3f8d472556 - - - - - -] 10.0.0.231 "GET /" status: 200 len: 136 microversion: 1.0
2026-02-25 07:29:00.767 7 INFO placement.requestlog [None req-440c4da1-b91f-4721-9574-1594179971b8 - - - - - -] 10.0.0.231 "GET /" status: 200 len: 136 microversion: 1.0
2026-02-25 07:29:01.713 7 INFO placement.requestlog [req-31d0f538-be00-4dfa-aced-dbfa1592e2ee req-04c04a47-c38c-41f4-b9d9-30be7fa55943 2725ff64e940498b8065ab3aa08ec44f fe1cf9ba7fa24e32b8b90da814b4613b - - beb0ed6be28c4bf9b5f9a36a7758f38e beb0ed6be28c4bf9b5f9a36a7758f38e] 199.204.45.99 "GET /resource_providers/64c61dbc-32ed-42e9-ab1c-52248f7d49ed/allocations" status: 200 len: 340 microversion: 1.0 [pid: 7|app: 0|req: 627/1246] 199.204.45.99 () {32 vars in 855 bytes} [Wed Feb 25 07:29:01 2026] GET /resource_providers/64c61dbc-32ed-42e9-ab1c-52248f7d49ed/allocations => generated 340 bytes in 15 msecs (HTTP/1.1 200) 6 headers in 224 bytes (1 switches on core 0)
2026-02-25 07:29:01.734 8 INFO placement.requestlog [req-31d0f538-be00-4dfa-aced-dbfa1592e2ee req-401b8fa5-a5dc-431b-b063-ed2035bf591d 2725ff64e940498b8065ab3aa08ec44f fe1cf9ba7fa24e32b8b90da814b4613b - - beb0ed6be28c4bf9b5f9a36a7758f38e beb0ed6be28c4bf9b5f9a36a7758f38e] 199.204.45.99 "GET /resource_providers/64c61dbc-32ed-42e9-ab1c-52248f7d49ed/allocations" status: 200 len: 340 microversion: 1.0 [pid: 8|app: 0|req: 620/1247] 199.204.45.99 () {32 vars in 855 bytes} [Wed Feb 25 07:29:01 2026] GET /resource_providers/64c61dbc-32ed-42e9-ab1c-52248f7d49ed/allocations => generated 340 bytes in 13 msecs (HTTP/1.1 200) 6 headers in 224 bytes (1 switches on core 0)
2026-02-25 07:29:01.751 7 INFO placement.requestlog [req-31d0f538-be00-4dfa-aced-dbfa1592e2ee req-33e0b313-547a-476c-9673-2c9a81090eb0 2725ff64e940498b8065ab3aa08ec44f fe1cf9ba7fa24e32b8b90da814b4613b - - beb0ed6be28c4bf9b5f9a36a7758f38e beb0ed6be28c4bf9b5f9a36a7758f38e] 199.204.45.99 "GET /allocations/72011b9e-00ba-44cb-8f71-987274727a8d" status: 200 len: 245 microversion: 1.28 [pid: 7|app: 0|req: 628/1248] 199.204.45.99 () {34 vars in 861 bytes} [Wed Feb 25 07:29:01 2026] GET /allocations/72011b9e-00ba-44cb-8f71-987274727a8d => generated 245 bytes in 14 msecs (HTTP/1.1 200) 8 headers in 296 bytes (1 switches on core 0)
2026-02-25 07:29:01.769 8 INFO placement.requestlog [req-31d0f538-be00-4dfa-aced-dbfa1592e2ee req-440aa95a-68e6-4347-85ac-8f98075fda63 2725ff64e940498b8065ab3aa08ec44f fe1cf9ba7fa24e32b8b90da814b4613b - - beb0ed6be28c4bf9b5f9a36a7758f38e beb0ed6be28c4bf9b5f9a36a7758f38e] 199.204.45.99 "GET /allocations/d57af4b3-4f39-46fc-85b5-64361de43a11" status: 200 len: 258 microversion: 1.28 [pid: 8|app: 0|req: 621/1249] 199.204.45.99 () {34 vars in 861 bytes} [Wed Feb 25 07:29:01 2026] GET /allocations/d57af4b3-4f39-46fc-85b5-64361de43a11 => generated 258 bytes in 11 msecs (HTTP/1.1 200) 8 headers in 296 bytes (1 switches on core 0)
2026-02-25 07:29:01.785 7 INFO placement.requestlog [req-31d0f538-be00-4dfa-aced-dbfa1592e2ee req-a992a26d-7870-4980-a4a9-82d0399aa3ec 2725ff64e940498b8065ab3aa08ec44f fe1cf9ba7fa24e32b8b90da814b4613b - - beb0ed6be28c4bf9b5f9a36a7758f38e beb0ed6be28c4bf9b5f9a36a7758f38e] 199.204.45.99 "GET /allocations/5fe6e4d2-6a62-462d-8b3f-597c749e037f" status: 200 len: 258 microversion: 1.28 [pid: 7|app: 0|req: 629/1250] 199.204.45.99 () {34 vars in 861 bytes} [Wed Feb 25 07:29:01 2026] GET /allocations/5fe6e4d2-6a62-462d-8b3f-597c749e037f => generated 258 bytes in 12 msecs (HTTP/1.1 200) 8 headers in 296 bytes (1 switches on core 0)
2026-02-25 07:29:02.247 8 INFO placement.requestlog [None req-414e04b5-8212-4ed2-96bf-e981ec27b258 5dd02c76bbbf42c6a7615b6d5c4c626f 6022d6d06f154e18a3a490e9868792a6 - - default default] 10.0.0.206 "GET /resource_providers" status: 200 len: 406 microversion: 1.0 [pid: 8|app: 0|req: 622/1251] 10.0.0.206 () {28 vars in 592 bytes} [Wed Feb 25 07:29:02 2026] GET /resource_providers => generated 406 bytes in 61 msecs (HTTP/1.1 200) 6 headers in 224 bytes (1 switches on core 0)
2026-02-25 07:29:02.269 7 INFO placement.requestlog [None req-f39487ef-beab-4e17-90fa-ff3180280581 5dd02c76bbbf42c6a7615b6d5c4c626f 6022d6d06f154e18a3a490e9868792a6 - - default default] 10.0.0.206 "GET /resource_providers/64c61dbc-32ed-42e9-ab1c-52248f7d49ed/inventories" status: 200 len: 401 microversion: 1.0 [pid: 7|app: 0|req: 630/1252] 10.0.0.206 () {28 vars in 690 bytes} [Wed Feb 25 07:29:02 2026] GET /resource_providers/64c61dbc-32ed-42e9-ab1c-52248f7d49ed/inventories => generated 401 bytes in 17 msecs (HTTP/1.1 200) 6 headers in 224 bytes (1 switches on core 0)
2026-02-25 07:29:02.296 8 INFO placement.requestlog [None req-f8463c2a-1fac-4809-b039-74ddfcb9c2e8 5dd02c76bbbf42c6a7615b6d5c4c626f 6022d6d06f154e18a3a490e9868792a6 - - default default] 10.0.0.206 "GET /resource_providers/64c61dbc-32ed-42e9-ab1c-52248f7d49ed/usages" status: 200 len: 92 microversion: 1.0 [pid: 8|app: 0|req: 623/1253] 10.0.0.206 () {28 vars in 680 bytes} [Wed Feb 25 07:29:02 2026] GET /resource_providers/64c61dbc-32ed-42e9-ab1c-52248f7d49ed/usages => generated 92 bytes in 18 msecs (HTTP/1.1 200) 6 headers in 223 bytes (1 switches on core 0)
2026-02-25 07:29:10.767 8 INFO placement.requestlog [None req-fbce98ca-7376-460f-8f87-4adae4c7c66d - - - - - -] 10.0.0.231 "GET /" status: 200 len: 136 microversion: 1.0
2026-02-25 07:29:10.767 7 INFO placement.requestlog [None req-e17dbd77-cce0-4c3f-bd68-5a8761a08076 - - - - - -] 10.0.0.231 "GET /" status: 200 len: 136 microversion: 1.0
2026-02-25 07:29:20.767 8 INFO placement.requestlog [None req-9d1873b7-1d0f-4707-931d-ad31e02f4659 - - - - - -] 10.0.0.231 "GET /" status: 200 len: 136 microversion: 1.0
2026-02-25 07:29:20.767 7 INFO placement.requestlog [None req-4aa4729b-ee20-41ae-92e6-25d6cf7e5193 - - - - - -] 10.0.0.231 "GET /" status: 200 len: 136 microversion: 1.0
2026-02-25 07:29:30.767 8 INFO placement.requestlog [None req-27fc646e-cfc4-4b53-b04b-ec08e367ea4d - - - - - -] 10.0.0.231 "GET /" status: 200 len: 136 microversion: 1.0
2026-02-25 07:29:30.767 7 INFO placement.requestlog [None req-bd9de990-14a4-48f4-b7e7-f94f3f6a6bdb - - - - - -] 10.0.0.231 "GET /" status: 200 len: 136 microversion: 1.0
2026-02-25 07:29:40.768 7 INFO placement.requestlog [None req-8e702918-28e8-4e3e-968b-9f84807a3b8b - - - - - -] 10.0.0.231 "GET /" status: 200 len: 136 microversion: 1.0
2026-02-25 07:29:40.768 8 INFO placement.requestlog [None req-c07b53d2-46c5-4ba5-93ed-532945a80286 - - - - - -] 10.0.0.231 "GET /" status: 200 len: 136 microversion: 1.0
2026-02-25 07:29:50.767 7 INFO placement.requestlog [None req-26ffa811-868d-450d-9dc5-a7992451085d - - - - - -] 10.0.0.231 "GET /" status: 200 len: 136 microversion: 1.0
2026-02-25 07:29:50.768 8 INFO placement.requestlog [None req-e5fe978b-c3fa-4a39-85d2-d61c3f820bbf - - - - - -] 10.0.0.231 "GET /" status: 200 len: 136 microversion: 1.0
2026-02-25 07:30:00.767 7 INFO placement.requestlog [None req-a93d68ec-7659-4d97-8f08-cd013846fc83 - - - - - -] 10.0.0.231 "GET /" status: 200 len: 136 microversion: 1.0
2026-02-25 07:30:00.767 8 INFO placement.requestlog [None req-c7f3e24d-6933-4511-9bf7-fdbd378f34b7 - - - - - -] 10.0.0.231 "GET /" status: 200 len: 136 microversion: 1.0
2026-02-25 07:30:01.818 7 INFO placement.requestlog [req-0353a059-5d3b-43c9-a5a4-4c9a65bc1c07 req-bb1f54e9-9737-4bd5-8fb7-168cd095b367 2725ff64e940498b8065ab3aa08ec44f fe1cf9ba7fa24e32b8b90da814b4613b - - beb0ed6be28c4bf9b5f9a36a7758f38e beb0ed6be28c4bf9b5f9a36a7758f38e] 199.204.45.99 "GET /resource_providers/64c61dbc-32ed-42e9-ab1c-52248f7d49ed/allocations" status: 200 len: 340 microversion: 1.0 [pid: 7|app: 0|req: 637/1266] 199.204.45.99 () {32 vars in 855 bytes} [Wed Feb 25 07:30:01 2026] GET /resource_providers/64c61dbc-32ed-42e9-ab1c-52248f7d49ed/allocations => generated 340 bytes in 49 msecs (HTTP/1.1 200) 6 headers in 224 bytes (1 switches on core 0)
2026-02-25 07:30:01.838 8 INFO placement.requestlog [req-0353a059-5d3b-43c9-a5a4-4c9a65bc1c07 req-c554e1dd-4718-4e15-bba8-29edd06d44a9 2725ff64e940498b8065ab3aa08ec44f fe1cf9ba7fa24e32b8b90da814b4613b - - beb0ed6be28c4bf9b5f9a36a7758f38e beb0ed6be28c4bf9b5f9a36a7758f38e] 199.204.45.99 "GET /resource_providers/64c61dbc-32ed-42e9-ab1c-52248f7d49ed/allocations" status: 200 len: 340 microversion: 1.0 [pid: 8|app: 0|req: 630/1267] 199.204.45.99 () {32 vars in 855 bytes} [Wed Feb 25 07:30:01 2026] GET /resource_providers/64c61dbc-32ed-42e9-ab1c-52248f7d49ed/allocations => generated 340 bytes in 14 msecs (HTTP/1.1 200) 6 headers in 224 bytes (1 switches on core 0)
2026-02-25 07:30:01.855 7 INFO placement.requestlog [req-0353a059-5d3b-43c9-a5a4-4c9a65bc1c07 req-06c454d1-9bec-4d1c-b473-47852af65d59 2725ff64e940498b8065ab3aa08ec44f fe1cf9ba7fa24e32b8b90da814b4613b - - beb0ed6be28c4bf9b5f9a36a7758f38e beb0ed6be28c4bf9b5f9a36a7758f38e] 199.204.45.99 "GET /allocations/72011b9e-00ba-44cb-8f71-987274727a8d" status: 200 len: 245 microversion: 1.28 [pid: 7|app: 0|req: 638/1268] 199.204.45.99 () {34 vars in 861 bytes} [Wed Feb 25 07:30:01 2026] GET /allocations/72011b9e-00ba-44cb-8f71-987274727a8d => generated 245 bytes in 11 msecs (HTTP/1.1 200) 8 headers in 296 bytes (1 switches on core 0)
2026-02-25 07:30:01.869 8 INFO placement.requestlog [req-0353a059-5d3b-43c9-a5a4-4c9a65bc1c07 req-5dc73369-5a87-42e7-a02f-429466f1998a 2725ff64e940498b8065ab3aa08ec44f fe1cf9ba7fa24e32b8b90da814b4613b - - beb0ed6be28c4bf9b5f9a36a7758f38e beb0ed6be28c4bf9b5f9a36a7758f38e] 199.204.45.99 "GET /allocations/d57af4b3-4f39-46fc-85b5-64361de43a11" status: 200 len: 258 microversion: 1.28 [pid: 8|app: 0|req: 631/1269] 199.204.45.99 () {34 vars in 861 bytes} [Wed Feb 25 07:30:01 2026] GET /allocations/d57af4b3-4f39-46fc-85b5-64361de43a11 => generated 258 bytes in 10 msecs (HTTP/1.1 200) 8 headers in 296 bytes (1 switches on core 0)
2026-02-25 07:30:01.887 7 INFO placement.requestlog [req-0353a059-5d3b-43c9-a5a4-4c9a65bc1c07 req-a8e3338d-8629-4d73-8ad3-8fd952a54182 2725ff64e940498b8065ab3aa08ec44f fe1cf9ba7fa24e32b8b90da814b4613b - - beb0ed6be28c4bf9b5f9a36a7758f38e beb0ed6be28c4bf9b5f9a36a7758f38e] 199.204.45.99 "GET /allocations/5fe6e4d2-6a62-462d-8b3f-597c749e037f" status: 200 len: 258 microversion: 1.28 [pid: 7|app: 0|req: 639/1270] 199.204.45.99 () {34 vars in 861 bytes} [Wed Feb 25 07:30:01 2026] GET /allocations/5fe6e4d2-6a62-462d-8b3f-597c749e037f => generated 258 bytes in 11 msecs (HTTP/1.1 200) 8 headers in 296 bytes (1 switches on core 0)
2026-02-25 07:30:02.238 8 INFO placement.requestlog [None req-0c225dac-1255-44a4-8b6c-ad991681e283 5dd02c76bbbf42c6a7615b6d5c4c626f 6022d6d06f154e18a3a490e9868792a6 - - default default] 10.0.0.206 "GET /resource_providers" status: 200 len: 406 microversion: 1.0 [pid: 8|app: 0|req: 632/1271] 10.0.0.206 () {28 vars in 592 bytes} [Wed Feb 25 07:30:02 2026] GET /resource_providers => generated 406 bytes in 50 msecs (HTTP/1.1 200) 6 headers in 224 bytes (1 switches on core 0)
2026-02-25 07:30:02.260 7 INFO placement.requestlog [None req-441da53c-0c94-48a5-9c03-72157624f959 5dd02c76bbbf42c6a7615b6d5c4c626f 6022d6d06f154e18a3a490e9868792a6 - - default default] 10.0.0.206 "GET /resource_providers/64c61dbc-32ed-42e9-ab1c-52248f7d49ed/inventories" status: 200 len: 401 microversion: 1.0 [pid: 7|app: 0|req: 640/1272] 10.0.0.206 () {28 vars in 690 bytes} [Wed Feb 25 07:30:02 2026] GET /resource_providers/64c61dbc-32ed-42e9-ab1c-52248f7d49ed/inventories => generated 401 bytes in 18 msecs (HTTP/1.1 200) 6 headers in 224 bytes (1 switches on core 0)
2026-02-25 07:30:02.278 8 INFO placement.requestlog [None req-2a074396-4596-4d53-937c-471fc7bf09c6 5dd02c76bbbf42c6a7615b6d5c4c626f 6022d6d06f154e18a3a490e9868792a6 - - default default] 10.0.0.206 "GET /resource_providers/64c61dbc-32ed-42e9-ab1c-52248f7d49ed/usages" status: 200 len: 92 microversion: 1.0 [pid: 8|app: 0|req: 633/1273] 10.0.0.206 () {28 vars in 680 bytes} [Wed Feb 25 07:30:02 2026] GET /resource_providers/64c61dbc-32ed-42e9-ab1c-52248f7d49ed/usages => generated 92 bytes in 14 msecs (HTTP/1.1 200) 6 headers in 223 bytes (1 switches on core 0)
2026-02-25 07:30:10.768 7 INFO placement.requestlog [None req-a70f724b-f880-4fa1-9171-7e8fa6fbac60 - - - - - -] 10.0.0.231 "GET /" status: 200 len: 136 microversion: 1.0
2026-02-25 07:30:10.769 8 INFO placement.requestlog [None req-e9406f7e-242d-4598-926d-7d6093c28ed1 - - - - - -] 10.0.0.231 "GET /" status: 200 len: 136 microversion: 1.0
2026-02-25 07:30:20.768 7 INFO placement.requestlog [None req-cd1c4c26-88ce-4f1c-9c99-36ebf73bff14 - - - - - -] 10.0.0.231 "GET /" status: 200 len: 136 microversion: 1.0
2026-02-25 07:30:20.768 8 INFO placement.requestlog [None req-eccb4bf5-0472-4e64-b280-cc249928506d - - - - - -] 10.0.0.231 "GET /" status: 200 len: 136 microversion: 1.0
2026-02-25 07:30:30.768 7 INFO placement.requestlog [None req-87ca3de3-d3e3-498f-9bb4-5e4a53bf97a4 - - - - - -] 10.0.0.231 "GET /" status: 200 len: 136 microversion: 1.0
2026-02-25 07:30:30.768 8 INFO placement.requestlog [None req-4c8d0134-3079-4128-b00f-0874379c5d51 - - - - - -] 10.0.0.231 "GET /" status: 200 len: 136 microversion: 1.0
2026-02-25 07:30:37.963 7 INFO placement.requestlog [req-52fe5393-8f49-49c1-a17d-5596a10b230c req-e79add90-06ed-46ae-80d6-7473fb11e057 2725ff64e940498b8065ab3aa08ec44f fe1cf9ba7fa24e32b8b90da814b4613b - - beb0ed6be28c4bf9b5f9a36a7758f38e beb0ed6be28c4bf9b5f9a36a7758f38e] 199.204.45.99 "GET /resource_providers/64c61dbc-32ed-42e9-ab1c-52248f7d49ed/allocations" status: 200 len: 340 microversion: 1.0 [pid: 7|app: 0|req: 644/1280] 199.204.45.99 () {32 vars in 855 bytes} [Wed Feb 25 07:30:37 2026] GET /resource_providers/64c61dbc-32ed-42e9-ab1c-52248f7d49ed/allocations => generated 340 bytes in 15 msecs (HTTP/1.1 200) 6 headers in 224 bytes (1 switches on core 0)
2026-02-25 07:30:37.980 8 INFO placement.requestlog [req-52fe5393-8f49-49c1-a17d-5596a10b230c req-d958cbc1-7ead-459c-9ef0-fe927a95e8e8 2725ff64e940498b8065ab3aa08ec44f fe1cf9ba7fa24e32b8b90da814b4613b - - beb0ed6be28c4bf9b5f9a36a7758f38e beb0ed6be28c4bf9b5f9a36a7758f38e] 199.204.45.99 "GET /allocations/72011b9e-00ba-44cb-8f71-987274727a8d" status: 200 len: 245 microversion: 1.28 [pid: 8|app: 0|req: 637/1281] 199.204.45.99 () {34 vars in 861 bytes} [Wed Feb 25 07:30:37 2026] GET /allocations/72011b9e-00ba-44cb-8f71-987274727a8d => generated 245 bytes in 13 msecs (HTTP/1.1 200) 8 headers in 296 bytes (1 switches on core 0)
2026-02-25 07:30:37.993 7 INFO placement.requestlog [req-52fe5393-8f49-49c1-a17d-5596a10b230c req-37923684-f9e3-4c16-8c01-9b52d8c86c7f 2725ff64e940498b8065ab3aa08ec44f fe1cf9ba7fa24e32b8b90da814b4613b - - beb0ed6be28c4bf9b5f9a36a7758f38e beb0ed6be28c4bf9b5f9a36a7758f38e] 199.204.45.99 "GET /allocations/d57af4b3-4f39-46fc-85b5-64361de43a11" status: 200 len: 258 microversion: 1.28 [pid: 7|app: 0|req: 645/1282] 199.204.45.99 () {34 vars in 861 bytes} [Wed Feb 25 07:30:37 2026] GET /allocations/d57af4b3-4f39-46fc-85b5-64361de43a11 => generated 258 bytes in 9 msecs (HTTP/1.1 200) 8 headers in 296 bytes (1 switches on core 0)
2026-02-25 07:30:38.012 8 INFO placement.requestlog [req-52fe5393-8f49-49c1-a17d-5596a10b230c req-a00ae359-26ef-487d-b41c-c3bbe966cdc9 2725ff64e940498b8065ab3aa08ec44f fe1cf9ba7fa24e32b8b90da814b4613b - - beb0ed6be28c4bf9b5f9a36a7758f38e beb0ed6be28c4bf9b5f9a36a7758f38e] 199.204.45.99 "GET /allocations/5fe6e4d2-6a62-462d-8b3f-597c749e037f" status: 200 len: 258 microversion: 1.28 [pid: 8|app: 0|req: 638/1283] 199.204.45.99 () {34 vars in 861 bytes} [Wed Feb 25 07:30:37 2026] GET /allocations/5fe6e4d2-6a62-462d-8b3f-597c749e037f => generated 258 bytes in 12 msecs (HTTP/1.1 200) 8 headers in 296 bytes (1 switches on core 0)
2026-02-25 07:30:39.064 7 INFO placement.requestlog [req-52fe5393-8f49-49c1-a17d-5596a10b230c req-117925ee-c44a-4dee-ad00-0f124afc747d 2725ff64e940498b8065ab3aa08ec44f fe1cf9ba7fa24e32b8b90da814b4613b - - beb0ed6be28c4bf9b5f9a36a7758f38e beb0ed6be28c4bf9b5f9a36a7758f38e] 199.204.45.99 "DELETE /allocations/72011b9e-00ba-44cb-8f71-987274727a8d" status: 204 len: 0 microversion: 1.0 [pid: 7|app: 0|req: 646/1284] 199.204.45.99 () {34 vars in 839 bytes} [Wed Feb 25 07:30:39 2026] DELETE /allocations/72011b9e-00ba-44cb-8f71-987274727a8d => generated 0 bytes in 23 msecs (HTTP/1.1 204) 5 headers in 198 bytes (1 switches on core 0)
2026-02-25 07:30:40.767 7 INFO placement.requestlog [None req-c296549e-6b49-4c02-8986-7bf1df51c1ca - - - - - -] 10.0.0.231 "GET /" status: 200 len: 136 microversion: 1.0
2026-02-25 07:30:40.767 8 INFO placement.requestlog [None req-d1c4dfe3-74be-4d52-a446-757f07f9109b - - - - - -] 10.0.0.231 "GET /" status: 200 len: 136 microversion: 1.0
2026-02-25 07:30:42.175 7 INFO placement.requestlog [req-b342c71c-f37a-4440-8d2c-f706e2273fa4 req-c91ffc70-95f2-427e-82a5-968fef682092 2725ff64e940498b8065ab3aa08ec44f fe1cf9ba7fa24e32b8b90da814b4613b - - beb0ed6be28c4bf9b5f9a36a7758f38e beb0ed6be28c4bf9b5f9a36a7758f38e] 199.204.45.99 "GET /resource_providers/64c61dbc-32ed-42e9-ab1c-52248f7d49ed/allocations" status: 200 len: 253 microversion: 1.0 [pid: 7|app: 0|req: 648/1287] 199.204.45.99 () {32 vars in 855 bytes} [Wed Feb 25 07:30:42 2026] GET /resource_providers/64c61dbc-32ed-42e9-ab1c-52248f7d49ed/allocations => generated 253 bytes in 17 msecs (HTTP/1.1 200) 6 headers in 224 bytes (1 switches on core 0)
2026-02-25 07:30:42.194 8 INFO placement.requestlog [req-b342c71c-f37a-4440-8d2c-f706e2273fa4 req-bd036d8a-8129-4105-ae2a-5336f47ad05c 2725ff64e940498b8065ab3aa08ec44f fe1cf9ba7fa24e32b8b90da814b4613b - - beb0ed6be28c4bf9b5f9a36a7758f38e beb0ed6be28c4bf9b5f9a36a7758f38e] 199.204.45.99 "GET /allocations/d57af4b3-4f39-46fc-85b5-64361de43a11" status: 200 len: 258 microversion: 1.28 [pid: 8|app: 0|req: 640/1288] 199.204.45.99 () {34 vars in 861 bytes} [Wed Feb 25 07:30:42 2026] GET /allocations/d57af4b3-4f39-46fc-85b5-64361de43a11 => generated 258 bytes in 12 msecs (HTTP/1.1 200) 8 headers in 296 bytes (1 switches on core 0)
2026-02-25 07:30:42.211 7 INFO placement.requestlog [req-b342c71c-f37a-4440-8d2c-f706e2273fa4 req-3e8d1330-500c-4fb9-b12e-d509ec3a0996 2725ff64e940498b8065ab3aa08ec44f fe1cf9ba7fa24e32b8b90da814b4613b - - beb0ed6be28c4bf9b5f9a36a7758f38e beb0ed6be28c4bf9b5f9a36a7758f38e] 199.204.45.99 "GET /allocations/5fe6e4d2-6a62-462d-8b3f-597c749e037f" status: 200 len: 258 microversion: 1.28 [pid: 7|app: 0|req: 649/1289] 199.204.45.99 () {34 vars in 861 bytes} [Wed Feb 25 07:30:42 2026] GET /allocations/5fe6e4d2-6a62-462d-8b3f-597c749e037f => generated 258 bytes in 11 msecs (HTTP/1.1 200) 8 headers in 296 bytes (1 switches on core 0)
2026-02-25 07:30:43.275 8 INFO placement.requestlog [req-b342c71c-f37a-4440-8d2c-f706e2273fa4 req-5e7c9f5e-1236-4e2d-872c-7951f0e1e00f 2725ff64e940498b8065ab3aa08ec44f fe1cf9ba7fa24e32b8b90da814b4613b - - beb0ed6be28c4bf9b5f9a36a7758f38e beb0ed6be28c4bf9b5f9a36a7758f38e] 199.204.45.99 "DELETE /allocations/5fe6e4d2-6a62-462d-8b3f-597c749e037f" status: 204 len: 0 microversion: 1.0 [pid: 8|app: 0|req: 641/1290] 199.204.45.99 () {34 vars in 839 bytes} [Wed Feb 25 07:30:43 2026] DELETE /allocations/5fe6e4d2-6a62-462d-8b3f-597c749e037f => generated 0 bytes in 41 msecs (HTTP/1.1 204) 5 headers in 198 bytes (1 switches on core 0)
2026-02-25 07:30:50.767 8 INFO placement.requestlog [None req-cf4a6cda-b0c1-4f8b-bdde-afe4ef74b21a - - - - - -] 10.0.0.231 "GET /" status: 200 len: 136 microversion: 1.0
2026-02-25 07:30:50.767 7 INFO placement.requestlog [None req-5c7303a2-8c29-4ebb-a248-3a73aa09b1ee - - - - - -] 10.0.0.231 "GET /" status: 200 len: 136 microversion: 1.0
2026-02-25 07:30:53.111 8 INFO placement.requestlog [req-864d358c-7bc9-427a-a26d-2024705fdb4e req-ada30148-d0a1-4cb5-85a2-6edf21cb9315 2725ff64e940498b8065ab3aa08ec44f fe1cf9ba7fa24e32b8b90da814b4613b - - beb0ed6be28c4bf9b5f9a36a7758f38e beb0ed6be28c4bf9b5f9a36a7758f38e] 199.204.45.99 "GET /resource_providers/64c61dbc-32ed-42e9-ab1c-52248f7d49ed/allocations" status: 200 len: 153 microversion: 1.0 [pid: 8|app: 0|req: 643/1293] 199.204.45.99 () {32 vars in 855 bytes} [Wed Feb 25 07:30:53 2026] GET /resource_providers/64c61dbc-32ed-42e9-ab1c-52248f7d49ed/allocations => generated 153 bytes in 16 msecs (HTTP/1.1 200) 6 headers in 224 bytes (1 switches on core 0)
2026-02-25 07:30:53.134 7 INFO placement.requestlog [req-864d358c-7bc9-427a-a26d-2024705fdb4e req-eae9165d-8321-4dd5-a2b0-96b1902fb959 2725ff64e940498b8065ab3aa08ec44f fe1cf9ba7fa24e32b8b90da814b4613b - - beb0ed6be28c4bf9b5f9a36a7758f38e beb0ed6be28c4bf9b5f9a36a7758f38e] 199.204.45.99 "GET /allocations/d57af4b3-4f39-46fc-85b5-64361de43a11" status: 200 len: 258 microversion: 1.28 [pid: 7|app: 0|req: 651/1294] 199.204.45.99 () {34 vars in 861 bytes} [Wed Feb 25 07:30:53 2026] GET /allocations/d57af4b3-4f39-46fc-85b5-64361de43a11 => generated 258 bytes in 16 msecs (HTTP/1.1 200) 8 headers in 296 bytes (1 switches on core 0)
2026-02-25 07:30:54.193 8 INFO placement.requestlog [req-864d358c-7bc9-427a-a26d-2024705fdb4e req-f23222db-8e8e-45c2-bb77-17d10cbb3df8 2725ff64e940498b8065ab3aa08ec44f fe1cf9ba7fa24e32b8b90da814b4613b - - beb0ed6be28c4bf9b5f9a36a7758f38e beb0ed6be28c4bf9b5f9a36a7758f38e] 199.204.45.99 "DELETE /allocations/d57af4b3-4f39-46fc-85b5-64361de43a11" status: 204 len: 0 microversion: 1.0 [pid: 8|app: 0|req: 644/1295] 199.204.45.99 () {34 vars in 839 bytes} [Wed Feb 25 07:30:54 2026] DELETE /allocations/d57af4b3-4f39-46fc-85b5-64361de43a11 => generated 0 bytes in 29 msecs (HTTP/1.1 204) 5 headers in 198 bytes (1 switches on core 0)
2026-02-25 07:31:00.768 7 INFO placement.requestlog [None req-9a709878-e46e-4c2b-aa05-87d2c707e7a3 - - - - - -] 10.0.0.231 "GET /" status: 200 len: 136 microversion: 1.0
2026-02-25 07:31:00.768 8 INFO placement.requestlog [None req-9cf4d00f-3bd5-4e31-89cf-f91e4c73d6dc - - - - - -] 10.0.0.231 "GET /" status: 200 len: 136 microversion: 1.0
2026-02-25 07:31:02.321 7 INFO placement.requestlog [None req-b37dfdb3-e496-4d71-ab4b-31323885addc 5dd02c76bbbf42c6a7615b6d5c4c626f 6022d6d06f154e18a3a490e9868792a6 - - default default] 10.0.0.206 "GET /resource_providers" status: 200 len: 406 microversion: 1.0 [pid: 7|app: 0|req: 653/1298] 10.0.0.206 () {28 vars in 592 bytes} [Wed Feb 25 07:31:02 2026] GET /resource_providers => generated 406 bytes in 67 msecs (HTTP/1.1 200) 6 headers in 224 bytes (1 switches on core 0)
2026-02-25 07:31:02.340 8 INFO placement.requestlog [None req-c0fc4383-c8f1-46b0-bae6-d70fca60635d 5dd02c76bbbf42c6a7615b6d5c4c626f 6022d6d06f154e18a3a490e9868792a6 - - default default] 10.0.0.206 "GET /resource_providers/64c61dbc-32ed-42e9-ab1c-52248f7d49ed/inventories" status: 200 len: 401 microversion: 1.0 [pid: 8|app: 0|req: 646/1299] 10.0.0.206 () {28 vars in 690 bytes} [Wed Feb 25 07:31:02 2026] GET /resource_providers/64c61dbc-32ed-42e9-ab1c-52248f7d49ed/inventories => generated 401 bytes in 12 msecs (HTTP/1.1 200) 6 headers in 224 bytes (1 switches on core 0)
2026-02-25 07:31:02.365 7 INFO placement.requestlog [None req-ea913918-9dc0-4525-adc0-575b618ca166 5dd02c76bbbf42c6a7615b6d5c4c626f 6022d6d06f154e18a3a490e9868792a6 - - default default] 10.0.0.206 "GET /resource_providers/64c61dbc-32ed-42e9-ab1c-52248f7d49ed/usages" status: 200 len: 89 microversion: 1.0 [pid: 7|app: 0|req: 654/1300] 10.0.0.206 () {28 vars in 680 bytes} [Wed Feb 25 07:31:02 2026] GET /resource_providers/64c61dbc-32ed-42e9-ab1c-52248f7d49ed/usages => generated 89 bytes in 24 msecs (HTTP/1.1 200) 6 headers in 223 bytes (1 switches on core 0)
2026-02-25 07:31:02.588 8 INFO placement.requestlog [req-748d0fc2-7cc0-42f2-9a45-39e08b1705b0 req-363caaef-4eb4-4b87-a026-a7a688cf496b 2725ff64e940498b8065ab3aa08ec44f fe1cf9ba7fa24e32b8b90da814b4613b - - beb0ed6be28c4bf9b5f9a36a7758f38e beb0ed6be28c4bf9b5f9a36a7758f38e] 199.204.45.99 "GET /resource_providers/64c61dbc-32ed-42e9-ab1c-52248f7d49ed/allocations" status: 200 len: 55 microversion: 1.0 [pid: 8|app: 0|req: 647/1301] 199.204.45.99 () {32 vars in 855 bytes} [Wed Feb 25 07:31:02 2026] GET /resource_providers/64c61dbc-32ed-42e9-ab1c-52248f7d49ed/allocations => generated 55 bytes in 19 msecs (HTTP/1.1 200) 6 headers in 223 bytes (1 switches on core 0)
2026-02-25 07:31:02.610 7 INFO placement.requestlog [req-748d0fc2-7cc0-42f2-9a45-39e08b1705b0 req-f0ff43a0-88b3-4df3-bc05-415a6b72489e 2725ff64e940498b8065ab3aa08ec44f fe1cf9ba7fa24e32b8b90da814b4613b - - beb0ed6be28c4bf9b5f9a36a7758f38e beb0ed6be28c4bf9b5f9a36a7758f38e] 199.204.45.99 "GET /resource_providers/64c61dbc-32ed-42e9-ab1c-52248f7d49ed/allocations" status: 200 len: 55 microversion: 1.0 [pid: 7|app: 0|req: 655/1302] 199.204.45.99 () {32 vars in 855 bytes} [Wed Feb 25 07:31:02 2026] GET /resource_providers/64c61dbc-32ed-42e9-ab1c-52248f7d49ed/allocations => generated 55 bytes in 18 msecs (HTTP/1.1 200) 6 headers in 223 bytes (1 switches on core 0)
2026-02-25 07:31:04.157 8 INFO placement.requestlog [None req-24ba44eb-3652-4c8e-abdd-b30b15bdd60e 66c5bd7e9c194189a9f5baa06b6cd1d4 fe1cf9ba7fa24e32b8b90da814b4613b - - beb0ed6be28c4bf9b5f9a36a7758f38e beb0ed6be28c4bf9b5f9a36a7758f38e] 10.0.0.166 "GET /resource_providers/ac375fdd-660d-4732-901e-cbf27f0e5398/aggregates" status: 404 len: 235 microversion: 1.1 [pid: 8|app: 0|req: 648/1303] 10.0.0.166 () {32 vars in 815 bytes} [Wed Feb 25 07:31:04 2026] GET /resource_providers/ac375fdd-660d-4732-901e-cbf27f0e5398/aggregates => generated 235 bytes in 46 msecs (HTTP/1.1 404) 5 headers in 202 bytes (1 switches on core 0)
2026-02-25 07:31:04.169 7 INFO placement.requestlog [None req-d3f56d69-c8e6-45ff-8763-1b6a08b76237 66c5bd7e9c194189a9f5baa06b6cd1d4 fe1cf9ba7fa24e32b8b90da814b4613b - - beb0ed6be28c4bf9b5f9a36a7758f38e beb0ed6be28c4bf9b5f9a36a7758f38e] 10.0.0.166 "GET /resource_providers/ac375fdd-660d-4732-901e-cbf27f0e5398/aggregates" status: 404 len: 235 microversion: 1.1 [pid: 7|app: 0|req: 656/1304] 10.0.0.166 () {32 vars in 815 bytes} [Wed Feb 25 07:31:04 2026] GET /resource_providers/ac375fdd-660d-4732-901e-cbf27f0e5398/aggregates => generated 235 bytes in 49 msecs (HTTP/1.1 404) 5 headers in 202 bytes (1 switches on core 0)
2026-02-25 07:31:04.178 8 INFO placement.requestlog [None req-40aea8ee-d76e-461d-b502-c55e5f0d58b7 66c5bd7e9c194189a9f5baa06b6cd1d4 fe1cf9ba7fa24e32b8b90da814b4613b - - beb0ed6be28c4bf9b5f9a36a7758f38e beb0ed6be28c4bf9b5f9a36a7758f38e] 10.0.0.166 "DELETE /resource_providers/ac375fdd-660d-4732-901e-cbf27f0e5398" status: 404 len: 246 microversion: 1.1 [pid: 8|app: 0|req: 649/1305] 10.0.0.166 () {34 vars in 815 bytes} [Wed Feb 25 07:31:04 2026] DELETE /resource_providers/ac375fdd-660d-4732-901e-cbf27f0e5398 => generated 246 bytes in 10 msecs (HTTP/1.1 404) 6 headers in 231 bytes (1 switches on core 0)
2026-02-25 07:31:04.185 7 INFO placement.requestlog [None req-210841ce-4d11-4ed1-8925-08fc36a7767c 66c5bd7e9c194189a9f5baa06b6cd1d4 fe1cf9ba7fa24e32b8b90da814b4613b - - beb0ed6be28c4bf9b5f9a36a7758f38e beb0ed6be28c4bf9b5f9a36a7758f38e] 10.0.0.166 "DELETE /resource_providers/ac375fdd-660d-4732-901e-cbf27f0e5398" status: 404 len: 246 microversion: 1.1 [pid: 7|app: 0|req: 657/1306] 10.0.0.166 () {34 vars in 815 bytes} [Wed Feb 25 07:31:04 2026] DELETE /resource_providers/ac375fdd-660d-4732-901e-cbf27f0e5398 => generated 246 bytes in 9 msecs (HTTP/1.1 404) 6 headers in 231 bytes (1 switches on core 0)
