2026-02-25 07:31:06.203 8 INFO placement.requestlog [None req-ef42d1be-95d6-4bb6-a6d1-9154c52b5205 66c5bd7e9c194189a9f5baa06b6cd1d4 fe1cf9ba7fa24e32b8b90da814b4613b - - beb0ed6be28c4bf9b5f9a36a7758f38e beb0ed6be28c4bf9b5f9a36a7758f38e] 10.0.0.166 "GET /resource_providers/0634eba9-ed38-4d18-baea-e41877fa5754/aggregates" status: 404 len: 235 microversion: 1.1 [pid: 8|app: 0|req: 650/1307] 10.0.0.166 () {32 vars in 815 bytes} [Wed Feb 25 07:31:06 2026] GET /resource_providers/0634eba9-ed38-4d18-baea-e41877fa5754/aggregates => generated 235 bytes in 11 msecs (HTTP/1.1 404) 5 headers in 202 bytes (1 switches on core 0)
2026-02-25 07:31:06.205 7 INFO placement.requestlog [None req-ae584c7e-7ba1-4ad8-b171-f7ed80c6d7d6 66c5bd7e9c194189a9f5baa06b6cd1d4 fe1cf9ba7fa24e32b8b90da814b4613b - - beb0ed6be28c4bf9b5f9a36a7758f38e beb0ed6be28c4bf9b5f9a36a7758f38e] 10.0.0.166 "GET /resource_providers/0634eba9-ed38-4d18-baea-e41877fa5754/aggregates" status: 404 len: 235 microversion: 1.1 [pid: 7|app: 0|req: 658/1308] 10.0.0.166 () {32 vars in 815 bytes} [Wed Feb 25 07:31:06 2026] GET /resource_providers/0634eba9-ed38-4d18-baea-e41877fa5754/aggregates => generated 235 bytes in 10 msecs (HTTP/1.1 404) 5 headers in 202 bytes (1 switches on core 0)
2026-02-25 07:31:06.224 7 INFO placement.requestlog [None req-4d6bede6-d337-4315-a6f0-3e9df203a66c 66c5bd7e9c194189a9f5baa06b6cd1d4 fe1cf9ba7fa24e32b8b90da814b4613b - - beb0ed6be28c4bf9b5f9a36a7758f38e beb0ed6be28c4bf9b5f9a36a7758f38e] 10.0.0.166 "DELETE /resource_providers/0634eba9-ed38-4d18-baea-e41877fa5754" status: 404 len: 246 microversion: 1.1 [pid: 7|app: 0|req: 659/1309] 10.0.0.166 () {34 vars in 815 bytes} [Wed Feb 25 07:31:06 2026] DELETE /resource_providers/0634eba9-ed38-4d18-baea-e41877fa5754 => generated 246 bytes in 7 msecs (HTTP/1.1 404) 6 headers in 231 bytes (1 switches on core 0)
2026-02-25 07:31:06.225 8 INFO placement.requestlog [None req-5600b9fc-53f2-42b5-a203-e5d5bd0b80c7 66c5bd7e9c194189a9f5baa06b6cd1d4 fe1cf9ba7fa24e32b8b90da814b4613b - - beb0ed6be28c4bf9b5f9a36a7758f38e beb0ed6be28c4bf9b5f9a36a7758f38e] 10.0.0.166 "DELETE /resource_providers/0634eba9-ed38-4d18-baea-e41877fa5754" status: 404 len: 246 microversion: 1.1 [pid: 8|app: 0|req: 651/1310] 10.0.0.166 () {34 vars in 815 bytes} [Wed Feb 25 07:31:06 2026] DELETE /resource_providers/0634eba9-ed38-4d18-baea-e41877fa5754 => generated 246 bytes in 10 msecs (HTTP/1.1 404) 6 headers in 231 bytes (1 switches on core 0)
2026-02-25 07:31:06.244 7 INFO placement.requestlog [None req-421f0ec6-63d2-4ff7-975f-d44dbbf0a6e1 66c5bd7e9c194189a9f5baa06b6cd1d4 fe1cf9ba7fa24e32b8b90da814b4613b - - beb0ed6be28c4bf9b5f9a36a7758f38e beb0ed6be28c4bf9b5f9a36a7758f38e] 10.0.0.166 "GET /resource_providers/39db3fce-30db-41f1-adfd-cf6299fa8cf1/aggregates" status: 404 len: 235 microversion: 1.1 [pid: 7|app: 0|req: 660/1311] 10.0.0.166 () {32 vars in 815 bytes} [Wed Feb 25 07:31:06 2026] GET /resource_providers/39db3fce-30db-41f1-adfd-cf6299fa8cf1/aggregates => generated 235 bytes in 11 msecs (HTTP/1.1 404) 5 headers in 202 bytes (1 switches on core 0)
2026-02-25 07:31:06.245 8 INFO placement.requestlog [None req-7f16c410-688e-4ce9-afe9-8eb7c975f8db 66c5bd7e9c194189a9f5baa06b6cd1d4 fe1cf9ba7fa24e32b8b90da814b4613b - - beb0ed6be28c4bf9b5f9a36a7758f38e beb0ed6be28c4bf9b5f9a36a7758f38e] 10.0.0.166 "GET /resource_providers/39db3fce-30db-41f1-adfd-cf6299fa8cf1/aggregates" status: 404 len: 235 microversion: 1.1 [pid: 8|app: 0|req: 652/1312] 10.0.0.166 () {32 vars in 815 bytes} [Wed Feb 25 07:31:06 2026] GET /resource_providers/39db3fce-30db-41f1-adfd-cf6299fa8cf1/aggregates => generated 235 bytes in 12 msecs (HTTP/1.1 404) 5 headers in 202 bytes (1 switches on core 0)
2026-02-25 07:31:06.267 7 INFO placement.requestlog [None req-263a5110-f83d-44d0-bc12-6ef6800d8b3b 66c5bd7e9c194189a9f5baa06b6cd1d4 fe1cf9ba7fa24e32b8b90da814b4613b - - beb0ed6be28c4bf9b5f9a36a7758f38e beb0ed6be28c4bf9b5f9a36a7758f38e] 10.0.0.166 "DELETE /resource_providers/39db3fce-30db-41f1-adfd-cf6299fa8cf1" status: 404 len: 246 microversion: 1.1 [pid: 7|app: 0|req: 661/1313] 10.0.0.166 () {34 vars in 815 bytes} [Wed Feb 25 07:31:06 2026] DELETE /resource_providers/39db3fce-30db-41f1-adfd-cf6299fa8cf1 => generated 246 bytes in 12 msecs (HTTP/1.1 404) 6 headers in 231 bytes (1 switches on core 0)
2026-02-25 07:31:06.270 8 INFO placement.requestlog [None req-9991a6a6-03d8-4c7c-a699-879da73fec3c 66c5bd7e9c194189a9f5baa06b6cd1d4 fe1cf9ba7fa24e32b8b90da814b4613b - - beb0ed6be28c4bf9b5f9a36a7758f38e beb0ed6be28c4bf9b5f9a36a7758f38e] 10.0.0.166 "DELETE /resource_providers/39db3fce-30db-41f1-adfd-cf6299fa8cf1" status: 404 len: 246 microversion: 1.1 [pid: 8|app: 0|req: 653/1314] 10.0.0.166 () {34 vars in 815 bytes} [Wed Feb 25 07:31:06 2026] DELETE /resource_providers/39db3fce-30db-41f1-adfd-cf6299fa8cf1 => generated 246 bytes in 13 msecs (HTTP/1.1 404) 6 headers in 231 bytes (1 switches on core 0)
2026-02-25 07:31:06.288 7 INFO placement.requestlog [None req-679640ea-6736-4b3c-9f2a-f38eddd3d2ff 66c5bd7e9c194189a9f5baa06b6cd1d4 fe1cf9ba7fa24e32b8b90da814b4613b - - beb0ed6be28c4bf9b5f9a36a7758f38e beb0ed6be28c4bf9b5f9a36a7758f38e] 10.0.0.166 "GET /resource_providers/13a56e09-564c-4062-914f-b83ac359eb96/aggregates" status: 404 len: 235 microversion: 1.1 [pid: 7|app: 0|req: 662/1315] 10.0.0.166 () {32 vars in 815 bytes} [Wed Feb 25 07:31:06 2026] GET /resource_providers/13a56e09-564c-4062-914f-b83ac359eb96/aggregates => generated 235 bytes in 9 msecs (HTTP/1.1 404) 5 headers in 202 bytes (1 switches on core 0)
2026-02-25 07:31:06.289 8 INFO placement.requestlog [None req-f04c0d0c-fdd6-4bdb-9c33-14073ddc4a0a 66c5bd7e9c194189a9f5baa06b6cd1d4 fe1cf9ba7fa24e32b8b90da814b4613b - - beb0ed6be28c4bf9b5f9a36a7758f38e beb0ed6be28c4bf9b5f9a36a7758f38e] 10.0.0.166 "GET /resource_providers/13a56e09-564c-4062-914f-b83ac359eb96/aggregates" status: 404 len: 235 microversion: 1.1 [pid: 8|app: 0|req: 654/1316] 10.0.0.166 () {32 vars in 815 bytes} [Wed Feb 25 07:31:06 2026] GET /resource_providers/13a56e09-564c-4062-914f-b83ac359eb96/aggregates => generated 235 bytes in 9 msecs (HTTP/1.1 404) 5 headers in 202 bytes (1 switches on core 0)
2026-02-25 07:31:06.305 7 INFO placement.requestlog [None req-8a0fa0c2-1336-4b75-8b3a-1653012d13a1 66c5bd7e9c194189a9f5baa06b6cd1d4 fe1cf9ba7fa24e32b8b90da814b4613b - - beb0ed6be28c4bf9b5f9a36a7758f38e beb0ed6be28c4bf9b5f9a36a7758f38e] 10.0.0.166 "DELETE /resource_providers/13a56e09-564c-4062-914f-b83ac359eb96" status: 404 len: 246 microversion: 1.1 [pid: 7|app: 0|req: 663/1317] 10.0.0.166 () {34 vars in 815 bytes} [Wed Feb 25 07:31:06 2026] DELETE /resource_providers/13a56e09-564c-4062-914f-b83ac359eb96 => generated 246 bytes in 9 msecs (HTTP/1.1 404) 6 headers in 231 bytes (1 switches on core 0)
2026-02-25 07:31:06.305 8 INFO placement.requestlog [None req-4bf1dcd1-654b-4315-bd0a-b797afc7d445 66c5bd7e9c194189a9f5baa06b6cd1d4 fe1cf9ba7fa24e32b8b90da814b4613b - - beb0ed6be28c4bf9b5f9a36a7758f38e beb0ed6be28c4bf9b5f9a36a7758f38e] 10.0.0.166 "DELETE /resource_providers/13a56e09-564c-4062-914f-b83ac359eb96" status: 404 len: 246 microversion: 1.1 [pid: 8|app: 0|req: 655/1318] 10.0.0.166 () {34 vars in 815 bytes} [Wed Feb 25 07:31:06 2026] DELETE /resource_providers/13a56e09-564c-4062-914f-b83ac359eb96 => generated 246 bytes in 8 msecs (HTTP/1.1 404) 6 headers in 231 bytes (1 switches on core 0)
2026-02-25 07:31:10.768 7 INFO placement.requestlog [None req-21834ca4-9e7b-4c9a-bfd2-0a802050d54e - - - - - -] 10.0.0.231 "GET /" status: 200 len: 136 microversion: 1.0
2026-02-25 07:31:10.768 8 INFO placement.requestlog [None req-28b2ae0c-f242-49ed-89df-cf8b810fd16d - - - - - -] 10.0.0.231 "GET /" status: 200 len: 136 microversion: 1.0
2026-02-25 07:31:20.768 7 INFO placement.requestlog [None req-8aeeac4b-fde7-4e3e-9f2d-c51a48ca98f0 - - - - - -] 10.0.0.231 "GET /" status: 200 len: 136 microversion: 1.0
2026-02-25 07:31:20.768 8 INFO placement.requestlog [None req-6f195a14-6452-46c4-b224-4d9782fc8a20 - - - - - -] 10.0.0.231 "GET /" status: 200 len: 136 microversion: 1.0
2026-02-25 07:31:30.303 7 INFO placement.requestlog [None req-897b1419-3536-4c50-b853-5b41cf72f88b 66c5bd7e9c194189a9f5baa06b6cd1d4 fe1cf9ba7fa24e32b8b90da814b4613b - - beb0ed6be28c4bf9b5f9a36a7758f38e beb0ed6be28c4bf9b5f9a36a7758f38e] 10.0.0.166 "GET /resource_providers/5cec78b0-ed0f-4c10-903b-a0b638edbabd/aggregates" status: 404 len: 235 microversion: 1.1 [pid: 7|app: 0|req: 666/1323] 10.0.0.166 () {32 vars in 815 bytes} [Wed Feb 25 07:31:30 2026] GET /resource_providers/5cec78b0-ed0f-4c10-903b-a0b638edbabd/aggregates => generated 235 bytes in 105 msecs (HTTP/1.1 404) 5 headers in 202 bytes (1 switches on core 0)
2026-02-25 07:31:30.311 8 INFO placement.requestlog [None req-376b681a-12a2-40f0-b677-4d740dbcefc8 66c5bd7e9c194189a9f5baa06b6cd1d4 fe1cf9ba7fa24e32b8b90da814b4613b - - beb0ed6be28c4bf9b5f9a36a7758f38e beb0ed6be28c4bf9b5f9a36a7758f38e] 10.0.0.166 "GET /resource_providers/5cec78b0-ed0f-4c10-903b-a0b638edbabd/aggregates" status: 404 len: 235 microversion: 1.1 [pid: 8|app: 0|req: 658/1324] 10.0.0.166 () {32 vars in 815 bytes} [Wed Feb 25 07:31:30 2026] GET /resource_providers/5cec78b0-ed0f-4c10-903b-a0b638edbabd/aggregates => generated 235 bytes in 111 msecs (HTTP/1.1 404) 5 headers in 202 bytes (1 switches on core 0)
2026-02-25 07:31:30.318 7 INFO placement.requestlog [None req-daa18ad6-3834-4c4a-9add-2ad37f50723e 66c5bd7e9c194189a9f5baa06b6cd1d4 fe1cf9ba7fa24e32b8b90da814b4613b - - beb0ed6be28c4bf9b5f9a36a7758f38e beb0ed6be28c4bf9b5f9a36a7758f38e] 10.0.0.166 "DELETE /resource_providers/5cec78b0-ed0f-4c10-903b-a0b638edbabd" status: 404 len: 246 microversion: 1.1 [pid: 7|app: 0|req: 667/1325] 10.0.0.166 () {34 vars in 815 bytes} [Wed Feb 25 07:31:30 2026] DELETE /resource_providers/5cec78b0-ed0f-4c10-903b-a0b638edbabd => generated 246 bytes in 8 msecs (HTTP/1.1 404) 6 headers in 231 bytes (1 switches on core 0)
2026-02-25 07:31:30.325 8 INFO placement.requestlog [None req-fd3c7861-b2bc-406a-b29f-d340b43f17dc 66c5bd7e9c194189a9f5baa06b6cd1d4 fe1cf9ba7fa24e32b8b90da814b4613b - - beb0ed6be28c4bf9b5f9a36a7758f38e beb0ed6be28c4bf9b5f9a36a7758f38e] 10.0.0.166 "DELETE /resource_providers/5cec78b0-ed0f-4c10-903b-a0b638edbabd" status: 404 len: 246 microversion: 1.1 [pid: 8|app: 0|req: 659/1326] 10.0.0.166 () {34 vars in 815 bytes} [Wed Feb 25 07:31:30 2026] DELETE /resource_providers/5cec78b0-ed0f-4c10-903b-a0b638edbabd => generated 246 bytes in 6 msecs (HTTP/1.1 404) 6 headers in 231 bytes (1 switches on core 0)
2026-02-25 07:31:30.353 7 INFO placement.requestlog [None req-0113c893-f4fc-44f9-9014-6ea71a81be1e 66c5bd7e9c194189a9f5baa06b6cd1d4 fe1cf9ba7fa24e32b8b90da814b4613b - - beb0ed6be28c4bf9b5f9a36a7758f38e beb0ed6be28c4bf9b5f9a36a7758f38e] 10.0.0.166 "GET /resource_providers/4cd397da-2dea-44d9-a05e-bdcaa06f34ef/aggregates" status: 404 len: 235 microversion: 1.1
2026-02-25 07:31:30.353 8 INFO placement.requestlog [None req-e6ea2f13-cafc-42fa-9fba-f4024201d4b9 66c5bd7e9c194189a9f5baa06b6cd1d4 fe1cf9ba7fa24e32b8b90da814b4613b - - beb0ed6be28c4bf9b5f9a36a7758f38e beb0ed6be28c4bf9b5f9a36a7758f38e] 10.0.0.166 "GET /resource_providers/4cd397da-2dea-44d9-a05e-bdcaa06f34ef/aggregates" status: 404 len: 235 microversion: 1.1 [pid: 7|app: 0|req: 668/1327] 10.0.0.166 () {32 vars in 815 bytes} [Wed Feb 25 07:31:30 2026] GET /resource_providers/4cd397da-2dea-44d9-a05e-bdcaa06f34ef/aggregates => generated 235 bytes in 11 msecs (HTTP/1.1 404) 5 headers in 202 bytes (1 switches on core 0) [pid: 8|app: 0|req: 660/1328] 10.0.0.166 () {32 vars in 815 bytes} [Wed Feb 25 07:31:30 2026] GET /resource_providers/4cd397da-2dea-44d9-a05e-bdcaa06f34ef/aggregates => generated 235 bytes in 11 msecs (HTTP/1.1 404) 5 headers in 202 bytes (1 switches on core 0)
2026-02-25 07:31:30.383 7 INFO placement.requestlog [None req-3e84618d-ee14-42a2-a014-6475ee11544a 66c5bd7e9c194189a9f5baa06b6cd1d4 fe1cf9ba7fa24e32b8b90da814b4613b - - beb0ed6be28c4bf9b5f9a36a7758f38e beb0ed6be28c4bf9b5f9a36a7758f38e] 10.0.0.166 "DELETE /resource_providers/4cd397da-2dea-44d9-a05e-bdcaa06f34ef" status: 404 len: 246 microversion: 1.1 [pid: 7|app: 0|req: 669/1329] 10.0.0.166 () {34 vars in 815 bytes} [Wed Feb 25 07:31:30 2026] DELETE /resource_providers/4cd397da-2dea-44d9-a05e-bdcaa06f34ef => generated 246 bytes in 11 msecs (HTTP/1.1 404) 6 headers in 231 bytes (1 switches on core 0)
2026-02-25 07:31:30.385 8 INFO placement.requestlog [None req-a4c8d342-8e13-41c6-b1c9-dee3d566fda3 66c5bd7e9c194189a9f5baa06b6cd1d4 fe1cf9ba7fa24e32b8b90da814b4613b - - beb0ed6be28c4bf9b5f9a36a7758f38e beb0ed6be28c4bf9b5f9a36a7758f38e] 10.0.0.166 "DELETE /resource_providers/4cd397da-2dea-44d9-a05e-bdcaa06f34ef" status: 404 len: 246 microversion: 1.1 [pid: 8|app: 0|req: 661/1330] 10.0.0.166 () {34 vars in 815 bytes} [Wed Feb 25 07:31:30 2026] DELETE /resource_providers/4cd397da-2dea-44d9-a05e-bdcaa06f34ef => generated 246 bytes in 11 msecs (HTTP/1.1 404) 6 headers in 231 bytes (1 switches on core 0)
2026-02-25 07:31:30.767 8 INFO placement.requestlog [None req-9a1e95f0-1aed-44e7-81ac-0702099160fe - - - - - -] 10.0.0.231 "GET /" status: 200 len: 136 microversion: 1.0
2026-02-25 07:31:30.767 7 INFO placement.requestlog [None req-0a5235eb-c8a9-4407-b155-09c0c5dc7caa - - - - - -] 10.0.0.231 "GET /" status: 200 len: 136 microversion: 1.0
2026-02-25 07:31:32.344 8 INFO placement.requestlog [None req-f0835751-7554-4f6b-b899-03868ff7bb98 66c5bd7e9c194189a9f5baa06b6cd1d4 fe1cf9ba7fa24e32b8b90da814b4613b - - beb0ed6be28c4bf9b5f9a36a7758f38e beb0ed6be28c4bf9b5f9a36a7758f38e] 10.0.0.166 "GET /resource_providers/0d0a32fd-7bec-450d-9674-94fe0f5294f6/aggregates" status: 404 len: 235 microversion: 1.1 [pid: 8|app: 0|req: 663/1333] 10.0.0.166 () {32 vars in 815 bytes} [Wed Feb 25 07:31:32 2026] GET /resource_providers/0d0a32fd-7bec-450d-9674-94fe0f5294f6/aggregates => generated 235 bytes in 10 msecs (HTTP/1.1 404) 5 headers in 202 bytes (1 switches on core 0)
2026-02-25 07:31:32.348 7 INFO placement.requestlog [None req-1dd9ae06-d2de-4807-8dad-332b50f5e2ad 66c5bd7e9c194189a9f5baa06b6cd1d4 fe1cf9ba7fa24e32b8b90da814b4613b - - beb0ed6be28c4bf9b5f9a36a7758f38e beb0ed6be28c4bf9b5f9a36a7758f38e] 10.0.0.166 "GET /resource_providers/0d0a32fd-7bec-450d-9674-94fe0f5294f6/aggregates" status: 404 len: 235 microversion: 1.1 [pid: 7|app: 0|req: 671/1334] 10.0.0.166 () {32 vars in 815 bytes} [Wed Feb 25 07:31:32 2026] GET /resource_providers/0d0a32fd-7bec-450d-9674-94fe0f5294f6/aggregates => generated 235 bytes in 9 msecs (HTTP/1.1 404) 5 headers in 202 bytes (1 switches on core 0)
2026-02-25 07:31:32.374 8 INFO placement.requestlog [None req-e28bc00e-312d-4cdf-990f-1551d899005e 66c5bd7e9c194189a9f5baa06b6cd1d4 fe1cf9ba7fa24e32b8b90da814b4613b - - beb0ed6be28c4bf9b5f9a36a7758f38e beb0ed6be28c4bf9b5f9a36a7758f38e] 10.0.0.166 "DELETE /resource_providers/0d0a32fd-7bec-450d-9674-94fe0f5294f6" status: 404 len: 246 microversion: 1.1 [pid: 8|app: 0|req: 664/1335] 10.0.0.166 () {34 vars in 815 bytes} [Wed Feb 25 07:31:32 2026] DELETE /resource_providers/0d0a32fd-7bec-450d-9674-94fe0f5294f6 => generated 246 bytes in 13 msecs (HTTP/1.1 404) 6 headers in 231 bytes (1 switches on core 0)
2026-02-25 07:31:32.374 7 INFO placement.requestlog [None req-05a9f421-9545-4c83-8ed7-f7d945f7fb83 66c5bd7e9c194189a9f5baa06b6cd1d4 fe1cf9ba7fa24e32b8b90da814b4613b - - beb0ed6be28c4bf9b5f9a36a7758f38e beb0ed6be28c4bf9b5f9a36a7758f38e] 10.0.0.166 "DELETE /resource_providers/0d0a32fd-7bec-450d-9674-94fe0f5294f6" status: 404 len: 246 microversion: 1.1 [pid: 7|app: 0|req: 672/1336] 10.0.0.166 () {34 vars in 815 bytes} [Wed Feb 25 07:31:32 2026] DELETE /resource_providers/0d0a32fd-7bec-450d-9674-94fe0f5294f6 => generated 246 bytes in 11 msecs (HTTP/1.1 404) 6 headers in 231 bytes (1 switches on core 0)
2026-02-25 07:31:32.401 7 INFO placement.requestlog [None req-24c9ef99-255f-446e-be13-2207b6da9833 66c5bd7e9c194189a9f5baa06b6cd1d4 fe1cf9ba7fa24e32b8b90da814b4613b - - beb0ed6be28c4bf9b5f9a36a7758f38e beb0ed6be28c4bf9b5f9a36a7758f38e] 10.0.0.166 "GET /resource_providers/0f5ac09a-cf35-4966-a59e-5f46a08455b0/aggregates" status: 404 len: 235 microversion: 1.1 [pid: 7|app: 0|req: 673/1337] 10.0.0.166 () {32 vars in 815 bytes} [Wed Feb 25 07:31:32 2026] GET /resource_providers/0f5ac09a-cf35-4966-a59e-5f46a08455b0/aggregates => generated 235 bytes in 9 msecs (HTTP/1.1 404) 5 headers in 202 bytes (1 switches on core 0)
2026-02-25 07:31:32.402 8 INFO placement.requestlog [None req-5cda2e01-02bb-4282-a8f7-c435f2b07319 66c5bd7e9c194189a9f5baa06b6cd1d4 fe1cf9ba7fa24e32b8b90da814b4613b - - beb0ed6be28c4bf9b5f9a36a7758f38e beb0ed6be28c4bf9b5f9a36a7758f38e] 10.0.0.166 "GET /resource_providers/0f5ac09a-cf35-4966-a59e-5f46a08455b0/aggregates" status: 404 len: 235 microversion: 1.1 [pid: 8|app: 0|req: 665/1338] 10.0.0.166 () {32 vars in 815 bytes} [Wed Feb 25 07:31:32 2026] GET /resource_providers/0f5ac09a-cf35-4966-a59e-5f46a08455b0/aggregates => generated 235 bytes in 12 msecs (HTTP/1.1 404) 5 headers in 202 bytes (1 switches on core 0)
2026-02-25 07:31:32.407 7 INFO placement.requestlog [None req-87e4e901-43d1-4d3b-bccc-f06517d9b404 66c5bd7e9c194189a9f5baa06b6cd1d4 fe1cf9ba7fa24e32b8b90da814b4613b - - beb0ed6be28c4bf9b5f9a36a7758f38e beb0ed6be28c4bf9b5f9a36a7758f38e] 10.0.0.166 "GET /resource_providers/3bb257fe-e391-449c-ba4f-6c452dba2abd/aggregates" status: 404 len: 235 microversion: 1.1 [pid: 7|app: 0|req: 674/1339] 10.0.0.166 () {32 vars in 815 bytes} [Wed Feb 25 07:31:32 2026] GET /resource_providers/3bb257fe-e391-449c-ba4f-6c452dba2abd/aggregates => generated 235 bytes in 5 msecs (HTTP/1.1 404) 5 headers in 202 bytes (1 switches on core 0)
2026-02-25 07:31:32.409 8 INFO placement.requestlog [None req-1924bd93-79b8-48c6-8562-1d02fb1fa813 66c5bd7e9c194189a9f5baa06b6cd1d4 fe1cf9ba7fa24e32b8b90da814b4613b - - beb0ed6be28c4bf9b5f9a36a7758f38e beb0ed6be28c4bf9b5f9a36a7758f38e] 10.0.0.166 "GET /resource_providers/3bb257fe-e391-449c-ba4f-6c452dba2abd/aggregates" status: 404 len: 235 microversion: 1.1 [pid: 8|app: 0|req: 666/1340] 10.0.0.166 () {32 vars in 815 bytes} [Wed Feb 25 07:31:32 2026] GET /resource_providers/3bb257fe-e391-449c-ba4f-6c452dba2abd/aggregates => generated 235 bytes in 7 msecs (HTTP/1.1 404) 5 headers in 202 bytes (1 switches on core 0)
2026-02-25 07:31:32.415 7 INFO placement.requestlog [None req-89caac1e-7cf1-4b16-a435-0fc81e02c50d 66c5bd7e9c194189a9f5baa06b6cd1d4 fe1cf9ba7fa24e32b8b90da814b4613b - - beb0ed6be28c4bf9b5f9a36a7758f38e beb0ed6be28c4bf9b5f9a36a7758f38e] 10.0.0.166 "DELETE /resource_providers/0f5ac09a-cf35-4966-a59e-5f46a08455b0" status: 404 len: 246 microversion: 1.1 [pid: 7|app: 0|req: 675/1341] 10.0.0.166 () {34 vars in 815 bytes} [Wed Feb 25 07:31:32 2026] DELETE /resource_providers/0f5ac09a-cf35-4966-a59e-5f46a08455b0 => generated 246 bytes in 5 msecs (HTTP/1.1 404) 6 headers in 231 bytes (1 switches on core 0)
2026-02-25 07:31:32.416 8 INFO placement.requestlog [None req-79774a0e-0ef6-4ec0-ba99-d9417989661c 66c5bd7e9c194189a9f5baa06b6cd1d4 fe1cf9ba7fa24e32b8b90da814b4613b - - beb0ed6be28c4bf9b5f9a36a7758f38e beb0ed6be28c4bf9b5f9a36a7758f38e] 10.0.0.166 "DELETE /resource_providers/0f5ac09a-cf35-4966-a59e-5f46a08455b0" status: 404 len: 246 microversion: 1.1 [pid: 8|app: 0|req: 667/1342] 10.0.0.166 () {34 vars in 815 bytes} [Wed Feb 25 07:31:32 2026] DELETE /resource_providers/0f5ac09a-cf35-4966-a59e-5f46a08455b0 => generated 246 bytes in 6 msecs (HTTP/1.1 404) 6 headers in 231 bytes (1 switches on core 0)
2026-02-25 07:31:32.433 8 INFO placement.requestlog [None req-61155a0f-c1a3-49a2-bf9b-127fafd39dea 66c5bd7e9c194189a9f5baa06b6cd1d4 fe1cf9ba7fa24e32b8b90da814b4613b - - beb0ed6be28c4bf9b5f9a36a7758f38e beb0ed6be28c4bf9b5f9a36a7758f38e] 10.0.0.166 "DELETE /resource_providers/3bb257fe-e391-449c-ba4f-6c452dba2abd" status: 404 len: 246 microversion: 1.1 [pid: 8|app: 0|req: 668/1343] 10.0.0.166 () {34 vars in 815 bytes} [Wed Feb 25 07:31:32 2026] DELETE /resource_providers/3bb257fe-e391-449c-ba4f-6c452dba2abd => generated 246 bytes in 8 msecs (HTTP/1.1 404) 6 headers in 231 bytes (1 switches on core 0)
2026-02-25 07:31:32.434 7 INFO placement.requestlog [None req-f03460a9-2a64-44fb-a1a6-d490c7a674f2 66c5bd7e9c194189a9f5baa06b6cd1d4 fe1cf9ba7fa24e32b8b90da814b4613b - - beb0ed6be28c4bf9b5f9a36a7758f38e beb0ed6be28c4bf9b5f9a36a7758f38e] 10.0.0.166 "DELETE /resource_providers/3bb257fe-e391-449c-ba4f-6c452dba2abd" status: 404 len: 246 microversion: 1.1 [pid: 7|app: 0|req: 676/1344] 10.0.0.166 () {34 vars in 815 bytes} [Wed Feb 25 07:31:32 2026] DELETE /resource_providers/3bb257fe-e391-449c-ba4f-6c452dba2abd => generated 246 bytes in 9 msecs (HTTP/1.1 404) 6 headers in 231 bytes (1 switches on core 0)
2026-02-25 07:31:37.477 8 INFO placement.requestlog [None req-7a65b7e8-1790-4055-8084-03195bfc4616 66c5bd7e9c194189a9f5baa06b6cd1d4 fe1cf9ba7fa24e32b8b90da814b4613b - - beb0ed6be28c4bf9b5f9a36a7758f38e beb0ed6be28c4bf9b5f9a36a7758f38e] 10.0.0.166 "GET /resource_providers/c57d2804-4e55-4518-9f99-a35be63c8d69/aggregates" status: 404 len: 235 microversion: 1.1 [pid: 8|app: 0|req: 669/1345] 10.0.0.166 () {32 vars in 815 bytes} [Wed Feb 25 07:31:37 2026] GET /resource_providers/c57d2804-4e55-4518-9f99-a35be63c8d69/aggregates => generated 235 bytes in 9 msecs (HTTP/1.1 404) 5 headers in 202 bytes (1 switches on core 0)
2026-02-25 07:31:37.488 7 INFO placement.requestlog [None req-387c8dfa-c026-4ca9-b1ca-090a215d0bfd 66c5bd7e9c194189a9f5baa06b6cd1d4 fe1cf9ba7fa24e32b8b90da814b4613b - - beb0ed6be28c4bf9b5f9a36a7758f38e beb0ed6be28c4bf9b5f9a36a7758f38e] 10.0.0.166 "GET /resource_providers/c57d2804-4e55-4518-9f99-a35be63c8d69/aggregates" status: 404 len: 235 microversion: 1.1 [pid: 7|app: 0|req: 677/1346] 10.0.0.166 () {32 vars in 815 bytes} [Wed Feb 25 07:31:37 2026] GET /resource_providers/c57d2804-4e55-4518-9f99-a35be63c8d69/aggregates => generated 235 bytes in 13 msecs (HTTP/1.1 404) 5 headers in 202 bytes (1 switches on core 0)
2026-02-25 07:31:37.500 7 INFO placement.requestlog [None req-cb3a1cb6-8403-467c-a5d1-7f7e6730cb0f 66c5bd7e9c194189a9f5baa06b6cd1d4 fe1cf9ba7fa24e32b8b90da814b4613b - - beb0ed6be28c4bf9b5f9a36a7758f38e beb0ed6be28c4bf9b5f9a36a7758f38e] 10.0.0.166 "DELETE /resource_providers/c57d2804-4e55-4518-9f99-a35be63c8d69" status: 404 len: 246 microversion: 1.1 [pid: 7|app: 0|req: 678/1347] 10.0.0.166 () {34 vars in 815 bytes} [Wed Feb 25 07:31:37 2026] DELETE /resource_providers/c57d2804-4e55-4518-9f99-a35be63c8d69 => generated 246 bytes in 5 msecs (HTTP/1.1 404) 6 headers in 231 bytes (1 switches on core 0)
2026-02-25 07:31:37.502 8 INFO placement.requestlog [None req-aecafa3f-c3b2-49ed-a16e-79e09778679e 66c5bd7e9c194189a9f5baa06b6cd1d4 fe1cf9ba7fa24e32b8b90da814b4613b - - beb0ed6be28c4bf9b5f9a36a7758f38e beb0ed6be28c4bf9b5f9a36a7758f38e] 10.0.0.166 "DELETE /resource_providers/c57d2804-4e55-4518-9f99-a35be63c8d69" status: 404 len: 246 microversion: 1.1 [pid: 8|app: 0|req: 670/1348] 10.0.0.166 () {34 vars in 815 bytes} [Wed Feb 25 07:31:37 2026] DELETE /resource_providers/c57d2804-4e55-4518-9f99-a35be63c8d69 => generated 246 bytes in 11 msecs (HTTP/1.1 404) 6 headers in 231 bytes (1 switches on core 0)
2026-02-25 07:31:40.767 7 INFO placement.requestlog [None req-36dd3e3d-84c2-425a-a4e0-93c2fa86f50d - - - - - -] 10.0.0.231 "GET /" status: 200 len: 136 microversion: 1.0
2026-02-25 07:31:40.768 8 INFO placement.requestlog [None req-b949977f-776a-480f-8895-bf3e502e8982 - - - - - -] 10.0.0.231 "GET /" status: 200 len: 136 microversion: 1.0
2026-02-25 07:31:50.768 8 INFO placement.requestlog [None req-72014ebc-cfda-445b-a001-e2557b2dd12b - - - - - -] 10.0.0.231 "GET /" status: 200 len: 136 microversion: 1.0
2026-02-25 07:31:50.768 7 INFO placement.requestlog [None req-0c19f5b5-b9aa-4512-88b4-ad92e59fcbe7 - - - - - -] 10.0.0.231 "GET /" status: 200 len: 136 microversion: 1.0
2026-02-25 07:32:00.767 8 INFO placement.requestlog [None req-84f35f6f-c7fa-4a5f-9824-8f91b733747e - - - - - -] 10.0.0.231 "GET /" status: 200 len: 136 microversion: 1.0
2026-02-25 07:32:00.773 7 INFO placement.requestlog [None req-728b343c-e0e4-4619-99c6-b3a6eae97780 - - - - - -] 10.0.0.231 "GET /" status: 200 len: 136 microversion: 1.0
2026-02-25 07:32:01.627 8 INFO placement.requestlog [req-d0c4c8ac-6c22-4ab9-8608-3297f255a87d req-2344d30a-c06e-4735-a4bd-df629a703920 2725ff64e940498b8065ab3aa08ec44f fe1cf9ba7fa24e32b8b90da814b4613b - - beb0ed6be28c4bf9b5f9a36a7758f38e beb0ed6be28c4bf9b5f9a36a7758f38e] 199.204.45.99 "GET /resource_providers/64c61dbc-32ed-42e9-ab1c-52248f7d49ed/allocations" status: 200 len: 55 microversion: 1.0 [pid: 8|app: 0|req: 674/1355] 199.204.45.99 () {32 vars in 855 bytes} [Wed Feb 25 07:32:01 2026] GET /resource_providers/64c61dbc-32ed-42e9-ab1c-52248f7d49ed/allocations => generated 55 bytes in 225 msecs (HTTP/1.1 200) 6 headers in 223 bytes (1 switches on core 0)
2026-02-25 07:32:01.651 7 INFO placement.requestlog [req-d0c4c8ac-6c22-4ab9-8608-3297f255a87d req-756e21f7-7007-487b-9bd3-862790e08bcc 2725ff64e940498b8065ab3aa08ec44f fe1cf9ba7fa24e32b8b90da814b4613b - - beb0ed6be28c4bf9b5f9a36a7758f38e beb0ed6be28c4bf9b5f9a36a7758f38e] 199.204.45.99 "GET /resource_providers?in_tree=64c61dbc-32ed-42e9-ab1c-52248f7d49ed" status: 200 len: 798 microversion: 1.14 [pid: 7|app: 0|req: 682/1356] 199.204.45.99 () {34 vars in 890 bytes} [Wed Feb 25 07:32:01 2026] GET /resource_providers?in_tree=64c61dbc-32ed-42e9-ab1c-52248f7d49ed => generated 798 bytes in 15 msecs (HTTP/1.1 200) 6 headers in 225 bytes (1 switches on core 0)
2026-02-25 07:32:01.670 8 INFO placement.requestlog [req-d0c4c8ac-6c22-4ab9-8608-3297f255a87d req-8d81c9cb-8d2b-4606-a980-f0e3c0d1395c 2725ff64e940498b8065ab3aa08ec44f fe1cf9ba7fa24e32b8b90da814b4613b - - beb0ed6be28c4bf9b5f9a36a7758f38e beb0ed6be28c4bf9b5f9a36a7758f38e] 199.204.45.99 "GET /resource_providers/64c61dbc-32ed-42e9-ab1c-52248f7d49ed/inventories" status: 200 len: 401 microversion: 1.0 [pid: 8|app: 0|req: 675/1357] 199.204.45.99 () {32 vars in 855 bytes} [Wed Feb 25 07:32:01 2026] GET /resource_providers/64c61dbc-32ed-42e9-ab1c-52248f7d49ed/inventories => generated 401 bytes in 12 msecs (HTTP/1.1 200) 6 headers in 224 bytes (1 switches on core 0)
2026-02-25 07:32:01.685 7 INFO placement.requestlog [req-d0c4c8ac-6c22-4ab9-8608-3297f255a87d req-ecd14c24-7cc5-4c25-a6f7-ebcadcea151f 2725ff64e940498b8065ab3aa08ec44f fe1cf9ba7fa24e32b8b90da814b4613b - - beb0ed6be28c4bf9b5f9a36a7758f38e beb0ed6be28c4bf9b5f9a36a7758f38e] 199.204.45.99 "GET /resource_providers/64c61dbc-32ed-42e9-ab1c-52248f7d49ed/aggregates" status: 200 len: 54 microversion: 1.19 [pid: 7|app: 0|req: 683/1358] 199.204.45.99 () {34 vars in 897 bytes} [Wed Feb 25 07:32:01 2026] GET /resource_providers/64c61dbc-32ed-42e9-ab1c-52248f7d49ed/aggregates => generated 54 bytes in 11 msecs (HTTP/1.1 200) 8 headers in 295 bytes (1 switches on core 0)
2026-02-25 07:32:01.714 8 INFO placement.requestlog [req-d0c4c8ac-6c22-4ab9-8608-3297f255a87d req-537c6202-b236-49bd-8f41-3e6742e13f52 2725ff64e940498b8065ab3aa08ec44f fe1cf9ba7fa24e32b8b90da814b4613b - - beb0ed6be28c4bf9b5f9a36a7758f38e beb0ed6be28c4bf9b5f9a36a7758f38e] 199.204.45.99 "GET /resource_providers/64c61dbc-32ed-42e9-ab1c-52248f7d49ed/traits" status: 200 len: 2176 microversion: 1.6 [pid: 8|app: 0|req: 676/1359] 199.204.45.99 () {34 vars in 888 bytes} [Wed Feb 25 07:32:01 2026] GET /resource_providers/64c61dbc-32ed-42e9-ab1c-52248f7d49ed/traits => generated 2176 bytes in 25 msecs (HTTP/1.1 200) 6 headers in 225 bytes (1 switches on core 0)
2026-02-25 07:32:01.736 7 INFO placement.requestlog [req-d0c4c8ac-6c22-4ab9-8608-3297f255a87d req-706fc62a-d532-4b64-898d-e31c0ed9cabb 2725ff64e940498b8065ab3aa08ec44f fe1cf9ba7fa24e32b8b90da814b4613b - - beb0ed6be28c4bf9b5f9a36a7758f38e beb0ed6be28c4bf9b5f9a36a7758f38e] 199.204.45.99 "GET /resource_providers/64c61dbc-32ed-42e9-ab1c-52248f7d49ed/allocations" status: 200 len: 55 microversion: 1.0 [pid: 7|app: 0|req: 684/1360] 199.204.45.99 () {32 vars in 855 bytes} [Wed Feb 25 07:32:01 2026] GET /resource_providers/64c61dbc-32ed-42e9-ab1c-52248f7d49ed/allocations => generated 55 bytes in 15 msecs (HTTP/1.1 200) 6 headers in 223 bytes (1 switches on core 0)
2026-02-25 07:32:02.299 8 INFO placement.requestlog [None req-8eb8053b-0305-41de-8f6f-0c8c79d880aa 5dd02c76bbbf42c6a7615b6d5c4c626f 6022d6d06f154e18a3a490e9868792a6 - - default default] 10.0.0.206 "GET /resource_providers" status: 200 len: 406 microversion: 1.0 [pid: 8|app: 0|req: 677/1361] 10.0.0.206 () {28 vars in 592 bytes} [Wed Feb 25 07:32:02 2026] GET /resource_providers => generated 406 bytes in 62 msecs (HTTP/1.1 200) 6 headers in 224 bytes (1 switches on core 0)
2026-02-25 07:32:02.317 7 INFO placement.requestlog [None req-17d113ce-913c-4988-839d-e59fa986ffb4 5dd02c76bbbf42c6a7615b6d5c4c626f 6022d6d06f154e18a3a490e9868792a6 - - default default] 10.0.0.206 "GET /resource_providers/64c61dbc-32ed-42e9-ab1c-52248f7d49ed/inventories" status: 200 len: 401 microversion: 1.0 [pid: 7|app: 0|req: 685/1362] 10.0.0.206 () {28 vars in 690 bytes} [Wed Feb 25 07:32:02 2026] GET /resource_providers/64c61dbc-32ed-42e9-ab1c-52248f7d49ed/inventories => generated 401 bytes in 13 msecs (HTTP/1.1 200) 6 headers in 224 bytes (1 switches on core 0)
2026-02-25 07:32:02.333 8 INFO placement.requestlog [None req-f7bff3ff-06b8-4986-b44f-16f6cecb44f2 5dd02c76bbbf42c6a7615b6d5c4c626f 6022d6d06f154e18a3a490e9868792a6 - - default default] 10.0.0.206 "GET /resource_providers/64c61dbc-32ed-42e9-ab1c-52248f7d49ed/usages" status: 200 len: 89 microversion: 1.0 [pid: 8|app: 0|req: 678/1363] 10.0.0.206 () {28 vars in 680 bytes} [Wed Feb 25 07:32:02 2026] GET /resource_providers/64c61dbc-32ed-42e9-ab1c-52248f7d49ed/usages => generated 89 bytes in 14 msecs (HTTP/1.1 200) 6 headers in 223 bytes (1 switches on core 0)
2026-02-25 07:32:10.767 7 INFO placement.requestlog [None req-200a8b44-62ad-4254-b4df-a225ac5a4683 - - - - - -] 10.0.0.231 "GET /" status: 200 len: 136 microversion: 1.0
2026-02-25 07:32:10.768 8 INFO placement.requestlog [None req-ca3cdbc1-7e34-4594-9111-ba84cd83ea96 - - - - - -] 10.0.0.231 "GET /" status: 200 len: 136 microversion: 1.0
2026-02-25 07:32:20.767 8 INFO placement.requestlog [None req-66049677-ae01-4dde-ac00-f3647db65fe9 - - - - - -] 10.0.0.231 "GET /" status: 200 len: 136 microversion: 1.0
2026-02-25 07:32:20.768 7 INFO placement.requestlog [None req-1f8dcd61-8fdc-4501-9d76-8822ed51ba17 - - - - - -] 10.0.0.231 "GET /" status: 200 len: 136 microversion: 1.0
2026-02-25 07:32:30.768 8 INFO placement.requestlog [None req-d1534d8c-2103-49d4-a0d1-83ae56c73283 - - - - - -] 10.0.0.231 "GET /" status: 200 len: 136 microversion: 1.0
2026-02-25 07:32:30.768 7 INFO placement.requestlog [None req-acd2ca8a-a936-4ac9-89ad-071d46de6ff4 - - - - - -] 10.0.0.231 "GET /" status: 200 len: 136 microversion: 1.0
2026-02-25 07:32:40.767 8 INFO placement.requestlog [None req-8290cdfb-87af-45d5-81e5-ac3d201ec6b8 - - - - - -] 10.0.0.231 "GET /" status: 200 len: 136 microversion: 1.0
2026-02-25 07:32:40.769 7 INFO placement.requestlog [None req-93157f50-81a4-4b1a-a2e0-ca89b96057e3 - - - - - -] 10.0.0.231 "GET /" status: 200 len: 136 microversion: 1.0
2026-02-25 07:32:50.767 8 INFO placement.requestlog [None req-adeeddb5-9e73-4b81-8637-50e00d3afe41 - - - - - -] 10.0.0.231 "GET /" status: 200 len: 136 microversion: 1.0
2026-02-25 07:32:50.769 7 INFO placement.requestlog [None req-7ef2b58b-43ba-4d48-bedd-239fadc9bcc9 - - - - - -] 10.0.0.231 "GET /" status: 200 len: 136 microversion: 1.0
2026-02-25 07:33:00.767 7 INFO placement.requestlog [None req-5d6a6a46-33c2-45a1-8f17-77c8b4163be0 - - - - - -] 10.0.0.231 "GET /" status: 200 len: 136 microversion: 1.0
2026-02-25 07:33:00.767 8 INFO placement.requestlog [None req-3986a8b0-52c8-4d10-b7f4-853676ac7b24 - - - - - -] 10.0.0.231 "GET /" status: 200 len: 136 microversion: 1.0
2026-02-25 07:33:01.643 7 INFO placement.requestlog [req-814687b4-f25f-45eb-aa82-96cf06ca18cc req-3a513ced-31c2-4a3e-86e0-4230c3335a05 2725ff64e940498b8065ab3aa08ec44f fe1cf9ba7fa24e32b8b90da814b4613b - - beb0ed6be28c4bf9b5f9a36a7758f38e beb0ed6be28c4bf9b5f9a36a7758f38e] 199.204.45.99 "GET /resource_providers/64c61dbc-32ed-42e9-ab1c-52248f7d49ed/allocations" status: 200 len: 55 microversion: 1.0 [pid: 7|app: 0|req: 692/1376] 199.204.45.99 () {32 vars in 855 bytes} [Wed Feb 25 07:33:01 2026] GET /resource_providers/64c61dbc-32ed-42e9-ab1c-52248f7d49ed/allocations => generated 55 bytes in 16 msecs (HTTP/1.1 200) 6 headers in 223 bytes (1 switches on core 0)
2026-02-25 07:33:01.660 8 INFO placement.requestlog [req-814687b4-f25f-45eb-aa82-96cf06ca18cc req-420aca26-35cb-42d9-81d1-61fdaecb1b7c 2725ff64e940498b8065ab3aa08ec44f fe1cf9ba7fa24e32b8b90da814b4613b - - beb0ed6be28c4bf9b5f9a36a7758f38e beb0ed6be28c4bf9b5f9a36a7758f38e] 199.204.45.99 "GET /resource_providers/64c61dbc-32ed-42e9-ab1c-52248f7d49ed/allocations" status: 200 len: 55 microversion: 1.0 [pid: 8|app: 0|req: 685/1377] 199.204.45.99 () {32 vars in 855 bytes} [Wed Feb 25 07:33:01 2026] GET /resource_providers/64c61dbc-32ed-42e9-ab1c-52248f7d49ed/allocations => generated 55 bytes in 11 msecs (HTTP/1.1 200) 6 headers in 223 bytes (1 switches on core 0)
2026-02-25 07:33:02.382 7 INFO placement.requestlog [None req-c37c258b-508f-4015-8581-f68773d690bd 5dd02c76bbbf42c6a7615b6d5c4c626f 6022d6d06f154e18a3a490e9868792a6 - - default default] 10.0.0.206 "GET /resource_providers" status: 200 len: 406 microversion: 1.0 [pid: 7|app: 0|req: 693/1378] 10.0.0.206 () {28 vars in 592 bytes} [Wed Feb 25 07:33:02 2026] GET /resource_providers => generated 406 bytes in 81 msecs (HTTP/1.1 200) 6 headers in 224 bytes (1 switches on core 0)
2026-02-25 07:33:02.423 8 INFO placement.requestlog [None req-a0c34083-2fae-4859-a84c-c99b372eb372 5dd02c76bbbf42c6a7615b6d5c4c626f 6022d6d06f154e18a3a490e9868792a6 - - default default] 10.0.0.206 "GET /resource_providers/64c61dbc-32ed-42e9-ab1c-52248f7d49ed/inventories" status: 200 len: 401 microversion: 1.0 [pid: 8|app: 0|req: 686/1379] 10.0.0.206 () {28 vars in 690 bytes} [Wed Feb 25 07:33:02 2026] GET /resource_providers/64c61dbc-32ed-42e9-ab1c-52248f7d49ed/inventories => generated 401 bytes in 27 msecs (HTTP/1.1 200) 6 headers in 224 bytes (1 switches on core 0)
2026-02-25 07:33:02.453 7 INFO placement.requestlog [None req-287243bc-2fc7-4df8-84d0-0b6dcc2e3ef8 5dd02c76bbbf42c6a7615b6d5c4c626f 6022d6d06f154e18a3a490e9868792a6 - - default default] 10.0.0.206 "GET /resource_providers/64c61dbc-32ed-42e9-ab1c-52248f7d49ed/usages" status: 200 len: 89 microversion: 1.0 [pid: 7|app: 0|req: 694/1380] 10.0.0.206 () {28 vars in 680 bytes} [Wed Feb 25 07:33:02 2026] GET /resource_providers/64c61dbc-32ed-42e9-ab1c-52248f7d49ed/usages => generated 89 bytes in 13 msecs (HTTP/1.1 200) 6 headers in 223 bytes (1 switches on core 0)
2026-02-25 07:33:10.767 7 INFO placement.requestlog [None req-5983dcda-dcab-4805-8c91-8003587b55de - - - - - -] 10.0.0.231 "GET /" status: 200 len: 136 microversion: 1.0
2026-02-25 07:33:10.767 8 INFO placement.requestlog [None req-d6b98a25-6541-4f84-9237-8899cd00450c - - - - - -] 10.0.0.231 "GET /" status: 200 len: 136 microversion: 1.0
2026-02-25 07:33:20.768 7 INFO placement.requestlog [None req-d01d16a1-005f-4c87-b6e3-ab1e305b8352 - - - - - -] 10.0.0.231 "GET /" status: 200 len: 136 microversion: 1.0
2026-02-25 07:33:20.768 8 INFO placement.requestlog [None req-07311b7f-404a-4322-86b4-56995259994d - - - - - -] 10.0.0.231 "GET /" status: 200 len: 136 microversion: 1.0
2026-02-25 07:33:30.768 7 INFO placement.requestlog [None req-46f85d2c-0d1c-4c9c-a051-fb87cd09c0e8 - - - - - -] 10.0.0.231 "GET /" status: 200 len: 136 microversion: 1.0
2026-02-25 07:33:30.768 8 INFO placement.requestlog [None req-d649ce7e-cc48-4803-8877-dcdaec56ba45 - - - - - -] 10.0.0.231 "GET /" status: 200 len: 136 microversion: 1.0
2026-02-25 07:33:40.768 7 INFO placement.requestlog [None req-ac6411bf-7d6c-485f-879a-3b4fd0c3af9e - - - - - -] 10.0.0.231 "GET /" status: 200 len: 136 microversion: 1.0
2026-02-25 07:33:40.768 8 INFO placement.requestlog [None req-9fd029b5-ad4c-442a-9c5c-33cf15ed4387 - - - - - -] 10.0.0.231 "GET /" status: 200 len: 136 microversion: 1.0
2026-02-25 07:33:50.767 8 INFO placement.requestlog [None req-a6dd514c-b518-4af2-b837-30b818cf6ae0 - - - - - -] 10.0.0.231 "GET /" status: 200 len: 136 microversion: 1.0
2026-02-25 07:33:50.767 7 INFO placement.requestlog [None req-23e84f44-929d-4408-bf0a-41cefcbf1824 - - - - - -] 10.0.0.231 "GET /" status: 200 len: 136 microversion: 1.0
2026-02-25 07:34:00.767 7 INFO placement.requestlog [None req-9b974442-01ab-4d8b-a73e-2d742e8d1e2d - - - - - -] 10.0.0.231 "GET /" status: 200 len: 136 microversion: 1.0
2026-02-25 07:34:00.768 8 INFO placement.requestlog [None req-5ee77a23-07cc-4f05-bea9-64ac71913699 - - - - - -] 10.0.0.231 "GET /" status: 200 len: 136 microversion: 1.0
2026-02-25 07:34:01.872 7 INFO placement.requestlog [req-4027e9d8-fb43-4b88-b706-0b1fb553d2ee req-7435475f-42fd-4c15-95d2-c2372d87744b 2725ff64e940498b8065ab3aa08ec44f fe1cf9ba7fa24e32b8b90da814b4613b - - beb0ed6be28c4bf9b5f9a36a7758f38e beb0ed6be28c4bf9b5f9a36a7758f38e] 199.204.45.99 "GET /resource_providers/64c61dbc-32ed-42e9-ab1c-52248f7d49ed/allocations" status: 200 len: 55 microversion: 1.0 [pid: 7|app: 0|req: 701/1393] 199.204.45.99 () {32 vars in 855 bytes} [Wed Feb 25 07:34:01 2026] GET /resource_providers/64c61dbc-32ed-42e9-ab1c-52248f7d49ed/allocations => generated 55 bytes in 15 msecs (HTTP/1.1 200) 6 headers in 223 bytes (1 switches on core 0)
2026-02-25 07:34:01.894 8 INFO placement.requestlog [req-4027e9d8-fb43-4b88-b706-0b1fb553d2ee req-edd6d0a2-e586-4607-aeca-047a32d1b542 2725ff64e940498b8065ab3aa08ec44f fe1cf9ba7fa24e32b8b90da814b4613b - - beb0ed6be28c4bf9b5f9a36a7758f38e beb0ed6be28c4bf9b5f9a36a7758f38e] 199.204.45.99 "GET /resource_providers/64c61dbc-32ed-42e9-ab1c-52248f7d49ed/allocations" status: 200 len: 55 microversion: 1.0 [pid: 8|app: 0|req: 693/1394] 199.204.45.99 () {32 vars in 855 bytes} [Wed Feb 25 07:34:01 2026] GET /resource_providers/64c61dbc-32ed-42e9-ab1c-52248f7d49ed/allocations => generated 55 bytes in 15 msecs (HTTP/1.1 200) 6 headers in 223 bytes (1 switches on core 0)
2026-02-25 07:34:02.436 7 INFO placement.requestlog [None req-f4406bbd-1b66-41a0-8879-97ee8c210658 5dd02c76bbbf42c6a7615b6d5c4c626f 6022d6d06f154e18a3a490e9868792a6 - - default default] 10.0.0.206 "GET /resource_providers" status: 200 len: 406 microversion: 1.0 [pid: 7|app: 0|req: 702/1395] 10.0.0.206 () {28 vars in 592 bytes} [Wed Feb 25 07:34:02 2026] GET /resource_providers => generated 406 bytes in 73 msecs (HTTP/1.1 200) 6 headers in 224 bytes (1 switches on core 0)
2026-02-25 07:34:02.476 8 INFO placement.requestlog [None req-629f8bc3-4476-484e-88ef-cde3e8ef0057 5dd02c76bbbf42c6a7615b6d5c4c626f 6022d6d06f154e18a3a490e9868792a6 - - default default] 10.0.0.206 "GET /resource_providers/64c61dbc-32ed-42e9-ab1c-52248f7d49ed/inventories" status: 200 len: 401 microversion: 1.0 [pid: 8|app: 0|req: 694/1396] 10.0.0.206 () {28 vars in 690 bytes} [Wed Feb 25 07:34:02 2026] GET /resource_providers/64c61dbc-32ed-42e9-ab1c-52248f7d49ed/inventories => generated 401 bytes in 29 msecs (HTTP/1.1 200) 6 headers in 224 bytes (1 switches on core 0)
2026-02-25 07:34:02.497 7 INFO placement.requestlog [None req-78a19fbb-10fe-4b7a-8f23-7d81d6fb2a98 5dd02c76bbbf42c6a7615b6d5c4c626f 6022d6d06f154e18a3a490e9868792a6 - - default default] 10.0.0.206 "GET /resource_providers/64c61dbc-32ed-42e9-ab1c-52248f7d49ed/usages" status: 200 len: 89 microversion: 1.0 [pid: 7|app: 0|req: 703/1397] 10.0.0.206 () {28 vars in 680 bytes} [Wed Feb 25 07:34:02 2026] GET /resource_providers/64c61dbc-32ed-42e9-ab1c-52248f7d49ed/usages => generated 89 bytes in 18 msecs (HTTP/1.1 200) 6 headers in 223 bytes (1 switches on core 0)
2026-02-25 07:34:10.766 8 INFO placement.requestlog [None req-1ba883f3-8b7e-4d6b-ba01-04c664e1925c - - - - - -] 10.0.0.231 "GET /" status: 200 len: 136 microversion: 1.0
2026-02-25 07:34:10.767 7 INFO placement.requestlog [None req-19a6812c-ea6a-47db-82fd-17b2ccbe3012 - - - - - -] 10.0.0.231 "GET /" status: 200 len: 136 microversion: 1.0
2026-02-25 07:34:20.767 7 INFO placement.requestlog [None req-766dfef5-d58d-450f-b5ca-12a46f95960b - - - - - -] 10.0.0.231 "GET /" status: 200 len: 136 microversion: 1.0
2026-02-25 07:34:20.767 8 INFO placement.requestlog [None req-5ec679f3-fc45-4fba-9bf2-bf8a168f7723 - - - - - -] 10.0.0.231 "GET /" status: 200 len: 136 microversion: 1.0
2026-02-25 07:34:30.766 8 INFO placement.requestlog [None req-0e24af87-e886-4a5c-bfe8-3930defee29d - - - - - -] 10.0.0.231 "GET /" status: 200 len: 136 microversion: 1.0
2026-02-25 07:34:30.767 7 INFO placement.requestlog [None req-cd94d269-3b17-4f69-adae-602171e7a829 - - - - - -] 10.0.0.231 "GET /" status: 200 len: 136 microversion: 1.0
2026-02-25 07:34:40.767 8 INFO placement.requestlog [None req-48d4abd1-d210-4736-8295-780eb8e9f662 - - - - - -] 10.0.0.231 "GET /" status: 200 len: 136 microversion: 1.0
2026-02-25 07:34:40.767 7 INFO placement.requestlog [None req-fc220605-9b57-4177-ac17-36679715fb5d - - - - - -] 10.0.0.231 "GET /" status: 200 len: 136 microversion: 1.0
2026-02-25 07:34:50.767 7 INFO placement.requestlog [None req-622f1b29-78ef-463a-8e5e-46c0c9dc98b0 - - - - - -] 10.0.0.231 "GET /" status: 200 len: 136 microversion: 1.0
2026-02-25 07:34:50.767 8 INFO placement.requestlog [None req-83c7602d-65e4-4758-b5d3-e50503742a70 - - - - - -] 10.0.0.231 "GET /" status: 200 len: 136 microversion: 1.0
2026-02-25 07:35:00.768 7 INFO placement.requestlog [None req-1735f0f1-5f15-4986-92c2-a6816699c85e - - - - - -] 10.0.0.231 "GET /" status: 200 len: 136 microversion: 1.0
2026-02-25 07:35:00.769 8 INFO placement.requestlog [None req-1ea3aa19-6d4d-4c6b-aa2d-7386f701baef - - - - - -] 10.0.0.231 "GET /" status: 200 len: 136 microversion: 1.0
2026-02-25 07:35:02.311 7 INFO placement.requestlog [None req-eb2bc019-d8db-4b14-a3dd-83379e5fab94 5dd02c76bbbf42c6a7615b6d5c4c626f 6022d6d06f154e18a3a490e9868792a6 - - default default] 10.0.0.206 "GET /resource_providers" status: 200 len: 406 microversion: 1.0 [pid: 7|app: 0|req: 710/1410] 10.0.0.206 () {28 vars in 592 bytes} [Wed Feb 25 07:35:02 2026] GET /resource_providers => generated 406 bytes in 68 msecs (HTTP/1.1 200) 6 headers in 224 bytes (1 switches on core 0)
2026-02-25 07:35:02.331 8 INFO placement.requestlog [None req-6a0ba9f0-bdb6-4ffb-b213-f57a81742e38 5dd02c76bbbf42c6a7615b6d5c4c626f 6022d6d06f154e18a3a490e9868792a6 - - default default] 10.0.0.206 "GET /resource_providers/64c61dbc-32ed-42e9-ab1c-52248f7d49ed/inventories" status: 200 len: 401 microversion: 1.0 [pid: 8|app: 0|req: 701/1411] 10.0.0.206 () {28 vars in 690 bytes} [Wed Feb 25 07:35:02 2026] GET /resource_providers/64c61dbc-32ed-42e9-ab1c-52248f7d49ed/inventories => generated 401 bytes in 15 msecs (HTTP/1.1 200) 6 headers in 224 bytes (1 switches on core 0)
2026-02-25 07:35:02.355 7 INFO placement.requestlog [None req-ea5d06f8-583d-4217-8547-45c6f2a138a8 5dd02c76bbbf42c6a7615b6d5c4c626f 6022d6d06f154e18a3a490e9868792a6 - - default default] 10.0.0.206 "GET /resource_providers/64c61dbc-32ed-42e9-ab1c-52248f7d49ed/usages" status: 200 len: 89 microversion: 1.0 [pid: 7|app: 0|req: 711/1412] 10.0.0.206 () {28 vars in 680 bytes} [Wed Feb 25 07:35:02 2026] GET /resource_providers/64c61dbc-32ed-42e9-ab1c-52248f7d49ed/usages => generated 89 bytes in 20 msecs (HTTP/1.1 200) 6 headers in 223 bytes (1 switches on core 0)
2026-02-25 07:35:03.764 8 INFO placement.requestlog [req-46ace711-567d-4afc-a9f8-16622f78a533 req-b8377e09-8fb7-4bff-95e6-4cf986004f1c 2725ff64e940498b8065ab3aa08ec44f fe1cf9ba7fa24e32b8b90da814b4613b - - beb0ed6be28c4bf9b5f9a36a7758f38e beb0ed6be28c4bf9b5f9a36a7758f38e] 199.204.45.99 "GET /resource_providers/64c61dbc-32ed-42e9-ab1c-52248f7d49ed/allocations" status: 200 len: 55 microversion: 1.0 [pid: 8|app: 0|req: 702/1413] 199.204.45.99 () {32 vars in 855 bytes} [Wed Feb 25 07:35:03 2026] GET /resource_providers/64c61dbc-32ed-42e9-ab1c-52248f7d49ed/allocations => generated 55 bytes in 23 msecs (HTTP/1.1 200) 6 headers in 223 bytes (1 switches on core 0)
2026-02-25 07:35:03.784 7 INFO placement.requestlog [req-46ace711-567d-4afc-a9f8-16622f78a533 req-2330c3cb-e0c5-40dc-a640-fe6b881ca476 2725ff64e940498b8065ab3aa08ec44f fe1cf9ba7fa24e32b8b90da814b4613b - - beb0ed6be28c4bf9b5f9a36a7758f38e beb0ed6be28c4bf9b5f9a36a7758f38e] 199.204.45.99 "GET /resource_providers/64c61dbc-32ed-42e9-ab1c-52248f7d49ed/allocations" status: 200 len: 55 microversion: 1.0 [pid: 7|app: 0|req: 712/1414] 199.204.45.99 () {32 vars in 855 bytes} [Wed Feb 25 07:35:03 2026] GET /resource_providers/64c61dbc-32ed-42e9-ab1c-52248f7d49ed/allocations => generated 55 bytes in 14 msecs (HTTP/1.1 200) 6 headers in 223 bytes (1 switches on core 0)
2026-02-25 07:35:10.767 8 INFO placement.requestlog [None req-55fd64d4-c53b-41cd-a89b-052bce258b2d - - - - - -] 10.0.0.231 "GET /" status: 200 len: 136 microversion: 1.0
2026-02-25 07:35:10.767 7 INFO placement.requestlog [None req-2aa4717c-249d-4f17-b901-06b217c9462c - - - - - -] 10.0.0.231 "GET /" status: 200 len: 136 microversion: 1.0
2026-02-25 07:35:20.767 8 INFO placement.requestlog [None req-c0818f00-65ec-409f-9d32-2cf7f797443d - - - - - -] 10.0.0.231 "GET /" status: 200 len: 136 microversion: 1.0
2026-02-25 07:35:20.768 7 INFO placement.requestlog [None req-5ada7dce-ae39-4892-b298-39ed4234f165 - - - - - -] 10.0.0.231 "GET /" status: 200 len: 136 microversion: 1.0
2026-02-25 07:35:30.767 8 INFO placement.requestlog [None req-cc4e2c1f-e82b-44d7-9766-db57450cb127 - - - - - -] 10.0.0.231 "GET /" status: 200 len: 136 microversion: 1.0
2026-02-25 07:35:30.767 7 INFO placement.requestlog [None req-34095cae-81d4-4f47-8bce-97367e7901ca - - - - - -] 10.0.0.231 "GET /" status: 200 len: 136 microversion: 1.0
2026-02-25 07:35:40.768 7 INFO placement.requestlog [None req-29790c29-2fc5-47bc-90a0-d5705d605dd8 - - - - - -] 10.0.0.231 "GET /" status: 200 len: 136 microversion: 1.0
2026-02-25 07:35:40.768 8 INFO placement.requestlog [None req-6f3a6fe8-835a-4a3c-944b-2592cd4d32d4 - - - - - -] 10.0.0.231 "GET /" status: 200 len: 136 microversion: 1.0
2026-02-25 07:35:50.767 8 INFO placement.requestlog [None req-59524e75-84af-492b-bfee-fe8f4ec225b3 - - - - - -] 10.0.0.231 "GET /" status: 200 len: 136 microversion: 1.0
2026-02-25 07:35:50.767 7 INFO placement.requestlog [None req-f1c03352-e72c-45e8-bd87-32d73be926b7 - - - - - -] 10.0.0.231 "GET /" status: 200 len: 136 microversion: 1.0
2026-02-25 07:36:00.768 8 INFO placement.requestlog [None req-8884b433-4b5d-4bb3-9f1f-50151a32f437 - - - - - -] 10.0.0.231 "GET /" status: 200 len: 136 microversion: 1.0
2026-02-25 07:36:00.768 7 INFO placement.requestlog [None req-882b7342-ff34-43f1-9fed-c79c26264c85 - - - - - -] 10.0.0.231 "GET /" status: 200 len: 136 microversion: 1.0
2026-02-25 07:36:02.233 8 INFO placement.requestlog [None req-1585bccf-5539-4b45-a20b-ab64e1fee88f 5dd02c76bbbf42c6a7615b6d5c4c626f 6022d6d06f154e18a3a490e9868792a6 - - default default] 10.0.0.206 "GET /resource_providers" status: 200 len: 406 microversion: 1.0 [pid: 8|app: 0|req: 709/1427] 10.0.0.206 () {28 vars in 592 bytes} [Wed Feb 25 07:36:02 2026] GET /resource_providers => generated 406 bytes in 84 msecs (HTTP/1.1 200) 6 headers in 224 bytes (1 switches on core 0)
2026-02-25 07:36:02.274 7 INFO placement.requestlog [None req-4dc10132-66d9-4174-9de5-9850e4f7b21c 5dd02c76bbbf42c6a7615b6d5c4c626f 6022d6d06f154e18a3a490e9868792a6 - - default default] 10.0.0.206 "GET /resource_providers/64c61dbc-32ed-42e9-ab1c-52248f7d49ed/inventories" status: 200 len: 401 microversion: 1.0 [pid: 7|app: 0|req: 719/1428] 10.0.0.206 () {28 vars in 690 bytes} [Wed Feb 25 07:36:02 2026] GET /resource_providers/64c61dbc-32ed-42e9-ab1c-52248f7d49ed/inventories => generated 401 bytes in 35 msecs (HTTP/1.1 200) 6 headers in 224 bytes (1 switches on core 0)
2026-02-25 07:36:02.303 8 INFO placement.requestlog [None req-379c4fe5-0044-40d0-9ac4-c062aff3f386 5dd02c76bbbf42c6a7615b6d5c4c626f 6022d6d06f154e18a3a490e9868792a6 - - default default] 10.0.0.206 "GET /resource_providers/64c61dbc-32ed-42e9-ab1c-52248f7d49ed/usages" status: 200 len: 89 microversion: 1.0 [pid: 8|app: 0|req: 710/1429] 10.0.0.206 () {28 vars in 680 bytes} [Wed Feb 25 07:36:02 2026] GET /resource_providers/64c61dbc-32ed-42e9-ab1c-52248f7d49ed/usages => generated 89 bytes in 17 msecs (HTTP/1.1 200) 6 headers in 223 bytes (1 switches on core 0)
2026-02-25 07:36:03.767 7 INFO placement.requestlog [req-bd434e0c-f681-41c5-9eed-7956b9ef68fa req-2b655981-727c-45ac-bea6-1bfb20868574 2725ff64e940498b8065ab3aa08ec44f fe1cf9ba7fa24e32b8b90da814b4613b - - beb0ed6be28c4bf9b5f9a36a7758f38e beb0ed6be28c4bf9b5f9a36a7758f38e] 199.204.45.99 "GET /resource_providers/64c61dbc-32ed-42e9-ab1c-52248f7d49ed/allocations" status: 200 len: 55 microversion: 1.0 [pid: 7|app: 0|req: 720/1430] 199.204.45.99 () {32 vars in 855 bytes} [Wed Feb 25 07:36:03 2026] GET /resource_providers/64c61dbc-32ed-42e9-ab1c-52248f7d49ed/allocations => generated 55 bytes in 14 msecs (HTTP/1.1 200) 6 headers in 223 bytes (1 switches on core 0)
2026-02-25 07:36:03.786 8 INFO placement.requestlog [req-bd434e0c-f681-41c5-9eed-7956b9ef68fa req-9e9e62b1-c70a-4b65-a3d6-87a58648082a 2725ff64e940498b8065ab3aa08ec44f fe1cf9ba7fa24e32b8b90da814b4613b - - beb0ed6be28c4bf9b5f9a36a7758f38e beb0ed6be28c4bf9b5f9a36a7758f38e] 199.204.45.99 "GET /resource_providers/64c61dbc-32ed-42e9-ab1c-52248f7d49ed/allocations" status: 200 len: 55 microversion: 1.0 [pid: 8|app: 0|req: 711/1431] 199.204.45.99 () {32 vars in 855 bytes} [Wed Feb 25 07:36:03 2026] GET /resource_providers/64c61dbc-32ed-42e9-ab1c-52248f7d49ed/allocations => generated 55 bytes in 13 msecs (HTTP/1.1 200) 6 headers in 223 bytes (1 switches on core 0)
2026-02-25 07:36:10.766 7 INFO placement.requestlog [None req-37c633ef-c068-4ced-a822-bd1e9c4f414d - - - - - -] 10.0.0.231 "GET /" status: 200 len: 136 microversion: 1.0
2026-02-25 07:36:10.767 8 INFO placement.requestlog [None req-563f31dd-ecbe-4991-af00-ddbe2d4d8da8 - - - - - -] 10.0.0.231 "GET /" status: 200 len: 136 microversion: 1.0
