2026-02-25 07:23:18.742 7 INFO placement.requestlog [None req-3e480210-741a-4be5-8842-17c207e3f69f 66c5bd7e9c194189a9f5baa06b6cd1d4 fe1cf9ba7fa24e32b8b90da814b4613b - - beb0ed6be28c4bf9b5f9a36a7758f38e beb0ed6be28c4bf9b5f9a36a7758f38e] 10.0.0.166 "DELETE /resource_providers/170887a9-4b50-4c47-84b1-eb4797dc59fb" status: 404 len: 246 microversion: 1.1 [pid: 7|app: 0|req: 421/836] 10.0.0.166 () {34 vars in 815 bytes} [Wed Feb 25 07:23:18 2026] DELETE /resource_providers/170887a9-4b50-4c47-84b1-eb4797dc59fb => generated 246 bytes in 13 msecs (HTTP/1.1 404) 6 headers in 231 bytes (1 switches on core 0)
2026-02-25 07:23:18.749 8 INFO placement.requestlog [None req-5d75243f-787f-4c36-9840-2f42add833c8 66c5bd7e9c194189a9f5baa06b6cd1d4 fe1cf9ba7fa24e32b8b90da814b4613b - - beb0ed6be28c4bf9b5f9a36a7758f38e beb0ed6be28c4bf9b5f9a36a7758f38e] 10.0.0.166 "DELETE /resource_providers/170887a9-4b50-4c47-84b1-eb4797dc59fb" status: 404 len: 246 microversion: 1.1 [pid: 8|app: 0|req: 416/837] 10.0.0.166 () {34 vars in 815 bytes} [Wed Feb 25 07:23:18 2026] DELETE /resource_providers/170887a9-4b50-4c47-84b1-eb4797dc59fb => generated 246 bytes in 8 msecs (HTTP/1.1 404) 6 headers in 231 bytes (1 switches on core 0)
2026-02-25 07:23:19.860 7 INFO placement.requestlog [req-7952ca02-e77f-4640-966d-7514ea2bbf78 req-ce4dde20-8a2d-46f1-9ef8-b7303b0ee789 2725ff64e940498b8065ab3aa08ec44f fe1cf9ba7fa24e32b8b90da814b4613b - - beb0ed6be28c4bf9b5f9a36a7758f38e beb0ed6be28c4bf9b5f9a36a7758f38e] 199.204.45.99 "GET /resource_providers/64c61dbc-32ed-42e9-ab1c-52248f7d49ed/allocations" status: 200 len: 238 microversion: 1.0 [pid: 7|app: 0|req: 422/838] 199.204.45.99 () {32 vars in 855 bytes} [Wed Feb 25 07:23:19 2026] GET /resource_providers/64c61dbc-32ed-42e9-ab1c-52248f7d49ed/allocations => generated 238 bytes in 21 msecs (HTTP/1.1 200) 6 headers in 224 bytes (1 switches on core 0)
2026-02-25 07:23:19.887 8 INFO placement.requestlog [req-7952ca02-e77f-4640-966d-7514ea2bbf78 req-a41d6c4a-558f-4404-824b-605131c31926 2725ff64e940498b8065ab3aa08ec44f fe1cf9ba7fa24e32b8b90da814b4613b - - beb0ed6be28c4bf9b5f9a36a7758f38e beb0ed6be28c4bf9b5f9a36a7758f38e] 199.204.45.99 "GET /allocations/82c25b19-fdf2-4c72-8ee2-53e2d0a11b33" status: 200 len: 243 microversion: 1.28 [pid: 8|app: 0|req: 417/839] 199.204.45.99 () {34 vars in 861 bytes} [Wed Feb 25 07:23:19 2026] GET /allocations/82c25b19-fdf2-4c72-8ee2-53e2d0a11b33 => generated 243 bytes in 15 msecs (HTTP/1.1 200) 8 headers in 296 bytes (1 switches on core 0)
2026-02-25 07:23:19.909 7 INFO placement.requestlog [req-7952ca02-e77f-4640-966d-7514ea2bbf78 req-b3c52a9f-9965-468b-99ba-2c9e8702b899 2725ff64e940498b8065ab3aa08ec44f fe1cf9ba7fa24e32b8b90da814b4613b - - beb0ed6be28c4bf9b5f9a36a7758f38e beb0ed6be28c4bf9b5f9a36a7758f38e] 199.204.45.99 "GET /allocations/ed53ba51-d06d-42b9-9eea-5ca3f2c8b52c" status: 200 len: 257 microversion: 1.28 [pid: 7|app: 0|req: 423/840] 199.204.45.99 () {34 vars in 861 bytes} [Wed Feb 25 07:23:19 2026] GET /allocations/ed53ba51-d06d-42b9-9eea-5ca3f2c8b52c => generated 257 bytes in 14 msecs (HTTP/1.1 200) 8 headers in 296 bytes (1 switches on core 0)
2026-02-25 07:23:20.774 8 INFO placement.requestlog [None req-57d2dcee-590d-4e06-bf20-b2fa636bb7a7 66c5bd7e9c194189a9f5baa06b6cd1d4 fe1cf9ba7fa24e32b8b90da814b4613b - - beb0ed6be28c4bf9b5f9a36a7758f38e beb0ed6be28c4bf9b5f9a36a7758f38e] 10.0.0.166 "GET /resource_providers/faa35189-bc10-42f5-94c6-e8ff0bf6f067/aggregates" status: 404 len: 235 microversion: 1.1 [pid: 8|app: 0|req: 418/841] 10.0.0.166 () {32 vars in 815 bytes} [Wed Feb 25 07:23:20 2026] GET /resource_providers/faa35189-bc10-42f5-94c6-e8ff0bf6f067/aggregates => generated 235 bytes in 24 msecs (HTTP/1.1 404) 5 headers in 202 bytes (1 switches on core 0)
2026-02-25 07:23:20.776 8 INFO placement.requestlog [None req-3dd3b7ff-4722-4b47-bd4c-a4ebea4e67f9 - - - - - -] 10.0.0.231 "GET /" status: 200 len: 136 microversion: 1.0
2026-02-25 07:23:20.777 8 INFO placement.requestlog [None req-12f01977-497b-4844-8e31-835f39664252 - - - - - -] 10.0.0.231 "GET /" status: 200 len: 136 microversion: 1.0
2026-02-25 07:23:20.785 7 INFO placement.requestlog [None req-88252acf-de27-4fb8-acdb-c2cadbd708bc 66c5bd7e9c194189a9f5baa06b6cd1d4 fe1cf9ba7fa24e32b8b90da814b4613b - - beb0ed6be28c4bf9b5f9a36a7758f38e beb0ed6be28c4bf9b5f9a36a7758f38e] 10.0.0.166 "GET /resource_providers/faa35189-bc10-42f5-94c6-e8ff0bf6f067/aggregates" status: 404 len: 235 microversion: 1.1 [pid: 7|app: 0|req: 424/844] 10.0.0.166 () {32 vars in 815 bytes} [Wed Feb 25 07:23:20 2026] GET /resource_providers/faa35189-bc10-42f5-94c6-e8ff0bf6f067/aggregates => generated 235 bytes in 26 msecs (HTTP/1.1 404) 5 headers in 202 bytes (1 switches on core 0)
2026-02-25 07:23:20.802 7 INFO placement.requestlog [None req-7c508e89-5552-4b19-bbaf-88ef345ecb84 66c5bd7e9c194189a9f5baa06b6cd1d4 fe1cf9ba7fa24e32b8b90da814b4613b - - beb0ed6be28c4bf9b5f9a36a7758f38e beb0ed6be28c4bf9b5f9a36a7758f38e] 10.0.0.166 "DELETE /resource_providers/faa35189-bc10-42f5-94c6-e8ff0bf6f067" status: 404 len: 246 microversion: 1.1
2026-02-25 07:23:20.802 8 INFO placement.requestlog [None req-b8076672-c488-4856-90d6-a507845cb32d 66c5bd7e9c194189a9f5baa06b6cd1d4 fe1cf9ba7fa24e32b8b90da814b4613b - - beb0ed6be28c4bf9b5f9a36a7758f38e beb0ed6be28c4bf9b5f9a36a7758f38e] 10.0.0.166 "DELETE /resource_providers/faa35189-bc10-42f5-94c6-e8ff0bf6f067" status: 404 len: 246 microversion: 1.1 [pid: 7|app: 0|req: 425/845] 10.0.0.166 () {34 vars in 815 bytes} [Wed Feb 25 07:23:20 2026] DELETE /resource_providers/faa35189-bc10-42f5-94c6-e8ff0bf6f067 => generated 246 bytes in 8 msecs (HTTP/1.1 404) 6 headers in 231 bytes (1 switches on core 0) [pid: 8|app: 0|req: 421/846] 10.0.0.166 () {34 vars in 815 bytes} [Wed Feb 25 07:23:20 2026] DELETE /resource_providers/faa35189-bc10-42f5-94c6-e8ff0bf6f067 => generated 246 bytes in 15 msecs (HTTP/1.1 404) 6 headers in 231 bytes (1 switches on core 0)
2026-02-25 07:23:20.968 7 INFO placement.requestlog [req-7952ca02-e77f-4640-966d-7514ea2bbf78 req-5b6b62ff-461a-4c3f-a3d6-c53b31395e76 2725ff64e940498b8065ab3aa08ec44f fe1cf9ba7fa24e32b8b90da814b4613b - - beb0ed6be28c4bf9b5f9a36a7758f38e beb0ed6be28c4bf9b5f9a36a7758f38e] 199.204.45.99 "DELETE /allocations/ed53ba51-d06d-42b9-9eea-5ca3f2c8b52c" status: 204 len: 0 microversion: 1.0 [pid: 7|app: 0|req: 426/847] 199.204.45.99 () {34 vars in 839 bytes} [Wed Feb 25 07:23:20 2026] DELETE /allocations/ed53ba51-d06d-42b9-9eea-5ca3f2c8b52c => generated 0 bytes in 23 msecs (HTTP/1.1 204) 5 headers in 198 bytes (1 switches on core 0)
2026-02-25 07:23:24.142 8 INFO placement.requestlog [None req-52144e7f-0cdf-4ed3-8842-b7b9943aecfd 66c5bd7e9c194189a9f5baa06b6cd1d4 fe1cf9ba7fa24e32b8b90da814b4613b - - beb0ed6be28c4bf9b5f9a36a7758f38e beb0ed6be28c4bf9b5f9a36a7758f38e] 10.0.0.166 "GET /resource_providers/f1902d66-dc5e-48d7-90bc-c2424581d3bd/aggregates" status: 404 len: 235 microversion: 1.1 [pid: 8|app: 0|req: 422/848] 10.0.0.166 () {32 vars in 815 bytes} [Wed Feb 25 07:23:24 2026] GET /resource_providers/f1902d66-dc5e-48d7-90bc-c2424581d3bd/aggregates => generated 235 bytes in 12 msecs (HTTP/1.1 404) 5 headers in 202 bytes (1 switches on core 0)
2026-02-25 07:23:24.149 7 INFO placement.requestlog [None req-b70c08b5-dbea-4883-bd0e-45a5d79698b4 66c5bd7e9c194189a9f5baa06b6cd1d4 fe1cf9ba7fa24e32b8b90da814b4613b - - beb0ed6be28c4bf9b5f9a36a7758f38e beb0ed6be28c4bf9b5f9a36a7758f38e] 10.0.0.166 "GET /resource_providers/f1902d66-dc5e-48d7-90bc-c2424581d3bd/aggregates" status: 404 len: 235 microversion: 1.1 [pid: 7|app: 0|req: 427/849] 10.0.0.166 () {32 vars in 815 bytes} [Wed Feb 25 07:23:24 2026] GET /resource_providers/f1902d66-dc5e-48d7-90bc-c2424581d3bd/aggregates => generated 235 bytes in 13 msecs (HTTP/1.1 404) 5 headers in 202 bytes (1 switches on core 0)
2026-02-25 07:23:24.169 8 INFO placement.requestlog [None req-93d18cc9-c97d-4065-82f4-308d0e49a087 66c5bd7e9c194189a9f5baa06b6cd1d4 fe1cf9ba7fa24e32b8b90da814b4613b - - beb0ed6be28c4bf9b5f9a36a7758f38e beb0ed6be28c4bf9b5f9a36a7758f38e] 10.0.0.166 "DELETE /resource_providers/f1902d66-dc5e-48d7-90bc-c2424581d3bd" status: 404 len: 246 microversion: 1.1 [pid: 8|app: 0|req: 423/850] 10.0.0.166 () {34 vars in 815 bytes} [Wed Feb 25 07:23:24 2026] DELETE /resource_providers/f1902d66-dc5e-48d7-90bc-c2424581d3bd => generated 246 bytes in 11 msecs (HTTP/1.1 404) 6 headers in 231 bytes (1 switches on core 0)
2026-02-25 07:23:24.178 7 INFO placement.requestlog [None req-f56576a6-3504-4465-9d17-3bf0b387fa8c 66c5bd7e9c194189a9f5baa06b6cd1d4 fe1cf9ba7fa24e32b8b90da814b4613b - - beb0ed6be28c4bf9b5f9a36a7758f38e beb0ed6be28c4bf9b5f9a36a7758f38e] 10.0.0.166 "DELETE /resource_providers/f1902d66-dc5e-48d7-90bc-c2424581d3bd" status: 404 len: 246 microversion: 1.1 [pid: 7|app: 0|req: 428/851] 10.0.0.166 () {34 vars in 815 bytes} [Wed Feb 25 07:23:24 2026] DELETE /resource_providers/f1902d66-dc5e-48d7-90bc-c2424581d3bd => generated 246 bytes in 14 msecs (HTTP/1.1 404) 6 headers in 231 bytes (1 switches on core 0)
2026-02-25 07:23:24.707 7 INFO placement.requestlog [None req-b651961f-8b31-4dae-ba98-6e2806b1e59f 66c5bd7e9c194189a9f5baa06b6cd1d4 fe1cf9ba7fa24e32b8b90da814b4613b - - beb0ed6be28c4bf9b5f9a36a7758f38e beb0ed6be28c4bf9b5f9a36a7758f38e] 10.0.0.166 "GET /resource_providers/9e7c97de-6df9-4d74-9a79-4f81ed452ec4/aggregates" status: 404 len: 235 microversion: 1.1 [pid: 7|app: 0|req: 429/852] 10.0.0.166 () {32 vars in 815 bytes} [Wed Feb 25 07:23:24 2026] GET /resource_providers/9e7c97de-6df9-4d74-9a79-4f81ed452ec4/aggregates => generated 235 bytes in 15 msecs (HTTP/1.1 404) 5 headers in 202 bytes (1 switches on core 0)
2026-02-25 07:23:24.708 8 INFO placement.requestlog [None req-d5dc8832-14f8-4245-a2a6-47fc10f4c492 66c5bd7e9c194189a9f5baa06b6cd1d4 fe1cf9ba7fa24e32b8b90da814b4613b - - beb0ed6be28c4bf9b5f9a36a7758f38e beb0ed6be28c4bf9b5f9a36a7758f38e] 10.0.0.166 "GET /resource_providers/9e7c97de-6df9-4d74-9a79-4f81ed452ec4/aggregates" status: 404 len: 235 microversion: 1.1 [pid: 8|app: 0|req: 424/853] 10.0.0.166 () {32 vars in 815 bytes} [Wed Feb 25 07:23:24 2026] GET /resource_providers/9e7c97de-6df9-4d74-9a79-4f81ed452ec4/aggregates => generated 235 bytes in 15 msecs (HTTP/1.1 404) 5 headers in 202 bytes (1 switches on core 0)
2026-02-25 07:23:24.730 7 INFO placement.requestlog [None req-61b3eedd-ec1d-4044-b151-ee6ae9d9537c 66c5bd7e9c194189a9f5baa06b6cd1d4 fe1cf9ba7fa24e32b8b90da814b4613b - - beb0ed6be28c4bf9b5f9a36a7758f38e beb0ed6be28c4bf9b5f9a36a7758f38e] 10.0.0.166 "DELETE /resource_providers/9e7c97de-6df9-4d74-9a79-4f81ed452ec4" status: 404 len: 246 microversion: 1.1 [pid: 7|app: 0|req: 430/854] 10.0.0.166 () {34 vars in 815 bytes} [Wed Feb 25 07:23:24 2026] DELETE /resource_providers/9e7c97de-6df9-4d74-9a79-4f81ed452ec4 => generated 246 bytes in 11 msecs (HTTP/1.1 404) 6 headers in 231 bytes (1 switches on core 0)
2026-02-25 07:23:24.735 8 INFO placement.requestlog [None req-026eb3ce-e8e8-48ca-bdaf-6f64dd83151d 66c5bd7e9c194189a9f5baa06b6cd1d4 fe1cf9ba7fa24e32b8b90da814b4613b - - beb0ed6be28c4bf9b5f9a36a7758f38e beb0ed6be28c4bf9b5f9a36a7758f38e] 10.0.0.166 "DELETE /resource_providers/9e7c97de-6df9-4d74-9a79-4f81ed452ec4" status: 404 len: 246 microversion: 1.1 [pid: 8|app: 0|req: 425/855] 10.0.0.166 () {34 vars in 815 bytes} [Wed Feb 25 07:23:24 2026] DELETE /resource_providers/9e7c97de-6df9-4d74-9a79-4f81ed452ec4 => generated 246 bytes in 12 msecs (HTTP/1.1 404) 6 headers in 231 bytes (1 switches on core 0)
2026-02-25 07:23:30.768 7 INFO placement.requestlog [None req-17c36fa7-c93d-4506-89f9-7144a3fa8a36 - - - - - -] 10.0.0.231 "GET /" status: 200 len: 136 microversion: 1.0
2026-02-25 07:23:30.768 8 INFO placement.requestlog [None req-2fec1ca0-1b85-4374-9b0d-73d2fcafda0d - - - - - -] 10.0.0.231 "GET /" status: 200 len: 136 microversion: 1.0
2026-02-25 07:23:32.206 8 INFO placement.requestlog [req-439700ab-09d3-4a7c-ad75-ba08912cc079 req-9a10972c-5ed8-4da0-a98e-d78924c22927 2725ff64e940498b8065ab3aa08ec44f fe1cf9ba7fa24e32b8b90da814b4613b - - beb0ed6be28c4bf9b5f9a36a7758f38e beb0ed6be28c4bf9b5f9a36a7758f38e] 199.204.45.99 "GET /resource_providers/64c61dbc-32ed-42e9-ab1c-52248f7d49ed/allocations" status: 200 len: 138 microversion: 1.0 [pid: 8|app: 0|req: 427/858] 199.204.45.99 () {32 vars in 855 bytes} [Wed Feb 25 07:23:32 2026] GET /resource_providers/64c61dbc-32ed-42e9-ab1c-52248f7d49ed/allocations => generated 138 bytes in 13 msecs (HTTP/1.1 200) 6 headers in 224 bytes (1 switches on core 0)
2026-02-25 07:23:32.230 7 INFO placement.requestlog [req-439700ab-09d3-4a7c-ad75-ba08912cc079 req-77f9a6ed-cf54-456b-947c-e5d8b07487f8 2725ff64e940498b8065ab3aa08ec44f fe1cf9ba7fa24e32b8b90da814b4613b - - beb0ed6be28c4bf9b5f9a36a7758f38e beb0ed6be28c4bf9b5f9a36a7758f38e] 199.204.45.99 "GET /allocations/82c25b19-fdf2-4c72-8ee2-53e2d0a11b33" status: 200 len: 243 microversion: 1.28 [pid: 7|app: 0|req: 432/859] 199.204.45.99 () {34 vars in 861 bytes} [Wed Feb 25 07:23:32 2026] GET /allocations/82c25b19-fdf2-4c72-8ee2-53e2d0a11b33 => generated 243 bytes in 16 msecs (HTTP/1.1 200) 8 headers in 296 bytes (1 switches on core 0)
2026-02-25 07:23:33.286 8 INFO placement.requestlog [req-439700ab-09d3-4a7c-ad75-ba08912cc079 req-96ae1271-d0b6-428c-96b3-c97b1fbf345a 2725ff64e940498b8065ab3aa08ec44f fe1cf9ba7fa24e32b8b90da814b4613b - - beb0ed6be28c4bf9b5f9a36a7758f38e beb0ed6be28c4bf9b5f9a36a7758f38e] 199.204.45.99 "DELETE /allocations/82c25b19-fdf2-4c72-8ee2-53e2d0a11b33" status: 204 len: 0 microversion: 1.0 [pid: 8|app: 0|req: 428/860] 199.204.45.99 () {34 vars in 839 bytes} [Wed Feb 25 07:23:33 2026] DELETE /allocations/82c25b19-fdf2-4c72-8ee2-53e2d0a11b33 => generated 0 bytes in 29 msecs (HTTP/1.1 204) 5 headers in 198 bytes (1 switches on core 0)
2026-02-25 07:23:33.411 7 INFO placement.requestlog [req-323fd3d7-bbdf-4622-a531-f2f6853e1cbb req-7dc4ddfb-1ff4-4639-83ba-6cd9cdd04ca4 2725ff64e940498b8065ab3aa08ec44f fe1cf9ba7fa24e32b8b90da814b4613b - - beb0ed6be28c4bf9b5f9a36a7758f38e beb0ed6be28c4bf9b5f9a36a7758f38e] 10.0.0.28 "GET /allocation_candidates?limit=1000&resources=DISK_GB%3A1%2CMEMORY_MB%3A512%2CVCPU%3A1&root_required=%21COMPUTE_STATUS_DISABLED" status: 200 len: 2640 microversion: 1.36 [pid: 7|app: 0|req: 433/861] 10.0.0.28 () {34 vars in 1010 bytes} [Wed Feb 25 07:23:33 2026] GET /allocation_candidates?limit=1000&resources=DISK_GB%3A1%2CMEMORY_MB%3A512%2CVCPU%3A1&root_required=%21COMPUTE_STATUS_DISABLED => generated 2640 bytes in 39 msecs (HTTP/1.1 200) 8 headers in 297 bytes (1 switches on core 0)
2026-02-25 07:23:33.449 8 INFO placement.requestlog [req-323fd3d7-bbdf-4622-a531-f2f6853e1cbb req-46c4004b-5894-4b43-88b7-f7a0dbfefa29 2725ff64e940498b8065ab3aa08ec44f fe1cf9ba7fa24e32b8b90da814b4613b - - beb0ed6be28c4bf9b5f9a36a7758f38e beb0ed6be28c4bf9b5f9a36a7758f38e] 10.0.0.28 "GET /allocations/1ff8fe44-5068-4812-b7b6-4f4edc1e9958" status: 200 len: 19 microversion: 1.28 [pid: 8|app: 0|req: 429/862] 10.0.0.28 () {34 vars in 859 bytes} [Wed Feb 25 07:23:33 2026] GET /allocations/1ff8fe44-5068-4812-b7b6-4f4edc1e9958 => generated 19 bytes in 12 msecs (HTTP/1.1 200) 8 headers in 295 bytes (1 switches on core 0)
2026-02-25 07:23:33.555 7 INFO placement.requestlog [req-323fd3d7-bbdf-4622-a531-f2f6853e1cbb req-cc70a489-60fa-412a-bc4c-b79cfc685c0b 2725ff64e940498b8065ab3aa08ec44f fe1cf9ba7fa24e32b8b90da814b4613b - - beb0ed6be28c4bf9b5f9a36a7758f38e beb0ed6be28c4bf9b5f9a36a7758f38e] 10.0.0.28 "PUT /allocations/1ff8fe44-5068-4812-b7b6-4f4edc1e9958" status: 204 len: 0 microversion: 1.36 [pid: 7|app: 0|req: 434/863] 10.0.0.28 () {38 vars in 912 bytes} [Wed Feb 25 07:23:33 2026] PUT /allocations/1ff8fe44-5068-4812-b7b6-4f4edc1e9958 => generated 0 bytes in 97 msecs (HTTP/1.1 204) 5 headers in 199 bytes (1 switches on core 0)
2026-02-25 07:23:35.006 8 INFO placement.requestlog [req-323fd3d7-bbdf-4622-a531-f2f6853e1cbb req-041e1ec2-9635-4730-bee1-85d1f1ec2ec7 2725ff64e940498b8065ab3aa08ec44f fe1cf9ba7fa24e32b8b90da814b4613b - - beb0ed6be28c4bf9b5f9a36a7758f38e beb0ed6be28c4bf9b5f9a36a7758f38e] 199.204.45.99 "GET /allocations/1ff8fe44-5068-4812-b7b6-4f4edc1e9958" status: 200 len: 257 microversion: 1.28 [pid: 8|app: 0|req: 430/864] 199.204.45.99 () {34 vars in 861 bytes} [Wed Feb 25 07:23:34 2026] GET /allocations/1ff8fe44-5068-4812-b7b6-4f4edc1e9958 => generated 257 bytes in 13 msecs (HTTP/1.1 200) 8 headers in 296 bytes (1 switches on core 0)
2026-02-25 07:23:36.053 7 INFO placement.requestlog [req-323fd3d7-bbdf-4622-a531-f2f6853e1cbb req-6bc9e310-00fd-46a6-98cb-1508b3a43238 2725ff64e940498b8065ab3aa08ec44f fe1cf9ba7fa24e32b8b90da814b4613b - - beb0ed6be28c4bf9b5f9a36a7758f38e beb0ed6be28c4bf9b5f9a36a7758f38e] 199.204.45.99 "GET /resource_providers/64c61dbc-32ed-42e9-ab1c-52248f7d49ed/allocations" status: 200 len: 152 microversion: 1.0 [pid: 7|app: 0|req: 435/865] 199.204.45.99 () {32 vars in 855 bytes} [Wed Feb 25 07:23:36 2026] GET /resource_providers/64c61dbc-32ed-42e9-ab1c-52248f7d49ed/allocations => generated 152 bytes in 23 msecs (HTTP/1.1 200) 6 headers in 224 bytes (1 switches on core 0)
2026-02-25 07:23:36.071 8 INFO placement.requestlog [req-323fd3d7-bbdf-4622-a531-f2f6853e1cbb req-45d5d795-c56f-419f-90ac-d483b2984722 2725ff64e940498b8065ab3aa08ec44f fe1cf9ba7fa24e32b8b90da814b4613b - - beb0ed6be28c4bf9b5f9a36a7758f38e beb0ed6be28c4bf9b5f9a36a7758f38e] 199.204.45.99 "GET /allocations/1ff8fe44-5068-4812-b7b6-4f4edc1e9958" status: 200 len: 257 microversion: 1.28 [pid: 8|app: 0|req: 431/866] 199.204.45.99 () {34 vars in 861 bytes} [Wed Feb 25 07:23:36 2026] GET /allocations/1ff8fe44-5068-4812-b7b6-4f4edc1e9958 => generated 257 bytes in 11 msecs (HTTP/1.1 200) 8 headers in 296 bytes (1 switches on core 0)
2026-02-25 07:23:36.078 7 INFO placement.requestlog [None req-776f29c3-7628-4398-9983-dbbcaa948ec0 66c5bd7e9c194189a9f5baa06b6cd1d4 fe1cf9ba7fa24e32b8b90da814b4613b - - beb0ed6be28c4bf9b5f9a36a7758f38e beb0ed6be28c4bf9b5f9a36a7758f38e] 10.0.0.166 "GET /resource_providers/8edf66d6-d7c5-41cb-bc22-58bb0dcb252f/aggregates" status: 404 len: 235 microversion: 1.1 [pid: 7|app: 0|req: 436/867] 10.0.0.166 () {32 vars in 815 bytes} [Wed Feb 25 07:23:36 2026] GET /resource_providers/8edf66d6-d7c5-41cb-bc22-58bb0dcb252f/aggregates => generated 235 bytes in 9 msecs (HTTP/1.1 404) 5 headers in 202 bytes (1 switches on core 0)
2026-02-25 07:23:36.080 8 INFO placement.requestlog [None req-69fad27d-b9d6-477c-97a0-fdd69202513b 66c5bd7e9c194189a9f5baa06b6cd1d4 fe1cf9ba7fa24e32b8b90da814b4613b - - beb0ed6be28c4bf9b5f9a36a7758f38e beb0ed6be28c4bf9b5f9a36a7758f38e] 10.0.0.166 "GET /resource_providers/8edf66d6-d7c5-41cb-bc22-58bb0dcb252f/aggregates" status: 404 len: 235 microversion: 1.1 [pid: 8|app: 0|req: 432/868] 10.0.0.166 () {32 vars in 815 bytes} [Wed Feb 25 07:23:36 2026] GET /resource_providers/8edf66d6-d7c5-41cb-bc22-58bb0dcb252f/aggregates => generated 235 bytes in 8 msecs (HTTP/1.1 404) 5 headers in 202 bytes (1 switches on core 0)
2026-02-25 07:23:36.099 7 INFO placement.requestlog [None req-b018a8d8-57b1-408b-b87c-50bfc5342d9e 66c5bd7e9c194189a9f5baa06b6cd1d4 fe1cf9ba7fa24e32b8b90da814b4613b - - beb0ed6be28c4bf9b5f9a36a7758f38e beb0ed6be28c4bf9b5f9a36a7758f38e] 10.0.0.166 "DELETE /resource_providers/8edf66d6-d7c5-41cb-bc22-58bb0dcb252f" status: 404 len: 246 microversion: 1.1 [pid: 7|app: 0|req: 437/869] 10.0.0.166 () {34 vars in 815 bytes} [Wed Feb 25 07:23:36 2026] DELETE /resource_providers/8edf66d6-d7c5-41cb-bc22-58bb0dcb252f => generated 246 bytes in 10 msecs (HTTP/1.1 404) 6 headers in 231 bytes (1 switches on core 0)
2026-02-25 07:23:36.102 8 INFO placement.requestlog [None req-841915f4-53eb-4ac0-8bc8-0075ace2bccf 66c5bd7e9c194189a9f5baa06b6cd1d4 fe1cf9ba7fa24e32b8b90da814b4613b - - beb0ed6be28c4bf9b5f9a36a7758f38e beb0ed6be28c4bf9b5f9a36a7758f38e] 10.0.0.166 "DELETE /resource_providers/8edf66d6-d7c5-41cb-bc22-58bb0dcb252f" status: 404 len: 246 microversion: 1.1 [pid: 8|app: 0|req: 433/870] 10.0.0.166 () {34 vars in 815 bytes} [Wed Feb 25 07:23:36 2026] DELETE /resource_providers/8edf66d6-d7c5-41cb-bc22-58bb0dcb252f => generated 246 bytes in 10 msecs (HTTP/1.1 404) 6 headers in 231 bytes (1 switches on core 0)
2026-02-25 07:23:38.123 7 INFO placement.requestlog [None req-51517ef1-35be-4cb1-9e2f-9eab5d265ca7 66c5bd7e9c194189a9f5baa06b6cd1d4 fe1cf9ba7fa24e32b8b90da814b4613b - - beb0ed6be28c4bf9b5f9a36a7758f38e beb0ed6be28c4bf9b5f9a36a7758f38e] 10.0.0.166 "GET /resource_providers/749371d0-dd6f-46fa-a557-dd489499e9c1/aggregates" status: 404 len: 235 microversion: 1.1 [pid: 7|app: 0|req: 438/871] 10.0.0.166 () {32 vars in 815 bytes} [Wed Feb 25 07:23:38 2026] GET /resource_providers/749371d0-dd6f-46fa-a557-dd489499e9c1/aggregates => generated 235 bytes in 11 msecs (HTTP/1.1 404) 5 headers in 202 bytes (1 switches on core 0)
2026-02-25 07:23:38.133 8 INFO placement.requestlog [None req-0aac9dde-5442-45c0-8c24-55690142a594 66c5bd7e9c194189a9f5baa06b6cd1d4 fe1cf9ba7fa24e32b8b90da814b4613b - - beb0ed6be28c4bf9b5f9a36a7758f38e beb0ed6be28c4bf9b5f9a36a7758f38e] 10.0.0.166 "GET /resource_providers/749371d0-dd6f-46fa-a557-dd489499e9c1/aggregates" status: 404 len: 235 microversion: 1.1 [pid: 8|app: 0|req: 434/872] 10.0.0.166 () {32 vars in 815 bytes} [Wed Feb 25 07:23:38 2026] GET /resource_providers/749371d0-dd6f-46fa-a557-dd489499e9c1/aggregates => generated 235 bytes in 11 msecs (HTTP/1.1 404) 5 headers in 202 bytes (1 switches on core 0)
2026-02-25 07:23:38.150 7 INFO placement.requestlog [None req-4bdef693-af7c-4d40-a89d-57a8f44c55ec 66c5bd7e9c194189a9f5baa06b6cd1d4 fe1cf9ba7fa24e32b8b90da814b4613b - - beb0ed6be28c4bf9b5f9a36a7758f38e beb0ed6be28c4bf9b5f9a36a7758f38e] 10.0.0.166 "DELETE /resource_providers/749371d0-dd6f-46fa-a557-dd489499e9c1" status: 404 len: 246 microversion: 1.1 [pid: 7|app: 0|req: 439/873] 10.0.0.166 () {34 vars in 815 bytes} [Wed Feb 25 07:23:38 2026] DELETE /resource_providers/749371d0-dd6f-46fa-a557-dd489499e9c1 => generated 246 bytes in 12 msecs (HTTP/1.1 404) 6 headers in 231 bytes (1 switches on core 0)
2026-02-25 07:23:38.162 8 INFO placement.requestlog [None req-784af5b8-3313-48cd-b54a-c6dcddb5d197 66c5bd7e9c194189a9f5baa06b6cd1d4 fe1cf9ba7fa24e32b8b90da814b4613b - - beb0ed6be28c4bf9b5f9a36a7758f38e beb0ed6be28c4bf9b5f9a36a7758f38e] 10.0.0.166 "DELETE /resource_providers/749371d0-dd6f-46fa-a557-dd489499e9c1" status: 404 len: 246 microversion: 1.1 [pid: 8|app: 0|req: 435/874] 10.0.0.166 () {34 vars in 815 bytes} [Wed Feb 25 07:23:38 2026] DELETE /resource_providers/749371d0-dd6f-46fa-a557-dd489499e9c1 => generated 246 bytes in 19 msecs (HTTP/1.1 404) 6 headers in 231 bytes (1 switches on core 0)
2026-02-25 07:23:40.768 7 INFO placement.requestlog [None req-f26a9773-a214-435b-a1a3-0240dbe0b5d1 - - - - - -] 10.0.0.231 "GET /" status: 200 len: 136 microversion: 1.0
2026-02-25 07:23:40.768 8 INFO placement.requestlog [None req-4f35e315-8fa3-4125-b4f4-5405fc4e076f - - - - - -] 10.0.0.231 "GET /" status: 200 len: 136 microversion: 1.0
2026-02-25 07:23:48.668 7 INFO placement.requestlog [None req-c13282ec-e9cd-4d29-b8a5-5d07f78326e7 66c5bd7e9c194189a9f5baa06b6cd1d4 fe1cf9ba7fa24e32b8b90da814b4613b - - beb0ed6be28c4bf9b5f9a36a7758f38e beb0ed6be28c4bf9b5f9a36a7758f38e] 10.0.0.166 "GET /resource_providers/9d28ba6e-71fe-441f-93db-186e81477528/aggregates" status: 404 len: 235 microversion: 1.1 [pid: 7|app: 0|req: 441/877] 10.0.0.166 () {32 vars in 815 bytes} [Wed Feb 25 07:23:48 2026] GET /resource_providers/9d28ba6e-71fe-441f-93db-186e81477528/aggregates => generated 235 bytes in 14 msecs (HTTP/1.1 404) 5 headers in 202 bytes (1 switches on core 0)
2026-02-25 07:23:48.671 8 INFO placement.requestlog [None req-8e958533-45b8-4bb5-bb5f-d578451f7414 66c5bd7e9c194189a9f5baa06b6cd1d4 fe1cf9ba7fa24e32b8b90da814b4613b - - beb0ed6be28c4bf9b5f9a36a7758f38e beb0ed6be28c4bf9b5f9a36a7758f38e] 10.0.0.166 "GET /resource_providers/9d28ba6e-71fe-441f-93db-186e81477528/aggregates" status: 404 len: 235 microversion: 1.1 [pid: 8|app: 0|req: 437/878] 10.0.0.166 () {32 vars in 815 bytes} [Wed Feb 25 07:23:48 2026] GET /resource_providers/9d28ba6e-71fe-441f-93db-186e81477528/aggregates => generated 235 bytes in 11 msecs (HTTP/1.1 404) 5 headers in 202 bytes (1 switches on core 0)
2026-02-25 07:23:48.693 7 INFO placement.requestlog [None req-a797edc3-69ff-4a55-bfea-2e83f982ad8a 66c5bd7e9c194189a9f5baa06b6cd1d4 fe1cf9ba7fa24e32b8b90da814b4613b - - beb0ed6be28c4bf9b5f9a36a7758f38e beb0ed6be28c4bf9b5f9a36a7758f38e] 10.0.0.166 "DELETE /resource_providers/9d28ba6e-71fe-441f-93db-186e81477528" status: 404 len: 246 microversion: 1.1 [pid: 7|app: 0|req: 442/879] 10.0.0.166 () {34 vars in 815 bytes} [Wed Feb 25 07:23:48 2026] DELETE /resource_providers/9d28ba6e-71fe-441f-93db-186e81477528 => generated 246 bytes in 12 msecs (HTTP/1.1 404) 6 headers in 231 bytes (1 switches on core 0)
2026-02-25 07:23:48.704 8 INFO placement.requestlog [None req-6aa953ee-f689-450f-8b11-8ec4154b8532 66c5bd7e9c194189a9f5baa06b6cd1d4 fe1cf9ba7fa24e32b8b90da814b4613b - - beb0ed6be28c4bf9b5f9a36a7758f38e beb0ed6be28c4bf9b5f9a36a7758f38e] 10.0.0.166 "DELETE /resource_providers/9d28ba6e-71fe-441f-93db-186e81477528" status: 404 len: 246 microversion: 1.1 [pid: 8|app: 0|req: 438/880] 10.0.0.166 () {34 vars in 815 bytes} [Wed Feb 25 07:23:48 2026] DELETE /resource_providers/9d28ba6e-71fe-441f-93db-186e81477528 => generated 246 bytes in 19 msecs (HTTP/1.1 404) 6 headers in 231 bytes (1 switches on core 0)
2026-02-25 07:23:50.722 7 INFO placement.requestlog [None req-7c6c3842-81db-434d-acb5-b9c144430ff1 66c5bd7e9c194189a9f5baa06b6cd1d4 fe1cf9ba7fa24e32b8b90da814b4613b - - beb0ed6be28c4bf9b5f9a36a7758f38e beb0ed6be28c4bf9b5f9a36a7758f38e] 10.0.0.166 "GET /resource_providers/cc11dfbc-bf84-46c9-a423-a661b91d9374/aggregates" status: 404 len: 235 microversion: 1.1 [pid: 7|app: 0|req: 443/881] 10.0.0.166 () {32 vars in 815 bytes} [Wed Feb 25 07:23:50 2026] GET /resource_providers/cc11dfbc-bf84-46c9-a423-a661b91d9374/aggregates => generated 235 bytes in 13 msecs (HTTP/1.1 404) 5 headers in 202 bytes (1 switches on core 0)
2026-02-25 07:23:50.738 7 INFO placement.requestlog [None req-e6069781-aef5-4893-b220-3087c6e05a86 66c5bd7e9c194189a9f5baa06b6cd1d4 fe1cf9ba7fa24e32b8b90da814b4613b - - beb0ed6be28c4bf9b5f9a36a7758f38e beb0ed6be28c4bf9b5f9a36a7758f38e] 10.0.0.166 "DELETE /resource_providers/cc11dfbc-bf84-46c9-a423-a661b91d9374" status: 404 len: 246 microversion: 1.1 [pid: 7|app: 0|req: 444/882] 10.0.0.166 () {34 vars in 815 bytes} [Wed Feb 25 07:23:50 2026] DELETE /resource_providers/cc11dfbc-bf84-46c9-a423-a661b91d9374 => generated 246 bytes in 8 msecs (HTTP/1.1 404) 6 headers in 231 bytes (1 switches on core 0)
2026-02-25 07:23:50.740 8 INFO placement.requestlog [None req-ec478302-a894-4aac-b07f-f959b174c263 66c5bd7e9c194189a9f5baa06b6cd1d4 fe1cf9ba7fa24e32b8b90da814b4613b - - beb0ed6be28c4bf9b5f9a36a7758f38e beb0ed6be28c4bf9b5f9a36a7758f38e] 10.0.0.166 "GET /resource_providers/cc11dfbc-bf84-46c9-a423-a661b91d9374/aggregates" status: 404 len: 235 microversion: 1.1 [pid: 8|app: 0|req: 439/883] 10.0.0.166 () {32 vars in 815 bytes} [Wed Feb 25 07:23:50 2026] GET /resource_providers/cc11dfbc-bf84-46c9-a423-a661b91d9374/aggregates => generated 235 bytes in 20 msecs (HTTP/1.1 404) 5 headers in 202 bytes (1 switches on core 0)
2026-02-25 07:23:50.761 7 INFO placement.requestlog [None req-f821893c-2508-46d3-8f8a-1f9406e8ae9c 66c5bd7e9c194189a9f5baa06b6cd1d4 fe1cf9ba7fa24e32b8b90da814b4613b - - beb0ed6be28c4bf9b5f9a36a7758f38e beb0ed6be28c4bf9b5f9a36a7758f38e] 10.0.0.166 "DELETE /resource_providers/cc11dfbc-bf84-46c9-a423-a661b91d9374" status: 404 len: 246 microversion: 1.1 [pid: 7|app: 0|req: 445/884] 10.0.0.166 () {34 vars in 815 bytes} [Wed Feb 25 07:23:50 2026] DELETE /resource_providers/cc11dfbc-bf84-46c9-a423-a661b91d9374 => generated 246 bytes in 9 msecs (HTTP/1.1 404) 6 headers in 231 bytes (1 switches on core 0)
2026-02-25 07:23:50.767 7 INFO placement.requestlog [None req-9136d67e-0ea8-492b-b19f-f14a21f1e27a - - - - - -] 10.0.0.231 "GET /" status: 200 len: 136 microversion: 1.0
2026-02-25 07:23:50.768 8 INFO placement.requestlog [None req-be4c661b-14ea-48b9-9fb3-76240fffe66a - - - - - -] 10.0.0.231 "GET /" status: 200 len: 136 microversion: 1.0
2026-02-25 07:23:52.037 7 INFO placement.requestlog [req-8665089b-9222-4863-a888-4925a1ed8f8e req-48d177e7-5ded-4e3a-86ef-8463f6c9b38b 2725ff64e940498b8065ab3aa08ec44f fe1cf9ba7fa24e32b8b90da814b4613b - - beb0ed6be28c4bf9b5f9a36a7758f38e beb0ed6be28c4bf9b5f9a36a7758f38e] 199.204.45.99 "GET /resource_providers/64c61dbc-32ed-42e9-ab1c-52248f7d49ed/allocations" status: 200 len: 152 microversion: 1.0 [pid: 7|app: 0|req: 447/887] 199.204.45.99 () {32 vars in 855 bytes} [Wed Feb 25 07:23:52 2026] GET /resource_providers/64c61dbc-32ed-42e9-ab1c-52248f7d49ed/allocations => generated 152 bytes in 30 msecs (HTTP/1.1 200) 6 headers in 224 bytes (1 switches on core 0)
2026-02-25 07:23:52.058 8 INFO placement.requestlog [req-8665089b-9222-4863-a888-4925a1ed8f8e req-4cceff3a-035f-4ca4-9a18-888048482b68 2725ff64e940498b8065ab3aa08ec44f fe1cf9ba7fa24e32b8b90da814b4613b - - beb0ed6be28c4bf9b5f9a36a7758f38e beb0ed6be28c4bf9b5f9a36a7758f38e] 199.204.45.99 "GET /allocations/1ff8fe44-5068-4812-b7b6-4f4edc1e9958" status: 200 len: 257 microversion: 1.28 [pid: 8|app: 0|req: 441/888] 199.204.45.99 () {34 vars in 861 bytes} [Wed Feb 25 07:23:52 2026] GET /allocations/1ff8fe44-5068-4812-b7b6-4f4edc1e9958 => generated 257 bytes in 14 msecs (HTTP/1.1 200) 8 headers in 296 bytes (1 switches on core 0)
2026-02-25 07:23:52.767 7 INFO placement.requestlog [None req-19767d0c-e908-47d6-8f53-aeb9cbde9155 66c5bd7e9c194189a9f5baa06b6cd1d4 fe1cf9ba7fa24e32b8b90da814b4613b - - beb0ed6be28c4bf9b5f9a36a7758f38e beb0ed6be28c4bf9b5f9a36a7758f38e] 10.0.0.166 "GET /resource_providers/57d53b73-8c61-4b79-8319-88e3acda4bb7/aggregates" status: 404 len: 235 microversion: 1.1 [pid: 7|app: 0|req: 448/889] 10.0.0.166 () {32 vars in 815 bytes} [Wed Feb 25 07:23:52 2026] GET /resource_providers/57d53b73-8c61-4b79-8319-88e3acda4bb7/aggregates => generated 235 bytes in 13 msecs (HTTP/1.1 404) 5 headers in 202 bytes (1 switches on core 0)
2026-02-25 07:23:52.780 7 INFO placement.requestlog [None req-df44b047-b576-4775-bdf6-53cf96ea9187 66c5bd7e9c194189a9f5baa06b6cd1d4 fe1cf9ba7fa24e32b8b90da814b4613b - - beb0ed6be28c4bf9b5f9a36a7758f38e beb0ed6be28c4bf9b5f9a36a7758f38e] 10.0.0.166 "DELETE /resource_providers/57d53b73-8c61-4b79-8319-88e3acda4bb7" status: 404 len: 246 microversion: 1.1 [pid: 7|app: 0|req: 449/890] 10.0.0.166 () {34 vars in 815 bytes} [Wed Feb 25 07:23:52 2026] DELETE /resource_providers/57d53b73-8c61-4b79-8319-88e3acda4bb7 => generated 246 bytes in 5 msecs (HTTP/1.1 404) 6 headers in 231 bytes (1 switches on core 0)
2026-02-25 07:23:52.786 8 INFO placement.requestlog [None req-857ef671-fdad-4bf1-b6a3-de707f31ed74 66c5bd7e9c194189a9f5baa06b6cd1d4 fe1cf9ba7fa24e32b8b90da814b4613b - - beb0ed6be28c4bf9b5f9a36a7758f38e beb0ed6be28c4bf9b5f9a36a7758f38e] 10.0.0.166 "GET /resource_providers/57d53b73-8c61-4b79-8319-88e3acda4bb7/aggregates" status: 404 len: 235 microversion: 1.1 [pid: 8|app: 0|req: 442/891] 10.0.0.166 () {32 vars in 815 bytes} [Wed Feb 25 07:23:52 2026] GET /resource_providers/57d53b73-8c61-4b79-8319-88e3acda4bb7/aggregates => generated 235 bytes in 13 msecs (HTTP/1.1 404) 5 headers in 202 bytes (1 switches on core 0)
2026-02-25 07:23:52.800 7 INFO placement.requestlog [None req-70d50d49-df9b-4947-b170-d7c41d02eab6 66c5bd7e9c194189a9f5baa06b6cd1d4 fe1cf9ba7fa24e32b8b90da814b4613b - - beb0ed6be28c4bf9b5f9a36a7758f38e beb0ed6be28c4bf9b5f9a36a7758f38e] 10.0.0.166 "DELETE /resource_providers/57d53b73-8c61-4b79-8319-88e3acda4bb7" status: 404 len: 246 microversion: 1.1 [pid: 7|app: 0|req: 450/892] 10.0.0.166 () {34 vars in 815 bytes} [Wed Feb 25 07:23:52 2026] DELETE /resource_providers/57d53b73-8c61-4b79-8319-88e3acda4bb7 => generated 246 bytes in 6 msecs (HTTP/1.1 404) 6 headers in 231 bytes (1 switches on core 0)
2026-02-25 07:23:53.126 8 INFO placement.requestlog [req-8665089b-9222-4863-a888-4925a1ed8f8e req-dd12b9f1-3044-40ed-aeff-956f3ad1ff70 2725ff64e940498b8065ab3aa08ec44f fe1cf9ba7fa24e32b8b90da814b4613b - - beb0ed6be28c4bf9b5f9a36a7758f38e beb0ed6be28c4bf9b5f9a36a7758f38e] 199.204.45.99 "DELETE /allocations/1ff8fe44-5068-4812-b7b6-4f4edc1e9958" status: 204 len: 0 microversion: 1.0 [pid: 8|app: 0|req: 443/893] 199.204.45.99 () {34 vars in 839 bytes} [Wed Feb 25 07:23:53 2026] DELETE /allocations/1ff8fe44-5068-4812-b7b6-4f4edc1e9958 => generated 0 bytes in 40 msecs (HTTP/1.1 204) 5 headers in 198 bytes (1 switches on core 0)
2026-02-25 07:23:55.569 7 INFO placement.requestlog [req-ae308d47-1dcd-4ffb-b8fc-8acb504890ae req-4ed51cca-690d-4e98-9d98-55e52ff9ea05 2725ff64e940498b8065ab3aa08ec44f fe1cf9ba7fa24e32b8b90da814b4613b - - beb0ed6be28c4bf9b5f9a36a7758f38e beb0ed6be28c4bf9b5f9a36a7758f38e] 199.204.45.99 "GET /resource_providers/64c61dbc-32ed-42e9-ab1c-52248f7d49ed/allocations" status: 200 len: 54 microversion: 1.0 [pid: 7|app: 0|req: 451/894] 199.204.45.99 () {32 vars in 855 bytes} [Wed Feb 25 07:23:55 2026] GET /resource_providers/64c61dbc-32ed-42e9-ab1c-52248f7d49ed/allocations => generated 54 bytes in 12 msecs (HTTP/1.1 200) 6 headers in 223 bytes (1 switches on core 0)
2026-02-25 07:23:55.600 8 INFO placement.requestlog [req-ae308d47-1dcd-4ffb-b8fc-8acb504890ae req-62541e24-70b5-4ce4-9c07-ea798f94b958 2725ff64e940498b8065ab3aa08ec44f fe1cf9ba7fa24e32b8b90da814b4613b - - beb0ed6be28c4bf9b5f9a36a7758f38e beb0ed6be28c4bf9b5f9a36a7758f38e] 199.204.45.99 "GET /resource_providers/64c61dbc-32ed-42e9-ab1c-52248f7d49ed/allocations" status: 200 len: 54 microversion: 1.0 [pid: 8|app: 0|req: 444/895] 199.204.45.99 () {32 vars in 855 bytes} [Wed Feb 25 07:23:55 2026] GET /resource_providers/64c61dbc-32ed-42e9-ab1c-52248f7d49ed/allocations => generated 54 bytes in 26 msecs (HTTP/1.1 200) 6 headers in 223 bytes (1 switches on core 0)
2026-02-25 07:23:57.057 7 INFO placement.requestlog [None req-68b7fd8d-a443-407a-8867-78ec469ad9d7 66c5bd7e9c194189a9f5baa06b6cd1d4 fe1cf9ba7fa24e32b8b90da814b4613b - - beb0ed6be28c4bf9b5f9a36a7758f38e beb0ed6be28c4bf9b5f9a36a7758f38e] 10.0.0.166 "GET /resource_providers/c7e2727c-1993-4a87-a7b7-dbc313810fa9/aggregates" status: 404 len: 235 microversion: 1.1 [pid: 7|app: 0|req: 452/896] 10.0.0.166 () {32 vars in 815 bytes} [Wed Feb 25 07:23:57 2026] GET /resource_providers/c7e2727c-1993-4a87-a7b7-dbc313810fa9/aggregates => generated 235 bytes in 10 msecs (HTTP/1.1 404) 5 headers in 202 bytes (1 switches on core 0)
2026-02-25 07:23:57.066 8 INFO placement.requestlog [None req-5eca1760-2e76-4ade-9e82-12ade0e94182 66c5bd7e9c194189a9f5baa06b6cd1d4 fe1cf9ba7fa24e32b8b90da814b4613b - - beb0ed6be28c4bf9b5f9a36a7758f38e beb0ed6be28c4bf9b5f9a36a7758f38e] 10.0.0.166 "GET /resource_providers/c7e2727c-1993-4a87-a7b7-dbc313810fa9/aggregates" status: 404 len: 235 microversion: 1.1 [pid: 8|app: 0|req: 445/897] 10.0.0.166 () {32 vars in 815 bytes} [Wed Feb 25 07:23:57 2026] GET /resource_providers/c7e2727c-1993-4a87-a7b7-dbc313810fa9/aggregates => generated 235 bytes in 11 msecs (HTTP/1.1 404) 5 headers in 202 bytes (1 switches on core 0)
2026-02-25 07:23:57.081 7 INFO placement.requestlog [None req-b81cc698-2984-48e9-a1d9-56cc378674ce 66c5bd7e9c194189a9f5baa06b6cd1d4 fe1cf9ba7fa24e32b8b90da814b4613b - - beb0ed6be28c4bf9b5f9a36a7758f38e beb0ed6be28c4bf9b5f9a36a7758f38e] 10.0.0.166 "DELETE /resource_providers/c7e2727c-1993-4a87-a7b7-dbc313810fa9" status: 404 len: 246 microversion: 1.1 [pid: 7|app: 0|req: 453/898] 10.0.0.166 () {34 vars in 815 bytes} [Wed Feb 25 07:23:57 2026] DELETE /resource_providers/c7e2727c-1993-4a87-a7b7-dbc313810fa9 => generated 246 bytes in 9 msecs (HTTP/1.1 404) 6 headers in 231 bytes (1 switches on core 0)
2026-02-25 07:23:57.089 8 INFO placement.requestlog [None req-a7c8de07-5be1-4505-aacd-bccf001ad6a9 66c5bd7e9c194189a9f5baa06b6cd1d4 fe1cf9ba7fa24e32b8b90da814b4613b - - beb0ed6be28c4bf9b5f9a36a7758f38e beb0ed6be28c4bf9b5f9a36a7758f38e] 10.0.0.166 "DELETE /resource_providers/c7e2727c-1993-4a87-a7b7-dbc313810fa9" status: 404 len: 246 microversion: 1.1 [pid: 8|app: 0|req: 446/899] 10.0.0.166 () {34 vars in 815 bytes} [Wed Feb 25 07:23:57 2026] DELETE /resource_providers/c7e2727c-1993-4a87-a7b7-dbc313810fa9 => generated 246 bytes in 8 msecs (HTTP/1.1 404) 6 headers in 231 bytes (1 switches on core 0)
2026-02-25 07:23:59.113 7 INFO placement.requestlog [None req-fc1b782a-7f2e-43b9-904f-c3067fda01ab 66c5bd7e9c194189a9f5baa06b6cd1d4 fe1cf9ba7fa24e32b8b90da814b4613b - - beb0ed6be28c4bf9b5f9a36a7758f38e beb0ed6be28c4bf9b5f9a36a7758f38e] 10.0.0.166 "GET /resource_providers/149601e5-2f90-4560-bbe2-541257cb6abc/aggregates" status: 404 len: 235 microversion: 1.1 [pid: 7|app: 0|req: 454/900] 10.0.0.166 () {32 vars in 815 bytes} [Wed Feb 25 07:23:59 2026] GET /resource_providers/149601e5-2f90-4560-bbe2-541257cb6abc/aggregates => generated 235 bytes in 12 msecs (HTTP/1.1 404) 5 headers in 202 bytes (1 switches on core 0)
2026-02-25 07:23:59.121 8 INFO placement.requestlog [None req-d32aea76-133f-46b2-a4d9-d990d2fd1dc6 66c5bd7e9c194189a9f5baa06b6cd1d4 fe1cf9ba7fa24e32b8b90da814b4613b - - beb0ed6be28c4bf9b5f9a36a7758f38e beb0ed6be28c4bf9b5f9a36a7758f38e] 10.0.0.166 "GET /resource_providers/149601e5-2f90-4560-bbe2-541257cb6abc/aggregates" status: 404 len: 235 microversion: 1.1 [pid: 8|app: 0|req: 447/901] 10.0.0.166 () {32 vars in 815 bytes} [Wed Feb 25 07:23:59 2026] GET /resource_providers/149601e5-2f90-4560-bbe2-541257cb6abc/aggregates => generated 235 bytes in 16 msecs (HTTP/1.1 404) 5 headers in 202 bytes (1 switches on core 0)
2026-02-25 07:23:59.140 7 INFO placement.requestlog [None req-b8f4927b-ba74-4ded-ae57-71a93c66acb4 66c5bd7e9c194189a9f5baa06b6cd1d4 fe1cf9ba7fa24e32b8b90da814b4613b - - beb0ed6be28c4bf9b5f9a36a7758f38e beb0ed6be28c4bf9b5f9a36a7758f38e] 10.0.0.166 "DELETE /resource_providers/149601e5-2f90-4560-bbe2-541257cb6abc" status: 404 len: 246 microversion: 1.1 [pid: 7|app: 0|req: 455/902] 10.0.0.166 () {34 vars in 815 bytes} [Wed Feb 25 07:23:59 2026] DELETE /resource_providers/149601e5-2f90-4560-bbe2-541257cb6abc => generated 246 bytes in 9 msecs (HTTP/1.1 404) 6 headers in 231 bytes (1 switches on core 0)
2026-02-25 07:23:59.141 8 INFO placement.requestlog [None req-ceda3bab-32ae-4f4d-bbc1-ee8f5179d492 66c5bd7e9c194189a9f5baa06b6cd1d4 fe1cf9ba7fa24e32b8b90da814b4613b - - beb0ed6be28c4bf9b5f9a36a7758f38e beb0ed6be28c4bf9b5f9a36a7758f38e] 10.0.0.166 "DELETE /resource_providers/149601e5-2f90-4560-bbe2-541257cb6abc" status: 404 len: 246 microversion: 1.1 [pid: 8|app: 0|req: 448/903] 10.0.0.166 () {34 vars in 815 bytes} [Wed Feb 25 07:23:59 2026] DELETE /resource_providers/149601e5-2f90-4560-bbe2-541257cb6abc => generated 246 bytes in 8 msecs (HTTP/1.1 404) 6 headers in 231 bytes (1 switches on core 0)
2026-02-25 07:24:00.767 8 INFO placement.requestlog [None req-da917455-582a-4234-91a0-2297d5b92dc8 - - - - - -] 10.0.0.231 "GET /" status: 200 len: 136 microversion: 1.0
2026-02-25 07:24:00.767 7 INFO placement.requestlog [None req-5026f213-562d-4e4e-8adb-0e7d0c2ded99 - - - - - -] 10.0.0.231 "GET /" status: 200 len: 136 microversion: 1.0
2026-02-25 07:24:01.171 8 INFO placement.requestlog [None req-41d719b9-8f99-4a7d-be41-19b1dd464332 66c5bd7e9c194189a9f5baa06b6cd1d4 fe1cf9ba7fa24e32b8b90da814b4613b - - beb0ed6be28c4bf9b5f9a36a7758f38e beb0ed6be28c4bf9b5f9a36a7758f38e] 10.0.0.166 "GET /resource_providers/fa84d038-e42d-4092-a3ba-69a4a0b8992e/aggregates" status: 404 len: 235 microversion: 1.1 [pid: 8|app: 0|req: 450/906] 10.0.0.166 () {32 vars in 815 bytes} [Wed Feb 25 07:24:01 2026] GET /resource_providers/fa84d038-e42d-4092-a3ba-69a4a0b8992e/aggregates => generated 235 bytes in 10 msecs (HTTP/1.1 404) 5 headers in 202 bytes (1 switches on core 0)
2026-02-25 07:24:01.197 7 INFO placement.requestlog [None req-b72e451b-3a25-40b4-a600-58fa600cdc62 66c5bd7e9c194189a9f5baa06b6cd1d4 fe1cf9ba7fa24e32b8b90da814b4613b - - beb0ed6be28c4bf9b5f9a36a7758f38e beb0ed6be28c4bf9b5f9a36a7758f38e] 10.0.0.166 "GET /resource_providers/fa84d038-e42d-4092-a3ba-69a4a0b8992e/aggregates" status: 404 len: 235 microversion: 1.1 [pid: 7|app: 0|req: 457/907] 10.0.0.166 () {32 vars in 815 bytes} [Wed Feb 25 07:24:01 2026] GET /resource_providers/fa84d038-e42d-4092-a3ba-69a4a0b8992e/aggregates => generated 235 bytes in 18 msecs (HTTP/1.1 404) 5 headers in 202 bytes (1 switches on core 0)
2026-02-25 07:24:01.197 8 INFO placement.requestlog [None req-fa338a0c-0c39-4bcb-8450-c530610f877d 66c5bd7e9c194189a9f5baa06b6cd1d4 fe1cf9ba7fa24e32b8b90da814b4613b - - beb0ed6be28c4bf9b5f9a36a7758f38e beb0ed6be28c4bf9b5f9a36a7758f38e] 10.0.0.166 "DELETE /resource_providers/fa84d038-e42d-4092-a3ba-69a4a0b8992e" status: 404 len: 246 microversion: 1.1 [pid: 8|app: 0|req: 451/908] 10.0.0.166 () {34 vars in 815 bytes} [Wed Feb 25 07:24:01 2026] DELETE /resource_providers/fa84d038-e42d-4092-a3ba-69a4a0b8992e => generated 246 bytes in 13 msecs (HTTP/1.1 404) 6 headers in 231 bytes (1 switches on core 0)
2026-02-25 07:24:01.223 8 INFO placement.requestlog [None req-3146c873-cf0e-4e35-8d0b-db3424f78200 66c5bd7e9c194189a9f5baa06b6cd1d4 fe1cf9ba7fa24e32b8b90da814b4613b - - beb0ed6be28c4bf9b5f9a36a7758f38e beb0ed6be28c4bf9b5f9a36a7758f38e] 10.0.0.166 "GET /resource_providers/43deafc1-7384-43b4-81be-98ea053cccfb/aggregates" status: 404 len: 235 microversion: 1.1 [pid: 8|app: 0|req: 452/909] 10.0.0.166 () {32 vars in 815 bytes} [Wed Feb 25 07:24:01 2026] GET /resource_providers/43deafc1-7384-43b4-81be-98ea053cccfb/aggregates => generated 235 bytes in 10 msecs (HTTP/1.1 404) 5 headers in 202 bytes (1 switches on core 0)
2026-02-25 07:24:01.224 7 INFO placement.requestlog [None req-73165ab9-e891-4fed-b1a0-ec776ae3d4b8 66c5bd7e9c194189a9f5baa06b6cd1d4 fe1cf9ba7fa24e32b8b90da814b4613b - - beb0ed6be28c4bf9b5f9a36a7758f38e beb0ed6be28c4bf9b5f9a36a7758f38e] 10.0.0.166 "DELETE /resource_providers/fa84d038-e42d-4092-a3ba-69a4a0b8992e" status: 404 len: 246 microversion: 1.1 [pid: 7|app: 0|req: 458/910] 10.0.0.166 () {34 vars in 815 bytes} [Wed Feb 25 07:24:01 2026] DELETE /resource_providers/fa84d038-e42d-4092-a3ba-69a4a0b8992e => generated 246 bytes in 10 msecs (HTTP/1.1 404) 6 headers in 231 bytes (1 switches on core 0)
2026-02-25 07:24:01.247 8 INFO placement.requestlog [None req-cfb36df0-b5a0-412a-b851-aeccaa7a50a4 66c5bd7e9c194189a9f5baa06b6cd1d4 fe1cf9ba7fa24e32b8b90da814b4613b - - beb0ed6be28c4bf9b5f9a36a7758f38e beb0ed6be28c4bf9b5f9a36a7758f38e] 10.0.0.166 "GET /resource_providers/43deafc1-7384-43b4-81be-98ea053cccfb/aggregates" status: 404 len: 235 microversion: 1.1 [pid: 8|app: 0|req: 453/911] 10.0.0.166 () {32 vars in 815 bytes} [Wed Feb 25 07:24:01 2026] GET /resource_providers/43deafc1-7384-43b4-81be-98ea053cccfb/aggregates => generated 235 bytes in 10 msecs (HTTP/1.1 404) 5 headers in 202 bytes (1 switches on core 0)
2026-02-25 07:24:01.249 7 INFO placement.requestlog [None req-548f1ac3-8c38-460c-be1c-3f4ea5173618 66c5bd7e9c194189a9f5baa06b6cd1d4 fe1cf9ba7fa24e32b8b90da814b4613b - - beb0ed6be28c4bf9b5f9a36a7758f38e beb0ed6be28c4bf9b5f9a36a7758f38e] 10.0.0.166 "DELETE /resource_providers/43deafc1-7384-43b4-81be-98ea053cccfb" status: 404 len: 246 microversion: 1.1 [pid: 7|app: 0|req: 459/912] 10.0.0.166 () {34 vars in 815 bytes} [Wed Feb 25 07:24:01 2026] DELETE /resource_providers/43deafc1-7384-43b4-81be-98ea053cccfb => generated 246 bytes in 11 msecs (HTTP/1.1 404) 6 headers in 231 bytes (1 switches on core 0)
2026-02-25 07:24:01.267 8 INFO placement.requestlog [None req-f9b3bd53-ac0a-4a46-babc-d71e5f5bf10c 66c5bd7e9c194189a9f5baa06b6cd1d4 fe1cf9ba7fa24e32b8b90da814b4613b - - beb0ed6be28c4bf9b5f9a36a7758f38e beb0ed6be28c4bf9b5f9a36a7758f38e] 10.0.0.166 "DELETE /resource_providers/43deafc1-7384-43b4-81be-98ea053cccfb" status: 404 len: 246 microversion: 1.1 [pid: 8|app: 0|req: 454/913] 10.0.0.166 () {34 vars in 815 bytes} [Wed Feb 25 07:24:01 2026] DELETE /resource_providers/43deafc1-7384-43b4-81be-98ea053cccfb => generated 246 bytes in 8 msecs (HTTP/1.1 404) 6 headers in 231 bytes (1 switches on core 0)
2026-02-25 07:24:02.741 7 INFO placement.requestlog [None req-43618c77-13f5-4779-bdce-36e48cbfcd6c 5dd02c76bbbf42c6a7615b6d5c4c626f 6022d6d06f154e18a3a490e9868792a6 - - default default] 10.0.0.206 "GET /resource_providers" status: 200 len: 405 microversion: 1.0 [pid: 7|app: 0|req: 460/914] 10.0.0.206 () {28 vars in 592 bytes} [Wed Feb 25 07:24:02 2026] GET /resource_providers => generated 405 bytes in 191 msecs (HTTP/1.1 200) 6 headers in 224 bytes (1 switches on core 0)
2026-02-25 07:24:02.766 8 INFO placement.requestlog [None req-b32f632d-34e2-47ac-b076-02732446b51e 5dd02c76bbbf42c6a7615b6d5c4c626f 6022d6d06f154e18a3a490e9868792a6 - - default default] 10.0.0.206 "GET /resource_providers/64c61dbc-32ed-42e9-ab1c-52248f7d49ed/inventories" status: 200 len: 400 microversion: 1.0 [pid: 8|app: 0|req: 455/915] 10.0.0.206 () {28 vars in 690 bytes} [Wed Feb 25 07:24:02 2026] GET /resource_providers/64c61dbc-32ed-42e9-ab1c-52248f7d49ed/inventories => generated 400 bytes in 22 msecs (HTTP/1.1 200) 6 headers in 224 bytes (1 switches on core 0)
2026-02-25 07:24:02.779 7 INFO placement.requestlog [None req-11d60f9a-6a6a-4548-a60c-2e31a2fbb1a8 5dd02c76bbbf42c6a7615b6d5c4c626f 6022d6d06f154e18a3a490e9868792a6 - - default default] 10.0.0.206 "GET /resource_providers/64c61dbc-32ed-42e9-ab1c-52248f7d49ed/usages" status: 200 len: 88 microversion: 1.0 [pid: 7|app: 0|req: 461/916] 10.0.0.206 () {28 vars in 680 bytes} [Wed Feb 25 07:24:02 2026] GET /resource_providers/64c61dbc-32ed-42e9-ab1c-52248f7d49ed/usages => generated 88 bytes in 10 msecs (HTTP/1.1 200) 6 headers in 223 bytes (1 switches on core 0)
2026-02-25 07:24:03.383 8 INFO placement.requestlog [None req-857b2587-8bba-4f4d-9e47-53c6ce2b5bda 66c5bd7e9c194189a9f5baa06b6cd1d4 fe1cf9ba7fa24e32b8b90da814b4613b - - beb0ed6be28c4bf9b5f9a36a7758f38e beb0ed6be28c4bf9b5f9a36a7758f38e] 10.0.0.166 "GET /resource_providers/95dcc4f2-d9bb-48c2-9983-d02bdeb90e8c/aggregates" status: 404 len: 235 microversion: 1.1 [pid: 8|app: 0|req: 456/917] 10.0.0.166 () {32 vars in 815 bytes} [Wed Feb 25 07:24:03 2026] GET /resource_providers/95dcc4f2-d9bb-48c2-9983-d02bdeb90e8c/aggregates => generated 235 bytes in 17 msecs (HTTP/1.1 404) 5 headers in 202 bytes (1 switches on core 0)
2026-02-25 07:24:03.386 7 INFO placement.requestlog [None req-104b876a-8606-4b2c-bcf6-76cc8c9c258d 66c5bd7e9c194189a9f5baa06b6cd1d4 fe1cf9ba7fa24e32b8b90da814b4613b - - beb0ed6be28c4bf9b5f9a36a7758f38e beb0ed6be28c4bf9b5f9a36a7758f38e] 10.0.0.166 "GET /resource_providers/95dcc4f2-d9bb-48c2-9983-d02bdeb90e8c/aggregates" status: 404 len: 235 microversion: 1.1 [pid: 7|app: 0|req: 462/918] 10.0.0.166 () {32 vars in 815 bytes} [Wed Feb 25 07:24:03 2026] GET /resource_providers/95dcc4f2-d9bb-48c2-9983-d02bdeb90e8c/aggregates => generated 235 bytes in 18 msecs (HTTP/1.1 404) 5 headers in 202 bytes (1 switches on core 0)
2026-02-25 07:24:03.407 8 INFO placement.requestlog [None req-355dcf44-540e-4c8e-95c2-9c3c7f057452 66c5bd7e9c194189a9f5baa06b6cd1d4 fe1cf9ba7fa24e32b8b90da814b4613b - - beb0ed6be28c4bf9b5f9a36a7758f38e beb0ed6be28c4bf9b5f9a36a7758f38e] 10.0.0.166 "DELETE /resource_providers/95dcc4f2-d9bb-48c2-9983-d02bdeb90e8c" status: 404 len: 246 microversion: 1.1 [pid: 8|app: 0|req: 457/919] 10.0.0.166 () {34 vars in 815 bytes} [Wed Feb 25 07:24:03 2026] DELETE /resource_providers/95dcc4f2-d9bb-48c2-9983-d02bdeb90e8c => generated 246 bytes in 10 msecs (HTTP/1.1 404) 6 headers in 231 bytes (1 switches on core 0)
2026-02-25 07:24:03.409 7 INFO placement.requestlog [None req-032fb081-6b8a-4c09-9b8a-5e5c96491fac 66c5bd7e9c194189a9f5baa06b6cd1d4 fe1cf9ba7fa24e32b8b90da814b4613b - - beb0ed6be28c4bf9b5f9a36a7758f38e beb0ed6be28c4bf9b5f9a36a7758f38e] 10.0.0.166 "DELETE /resource_providers/95dcc4f2-d9bb-48c2-9983-d02bdeb90e8c" status: 404 len: 246 microversion: 1.1 [pid: 7|app: 0|req: 463/920] 10.0.0.166 () {34 vars in 815 bytes} [Wed Feb 25 07:24:03 2026] DELETE /resource_providers/95dcc4f2-d9bb-48c2-9983-d02bdeb90e8c => generated 246 bytes in 10 msecs (HTTP/1.1 404) 6 headers in 231 bytes (1 switches on core 0)
2026-02-25 07:24:03.580 8 INFO placement.requestlog [None req-5b4044a2-24cc-4f97-bb86-713e95ca7995 66c5bd7e9c194189a9f5baa06b6cd1d4 fe1cf9ba7fa24e32b8b90da814b4613b - - beb0ed6be28c4bf9b5f9a36a7758f38e beb0ed6be28c4bf9b5f9a36a7758f38e] 10.0.0.166 "GET /resource_providers/6b3c1ef5-2f4b-47e6-a9b4-3bd9a2221b1e/aggregates" status: 404 len: 235 microversion: 1.1 [pid: 8|app: 0|req: 458/921] 10.0.0.166 () {32 vars in 815 bytes} [Wed Feb 25 07:24:03 2026] GET /resource_providers/6b3c1ef5-2f4b-47e6-a9b4-3bd9a2221b1e/aggregates => generated 235 bytes in 13 msecs (HTTP/1.1 404) 5 headers in 202 bytes (1 switches on core 0)
2026-02-25 07:24:03.586 7 INFO placement.requestlog [None req-9e94347c-8118-48f8-9805-0f71e235f0a2 66c5bd7e9c194189a9f5baa06b6cd1d4 fe1cf9ba7fa24e32b8b90da814b4613b - - beb0ed6be28c4bf9b5f9a36a7758f38e beb0ed6be28c4bf9b5f9a36a7758f38e] 10.0.0.166 "GET /resource_providers/6b3c1ef5-2f4b-47e6-a9b4-3bd9a2221b1e/aggregates" status: 404 len: 235 microversion: 1.1 [pid: 7|app: 0|req: 464/922] 10.0.0.166 () {32 vars in 815 bytes} [Wed Feb 25 07:24:03 2026] GET /resource_providers/6b3c1ef5-2f4b-47e6-a9b4-3bd9a2221b1e/aggregates => generated 235 bytes in 15 msecs (HTTP/1.1 404) 5 headers in 202 bytes (1 switches on core 0)
2026-02-25 07:24:03.600 8 INFO placement.requestlog [None req-7f1e66a8-c6bf-4f34-91ba-4956fb9ad6e5 66c5bd7e9c194189a9f5baa06b6cd1d4 fe1cf9ba7fa24e32b8b90da814b4613b - - beb0ed6be28c4bf9b5f9a36a7758f38e beb0ed6be28c4bf9b5f9a36a7758f38e] 10.0.0.166 "DELETE /resource_providers/6b3c1ef5-2f4b-47e6-a9b4-3bd9a2221b1e" status: 404 len: 246 microversion: 1.1 [pid: 8|app: 0|req: 459/923] 10.0.0.166 () {34 vars in 815 bytes} [Wed Feb 25 07:24:03 2026] DELETE /resource_providers/6b3c1ef5-2f4b-47e6-a9b4-3bd9a2221b1e => generated 246 bytes in 14 msecs (HTTP/1.1 404) 6 headers in 231 bytes (1 switches on core 0)
