Jun 30 22:31:08.935292 np0000183647 systemd[1]: Starting devstack@n-api-meta.service - Devstack devstack@n-api-meta.service...
Jun 30 22:31:08.947655 np0000183647 devstack@n-api-meta.service[107290]: [uWSGI] getting INI configuration from /etc/nova/nova-metadata-uwsgi.ini
Jun 30 22:31:08.950935 np0000183647 devstack@n-api-meta.service[107290]: *** Starting uWSGI 2.0.24-debian (64bit) on [Tue Jun 30 22:31:08 2026] ***
Jun 30 22:31:08.950935 np0000183647 devstack@n-api-meta.service[107290]: compiled with version: 13.2.0 on 17 April 2024 16:23:48
Jun 30 22:31:08.950935 np0000183647 devstack@n-api-meta.service[107290]: os: Linux-6.8.0-124-generic #124-Ubuntu SMP PREEMPT_DYNAMIC Tue May 26 13:00:45 UTC 2026
Jun 30 22:31:08.950935 np0000183647 devstack@n-api-meta.service[107290]: nodename: np0000183647
Jun 30 22:31:08.950935 np0000183647 devstack@n-api-meta.service[107290]: machine: x86_64
Jun 30 22:31:08.950935 np0000183647 devstack@n-api-meta.service[107290]: clock source: unix
Jun 30 22:31:08.950935 np0000183647 devstack@n-api-meta.service[107290]: pcre jit disabled
Jun 30 22:31:08.950935 np0000183647 devstack@n-api-meta.service[107290]: detected number of CPU cores: 16
Jun 30 22:31:08.950935 np0000183647 devstack@n-api-meta.service[107290]: current working directory: /
Jun 30 22:31:08.950935 np0000183647 devstack@n-api-meta.service[107290]: detected binary path: /usr/bin/uwsgi-core
Jun 30 22:31:08.950935 np0000183647 devstack@n-api-meta.service[107290]: your processes number limit is 256917
Jun 30 22:31:08.950935 np0000183647 devstack@n-api-meta.service[107290]: your memory page size is 4096 bytes
Jun 30 22:31:08.950935 np0000183647 devstack@n-api-meta.service[107290]: detected max file descriptor number: 2048
Jun 30 22:31:08.950935 np0000183647 devstack@n-api-meta.service[107290]: lock engine: pthread robust mutexes
Jun 30 22:31:08.951719 np0000183647 devstack@n-api-meta.service[107290]: thunder lock: enabled
Jun 30 22:31:08.951719 np0000183647 devstack@n-api-meta.service[107290]: uWSGI http bound on 0.0.0.0:8775 fd 5
Jun 30 22:31:08.951719 np0000183647 devstack@n-api-meta.service[107290]: uwsgi socket 0 bound to TCP address 127.0.0.1:34001 (port auto-assigned) fd 4
Jun 30 22:31:08.951719 np0000183647 devstack@n-api-meta.service[107290]: Python version: 3.12.3 (main, Mar 23 2026, 19:04:32) [GCC 13.3.0]
Jun 30 22:31:08.951719 np0000183647 devstack@n-api-meta.service[107290]: PEP 405 virtualenv detected: /opt/stack/data/venv
Jun 30 22:31:08.951719 np0000183647 devstack@n-api-meta.service[107290]: Set PythonHome to /opt/stack/data/venv
Jun 30 22:31:08.995663 np0000183647 devstack@n-api-meta.service[107290]: Python main interpreter initialized at 0x7d175eea3668
Jun 30 22:31:08.995663 np0000183647 devstack@n-api-meta.service[107290]: python threads support enabled
Jun 30 22:31:08.995663 np0000183647 devstack@n-api-meta.service[107290]: your server socket listen backlog is limited to 100 connections
Jun 30 22:31:08.995663 np0000183647 devstack@n-api-meta.service[107290]: your mercy for graceful operations on workers is 80 seconds
Jun 30 22:31:08.996355 np0000183647 devstack@n-api-meta.service[107290]: mapped 671795 bytes (656 KB) for 4 cores
Jun 30 22:31:08.996531 np0000183647 devstack@n-api-meta.service[107290]: *** Operational MODE: preforking ***
Jun 30 22:31:08.996844 np0000183647 devstack@n-api-meta.service[107290]: *** uWSGI is running in multiple interpreter mode ***
Jun 30 22:31:08.996844 np0000183647 devstack@n-api-meta.service[107290]: spawned uWSGI master process (pid: 107290)
Jun 30 22:31:08.997057 np0000183647 systemd[1]: Started devstack@n-api-meta.service - Devstack devstack@n-api-meta.service.
Jun 30 22:31:08.997846 np0000183647 devstack@n-api-meta.service[107290]: spawned uWSGI worker 1 (pid: 107291, cores: 1)
Jun 30 22:31:08.998516 np0000183647 devstack@n-api-meta.service[107290]: spawned uWSGI worker 2 (pid: 107292, cores: 1)
Jun 30 22:31:08.999128 np0000183647 devstack@n-api-meta.service[107290]: spawned uWSGI worker 3 (pid: 107293, cores: 1)
Jun 30 22:31:08.999750 np0000183647 devstack@n-api-meta.service[107290]: spawned uWSGI worker 4 (pid: 107294, cores: 1)
Jun 30 22:31:09.000368 np0000183647 devstack@n-api-meta.service[107290]: spawned uWSGI http 1 (pid: 107295)
Jun 30 22:31:09.000368 np0000183647 devstack@n-api-meta.service[107290]: running "unix_signal:15 gracefully_kill_them_all" (master-start)...
Jun 30 22:31:10.726797 np0000183647 devstack@n-api-meta.service[107291]: INFO dbcounter [None req-2895a4a0-3e65-4cd0-9d23-df892f176d0e None None] Registered counter for database nova_api
Jun 30 22:31:10.772433 np0000183647 devstack@n-api-meta.service[107291]: DEBUG oslo_db.sqlalchemy.engines [None req-2895a4a0-3e65-4cd0-9d23-df892f176d0e None None] MySQL server mode set to STRICT_TRANS_TABLES,STRICT_ALL_TABLES,NO_ZERO_IN_DATE,NO_ZERO_DATE,ERROR_FOR_DIVISION_BY_ZERO,TRADITIONAL,NO_ENGINE_SUBSTITUTION {{(pid=107291) _check_effective_sql_mode /opt/stack/data/venv/lib/python3.12/site-packages/oslo_db/sqlalchemy/engines.py:325}}
Jun 30 22:31:10.793704 np0000183647 devstack@n-api-meta.service[107294]: INFO dbcounter [None req-a361b695-d4c8-45a1-9970-23f47c473c32 None None] Registered counter for database nova_api
Jun 30 22:31:10.808950 np0000183647 devstack@n-api-meta.service[107291]: DEBUG dbcounter [-] [107291] Writer thread running {{(pid=107291) stat_writer /opt/stack/data/venv/lib/python3.12/site-packages/dbcounter.py:102}}
Jun 30 22:31:10.811215 np0000183647 devstack@n-api-meta.service[107291]: DEBUG nova.context [None req-2895a4a0-3e65-4cd0-9d23-df892f176d0e None None] Found 2 cells: 00000000-0000-0000-0000-000000000000(cell0),d7a70bb0-2de8-4913-8496-8a5eab1a5a17(cell1) {{(pid=107291) load_cells /opt/stack/nova/nova/context.py:509}}
Jun 30 22:31:10.811473 np0000183647 devstack@n-api-meta.service[107291]: INFO nova.utils [None req-2895a4a0-3e65-4cd0-9d23-df892f176d0e None None] The cell worker thread pool MainProcess.cell_worker is initialized
Jun 30 22:31:10.812022 np0000183647 devstack@n-api-meta.service[107293]: INFO dbcounter [None req-474d190c-363b-49a8-bc4a-9034f490f24b None None] Registered counter for database nova_api
Jun 30 22:31:10.813236 np0000183647 devstack@n-api-meta.service[107291]: DEBUG oslo_concurrency.lockutils [None req-2895a4a0-3e65-4cd0-9d23-df892f176d0e None None] Acquiring lock "00000000-0000-0000-0000-000000000000" by "nova.context.set_target_cell..get_or_set_cached_cell_and_set_connections" {{(pid=107291) inner /opt/stack/data/venv/lib/python3.12/site-packages/oslo_concurrency/lockutils.py:511}}
Jun 30 22:31:10.813404 np0000183647 devstack@n-api-meta.service[107291]: DEBUG oslo_concurrency.lockutils [None req-2895a4a0-3e65-4cd0-9d23-df892f176d0e None None] Lock "00000000-0000-0000-0000-000000000000" acquired by "nova.context.set_target_cell..get_or_set_cached_cell_and_set_connections" :: waited 0.000s {{(pid=107291) inner /opt/stack/data/venv/lib/python3.12/site-packages/oslo_concurrency/lockutils.py:524}}
Jun 30 22:31:10.813791 np0000183647 devstack@n-api-meta.service[107291]: DEBUG oslo_concurrency.lockutils [None req-2895a4a0-3e65-4cd0-9d23-df892f176d0e None None] Lock "00000000-0000-0000-0000-000000000000" "released" by "nova.context.set_target_cell..get_or_set_cached_cell_and_set_connections" :: held 0.000s {{(pid=107291) inner /opt/stack/data/venv/lib/python3.12/site-packages/oslo_concurrency/lockutils.py:543}}
Jun 30 22:31:10.814485 np0000183647 devstack@n-api-meta.service[107291]: DEBUG oslo_concurrency.lockutils [None req-2895a4a0-3e65-4cd0-9d23-df892f176d0e None None] Acquiring lock "d7a70bb0-2de8-4913-8496-8a5eab1a5a17" by "nova.context.set_target_cell..get_or_set_cached_cell_and_set_connections" {{(pid=107291) inner /opt/stack/data/venv/lib/python3.12/site-packages/oslo_concurrency/lockutils.py:511}}
Jun 30 22:31:10.814628 np0000183647 devstack@n-api-meta.service[107291]: DEBUG oslo_concurrency.lockutils [None req-2895a4a0-3e65-4cd0-9d23-df892f176d0e None None] Lock "d7a70bb0-2de8-4913-8496-8a5eab1a5a17" acquired by "nova.context.set_target_cell..get_or_set_cached_cell_and_set_connections" :: waited 0.000s {{(pid=107291) inner /opt/stack/data/venv/lib/python3.12/site-packages/oslo_concurrency/lockutils.py:524}}
Jun 30 22:31:10.815481 np0000183647 devstack@n-api-meta.service[107291]: DEBUG oslo_concurrency.lockutils [None req-2895a4a0-3e65-4cd0-9d23-df892f176d0e None None] Lock "d7a70bb0-2de8-4913-8496-8a5eab1a5a17" "released" by "nova.context.set_target_cell..get_or_set_cached_cell_and_set_connections" :: held 0.001s {{(pid=107291) inner /opt/stack/data/venv/lib/python3.12/site-packages/oslo_concurrency/lockutils.py:543}}
Jun 30 22:31:10.817027 np0000183647 devstack@n-api-meta.service[107292]: INFO dbcounter [None req-73efc6d7-e120-4e11-b6b8-88bd27684b61 None None] Registered counter for database nova_api
Jun 30 22:31:10.817845 np0000183647 devstack@n-api-meta.service[107291]: INFO dbcounter [None req-2895a4a0-3e65-4cd0-9d23-df892f176d0e None None] Registered counter for database nova_cell0
Jun 30 22:31:10.822162 np0000183647 devstack@n-api-meta.service[107291]: INFO dbcounter [None req-2895a4a0-3e65-4cd0-9d23-df892f176d0e None None] Registered counter for database nova_cell1
Jun 30 22:31:10.851371 np0000183647 devstack@n-api-meta.service[107294]: DEBUG oslo_db.sqlalchemy.engines [None req-a361b695-d4c8-45a1-9970-23f47c473c32 None None] MySQL server mode set to STRICT_TRANS_TABLES,STRICT_ALL_TABLES,NO_ZERO_IN_DATE,NO_ZERO_DATE,ERROR_FOR_DIVISION_BY_ZERO,TRADITIONAL,NO_ENGINE_SUBSTITUTION {{(pid=107294) _check_effective_sql_mode /opt/stack/data/venv/lib/python3.12/site-packages/oslo_db/sqlalchemy/engines.py:325}}
Jun 30 22:31:10.862886 np0000183647 devstack@n-api-meta.service[107293]: DEBUG oslo_db.sqlalchemy.engines [None req-474d190c-363b-49a8-bc4a-9034f490f24b None None] MySQL server mode set to STRICT_TRANS_TABLES,STRICT_ALL_TABLES,NO_ZERO_IN_DATE,NO_ZERO_DATE,ERROR_FOR_DIVISION_BY_ZERO,TRADITIONAL,NO_ENGINE_SUBSTITUTION {{(pid=107293) _check_effective_sql_mode /opt/stack/data/venv/lib/python3.12/site-packages/oslo_db/sqlalchemy/engines.py:325}}
Jun 30 22:31:10.869958 np0000183647 devstack@n-api-meta.service[107292]: DEBUG oslo_db.sqlalchemy.engines [None req-73efc6d7-e120-4e11-b6b8-88bd27684b61 None None] MySQL server mode set to STRICT_TRANS_TABLES,STRICT_ALL_TABLES,NO_ZERO_IN_DATE,NO_ZERO_DATE,ERROR_FOR_DIVISION_BY_ZERO,TRADITIONAL,NO_ENGINE_SUBSTITUTION {{(pid=107292) _check_effective_sql_mode /opt/stack/data/venv/lib/python3.12/site-packages/oslo_db/sqlalchemy/engines.py:325}}
Jun 30 22:31:10.880536 np0000183647 devstack@n-api-meta.service[107291]: DEBUG oslo_db.sqlalchemy.engines [None req-2895a4a0-3e65-4cd0-9d23-df892f176d0e None None] MySQL server mode set to STRICT_TRANS_TABLES,STRICT_ALL_TABLES,NO_ZERO_IN_DATE,NO_ZERO_DATE,ERROR_FOR_DIVISION_BY_ZERO,TRADITIONAL,NO_ENGINE_SUBSTITUTION {{(pid=107291) _check_effective_sql_mode /opt/stack/data/venv/lib/python3.12/site-packages/oslo_db/sqlalchemy/engines.py:325}}
Jun 30 22:31:10.886125 np0000183647 devstack@n-api-meta.service[107291]: DEBUG oslo_db.sqlalchemy.engines [None req-2895a4a0-3e65-4cd0-9d23-df892f176d0e None None] MySQL server mode set to STRICT_TRANS_TABLES,STRICT_ALL_TABLES,NO_ZERO_IN_DATE,NO_ZERO_DATE,ERROR_FOR_DIVISION_BY_ZERO,TRADITIONAL,NO_ENGINE_SUBSTITUTION {{(pid=107291) _check_effective_sql_mode /opt/stack/data/venv/lib/python3.12/site-packages/oslo_db/sqlalchemy/engines.py:325}}
Jun 30 22:31:10.887485 np0000183647 devstack@n-api-meta.service[107294]: DEBUG dbcounter [-] [107294] Writer thread running {{(pid=107294) stat_writer /opt/stack/data/venv/lib/python3.12/site-packages/dbcounter.py:102}}
Jun 30 22:31:10.890254 np0000183647 devstack@n-api-meta.service[107294]: DEBUG nova.context [None req-a361b695-d4c8-45a1-9970-23f47c473c32 None None] Found 2 cells: 00000000-0000-0000-0000-000000000000(cell0),d7a70bb0-2de8-4913-8496-8a5eab1a5a17(cell1) {{(pid=107294) load_cells /opt/stack/nova/nova/context.py:509}}
Jun 30 22:31:10.890481 np0000183647 devstack@n-api-meta.service[107294]: INFO nova.utils [None req-a361b695-d4c8-45a1-9970-23f47c473c32 None None] The cell worker thread pool MainProcess.cell_worker is initialized
Jun 30 22:31:10.892402 np0000183647 devstack@n-api-meta.service[107294]: DEBUG oslo_concurrency.lockutils [None req-a361b695-d4c8-45a1-9970-23f47c473c32 None None] Acquiring lock "00000000-0000-0000-0000-000000000000" by "nova.context.set_target_cell..get_or_set_cached_cell_and_set_connections" {{(pid=107294) inner /opt/stack/data/venv/lib/python3.12/site-packages/oslo_concurrency/lockutils.py:511}}
Jun 30 22:31:10.892573 np0000183647 devstack@n-api-meta.service[107294]: DEBUG oslo_concurrency.lockutils [None req-a361b695-d4c8-45a1-9970-23f47c473c32 None None] Lock "00000000-0000-0000-0000-000000000000" acquired by "nova.context.set_target_cell..get_or_set_cached_cell_and_set_connections" :: waited 0.000s {{(pid=107294) inner /opt/stack/data/venv/lib/python3.12/site-packages/oslo_concurrency/lockutils.py:524}}
Jun 30 22:31:10.892995 np0000183647 devstack@n-api-meta.service[107294]: DEBUG oslo_concurrency.lockutils [None req-a361b695-d4c8-45a1-9970-23f47c473c32 None None] Lock "00000000-0000-0000-0000-000000000000" "released" by "nova.context.set_target_cell..get_or_set_cached_cell_and_set_connections" :: held 0.000s {{(pid=107294) inner /opt/stack/data/venv/lib/python3.12/site-packages/oslo_concurrency/lockutils.py:543}}
Jun 30 22:31:10.893857 np0000183647 devstack@n-api-meta.service[107294]: DEBUG oslo_concurrency.lockutils [None req-a361b695-d4c8-45a1-9970-23f47c473c32 None None] Acquiring lock "d7a70bb0-2de8-4913-8496-8a5eab1a5a17" by "nova.context.set_target_cell..get_or_set_cached_cell_and_set_connections" {{(pid=107294) inner /opt/stack/data/venv/lib/python3.12/site-packages/oslo_concurrency/lockutils.py:511}}
Jun 30 22:31:10.894027 np0000183647 devstack@n-api-meta.service[107294]: DEBUG oslo_concurrency.lockutils [None req-a361b695-d4c8-45a1-9970-23f47c473c32 None None] Lock "d7a70bb0-2de8-4913-8496-8a5eab1a5a17" acquired by "nova.context.set_target_cell..get_or_set_cached_cell_and_set_connections" :: waited 0.000s {{(pid=107294) inner /opt/stack/data/venv/lib/python3.12/site-packages/oslo_concurrency/lockutils.py:524}}
Jun 30 22:31:10.895221 np0000183647 devstack@n-api-meta.service[107294]: DEBUG oslo_concurrency.lockutils [None req-a361b695-d4c8-45a1-9970-23f47c473c32 None None] Lock "d7a70bb0-2de8-4913-8496-8a5eab1a5a17" "released" by "nova.context.set_target_cell..get_or_set_cached_cell_and_set_connections" :: held 0.001s {{(pid=107294) inner /opt/stack/data/venv/lib/python3.12/site-packages/oslo_concurrency/lockutils.py:543}}
Jun 30 22:31:10.896206 np0000183647 devstack@n-api-meta.service[107293]: DEBUG dbcounter [-] [107293] Writer thread running {{(pid=107293) stat_writer /opt/stack/data/venv/lib/python3.12/site-packages/dbcounter.py:102}}
Jun 30 22:31:10.898298 np0000183647 devstack@n-api-meta.service[107293]: DEBUG nova.context [None req-474d190c-363b-49a8-bc4a-9034f490f24b None None] Found 2 cells: 00000000-0000-0000-0000-000000000000(cell0),d7a70bb0-2de8-4913-8496-8a5eab1a5a17(cell1) {{(pid=107293) load_cells /opt/stack/nova/nova/context.py:509}}
Jun 30 22:31:10.898549 np0000183647 devstack@n-api-meta.service[107293]: INFO nova.utils [None req-474d190c-363b-49a8-bc4a-9034f490f24b None None] The cell worker thread pool MainProcess.cell_worker is initialized
Jun 30 22:31:10.898650 np0000183647 devstack@n-api-meta.service[107294]: INFO dbcounter [None req-a361b695-d4c8-45a1-9970-23f47c473c32 None None] Registered counter for database nova_cell0
Jun 30 22:31:10.900816 np0000183647 devstack@n-api-meta.service[107293]: DEBUG oslo_concurrency.lockutils [None req-474d190c-363b-49a8-bc4a-9034f490f24b None None] Acquiring lock "00000000-0000-0000-0000-000000000000" by "nova.context.set_target_cell..get_or_set_cached_cell_and_set_connections" {{(pid=107293) inner /opt/stack/data/venv/lib/python3.12/site-packages/oslo_concurrency/lockutils.py:511}}
Jun 30 22:31:10.900994 np0000183647 devstack@n-api-meta.service[107293]: DEBUG oslo_concurrency.lockutils [None req-474d190c-363b-49a8-bc4a-9034f490f24b None None] Lock "00000000-0000-0000-0000-000000000000" acquired by "nova.context.set_target_cell..get_or_set_cached_cell_and_set_connections" :: waited 0.000s {{(pid=107293) inner /opt/stack/data/venv/lib/python3.12/site-packages/oslo_concurrency/lockutils.py:524}}
Jun 30 22:31:10.901358 np0000183647 devstack@n-api-meta.service[107293]: DEBUG oslo_concurrency.lockutils [None req-474d190c-363b-49a8-bc4a-9034f490f24b None None] Lock "00000000-0000-0000-0000-000000000000" "released" by "nova.context.set_target_cell..get_or_set_cached_cell_and_set_connections" :: held 0.000s {{(pid=107293) inner /opt/stack/data/venv/lib/python3.12/site-packages/oslo_concurrency/lockutils.py:543}}
Jun 30 22:31:10.902240 np0000183647 devstack@n-api-meta.service[107293]: DEBUG oslo_concurrency.lockutils [None req-474d190c-363b-49a8-bc4a-9034f490f24b None None] Acquiring lock "d7a70bb0-2de8-4913-8496-8a5eab1a5a17" by "nova.context.set_target_cell..get_or_set_cached_cell_and_set_connections" {{(pid=107293) inner /opt/stack/data/venv/lib/python3.12/site-packages/oslo_concurrency/lockutils.py:511}}
Jun 30 22:31:10.902372 np0000183647 devstack@n-api-meta.service[107293]: DEBUG oslo_concurrency.lockutils [None req-474d190c-363b-49a8-bc4a-9034f490f24b None None] Lock "d7a70bb0-2de8-4913-8496-8a5eab1a5a17" acquired by "nova.context.set_target_cell..get_or_set_cached_cell_and_set_connections" :: waited 0.000s {{(pid=107293) inner /opt/stack/data/venv/lib/python3.12/site-packages/oslo_concurrency/lockutils.py:524}}
Jun 30 22:31:10.903297 np0000183647 devstack@n-api-meta.service[107293]: DEBUG oslo_concurrency.lockutils [None req-474d190c-363b-49a8-bc4a-9034f490f24b None None] Lock "d7a70bb0-2de8-4913-8496-8a5eab1a5a17" "released" by "nova.context.set_target_cell..get_or_set_cached_cell_and_set_connections" :: held 0.001s {{(pid=107293) inner /opt/stack/data/venv/lib/python3.12/site-packages/oslo_concurrency/lockutils.py:543}}
Jun 30 22:31:10.903811 np0000183647 devstack@n-api-meta.service[107294]: INFO dbcounter [None req-a361b695-d4c8-45a1-9970-23f47c473c32 None None] Registered counter for database nova_cell1
Jun 30 22:31:10.905223 np0000183647 devstack@n-api-meta.service[107292]: DEBUG dbcounter [-] [107292] Writer thread running {{(pid=107292) stat_writer /opt/stack/data/venv/lib/python3.12/site-packages/dbcounter.py:102}}
Jun 30 22:31:10.905529 np0000183647 devstack@n-api-meta.service[107293]: INFO dbcounter [None req-474d190c-363b-49a8-bc4a-9034f490f24b None None] Registered counter for database nova_cell0
Jun 30 22:31:10.910690 np0000183647 devstack@n-api-meta.service[107292]: DEBUG nova.context [None req-73efc6d7-e120-4e11-b6b8-88bd27684b61 None None] Found 2 cells: 00000000-0000-0000-0000-000000000000(cell0),d7a70bb0-2de8-4913-8496-8a5eab1a5a17(cell1) {{(pid=107292) load_cells /opt/stack/nova/nova/context.py:509}}
Jun 30 22:31:10.910690 np0000183647 devstack@n-api-meta.service[107292]: INFO nova.utils [None req-73efc6d7-e120-4e11-b6b8-88bd27684b61 None None] The cell worker thread pool MainProcess.cell_worker is initialized
Jun 30 22:31:10.910690 np0000183647 devstack@n-api-meta.service[107292]: DEBUG oslo_concurrency.lockutils [None req-73efc6d7-e120-4e11-b6b8-88bd27684b61 None None] Acquiring lock "00000000-0000-0000-0000-000000000000" by "nova.context.set_target_cell..get_or_set_cached_cell_and_set_connections" {{(pid=107292) inner /opt/stack/data/venv/lib/python3.12/site-packages/oslo_concurrency/lockutils.py:511}}
Jun 30 22:31:10.910995 np0000183647 devstack@n-api-meta.service[107293]: INFO dbcounter [None req-474d190c-363b-49a8-bc4a-9034f490f24b None None] Registered counter for database nova_cell1
Jun 30 22:31:10.911087 np0000183647 devstack@n-api-meta.service[107292]: DEBUG oslo_concurrency.lockutils [None req-73efc6d7-e120-4e11-b6b8-88bd27684b61 None None] Lock "00000000-0000-0000-0000-000000000000" acquired by "nova.context.set_target_cell..get_or_set_cached_cell_and_set_connections" :: waited 0.000s {{(pid=107292) inner /opt/stack/data/venv/lib/python3.12/site-packages/oslo_concurrency/lockutils.py:524}}
Jun 30 22:31:10.911087 np0000183647 devstack@n-api-meta.service[107292]: DEBUG oslo_concurrency.lockutils [None req-73efc6d7-e120-4e11-b6b8-88bd27684b61 None None] Lock "00000000-0000-0000-0000-000000000000" "released" by "nova.context.set_target_cell..get_or_set_cached_cell_and_set_connections" :: held 0.000s {{(pid=107292) inner /opt/stack/data/venv/lib/python3.12/site-packages/oslo_concurrency/lockutils.py:543}}
Jun 30 22:31:10.911857 np0000183647 devstack@n-api-meta.service[107292]: DEBUG oslo_concurrency.lockutils [None req-73efc6d7-e120-4e11-b6b8-88bd27684b61 None None] Acquiring lock "d7a70bb0-2de8-4913-8496-8a5eab1a5a17" by "nova.context.set_target_cell..get_or_set_cached_cell_and_set_connections" {{(pid=107292) inner /opt/stack/data/venv/lib/python3.12/site-packages/oslo_concurrency/lockutils.py:511}}
Jun 30 22:31:10.911985 np0000183647 devstack@n-api-meta.service[107292]: DEBUG oslo_concurrency.lockutils [None req-73efc6d7-e120-4e11-b6b8-88bd27684b61 None None] Lock "d7a70bb0-2de8-4913-8496-8a5eab1a5a17" acquired by "nova.context.set_target_cell..get_or_set_cached_cell_and_set_connections" :: waited 0.000s {{(pid=107292) inner /opt/stack/data/venv/lib/python3.12/site-packages/oslo_concurrency/lockutils.py:524}}
Jun 30 22:31:10.912830 np0000183647 devstack@n-api-meta.service[107292]: DEBUG oslo_concurrency.lockutils [None req-73efc6d7-e120-4e11-b6b8-88bd27684b61 None None] Lock "d7a70bb0-2de8-4913-8496-8a5eab1a5a17" "released" by "nova.context.set_target_cell..get_or_set_cached_cell_and_set_connections" :: held 0.001s {{(pid=107292) inner /opt/stack/data/venv/lib/python3.12/site-packages/oslo_concurrency/lockutils.py:543}}
Jun 30 22:31:10.915866 np0000183647 devstack@n-api-meta.service[107292]: INFO dbcounter [None req-73efc6d7-e120-4e11-b6b8-88bd27684b61 None None] Registered counter for database nova_cell0
Jun 30 22:31:10.921205 np0000183647 devstack@n-api-meta.service[107292]: INFO dbcounter [None req-73efc6d7-e120-4e11-b6b8-88bd27684b61 None None] Registered counter for database nova_cell1
Jun 30 22:31:10.948525 np0000183647 devstack@n-api-meta.service[107294]: DEBUG oslo_db.sqlalchemy.engines [None req-a361b695-d4c8-45a1-9970-23f47c473c32 None None] MySQL server mode set to STRICT_TRANS_TABLES,STRICT_ALL_TABLES,NO_ZERO_IN_DATE,NO_ZERO_DATE,ERROR_FOR_DIVISION_BY_ZERO,TRADITIONAL,NO_ENGINE_SUBSTITUTION {{(pid=107294) _check_effective_sql_mode /opt/stack/data/venv/lib/python3.12/site-packages/oslo_db/sqlalchemy/engines.py:325}}
Jun 30 22:31:10.980536 np0000183647 devstack@n-api-meta.service[107293]: DEBUG oslo_db.sqlalchemy.engines [None req-474d190c-363b-49a8-bc4a-9034f490f24b None None] MySQL server mode set to STRICT_TRANS_TABLES,STRICT_ALL_TABLES,NO_ZERO_IN_DATE,NO_ZERO_DATE,ERROR_FOR_DIVISION_BY_ZERO,TRADITIONAL,NO_ENGINE_SUBSTITUTION {{(pid=107293) _check_effective_sql_mode /opt/stack/data/venv/lib/python3.12/site-packages/oslo_db/sqlalchemy/engines.py:325}}
Jun 30 22:31:10.981506 np0000183647 devstack@n-api-meta.service[107291]: DEBUG dbcounter [-] [107291] Writer thread running {{(pid=107291) stat_writer /opt/stack/data/venv/lib/python3.12/site-packages/dbcounter.py:102}}
Jun 30 22:31:10.985966 np0000183647 devstack@n-api-meta.service[107293]: DEBUG oslo_db.sqlalchemy.engines [None req-474d190c-363b-49a8-bc4a-9034f490f24b None None] MySQL server mode set to STRICT_TRANS_TABLES,STRICT_ALL_TABLES,NO_ZERO_IN_DATE,NO_ZERO_DATE,ERROR_FOR_DIVISION_BY_ZERO,TRADITIONAL,NO_ENGINE_SUBSTITUTION {{(pid=107293) _check_effective_sql_mode /opt/stack/data/venv/lib/python3.12/site-packages/oslo_db/sqlalchemy/engines.py:325}}
Jun 30 22:31:10.987837 np0000183647 devstack@n-api-meta.service[107291]: DEBUG dbcounter [-] [107291] Writer thread running {{(pid=107291) stat_writer /opt/stack/data/venv/lib/python3.12/site-packages/dbcounter.py:102}}
Jun 30 22:31:10.990257 np0000183647 devstack@n-api-meta.service[107292]: DEBUG oslo_db.sqlalchemy.engines [None req-73efc6d7-e120-4e11-b6b8-88bd27684b61 None None] MySQL server mode set to STRICT_TRANS_TABLES,STRICT_ALL_TABLES,NO_ZERO_IN_DATE,NO_ZERO_DATE,ERROR_FOR_DIVISION_BY_ZERO,TRADITIONAL,NO_ENGINE_SUBSTITUTION {{(pid=107292) _check_effective_sql_mode /opt/stack/data/venv/lib/python3.12/site-packages/oslo_db/sqlalchemy/engines.py:325}}
Jun 30 22:31:10.992375 np0000183647 devstack@n-api-meta.service[107291]: INFO dbcounter [None req-2895a4a0-3e65-4cd0-9d23-df892f176d0e None None] Registered counter for database nova_cell0
Jun 30 22:31:11.002029 np0000183647 devstack@n-api-meta.service[107292]: DEBUG oslo_db.sqlalchemy.engines [None req-73efc6d7-e120-4e11-b6b8-88bd27684b61 None None] MySQL server mode set to STRICT_TRANS_TABLES,STRICT_ALL_TABLES,NO_ZERO_IN_DATE,NO_ZERO_DATE,ERROR_FOR_DIVISION_BY_ZERO,TRADITIONAL,NO_ENGINE_SUBSTITUTION {{(pid=107292) _check_effective_sql_mode /opt/stack/data/venv/lib/python3.12/site-packages/oslo_db/sqlalchemy/engines.py:325}}
Jun 30 22:31:11.033932 np0000183647 devstack@n-api-meta.service[107294]: DEBUG oslo_db.sqlalchemy.engines [None req-a361b695-d4c8-45a1-9970-23f47c473c32 None None] MySQL server mode set to STRICT_TRANS_TABLES,STRICT_ALL_TABLES,NO_ZERO_IN_DATE,NO_ZERO_DATE,ERROR_FOR_DIVISION_BY_ZERO,TRADITIONAL,NO_ENGINE_SUBSTITUTION {{(pid=107294) _check_effective_sql_mode /opt/stack/data/venv/lib/python3.12/site-packages/oslo_db/sqlalchemy/engines.py:325}}
Jun 30 22:31:11.035922 np0000183647 devstack@n-api-meta.service[107291]: DEBUG oslo_db.sqlalchemy.engines [None req-2895a4a0-3e65-4cd0-9d23-df892f176d0e None None] MySQL server mode set to STRICT_TRANS_TABLES,STRICT_ALL_TABLES,NO_ZERO_IN_DATE,NO_ZERO_DATE,ERROR_FOR_DIVISION_BY_ZERO,TRADITIONAL,NO_ENGINE_SUBSTITUTION {{(pid=107291) _check_effective_sql_mode /opt/stack/data/venv/lib/python3.12/site-packages/oslo_db/sqlalchemy/engines.py:325}}
Jun 30 22:31:11.045115 np0000183647 devstack@n-api-meta.service[107291]: DEBUG dbcounter [-] [107291] Writer thread running {{(pid=107291) stat_writer /opt/stack/data/venv/lib/python3.12/site-packages/dbcounter.py:102}}
Jun 30 22:31:11.047007 np0000183647 devstack@n-api-meta.service[107294]: DEBUG dbcounter [-] [107294] Writer thread running {{(pid=107294) stat_writer /opt/stack/data/venv/lib/python3.12/site-packages/dbcounter.py:102}}
Jun 30 22:31:11.054413 np0000183647 devstack@n-api-meta.service[107294]: DEBUG dbcounter [-] [107294] Writer thread running {{(pid=107294) stat_writer /opt/stack/data/venv/lib/python3.12/site-packages/dbcounter.py:102}}
Jun 30 22:31:11.059999 np0000183647 devstack@n-api-meta.service[107294]: INFO dbcounter [None req-a361b695-d4c8-45a1-9970-23f47c473c32 None None] Registered counter for database nova_cell0
Jun 30 22:31:11.087154 np0000183647 devstack@n-api-meta.service[107293]: DEBUG dbcounter [-] [107293] Writer thread running {{(pid=107293) stat_writer /opt/stack/data/venv/lib/python3.12/site-packages/dbcounter.py:102}}
Jun 30 22:31:11.088004 np0000183647 devstack@n-api-meta.service[107293]: DEBUG dbcounter [-] [107293] Writer thread running {{(pid=107293) stat_writer /opt/stack/data/venv/lib/python3.12/site-packages/dbcounter.py:102}}
Jun 30 22:31:11.091053 np0000183647 devstack@n-api-meta.service[107292]: DEBUG dbcounter [-] [107292] Writer thread running {{(pid=107292) stat_writer /opt/stack/data/venv/lib/python3.12/site-packages/dbcounter.py:102}}
Jun 30 22:31:11.093933 np0000183647 devstack@n-api-meta.service[107293]: INFO dbcounter [None req-474d190c-363b-49a8-bc4a-9034f490f24b None None] Registered counter for database nova_cell0
Jun 30 22:31:11.094533 np0000183647 devstack@n-api-meta.service[107291]: WARNING nova.api.metadata.handler [None req-2895a4a0-3e65-4cd0-9d23-df892f176d0e None None] metadata_proxy_shared_secret is not configured, the metadata information returned by the proxy cannot be trusted
Jun 30 22:31:11.096991 np0000183647 devstack@n-api-meta.service[107292]: DEBUG dbcounter [-] [107292] Writer thread running {{(pid=107292) stat_writer /opt/stack/data/venv/lib/python3.12/site-packages/dbcounter.py:102}}
Jun 30 22:31:11.097241 np0000183647 devstack@n-api-meta.service[107291]: DEBUG nova.api.openstack.wsgi_app [None req-2895a4a0-3e65-4cd0-9d23-df892f176d0e None None] ******************************************************************************** {{(pid=107291) log_opt_values /opt/stack/data/venv/lib/python3.12/site-packages/oslo_config/cfg.py:3226}}
Jun 30 22:31:11.097361 np0000183647 devstack@n-api-meta.service[107291]: DEBUG nova.api.openstack.wsgi_app [None req-2895a4a0-3e65-4cd0-9d23-df892f176d0e None None] Configuration options gathered from: {{(pid=107291) log_opt_values /opt/stack/data/venv/lib/python3.12/site-packages/oslo_config/cfg.py:3227}}
Jun 30 22:31:11.097478 np0000183647 devstack@n-api-meta.service[107291]: DEBUG nova.api.openstack.wsgi_app [None req-2895a4a0-3e65-4cd0-9d23-df892f176d0e None None] command line args: [] {{(pid=107291) log_opt_values /opt/stack/data/venv/lib/python3.12/site-packages/oslo_config/cfg.py:3228}}
Jun 30 22:31:11.097635 np0000183647 devstack@n-api-meta.service[107291]: DEBUG nova.api.openstack.wsgi_app [None req-2895a4a0-3e65-4cd0-9d23-df892f176d0e None None] config files: ['/etc/nova/api-paste.ini', '/etc/nova/nova.conf'] {{(pid=107291) log_opt_values /opt/stack/data/venv/lib/python3.12/site-packages/oslo_config/cfg.py:3229}}
Jun 30 22:31:11.097768 np0000183647 devstack@n-api-meta.service[107291]: DEBUG nova.api.openstack.wsgi_app [None req-2895a4a0-3e65-4cd0-9d23-df892f176d0e None None] ================================================================================ {{(pid=107291) log_opt_values /opt/stack/data/venv/lib/python3.12/site-packages/oslo_config/cfg.py:3234}}
Jun 30 22:31:11.097947 np0000183647 devstack@n-api-meta.service[107291]: DEBUG nova.api.openstack.wsgi_app [None req-2895a4a0-3e65-4cd0-9d23-df892f176d0e None None] allow_resize_to_same_host = True {{(pid=107291) log_opt_values /opt/stack/data/venv/lib/python3.12/site-packages/oslo_config/cfg.py:3242}}
Jun 30 22:31:11.098089 np0000183647 devstack@n-api-meta.service[107291]: DEBUG nova.api.openstack.wsgi_app [None req-2895a4a0-3e65-4cd0-9d23-df892f176d0e None None] arq_binding_timeout = 300 {{(pid=107291) log_opt_values /opt/stack/data/venv/lib/python3.12/site-packages/oslo_config/cfg.py:3242}}
Jun 30 22:31:11.098288 np0000183647 devstack@n-api-meta.service[107291]: DEBUG nova.api.openstack.wsgi_app [None req-2895a4a0-3e65-4cd0-9d23-df892f176d0e None None] block_device_allocate_retries = 60 {{(pid=107291) log_opt_values /opt/stack/data/venv/lib/python3.12/site-packages/oslo_config/cfg.py:3242}}
Jun 30 22:31:11.098424 np0000183647 devstack@n-api-meta.service[107291]: DEBUG nova.api.openstack.wsgi_app [None req-2895a4a0-3e65-4cd0-9d23-df892f176d0e None None] block_device_allocate_retries_interval = 3 {{(pid=107291) log_opt_values /opt/stack/data/venv/lib/python3.12/site-packages/oslo_config/cfg.py:3242}}
Jun 30 22:31:11.098558 np0000183647 devstack@n-api-meta.service[107291]: DEBUG nova.api.openstack.wsgi_app [None req-2895a4a0-3e65-4cd0-9d23-df892f176d0e None None] cell_worker_thread_pool_size = 5 {{(pid=107291) log_opt_values /opt/stack/data/venv/lib/python3.12/site-packages/oslo_config/cfg.py:3242}}
Jun 30 22:31:11.098731 np0000183647 devstack@n-api-meta.service[107291]: DEBUG nova.api.openstack.wsgi_app [None req-2895a4a0-3e65-4cd0-9d23-df892f176d0e None None] cert = self.pem {{(pid=107291) log_opt_values /opt/stack/data/venv/lib/python3.12/site-packages/oslo_config/cfg.py:3242}}
Jun 30 22:31:11.098918 np0000183647 devstack@n-api-meta.service[107291]: DEBUG nova.api.openstack.wsgi_app [None req-2895a4a0-3e65-4cd0-9d23-df892f176d0e None None] compute_driver = libvirt.LibvirtDriver {{(pid=107291) log_opt_values /opt/stack/data/venv/lib/python3.12/site-packages/oslo_config/cfg.py:3242}}
Jun 30 22:31:11.099053 np0000183647 devstack@n-api-meta.service[107291]: DEBUG nova.api.openstack.wsgi_app [None req-2895a4a0-3e65-4cd0-9d23-df892f176d0e None None] compute_monitors = [] {{(pid=107291) log_opt_values /opt/stack/data/venv/lib/python3.12/site-packages/oslo_config/cfg.py:3242}}
Jun 30 22:31:11.099188 np0000183647 devstack@n-api-meta.service[107291]: DEBUG nova.api.openstack.wsgi_app [None req-2895a4a0-3e65-4cd0-9d23-df892f176d0e None None] config_dir = [] {{(pid=107291) log_opt_values /opt/stack/data/venv/lib/python3.12/site-packages/oslo_config/cfg.py:3242}}
Jun 30 22:31:11.099324 np0000183647 devstack@n-api-meta.service[107291]: DEBUG nova.api.openstack.wsgi_app [None req-2895a4a0-3e65-4cd0-9d23-df892f176d0e None None] config_drive_format = iso9660 {{(pid=107291) log_opt_values /opt/stack/data/venv/lib/python3.12/site-packages/oslo_config/cfg.py:3242}}
Jun 30 22:31:11.099431 np0000183647 devstack@n-api-meta.service[107291]: DEBUG nova.api.openstack.wsgi_app [None req-2895a4a0-3e65-4cd0-9d23-df892f176d0e None None] config_file = ['/etc/nova/api-paste.ini', '/etc/nova/nova.conf'] {{(pid=107291) log_opt_values /opt/stack/data/venv/lib/python3.12/site-packages/oslo_config/cfg.py:3242}}
Jun 30 22:31:11.099563 np0000183647 devstack@n-api-meta.service[107291]: DEBUG nova.api.openstack.wsgi_app [None req-2895a4a0-3e65-4cd0-9d23-df892f176d0e None None] config_source = [] {{(pid=107291) log_opt_values /opt/stack/data/venv/lib/python3.12/site-packages/oslo_config/cfg.py:3242}}
Jun 30 22:31:11.099733 np0000183647 devstack@n-api-meta.service[107291]: DEBUG nova.api.openstack.wsgi_app [None req-2895a4a0-3e65-4cd0-9d23-df892f176d0e None None] console_host = np0000183647 {{(pid=107291) log_opt_values /opt/stack/data/venv/lib/python3.12/site-packages/oslo_config/cfg.py:3242}}
Jun 30 22:31:11.099930 np0000183647 devstack@n-api-meta.service[107291]: DEBUG nova.api.openstack.wsgi_app [None req-2895a4a0-3e65-4cd0-9d23-df892f176d0e None None] control_exchange = nova {{(pid=107291) log_opt_values /opt/stack/data/venv/lib/python3.12/site-packages/oslo_config/cfg.py:3242}}
Jun 30 22:31:11.100063 np0000183647 devstack@n-api-meta.service[107291]: DEBUG nova.api.openstack.wsgi_app [None req-2895a4a0-3e65-4cd0-9d23-df892f176d0e None None] cpu_allocation_ratio = None {{(pid=107291) log_opt_values /opt/stack/data/venv/lib/python3.12/site-packages/oslo_config/cfg.py:3242}}
Jun 30 22:31:11.100207 np0000183647 devstack@n-api-meta.service[107291]: DEBUG nova.api.openstack.wsgi_app [None req-2895a4a0-3e65-4cd0-9d23-df892f176d0e None None] daemon = False {{(pid=107291) log_opt_values /opt/stack/data/venv/lib/python3.12/site-packages/oslo_config/cfg.py:3242}}
Jun 30 22:31:11.100333 np0000183647 devstack@n-api-meta.service[107291]: DEBUG nova.api.openstack.wsgi_app [None req-2895a4a0-3e65-4cd0-9d23-df892f176d0e None None] debug = True {{(pid=107291) log_opt_values /opt/stack/data/venv/lib/python3.12/site-packages/oslo_config/cfg.py:3242}}
Jun 30 22:31:11.100462 np0000183647 devstack@n-api-meta.service[107291]: DEBUG nova.api.openstack.wsgi_app [None req-2895a4a0-3e65-4cd0-9d23-df892f176d0e None None] default_access_ip_network_name = None {{(pid=107291) log_opt_values /opt/stack/data/venv/lib/python3.12/site-packages/oslo_config/cfg.py:3242}}
Jun 30 22:31:11.100596 np0000183647 devstack@n-api-meta.service[107291]: DEBUG nova.api.openstack.wsgi_app [None req-2895a4a0-3e65-4cd0-9d23-df892f176d0e None None] default_availability_zone = nova {{(pid=107291) log_opt_values /opt/stack/data/venv/lib/python3.12/site-packages/oslo_config/cfg.py:3242}}
Jun 30 22:31:11.100832 np0000183647 devstack@n-api-meta.service[107291]: DEBUG nova.api.openstack.wsgi_app [None req-2895a4a0-3e65-4cd0-9d23-df892f176d0e None None] default_ephemeral_format = ext4 {{(pid=107291) log_opt_values /opt/stack/data/venv/lib/python3.12/site-packages/oslo_config/cfg.py:3242}}
Jun 30 22:31:11.100968 np0000183647 devstack@n-api-meta.service[107291]: DEBUG nova.api.openstack.wsgi_app [None req-2895a4a0-3e65-4cd0-9d23-df892f176d0e None None] default_green_pool_size = 1000 {{(pid=107291) log_opt_values /opt/stack/data/venv/lib/python3.12/site-packages/oslo_config/cfg.py:3242}}
Jun 30 22:31:11.101181 np0000183647 devstack@n-api-meta.service[107291]: DEBUG nova.api.openstack.wsgi_app [None req-2895a4a0-3e65-4cd0-9d23-df892f176d0e None None] default_log_levels = ['amqp=WARN', 'boto=WARN', 'sqlalchemy=WARN', 'suds=INFO', 'oslo.messaging=INFO', 'oslo_messaging=INFO', 'iso8601=WARN', 'requests.packages.urllib3.connectionpool=WARN', 'urllib3.connectionpool=WARN', 'websocket=WARN', 'requests.packages.urllib3.util.retry=WARN', 'urllib3.util.retry=WARN', 'keystonemiddleware=WARN', 'routes.middleware=WARN', 'stevedore=WARN', 'taskflow=WARN', 'keystoneauth=WARN', 'oslo.cache=INFO', 'oslo_policy=INFO', 'dogpile.core.dogpile=INFO', 'glanceclient=WARN', 'oslo.privsep.daemon=INFO'] {{(pid=107291) log_opt_values /opt/stack/data/venv/lib/python3.12/site-packages/oslo_config/cfg.py:3242}}
Jun 30 22:31:11.101310 np0000183647 devstack@n-api-meta.service[107291]: DEBUG nova.api.openstack.wsgi_app [None req-2895a4a0-3e65-4cd0-9d23-df892f176d0e None None] default_schedule_zone = None {{(pid=107291) log_opt_values /opt/stack/data/venv/lib/python3.12/site-packages/oslo_config/cfg.py:3242}}
Jun 30 22:31:11.101441 np0000183647 devstack@n-api-meta.service[107291]: DEBUG nova.api.openstack.wsgi_app [None req-2895a4a0-3e65-4cd0-9d23-df892f176d0e None None] default_thread_pool_size = 10 {{(pid=107291) log_opt_values /opt/stack/data/venv/lib/python3.12/site-packages/oslo_config/cfg.py:3242}}
Jun 30 22:31:11.101570 np0000183647 devstack@n-api-meta.service[107291]: DEBUG nova.api.openstack.wsgi_app [None req-2895a4a0-3e65-4cd0-9d23-df892f176d0e None None] disk_allocation_ratio = None {{(pid=107291) log_opt_values /opt/stack/data/venv/lib/python3.12/site-packages/oslo_config/cfg.py:3242}}
Jun 30 22:31:11.101748 np0000183647 devstack@n-api-meta.service[107291]: DEBUG nova.api.openstack.wsgi_app [None req-2895a4a0-3e65-4cd0-9d23-df892f176d0e None None] enable_new_services = True {{(pid=107291) log_opt_values /opt/stack/data/venv/lib/python3.12/site-packages/oslo_config/cfg.py:3242}}
Jun 30 22:31:11.101903 np0000183647 devstack@n-api-meta.service[107291]: DEBUG nova.api.openstack.wsgi_app [None req-2895a4a0-3e65-4cd0-9d23-df892f176d0e None None] flat_injected = False {{(pid=107291) log_opt_values /opt/stack/data/venv/lib/python3.12/site-packages/oslo_config/cfg.py:3242}}
Jun 30 22:31:11.102034 np0000183647 devstack@n-api-meta.service[107291]: DEBUG nova.api.openstack.wsgi_app [None req-2895a4a0-3e65-4cd0-9d23-df892f176d0e None None] force_config_drive = False {{(pid=107291) log_opt_values /opt/stack/data/venv/lib/python3.12/site-packages/oslo_config/cfg.py:3242}}
Jun 30 22:31:11.102165 np0000183647 devstack@n-api-meta.service[107291]: DEBUG nova.api.openstack.wsgi_app [None req-2895a4a0-3e65-4cd0-9d23-df892f176d0e None None] force_raw_images = True {{(pid=107291) log_opt_values /opt/stack/data/venv/lib/python3.12/site-packages/oslo_config/cfg.py:3242}}
Jun 30 22:31:11.102382 np0000183647 devstack@n-api-meta.service[107291]: DEBUG nova.api.openstack.wsgi_app [None req-2895a4a0-3e65-4cd0-9d23-df892f176d0e None None] graceful_shutdown_timeout = 5 {{(pid=107291) log_opt_values /opt/stack/data/venv/lib/python3.12/site-packages/oslo_config/cfg.py:3242}}
Jun 30 22:31:11.102519 np0000183647 devstack@n-api-meta.service[107291]: DEBUG nova.api.openstack.wsgi_app [None req-2895a4a0-3e65-4cd0-9d23-df892f176d0e None None] heal_instance_info_cache_interval = -1 {{(pid=107291) log_opt_values /opt/stack/data/venv/lib/python3.12/site-packages/oslo_config/cfg.py:3242}}
Jun 30 22:31:11.102727 np0000183647 devstack@n-api-meta.service[107291]: DEBUG nova.api.openstack.wsgi_app [None req-2895a4a0-3e65-4cd0-9d23-df892f176d0e None None] host = np0000183647 {{(pid=107291) log_opt_values /opt/stack/data/venv/lib/python3.12/site-packages/oslo_config/cfg.py:3242}}
Jun 30 22:31:11.102867 np0000183647 devstack@n-api-meta.service[107291]: DEBUG nova.api.openstack.wsgi_app [None req-2895a4a0-3e65-4cd0-9d23-df892f176d0e None None] initial_cpu_allocation_ratio = 4.0 {{(pid=107291) log_opt_values /opt/stack/data/venv/lib/python3.12/site-packages/oslo_config/cfg.py:3242}}
Jun 30 22:31:11.103003 np0000183647 devstack@n-api-meta.service[107291]: DEBUG nova.api.openstack.wsgi_app [None req-2895a4a0-3e65-4cd0-9d23-df892f176d0e None None] initial_disk_allocation_ratio = 1.0 {{(pid=107291) log_opt_values /opt/stack/data/venv/lib/python3.12/site-packages/oslo_config/cfg.py:3242}}
Jun 30 22:31:11.103051 np0000183647 devstack@n-api-meta.service[107292]: INFO dbcounter [None req-73efc6d7-e120-4e11-b6b8-88bd27684b61 None None] Registered counter for database nova_cell0
Jun 30 22:31:11.103131 np0000183647 devstack@n-api-meta.service[107291]: DEBUG nova.api.openstack.wsgi_app [None req-2895a4a0-3e65-4cd0-9d23-df892f176d0e None None] initial_ram_allocation_ratio = 1.0 {{(pid=107291) log_opt_values /opt/stack/data/venv/lib/python3.12/site-packages/oslo_config/cfg.py:3242}}
Jun 30 22:31:11.103310 np0000183647 devstack@n-api-meta.service[107291]: DEBUG nova.api.openstack.wsgi_app [None req-2895a4a0-3e65-4cd0-9d23-df892f176d0e None None] injected_network_template = /opt/stack/nova/nova/virt/interfaces.template {{(pid=107291) log_opt_values /opt/stack/data/venv/lib/python3.12/site-packages/oslo_config/cfg.py:3242}}
Jun 30 22:31:11.103442 np0000183647 devstack@n-api-meta.service[107291]: DEBUG nova.api.openstack.wsgi_app [None req-2895a4a0-3e65-4cd0-9d23-df892f176d0e None None] instance_build_timeout = 0 {{(pid=107291) log_opt_values /opt/stack/data/venv/lib/python3.12/site-packages/oslo_config/cfg.py:3242}}
Jun 30 22:31:11.103576 np0000183647 devstack@n-api-meta.service[107291]: DEBUG nova.api.openstack.wsgi_app [None req-2895a4a0-3e65-4cd0-9d23-df892f176d0e None None] instance_delete_interval = 300 {{(pid=107291) log_opt_values /opt/stack/data/venv/lib/python3.12/site-packages/oslo_config/cfg.py:3242}}
Jun 30 22:31:11.103745 np0000183647 devstack@n-api-meta.service[107291]: DEBUG nova.api.openstack.wsgi_app [None req-2895a4a0-3e65-4cd0-9d23-df892f176d0e None None] instance_format = [instance: %(uuid)s] {{(pid=107291) log_opt_values /opt/stack/data/venv/lib/python3.12/site-packages/oslo_config/cfg.py:3242}}
Jun 30 22:31:11.103880 np0000183647 devstack@n-api-meta.service[107291]: DEBUG nova.api.openstack.wsgi_app [None req-2895a4a0-3e65-4cd0-9d23-df892f176d0e None None] instance_name_template = instance-%08x {{(pid=107291) log_opt_values /opt/stack/data/venv/lib/python3.12/site-packages/oslo_config/cfg.py:3242}}
Jun 30 22:31:11.104009 np0000183647 devstack@n-api-meta.service[107291]: DEBUG nova.api.openstack.wsgi_app [None req-2895a4a0-3e65-4cd0-9d23-df892f176d0e None None] instance_usage_audit = False {{(pid=107291) log_opt_values /opt/stack/data/venv/lib/python3.12/site-packages/oslo_config/cfg.py:3242}}
Jun 30 22:31:11.104149 np0000183647 devstack@n-api-meta.service[107291]: DEBUG nova.api.openstack.wsgi_app [None req-2895a4a0-3e65-4cd0-9d23-df892f176d0e None None] instance_usage_audit_period = month {{(pid=107291) log_opt_values /opt/stack/data/venv/lib/python3.12/site-packages/oslo_config/cfg.py:3242}}
Jun 30 22:31:11.104282 np0000183647 devstack@n-api-meta.service[107291]: DEBUG nova.api.openstack.wsgi_app [None req-2895a4a0-3e65-4cd0-9d23-df892f176d0e None None] instance_uuid_format = [instance: %(uuid)s] {{(pid=107291) log_opt_values /opt/stack/data/venv/lib/python3.12/site-packages/oslo_config/cfg.py:3242}}
Jun 30 22:31:11.104419 np0000183647 devstack@n-api-meta.service[107291]: DEBUG nova.api.openstack.wsgi_app [None req-2895a4a0-3e65-4cd0-9d23-df892f176d0e None None] instances_path = /opt/stack/data/nova/instances {{(pid=107291) log_opt_values /opt/stack/data/venv/lib/python3.12/site-packages/oslo_config/cfg.py:3242}}
Jun 30 22:31:11.104551 np0000183647 devstack@n-api-meta.service[107291]: DEBUG nova.api.openstack.wsgi_app [None req-2895a4a0-3e65-4cd0-9d23-df892f176d0e None None] internal_service_availability_zone = internal {{(pid=107291) log_opt_values /opt/stack/data/venv/lib/python3.12/site-packages/oslo_config/cfg.py:3242}}
Jun 30 22:31:11.104710 np0000183647 devstack@n-api-meta.service[107291]: DEBUG nova.api.openstack.wsgi_app [None req-2895a4a0-3e65-4cd0-9d23-df892f176d0e None None] key = None {{(pid=107291) log_opt_values /opt/stack/data/venv/lib/python3.12/site-packages/oslo_config/cfg.py:3242}}
Jun 30 22:31:11.104847 np0000183647 devstack@n-api-meta.service[107291]: DEBUG nova.api.openstack.wsgi_app [None req-2895a4a0-3e65-4cd0-9d23-df892f176d0e None None] live_migration_retry_count = 30 {{(pid=107291) log_opt_values /opt/stack/data/venv/lib/python3.12/site-packages/oslo_config/cfg.py:3242}}
Jun 30 22:31:11.104982 np0000183647 devstack@n-api-meta.service[107291]: DEBUG nova.api.openstack.wsgi_app [None req-2895a4a0-3e65-4cd0-9d23-df892f176d0e None None] log_color = False {{(pid=107291) log_opt_values /opt/stack/data/venv/lib/python3.12/site-packages/oslo_config/cfg.py:3242}}
Jun 30 22:31:11.105025 np0000183647 devstack@n-api-meta.service[107294]: DEBUG oslo_db.sqlalchemy.engines [None req-a361b695-d4c8-45a1-9970-23f47c473c32 None None] MySQL server mode set to STRICT_TRANS_TABLES,STRICT_ALL_TABLES,NO_ZERO_IN_DATE,NO_ZERO_DATE,ERROR_FOR_DIVISION_BY_ZERO,TRADITIONAL,NO_ENGINE_SUBSTITUTION {{(pid=107294) _check_effective_sql_mode /opt/stack/data/venv/lib/python3.12/site-packages/oslo_db/sqlalchemy/engines.py:325}}
Jun 30 22:31:11.105116 np0000183647 devstack@n-api-meta.service[107291]: DEBUG nova.api.openstack.wsgi_app [None req-2895a4a0-3e65-4cd0-9d23-df892f176d0e None None] log_config_append = None {{(pid=107291) log_opt_values /opt/stack/data/venv/lib/python3.12/site-packages/oslo_config/cfg.py:3242}}
Jun 30 22:31:11.105253 np0000183647 devstack@n-api-meta.service[107291]: DEBUG nova.api.openstack.wsgi_app [None req-2895a4a0-3e65-4cd0-9d23-df892f176d0e None None] log_date_format = %Y-%m-%d %H:%M:%S {{(pid=107291) log_opt_values /opt/stack/data/venv/lib/python3.12/site-packages/oslo_config/cfg.py:3242}}
Jun 30 22:31:11.105385 np0000183647 devstack@n-api-meta.service[107291]: DEBUG nova.api.openstack.wsgi_app [None req-2895a4a0-3e65-4cd0-9d23-df892f176d0e None None] log_dir = None {{(pid=107291) log_opt_values /opt/stack/data/venv/lib/python3.12/site-packages/oslo_config/cfg.py:3242}}
Jun 30 22:31:11.105512 np0000183647 devstack@n-api-meta.service[107291]: DEBUG nova.api.openstack.wsgi_app [None req-2895a4a0-3e65-4cd0-9d23-df892f176d0e None None] log_file = None {{(pid=107291) log_opt_values /opt/stack/data/venv/lib/python3.12/site-packages/oslo_config/cfg.py:3242}}
Jun 30 22:31:11.105638 np0000183647 devstack@n-api-meta.service[107291]: DEBUG nova.api.openstack.wsgi_app [None req-2895a4a0-3e65-4cd0-9d23-df892f176d0e None None] log_options = True {{(pid=107291) log_opt_values /opt/stack/data/venv/lib/python3.12/site-packages/oslo_config/cfg.py:3242}}
Jun 30 22:31:11.105790 np0000183647 devstack@n-api-meta.service[107291]: DEBUG nova.api.openstack.wsgi_app [None req-2895a4a0-3e65-4cd0-9d23-df892f176d0e None None] log_rotate_interval = 1 {{(pid=107291) log_opt_values /opt/stack/data/venv/lib/python3.12/site-packages/oslo_config/cfg.py:3242}}
Jun 30 22:31:11.105928 np0000183647 devstack@n-api-meta.service[107291]: DEBUG nova.api.openstack.wsgi_app [None req-2895a4a0-3e65-4cd0-9d23-df892f176d0e None None] log_rotate_interval_type = days {{(pid=107291) log_opt_values /opt/stack/data/venv/lib/python3.12/site-packages/oslo_config/cfg.py:3242}}
Jun 30 22:31:11.106064 np0000183647 devstack@n-api-meta.service[107291]: DEBUG nova.api.openstack.wsgi_app [None req-2895a4a0-3e65-4cd0-9d23-df892f176d0e None None] log_rotation_type = none {{(pid=107291) log_opt_values /opt/stack/data/venv/lib/python3.12/site-packages/oslo_config/cfg.py:3242}}
Jun 30 22:31:11.106169 np0000183647 devstack@n-api-meta.service[107291]: DEBUG nova.api.openstack.wsgi_app [None req-2895a4a0-3e65-4cd0-9d23-df892f176d0e None None] logging_context_format_string = %(color)s%(levelname)s %(name)s [%(global_request_id)s %(request_id)s %(project_name)s %(user_name)s%(color)s] %(instance)s%(color)s%(message)s {{(pid=107291) log_opt_values /opt/stack/data/venv/lib/python3.12/site-packages/oslo_config/cfg.py:3242}}
Jun 30 22:31:11.106475 np0000183647 devstack@n-api-meta.service[107291]: DEBUG nova.api.openstack.wsgi_app [None req-2895a4a0-3e65-4cd0-9d23-df892f176d0e None None] logging_debug_format_suffix = {{(pid=%(process)d) %(funcName)s %(pathname)s:%(lineno)d}} {{(pid=107291) log_opt_values /opt/stack/data/venv/lib/python3.12/site-packages/oslo_config/cfg.py:3242}}
Jun 30 22:31:11.106475 np0000183647 devstack@n-api-meta.service[107291]: DEBUG nova.api.openstack.wsgi_app [None req-2895a4a0-3e65-4cd0-9d23-df892f176d0e None None] logging_default_format_string = %(color)s%(levelname)s %(name)s [-%(color)s] %(instance)s%(color)s%(message)s {{(pid=107291) log_opt_values /opt/stack/data/venv/lib/python3.12/site-packages/oslo_config/cfg.py:3242}}
Jun 30 22:31:11.106591 np0000183647 devstack@n-api-meta.service[107291]: DEBUG nova.api.openstack.wsgi_app [None req-2895a4a0-3e65-4cd0-9d23-df892f176d0e None None] logging_exception_prefix = ERROR %(name)s %(instance)s {{(pid=107291) log_opt_values /opt/stack/data/venv/lib/python3.12/site-packages/oslo_config/cfg.py:3242}}
Jun 30 22:31:11.106709 np0000183647 devstack@n-api-meta.service[107291]: DEBUG nova.api.openstack.wsgi_app [None req-2895a4a0-3e65-4cd0-9d23-df892f176d0e None None] logging_user_identity_format = %(user)s %(project)s %(domain)s %(system_scope)s %(user_domain)s %(project_domain)s {{(pid=107291) log_opt_values /opt/stack/data/venv/lib/python3.12/site-packages/oslo_config/cfg.py:3242}}
