+ COMMAND=start + start + for KEYSTONE_WSGI_SCRIPT in keystone-wsgi-public ++ type -p keystone-wsgi-public + cp -a /var/lib/openstack/bin/keystone-wsgi-public /var/www/cgi-bin/keystone/ + '[' -f /etc/apache2/envvars ']' + source /etc/apache2/envvars ++ unset HOME ++ '[' '' '!=' '' ']' ++ SUFFIX= ++ export APACHE_RUN_USER=www-data ++ APACHE_RUN_USER=www-data ++ export APACHE_RUN_GROUP=www-data ++ APACHE_RUN_GROUP=www-data ++ export APACHE_PID_FILE=/var/run/apache2/apache2.pid ++ APACHE_PID_FILE=/var/run/apache2/apache2.pid ++ export APACHE_RUN_DIR=/var/run/apache2 ++ APACHE_RUN_DIR=/var/run/apache2 ++ export APACHE_LOCK_DIR=/var/lock/apache2 ++ APACHE_LOCK_DIR=/var/lock/apache2 ++ export APACHE_LOG_DIR=/var/log/apache2 ++ APACHE_LOG_DIR=/var/log/apache2 ++ export LANG=C ++ LANG=C ++ export LANG + '[' -f /var/run/apache2/apache2.pid ']' + exec apache2 -DFOREGROUND AH00558: apache2: Could not reliably determine the server's fully qualified domain name, using 10.0.0.15. Set the 'ServerName' directive globally to suppress this message AH00558: apache2: Could not reliably determine the server's fully qualified domain name, using 10.0.0.15. Set the 'ServerName' directive globally to suppress this message
[Wed Jun 24 13:31:36.724693 2026] [mpm_event:notice] [pid 1:tid 140102094288768] AH00489: Apache/2.4.58 (Ubuntu) mod_wsgi/5.0.0 Python/3.12 configured -- resuming normal operations
[Wed Jun 24 13:31:36.724879 2026] [core:notice] [pid 1:tid 140102094288768] AH00094: Command line: 'apache2 -D FOREGROUND'
[Wed Jun 24 13:32:29.429805 2026] [wsgi:error] [pid 10:tid 140101457516224] /var/lib/openstack/lib/python3.12/site-packages/oslo_utils/importutils.py:77: EventletDeprecationWarning:
[Wed Jun 24 13:32:29.429848 2026] [wsgi:error] [pid 10:tid 140101457516224] Eventlet is deprecated. It is currently being maintained in bugfix mode, and
[Wed Jun 24 13:32:29.429850 2026] [wsgi:error] [pid 10:tid 140101457516224] we strongly recommend against using it for new projects.
[Wed Jun 24 13:32:29.429851 2026] [wsgi:error] [pid 10:tid 140101457516224]
[Wed Jun 24 13:32:29.429852 2026] [wsgi:error] [pid 10:tid 140101457516224] If you are already using Eventlet, we recommend migrating to a different
[Wed Jun 24 13:32:29.429853 2026] [wsgi:error] [pid 10:tid 140101457516224] framework. For more detail see
[Wed Jun 24 13:32:29.429854 2026] [wsgi:error] [pid 10:tid 140101457516224] https://eventlet.readthedocs.io/en/latest/asyncio/migration.html
[Wed Jun 24 13:32:29.429855 2026] [wsgi:error] [pid 10:tid 140101457516224]
[Wed Jun 24 13:32:29.429856 2026] [wsgi:error] [pid 10:tid 140101457516224] __import__(import_str)
[Wed Jun 24 13:32:29.471074 2026] [wsgi:error] [pid 12:tid 140101457516224] /var/lib/openstack/lib/python3.12/site-packages/oslo_utils/importutils.py:77: EventletDeprecationWarning:
[Wed Jun 24 13:32:29.471206 2026] [wsgi:error] [pid 12:tid 140101457516224] Eventlet is deprecated. It is currently being maintained in bugfix mode, and
[Wed Jun 24 13:32:29.471212 2026] [wsgi:error] [pid 12:tid 140101457516224] we strongly recommend against using it for new projects.
[Wed Jun 24 13:32:29.471213 2026] [wsgi:error] [pid 12:tid 140101457516224]
[Wed Jun 24 13:32:29.471214 2026] [wsgi:error] [pid 12:tid 140101457516224] If you are already using Eventlet, we recommend migrating to a different
[Wed Jun 24 13:32:29.471216 2026] [wsgi:error] [pid 12:tid 140101457516224] framework. For more detail see
[Wed Jun 24 13:32:29.471217 2026] [wsgi:error] [pid 12:tid 140101457516224] https://eventlet.readthedocs.io/en/latest/asyncio/migration.html
[Wed Jun 24 13:32:29.471218 2026] [wsgi:error] [pid 12:tid 140101457516224]
[Wed Jun 24 13:32:29.471219 2026] [wsgi:error] [pid 12:tid 140101457516224] __import__(import_str) 10.0.0.54 - - [24/Jun/2026:13:32:28 +0000] "GET /v3/ HTTP/1.1" 200 249 10.0.0.54 - - [24/Jun/2026:13:32:28 +0000] "GET /v3/ HTTP/1.1" 200 249
[Wed Jun 24 13:32:35.255839 2026] [wsgi:error] [pid 11:tid 140101457516224] /var/lib/openstack/lib/python3.12/site-packages/oslo_utils/importutils.py:77: EventletDeprecationWarning:
[Wed Jun 24 13:32:35.255875 2026] [wsgi:error] [pid 11:tid 140101457516224] Eventlet is deprecated. It is currently being maintained in bugfix mode, and
[Wed Jun 24 13:32:35.255877 2026] [wsgi:error] [pid 11:tid 140101457516224] we strongly recommend against using it for new projects.
[Wed Jun 24 13:32:35.255878 2026] [wsgi:error] [pid 11:tid 140101457516224]
[Wed Jun 24 13:32:35.255880 2026] [wsgi:error] [pid 11:tid 140101457516224] If you are already using Eventlet, we recommend migrating to a different
[Wed Jun 24 13:32:35.255881 2026] [wsgi:error] [pid 11:tid 140101457516224] framework. For more detail see
[Wed Jun 24 13:32:35.255882 2026] [wsgi:error] [pid 11:tid 140101457516224] https://eventlet.readthedocs.io/en/latest/asyncio/migration.html
[Wed Jun 24 13:32:35.255883 2026] [wsgi:error] [pid 11:tid 140101457516224]
[Wed Jun 24 13:32:35.255884 2026] [wsgi:error] [pid 11:tid 140101457516224] __import__(import_str) 10.0.0.54 - - [24/Jun/2026:13:32:34 +0000] "GET /v3/ HTTP/1.1" 200 249
[Wed Jun 24 13:32:42.972209 2026] [wsgi:error] [pid 9:tid 140101457516224] /var/lib/openstack/lib/python3.12/site-packages/oslo_utils/importutils.py:77: EventletDeprecationWarning:
[Wed Jun 24 13:32:42.972249 2026] [wsgi:error] [pid 9:tid 140101457516224] Eventlet is deprecated. It is currently being maintained in bugfix mode, and
[Wed Jun 24 13:32:42.972251 2026] [wsgi:error] [pid 9:tid 140101457516224] we strongly recommend against using it for new projects.
[Wed Jun 24 13:32:42.972252 2026] [wsgi:error] [pid 9:tid 140101457516224]
[Wed Jun 24 13:32:42.972253 2026] [wsgi:error] [pid 9:tid 140101457516224] If you are already using Eventlet, we recommend migrating to a different
[Wed Jun 24 13:32:42.972254 2026] [wsgi:error] [pid 9:tid 140101457516224] framework. For more detail see
[Wed Jun 24 13:32:42.972256 2026] [wsgi:error] [pid 9:tid 140101457516224] https://eventlet.readthedocs.io/en/latest/asyncio/migration.html
[Wed Jun 24 13:32:42.972257 2026] [wsgi:error] [pid 9:tid 140101457516224]
[Wed Jun 24 13:32:42.972258 2026] [wsgi:error] [pid 9:tid 140101457516224] __import__(import_str) 10.0.0.212 - - [24/Jun/2026:13:32:42 +0000] "GET / HTTP/1.1" 300 295
[Wed Jun 24 13:32:47.907178 2026] [wsgi:error] [pid 12:tid 140101457516224] [remote 10.0.0.212:36454] 2026-06-24 13:32:47.904 12 WARNING keystone.identity.core [None req-4726da8d-09cb-4a30-ac0c-b53079c3721f - - - - - -] Invalid domain name (atmosphere) found in config file name: keystone.exception.DomainNotFound: Could not find domain: atmosphere.
[Wed Jun 24 13:32:47.957220 2026] [wsgi:error] [pid 12:tid 140101457516224] [remote 10.0.0.212:36454] 2026-06-24 13:32:47.956 12 WARNING keystone.common.password_hashing [None req-4726da8d-09cb-4a30-ac0c-b53079c3721f - - - - - -] Truncating password to algorithm specific maximum length 72 characters.
[Wed Jun 24 13:32:48.241003 2026] [wsgi:error] [pid 12:tid 140101457516224] [remote 10.0.0.212:36454] 2026-06-24 13:32:48.240 12 WARNING keystone.common.fernet_utils [None req-4726da8d-09cb-4a30-ac0c-b53079c3721f - - - - - -] key_repository is world readable: /etc/keystone/fernet-keys/ 10.0.0.212 - - [24/Jun/2026:13:32:47 +0000] "POST /v3/auth/tokens HTTP/1.1" 201 1359
[Wed Jun 24 13:32:48.656705 2026] [wsgi:error] [pid 10:tid 140101457516224] [remote 10.0.0.212:36454] 2026-06-24 13:32:48.652 10 WARNING keystone.identity.core [None req-e6865014-0d5e-446c-9340-318f8539571b - - - - - -] Invalid domain name (atmosphere) found in config file name: keystone.exception.DomainNotFound: Could not find domain: atmosphere. 10.0.0.212 - - [24/Jun/2026:13:32:48 +0000] "POST /v3/domains HTTP/1.1" 201 261 10.0.0.104 - - [24/Jun/2026:13:33:01 +0000] "GET / HTTP/1.1" 300 295
[Wed Jun 24 13:33:01.708812 2026] [wsgi:error] [pid 9:tid 140101457516224] [remote 10.0.0.104:35980] 2026-06-24 13:33:01.708 9 WARNING keystone.common.password_hashing [None req-82ff7132-8000-48d3-9c66-4e6a88eba566 - - - - - -] Truncating password to algorithm specific maximum length 72 characters.
[Wed Jun 24 13:33:01.980546 2026] [wsgi:error] [pid 9:tid 140101457516224] [remote 10.0.0.104:35980] 2026-06-24 13:33:01.980 9 WARNING keystone.common.fernet_utils [None req-82ff7132-8000-48d3-9c66-4e6a88eba566 - - - - - -] key_repository is world readable: /etc/keystone/fernet-keys/ 10.0.0.104 - - [24/Jun/2026:13:33:01 +0000] "POST /v3/auth/tokens HTTP/1.1" 201 1359 10.0.0.104 - - [24/Jun/2026:13:33:02 +0000] "GET /v3/roles/admin HTTP/1.1" 404 83
[Wed Jun 24 13:33:02.243959 2026] [wsgi:error] [pid 10:tid 140101457516224] [remote 10.0.0.104:35980] 2026-06-24 13:33:02.243 10 WARNING keystone.common.rbac_enforcer.enforcer [None req-21509a54-abdc-4dd7-9af6-53897cde6037 48e31b65632b48648122563b2d043b16 684bc4e52889461cb09f69293e741903 - - default default] Deprecated policy rules found. Use oslopolicy-policy-generator and oslopolicy-policy-upgrade to detect and resolve deprecated policies in your configuration. 10.0.0.104 - - [24/Jun/2026:13:33:02 +0000] "GET /v3/roles?name=admin HTTP/1.1" 200 389
[Wed Jun 24 13:33:02.751088 2026] [wsgi:error] [pid 11:tid 140101457516224] [remote 10.0.0.104:35980] 2026-06-24 13:33:02.750 11 WARNING keystone.common.rbac_enforcer.enforcer [None req-6b3cc32f-fdb3-40f5-a87a-43c90b653b59 48e31b65632b48648122563b2d043b16 684bc4e52889461cb09f69293e741903 - - default default] Deprecated policy rules found. Use oslopolicy-policy-generator and oslopolicy-policy-upgrade to detect and resolve deprecated policies in your configuration. 10.0.0.104 - - [24/Jun/2026:13:33:02 +0000] "GET /v3/users/admin-RegionOne HTTP/1.1" 404 93
[Wed Jun 24 13:33:02.901151 2026] [wsgi:error] [pid 9:tid 140101457516224] [remote 10.0.0.104:35980] 2026-06-24 13:33:02.900 9 WARNING keystone.common.rbac_enforcer.enforcer [None req-a74b4ffc-bf95-4f1f-90c8-b095cb9f56f9 48e31b65632b48648122563b2d043b16 684bc4e52889461cb09f69293e741903 - - default default] Deprecated policy rules found. Use oslopolicy-policy-generator and oslopolicy-policy-upgrade to detect and resolve deprecated policies in your configuration. 10.0.0.104 - - [24/Jun/2026:13:33:02 +0000] "GET /v3/users?name=admin-RegionOne HTTP/1.1" 200 422
[Wed Jun 24 13:33:03.076680 2026] [wsgi:error] [pid 12:tid 140101457516224] [remote 10.0.0.104:35980] 2026-06-24 13:33:03.076 12 WARNING keystone.common.rbac_enforcer.enforcer [None req-215794a2-e2b3-4680-8b28-d1c5d86e3263 48e31b65632b48648122563b2d043b16 684bc4e52889461cb09f69293e741903 - - default default] Deprecated policy rules found. Use oslopolicy-policy-generator and oslopolicy-policy-upgrade to detect and resolve deprecated policies in your configuration. 10.0.0.104 - - [24/Jun/2026:13:33:02 +0000] "GET /v3/domains/default HTTP/1.1" 200 224 10.0.0.104 - - [24/Jun/2026:13:33:03 +0000] "PUT /v3/domains/default/users/48e31b65632b48648122563b2d043b16/roles/3b506107ed464ca4a1417b86f26945d7 HTTP/1.1" 204 - 10.0.0.54 - - [24/Jun/2026:13:33:12 +0000] "GET / HTTP/1.1" 300 280 10.0.0.54 - - [24/Jun/2026:13:33:13 +0000] "GET /v3 HTTP/1.1" 200 265
[Wed Jun 24 13:33:13.785516 2026] [wsgi:error] [pid 12:tid 140101457516224] [remote 10.0.0.54:37262] 2026-06-24 13:33:13.785 12 WARNING keystone.common.password_hashing [None req-eba9ef60-c377-48da-b65f-ef742cffe4dc - - - - - -] Truncating password to algorithm specific maximum length 72 characters.
[Wed Jun 24 13:33:14.069094 2026] [wsgi:error] [pid 12:tid 140101457516224] [remote 10.0.0.54:37262] 2026-06-24 13:33:14.068 12 WARNING keystone.common.fernet_utils [None req-eba9ef60-c377-48da-b65f-ef742cffe4dc - - - - - -] key_repository is world readable: /etc/keystone/fernet-keys/ 10.0.0.54 - - [24/Jun/2026:13:33:13 +0000] "POST /v3/auth/tokens HTTP/1.1" 201 1359 10.0.0.54 - - [24/Jun/2026:13:33:14 +0000] "GET / HTTP/1.1" 300 280 10.0.0.54 - - [24/Jun/2026:13:33:14 +0000] "GET /v3/domains/atmosphere HTTP/1.1" 404 90 10.0.0.54 - - [24/Jun/2026:13:33:14 +0000] "GET /v3/domains?name=atmosphere HTTP/1.1" 200 368 10.0.0.54 - - [24/Jun/2026:13:33:14 +0000] "GET /v3/domains/f07126789c81491c8e8d3e7fe5fcc73e HTTP/1.1" 200 246 10.0.0.54 - - [24/Jun/2026:13:33:15 +0000] "GET /v3 HTTP/1.1" 200 265
[Wed Jun 24 13:33:15.320089 2026] [wsgi:error] [pid 11:tid 140101457516224] [remote 10.0.0.54:37266] 2026-06-24 13:33:15.319 11 WARNING keystone.common.password_hashing [None req-20bf34b2-8a32-464e-829e-5f4a6a53c54c - - - - - -] Truncating password to algorithm specific maximum length 72 characters.
[Wed Jun 24 13:33:15.595783 2026] [wsgi:error] [pid 11:tid 140101457516224] [remote 10.0.0.54:37266] 2026-06-24 13:33:15.595 11 WARNING keystone.common.fernet_utils [None req-20bf34b2-8a32-464e-829e-5f4a6a53c54c - - - - - -] key_repository is world readable: /etc/keystone/fernet-keys/ 10.0.0.54 - - [24/Jun/2026:13:33:15 +0000] "POST /v3/auth/tokens HTTP/1.1" 201 1359 10.0.0.54 - - [24/Jun/2026:13:33:15 +0000] "GET / HTTP/1.1" 300 280 10.0.0.54 - - [24/Jun/2026:13:33:15 +0000] "GET /v3/OS-FEDERATION/identity_providers/atmosphere HTTP/1.1" 404 101 10.0.0.54 - - [24/Jun/2026:13:33:15 +0000] "GET /v3/OS-FEDERATION/identity_providers HTTP/1.1" 200 155 10.0.0.54 - - [24/Jun/2026:13:33:15 +0000] "PUT /v3/OS-FEDERATION/identity_providers/atmosphere HTTP/1.1" 201 340 10.0.0.54 - - [24/Jun/2026:13:33:16 +0000] "GET /v3 HTTP/1.1" 200 265
[Wed Jun 24 13:33:16.456372 2026] [wsgi:error] [pid 12:tid 140101457516224] [remote 10.0.0.54:37262] 2026-06-24 13:33:16.456 12 WARNING keystone.common.password_hashing [None req-db8681de-5052-4bff-99e9-f846d5425878 - - - - - -] Truncating password to algorithm specific maximum length 72 characters.
[Wed Jun 24 13:33:16.729765 2026] [wsgi:error] [pid 12:tid 140101457516224] [remote 10.0.0.54:37262] 2026-06-24 13:33:16.729 12 WARNING keystone.common.fernet_utils [None req-db8681de-5052-4bff-99e9-f846d5425878 - - - - - -] key_repository is world readable: /etc/keystone/fernet-keys/ 10.0.0.54 - - [24/Jun/2026:13:33:16 +0000] "POST /v3/auth/tokens HTTP/1.1" 201 1359 10.0.0.54 - - [24/Jun/2026:13:33:16 +0000] "GET / HTTP/1.1" 300 280 10.0.0.54 - - [24/Jun/2026:13:33:16 +0000] "GET /v3/OS-FEDERATION/mappings/atmosphere-openid HTTP/1.1" 404 98 10.0.0.54 - - [24/Jun/2026:13:33:16 +0000] "GET /v3/OS-FEDERATION/mappings HTTP/1.1" 200 135 10.0.0.54 - - [24/Jun/2026:13:33:16 +0000] "PUT /v3/OS-FEDERATION/mappings/atmosphere-openid HTTP/1.1" 201 356 10.0.0.54 - - [24/Jun/2026:13:33:17 +0000] "GET /v3 HTTP/1.1" 200 265
[Wed Jun 24 13:33:17.566807 2026] [wsgi:error] [pid 11:tid 140101457516224] [remote 10.0.0.54:37262] 2026-06-24 13:33:17.566 11 WARNING keystone.common.password_hashing [None req-9f20fc02-0b71-42b6-827b-b61afdb70d7a - - - - - -] Truncating password to algorithm specific maximum length 72 characters.
[Wed Jun 24 13:33:17.842182 2026] [wsgi:error] [pid 11:tid 140101457516224] [remote 10.0.0.54:37262] 2026-06-24 13:33:17.842 11 WARNING keystone.common.fernet_utils [None req-9f20fc02-0b71-42b6-827b-b61afdb70d7a - - - - - -] key_repository is world readable: /etc/keystone/fernet-keys/ 10.0.0.54 - - [24/Jun/2026:13:33:17 +0000] "POST /v3/auth/tokens HTTP/1.1" 201 1359 10.0.0.54 - - [24/Jun/2026:13:33:17 +0000] "GET / HTTP/1.1" 300 280 10.0.0.54 - - [24/Jun/2026:13:33:17 +0000] "GET /v3/OS-FEDERATION/identity_providers/atmosphere/protocols/openid?idp_id=atmosphere HTTP/1.1" 404 131 10.0.0.54 - - [24/Jun/2026:13:33:17 +0000] "GET /v3/OS-FEDERATION/identity_providers/atmosphere/protocols HTTP/1.1" 200 167 10.0.0.54 - - [24/Jun/2026:13:33:17 +0000] "PUT /v3/OS-FEDERATION/identity_providers/atmosphere/protocols/openid HTTP/1.1" 201 222 10.0.0.54 - - [24/Jun/2026:13:33:28 +0000] "GET /v3/ HTTP/1.1" 200 249 10.0.0.54 - - [24/Jun/2026:13:33:28 +0000] "GET /v3/ HTTP/1.1" 200 249 10.0.0.54 - - [24/Jun/2026:13:34:28 +0000] "GET /v3/ HTTP/1.1" 200 249 10.0.0.54 - - [24/Jun/2026:13:34:28 +0000] "GET /v3/ HTTP/1.1" 200 249 10.0.0.28 - - [24/Jun/2026:13:34:43 +0000] "GET / HTTP/1.1" 300 295
[Wed Jun 24 13:34:43.207429 2026] [wsgi:error] [pid 12:tid 140101457516224] [remote 10.0.0.28:56346] 2026-06-24 13:34:43.207 12 WARNING keystone.common.password_hashing [None req-31de3c06-bf38-4301-838e-426394413b09 - - - - - -] Truncating password to algorithm specific maximum length 72 characters.
[Wed Jun 24 13:34:43.514860 2026] [wsgi:error] [pid 12:tid 140101457516224] [remote 10.0.0.28:56346] 2026-06-24 13:34:43.514 12 WARNING keystone.common.fernet_utils [None req-31de3c06-bf38-4301-838e-426394413b09 - - - - - -] key_repository is world readable: /etc/keystone/fernet-keys/ 10.0.0.28 - - [24/Jun/2026:13:34:43 +0000] "POST /v3/auth/tokens HTTP/1.1" 201 1359 10.0.0.28 - - [24/Jun/2026:13:34:43 +0000] "GET /v3/services HTTP/1.1" 200 355 10.0.0.28 - - [24/Jun/2026:13:34:47 +0000] "GET / HTTP/1.1" 300 295
[Wed Jun 24 13:34:47.199684 2026] [wsgi:error] [pid 9:tid 140101457516224] [remote 10.0.0.28:56362] 2026-06-24 13:34:47.199 9 WARNING keystone.common.password_hashing [None req-dfd13d80-06d1-40ba-8452-c6a2c924d3d8 - - - - - -] Truncating password to algorithm specific maximum length 72 characters.
[Wed Jun 24 13:34:47.481978 2026] [wsgi:error] [pid 9:tid 140101457516224] [remote 10.0.0.28:56362] 2026-06-24 13:34:47.481 9 WARNING keystone.common.fernet_utils [None req-dfd13d80-06d1-40ba-8452-c6a2c924d3d8 - - - - - -] key_repository is world readable: /etc/keystone/fernet-keys/ 10.0.0.28 - - [24/Jun/2026:13:34:47 +0000] "POST /v3/auth/tokens HTTP/1.1" 201 1359 10.0.0.28 - - [24/Jun/2026:13:34:47 +0000] "GET /v3/services HTTP/1.1" 200 355 10.0.0.28 - - [24/Jun/2026:13:34:51 +0000] "GET / HTTP/1.1" 300 295
[Wed Jun 24 13:34:51.235274 2026] [wsgi:error] [pid 11:tid 140101457516224] [remote 10.0.0.28:56370] 2026-06-24 13:34:51.235 11 WARNING keystone.common.password_hashing [None req-36960a57-7b17-43a9-8d08-e21a652e8ad0 - - - - - -] Truncating password to algorithm specific maximum length 72 characters.
[Wed Jun 24 13:34:51.506604 2026] [wsgi:error] [pid 11:tid 140101457516224] [remote 10.0.0.28:56370] 2026-06-24 13:34:51.506 11 WARNING keystone.common.fernet_utils [None req-36960a57-7b17-43a9-8d08-e21a652e8ad0 - - - - - -] key_repository is world readable: /etc/keystone/fernet-keys/ 10.0.0.28 - - [24/Jun/2026:13:34:51 +0000] "POST /v3/auth/tokens HTTP/1.1" 201 1359 10.0.0.28 - - [24/Jun/2026:13:34:51 +0000] "GET /v3/services HTTP/1.1" 200 355 10.0.0.28 - - [24/Jun/2026:13:34:55 +0000] "GET / HTTP/1.1" 300 295
[Wed Jun 24 13:34:55.201982 2026] [wsgi:error] [pid 10:tid 140101457516224] [remote 10.0.0.28:44962] 2026-06-24 13:34:55.201 10 WARNING keystone.common.password_hashing [None req-533aaa5e-6e6a-461f-b07b-295cc9394d82 - - - - - -] Truncating password to algorithm specific maximum length 72 characters.
[Wed Jun 24 13:34:55.478568 2026] [wsgi:error] [pid 10:tid 140101457516224] [remote 10.0.0.28:44962] 2026-06-24 13:34:55.478 10 WARNING keystone.common.fernet_utils [None req-533aaa5e-6e6a-461f-b07b-295cc9394d82 - - - - - -] key_repository is world readable: /etc/keystone/fernet-keys/ 10.0.0.28 - - [24/Jun/2026:13:34:55 +0000] "POST /v3/auth/tokens HTTP/1.1" 201 1359 10.0.0.28 - - [24/Jun/2026:13:34:55 +0000] "POST /v3/services HTTP/1.1" 201 296 10.0.0.104 - - [24/Jun/2026:13:35:07 +0000] "GET / HTTP/1.1" 300 295
[Wed Jun 24 13:35:07.463326 2026] [wsgi:error] [pid 12:tid 140101457516224] [remote 10.0.0.104:58740] 2026-06-24 13:35:07.463 12 WARNING keystone.common.password_hashing [None req-563aa6bd-8c08-475a-91a6-4ca5bf904395 - - - - - -] Truncating password to algorithm specific maximum length 72 characters. 10.0.0.104 - - [24/Jun/2026:13:35:07 +0000] "GET / HTTP/1.1" 300 295
[Wed Jun 24 13:35:07.678773 2026] [wsgi:error] [pid 11:tid 140101457516224] [remote 10.0.0.104:58744] 2026-06-24 13:35:07.678 11 WARNING keystone.common.password_hashing [None req-d6092586-935b-4e84-90fa-f8131e5b7204 - - - - - -] Truncating password to algorithm specific maximum length 72 characters.
[Wed Jun 24 13:35:07.744511 2026] [wsgi:error] [pid 12:tid 140101457516224] [remote 10.0.0.104:58740] 2026-06-24 13:35:07.744 12 WARNING keystone.common.fernet_utils [None req-563aa6bd-8c08-475a-91a6-4ca5bf904395 - - - - - -] key_repository is world readable: /etc/keystone/fernet-keys/ 10.0.0.104 - - [24/Jun/2026:13:35:07 +0000] "POST /v3/auth/tokens HTTP/1.1" 201 1463 10.0.0.104 - - [24/Jun/2026:13:35:07 +0000] "GET / HTTP/1.1" 300 295
[Wed Jun 24 13:35:07.785651 2026] [wsgi:error] [pid 10:tid 140101457516224] [remote 10.0.0.104:58748] 2026-06-24 13:35:07.785 10 WARNING keystone.common.password_hashing [None req-432d8c50-05a2-41e4-a166-85e40349b635 - - - - - -] Truncating password to algorithm specific maximum length 72 characters. 10.0.0.104 - - [24/Jun/2026:13:35:07 +0000] "GET /v3/services HTTP/1.1" 200 639
[Wed Jun 24 13:35:07.957759 2026] [wsgi:error] [pid 11:tid 140101457516224] [remote 10.0.0.104:58744] 2026-06-24 13:35:07.957 11 WARNING keystone.common.fernet_utils [None req-d6092586-935b-4e84-90fa-f8131e5b7204 - - - - - -] key_repository is world readable: /etc/keystone/fernet-keys/ 10.0.0.104 - - [24/Jun/2026:13:35:07 +0000] "POST /v3/auth/tokens HTTP/1.1" 201 1463
[Wed Jun 24 13:35:08.064462 2026] [wsgi:error] [pid 10:tid 140101457516224] [remote 10.0.0.104:58748] 2026-06-24 13:35:08.064 10 WARNING keystone.common.fernet_utils [None req-432d8c50-05a2-41e4-a166-85e40349b635 - - - - - -] key_repository is world readable: /etc/keystone/fernet-keys/ 10.0.0.104 - - [24/Jun/2026:13:35:07 +0000] "POST /v3/auth/tokens HTTP/1.1" 201 1463 10.0.0.104 - - [24/Jun/2026:13:35:08 +0000] "GET /v3/services HTTP/1.1" 200 639 10.0.0.104 - - [24/Jun/2026:13:35:08 +0000] "GET /v3/services HTTP/1.1" 200 639 10.0.0.104 - - [24/Jun/2026:13:35:09 +0000] "GET / HTTP/1.1" 300 295
[Wed Jun 24 13:35:09.603133 2026] [wsgi:error] [pid 10:tid 140101457516224] [remote 10.0.0.104:58758] 2026-06-24 13:35:09.602 10 WARNING keystone.common.password_hashing [None req-993dbd44-c6cc-4240-b02c-77f68a4961f6 - - - - - -] Truncating password to algorithm specific maximum length 72 characters.
[Wed Jun 24 13:35:09.889149 2026] [wsgi:error] [pid 10:tid 140101457516224] [remote 10.0.0.104:58758] 2026-06-24 13:35:09.888 10 WARNING keystone.common.fernet_utils [None req-993dbd44-c6cc-4240-b02c-77f68a4961f6 - - - - - -] key_repository is world readable: /etc/keystone/fernet-keys/ 10.0.0.104 - - [24/Jun/2026:13:35:09 +0000] "GET / HTTP/1.1" 300 295 10.0.0.104 - - [24/Jun/2026:13:35:09 +0000] "POST /v3/auth/tokens HTTP/1.1" 201 1463
[Wed Jun 24 13:35:09.932414 2026] [wsgi:error] [pid 12:tid 140101457516224] [remote 10.0.0.104:58762] 2026-06-24 13:35:09.932 12 WARNING keystone.common.password_hashing [None req-6fe3c375-17be-469b-b015-f6661e325f1d - - - - - -] Truncating password to algorithm specific maximum length 72 characters. 10.0.0.104 - - [24/Jun/2026:13:35:10 +0000] "GET /v3/endpoints HTTP/1.1" 200 1226 10.0.0.104 - - [24/Jun/2026:13:35:10 +0000] "GET / HTTP/1.1" 300 295 10.0.0.104 - - [24/Jun/2026:13:35:10 +0000] "GET /v3/services/6afcccd608e54ba9bc9c770341bb24d2 HTTP/1.1" 200 233
[Wed Jun 24 13:35:10.067691 2026] [wsgi:error] [pid 9:tid 140101457516224] [remote 10.0.0.104:58768] 2026-06-24 13:35:10.067 9 WARNING keystone.common.password_hashing [None req-c2ad9187-f00e-4526-a518-5772825e76dc - - - - - -] Truncating password to algorithm specific maximum length 72 characters. 10.0.0.104 - - [24/Jun/2026:13:35:10 +0000] "GET /v3/services/6afcccd608e54ba9bc9c770341bb24d2 HTTP/1.1" 200 233 10.0.0.104 - - [24/Jun/2026:13:35:10 +0000] "GET /v3/services/6afcccd608e54ba9bc9c770341bb24d2 HTTP/1.1" 200 233
[Wed Jun 24 13:35:10.233742 2026] [wsgi:error] [pid 12:tid 140101457516224] [remote 10.0.0.104:58762] 2026-06-24 13:35:10.233 12 WARNING keystone.common.fernet_utils [None req-6fe3c375-17be-469b-b015-f6661e325f1d - - - - - -] key_repository is world readable: /etc/keystone/fernet-keys/ 10.0.0.104 - - [24/Jun/2026:13:35:09 +0000] "POST /v3/auth/tokens HTTP/1.1" 201 1463 10.0.0.104 - - [24/Jun/2026:13:35:10 +0000] "GET /v3/endpoints HTTP/1.1" 200 1226
[Wed Jun 24 13:35:10.372840 2026] [wsgi:error] [pid 9:tid 140101457516224] [remote 10.0.0.104:58768] 2026-06-24 13:35:10.372 9 WARNING keystone.common.fernet_utils [None req-c2ad9187-f00e-4526-a518-5772825e76dc - - - - - -] key_repository is world readable: /etc/keystone/fernet-keys/ 10.0.0.104 - - [24/Jun/2026:13:35:10 +0000] "POST /v3/auth/tokens HTTP/1.1" 201 1463 10.0.0.104 - - [24/Jun/2026:13:35:10 +0000] "GET /v3/services/6afcccd608e54ba9bc9c770341bb24d2 HTTP/1.1" 200 233 10.0.0.104 - - [24/Jun/2026:13:35:10 +0000] "GET /v3/services/6afcccd608e54ba9bc9c770341bb24d2 HTTP/1.1" 200 233 10.0.0.104 - - [24/Jun/2026:13:35:10 +0000] "GET /v3/services/6afcccd608e54ba9bc9c770341bb24d2 HTTP/1.1" 200 233 10.0.0.104 - - [24/Jun/2026:13:35:10 +0000] "GET /v3/endpoints HTTP/1.1" 200 1226 10.0.0.104 - - [24/Jun/2026:13:35:10 +0000] "GET /v3/services/6afcccd608e54ba9bc9c770341bb24d2 HTTP/1.1" 200 233 10.0.0.104 - - [24/Jun/2026:13:35:10 +0000] "GET /v3/services/6afcccd608e54ba9bc9c770341bb24d2 HTTP/1.1" 200 233 10.0.0.104 - - [24/Jun/2026:13:35:10 +0000] "GET /v3/services/6afcccd608e54ba9bc9c770341bb24d2 HTTP/1.1" 200 233 10.0.0.104 - - [24/Jun/2026:13:35:11 +0000] "GET / HTTP/1.1" 300 295
[Wed Jun 24 13:35:11.748083 2026] [wsgi:error] [pid 10:tid 140101457516224] [remote 10.0.0.104:58772] 2026-06-24 13:35:11.747 10 WARNING keystone.common.password_hashing [None req-3ce45318-886b-4450-ba31-8686afd862fc - - - - - -] Truncating password to algorithm specific maximum length 72 characters.
[Wed Jun 24 13:35:12.032130 2026] [wsgi:error] [pid 10:tid 140101457516224] [remote 10.0.0.104:58772] 2026-06-24 13:35:12.031 10 WARNING keystone.common.fernet_utils [None req-3ce45318-886b-4450-ba31-8686afd862fc - - - - - -] key_repository is world readable: /etc/keystone/fernet-keys/ 10.0.0.104 - - [24/Jun/2026:13:35:11 +0000] "POST /v3/auth/tokens HTTP/1.1" 201 1463 10.0.0.104 - - [24/Jun/2026:13:35:12 +0000] "GET / HTTP/1.1" 300 295
[Wed Jun 24 13:35:12.100712 2026] [wsgi:error] [pid 11:tid 140101457516224] [remote 10.0.0.104:40374] 2026-06-24 13:35:12.100 11 WARNING keystone.common.password_hashing [None req-302fae38-e564-4941-b5cc-ecc7f0c7f018 - - - - - -] Truncating password to algorithm specific maximum length 72 characters. 10.0.0.104 - - [24/Jun/2026:13:35:12 +0000] "GET /v3/services/37f2b15ffa464f64b082bb0208aacd40 HTTP/1.1" 200 296 10.0.0.104 - - [24/Jun/2026:13:35:12 +0000] "GET /v3/regions/RegionOne HTTP/1.1" 200 173 10.0.0.104 - - [24/Jun/2026:13:35:12 +0000] "GET / HTTP/1.1" 300 295
[Wed Jun 24 13:35:12.212894 2026] [wsgi:error] [pid 9:tid 140101457516224] [remote 10.0.0.104:40376] 2026-06-24 13:35:12.212 9 WARNING keystone.common.password_hashing [None req-428967f4-7373-4fb5-90bd-b54887819ea9 - - - - - -] Truncating password to algorithm specific maximum length 72 characters. 10.0.0.104 - - [24/Jun/2026:13:35:12 +0000] "POST /v3/endpoints HTTP/1.1" 201 380
[Wed Jun 24 13:35:12.378874 2026] [wsgi:error] [pid 11:tid 140101457516224] [remote 10.0.0.104:40374] 2026-06-24 13:35:12.378 11 WARNING keystone.common.fernet_utils [None req-302fae38-e564-4941-b5cc-ecc7f0c7f018 - - - - - -] key_repository is world readable: /etc/keystone/fernet-keys/ 10.0.0.104 - - [24/Jun/2026:13:35:12 +0000] "POST /v3/auth/tokens HTTP/1.1" 201 1640 10.0.0.104 - - [24/Jun/2026:13:35:12 +0000] "GET /v3/services/37f2b15ffa464f64b082bb0208aacd40 HTTP/1.1" 200 296 10.0.0.104 - - [24/Jun/2026:13:35:12 +0000] "GET /v3/regions/RegionOne HTTP/1.1" 200 173
[Wed Jun 24 13:35:12.544922 2026] [wsgi:error] [pid 9:tid 140101457516224] [remote 10.0.0.104:40376] 2026-06-24 13:35:12.544 9 WARNING keystone.common.fernet_utils [None req-428967f4-7373-4fb5-90bd-b54887819ea9 - - - - - -] key_repository is world readable: /etc/keystone/fernet-keys/ 10.0.0.104 - - [24/Jun/2026:13:35:12 +0000] "POST /v3/endpoints HTTP/1.1" 201 383 10.0.0.104 - - [24/Jun/2026:13:35:12 +0000] "POST /v3/auth/tokens HTTP/1.1" 201 1822 10.0.0.104 - - [24/Jun/2026:13:35:12 +0000] "GET /v3/services/37f2b15ffa464f64b082bb0208aacd40 HTTP/1.1" 200 296 10.0.0.104 - - [24/Jun/2026:13:35:12 +0000] "GET /v3/regions/RegionOne HTTP/1.1" 200 173 10.0.0.104 - - [24/Jun/2026:13:35:12 +0000] "POST /v3/endpoints HTTP/1.1" 201 369 10.0.0.104 - - [24/Jun/2026:13:35:13 +0000] "GET / HTTP/1.1" 300 295
[Wed Jun 24 13:35:13.895246 2026] [wsgi:error] [pid 9:tid 140101457516224] [remote 10.0.0.104:40388] 2026-06-24 13:35:13.894 9 WARNING keystone.common.password_hashing [None req-2c6ae7a7-f0ed-4b04-8939-0bafd8578c88 - - - - - -] Truncating password to algorithm specific maximum length 72 characters. 10.0.0.104 - - [24/Jun/2026:13:35:14 +0000] "GET / HTTP/1.1" 300 295
[Wed Jun 24 13:35:14.197103 2026] [wsgi:error] [pid 10:tid 140101457516224] [remote 10.0.0.104:40394] 2026-06-24 13:35:14.196 10 WARNING keystone.common.password_hashing [None req-6956a9db-38b3-43c0-b046-7b357f969691 - - - - - -] Truncating password to algorithm specific maximum length 72 characters.
[Wed Jun 24 13:35:14.212436 2026] [wsgi:error] [pid 9:tid 140101457516224] [remote 10.0.0.104:40388] 2026-06-24 13:35:14.212 9 WARNING keystone.common.fernet_utils [None req-2c6ae7a7-f0ed-4b04-8939-0bafd8578c88 - - - - - -] key_repository is world readable: /etc/keystone/fernet-keys/ 10.0.0.104 - - [24/Jun/2026:13:35:13 +0000] "POST /v3/auth/tokens HTTP/1.1" 201 1990 10.0.0.104 - - [24/Jun/2026:13:35:14 +0000] "GET /v3/endpoints/f88f276b2436436a8dafc0d9dac0811b HTTP/1.1" 200 380 10.0.0.104 - - [24/Jun/2026:13:35:14 +0000] "GET /v3/services/37f2b15ffa464f64b082bb0208aacd40 HTTP/1.1" 200 296
[Wed Jun 24 13:35:14.501334 2026] [wsgi:error] [pid 10:tid 140101457516224] [remote 10.0.0.104:40394] 2026-06-24 13:35:14.501 10 WARNING keystone.common.fernet_utils [None req-6956a9db-38b3-43c0-b046-7b357f969691 - - - - - -] key_repository is world readable: /etc/keystone/fernet-keys/ 10.0.0.104 - - [24/Jun/2026:13:35:14 +0000] "POST /v3/auth/tokens HTTP/1.1" 201 1990 10.0.0.104 - - [24/Jun/2026:13:35:14 +0000] "GET / HTTP/1.1" 300 295
[Wed Jun 24 13:35:14.567047 2026] [wsgi:error] [pid 11:tid 140101457516224] [remote 10.0.0.104:40410] 2026-06-24 13:35:14.566 11 WARNING keystone.common.password_hashing [None req-5f0a168a-1bc7-46f6-a5a4-93c13002b209 - - - - - -] Truncating password to algorithm specific maximum length 72 characters. 10.0.0.104 - - [24/Jun/2026:13:35:14 +0000] "GET /v3/endpoints/212b2636e91649769a2a2322b1c308ab HTTP/1.1" 200 383 10.0.0.104 - - [24/Jun/2026:13:35:14 +0000] "GET /v3/services/37f2b15ffa464f64b082bb0208aacd40 HTTP/1.1" 200 296
[Wed Jun 24 13:35:14.847898 2026] [wsgi:error] [pid 11:tid 140101457516224] [remote 10.0.0.104:40410] 2026-06-24 13:35:14.847 11 WARNING keystone.common.fernet_utils [None req-5f0a168a-1bc7-46f6-a5a4-93c13002b209 - - - - - -] key_repository is world readable: /etc/keystone/fernet-keys/ 10.0.0.104 - - [24/Jun/2026:13:35:14 +0000] "POST /v3/auth/tokens HTTP/1.1" 201 1990 10.0.0.104 - - [24/Jun/2026:13:35:14 +0000] "GET /v3/endpoints/821469b145104448b4eee19da4a77fb3 HTTP/1.1" 200 369 10.0.0.104 - - [24/Jun/2026:13:35:14 +0000] "GET /v3/services/37f2b15ffa464f64b082bb0208aacd40 HTTP/1.1" 200 296 10.0.0.203 - - [24/Jun/2026:13:35:27 +0000] "GET / HTTP/1.1" 300 295
[Wed Jun 24 13:35:27.542833 2026] [wsgi:error] [pid 11:tid 140101457516224] [remote 10.0.0.203:34414] 2026-06-24 13:35:27.542 11 WARNING keystone.common.password_hashing [None req-bd84fbbd-5b15-4ede-b843-eeb2c2dcc6ae - - - - - -] Truncating password to algorithm specific maximum length 72 characters.
[Wed Jun 24 13:35:27.815920 2026] [wsgi:error] [pid 11:tid 140101457516224] [remote 10.0.0.203:34414] 2026-06-24 13:35:27.815 11 WARNING keystone.common.fernet_utils [None req-bd84fbbd-5b15-4ede-b843-eeb2c2dcc6ae - - - - - -] key_repository is world readable: /etc/keystone/fernet-keys/ 10.0.0.203 - - [24/Jun/2026:13:35:27 +0000] "POST /v3/auth/tokens HTTP/1.1" 201 1990 10.0.0.203 - - [24/Jun/2026:13:35:27 +0000] "POST /v3/domains HTTP/1.1" 201 284 10.0.0.54 - - [24/Jun/2026:13:35:28 +0000] "GET /v3/ HTTP/1.1" 200 249 10.0.0.54 - - [24/Jun/2026:13:35:28 +0000] "GET /v3/ HTTP/1.1" 200 249 10.0.0.203 - - [24/Jun/2026:13:35:29 +0000] "GET / HTTP/1.1" 300 295
[Wed Jun 24 13:35:29.779976 2026] [wsgi:error] [pid 9:tid 140101457516224] [remote 10.0.0.203:34422] 2026-06-24 13:35:29.779 9 WARNING keystone.common.password_hashing [None req-686f4ea1-57f5-4488-a9db-ee7d0fa2a92e - - - - - -] Truncating password to algorithm specific maximum length 72 characters.
[Wed Jun 24 13:35:30.052728 2026] [wsgi:error] [pid 9:tid 140101457516224] [remote 10.0.0.203:34422] 2026-06-24 13:35:30.052 9 WARNING keystone.common.fernet_utils [None req-686f4ea1-57f5-4488-a9db-ee7d0fa2a92e - - - - - -] key_repository is world readable: /etc/keystone/fernet-keys/ 10.0.0.203 - - [24/Jun/2026:13:35:29 +0000] "POST /v3/auth/tokens HTTP/1.1" 201 1990
[Wed Jun 24 13:35:30.251961 2026] [wsgi:error] [pid 10:tid 140101457516224] [remote 10.0.0.203:34422] 2026-06-24 13:35:30.239 10 ERROR keystone.server.flask.application [None req-0d088580-5855-4a49-8918-2328e7777f83 48e31b65632b48648122563b2d043b16 684bc4e52889461cb09f69293e741903 - - default default] Conflict occurred attempting to store project - it is not permitted to have two projects acting as domains with the same name: service.: keystone.exception.Conflict: Conflict occurred attempting to store project - it is not permitted to have two projects acting as domains with the same name: service.
[Wed Jun 24 13:35:30.251989 2026] [wsgi:error] [pid 10:tid 140101457516224] [remote 10.0.0.203:34422] 2026-06-24 13:35:30.239 10 ERROR keystone.server.flask.application
Traceback (most recent call last):
[Wed Jun 24 13:35:30.251991 2026] [wsgi:error] [pid 10:tid 140101457516224] [remote 10.0.0.203:34422] 2026-06-24 13:35:30.239 10 ERROR keystone.server.flask.application
File "/var/lib/openstack/lib/python3.12/site-packages/sqlalchemy/engine/base.py", line 1969, in _exec_single_context
[Wed Jun 24 13:35:30.251993 2026] [wsgi:error] [pid 10:tid 140101457516224] [remote 10.0.0.203:34422] 2026-06-24 13:35:30.239 10 ERROR keystone.server.flask.application self.dialect.do_execute(
[Wed Jun 24 13:35:30.251994 2026] [wsgi:error] [pid 10:tid 140101457516224] [remote 10.0.0.203:34422] 2026-06-24 13:35:30.239 10 ERROR keystone.server.flask.application
File "/var/lib/openstack/lib/python3.12/site-packages/sqlalchemy/engine/default.py", line 952, in do_execute
[Wed Jun 24 13:35:30.251996 2026] [wsgi:error] [pid 10:tid 140101457516224] [remote 10.0.0.203:34422] 2026-06-24 13:35:30.239 10 ERROR keystone.server.flask.application cursor.execute(statement, parameters)
[Wed Jun 24 13:35:30.251997 2026] [wsgi:error] [pid 10:tid 140101457516224] [remote 10.0.0.203:34422] 2026-06-24 13:35:30.239 10 ERROR keystone.server.flask.application
File "/var/lib/openstack/lib/python3.12/site-packages/pymysql/cursors.py", line 159, in execute
[Wed Jun 24 13:35:30.251999 2026] [wsgi:error] [pid 10:tid 140101457516224] [remote 10.0.0.203:34422] 2026-06-24 13:35:30.239 10 ERROR keystone.server.flask.application result = self._query(query)
[Wed Jun 24 13:35:30.252000 2026] [wsgi:error] [pid 10:tid 140101457516224] [remote 10.0.0.203:34422] 2026-06-24 13:35:30.239 10 ERROR keystone.server.flask.application ^^^^^^^^^^^^^^^^^^
[Wed Jun 24 13:35:30.252001 2026] [wsgi:error] [pid 10:tid 140101457516224] [remote 10.0.0.203:34422] 2026-06-24 13:35:30.239 10 ERROR keystone.server.flask.application
File "/var/lib/openstack/lib/python3.12/site-packages/pymysql/cursors.py", line 330, in _query
[Wed Jun 24 13:35:30.252003 2026] [wsgi:error] [pid 10:tid 140101457516224] [remote 10.0.0.203:34422] 2026-06-24 13:35:30.239 10 ERROR keystone.server.flask.application conn.query(q)
[Wed Jun 24 13:35:30.252004 2026] [wsgi:error] [pid 10:tid 140101457516224] [remote 10.0.0.203:34422] 2026-06-24 13:35:30.239 10 ERROR keystone.server.flask.application
File "/var/lib/openstack/lib/python3.12/site-packages/pymysql/connections.py", line 582, in query
[Wed Jun 24 13:35:30.252006 2026] [wsgi:error] [pid 10:tid 140101457516224] [remote 10.0.0.203:34422] 2026-06-24 13:35:30.239 10 ERROR keystone.server.flask.application self._affected_rows = self._read_query_result(unbuffered=unbuffered)
[Wed Jun 24 13:35:30.252007 2026] [wsgi:error] [pid 10:tid 140101457516224] [remote 10.0.0.203:34422] 2026-06-24 13:35:30.239 10 ERROR keystone.server.flask.application ^^^^^^^^^^^^^^^^^^^^^^^^^^^^^^^^^^^^^^^^^^^^^^
[Wed Jun 24 13:35:30.252009 2026] [wsgi:error] [pid 10:tid 140101457516224] [remote 10.0.0.203:34422] 2026-06-24 13:35:30.239 10 ERROR keystone.server.flask.application
File "/var/lib/openstack/lib/python3.12/site-packages/pymysql/connections.py", line 847, in _read_query_result
[Wed Jun 24 13:35:30.252010 2026] [wsgi:error] [pid 10:tid 140101457516224] [remote 10.0.0.203:34422] 2026-06-24 13:35:30.239 10 ERROR keystone.server.flask.application result.read()
[Wed Jun 24 13:35:30.252014 2026] [wsgi:error] [pid 10:tid 140101457516224] [remote 10.0.0.203:34422] 2026-06-24 13:35:30.239 10 ERROR keystone.server.flask.application
File "/var/lib/openstack/lib/python3.12/site-packages/pymysql/connections.py", line 1245, in read
[Wed Jun 24 13:35:30.252016 2026] [wsgi:error] [pid 10:tid 140101457516224] [remote 10.0.0.203:34422] 2026-06-24 13:35:30.239 10 ERROR keystone.server.flask.application first_packet = self.connection._read_packet()
[Wed Jun 24 13:35:30.252017 2026] [wsgi:error] [pid 10:tid 140101457516224] [remote 10.0.0.203:34422] 2026-06-24 13:35:30.239 10 ERROR keystone.server.flask.application ^^^^^^^^^^^^^^^^^^^^^^^^^^^^^^
[Wed Jun 24 13:35:30.252019 2026] [wsgi:error] [pid 10:tid 140101457516224] [remote 10.0.0.203:34422] 2026-06-24 13:35:30.239 10 ERROR keystone.server.flask.application
File "/var/lib/openstack/lib/python3.12/site-packages/pymysql/connections.py", line 803, in _read_packet
[Wed Jun 24 13:35:30.252020 2026] [wsgi:error] [pid 10:tid 140101457516224] [remote 10.0.0.203:34422] 2026-06-24 13:35:30.239 10 ERROR keystone.server.flask.application packet.raise_for_error()
[Wed Jun 24 13:35:30.252022 2026] [wsgi:error] [pid 10:tid 140101457516224] [remote 10.0.0.203:34422] 2026-06-24 13:35:30.239 10 ERROR keystone.server.flask.application
File "/var/lib/openstack/lib/python3.12/site-packages/pymysql/protocol.py", line 219, in raise_for_error
[Wed Jun 24 13:35:30.252024 2026] [wsgi:error] [pid 10:tid 140101457516224] [remote 10.0.0.203:34422] 2026-06-24 13:35:30.239 10 ERROR keystone.server.flask.application err.raise_mysql_exception(self._data)
[Wed Jun 24 13:35:30.252026 2026] [wsgi:error] [pid 10:tid 140101457516224] [remote 10.0.0.203:34422] 2026-06-24 13:35:30.239 10 ERROR keystone.server.flask.application
File "/var/lib/openstack/lib/python3.12/site-packages/pymysql/err.py", line 154, in raise_mysql_exception
[Wed Jun 24 13:35:30.252028 2026] [wsgi:error] [pid 10:tid 140101457516224] [remote 10.0.0.203:34422] 2026-06-24 13:35:30.239 10 ERROR keystone.server.flask.application raise errorclass(errno, errval, sqlstate=sqlstate)
[Wed Jun 24 13:35:30.252030 2026] [wsgi:error] [pid 10:tid 140101457516224] [remote 10.0.0.203:34422] 2026-06-24 13:35:30.239 10 ERROR keystone.server.flask.application pymysql.err.IntegrityError: (1062, "Duplicate entry '<>-service' for key 'project.ixu_project_name_domain_id'")
[Wed Jun 24 13:35:30.252032 2026] [wsgi:error] [pid 10:tid 140101457516224] [remote 10.0.0.203:34422] 2026-06-24 13:35:30.239 10 ERROR keystone.server.flask.application
[Wed Jun 24 13:35:30.252038 2026] [wsgi:error] [pid 10:tid 140101457516224] [remote 10.0.0.203:34422] 2026-06-24 13:35:30.239 10 ERROR keystone.server.flask.application The above exception was the direct cause of the following exception:
[Wed Jun 24 13:35:30.252040 2026] [wsgi:error] [pid 10:tid 140101457516224] [remote 10.0.0.203:34422] 2026-06-24 13:35:30.239 10 ERROR keystone.server.flask.application
[Wed Jun 24 13:35:30.252059 2026] [wsgi:error] [pid 10:tid 140101457516224] [remote 10.0.0.203:34422] 2026-06-24 13:35:30.239 10 ERROR keystone.server.flask.application
Traceback (most recent call last):
[Wed Jun 24 13:35:30.252061 2026] [wsgi:error] [pid 10:tid 140101457516224] [remote 10.0.0.203:34422] 2026-06-24 13:35:30.239 10 ERROR keystone.server.flask.application
File "/var/lib/openstack/lib/python3.12/site-packages/keystone/common/sql/core.py", line 575, in wrapper
[Wed Jun 24 13:35:30.252063 2026] [wsgi:error] [pid 10:tid 140101457516224] [remote 10.0.0.203:34422] 2026-06-24 13:35:30.239 10 ERROR keystone.server.flask.application return method(*args, **kwargs)
[Wed Jun 24 13:35:30.252065 2026] [wsgi:error] [pid 10:tid 140101457516224] [remote 10.0.0.203:34422] 2026-06-24 13:35:30.239 10 ERROR keystone.server.flask.application ^^^^^^^^^^^^^^^^^^^^^^^
[Wed Jun 24 13:35:30.252067 2026] [wsgi:error] [pid 10:tid 140101457516224] [remote 10.0.0.203:34422] 2026-06-24 13:35:30.239 10 ERROR keystone.server.flask.application
File "/var/lib/openstack/lib/python3.12/site-packages/keystone/resource/backends/sql.py", line 278, in create_project
[Wed Jun 24 13:35:30.252069 2026] [wsgi:error] [pid 10:tid 140101457516224] [remote 10.0.0.203:34422] 2026-06-24 13:35:30.239 10 ERROR keystone.server.flask.application with sql.session_for_write() as session:
[Wed Jun 24 13:35:30.252071 2026] [wsgi:error] [pid 10:tid 140101457516224] [remote 10.0.0.203:34422] 2026-06-24 13:35:30.239 10 ERROR keystone.server.flask.application
File "/usr/lib/python3.12/contextlib.py", line 144, in __exit__
[Wed Jun 24 13:35:30.252073 2026] [wsgi:error] [pid 10:tid 140101457516224] [remote 10.0.0.203:34422] 2026-06-24 13:35:30.239 10 ERROR keystone.server.flask.application next(self.gen)
[Wed Jun 24 13:35:30.252075 2026] [wsgi:error] [pid 10:tid 140101457516224] [remote 10.0.0.203:34422] 2026-06-24 13:35:30.239 10 ERROR keystone.server.flask.application
File "/var/lib/openstack/lib/python3.12/site-packages/oslo_db/sqlalchemy/enginefacade.py", line 1175, in _transaction_scope
[Wed Jun 24 13:35:30.252077 2026] [wsgi:error] [pid 10:tid 140101457516224] [remote 10.0.0.203:34422] 2026-06-24 13:35:30.239 10 ERROR keystone.server.flask.application with current._produce_block(
[Wed Jun 24 13:35:30.252079 2026] [wsgi:error] [pid 10:tid 140101457516224] [remote 10.0.0.203:34422] 2026-06-24 13:35:30.239 10 ERROR keystone.server.flask.application
File "/usr/lib/python3.12/contextlib.py", line 144, in __exit__
[Wed Jun 24 13:35:30.252081 2026] [wsgi:error] [pid 10:tid 140101457516224] [remote 10.0.0.203:34422] 2026-06-24 13:35:30.239 10 ERROR keystone.server.flask.application next(self.gen)
[Wed Jun 24 13:35:30.252083 2026] [wsgi:error] [pid 10:tid 140101457516224] [remote 10.0.0.203:34422] 2026-06-24 13:35:30.239 10 ERROR keystone.server.flask.application
File "/var/lib/openstack/lib/python3.12/site-packages/oslo_db/sqlalchemy/enginefacade.py", line 837, in _session
[Wed Jun 24 13:35:30.252086 2026] [wsgi:error] [pid 10:tid 140101457516224] [remote 10.0.0.203:34422] 2026-06-24 13:35:30.239 10 ERROR keystone.server.flask.application with excutils.save_and_reraise_exception():
[Wed Jun 24 13:35:30.252088 2026] [wsgi:error] [pid 10:tid 140101457516224] [remote 10.0.0.203:34422] 2026-06-24 13:35:30.239 10 ERROR keystone.server.flask.application
File "/var/lib/openstack/lib/python3.12/site-packages/oslo_utils/excutils.py", line 266, in __exit__
[Wed Jun 24 13:35:30.252090 2026] [wsgi:error] [pid 10:tid 140101457516224] [remote 10.0.0.203:34422] 2026-06-24 13:35:30.239 10 ERROR keystone.server.flask.application self.force_reraise()
[Wed Jun 24 13:35:30.252093 2026] [wsgi:error] [pid 10:tid 140101457516224] [remote 10.0.0.203:34422] 2026-06-24 13:35:30.239 10 ERROR keystone.server.flask.application
File "/var/lib/openstack/lib/python3.12/site-packages/oslo_utils/excutils.py", line 232, in force_reraise
[Wed Jun 24 13:35:30.252095 2026] [wsgi:error] [pid 10:tid 140101457516224] [remote 10.0.0.203:34422] 2026-06-24 13:35:30.239 10 ERROR keystone.server.flask.application raise self.value
[Wed Jun 24 13:35:30.252098 2026] [wsgi:error] [pid 10:tid 140101457516224] [remote 10.0.0.203:34422] 2026-06-24 13:35:30.239 10 ERROR keystone.server.flask.application
File "/var/lib/openstack/lib/python3.12/site-packages/oslo_db/sqlalchemy/enginefacade.py", line 835, in _session
[Wed Jun 24 13:35:30.252100 2026] [wsgi:error] [pid 10:tid 140101457516224] [remote 10.0.0.203:34422] 2026-06-24 13:35:30.239 10 ERROR keystone.server.flask.application self._end_session_transaction(self.session)
[Wed Jun 24 13:35:30.252103 2026] [wsgi:error] [pid 10:tid 140101457516224] [remote 10.0.0.203:34422] 2026-06-24 13:35:30.239 10 ERROR keystone.server.flask.application
File "/var/lib/openstack/lib/python3.12/site-packages/oslo_db/sqlalchemy/enginefacade.py", line 748, in _end_session_transaction
[Wed Jun 24 13:35:30.252106 2026] [wsgi:error] [pid 10:tid 140101457516224] [remote 10.0.0.203:34422] 2026-06-24 13:35:30.239 10 ERROR keystone.server.flask.application session.commit()
[Wed Jun 24 13:35:30.252108 2026] [wsgi:error] [pid 10:tid 140101457516224] [remote 10.0.0.203:34422] 2026-06-24 13:35:30.239 10 ERROR keystone.server.flask.application
File "/var/lib/openstack/lib/python3.12/site-packages/sqlalchemy/orm/session.py", line 2034, in commit
[Wed Jun 24 13:35:30.252111 2026] [wsgi:error] [pid 10:tid 140101457516224] [remote 10.0.0.203:34422] 2026-06-24 13:35:30.239 10 ERROR keystone.server.flask.application trans.commit(_to_root=True)
[Wed Jun 24 13:35:30.252114 2026] [wsgi:error] [pid 10:tid 140101457516224] [remote 10.0.0.203:34422] 2026-06-24 13:35:30.239 10 ERROR keystone.server.flask.application File "", line 2, in commit
[Wed Jun 24 13:35:30.252116 2026] [wsgi:error] [pid 10:tid 140101457516224] [remote 10.0.0.203:34422] 2026-06-24 13:35:30.239 10 ERROR keystone.server.flask.application
File "/var/lib/openstack/lib/python3.12/site-packages/sqlalchemy/orm/state_changes.py", line 137, in _go
[Wed Jun 24 13:35:30.252119 2026] [wsgi:error] [pid 10:tid 140101457516224] [remote 10.0.0.203:34422] 2026-06-24 13:35:30.239 10 ERROR keystone.server.flask.application ret_value = fn(self, *arg, **kw)
[Wed Jun 24 13:35:30.252121 2026] [wsgi:error] [pid 10:tid 140101457516224] [remote 10.0.0.203:34422] 2026-06-24 13:35:30.239 10 ERROR keystone.server.flask.application ^^^^^^^^^^^^^^^^^^^^
[Wed Jun 24 13:35:30.252124 2026] [wsgi:error] [pid 10:tid 140101457516224] [remote 10.0.0.203:34422] 2026-06-24 13:35:30.239 10 ERROR keystone.server.flask.application
File "/var/lib/openstack/lib/python3.12/site-packages/sqlalchemy/orm/session.py", line 1315, in commit
[Wed Jun 24 13:35:30.252127 2026] [wsgi:error] [pid 10:tid 140101457516224] [remote 10.0.0.203:34422] 2026-06-24 13:35:30.239 10 ERROR keystone.server.flask.application self._prepare_impl()
[Wed Jun 24 13:35:30.252129 2026] [wsgi:error] [pid 10:tid 140101457516224] [remote 10.0.0.203:34422] 2026-06-24 13:35:30.239 10 ERROR keystone.server.flask.application File "", line 2, in _prepare_impl
[Wed Jun 24 13:35:30.252131 2026] [wsgi:error] [pid 10:tid 140101457516224] [remote 10.0.0.203:34422] 2026-06-24 13:35:30.239 10 ERROR keystone.server.flask.application
File "/var/lib/openstack/lib/python3.12/site-packages/sqlalchemy/orm/state_changes.py", line 137, in _go
[Wed Jun 24 13:35:30.252134 2026] [wsgi:error] [pid 10:tid 140101457516224] [remote 10.0.0.203:34422] 2026-06-24 13:35:30.239 10 ERROR keystone.server.flask.application ret_value = fn(self, *arg, **kw)
[Wed Jun 24 13:35:30.252136 2026] [wsgi:error] [pid 10:tid 140101457516224] [remote 10.0.0.203:34422] 2026-06-24 13:35:30.239 10 ERROR keystone.server.flask.application ^^^^^^^^^^^^^^^^^^^^
[Wed Jun 24 13:35:30.252139 2026] [wsgi:error] [pid 10:tid 140101457516224] [remote 10.0.0.203:34422] 2026-06-24 13:35:30.239 10 ERROR keystone.server.flask.application
File "/var/lib/openstack/lib/python3.12/site-packages/sqlalchemy/orm/session.py", line 1290, in _prepare_impl
[Wed Jun 24 13:35:30.252141 2026] [wsgi:error] [pid 10:tid 140101457516224] [remote 10.0.0.203:34422] 2026-06-24 13:35:30.239 10 ERROR keystone.server.flask.application self.session.flush()
[Wed Jun 24 13:35:30.252143 2026] [wsgi:error] [pid 10:tid 140101457516224] [remote 10.0.0.203:34422] 2026-06-24 13:35:30.239 10 ERROR keystone.server.flask.application
File "/var/lib/openstack/lib/python3.12/site-packages/sqlalchemy/orm/session.py", line 4352, in flush
[Wed Jun 24 13:35:30.252146 2026] [wsgi:error] [pid 10:tid 140101457516224] [remote 10.0.0.203:34422] 2026-06-24 13:35:30.239 10 ERROR keystone.server.flask.application self._flush(objects)
[Wed Jun 24 13:35:30.252148 2026] [wsgi:error] [pid 10:tid 140101457516224] [remote 10.0.0.203:34422] 2026-06-24 13:35:30.239 10 ERROR keystone.server.flask.application
File "/var/lib/openstack/lib/python3.12/site-packages/sqlalchemy/orm/session.py", line 4487, in _flush
[Wed Jun 24 13:35:30.252150 2026] [wsgi:error] [pid 10:tid 140101457516224] [remote 10.0.0.203:34422] 2026-06-24 13:35:30.239 10 ERROR keystone.server.flask.application with util.safe_reraise():
[Wed Jun 24 13:35:30.252153 2026] [wsgi:error] [pid 10:tid 140101457516224] [remote 10.0.0.203:34422] 2026-06-24 13:35:30.239 10 ERROR keystone.server.flask.application
File "/var/lib/openstack/lib/python3.12/site-packages/sqlalchemy/util/langhelpers.py", line 122, in __exit__
[Wed Jun 24 13:35:30.252156 2026] [wsgi:error] [pid 10:tid 140101457516224] [remote 10.0.0.203:34422] 2026-06-24 13:35:30.239 10 ERROR keystone.server.flask.application raise exc_value.with_traceback(exc_tb)
[Wed Jun 24 13:35:30.252158 2026] [wsgi:error] [pid 10:tid 140101457516224] [remote 10.0.0.203:34422] 2026-06-24 13:35:30.239 10 ERROR keystone.server.flask.application
File "/var/lib/openstack/lib/python3.12/site-packages/sqlalchemy/orm/session.py", line 4448, in _flush
[Wed Jun 24 13:35:30.252161 2026] [wsgi:error] [pid 10:tid 140101457516224] [remote 10.0.0.203:34422] 2026-06-24 13:35:30.239 10 ERROR keystone.server.flask.application flush_context.execute()
