2026-07-02 16:50:11.604 8 INFO placement.requestlog [req-b7cef1fe-e6fe-4c50-a2e9-1768d4c5fe25 req-014f42c7-9754-46e1-8ce6-445b66ce06f1 0d842a536f5849ea9b3e4067c4547b27 cffc1ed22f3042ebb0a2273d55c19e61 - - ccfec5c740d1401e92c599d70495fbb9 ccfec5c740d1401e92c599d70495fbb9] 199.204.45.223 "GET /allocations/e52a43eb-b4ad-4bca-97e7-3bc85a367e20" status: 200 len: 257 microversion: 1.28 [pid: 8|app: 0|req: 344/687] 199.204.45.223 () {34 vars in 863 bytes} [Thu Jul 2 16:50:11 2026] GET /allocations/e52a43eb-b4ad-4bca-97e7-3bc85a367e20 => generated 257 bytes in 16 msecs (HTTP/1.1 200) 8 headers in 296 bytes (1 switches on core 0)
2026-07-02 16:50:11.627 7 INFO placement.requestlog [req-b7cef1fe-e6fe-4c50-a2e9-1768d4c5fe25 req-8363f3f3-647e-4289-b346-4c8e552a2c3f 0d842a536f5849ea9b3e4067c4547b27 cffc1ed22f3042ebb0a2273d55c19e61 - - ccfec5c740d1401e92c599d70495fbb9 ccfec5c740d1401e92c599d70495fbb9] 199.204.45.223 "GET /allocations/f6a559ea-39dd-4cbe-b4a9-e86da16ec1cc" status: 200 len: 243 microversion: 1.28 [pid: 7|app: 0|req: 344/688] 199.204.45.223 () {34 vars in 863 bytes} [Thu Jul 2 16:50:11 2026] GET /allocations/f6a559ea-39dd-4cbe-b4a9-e86da16ec1cc => generated 243 bytes in 18 msecs (HTTP/1.1 200) 8 headers in 296 bytes (1 switches on core 0)
2026-07-02 16:50:12.686 8 INFO placement.requestlog [req-b7cef1fe-e6fe-4c50-a2e9-1768d4c5fe25 req-72862ea0-57fa-40a3-801a-68a53aa8b069 0d842a536f5849ea9b3e4067c4547b27 cffc1ed22f3042ebb0a2273d55c19e61 - - ccfec5c740d1401e92c599d70495fbb9 ccfec5c740d1401e92c599d70495fbb9] 199.204.45.223 "DELETE /allocations/f6a559ea-39dd-4cbe-b4a9-e86da16ec1cc" status: 204 len: 0 microversion: 1.0 [pid: 8|app: 0|req: 345/689] 199.204.45.223 () {34 vars in 841 bytes} [Thu Jul 2 16:50:12 2026] DELETE /allocations/f6a559ea-39dd-4cbe-b4a9-e86da16ec1cc => generated 0 bytes in 29 msecs (HTTP/1.1 204) 5 headers in 198 bytes (1 switches on core 0)
2026-07-02 16:50:14.745 8 INFO placement.requestlog [None req-2f9241d2-de6b-491f-a821-3a2dec82e3f1 97a5d9fba2df4dd98979ce124060d1e1 cffc1ed22f3042ebb0a2273d55c19e61 - - ccfec5c740d1401e92c599d70495fbb9 ccfec5c740d1401e92c599d70495fbb9] 10.0.0.185 "GET /resource_providers/18c2d7b8-5289-46ea-833d-3708f58fb973/aggregates" status: 404 len: 235 microversion: 1.1 [pid: 8|app: 0|req: 346/690] 10.0.0.185 () {32 vars in 816 bytes} [Thu Jul 2 16:50:14 2026] GET /resource_providers/18c2d7b8-5289-46ea-833d-3708f58fb973/aggregates => generated 235 bytes in 8 msecs (HTTP/1.1 404) 5 headers in 202 bytes (1 switches on core 0)
2026-07-02 16:50:14.746 7 INFO placement.requestlog [None req-8fd41824-3a5e-4332-9ec5-0b8d4fff1289 97a5d9fba2df4dd98979ce124060d1e1 cffc1ed22f3042ebb0a2273d55c19e61 - - ccfec5c740d1401e92c599d70495fbb9 ccfec5c740d1401e92c599d70495fbb9] 10.0.0.185 "GET /resource_providers/18c2d7b8-5289-46ea-833d-3708f58fb973/aggregates" status: 404 len: 235 microversion: 1.1 [pid: 7|app: 0|req: 345/691] 10.0.0.185 () {32 vars in 816 bytes} [Thu Jul 2 16:50:14 2026] GET /resource_providers/18c2d7b8-5289-46ea-833d-3708f58fb973/aggregates => generated 235 bytes in 9 msecs (HTTP/1.1 404) 5 headers in 202 bytes (1 switches on core 0)
2026-07-02 16:50:14.766 8 INFO placement.requestlog [None req-e35b903c-7b36-4b1d-8013-6c6d414fce01 97a5d9fba2df4dd98979ce124060d1e1 cffc1ed22f3042ebb0a2273d55c19e61 - - ccfec5c740d1401e92c599d70495fbb9 ccfec5c740d1401e92c599d70495fbb9] 10.0.0.185 "DELETE /resource_providers/18c2d7b8-5289-46ea-833d-3708f58fb973" status: 404 len: 246 microversion: 1.1 [pid: 8|app: 0|req: 347/692] 10.0.0.185 () {34 vars in 816 bytes} [Thu Jul 2 16:50:14 2026] DELETE /resource_providers/18c2d7b8-5289-46ea-833d-3708f58fb973 => generated 246 bytes in 11 msecs (HTTP/1.1 404) 6 headers in 231 bytes (1 switches on core 0)
2026-07-02 16:50:14.767 7 INFO placement.requestlog [None req-029ea69c-c8d0-4a48-be15-a1d485ea57c0 97a5d9fba2df4dd98979ce124060d1e1 cffc1ed22f3042ebb0a2273d55c19e61 - - ccfec5c740d1401e92c599d70495fbb9 ccfec5c740d1401e92c599d70495fbb9] 10.0.0.185 "DELETE /resource_providers/18c2d7b8-5289-46ea-833d-3708f58fb973" status: 404 len: 246 microversion: 1.1 [pid: 7|app: 0|req: 346/693] 10.0.0.185 () {34 vars in 816 bytes} [Thu Jul 2 16:50:14 2026] DELETE /resource_providers/18c2d7b8-5289-46ea-833d-3708f58fb973 => generated 246 bytes in 9 msecs (HTTP/1.1 404) 6 headers in 231 bytes (1 switches on core 0)
2026-07-02 16:50:16.137 8 INFO placement.requestlog [None req-d358fdd6-869a-4b76-a791-68f2c9a6cc9f 97a5d9fba2df4dd98979ce124060d1e1 cffc1ed22f3042ebb0a2273d55c19e61 - - ccfec5c740d1401e92c599d70495fbb9 ccfec5c740d1401e92c599d70495fbb9] 10.0.0.185 "GET /resource_providers/ffd2b2a4-1b00-45f2-8699-f36476cc96c4/aggregates" status: 404 len: 235 microversion: 1.1 [pid: 8|app: 0|req: 348/694] 10.0.0.185 () {32 vars in 816 bytes} [Thu Jul 2 16:50:16 2026] GET /resource_providers/ffd2b2a4-1b00-45f2-8699-f36476cc96c4/aggregates => generated 235 bytes in 17 msecs (HTTP/1.1 404) 5 headers in 202 bytes (1 switches on core 0)
2026-07-02 16:50:16.141 7 INFO placement.requestlog [None req-b5279b94-ad77-4a2c-bcea-4da96c1b112a 97a5d9fba2df4dd98979ce124060d1e1 cffc1ed22f3042ebb0a2273d55c19e61 - - ccfec5c740d1401e92c599d70495fbb9 ccfec5c740d1401e92c599d70495fbb9] 10.0.0.185 "GET /resource_providers/ffd2b2a4-1b00-45f2-8699-f36476cc96c4/aggregates" status: 404 len: 235 microversion: 1.1 [pid: 7|app: 0|req: 347/695] 10.0.0.185 () {32 vars in 816 bytes} [Thu Jul 2 16:50:16 2026] GET /resource_providers/ffd2b2a4-1b00-45f2-8699-f36476cc96c4/aggregates => generated 235 bytes in 13 msecs (HTTP/1.1 404) 5 headers in 202 bytes (1 switches on core 0)
2026-07-02 16:50:16.166 7 INFO placement.requestlog [None req-3778c6d2-2a4f-44a6-8dec-eb4f26185382 97a5d9fba2df4dd98979ce124060d1e1 cffc1ed22f3042ebb0a2273d55c19e61 - - ccfec5c740d1401e92c599d70495fbb9 ccfec5c740d1401e92c599d70495fbb9] 10.0.0.185 "DELETE /resource_providers/ffd2b2a4-1b00-45f2-8699-f36476cc96c4" status: 404 len: 246 microversion: 1.1 [pid: 7|app: 0|req: 348/696] 10.0.0.185 () {34 vars in 816 bytes} [Thu Jul 2 16:50:16 2026] DELETE /resource_providers/ffd2b2a4-1b00-45f2-8699-f36476cc96c4 => generated 246 bytes in 10 msecs (HTTP/1.1 404) 6 headers in 231 bytes (1 switches on core 0)
2026-07-02 16:50:16.173 8 INFO placement.requestlog [None req-9e20dd17-e402-4b8b-bd05-058e58fc94ee 97a5d9fba2df4dd98979ce124060d1e1 cffc1ed22f3042ebb0a2273d55c19e61 - - ccfec5c740d1401e92c599d70495fbb9 ccfec5c740d1401e92c599d70495fbb9] 10.0.0.185 "DELETE /resource_providers/ffd2b2a4-1b00-45f2-8699-f36476cc96c4" status: 404 len: 246 microversion: 1.1 [pid: 8|app: 0|req: 349/697] 10.0.0.185 () {34 vars in 816 bytes} [Thu Jul 2 16:50:16 2026] DELETE /resource_providers/ffd2b2a4-1b00-45f2-8699-f36476cc96c4 => generated 246 bytes in 19 msecs (HTTP/1.1 404) 6 headers in 231 bytes (1 switches on core 0)
2026-07-02 16:50:16.789 8 INFO placement.requestlog [None req-4889a506-e772-4910-a918-f89b79ba3dfe 97a5d9fba2df4dd98979ce124060d1e1 cffc1ed22f3042ebb0a2273d55c19e61 - - ccfec5c740d1401e92c599d70495fbb9 ccfec5c740d1401e92c599d70495fbb9] 10.0.0.185 "GET /resource_providers/c9f03494-9633-43cf-9b87-df068d1fb4a7/aggregates" status: 404 len: 235 microversion: 1.1 [pid: 8|app: 0|req: 350/698] 10.0.0.185 () {32 vars in 816 bytes} [Thu Jul 2 16:50:16 2026] GET /resource_providers/c9f03494-9633-43cf-9b87-df068d1fb4a7/aggregates => generated 235 bytes in 10 msecs (HTTP/1.1 404) 5 headers in 202 bytes (1 switches on core 0)
2026-07-02 16:50:16.790 7 INFO placement.requestlog [None req-d2c0361f-fd23-40ac-93a5-764cad70b783 97a5d9fba2df4dd98979ce124060d1e1 cffc1ed22f3042ebb0a2273d55c19e61 - - ccfec5c740d1401e92c599d70495fbb9 ccfec5c740d1401e92c599d70495fbb9] 10.0.0.185 "GET /resource_providers/c9f03494-9633-43cf-9b87-df068d1fb4a7/aggregates" status: 404 len: 235 microversion: 1.1 [pid: 7|app: 0|req: 349/699] 10.0.0.185 () {32 vars in 816 bytes} [Thu Jul 2 16:50:16 2026] GET /resource_providers/c9f03494-9633-43cf-9b87-df068d1fb4a7/aggregates => generated 235 bytes in 15 msecs (HTTP/1.1 404) 5 headers in 202 bytes (1 switches on core 0)
2026-07-02 16:50:16.808 8 INFO placement.requestlog [None req-83a1b446-150d-4397-ad13-2d7d717a6644 97a5d9fba2df4dd98979ce124060d1e1 cffc1ed22f3042ebb0a2273d55c19e61 - - ccfec5c740d1401e92c599d70495fbb9 ccfec5c740d1401e92c599d70495fbb9] 10.0.0.185 "DELETE /resource_providers/c9f03494-9633-43cf-9b87-df068d1fb4a7" status: 404 len: 246 microversion: 1.1 [pid: 8|app: 0|req: 351/700] 10.0.0.185 () {34 vars in 816 bytes} [Thu Jul 2 16:50:16 2026] DELETE /resource_providers/c9f03494-9633-43cf-9b87-df068d1fb4a7 => generated 246 bytes in 12 msecs (HTTP/1.1 404) 6 headers in 231 bytes (1 switches on core 0)
2026-07-02 16:50:16.813 7 INFO placement.requestlog [None req-05e582d7-a944-49cb-8ae5-a515d1a154f1 97a5d9fba2df4dd98979ce124060d1e1 cffc1ed22f3042ebb0a2273d55c19e61 - - ccfec5c740d1401e92c599d70495fbb9 ccfec5c740d1401e92c599d70495fbb9] 10.0.0.185 "DELETE /resource_providers/c9f03494-9633-43cf-9b87-df068d1fb4a7" status: 404 len: 246 microversion: 1.1 [pid: 7|app: 0|req: 350/701] 10.0.0.185 () {34 vars in 816 bytes} [Thu Jul 2 16:50:16 2026] DELETE /resource_providers/c9f03494-9633-43cf-9b87-df068d1fb4a7 => generated 246 bytes in 12 msecs (HTTP/1.1 404) 6 headers in 231 bytes (1 switches on core 0)
2026-07-02 16:50:18.208 8 INFO placement.requestlog [None req-ad37886d-7a1e-4fd5-a5a1-3c187221e732 97a5d9fba2df4dd98979ce124060d1e1 cffc1ed22f3042ebb0a2273d55c19e61 - - ccfec5c740d1401e92c599d70495fbb9 ccfec5c740d1401e92c599d70495fbb9] 10.0.0.185 "GET /resource_providers/de3dff67-c801-4ec5-b38e-fe7af6428a3e/aggregates" status: 404 len: 235 microversion: 1.1 [pid: 8|app: 0|req: 352/702] 10.0.0.185 () {32 vars in 816 bytes} [Thu Jul 2 16:50:18 2026] GET /resource_providers/de3dff67-c801-4ec5-b38e-fe7af6428a3e/aggregates => generated 235 bytes in 20 msecs (HTTP/1.1 404) 5 headers in 202 bytes (1 switches on core 0)
2026-07-02 16:50:18.209 7 INFO placement.requestlog [None req-3531a432-7af7-4c9e-88ba-84e60ce23c9a 97a5d9fba2df4dd98979ce124060d1e1 cffc1ed22f3042ebb0a2273d55c19e61 - - ccfec5c740d1401e92c599d70495fbb9 ccfec5c740d1401e92c599d70495fbb9] 10.0.0.185 "GET /resource_providers/de3dff67-c801-4ec5-b38e-fe7af6428a3e/aggregates" status: 404 len: 235 microversion: 1.1 [pid: 7|app: 0|req: 351/703] 10.0.0.185 () {32 vars in 816 bytes} [Thu Jul 2 16:50:18 2026] GET /resource_providers/de3dff67-c801-4ec5-b38e-fe7af6428a3e/aggregates => generated 235 bytes in 13 msecs (HTTP/1.1 404) 5 headers in 202 bytes (1 switches on core 0)
2026-07-02 16:50:18.234 8 INFO placement.requestlog [None req-495abb68-90ab-451b-8dcb-7fecfded0565 97a5d9fba2df4dd98979ce124060d1e1 cffc1ed22f3042ebb0a2273d55c19e61 - - ccfec5c740d1401e92c599d70495fbb9 ccfec5c740d1401e92c599d70495fbb9] 10.0.0.185 "DELETE /resource_providers/de3dff67-c801-4ec5-b38e-fe7af6428a3e" status: 404 len: 246 microversion: 1.1 [pid: 8|app: 0|req: 353/704] 10.0.0.185 () {34 vars in 816 bytes} [Thu Jul 2 16:50:18 2026] DELETE /resource_providers/de3dff67-c801-4ec5-b38e-fe7af6428a3e => generated 246 bytes in 10 msecs (HTTP/1.1 404) 6 headers in 231 bytes (1 switches on core 0)
2026-07-02 16:50:18.239 7 INFO placement.requestlog [None req-45045537-4266-49c3-aaad-91c1c34cbf15 97a5d9fba2df4dd98979ce124060d1e1 cffc1ed22f3042ebb0a2273d55c19e61 - - ccfec5c740d1401e92c599d70495fbb9 ccfec5c740d1401e92c599d70495fbb9] 10.0.0.185 "DELETE /resource_providers/de3dff67-c801-4ec5-b38e-fe7af6428a3e" status: 404 len: 246 microversion: 1.1 [pid: 7|app: 0|req: 352/705] 10.0.0.185 () {34 vars in 816 bytes} [Thu Jul 2 16:50:18 2026] DELETE /resource_providers/de3dff67-c801-4ec5-b38e-fe7af6428a3e => generated 246 bytes in 12 msecs (HTTP/1.1 404) 6 headers in 231 bytes (1 switches on core 0)
2026-07-02 16:50:19.510 8 INFO placement.requestlog [None req-2b485d64-bf52-4cb8-8234-7aa59ca91a7d 97a5d9fba2df4dd98979ce124060d1e1 cffc1ed22f3042ebb0a2273d55c19e61 - - ccfec5c740d1401e92c599d70495fbb9 ccfec5c740d1401e92c599d70495fbb9] 10.0.0.185 "GET /resource_providers/27637d4a-8ecd-4331-96cf-bff6ad319f5e/aggregates" status: 404 len: 235 microversion: 1.1 [pid: 8|app: 0|req: 354/706] 10.0.0.185 () {32 vars in 816 bytes} [Thu Jul 2 16:50:19 2026] GET /resource_providers/27637d4a-8ecd-4331-96cf-bff6ad319f5e/aggregates => generated 235 bytes in 10 msecs (HTTP/1.1 404) 5 headers in 202 bytes (1 switches on core 0)
2026-07-02 16:50:19.519 7 INFO placement.requestlog [None req-f4613987-b0ef-4132-a73a-35c4590d6576 97a5d9fba2df4dd98979ce124060d1e1 cffc1ed22f3042ebb0a2273d55c19e61 - - ccfec5c740d1401e92c599d70495fbb9 ccfec5c740d1401e92c599d70495fbb9] 10.0.0.185 "GET /resource_providers/27637d4a-8ecd-4331-96cf-bff6ad319f5e/aggregates" status: 404 len: 235 microversion: 1.1 [pid: 7|app: 0|req: 353/707] 10.0.0.185 () {32 vars in 816 bytes} [Thu Jul 2 16:50:19 2026] GET /resource_providers/27637d4a-8ecd-4331-96cf-bff6ad319f5e/aggregates => generated 235 bytes in 13 msecs (HTTP/1.1 404) 5 headers in 202 bytes (1 switches on core 0)
2026-07-02 16:50:19.527 8 INFO placement.requestlog [None req-60dfcade-5254-412c-9ab8-60a77d413fbd 97a5d9fba2df4dd98979ce124060d1e1 cffc1ed22f3042ebb0a2273d55c19e61 - - ccfec5c740d1401e92c599d70495fbb9 ccfec5c740d1401e92c599d70495fbb9] 10.0.0.185 "DELETE /resource_providers/27637d4a-8ecd-4331-96cf-bff6ad319f5e" status: 404 len: 246 microversion: 1.1 [pid: 8|app: 0|req: 355/708] 10.0.0.185 () {34 vars in 816 bytes} [Thu Jul 2 16:50:19 2026] DELETE /resource_providers/27637d4a-8ecd-4331-96cf-bff6ad319f5e => generated 246 bytes in 10 msecs (HTTP/1.1 404) 6 headers in 231 bytes (1 switches on core 0)
2026-07-02 16:50:19.539 7 INFO placement.requestlog [None req-89841a19-cf6a-4585-8ed5-14a71a045408 97a5d9fba2df4dd98979ce124060d1e1 cffc1ed22f3042ebb0a2273d55c19e61 - - ccfec5c740d1401e92c599d70495fbb9 ccfec5c740d1401e92c599d70495fbb9] 10.0.0.185 "DELETE /resource_providers/27637d4a-8ecd-4331-96cf-bff6ad319f5e" status: 404 len: 246 microversion: 1.1 [pid: 7|app: 0|req: 354/709] 10.0.0.185 () {34 vars in 816 bytes} [Thu Jul 2 16:50:19 2026] DELETE /resource_providers/27637d4a-8ecd-4331-96cf-bff6ad319f5e => generated 246 bytes in 12 msecs (HTTP/1.1 404) 6 headers in 231 bytes (1 switches on core 0)
2026-07-02 16:50:20.422 8 INFO placement.requestlog [None req-0b8c2cbb-0389-433b-842e-25bb5417173b - - - - - -] 10.0.0.200 "GET /" status: 200 len: 136 microversion: 1.0
2026-07-02 16:50:20.422 7 INFO placement.requestlog [None req-a4c4f032-69f6-414c-916f-7cd0067bcb5e - - - - - -] 10.0.0.200 "GET /" status: 200 len: 136 microversion: 1.0
2026-07-02 16:50:21.550 7 INFO placement.requestlog [None req-6b65f856-68ea-40a3-8c49-c7ddba21c337 97a5d9fba2df4dd98979ce124060d1e1 cffc1ed22f3042ebb0a2273d55c19e61 - - ccfec5c740d1401e92c599d70495fbb9 ccfec5c740d1401e92c599d70495fbb9] 10.0.0.185 "GET /resource_providers/6e16149d-0a98-47f9-bdc4-7beef0c0f1a8/aggregates" status: 404 len: 235 microversion: 1.1 [pid: 7|app: 0|req: 356/712] 10.0.0.185 () {32 vars in 816 bytes} [Thu Jul 2 16:50:21 2026] GET /resource_providers/6e16149d-0a98-47f9-bdc4-7beef0c0f1a8/aggregates => generated 235 bytes in 11 msecs (HTTP/1.1 404) 5 headers in 202 bytes (1 switches on core 0)
2026-07-02 16:50:21.569 8 INFO placement.requestlog [None req-5c4b398f-17d4-4632-a738-3b9c6f83b863 97a5d9fba2df4dd98979ce124060d1e1 cffc1ed22f3042ebb0a2273d55c19e61 - - ccfec5c740d1401e92c599d70495fbb9 ccfec5c740d1401e92c599d70495fbb9] 10.0.0.185 "GET /resource_providers/6e16149d-0a98-47f9-bdc4-7beef0c0f1a8/aggregates" status: 404 len: 235 microversion: 1.1 [pid: 8|app: 0|req: 357/713] 10.0.0.185 () {32 vars in 816 bytes} [Thu Jul 2 16:50:21 2026] GET /resource_providers/6e16149d-0a98-47f9-bdc4-7beef0c0f1a8/aggregates => generated 235 bytes in 13 msecs (HTTP/1.1 404) 5 headers in 202 bytes (1 switches on core 0)
2026-07-02 16:50:21.572 7 INFO placement.requestlog [None req-dd162d11-6f96-41d8-8669-f9b717f4fa4d 97a5d9fba2df4dd98979ce124060d1e1 cffc1ed22f3042ebb0a2273d55c19e61 - - ccfec5c740d1401e92c599d70495fbb9 ccfec5c740d1401e92c599d70495fbb9] 10.0.0.185 "DELETE /resource_providers/6e16149d-0a98-47f9-bdc4-7beef0c0f1a8" status: 404 len: 246 microversion: 1.1 [pid: 7|app: 0|req: 357/714] 10.0.0.185 () {34 vars in 816 bytes} [Thu Jul 2 16:50:21 2026] DELETE /resource_providers/6e16149d-0a98-47f9-bdc4-7beef0c0f1a8 => generated 246 bytes in 8 msecs (HTTP/1.1 404) 6 headers in 231 bytes (1 switches on core 0)
2026-07-02 16:50:21.600 8 INFO placement.requestlog [None req-eec287fb-bfce-4dc3-ba72-f7e729d86ba0 97a5d9fba2df4dd98979ce124060d1e1 cffc1ed22f3042ebb0a2273d55c19e61 - - ccfec5c740d1401e92c599d70495fbb9 ccfec5c740d1401e92c599d70495fbb9] 10.0.0.185 "DELETE /resource_providers/6e16149d-0a98-47f9-bdc4-7beef0c0f1a8" status: 404 len: 246 microversion: 1.1 [pid: 8|app: 0|req: 358/715] 10.0.0.185 () {34 vars in 816 bytes} [Thu Jul 2 16:50:21 2026] DELETE /resource_providers/6e16149d-0a98-47f9-bdc4-7beef0c0f1a8 => generated 246 bytes in 11 msecs (HTTP/1.1 404) 6 headers in 231 bytes (1 switches on core 0)
2026-07-02 16:50:23.603 7 INFO placement.requestlog [None req-96853c7d-9b93-4bf4-991f-583ed166fac6 97a5d9fba2df4dd98979ce124060d1e1 cffc1ed22f3042ebb0a2273d55c19e61 - - ccfec5c740d1401e92c599d70495fbb9 ccfec5c740d1401e92c599d70495fbb9] 10.0.0.185 "GET /resource_providers/e7b7ebd7-63c2-4ae5-b90b-b9efb291e967/aggregates" status: 404 len: 235 microversion: 1.1 [pid: 7|app: 0|req: 358/716] 10.0.0.185 () {32 vars in 816 bytes} [Thu Jul 2 16:50:23 2026] GET /resource_providers/e7b7ebd7-63c2-4ae5-b90b-b9efb291e967/aggregates => generated 235 bytes in 12 msecs (HTTP/1.1 404) 5 headers in 202 bytes (1 switches on core 0)
2026-07-02 16:50:23.626 8 INFO placement.requestlog [None req-5a20584d-c20c-4ae4-8849-d72b2d7a656f 97a5d9fba2df4dd98979ce124060d1e1 cffc1ed22f3042ebb0a2273d55c19e61 - - ccfec5c740d1401e92c599d70495fbb9 ccfec5c740d1401e92c599d70495fbb9] 10.0.0.185 "GET /resource_providers/e7b7ebd7-63c2-4ae5-b90b-b9efb291e967/aggregates" status: 404 len: 235 microversion: 1.1 [pid: 8|app: 0|req: 359/717] 10.0.0.185 () {32 vars in 816 bytes} [Thu Jul 2 16:50:23 2026] GET /resource_providers/e7b7ebd7-63c2-4ae5-b90b-b9efb291e967/aggregates => generated 235 bytes in 8 msecs (HTTP/1.1 404) 5 headers in 202 bytes (1 switches on core 0)
2026-07-02 16:50:23.632 7 INFO placement.requestlog [None req-7c6978bd-193b-430f-8f01-1bd3a0c90220 97a5d9fba2df4dd98979ce124060d1e1 cffc1ed22f3042ebb0a2273d55c19e61 - - ccfec5c740d1401e92c599d70495fbb9 ccfec5c740d1401e92c599d70495fbb9] 10.0.0.185 "DELETE /resource_providers/e7b7ebd7-63c2-4ae5-b90b-b9efb291e967" status: 404 len: 246 microversion: 1.1 [pid: 7|app: 0|req: 359/718] 10.0.0.185 () {34 vars in 816 bytes} [Thu Jul 2 16:50:23 2026] DELETE /resource_providers/e7b7ebd7-63c2-4ae5-b90b-b9efb291e967 => generated 246 bytes in 12 msecs (HTTP/1.1 404) 6 headers in 231 bytes (1 switches on core 0)
2026-07-02 16:50:23.646 8 INFO placement.requestlog [None req-d069dc03-3a41-4c5f-86db-f7f9712d7745 97a5d9fba2df4dd98979ce124060d1e1 cffc1ed22f3042ebb0a2273d55c19e61 - - ccfec5c740d1401e92c599d70495fbb9 ccfec5c740d1401e92c599d70495fbb9] 10.0.0.185 "DELETE /resource_providers/e7b7ebd7-63c2-4ae5-b90b-b9efb291e967" status: 404 len: 246 microversion: 1.1 [pid: 8|app: 0|req: 360/719] 10.0.0.185 () {34 vars in 816 bytes} [Thu Jul 2 16:50:23 2026] DELETE /resource_providers/e7b7ebd7-63c2-4ae5-b90b-b9efb291e967 => generated 246 bytes in 10 msecs (HTTP/1.1 404) 6 headers in 231 bytes (1 switches on core 0)
2026-07-02 16:50:26.346 7 INFO placement.requestlog [req-3ccad0a5-8c5b-4f4a-9661-d58fb033b63f req-c8badcf4-6738-4f6f-8827-d339a346c7b3 0d842a536f5849ea9b3e4067c4547b27 cffc1ed22f3042ebb0a2273d55c19e61 - - ccfec5c740d1401e92c599d70495fbb9 ccfec5c740d1401e92c599d70495fbb9] 10.0.0.51 "GET /allocation_candidates?limit=1000&resources=DISK_GB%3A1%2CMEMORY_MB%3A512%2CVCPU%3A1&root_required=%21COMPUTE_STATUS_DISABLED" status: 200 len: 2783 microversion: 1.36 [pid: 7|app: 0|req: 360/720] 10.0.0.51 () {34 vars in 1011 bytes} [Thu Jul 2 16:50:26 2026] GET /allocation_candidates?limit=1000&resources=DISK_GB%3A1%2CMEMORY_MB%3A512%2CVCPU%3A1&root_required=%21COMPUTE_STATUS_DISABLED => generated 2783 bytes in 78 msecs (HTTP/1.1 200) 8 headers in 297 bytes (1 switches on core 0)
2026-07-02 16:50:26.385 8 INFO placement.requestlog [req-3ccad0a5-8c5b-4f4a-9661-d58fb033b63f req-f7bf178d-3d7f-4548-892a-73123413826f 0d842a536f5849ea9b3e4067c4547b27 cffc1ed22f3042ebb0a2273d55c19e61 - - ccfec5c740d1401e92c599d70495fbb9 ccfec5c740d1401e92c599d70495fbb9] 10.0.0.51 "GET /allocations/cfbb8e3d-6d0e-4086-b7f7-31672eaf86ff" status: 200 len: 19 microversion: 1.28 [pid: 8|app: 0|req: 361/721] 10.0.0.51 () {34 vars in 860 bytes} [Thu Jul 2 16:50:26 2026] GET /allocations/cfbb8e3d-6d0e-4086-b7f7-31672eaf86ff => generated 19 bytes in 18 msecs (HTTP/1.1 200) 8 headers in 295 bytes (1 switches on core 0)
2026-07-02 16:50:26.481 7 INFO placement.requestlog [req-3ccad0a5-8c5b-4f4a-9661-d58fb033b63f req-c8666d76-5621-4f6e-a621-b13ef446054c 0d842a536f5849ea9b3e4067c4547b27 cffc1ed22f3042ebb0a2273d55c19e61 - - ccfec5c740d1401e92c599d70495fbb9 ccfec5c740d1401e92c599d70495fbb9] 10.0.0.51 "PUT /allocations/cfbb8e3d-6d0e-4086-b7f7-31672eaf86ff" status: 204 len: 0 microversion: 1.36 [pid: 7|app: 0|req: 361/722] 10.0.0.51 () {38 vars in 913 bytes} [Thu Jul 2 16:50:26 2026] PUT /allocations/cfbb8e3d-6d0e-4086-b7f7-31672eaf86ff => generated 0 bytes in 89 msecs (HTTP/1.1 204) 5 headers in 199 bytes (1 switches on core 0)
2026-07-02 16:50:27.932 8 INFO placement.requestlog [req-3ccad0a5-8c5b-4f4a-9661-d58fb033b63f req-0c369efe-0fc7-43e9-b5f0-13ed1b3dce12 0d842a536f5849ea9b3e4067c4547b27 cffc1ed22f3042ebb0a2273d55c19e61 - - ccfec5c740d1401e92c599d70495fbb9 ccfec5c740d1401e92c599d70495fbb9] 199.204.45.223 "GET /allocations/cfbb8e3d-6d0e-4086-b7f7-31672eaf86ff" status: 200 len: 257 microversion: 1.28 [pid: 8|app: 0|req: 362/723] 199.204.45.223 () {34 vars in 863 bytes} [Thu Jul 2 16:50:27 2026] GET /allocations/cfbb8e3d-6d0e-4086-b7f7-31672eaf86ff => generated 257 bytes in 12 msecs (HTTP/1.1 200) 8 headers in 296 bytes (1 switches on core 0)
2026-07-02 16:50:28.980 7 INFO placement.requestlog [req-3ccad0a5-8c5b-4f4a-9661-d58fb033b63f req-f48c0f5d-a29e-48ce-b467-fc142b83814c 0d842a536f5849ea9b3e4067c4547b27 cffc1ed22f3042ebb0a2273d55c19e61 - - ccfec5c740d1401e92c599d70495fbb9 ccfec5c740d1401e92c599d70495fbb9] 199.204.45.223 "GET /resource_providers/66ed4e12-b479-4dc4-8686-bb39aa7929f4/allocations" status: 200 len: 252 microversion: 1.0 [pid: 7|app: 0|req: 362/724] 199.204.45.223 () {32 vars in 857 bytes} [Thu Jul 2 16:50:28 2026] GET /resource_providers/66ed4e12-b479-4dc4-8686-bb39aa7929f4/allocations => generated 252 bytes in 22 msecs (HTTP/1.1 200) 6 headers in 224 bytes (1 switches on core 0)
2026-07-02 16:50:29.003 8 INFO placement.requestlog [req-3ccad0a5-8c5b-4f4a-9661-d58fb033b63f req-2333b60f-416d-4342-a723-21112e904a6f 0d842a536f5849ea9b3e4067c4547b27 cffc1ed22f3042ebb0a2273d55c19e61 - - ccfec5c740d1401e92c599d70495fbb9 ccfec5c740d1401e92c599d70495fbb9] 199.204.45.223 "GET /allocations/e52a43eb-b4ad-4bca-97e7-3bc85a367e20" status: 200 len: 257 microversion: 1.28 [pid: 8|app: 0|req: 363/725] 199.204.45.223 () {34 vars in 863 bytes} [Thu Jul 2 16:50:28 2026] GET /allocations/e52a43eb-b4ad-4bca-97e7-3bc85a367e20 => generated 257 bytes in 16 msecs (HTTP/1.1 200) 8 headers in 296 bytes (1 switches on core 0)
2026-07-02 16:50:29.025 7 INFO placement.requestlog [req-3ccad0a5-8c5b-4f4a-9661-d58fb033b63f req-ff3dc4b3-aec2-4a8f-978a-060a752f0af8 0d842a536f5849ea9b3e4067c4547b27 cffc1ed22f3042ebb0a2273d55c19e61 - - ccfec5c740d1401e92c599d70495fbb9 ccfec5c740d1401e92c599d70495fbb9] 199.204.45.223 "GET /allocations/cfbb8e3d-6d0e-4086-b7f7-31672eaf86ff" status: 200 len: 257 microversion: 1.28 [pid: 7|app: 0|req: 363/726] 199.204.45.223 () {34 vars in 863 bytes} [Thu Jul 2 16:50:29 2026] GET /allocations/cfbb8e3d-6d0e-4086-b7f7-31672eaf86ff => generated 257 bytes in 15 msecs (HTTP/1.1 200) 8 headers in 296 bytes (1 switches on core 0)
2026-07-02 16:50:30.423 7 INFO placement.requestlog [None req-f18d0630-32aa-4725-8eea-5c3aadd6a713 - - - - - -] 10.0.0.200 "GET /" status: 200 len: 136 microversion: 1.0
2026-07-02 16:50:30.424 8 INFO placement.requestlog [None req-4b76ff27-21e2-4425-b56f-b1703bdc2932 - - - - - -] 10.0.0.200 "GET /" status: 200 len: 136 microversion: 1.0
2026-07-02 16:50:35.938 7 INFO placement.requestlog [req-22caa992-4e40-4f91-a6c3-b979fecef439 req-99265a71-da99-405c-95d7-24e16a846bb1 0d842a536f5849ea9b3e4067c4547b27 cffc1ed22f3042ebb0a2273d55c19e61 - - ccfec5c740d1401e92c599d70495fbb9 ccfec5c740d1401e92c599d70495fbb9] 199.204.45.223 "GET /resource_providers/66ed4e12-b479-4dc4-8686-bb39aa7929f4/allocations" status: 200 len: 252 microversion: 1.0 [pid: 7|app: 0|req: 365/729] 199.204.45.223 () {32 vars in 857 bytes} [Thu Jul 2 16:50:35 2026] GET /resource_providers/66ed4e12-b479-4dc4-8686-bb39aa7929f4/allocations => generated 252 bytes in 20 msecs (HTTP/1.1 200) 6 headers in 224 bytes (1 switches on core 0)
2026-07-02 16:50:35.961 8 INFO placement.requestlog [req-22caa992-4e40-4f91-a6c3-b979fecef439 req-c08262ac-23e3-43ca-b93e-b41aba6c92ff 0d842a536f5849ea9b3e4067c4547b27 cffc1ed22f3042ebb0a2273d55c19e61 - - ccfec5c740d1401e92c599d70495fbb9 ccfec5c740d1401e92c599d70495fbb9] 199.204.45.223 "GET /allocations/e52a43eb-b4ad-4bca-97e7-3bc85a367e20" status: 200 len: 257 microversion: 1.28 [pid: 8|app: 0|req: 365/730] 199.204.45.223 () {34 vars in 863 bytes} [Thu Jul 2 16:50:35 2026] GET /allocations/e52a43eb-b4ad-4bca-97e7-3bc85a367e20 => generated 257 bytes in 17 msecs (HTTP/1.1 200) 8 headers in 296 bytes (1 switches on core 0)
2026-07-02 16:50:35.978 7 INFO placement.requestlog [req-22caa992-4e40-4f91-a6c3-b979fecef439 req-74eb8b4a-a41f-4523-96fb-0d8202261239 0d842a536f5849ea9b3e4067c4547b27 cffc1ed22f3042ebb0a2273d55c19e61 - - ccfec5c740d1401e92c599d70495fbb9 ccfec5c740d1401e92c599d70495fbb9] 199.204.45.223 "GET /allocations/cfbb8e3d-6d0e-4086-b7f7-31672eaf86ff" status: 200 len: 257 microversion: 1.28 [pid: 7|app: 0|req: 366/731] 199.204.45.223 () {34 vars in 863 bytes} [Thu Jul 2 16:50:35 2026] GET /allocations/cfbb8e3d-6d0e-4086-b7f7-31672eaf86ff => generated 257 bytes in 13 msecs (HTTP/1.1 200) 8 headers in 296 bytes (1 switches on core 0)
2026-07-02 16:50:37.034 8 INFO placement.requestlog [req-22caa992-4e40-4f91-a6c3-b979fecef439 req-20f6b0b5-1e72-4c53-a737-6898a7c2cad5 0d842a536f5849ea9b3e4067c4547b27 cffc1ed22f3042ebb0a2273d55c19e61 - - ccfec5c740d1401e92c599d70495fbb9 ccfec5c740d1401e92c599d70495fbb9] 199.204.45.223 "DELETE /allocations/e52a43eb-b4ad-4bca-97e7-3bc85a367e20" status: 204 len: 0 microversion: 1.0 [pid: 8|app: 0|req: 366/732] 199.204.45.223 () {34 vars in 841 bytes} [Thu Jul 2 16:50:37 2026] DELETE /allocations/e52a43eb-b4ad-4bca-97e7-3bc85a367e20 => generated 0 bytes in 26 msecs (HTTP/1.1 204) 5 headers in 198 bytes (1 switches on core 0)
2026-07-02 16:50:40.423 8 INFO placement.requestlog [None req-e6c8aed0-064a-4423-a8d2-6f1c8171335a - - - - - -] 10.0.0.200 "GET /" status: 200 len: 136 microversion: 1.0
2026-07-02 16:50:40.423 7 INFO placement.requestlog [None req-e244aa0f-2ded-458b-8209-07065ca2397f - - - - - -] 10.0.0.200 "GET /" status: 200 len: 136 microversion: 1.0
2026-07-02 16:50:40.745 7 INFO placement.requestlog [None req-9e742585-d3b7-4035-aa80-bb3d06161885 97a5d9fba2df4dd98979ce124060d1e1 cffc1ed22f3042ebb0a2273d55c19e61 - - ccfec5c740d1401e92c599d70495fbb9 ccfec5c740d1401e92c599d70495fbb9] 10.0.0.185 "GET /resource_providers/909eb591-3589-4774-bb15-e485baa7cd89/aggregates" status: 404 len: 235 microversion: 1.1 [pid: 7|app: 0|req: 368/735] 10.0.0.185 () {32 vars in 816 bytes} [Thu Jul 2 16:50:40 2026] GET /resource_providers/909eb591-3589-4774-bb15-e485baa7cd89/aggregates => generated 235 bytes in 13 msecs (HTTP/1.1 404) 5 headers in 202 bytes (1 switches on core 0)
2026-07-02 16:50:40.751 8 INFO placement.requestlog [None req-d7ad7957-babf-4ac7-a0ae-39441231e0f1 97a5d9fba2df4dd98979ce124060d1e1 cffc1ed22f3042ebb0a2273d55c19e61 - - ccfec5c740d1401e92c599d70495fbb9 ccfec5c740d1401e92c599d70495fbb9] 10.0.0.185 "GET /resource_providers/909eb591-3589-4774-bb15-e485baa7cd89/aggregates" status: 404 len: 235 microversion: 1.1 [pid: 8|app: 0|req: 368/736] 10.0.0.185 () {32 vars in 816 bytes} [Thu Jul 2 16:50:40 2026] GET /resource_providers/909eb591-3589-4774-bb15-e485baa7cd89/aggregates => generated 235 bytes in 13 msecs (HTTP/1.1 404) 5 headers in 202 bytes (1 switches on core 0)
2026-07-02 16:50:40.769 7 INFO placement.requestlog [None req-700f4da0-d908-4eb4-9d49-f834a4da1bcd 97a5d9fba2df4dd98979ce124060d1e1 cffc1ed22f3042ebb0a2273d55c19e61 - - ccfec5c740d1401e92c599d70495fbb9 ccfec5c740d1401e92c599d70495fbb9] 10.0.0.185 "DELETE /resource_providers/909eb591-3589-4774-bb15-e485baa7cd89" status: 404 len: 246 microversion: 1.1 [pid: 7|app: 0|req: 369/737] 10.0.0.185 () {34 vars in 816 bytes} [Thu Jul 2 16:50:40 2026] DELETE /resource_providers/909eb591-3589-4774-bb15-e485baa7cd89 => generated 246 bytes in 9 msecs (HTTP/1.1 404) 6 headers in 231 bytes (1 switches on core 0)
2026-07-02 16:50:40.774 8 INFO placement.requestlog [None req-0bd78b3b-b003-4a31-ab15-1bee8c61acf7 97a5d9fba2df4dd98979ce124060d1e1 cffc1ed22f3042ebb0a2273d55c19e61 - - ccfec5c740d1401e92c599d70495fbb9 ccfec5c740d1401e92c599d70495fbb9] 10.0.0.185 "DELETE /resource_providers/909eb591-3589-4774-bb15-e485baa7cd89" status: 404 len: 246 microversion: 1.1 [pid: 8|app: 0|req: 369/738] 10.0.0.185 () {34 vars in 816 bytes} [Thu Jul 2 16:50:40 2026] DELETE /resource_providers/909eb591-3589-4774-bb15-e485baa7cd89 => generated 246 bytes in 10 msecs (HTTP/1.1 404) 6 headers in 231 bytes (1 switches on core 0)
2026-07-02 16:50:41.398 7 INFO placement.requestlog [None req-6f116778-9bbf-45dc-880a-15d9790eca5a 97a5d9fba2df4dd98979ce124060d1e1 cffc1ed22f3042ebb0a2273d55c19e61 - - ccfec5c740d1401e92c599d70495fbb9 ccfec5c740d1401e92c599d70495fbb9] 10.0.0.185 "GET /resource_providers/d04cfb9a-93f8-4a27-b90a-0c3fea068b70/aggregates" status: 404 len: 235 microversion: 1.1 [pid: 7|app: 0|req: 370/739] 10.0.0.185 () {32 vars in 816 bytes} [Thu Jul 2 16:50:41 2026] GET /resource_providers/d04cfb9a-93f8-4a27-b90a-0c3fea068b70/aggregates => generated 235 bytes in 12 msecs (HTTP/1.1 404) 5 headers in 202 bytes (1 switches on core 0)
2026-07-02 16:50:41.403 8 INFO placement.requestlog [None req-7058474b-4739-4820-9672-643a9de22b6e 97a5d9fba2df4dd98979ce124060d1e1 cffc1ed22f3042ebb0a2273d55c19e61 - - ccfec5c740d1401e92c599d70495fbb9 ccfec5c740d1401e92c599d70495fbb9] 10.0.0.185 "GET /resource_providers/d04cfb9a-93f8-4a27-b90a-0c3fea068b70/aggregates" status: 404 len: 235 microversion: 1.1 [pid: 8|app: 0|req: 370/740] 10.0.0.185 () {32 vars in 816 bytes} [Thu Jul 2 16:50:41 2026] GET /resource_providers/d04cfb9a-93f8-4a27-b90a-0c3fea068b70/aggregates => generated 235 bytes in 11 msecs (HTTP/1.1 404) 5 headers in 202 bytes (1 switches on core 0)
2026-07-02 16:50:41.420 7 INFO placement.requestlog [None req-9136ee2a-a0f2-4fae-909d-34dad8e3168a 97a5d9fba2df4dd98979ce124060d1e1 cffc1ed22f3042ebb0a2273d55c19e61 - - ccfec5c740d1401e92c599d70495fbb9 ccfec5c740d1401e92c599d70495fbb9] 10.0.0.185 "DELETE /resource_providers/d04cfb9a-93f8-4a27-b90a-0c3fea068b70" status: 404 len: 246 microversion: 1.1 [pid: 7|app: 0|req: 371/741] 10.0.0.185 () {34 vars in 816 bytes} [Thu Jul 2 16:50:41 2026] DELETE /resource_providers/d04cfb9a-93f8-4a27-b90a-0c3fea068b70 => generated 246 bytes in 9 msecs (HTTP/1.1 404) 6 headers in 231 bytes (1 switches on core 0)
2026-07-02 16:50:41.423 8 INFO placement.requestlog [None req-55ca36f8-d758-4c61-83a5-0cbca3216a0f 97a5d9fba2df4dd98979ce124060d1e1 cffc1ed22f3042ebb0a2273d55c19e61 - - ccfec5c740d1401e92c599d70495fbb9 ccfec5c740d1401e92c599d70495fbb9] 10.0.0.185 "DELETE /resource_providers/d04cfb9a-93f8-4a27-b90a-0c3fea068b70" status: 404 len: 246 microversion: 1.1 [pid: 8|app: 0|req: 371/742] 10.0.0.185 () {34 vars in 816 bytes} [Thu Jul 2 16:50:41 2026] DELETE /resource_providers/d04cfb9a-93f8-4a27-b90a-0c3fea068b70 => generated 246 bytes in 11 msecs (HTTP/1.1 404) 6 headers in 231 bytes (1 switches on core 0)
2026-07-02 16:50:44.079 7 INFO placement.requestlog [req-5d20e911-5cc7-40b2-a597-c0f0a0f7e7b4 req-9d0ff63e-cc2a-433d-84f3-3c4b515dffcb 0d842a536f5849ea9b3e4067c4547b27 cffc1ed22f3042ebb0a2273d55c19e61 - - ccfec5c740d1401e92c599d70495fbb9 ccfec5c740d1401e92c599d70495fbb9] 199.204.45.223 "GET /resource_providers/66ed4e12-b479-4dc4-8686-bb39aa7929f4/allocations" status: 200 len: 152 microversion: 1.0 [pid: 7|app: 0|req: 372/743] 199.204.45.223 () {32 vars in 857 bytes} [Thu Jul 2 16:50:44 2026] GET /resource_providers/66ed4e12-b479-4dc4-8686-bb39aa7929f4/allocations => generated 152 bytes in 20 msecs (HTTP/1.1 200) 6 headers in 224 bytes (1 switches on core 0)
2026-07-02 16:50:44.104 8 INFO placement.requestlog [req-5d20e911-5cc7-40b2-a597-c0f0a0f7e7b4 req-881b534e-c32d-48de-b2a9-f1b988319328 0d842a536f5849ea9b3e4067c4547b27 cffc1ed22f3042ebb0a2273d55c19e61 - - ccfec5c740d1401e92c599d70495fbb9 ccfec5c740d1401e92c599d70495fbb9] 199.204.45.223 "GET /resource_providers/66ed4e12-b479-4dc4-8686-bb39aa7929f4/allocations" status: 200 len: 152 microversion: 1.0 [pid: 8|app: 0|req: 372/744] 199.204.45.223 () {32 vars in 857 bytes} [Thu Jul 2 16:50:44 2026] GET /resource_providers/66ed4e12-b479-4dc4-8686-bb39aa7929f4/allocations => generated 152 bytes in 17 msecs (HTTP/1.1 200) 6 headers in 224 bytes (1 switches on core 0)
2026-07-02 16:50:44.129 7 INFO placement.requestlog [req-5d20e911-5cc7-40b2-a597-c0f0a0f7e7b4 req-7916c182-d7dd-47fd-b1c9-40bd488cc37a 0d842a536f5849ea9b3e4067c4547b27 cffc1ed22f3042ebb0a2273d55c19e61 - - ccfec5c740d1401e92c599d70495fbb9 ccfec5c740d1401e92c599d70495fbb9] 199.204.45.223 "GET /allocations/cfbb8e3d-6d0e-4086-b7f7-31672eaf86ff" status: 200 len: 257 microversion: 1.28 [pid: 7|app: 0|req: 373/745] 199.204.45.223 () {34 vars in 863 bytes} [Thu Jul 2 16:50:44 2026] GET /allocations/cfbb8e3d-6d0e-4086-b7f7-31672eaf86ff => generated 257 bytes in 16 msecs (HTTP/1.1 200) 8 headers in 296 bytes (1 switches on core 0)
2026-07-02 16:50:44.191 8 INFO placement.requestlog [None req-c41c89f1-674f-475b-b3af-d4f2bf0dc6f4 97a5d9fba2df4dd98979ce124060d1e1 cffc1ed22f3042ebb0a2273d55c19e61 - - ccfec5c740d1401e92c599d70495fbb9 ccfec5c740d1401e92c599d70495fbb9] 10.0.0.185 "GET /resource_providers/a4d94faa-a4e4-4c77-ba9e-16634cbb6d68/aggregates" status: 404 len: 235 microversion: 1.1 [pid: 8|app: 0|req: 373/746] 10.0.0.185 () {32 vars in 816 bytes} [Thu Jul 2 16:50:44 2026] GET /resource_providers/a4d94faa-a4e4-4c77-ba9e-16634cbb6d68/aggregates => generated 235 bytes in 15 msecs (HTTP/1.1 404) 5 headers in 202 bytes (1 switches on core 0)
2026-07-02 16:50:44.197 7 INFO placement.requestlog [None req-f94fd2e6-5b7f-49ac-9cda-e409cb9f9b2c 97a5d9fba2df4dd98979ce124060d1e1 cffc1ed22f3042ebb0a2273d55c19e61 - - ccfec5c740d1401e92c599d70495fbb9 ccfec5c740d1401e92c599d70495fbb9] 10.0.0.185 "GET /resource_providers/a4d94faa-a4e4-4c77-ba9e-16634cbb6d68/aggregates" status: 404 len: 235 microversion: 1.1 [pid: 7|app: 0|req: 374/747] 10.0.0.185 () {32 vars in 816 bytes} [Thu Jul 2 16:50:44 2026] GET /resource_providers/a4d94faa-a4e4-4c77-ba9e-16634cbb6d68/aggregates => generated 235 bytes in 10 msecs (HTTP/1.1 404) 5 headers in 202 bytes (1 switches on core 0)
2026-07-02 16:50:44.225 7 INFO placement.requestlog [None req-e84bd649-5569-4b01-83a8-f8582e2d5516 97a5d9fba2df4dd98979ce124060d1e1 cffc1ed22f3042ebb0a2273d55c19e61 - - ccfec5c740d1401e92c599d70495fbb9 ccfec5c740d1401e92c599d70495fbb9] 10.0.0.185 "DELETE /resource_providers/a4d94faa-a4e4-4c77-ba9e-16634cbb6d68" status: 404 len: 246 microversion: 1.1 [pid: 7|app: 0|req: 375/748] 10.0.0.185 () {34 vars in 816 bytes} [Thu Jul 2 16:50:44 2026] DELETE /resource_providers/a4d94faa-a4e4-4c77-ba9e-16634cbb6d68 => generated 246 bytes in 9 msecs (HTTP/1.1 404) 6 headers in 231 bytes (1 switches on core 0)
2026-07-02 16:50:44.229 8 INFO placement.requestlog [None req-f7cfd8b9-cd4a-4075-92c4-e3da8606f880 97a5d9fba2df4dd98979ce124060d1e1 cffc1ed22f3042ebb0a2273d55c19e61 - - ccfec5c740d1401e92c599d70495fbb9 ccfec5c740d1401e92c599d70495fbb9] 10.0.0.185 "DELETE /resource_providers/a4d94faa-a4e4-4c77-ba9e-16634cbb6d68" status: 404 len: 246 microversion: 1.1 [pid: 8|app: 0|req: 374/749] 10.0.0.185 () {34 vars in 816 bytes} [Thu Jul 2 16:50:44 2026] DELETE /resource_providers/a4d94faa-a4e4-4c77-ba9e-16634cbb6d68 => generated 246 bytes in 16 msecs (HTTP/1.1 404) 6 headers in 231 bytes (1 switches on core 0)
2026-07-02 16:50:47.741 7 INFO placement.requestlog [req-e0d71b02-6b2e-4e8f-b812-b7067f3a7fb0 req-22aff541-2364-43c9-b825-f20cc9ce8b8f 0d842a536f5849ea9b3e4067c4547b27 cffc1ed22f3042ebb0a2273d55c19e61 - - ccfec5c740d1401e92c599d70495fbb9 ccfec5c740d1401e92c599d70495fbb9] 199.204.45.223 "GET /resource_providers/66ed4e12-b479-4dc4-8686-bb39aa7929f4/allocations" status: 200 len: 152 microversion: 1.0 [pid: 7|app: 0|req: 376/750] 199.204.45.223 () {32 vars in 857 bytes} [Thu Jul 2 16:50:47 2026] GET /resource_providers/66ed4e12-b479-4dc4-8686-bb39aa7929f4/allocations => generated 152 bytes in 30 msecs (HTTP/1.1 200) 6 headers in 224 bytes (1 switches on core 0)
2026-07-02 16:50:47.766 8 INFO placement.requestlog [req-e0d71b02-6b2e-4e8f-b812-b7067f3a7fb0 req-56b38416-aedf-476d-a629-13e26506ade9 0d842a536f5849ea9b3e4067c4547b27 cffc1ed22f3042ebb0a2273d55c19e61 - - ccfec5c740d1401e92c599d70495fbb9 ccfec5c740d1401e92c599d70495fbb9] 199.204.45.223 "GET /allocations/cfbb8e3d-6d0e-4086-b7f7-31672eaf86ff" status: 200 len: 257 microversion: 1.28 [pid: 8|app: 0|req: 375/751] 199.204.45.223 () {34 vars in 863 bytes} [Thu Jul 2 16:50:47 2026] GET /allocations/cfbb8e3d-6d0e-4086-b7f7-31672eaf86ff => generated 257 bytes in 17 msecs (HTTP/1.1 200) 8 headers in 296 bytes (1 switches on core 0)
2026-07-02 16:50:48.827 7 INFO placement.requestlog [req-e0d71b02-6b2e-4e8f-b812-b7067f3a7fb0 req-0414c503-876a-4bbe-8a3b-a2d7e77f73f5 0d842a536f5849ea9b3e4067c4547b27 cffc1ed22f3042ebb0a2273d55c19e61 - - ccfec5c740d1401e92c599d70495fbb9 ccfec5c740d1401e92c599d70495fbb9] 199.204.45.223 "DELETE /allocations/cfbb8e3d-6d0e-4086-b7f7-31672eaf86ff" status: 204 len: 0 microversion: 1.0 [pid: 7|app: 0|req: 377/752] 199.204.45.223 () {34 vars in 841 bytes} [Thu Jul 2 16:50:48 2026] DELETE /allocations/cfbb8e3d-6d0e-4086-b7f7-31672eaf86ff => generated 0 bytes in 32 msecs (HTTP/1.1 204) 5 headers in 198 bytes (1 switches on core 0)
2026-07-02 16:50:50.421 7 INFO placement.requestlog [None req-a17f1206-e617-412b-bcec-217139710c18 - - - - - -] 10.0.0.200 "GET /" status: 200 len: 136 microversion: 1.0
2026-07-02 16:50:50.422 8 INFO placement.requestlog [None req-529156c9-75ea-4c5b-be4f-38a8e4e5e87e - - - - - -] 10.0.0.200 "GET /" status: 200 len: 136 microversion: 1.0
2026-07-02 16:50:51.188 7 INFO placement.requestlog [req-1846aefb-7385-41d3-993e-20021783a709 req-21db62dc-8a0e-4b85-8ae5-34c7ac00dd8d 0d842a536f5849ea9b3e4067c4547b27 cffc1ed22f3042ebb0a2273d55c19e61 - - ccfec5c740d1401e92c599d70495fbb9 ccfec5c740d1401e92c599d70495fbb9] 10.0.0.51 "GET /allocation_candidates?limit=1000&resources=DISK_GB%3A1%2CMEMORY_MB%3A512%2CVCPU%3A1&root_required=%21COMPUTE_STATUS_DISABLED" status: 200 len: 2781 microversion: 1.36 [pid: 7|app: 0|req: 379/755] 10.0.0.51 () {34 vars in 1011 bytes} [Thu Jul 2 16:50:51 2026] GET /allocation_candidates?limit=1000&resources=DISK_GB%3A1%2CMEMORY_MB%3A512%2CVCPU%3A1&root_required=%21COMPUTE_STATUS_DISABLED => generated 2781 bytes in 60 msecs (HTTP/1.1 200) 8 headers in 297 bytes (1 switches on core 0)
2026-07-02 16:50:51.247 8 INFO placement.requestlog [req-1846aefb-7385-41d3-993e-20021783a709 req-841a4f61-aac3-4b74-b5bf-11d6aacc1582 0d842a536f5849ea9b3e4067c4547b27 cffc1ed22f3042ebb0a2273d55c19e61 - - ccfec5c740d1401e92c599d70495fbb9 ccfec5c740d1401e92c599d70495fbb9] 10.0.0.51 "GET /allocations/b56eb84b-d432-4cdc-abfa-ce56ae5871d3" status: 200 len: 19 microversion: 1.28 [pid: 8|app: 0|req: 377/756] 10.0.0.51 () {34 vars in 860 bytes} [Thu Jul 2 16:50:51 2026] GET /allocations/b56eb84b-d432-4cdc-abfa-ce56ae5871d3 => generated 19 bytes in 21 msecs (HTTP/1.1 200) 8 headers in 295 bytes (1 switches on core 0)
2026-07-02 16:50:51.371 7 INFO placement.requestlog [req-1846aefb-7385-41d3-993e-20021783a709 req-576c03b7-caee-4e2f-931e-2c99182dda2c 0d842a536f5849ea9b3e4067c4547b27 cffc1ed22f3042ebb0a2273d55c19e61 - - ccfec5c740d1401e92c599d70495fbb9 ccfec5c740d1401e92c599d70495fbb9] 10.0.0.51 "PUT /allocations/b56eb84b-d432-4cdc-abfa-ce56ae5871d3" status: 204 len: 0 microversion: 1.36 [pid: 7|app: 0|req: 380/757] 10.0.0.51 () {38 vars in 913 bytes} [Thu Jul 2 16:50:51 2026] PUT /allocations/b56eb84b-d432-4cdc-abfa-ce56ae5871d3 => generated 0 bytes in 110 msecs (HTTP/1.1 204) 5 headers in 199 bytes (1 switches on core 0)
2026-07-02 16:50:52.244 7 INFO placement.requestlog [None req-5de56e90-77bd-4d23-93f7-4788d21ab318 97a5d9fba2df4dd98979ce124060d1e1 cffc1ed22f3042ebb0a2273d55c19e61 - - ccfec5c740d1401e92c599d70495fbb9 ccfec5c740d1401e92c599d70495fbb9] 10.0.0.185 "GET /resource_providers/792573f4-fd7f-4fa6-882f-d64c4c55e3a6/aggregates" status: 404 len: 235 microversion: 1.1 [pid: 7|app: 0|req: 381/758] 10.0.0.185 () {32 vars in 816 bytes} [Thu Jul 2 16:50:52 2026] GET /resource_providers/792573f4-fd7f-4fa6-882f-d64c4c55e3a6/aggregates => generated 235 bytes in 14 msecs (HTTP/1.1 404) 5 headers in 202 bytes (1 switches on core 0)
2026-07-02 16:50:52.250 8 INFO placement.requestlog [None req-1f6e7b73-f4d5-4c6d-8c13-a1747c25b0c4 97a5d9fba2df4dd98979ce124060d1e1 cffc1ed22f3042ebb0a2273d55c19e61 - - ccfec5c740d1401e92c599d70495fbb9 ccfec5c740d1401e92c599d70495fbb9] 10.0.0.185 "GET /resource_providers/792573f4-fd7f-4fa6-882f-d64c4c55e3a6/aggregates" status: 404 len: 235 microversion: 1.1 [pid: 8|app: 0|req: 378/759] 10.0.0.185 () {32 vars in 816 bytes} [Thu Jul 2 16:50:52 2026] GET /resource_providers/792573f4-fd7f-4fa6-882f-d64c4c55e3a6/aggregates => generated 235 bytes in 22 msecs (HTTP/1.1 404) 5 headers in 202 bytes (1 switches on core 0)
2026-07-02 16:50:52.279 7 INFO placement.requestlog [None req-22acf7ff-d78d-4a7f-aab7-9b76e3a4433c 97a5d9fba2df4dd98979ce124060d1e1 cffc1ed22f3042ebb0a2273d55c19e61 - - ccfec5c740d1401e92c599d70495fbb9 ccfec5c740d1401e92c599d70495fbb9] 10.0.0.185 "DELETE /resource_providers/792573f4-fd7f-4fa6-882f-d64c4c55e3a6" status: 404 len: 246 microversion: 1.1 [pid: 7|app: 0|req: 382/760] 10.0.0.185 () {34 vars in 816 bytes} [Thu Jul 2 16:50:52 2026] DELETE /resource_providers/792573f4-fd7f-4fa6-882f-d64c4c55e3a6 => generated 246 bytes in 16 msecs (HTTP/1.1 404) 6 headers in 231 bytes (1 switches on core 0)
2026-07-02 16:50:52.284 8 INFO placement.requestlog [None req-c986d06b-8cc7-4eb7-bca9-e562c953b21c 97a5d9fba2df4dd98979ce124060d1e1 cffc1ed22f3042ebb0a2273d55c19e61 - - ccfec5c740d1401e92c599d70495fbb9 ccfec5c740d1401e92c599d70495fbb9] 10.0.0.185 "DELETE /resource_providers/792573f4-fd7f-4fa6-882f-d64c4c55e3a6" status: 404 len: 246 microversion: 1.1 [pid: 8|app: 0|req: 379/761] 10.0.0.185 () {34 vars in 816 bytes} [Thu Jul 2 16:50:52 2026] DELETE /resource_providers/792573f4-fd7f-4fa6-882f-d64c4c55e3a6 => generated 246 bytes in 16 msecs (HTTP/1.1 404) 6 headers in 231 bytes (1 switches on core 0)
2026-07-02 16:50:52.808 7 INFO placement.requestlog [req-1846aefb-7385-41d3-993e-20021783a709 req-a61d996b-213d-4ba1-be8a-b2bebc1f8e45 0d842a536f5849ea9b3e4067c4547b27 cffc1ed22f3042ebb0a2273d55c19e61 - - ccfec5c740d1401e92c599d70495fbb9 ccfec5c740d1401e92c599d70495fbb9] 199.204.45.223 "GET /allocations/b56eb84b-d432-4cdc-abfa-ce56ae5871d3" status: 200 len: 257 microversion: 1.28 [pid: 7|app: 0|req: 383/762] 199.204.45.223 () {34 vars in 863 bytes} [Thu Jul 2 16:50:52 2026] GET /allocations/b56eb84b-d432-4cdc-abfa-ce56ae5871d3 => generated 257 bytes in 15 msecs (HTTP/1.1 200) 8 headers in 296 bytes (1 switches on core 0)
2026-07-02 16:50:53.852 8 INFO placement.requestlog [req-1846aefb-7385-41d3-993e-20021783a709 req-60895200-4223-46cb-b959-1e7d0355017a 0d842a536f5849ea9b3e4067c4547b27 cffc1ed22f3042ebb0a2273d55c19e61 - - ccfec5c740d1401e92c599d70495fbb9 ccfec5c740d1401e92c599d70495fbb9] 199.204.45.223 "GET /resource_providers/66ed4e12-b479-4dc4-8686-bb39aa7929f4/allocations" status: 200 len: 152 microversion: 1.0 [pid: 8|app: 0|req: 380/763] 199.204.45.223 () {32 vars in 857 bytes} [Thu Jul 2 16:50:53 2026] GET /resource_providers/66ed4e12-b479-4dc4-8686-bb39aa7929f4/allocations => generated 152 bytes in 18 msecs (HTTP/1.1 200) 6 headers in 224 bytes (1 switches on core 0)
2026-07-02 16:50:53.875 7 INFO placement.requestlog [req-1846aefb-7385-41d3-993e-20021783a709 req-cd9e6ada-e240-4f8c-a2ff-80134c27a87b 0d842a536f5849ea9b3e4067c4547b27 cffc1ed22f3042ebb0a2273d55c19e61 - - ccfec5c740d1401e92c599d70495fbb9 ccfec5c740d1401e92c599d70495fbb9] 199.204.45.223 "GET /allocations/b56eb84b-d432-4cdc-abfa-ce56ae5871d3" status: 200 len: 257 microversion: 1.28 [pid: 7|app: 0|req: 384/764] 199.204.45.223 () {34 vars in 863 bytes} [Thu Jul 2 16:50:53 2026] GET /allocations/b56eb84b-d432-4cdc-abfa-ce56ae5871d3 => generated 257 bytes in 17 msecs (HTTP/1.1 200) 8 headers in 296 bytes (1 switches on core 0)
2026-07-02 16:50:54.300 8 INFO placement.requestlog [None req-d5334341-ed04-49df-bd16-11ab77a596c4 97a5d9fba2df4dd98979ce124060d1e1 cffc1ed22f3042ebb0a2273d55c19e61 - - ccfec5c740d1401e92c599d70495fbb9 ccfec5c740d1401e92c599d70495fbb9] 10.0.0.185 "GET /resource_providers/099486ab-b91b-4305-84b5-7221593406dc/aggregates" status: 404 len: 235 microversion: 1.1 [pid: 8|app: 0|req: 381/765] 10.0.0.185 () {32 vars in 816 bytes} [Thu Jul 2 16:50:54 2026] GET /resource_providers/099486ab-b91b-4305-84b5-7221593406dc/aggregates => generated 235 bytes in 11 msecs (HTTP/1.1 404) 5 headers in 202 bytes (1 switches on core 0)
2026-07-02 16:50:54.301 7 INFO placement.requestlog [None req-d7c1b147-4deb-47a6-b784-a0caafae5d54 97a5d9fba2df4dd98979ce124060d1e1 cffc1ed22f3042ebb0a2273d55c19e61 - - ccfec5c740d1401e92c599d70495fbb9 ccfec5c740d1401e92c599d70495fbb9] 10.0.0.185 "GET /resource_providers/099486ab-b91b-4305-84b5-7221593406dc/aggregates" status: 404 len: 235 microversion: 1.1 [pid: 7|app: 0|req: 385/766] 10.0.0.185 () {32 vars in 816 bytes} [Thu Jul 2 16:50:54 2026] GET /resource_providers/099486ab-b91b-4305-84b5-7221593406dc/aggregates => generated 235 bytes in 9 msecs (HTTP/1.1 404) 5 headers in 202 bytes (1 switches on core 0)
2026-07-02 16:50:54.317 8 INFO placement.requestlog [None req-03a6ad8d-4633-4016-b23e-69c50b58476e 97a5d9fba2df4dd98979ce124060d1e1 cffc1ed22f3042ebb0a2273d55c19e61 - - ccfec5c740d1401e92c599d70495fbb9 ccfec5c740d1401e92c599d70495fbb9] 10.0.0.185 "DELETE /resource_providers/099486ab-b91b-4305-84b5-7221593406dc" status: 404 len: 246 microversion: 1.1 [pid: 8|app: 0|req: 382/767] 10.0.0.185 () {34 vars in 816 bytes} [Thu Jul 2 16:50:54 2026] DELETE /resource_providers/099486ab-b91b-4305-84b5-7221593406dc => generated 246 bytes in 7 msecs (HTTP/1.1 404) 6 headers in 231 bytes (1 switches on core 0)
2026-07-02 16:50:54.325 7 INFO placement.requestlog [None req-b2191b85-100d-4bcf-9cfc-ff67e93bcdbf 97a5d9fba2df4dd98979ce124060d1e1 cffc1ed22f3042ebb0a2273d55c19e61 - - ccfec5c740d1401e92c599d70495fbb9 ccfec5c740d1401e92c599d70495fbb9] 10.0.0.185 "DELETE /resource_providers/099486ab-b91b-4305-84b5-7221593406dc" status: 404 len: 246 microversion: 1.1 [pid: 7|app: 0|req: 386/768] 10.0.0.185 () {34 vars in 816 bytes} [Thu Jul 2 16:50:54 2026] DELETE /resource_providers/099486ab-b91b-4305-84b5-7221593406dc => generated 246 bytes in 12 msecs (HTTP/1.1 404) 6 headers in 231 bytes (1 switches on core 0)
2026-07-02 16:50:58.961 8 INFO placement.requestlog [None req-ac62c076-d4c8-409c-9417-d03c5660da06 97a5d9fba2df4dd98979ce124060d1e1 cffc1ed22f3042ebb0a2273d55c19e61 - - ccfec5c740d1401e92c599d70495fbb9 ccfec5c740d1401e92c599d70495fbb9] 10.0.0.185 "GET /resource_providers/e55deb8f-b610-49a5-a04f-1397cfb6e48a/aggregates" status: 404 len: 235 microversion: 1.1 [pid: 8|app: 0|req: 383/769] 10.0.0.185 () {32 vars in 816 bytes} [Thu Jul 2 16:50:58 2026] GET /resource_providers/e55deb8f-b610-49a5-a04f-1397cfb6e48a/aggregates => generated 235 bytes in 12 msecs (HTTP/1.1 404) 5 headers in 202 bytes (1 switches on core 0)
2026-07-02 16:50:58.964 7 INFO placement.requestlog [None req-c82e8979-aaff-46d8-b2c6-56e92c8872b5 97a5d9fba2df4dd98979ce124060d1e1 cffc1ed22f3042ebb0a2273d55c19e61 - - ccfec5c740d1401e92c599d70495fbb9 ccfec5c740d1401e92c599d70495fbb9] 10.0.0.185 "GET /resource_providers/e55deb8f-b610-49a5-a04f-1397cfb6e48a/aggregates" status: 404 len: 235 microversion: 1.1 [pid: 7|app: 0|req: 387/770] 10.0.0.185 () {32 vars in 816 bytes} [Thu Jul 2 16:50:58 2026] GET /resource_providers/e55deb8f-b610-49a5-a04f-1397cfb6e48a/aggregates => generated 235 bytes in 15 msecs (HTTP/1.1 404) 5 headers in 202 bytes (1 switches on core 0)
2026-07-02 16:50:58.988 8 INFO placement.requestlog [None req-db2a568a-7295-40a4-a7b5-f484f273413e 97a5d9fba2df4dd98979ce124060d1e1 cffc1ed22f3042ebb0a2273d55c19e61 - - ccfec5c740d1401e92c599d70495fbb9 ccfec5c740d1401e92c599d70495fbb9] 10.0.0.185 "DELETE /resource_providers/e55deb8f-b610-49a5-a04f-1397cfb6e48a" status: 404 len: 246 microversion: 1.1 [pid: 8|app: 0|req: 384/771] 10.0.0.185 () {34 vars in 816 bytes} [Thu Jul 2 16:50:58 2026] DELETE /resource_providers/e55deb8f-b610-49a5-a04f-1397cfb6e48a => generated 246 bytes in 12 msecs (HTTP/1.1 404) 6 headers in 231 bytes (1 switches on core 0)
2026-07-02 16:50:59.000 7 INFO placement.requestlog [None req-cf2cafb2-efc0-4afb-838c-781d94509de0 97a5d9fba2df4dd98979ce124060d1e1 cffc1ed22f3042ebb0a2273d55c19e61 - - ccfec5c740d1401e92c599d70495fbb9 ccfec5c740d1401e92c599d70495fbb9] 10.0.0.185 "DELETE /resource_providers/e55deb8f-b610-49a5-a04f-1397cfb6e48a" status: 404 len: 246 microversion: 1.1 [pid: 7|app: 0|req: 388/772] 10.0.0.185 () {34 vars in 816 bytes} [Thu Jul 2 16:50:58 2026] DELETE /resource_providers/e55deb8f-b610-49a5-a04f-1397cfb6e48a => generated 246 bytes in 23 msecs (HTTP/1.1 404) 6 headers in 231 bytes (1 switches on core 0)
