Mar 26 00:04:08.101382 np0000160696 devstack@neutron-api.service[102605]: DEBUG neutron.plugins.ml2.drivers.ovn.mech_driver.ovsdb.ovsdb_monitor [None req-4ac0315c-94c4-48a5-978e-3351313ee6e8 None None] Hash Ring: Node 0436a1737e7a54d5bf632f3cbfb63f78 (host: np0000160696) handling event "update" for row ae7d12ba-0077-4d08-9ff2-aedc1a9085a9 (table: Logical_Switch_Port) {{(pid=102605) notify /opt/stack/neutron/neutron/plugins/ml2/drivers/ovn/mech_driver/ovsdb/ovsdb_monitor.py:912}}
Mar 26 00:04:08.103911 np0000160696 devstack@neutron-api.service[102604]: INFO neutron.db.ovn_revision_numbers_db [None req-5cd08375-a028-4a5a-b952-e30339a2f1da admin admin] Successfully bumped revision number for resource 0c0d4828-62f9-4523-a582-0eaa3d485564 (type: router_ports) to 1
Mar 26 00:04:08.106395 np0000160696 devstack@neutron-api.service[102604]: [pid: 102604|app: 0|req: 5/19] 199.204.45.132 () {68 vars in 1527 bytes} [Thu Mar 26 00:04:06 2026] PUT /networking/v2.0/routers/176d27d6-60cb-4156-90c8-137594283493/add_router_interface => generated 310 bytes in 1751 msecs (HTTP/1.1 200) 4 headers in 157 bytes (1 switches on core 0)
Mar 26 00:04:08.145293 np0000160696 devstack@neutron-api.service[102605]: DEBUG ovsdbapp.backend.ovs_idl.event [None req-4ac0315c-94c4-48a5-978e-3351313ee6e8 None None] Matched UPDATE: LogicalSwitchPortUpdateLogicalRouterPortEvent(events=('update',), table='Logical_Switch_Port', conditions=None, old_conditions=None), priority=20 to row=Logical_Switch_Port(uuid=ae7d12ba-0077-4d08-9ff2-aedc1a9085a9, addresses=['router'], dhcpv4_options=[], dhcpv6_options=[], dynamic_addresses=[], enabled=True, external_ids={'neutron:cidrs': '10.1.0.1/26', 'neutron:device_id': '176d27d6-60cb-4156-90c8-137594283493', 'neutron:device_owner': 'network:router_interface', 'neutron:mtu': '', 'neutron:network_name': 'neutron-604fea19-0c46-4240-9a36-a53830207275', 'neutron:port_capabilities': '', 'neutron:port_name': '', 'neutron:project_id': 'ad338653f4f74dd7b42b5ccdb4273c7d', 'neutron:revision_number': '2', 'neutron:security_group_ids': '', 'neutron:subnet_pool_addr_scope4': '', 'neutron:subnet_pool_addr_scope6': '', 'neutron:vnic_type': 'normal'}, ha_chassis_group=[], mirror_rules=[], name='0c0d4828-62f9-4523-a582-0eaa3d485564', options={'router-port': 'lrp-0c0d4828-62f9-4523-a582-0eaa3d485564'}, parent_name=[], port_security=[], tag=[], tag_request=[], type='router', up=True) old=Logical_Switch_Port(uuid=ae7d12ba-0077-4d08-9ff2-aedc1a9085a9, addresses=['unknown'], options={}) {{(pid=102605) matches /opt/stack/data/venv/lib/python3.12/site-packages/ovsdbapp/backend/ovs_idl/event.py:55}}
Mar 26 00:04:08.148490 np0000160696 devstack@neutron-api.service[102605]: DEBUG neutron.api.rpc.callbacks.version_manager [None req-62520f66-238d-429e-b65c-9797f3e3b63f None None] Tracked resource versions report:
Mar 26 00:04:08.148490 np0000160696 devstack@neutron-api.service[102605]: pushed versions:
Mar 26 00:04:08.148490 np0000160696 devstack@neutron-api.service[102605]: { 'AddressGroup': {'1.2'},
Mar 26 00:04:08.148490 np0000160696 devstack@neutron-api.service[102605]: 'Agent': {'1.1'},
Mar 26 00:04:08.148490 np0000160696 devstack@neutron-api.service[102605]: 'ConntrackHelper': {'1.0'},
Mar 26 00:04:08.148490 np0000160696 devstack@neutron-api.service[102605]: 'LocalIPAssociation': {'1.0'},
Mar 26 00:04:08.148490 np0000160696 devstack@neutron-api.service[102605]: 'Log': {'1.0'},
Mar 26 00:04:08.148490 np0000160696 devstack@neutron-api.service[102605]: 'NDPProxy': {'1.0'},
Mar 26 00:04:08.148490 np0000160696 devstack@neutron-api.service[102605]: 'Network': {'1.2'},
Mar 26 00:04:08.148490 np0000160696 devstack@neutron-api.service[102605]: 'Port': {'1.10'},
Mar 26 00:04:08.148490 np0000160696 devstack@neutron-api.service[102605]: 'PortForwarding': {'1.3'},
Mar 26 00:04:08.148490 np0000160696 devstack@neutron-api.service[102605]: 'QosPolicy': {'1.10'},
Mar 26 00:04:08.148490 np0000160696 devstack@neutron-api.service[102605]: 'SecurityGroup': {'1.6'},
Mar 26 00:04:08.148490 np0000160696 devstack@neutron-api.service[102605]: 'SecurityGroupRule': {'1.3'},
Mar 26 00:04:08.148490 np0000160696 devstack@neutron-api.service[102605]: 'SubPort': {'1.0'},
Mar 26 00:04:08.148490 np0000160696 devstack@neutron-api.service[102605]: 'Subnet': {'1.2'},
Mar 26 00:04:08.148490 np0000160696 devstack@neutron-api.service[102605]: 'Trunk': {'1.1'}}
Mar 26 00:04:08.148490 np0000160696 devstack@neutron-api.service[102605]: consumer versions:
Mar 26 00:04:08.148490 np0000160696 devstack@neutron-api.service[102605]: { OVN Controller Gateway agent@np0000160696: {},
Mar 26 00:04:08.148490 np0000160696 devstack@neutron-api.service[102605]: OVN Neutron agent@np0000160696: {}}
Mar 26 00:04:08.148490 np0000160696 devstack@neutron-api.service[102605]: {{(pid=102605) report /opt/stack/neutron/neutron/api/rpc/callbacks/version_manager.py:183}}
Mar 26 00:04:08.378904 np0000160696 devstack@neutron-api.service[102603]: DEBUG neutron.pecan_wsgi.hooks.policy_enforcement [None req-f5e387dc-57a3-431c-8bba-903643caa4d3 admin admin] Attributes excluded by policy engine: ['standard_attr_id'] {{(pid=102603) _exclude_attributes_by_policy /opt/stack/neutron/neutron/pecan_wsgi/hooks/policy_enforcement.py:258}}
Mar 26 00:04:08.379736 np0000160696 devstack@neutron-api.service[102603]: [pid: 102603|app: 0|req: 5/20] 199.204.45.132 () {64 vars in 1415 bytes} [Thu Mar 26 00:04:08 2026] GET /networking/v2.0/networks/144643df-b0a7-460d-a1dd-6ebb35cf8789 => generated 679 bytes in 29 msecs (HTTP/1.1 200) 4 headers in 157 bytes (1 switches on core 0)
Mar 26 00:04:08.399776 np0000160696 devstack@neutron-api.service[102606]: DEBUG neutron.api.v2.base [None req-a195a4bc-ff2c-4537-8b7b-d31b6e16b4ad admin admin] Request body: {'subnet': {'network_id': '144643df-b0a7-460d-a1dd-6ebb35cf8789', 'ip_version': 4, 'cidr': '172.24.5.0/24', 'gateway_ip': '172.24.5.1', 'name': 'public-subnet', 'enable_dhcp': False}} {{(pid=102606) prepare_request_body /opt/stack/neutron/neutron/api/v2/base.py:729}}
Mar 26 00:04:08.417551 np0000160696 devstack@neutron-api.service[102606]: DEBUG neutron.pecan_wsgi.hooks.quota_enforcement [None req-a195a4bc-ff2c-4537-8b7b-d31b6e16b4ad admin admin] Made reservation on behalf of ad338653f4f74dd7b42b5ccdb4273c7d for: {'subnet': 1} {{(pid=102606) before /opt/stack/neutron/neutron/pecan_wsgi/hooks/quota_enforcement.py:66}}
Mar 26 00:04:08.420964 np0000160696 devstack@neutron-api.service[102606]: DEBUG neutron_lib.callbacks.manager [None req-a195a4bc-ff2c-4537-8b7b-d31b6e16b4ad admin admin] Publish callbacks [] for subnet (None), before_create {{(pid=102606) _notify_loop /opt/stack/data/venv/lib/python3.12/site-packages/neutron_lib/callbacks/manager.py:184}}
Mar 26 00:04:08.491628 np0000160696 devstack@neutron-api.service[102606]: DEBUG neutron.db.ovn_revision_numbers_db [None req-a195a4bc-ff2c-4537-8b7b-d31b6e16b4ad admin admin] create_initial_revision uuid=a00043d0-92bc-4013-992d-06d6b7ba2502, type=subnets, rev=-1 {{(pid=102606) create_initial_revision /opt/stack/neutron/neutron/db/ovn_revision_numbers_db.py:98}}
Mar 26 00:04:08.549596 np0000160696 devstack@neutron-api.service[102606]: DEBUG neutron.objects.ports [None req-a195a4bc-ff2c-4537-8b7b-d31b6e16b4ad admin admin] Time-cost: Fetching 0 ports in 0 security groups {{(pid=102606) get_objects /opt/stack/neutron/neutron/objects/ports.py:494}}
Mar 26 00:04:08.549720 np0000160696 devstack@neutron-api.service[102606]: DEBUG neutron_lib.callbacks.manager [None req-a195a4bc-ff2c-4537-8b7b-d31b6e16b4ad admin admin] Publish callbacks ['neutron.plugins.ml2.ovo_rpc._ObjectChangeHandler.handle_event-15215368'] for subnet (a00043d0-92bc-4013-992d-06d6b7ba2502), after_create {{(pid=102606) _notify_loop /opt/stack/data/venv/lib/python3.12/site-packages/neutron_lib/callbacks/manager.py:184}}
Mar 26 00:04:08.561360 np0000160696 devstack@neutron-api.service[102606]: DEBUG neutron.api.rpc.handlers.resources_rpc [None req-a195a4bc-ff2c-4537-8b7b-d31b6e16b4ad admin admin] Pushing event updated for resources: {'Subnet': ['ID=a00043d0-92bc-4013-992d-06d6b7ba2502,revision_number=0']} {{(pid=102606) push /opt/stack/neutron/neutron/api/rpc/handlers/resources_rpc.py:237}}
Mar 26 00:04:08.591246 np0000160696 devstack@neutron-api.service[102606]: INFO neutron.db.ovn_revision_numbers_db [None req-a195a4bc-ff2c-4537-8b7b-d31b6e16b4ad admin admin] Successfully bumped revision number for resource a00043d0-92bc-4013-992d-06d6b7ba2502 (type: subnets) to 0
Mar 26 00:04:08.592606 np0000160696 devstack@neutron-api.service[102606]: DEBUG neutron.pecan_wsgi.hooks.policy_enforcement [None req-a195a4bc-ff2c-4537-8b7b-d31b6e16b4ad admin admin] Attributes excluded by policy engine: ['standard_attr_id', 'shared', 'network'] {{(pid=102606) _exclude_attributes_by_policy /opt/stack/neutron/neutron/pecan_wsgi/hooks/policy_enforcement.py:258}}
Mar 26 00:04:08.593058 np0000160696 devstack@neutron-api.service[102606]: DEBUG neutron_lib.callbacks.manager [None req-a195a4bc-ff2c-4537-8b7b-d31b6e16b4ad admin admin] Publish callbacks [] for subnet (None), before_response {{(pid=102606) _notify_loop /opt/stack/data/venv/lib/python3.12/site-packages/neutron_lib/callbacks/manager.py:184}}
Mar 26 00:04:08.606393 np0000160696 devstack@neutron-api.service[102606]: [pid: 102606|app: 0|req: 5/21] 199.204.45.132 () {68 vars in 1355 bytes} [Thu Mar 26 00:04:08 2026] POST /networking/v2.0/subnets => generated 640 bytes in 212 msecs (HTTP/1.1 201) 4 headers in 162 bytes (1 switches on core 0)
Mar 26 00:04:08.979292 np0000160696 devstack@neutron-api.service[102605]: DEBUG neutron.api.wsgi [None req-f106cbb1-4c6f-4796-b25f-5d7726323aa7 admin admin] Missing Content-Type {{(pid=102605) get_content_type /opt/stack/neutron/neutron/api/wsgi.py:85}}
Mar 26 00:04:09.017574 np0000160696 devstack@neutron-api.service[102605]: [pid: 102605|app: 0|req: 7/22] 199.204.45.132 () {64 vars in 1412 bytes} [Thu Mar 26 00:04:08 2026] GET /networking/v2.0/routers/176d27d6-60cb-4156-90c8-137594283493 => generated 599 bytes in 43 msecs (HTTP/1.1 200) 4 headers in 157 bytes (1 switches on core 0)
Mar 26 00:04:09.066909 np0000160696 devstack@neutron-api.service[102604]: DEBUG neutron.pecan_wsgi.hooks.policy_enforcement [None req-2f4afb61-00ba-41bd-95f2-a2cdcfbe9765 admin admin] Attributes excluded by policy engine: ['standard_attr_id'] {{(pid=102604) _exclude_attributes_by_policy /opt/stack/neutron/neutron/pecan_wsgi/hooks/policy_enforcement.py:258}}
Mar 26 00:04:09.067546 np0000160696 devstack@neutron-api.service[102604]: [pid: 102604|app: 0|req: 6/23] 199.204.45.132 () {64 vars in 1415 bytes} [Thu Mar 26 00:04:09 2026] GET /networking/v2.0/networks/144643df-b0a7-460d-a1dd-6ebb35cf8789 => generated 717 bytes in 36 msecs (HTTP/1.1 200) 4 headers in 157 bytes (1 switches on core 0)
Mar 26 00:04:09.084981 np0000160696 devstack@neutron-api.service[102603]: DEBUG neutron.api.wsgi [None req-060061dd-6674-4d96-92ca-c760170adbeb admin admin] Missing Content-Type {{(pid=102603) get_content_type /opt/stack/neutron/neutron/api/wsgi.py:85}}
Mar 26 00:04:09.085556 np0000160696 devstack@neutron-api.service[102603]: DEBUG neutron.api.wsgi [None req-060061dd-6674-4d96-92ca-c760170adbeb admin admin] https://199.204.45.132/networking/v2.0/extensions/external-gateway-multihoming returned with HTTP 200 {{(pid=102603) __call__ /opt/stack/neutron/neutron/api/wsgi.py:545}}
Mar 26 00:04:09.086251 np0000160696 devstack@neutron-api.service[102603]: [pid: 102603|app: 0|req: 6/24] 199.204.45.132 () {64 vars in 1397 bytes} [Thu Mar 26 00:04:09 2026] GET /networking/v2.0/extensions/external-gateway-multihoming => generated 227 bytes in 6 msecs (HTTP/1.1 200) 4 headers in 157 bytes (1 switches on core 0)
Mar 26 00:04:09.328109 np0000160696 devstack@neutron-api.service[102606]: DEBUG neutron_lib.callbacks.manager [None req-5ef41b2a-25ae-4819-9406-629a81a62807 admin admin] Publish callbacks [] for router_gateway (176d27d6-60cb-4156-90c8-137594283493), precommit_update {{(pid=102606) _notify_loop /opt/stack/data/venv/lib/python3.12/site-packages/neutron_lib/callbacks/manager.py:184}}
Mar 26 00:04:09.405329 np0000160696 devstack@neutron-api.service[102606]: DEBUG neutron_lib.callbacks.manager [None req-5ef41b2a-25ae-4819-9406-629a81a62807 admin admin] Publish callbacks [] for router_gateway (176d27d6-60cb-4156-90c8-137594283493), before_create {{(pid=102606) _notify_loop /opt/stack/data/venv/lib/python3.12/site-packages/neutron_lib/callbacks/manager.py:184}}
Mar 26 00:04:09.432809 np0000160696 devstack@neutron-api.service[102606]: DEBUG neutron_lib.callbacks.manager [None req-5ef41b2a-25ae-4819-9406-629a81a62807 admin admin] Publish callbacks ['neutron.plugins.ml2.plugin.SecurityGroupDbMixin._ensure_default_security_group_handler-177628'] for port (None), before_create {{(pid=102606) _notify_loop /opt/stack/data/venv/lib/python3.12/site-packages/neutron_lib/callbacks/manager.py:184}}
Mar 26 00:04:09.497653 np0000160696 devstack@neutron-api.service[102606]: DEBUG neutron.db.db_base_plugin_common [None req-5ef41b2a-25ae-4819-9406-629a81a62807 admin admin] Allocated IP 172.24.5.212 (144643df-b0a7-460d-a1dd-6ebb35cf8789/a00043d0-92bc-4013-992d-06d6b7ba2502/2d28c8a9-ecb7-4e73-bf33-e5982ce466e4) {{(pid=102606) _store_ip_allocation /opt/stack/neutron/neutron/db/db_base_plugin_common.py:131}}
Mar 26 00:04:09.542324 np0000160696 devstack@neutron-api.service[102606]: DEBUG neutron_lib.callbacks.manager [None req-5ef41b2a-25ae-4819-9406-629a81a62807 admin admin] Publish callbacks ['neutron.plugins.ml2.drivers.ovn.mech_driver.mech_driver.OVNMechanismDriver._validate_allowed_address_pairs-16555668'] for allowed_address_pair (2d28c8a9-ecb7-4e73-bf33-e5982ce466e4), before_create {{(pid=102606) _notify_loop /opt/stack/data/venv/lib/python3.12/site-packages/neutron_lib/callbacks/manager.py:184}}
Mar 26 00:04:09.542812 np0000160696 devstack@neutron-api.service[102606]: DEBUG neutron_lib.callbacks.manager [None req-5ef41b2a-25ae-4819-9406-629a81a62807 admin admin] Publish callbacks [] for port (2d28c8a9-ecb7-4e73-bf33-e5982ce466e4), precommit_create {{(pid=102606) _notify_loop /opt/stack/data/venv/lib/python3.12/site-packages/neutron_lib/callbacks/manager.py:184}}
Mar 26 00:04:09.542995 np0000160696 devstack@neutron-api.service[102606]: DEBUG neutron.plugins.ml2.drivers.ovn.mech_driver.mech_driver [None req-5ef41b2a-25ae-4819-9406-629a81a62807 admin admin] No provisioning block for port 2d28c8a9-ecb7-4e73-bf33-e5982ce466e4 since it does not have a host {{(pid=102606) _is_port_provisioning_required /opt/stack/neutron/neutron/plugins/ml2/drivers/ovn/mech_driver/mech_driver.py:883}}
Mar 26 00:04:09.543091 np0000160696 devstack@neutron-api.service[102606]: DEBUG neutron.db.ovn_revision_numbers_db [None req-5ef41b2a-25ae-4819-9406-629a81a62807 admin admin] create_initial_revision uuid=2d28c8a9-ecb7-4e73-bf33-e5982ce466e4, type=ports, rev=-1 {{(pid=102606) create_initial_revision /opt/stack/neutron/neutron/db/ovn_revision_numbers_db.py:98}}
Mar 26 00:04:09.620736 np0000160696 devstack@neutron-api.service[102606]: DEBUG neutron.db.ovn_revision_numbers_db [None req-5ef41b2a-25ae-4819-9406-629a81a62807 admin admin] create_initial_revision uuid=2d28c8a9-ecb7-4e73-bf33-e5982ce466e4, type=router_ports, rev=-1 {{(pid=102606) create_initial_revision /opt/stack/neutron/neutron/db/ovn_revision_numbers_db.py:98}}
Mar 26 00:04:09.649331 np0000160696 devstack@neutron-api.service[102606]: DEBUG neutron_lib.callbacks.manager [None req-5ef41b2a-25ae-4819-9406-629a81a62807 admin admin] Publish callbacks ['neutron.plugins.ml2.ovo_rpc._ObjectChangeHandler.handle_event-15215345'] for port (2d28c8a9-ecb7-4e73-bf33-e5982ce466e4), after_create {{(pid=102606) _notify_loop /opt/stack/data/venv/lib/python3.12/site-packages/neutron_lib/callbacks/manager.py:184}}
Mar 26 00:04:09.676070 np0000160696 devstack@neutron-api.service[102606]: DEBUG neutron.api.rpc.handlers.resources_rpc [None req-5ef41b2a-25ae-4819-9406-629a81a62807 admin admin] Pushing event updated for resources: {'Port': ['ID=2d28c8a9-ecb7-4e73-bf33-e5982ce466e4,revision_number=1']} {{(pid=102606) push /opt/stack/neutron/neutron/api/rpc/handlers/resources_rpc.py:237}}
Mar 26 00:04:09.715148 np0000160696 devstack@neutron-api.service[102606]: DEBUG ovsdbapp.backend.ovs_idl.transaction [None req-5977bd9c-124d-4f26-8333-4faa83c80ca9 None None] Running txn n=1 command(idx=0): AddLSwitchPortCommand(_result=None, lport=2d28c8a9-ecb7-4e73-bf33-e5982ce466e4, lswitch=neutron-144643df-b0a7-460d-a1dd-6ebb35cf8789, may_exist=True, network_uuid=144643df-b0a7-460d-a1dd-6ebb35cf8789, columns={'addresses': ['unknown'], 'external_ids': {'neutron:port_name': '', 'neutron:device_id': '176d27d6-60cb-4156-90c8-137594283493', 'neutron:project_id': '', 'neutron:cidrs': '172.24.5.212/24', 'neutron:device_owner': 'network:router_gateway', 'neutron:subnet_pool_addr_scope4': '', 'neutron:subnet_pool_addr_scope6': '', 'neutron:network_name': 'neutron-144643df-b0a7-460d-a1dd-6ebb35cf8789', 'neutron:security_group_ids': '', 'neutron:revision_number': '1', 'neutron:vnic_type': 'normal', 'neutron:port_capabilities': '', 'neutron:mtu': ''}, 'parent_name': [], 'tag': [], 'enabled': True, 'options': {}, 'type': '', 'port_security': [], 'dhcpv4_options': [], 'dhcpv6_options': []}) {{(pid=102606) do_commit /opt/stack/data/venv/lib/python3.12/site-packages/ovsdbapp/backend/ovs_idl/transaction.py:89}}
Mar 26 00:04:09.716094 np0000160696 devstack@neutron-api.service[102606]: DEBUG ovsdbapp.backend.ovs_idl.transaction [None req-5977bd9c-124d-4f26-8333-4faa83c80ca9 None None] Running txn n=1 command(idx=1): QoSDelCommand(_result=None, switch=neutron-144643df-b0a7-460d-a1dd-6ebb35cf8789, conditions=[('direction', '=', 'to-lport'), ('priority', '=', 2002), ('match', '=', 'outport == "2d28c8a9-ecb7-4e73-bf33-e5982ce466e4"')], if_exists=True) {{(pid=102606) do_commit /opt/stack/data/venv/lib/python3.12/site-packages/ovsdbapp/backend/ovs_idl/transaction.py:89}}
Mar 26 00:04:09.716438 np0000160696 devstack@neutron-api.service[102606]: DEBUG ovsdbapp.backend.ovs_idl.transaction [None req-5977bd9c-124d-4f26-8333-4faa83c80ca9 None None] Running txn n=1 command(idx=2): QoSDelCommand(_result=None, switch=neutron-144643df-b0a7-460d-a1dd-6ebb35cf8789, conditions=[('direction', '=', 'from-lport'), ('priority', '=', 2002), ('match', '=', 'inport == "2d28c8a9-ecb7-4e73-bf33-e5982ce466e4"')], if_exists=True) {{(pid=102606) do_commit /opt/stack/data/venv/lib/python3.12/site-packages/ovsdbapp/backend/ovs_idl/transaction.py:89}}
Mar 26 00:04:09.716816 np0000160696 devstack@neutron-api.service[102606]: DEBUG ovsdbapp.backend.ovs_idl.transaction [None req-5977bd9c-124d-4f26-8333-4faa83c80ca9 None None] Running txn n=1 command(idx=3): UpdateLSwitchPortQosOptionsCommand(_result=None, lport=AddLSwitchPortCommand(_result=49890351-593b-46ad-864f-4318b6917480, lport=2d28c8a9-ecb7-4e73-bf33-e5982ce466e4, lswitch=neutron-144643df-b0a7-460d-a1dd-6ebb35cf8789, may_exist=True, network_uuid=144643df-b0a7-460d-a1dd-6ebb35cf8789, columns={'addresses': ['unknown'], 'external_ids': {'neutron:port_name': '', 'neutron:device_id': '176d27d6-60cb-4156-90c8-137594283493', 'neutron:project_id': '', 'neutron:cidrs': '172.24.5.212/24', 'neutron:device_owner': 'network:router_gateway', 'neutron:subnet_pool_addr_scope4': '', 'neutron:subnet_pool_addr_scope6': '', 'neutron:network_name': 'neutron-144643df-b0a7-460d-a1dd-6ebb35cf8789', 'neutron:security_group_ids': '', 'neutron:revision_number': '1', 'neutron:vnic_type': 'normal', 'neutron:port_capabilities': '', 'neutron:mtu': ''}, 'parent_name': [], 'enabled': True, 'options': {}, 'type': '', 'port_security': []}), if_exists=True, qos={'qos_max_rate': None, 'qos_burst': None, 'qos_min_rate': None}) {{(pid=102606) do_commit /opt/stack/data/venv/lib/python3.12/site-packages/ovsdbapp/backend/ovs_idl/transaction.py:89}}
Mar 26 00:04:09.760897 np0000160696 devstack@neutron-api.service[102604]: DEBUG neutron.plugins.ml2.drivers.ovn.mech_driver.ovsdb.ovsdb_monitor [None req-31253b18-aede-407e-96a9-5e287d1bbdc2 None None] Touching Hash Ring node "196a490d55fe5f33a52a293de4140fcc" from IDL notify handler {{(pid=102604) notify /opt/stack/neutron/neutron/plugins/ml2/drivers/ovn/mech_driver/ovsdb/ovsdb_monitor.py:904}}
Mar 26 00:04:09.762129 np0000160696 devstack@neutron-api.service[102605]: DEBUG neutron.plugins.ml2.drivers.ovn.mech_driver.ovsdb.ovsdb_monitor [None req-4ac0315c-94c4-48a5-978e-3351313ee6e8 None None] Touching Hash Ring node "0436a1737e7a54d5bf632f3cbfb63f78" from IDL notify handler {{(pid=102605) notify /opt/stack/neutron/neutron/plugins/ml2/drivers/ovn/mech_driver/ovsdb/ovsdb_monitor.py:904}}
Mar 26 00:04:09.763367 np0000160696 devstack@neutron-api.service[102603]: DEBUG neutron.plugins.ml2.drivers.ovn.mech_driver.ovsdb.ovsdb_monitor [None req-6ce00f40-1147-4adb-a986-78cbbbe10762 None None] Touching Hash Ring node "d9afd1c8666255a28a167914a9adbecd" from IDL notify handler {{(pid=102603) notify /opt/stack/neutron/neutron/plugins/ml2/drivers/ovn/mech_driver/ovsdb/ovsdb_monitor.py:904}}
Mar 26 00:04:09.763554 np0000160696 devstack@neutron-api.service[102605]: DEBUG neutron.plugins.ml2.drivers.ovn.mech_driver.ovsdb.ovsdb_monitor [None req-3844b5f6-e3c9-45b7-a48a-dccc21b0b5dd None None] Touching Hash Ring node "0436a1737e7a54d5bf632f3cbfb63f78" from IDL notify handler {{(pid=102605) notify /opt/stack/neutron/neutron/plugins/ml2/drivers/ovn/mech_driver/ovsdb/ovsdb_monitor.py:904}}
Mar 26 00:04:09.768037 np0000160696 devstack@neutron-api.service[102604]: DEBUG neutron.plugins.ml2.drivers.ovn.mech_driver.ovsdb.ovsdb_monitor [None req-31253b18-aede-407e-96a9-5e287d1bbdc2 None None] Hash Ring: Node 196a490d55fe5f33a52a293de4140fcc (host: np0000160696) handling event "update" for row 144643df-b0a7-460d-a1dd-6ebb35cf8789 (table: Logical_Switch) {{(pid=102604) notify /opt/stack/neutron/neutron/plugins/ml2/drivers/ovn/mech_driver/ovsdb/ovsdb_monitor.py:912}}
Mar 26 00:04:09.769082 np0000160696 devstack@neutron-api.service[102604]: DEBUG neutron.plugins.ml2.drivers.ovn.mech_driver.ovsdb.ovsdb_monitor [None req-31253b18-aede-407e-96a9-5e287d1bbdc2 None None] Touching Hash Ring node "196a490d55fe5f33a52a293de4140fcc" from IDL notify handler {{(pid=102604) notify /opt/stack/neutron/neutron/plugins/ml2/drivers/ovn/mech_driver/ovsdb/ovsdb_monitor.py:904}}
Mar 26 00:04:09.769760 np0000160696 devstack@neutron-api.service[102603]: DEBUG neutron.plugins.ml2.drivers.ovn.mech_driver.ovsdb.ovsdb_monitor [None req-6ce00f40-1147-4adb-a986-78cbbbe10762 None None] Hash Ring: Node d9afd1c8666255a28a167914a9adbecd (host: np0000160696) handling event "create" for row d829bbc7-687f-49b3-bd52-ec37cd062c14 (table: Port_Binding) {{(pid=102603) notify /opt/stack/neutron/neutron/plugins/ml2/drivers/ovn/mech_driver/ovsdb/ovsdb_monitor.py:912}}
Mar 26 00:04:09.770280 np0000160696 devstack@neutron-api.service[102605]: DEBUG neutron.plugins.ml2.drivers.ovn.mech_driver.ovsdb.ovsdb_monitor [None req-4ac0315c-94c4-48a5-978e-3351313ee6e8 None None] Hash Ring: Node 0436a1737e7a54d5bf632f3cbfb63f78 (host: np0000160696) handling event "update" for row 144643df-b0a7-460d-a1dd-6ebb35cf8789 (table: Logical_Switch) {{(pid=102605) notify /opt/stack/neutron/neutron/plugins/ml2/drivers/ovn/mech_driver/ovsdb/ovsdb_monitor.py:912}}
Mar 26 00:04:09.771644 np0000160696 devstack@neutron-api.service[102605]: DEBUG neutron.plugins.ml2.drivers.ovn.mech_driver.ovsdb.ovsdb_monitor [None req-4ac0315c-94c4-48a5-978e-3351313ee6e8 None None] Touching Hash Ring node "0436a1737e7a54d5bf632f3cbfb63f78" from IDL notify handler {{(pid=102605) notify /opt/stack/neutron/neutron/plugins/ml2/drivers/ovn/mech_driver/ovsdb/ovsdb_monitor.py:904}}
Mar 26 00:04:09.771718 np0000160696 devstack@neutron-api.service[102604]: DEBUG neutron.plugins.ml2.drivers.ovn.mech_driver.ovsdb.ovsdb_monitor [None req-31253b18-aede-407e-96a9-5e287d1bbdc2 None None] Hash Ring: Node 196a490d55fe5f33a52a293de4140fcc (host: np0000160696) handling event "create" for row c1278d2d-2e1e-451e-b2eb-24d42353b662 (table: Logical_Switch_Port) {{(pid=102604) notify /opt/stack/neutron/neutron/plugins/ml2/drivers/ovn/mech_driver/ovsdb/ovsdb_monitor.py:912}}
Mar 26 00:04:09.772663 np0000160696 devstack@neutron-api.service[102605]: DEBUG neutron.plugins.ml2.drivers.ovn.mech_driver.ovsdb.ovsdb_monitor [None req-3844b5f6-e3c9-45b7-a48a-dccc21b0b5dd None None] Hash Ring: Node 0436a1737e7a54d5bf632f3cbfb63f78 (host: np0000160696) handling event "create" for row d829bbc7-687f-49b3-bd52-ec37cd062c14 (table: Port_Binding) {{(pid=102605) notify /opt/stack/neutron/neutron/plugins/ml2/drivers/ovn/mech_driver/ovsdb/ovsdb_monitor.py:912}}
Mar 26 00:04:09.772990 np0000160696 devstack@neutron-api.service[102604]: DEBUG ovsdbapp.backend.ovs_idl.event [None req-31253b18-aede-407e-96a9-5e287d1bbdc2 None None] Matched CREATE: LogicalSwitchPortCreateEvent(events=('create',), table='Logical_Switch_Port', conditions=[], old_conditions=None), priority=20 to row=Logical_Switch_Port(uuid=c1278d2d-2e1e-451e-b2eb-24d42353b662, addresses=['unknown'], dhcpv4_options=[], dhcpv6_options=[], dynamic_addresses=[], enabled=True, external_ids={'neutron:cidrs': '172.24.5.212/24', 'neutron:device_id': '176d27d6-60cb-4156-90c8-137594283493', 'neutron:device_owner': 'network:router_gateway', 'neutron:mtu': '', 'neutron:network_name': 'neutron-144643df-b0a7-460d-a1dd-6ebb35cf8789', 'neutron:port_capabilities': '', 'neutron:port_name': '', 'neutron:project_id': '', 'neutron:revision_number': '1', 'neutron:security_group_ids': '', 'neutron:subnet_pool_addr_scope4': '', 'neutron:subnet_pool_addr_scope6': '', 'neutron:vnic_type': 'normal'}, ha_chassis_group=[], mirror_rules=[], name='2d28c8a9-ecb7-4e73-bf33-e5982ce466e4', options={}, parent_name=[], port_security=[], tag=[], tag_request=[], type='', up=[]) old= {{(pid=102604) matches /opt/stack/data/venv/lib/python3.12/site-packages/ovsdbapp/backend/ovs_idl/event.py:55}}
Mar 26 00:04:09.774750 np0000160696 devstack@neutron-api.service[102605]: DEBUG neutron.plugins.ml2.drivers.ovn.mech_driver.ovsdb.ovsdb_monitor [None req-4ac0315c-94c4-48a5-978e-3351313ee6e8 None None] Hash Ring: Node 0436a1737e7a54d5bf632f3cbfb63f78 (host: np0000160696) handling event "create" for row c1278d2d-2e1e-451e-b2eb-24d42353b662 (table: Logical_Switch_Port) {{(pid=102605) notify /opt/stack/neutron/neutron/plugins/ml2/drivers/ovn/mech_driver/ovsdb/ovsdb_monitor.py:912}}
Mar 26 00:04:09.774952 np0000160696 devstack@neutron-api.service[102604]: DEBUG neutron.plugins.ml2.drivers.ovn.mech_driver.ovsdb.ovsdb_monitor [None req-31253b18-aede-407e-96a9-5e287d1bbdc2 None None] Touching Hash Ring node "196a490d55fe5f33a52a293de4140fcc" from IDL notify handler {{(pid=102604) notify /opt/stack/neutron/neutron/plugins/ml2/drivers/ovn/mech_driver/ovsdb/ovsdb_monitor.py:904}}
Mar 26 00:04:09.775999 np0000160696 devstack@neutron-api.service[102605]: DEBUG ovsdbapp.backend.ovs_idl.event [None req-4ac0315c-94c4-48a5-978e-3351313ee6e8 None None] Matched CREATE: LogicalSwitchPortCreateEvent(events=('create',), table='Logical_Switch_Port', conditions=[], old_conditions=None), priority=20 to row=Logical_Switch_Port(uuid=c1278d2d-2e1e-451e-b2eb-24d42353b662, addresses=['unknown'], dhcpv4_options=[], dhcpv6_options=[], dynamic_addresses=[], enabled=True, external_ids={'neutron:cidrs': '172.24.5.212/24', 'neutron:device_id': '176d27d6-60cb-4156-90c8-137594283493', 'neutron:device_owner': 'network:router_gateway', 'neutron:mtu': '', 'neutron:network_name': 'neutron-144643df-b0a7-460d-a1dd-6ebb35cf8789', 'neutron:port_capabilities': '', 'neutron:port_name': '', 'neutron:project_id': '', 'neutron:revision_number': '1', 'neutron:security_group_ids': '', 'neutron:subnet_pool_addr_scope4': '', 'neutron:subnet_pool_addr_scope6': '', 'neutron:vnic_type': 'normal'}, ha_chassis_group=[], mirror_rules=[], name='2d28c8a9-ecb7-4e73-bf33-e5982ce466e4', options={}, parent_name=[], port_security=[], tag=[], tag_request=[], type='', up=[]) old= {{(pid=102605) matches /opt/stack/data/venv/lib/python3.12/site-packages/ovsdbapp/backend/ovs_idl/event.py:55}}
Mar 26 00:04:09.777324 np0000160696 devstack@neutron-api.service[102604]: DEBUG neutron.plugins.ml2.drivers.ovn.mech_driver.ovsdb.ovsdb_monitor [None req-31253b18-aede-407e-96a9-5e287d1bbdc2 None None] Hash Ring: Node 196a490d55fe5f33a52a293de4140fcc (host: np0000160696) handling event "update" for row c1278d2d-2e1e-451e-b2eb-24d42353b662 (table: Logical_Switch_Port) {{(pid=102604) notify /opt/stack/neutron/neutron/plugins/ml2/drivers/ovn/mech_driver/ovsdb/ovsdb_monitor.py:912}}
Mar 26 00:04:09.777912 np0000160696 devstack@neutron-api.service[102605]: DEBUG neutron.plugins.ml2.drivers.ovn.mech_driver.ovsdb.ovsdb_monitor [None req-4ac0315c-94c4-48a5-978e-3351313ee6e8 None None] Touching Hash Ring node "0436a1737e7a54d5bf632f3cbfb63f78" from IDL notify handler {{(pid=102605) notify /opt/stack/neutron/neutron/plugins/ml2/drivers/ovn/mech_driver/ovsdb/ovsdb_monitor.py:904}}
Mar 26 00:04:09.779997 np0000160696 devstack@neutron-api.service[102605]: DEBUG neutron.plugins.ml2.drivers.ovn.mech_driver.ovsdb.ovsdb_monitor [None req-4ac0315c-94c4-48a5-978e-3351313ee6e8 None None] Hash Ring: Node 0436a1737e7a54d5bf632f3cbfb63f78 (host: np0000160696) handling event "update" for row c1278d2d-2e1e-451e-b2eb-24d42353b662 (table: Logical_Switch_Port) {{(pid=102605) notify /opt/stack/neutron/neutron/plugins/ml2/drivers/ovn/mech_driver/ovsdb/ovsdb_monitor.py:912}}
Mar 26 00:04:09.799261 np0000160696 devstack@neutron-api.service[102606]: INFO neutron.db.ovn_revision_numbers_db [None req-5ef41b2a-25ae-4819-9406-629a81a62807 admin admin] Successfully bumped revision number for resource 2d28c8a9-ecb7-4e73-bf33-e5982ce466e4 (type: ports) to 1
Mar 26 00:04:09.928775 np0000160696 devstack@neutron-api.service[102606]: DEBUG neutron_lib.callbacks.manager [None req-5ef41b2a-25ae-4819-9406-629a81a62807 admin admin] Publish callbacks [] for router_gateway (176d27d6-60cb-4156-90c8-137594283493), after_create {{(pid=102606) _notify_loop /opt/stack/data/venv/lib/python3.12/site-packages/neutron_lib/callbacks/manager.py:184}}
Mar 26 00:04:10.318477 np0000160696 devstack@neutron-api.service[102606]: DEBUG neutron_lib.callbacks.manager [None req-5ef41b2a-25ae-4819-9406-629a81a62807 admin admin] Publish callbacks ['neutron.services.ovn_l3.plugin.ExtraGatewaysDbOnlyMixin._process_bfd_ecmp_update-10784', 'neutron.services.ovn_l3.service_providers.driver_controller.DriverController._update_router_provider-30579'] for router (176d27d6-60cb-4156-90c8-137594283493), precommit_update {{(pid=102606) _notify_loop /opt/stack/data/venv/lib/python3.12/site-packages/neutron_lib/callbacks/manager.py:184}}
Mar 26 00:04:10.320857 np0000160696 devstack@neutron-api.service[102606]: DEBUG neutron_lib.callbacks.manager [None req-5ef41b2a-25ae-4819-9406-629a81a62807 admin admin] Publish callbacks ['neutron.services.ovn_l3.service_providers.ovn.OvnDriver._process_router_update-16594'] for router (176d27d6-60cb-4156-90c8-137594283493), after_update {{(pid=102606) _notify_loop /opt/stack/data/venv/lib/python3.12/site-packages/neutron_lib/callbacks/manager.py:184}}
Mar 26 00:04:10.824558 np0000160696 devstack@neutron-api.service[102606]: DEBUG ovsdbapp.backend.ovs_idl.transaction [None req-5977bd9c-124d-4f26-8333-4faa83c80ca9 None None] Running txn n=1 command(idx=0): CheckRevisionNumberCommand(_result=None, name=neutron-176d27d6-60cb-4156-90c8-137594283493, resource={'id': '176d27d6-60cb-4156-90c8-137594283493', 'name': 'router1', 'project_id': 'ad338653f4f74dd7b42b5ccdb4273c7d', 'admin_state_up': True, 'status': 'ACTIVE', 'enable_snat': True, 'external_gateway_info': {'network_id': '144643df-b0a7-460d-a1dd-6ebb35cf8789', 'external_fixed_ips': [{'subnet_id': 'a00043d0-92bc-4013-992d-06d6b7ba2502', 'ip_address': '172.24.5.212'}], 'enable_snat': True}, 'gw_port_id': '2d28c8a9-ecb7-4e73-bf33-e5982ce466e4', 'description': '', 'availability_zones': [], 'distributed': False, 'ha': True, 'ha_vr_id': 0, 'availability_zone_hints': [], 'enable_default_route_ecmp': False, 'enable_default_route_bfd': False, 'external_gateways': [{'network_id': '144643df-b0a7-460d-a1dd-6ebb35cf8789', 'external_fixed_ips': [{'ip_address': '172.24.5.212', 'subnet_id': 'a00043d0-92bc-4013-992d-06d6b7ba2502'}]}], 'routes': [], 'flavor_id': None, 'tags': [], 'created_at': '2026-03-26T00:04:04Z', 'updated_at': '2026-03-26T00:04:09Z', 'revision_number': 3, 'tenant_id': 'ad338653f4f74dd7b42b5ccdb4273c7d'}, resource_type=routers, if_exists=True) {{(pid=102606) do_commit /opt/stack/data/venv/lib/python3.12/site-packages/ovsdbapp/backend/ovs_idl/transaction.py:89}}
Mar 26 00:04:10.825505 np0000160696 devstack@neutron-api.service[102606]: DEBUG ovsdbapp.backend.ovs_idl.transaction [None req-5977bd9c-124d-4f26-8333-4faa83c80ca9 None None] Running txn n=1 command(idx=1): DeleteLRouterExtGwCommand(_result=None, lrouter=neutron-176d27d6-60cb-4156-90c8-137594283493, if_exists=True, maintain_bfd=True) {{(pid=102606) do_commit /opt/stack/data/venv/lib/python3.12/site-packages/ovsdbapp/backend/ovs_idl/transaction.py:89}}
Mar 26 00:04:10.825779 np0000160696 devstack@neutron-api.service[102606]: DEBUG ovsdbapp.backend.ovs_idl.transaction [None req-5977bd9c-124d-4f26-8333-4faa83c80ca9 None None] Running txn n=1 command(idx=2): DeleteNATRuleInLRouterCommand(_result=None, lrouter=neutron-176d27d6-60cb-4156-90c8-137594283493, type=snat, logical_ip=10.1.0.0/26, external_ip=172.24.5.212, if_exists=True) {{(pid=102606) do_commit /opt/stack/data/venv/lib/python3.12/site-packages/ovsdbapp/backend/ovs_idl/transaction.py:89}}
Mar 26 00:04:10.826179 np0000160696 devstack@neutron-api.service[102606]: DEBUG ovsdbapp.backend.ovs_idl.transaction [None req-5977bd9c-124d-4f26-8333-4faa83c80ca9 None None] Running txn n=1 command(idx=3): DelStaticRoutesCommand(_result=None, lrouter=neutron-176d27d6-60cb-4156-90c8-137594283493, routes=[('0.0.0.0/0', '172.24.5.1')], if_exists=True) {{(pid=102606) do_commit /opt/stack/data/venv/lib/python3.12/site-packages/ovsdbapp/backend/ovs_idl/transaction.py:89}}
Mar 26 00:04:10.826478 np0000160696 devstack@neutron-api.service[102606]: DEBUG ovsdbapp.backend.ovs_idl.transaction [None req-5977bd9c-124d-4f26-8333-4faa83c80ca9 None None] Running txn n=1 command(idx=4): DelLRouterPortCommand(_result=None, name=lrp-2d28c8a9-ecb7-4e73-bf33-e5982ce466e4, lrouter=neutron-176d27d6-60cb-4156-90c8-137594283493, if_exists=True) {{(pid=102606) do_commit /opt/stack/data/venv/lib/python3.12/site-packages/ovsdbapp/backend/ovs_idl/transaction.py:89}}
Mar 26 00:04:10.826760 np0000160696 devstack@neutron-api.service[102606]: DEBUG ovsdbapp.backend.ovs_idl.transaction [None req-5977bd9c-124d-4f26-8333-4faa83c80ca9 None None] Running txn n=1 command(idx=5): AddLRouterPortCommand(_result=None, name=lrp-2d28c8a9-ecb7-4e73-bf33-e5982ce466e4, lrouter=neutron-176d27d6-60cb-4156-90c8-137594283493, may_exist=True, columns={'mac': 'fa:16:3e:fb:86:d1', 'networks': ['172.24.5.212/24'], 'external_ids': {'neutron:revision_number': '1', 'neutron:subnet_ids': 'a00043d0-92bc-4013-992d-06d6b7ba2502', 'neutron:network_name': 'neutron-144643df-b0a7-460d-a1dd-6ebb35cf8789', 'neutron:is_ext_gw': 'True', 'neutron:router_name': 'neutron-176d27d6-60cb-4156-90c8-137594283493'}, 'options': {'reside-on-redirect-chassis': 'true', 'gateway_mtu': '1372'}}) {{(pid=102606) do_commit /opt/stack/data/venv/lib/python3.12/site-packages/ovsdbapp/backend/ovs_idl/transaction.py:89}}
Mar 26 00:04:10.827498 np0000160696 devstack@neutron-api.service[102606]: DEBUG ovsdbapp.backend.ovs_idl.transaction [None req-5977bd9c-124d-4f26-8333-4faa83c80ca9 None None] Running txn n=1 command(idx=6): ScheduleNewGatewayCommand(_result=None, g_name=lrp-2d28c8a9-ecb7-4e73-bf33-e5982ce466e4, sb_api=, lrouter_name=neutron-176d27d6-60cb-4156-90c8-137594283493, ovn_client=, scheduler=, physnet=public, az_hints=[]) {{(pid=102606) do_commit /opt/stack/data/venv/lib/python3.12/site-packages/ovsdbapp/backend/ovs_idl/transaction.py:89}}
Mar 26 00:04:10.828603 np0000160696 devstack@neutron-api.service[102606]: DEBUG neutron.plugins.ml2.drivers.ovn.mech_driver.ovsdb.ovn_client [None req-5977bd9c-124d-4f26-8333-4faa83c80ca9 None None] Chassis candidates for scheduling gateway router ports for "public" physical network: ['8e7f78e6-ed86-40b4-bf94-6c5943443bb6'] {{(pid=102606) get_candidates_for_scheduling /opt/stack/neutron/neutron/plugins/ml2/drivers/ovn/mech_driver/ovsdb/ovn_client.py:1689}}
Mar 26 00:04:10.829200 np0000160696 devstack@neutron-api.service[102606]: DEBUG neutron.scheduler.l3_ovn_scheduler [None req-5977bd9c-124d-4f26-8333-4faa83c80ca9 None None] Gateway lrp-2d28c8a9-ecb7-4e73-bf33-e5982ce466e4 scheduled on chassis ['8e7f78e6-ed86-40b4-bf94-6c5943443bb6'] {{(pid=102606) _schedule_gateway /opt/stack/neutron/neutron/scheduler/l3_ovn_scheduler.py:88}}
Mar 26 00:04:10.829511 np0000160696 devstack@neutron-api.service[102606]: INFO neutron.plugins.ml2.drivers.ovn.mech_driver.ovsdb.commands [None req-5977bd9c-124d-4f26-8333-4faa83c80ca9 None None] Schedule LRP lrp-2d28c8a9-ecb7-4e73-bf33-e5982ce466e4 on gateway 8e7f78e6-ed86-40b4-bf94-6c5943443bb6 with priority 1
Mar 26 00:04:10.829689 np0000160696 devstack@neutron-api.service[102606]: DEBUG ovsdbapp.backend.ovs_idl.transaction [None req-5977bd9c-124d-4f26-8333-4faa83c80ca9 None None] Running txn n=1 command(idx=7): SetLRouterPortInLSwitchPortCommand(_result=None, lswitch_port=2d28c8a9-ecb7-4e73-bf33-e5982ce466e4, lrouter_port=lrp-2d28c8a9-ecb7-4e73-bf33-e5982ce466e4, is_gw_port=True, if_exists=True, lsp_address=router) {{(pid=102606) do_commit /opt/stack/data/venv/lib/python3.12/site-packages/ovsdbapp/backend/ovs_idl/transaction.py:89}}
Mar 26 00:04:10.830017 np0000160696 devstack@neutron-api.service[102606]: DEBUG ovsdbapp.backend.ovs_idl.transaction [None req-5977bd9c-124d-4f26-8333-4faa83c80ca9 None None] Running txn n=1 command(idx=8): AddStaticRouteCommand(_result=None, lrouter=neutron-176d27d6-60cb-4156-90c8-137594283493, maintain_bfd=False, columns={'ip_prefix': '0.0.0.0/0', 'nexthop': '172.24.5.1', 'external_ids': {'neutron:is_ext_gw': 'true', 'neutron:subnet_id': 'a00043d0-92bc-4013-992d-06d6b7ba2502', 'neutron:is_static_route': 'true'}}) {{(pid=102606) do_commit /opt/stack/data/venv/lib/python3.12/site-packages/ovsdbapp/backend/ovs_idl/transaction.py:89}}
Mar 26 00:04:10.830311 np0000160696 devstack@neutron-api.service[102606]: DEBUG ovsdbapp.backend.ovs_idl.transaction [None req-5977bd9c-124d-4f26-8333-4faa83c80ca9 None None] Running txn n=1 command(idx=9): AddNATRuleInLRouterCommand(_result=None, lrouter=neutron-176d27d6-60cb-4156-90c8-137594283493, columns={'type': 'snat', 'logical_ip': '10.1.0.0/26', 'external_ip': '172.24.5.212'}) {{(pid=102606) do_commit /opt/stack/data/venv/lib/python3.12/site-packages/ovsdbapp/backend/ovs_idl/transaction.py:89}}
Mar 26 00:04:10.830581 np0000160696 devstack@neutron-api.service[102606]: DEBUG ovsdbapp.backend.ovs_idl.transaction [None req-5977bd9c-124d-4f26-8333-4faa83c80ca9 None None] Running txn n=1 command(idx=10): UpdateLRouterCommand(_result=None, name=neutron-176d27d6-60cb-4156-90c8-137594283493, columns={'external_ids': {'neutron:router_name': 'router1', 'neutron:revision_number': '3', 'neutron:availability_zone_hints': ''}, 'enabled': True}, if_exists=True) {{(pid=102606) do_commit /opt/stack/data/venv/lib/python3.12/site-packages/ovsdbapp/backend/ovs_idl/transaction.py:89}}
Mar 26 00:04:10.830868 np0000160696 devstack@neutron-api.service[102606]: DEBUG ovsdbapp.backend.ovs_idl.transaction [None req-5977bd9c-124d-4f26-8333-4faa83c80ca9 None None] Running txn n=1 command(idx=11): QoSDelCommand(_result=None, switch=neutron-144643df-b0a7-460d-a1dd-6ebb35cf8789, conditions=[('direction', '=', 'from-lport'), ('priority', '=', 2002), ('match', '=', 'inport == "2d28c8a9-ecb7-4e73-bf33-e5982ce466e4"')], if_exists=True) {{(pid=102606) do_commit /opt/stack/data/venv/lib/python3.12/site-packages/ovsdbapp/backend/ovs_idl/transaction.py:89}}
Mar 26 00:04:10.831107 np0000160696 devstack@neutron-api.service[102606]: DEBUG ovsdbapp.backend.ovs_idl.transaction [None req-5977bd9c-124d-4f26-8333-4faa83c80ca9 None None] Running txn n=1 command(idx=12): QoSDelCommand(_result=None, switch=neutron-144643df-b0a7-460d-a1dd-6ebb35cf8789, conditions=[('direction', '=', 'to-lport'), ('priority', '=', 2002), ('match', '=', 'outport == "2d28c8a9-ecb7-4e73-bf33-e5982ce466e4"')], if_exists=True) {{(pid=102606) do_commit /opt/stack/data/venv/lib/python3.12/site-packages/ovsdbapp/backend/ovs_idl/transaction.py:89}}
Mar 26 00:04:10.870485 np0000160696 devstack@neutron-api.service[102606]: DEBUG neutron.plugins.ml2.drivers.ovn.mech_driver.ovsdb.ovsdb_monitor [None req-5977bd9c-124d-4f26-8333-4faa83c80ca9 None None] Touching Hash Ring node "5cdcbab7450e55f6bf918fdaeac4ad45" from IDL notify handler {{(pid=102606) notify /opt/stack/neutron/neutron/plugins/ml2/drivers/ovn/mech_driver/ovsdb/ovsdb_monitor.py:904}}
Mar 26 00:04:10.873182 np0000160696 devstack@neutron-api.service[102605]: DEBUG neutron.plugins.ml2.drivers.ovn.mech_driver.ovsdb.ovsdb_monitor [None req-4ac0315c-94c4-48a5-978e-3351313ee6e8 None None] Touching Hash Ring node "0436a1737e7a54d5bf632f3cbfb63f78" from IDL notify handler {{(pid=102605) notify /opt/stack/neutron/neutron/plugins/ml2/drivers/ovn/mech_driver/ovsdb/ovsdb_monitor.py:904}}
Mar 26 00:04:10.873643 np0000160696 devstack@neutron-api.service[102604]: DEBUG neutron.plugins.ml2.drivers.ovn.mech_driver.ovsdb.ovsdb_monitor [None req-31253b18-aede-407e-96a9-5e287d1bbdc2 None None] Touching Hash Ring node "196a490d55fe5f33a52a293de4140fcc" from IDL notify handler {{(pid=102604) notify /opt/stack/neutron/neutron/plugins/ml2/drivers/ovn/mech_driver/ovsdb/ovsdb_monitor.py:904}}
Mar 26 00:04:10.873963 np0000160696 devstack@neutron-api.service[102603]: DEBUG neutron.plugins.ml2.drivers.ovn.mech_driver.ovsdb.ovsdb_monitor [None req-d644aff9-e3c0-482e-a258-932de72f4896 None None] Touching Hash Ring node "d9afd1c8666255a28a167914a9adbecd" from IDL notify handler {{(pid=102603) notify /opt/stack/neutron/neutron/plugins/ml2/drivers/ovn/mech_driver/ovsdb/ovsdb_monitor.py:904}}
Mar 26 00:04:10.880082 np0000160696 devstack@neutron-api.service[102605]: DEBUG neutron.plugins.ml2.drivers.ovn.mech_driver.ovsdb.ovsdb_monitor [None req-3844b5f6-e3c9-45b7-a48a-dccc21b0b5dd None None] Touching Hash Ring node "0436a1737e7a54d5bf632f3cbfb63f78" from IDL notify handler {{(pid=102605) notify /opt/stack/neutron/neutron/plugins/ml2/drivers/ovn/mech_driver/ovsdb/ovsdb_monitor.py:904}}
Mar 26 00:04:10.881066 np0000160696 devstack@neutron-api.service[102604]: DEBUG neutron.plugins.ml2.drivers.ovn.mech_driver.ovsdb.ovsdb_monitor [None req-2febe8f2-2df2-4ca0-a9c7-e5c34db7440a None None] Touching Hash Ring node "196a490d55fe5f33a52a293de4140fcc" from IDL notify handler {{(pid=102604) notify /opt/stack/neutron/neutron/plugins/ml2/drivers/ovn/mech_driver/ovsdb/ovsdb_monitor.py:904}}
Mar 26 00:04:10.883284 np0000160696 devstack@neutron-api.service[102606]: DEBUG neutron.plugins.ml2.drivers.ovn.mech_driver.ovsdb.ovsdb_monitor [None req-5977bd9c-124d-4f26-8333-4faa83c80ca9 None None] Hash Ring: Node 5cdcbab7450e55f6bf918fdaeac4ad45 (host: np0000160696) handling event "create" for row 5750bbb9-c345-42c8-8fe1-308edfc86dbc (table: Gateway_Chassis) {{(pid=102606) notify /opt/stack/neutron/neutron/plugins/ml2/drivers/ovn/mech_driver/ovsdb/ovsdb_monitor.py:912}}
Mar 26 00:04:10.883529 np0000160696 devstack@neutron-api.service[102603]: DEBUG neutron.plugins.ml2.drivers.ovn.mech_driver.ovsdb.ovsdb_monitor [None req-6ce00f40-1147-4adb-a986-78cbbbe10762 None None] Touching Hash Ring node "d9afd1c8666255a28a167914a9adbecd" from IDL notify handler {{(pid=102603) notify /opt/stack/neutron/neutron/plugins/ml2/drivers/ovn/mech_driver/ovsdb/ovsdb_monitor.py:904}}
Mar 26 00:04:10.884526 np0000160696 devstack@neutron-api.service[102604]: DEBUG neutron.plugins.ml2.drivers.ovn.mech_driver.ovsdb.ovsdb_monitor [None req-31253b18-aede-407e-96a9-5e287d1bbdc2 None None] Hash Ring: Node 196a490d55fe5f33a52a293de4140fcc (host: np0000160696) handling event "update" for row 49592801-8969-432f-a538-658cbd295053 (table: Logical_Router) {{(pid=102604) notify /opt/stack/neutron/neutron/plugins/ml2/drivers/ovn/mech_driver/ovsdb/ovsdb_monitor.py:912}}
Mar 26 00:04:10.884793 np0000160696 devstack@neutron-api.service[102605]: DEBUG neutron.plugins.ml2.drivers.ovn.mech_driver.ovsdb.ovsdb_monitor [None req-4ac0315c-94c4-48a5-978e-3351313ee6e8 None None] Hash Ring: Node 0436a1737e7a54d5bf632f3cbfb63f78 (host: np0000160696) handling event "create" for row 5750bbb9-c345-42c8-8fe1-308edfc86dbc (table: Gateway_Chassis) {{(pid=102605) notify /opt/stack/neutron/neutron/plugins/ml2/drivers/ovn/mech_driver/ovsdb/ovsdb_monitor.py:912}}
Mar 26 00:04:10.885267 np0000160696 devstack@neutron-api.service[102606]: DEBUG neutron.plugins.ml2.drivers.ovn.mech_driver.ovsdb.ovsdb_monitor [None req-caf76b63-a611-4b56-93d3-e5202d1426f0 None None] Touching Hash Ring node "5cdcbab7450e55f6bf918fdaeac4ad45" from IDL notify handler {{(pid=102606) notify /opt/stack/neutron/neutron/plugins/ml2/drivers/ovn/mech_driver/ovsdb/ovsdb_monitor.py:904}}
Mar 26 00:04:10.885380 np0000160696 devstack@neutron-api.service[102604]: DEBUG neutron.plugins.ml2.drivers.ovn.mech_driver.ovsdb.ovsdb_monitor [None req-2febe8f2-2df2-4ca0-a9c7-e5c34db7440a None None] Hash Ring: Node 196a490d55fe5f33a52a293de4140fcc (host: np0000160696) handling event "create" for row 9735b2af-9d1f-494b-9755-70e16cf40b2e (table: Port_Binding) {{(pid=102604) notify /opt/stack/neutron/neutron/plugins/ml2/drivers/ovn/mech_driver/ovsdb/ovsdb_monitor.py:912}}
Mar 26 00:04:10.887127 np0000160696 devstack@neutron-api.service[102605]: DEBUG neutron.plugins.ml2.drivers.ovn.mech_driver.ovsdb.ovsdb_monitor [None req-4ac0315c-94c4-48a5-978e-3351313ee6e8 None None] Touching Hash Ring node "0436a1737e7a54d5bf632f3cbfb63f78" from IDL notify handler {{(pid=102605) notify /opt/stack/neutron/neutron/plugins/ml2/drivers/ovn/mech_driver/ovsdb/ovsdb_monitor.py:904}}
Mar 26 00:04:10.887233 np0000160696 devstack@neutron-api.service[102604]: DEBUG neutron.plugins.ml2.drivers.ovn.mech_driver.ovsdb.ovsdb_monitor [None req-31253b18-aede-407e-96a9-5e287d1bbdc2 None None] Touching Hash Ring node "196a490d55fe5f33a52a293de4140fcc" from IDL notify handler {{(pid=102604) notify /opt/stack/neutron/neutron/plugins/ml2/drivers/ovn/mech_driver/ovsdb/ovsdb_monitor.py:904}}
Mar 26 00:04:10.887322 np0000160696 devstack@neutron-api.service[102603]: DEBUG neutron.plugins.ml2.drivers.ovn.mech_driver.ovsdb.ovsdb_monitor [None req-d644aff9-e3c0-482e-a258-932de72f4896 None None] Hash Ring: Node d9afd1c8666255a28a167914a9adbecd (host: np0000160696) handling event "create" for row 84e77aa4-9200-4bb7-9e0e-5f7b5dd2d591 (table: Logical_Router_Port) {{(pid=102603) notify /opt/stack/neutron/neutron/plugins/ml2/drivers/ovn/mech_driver/ovsdb/ovsdb_monitor.py:912}}
Mar 26 00:04:10.888946 np0000160696 devstack@neutron-api.service[102603]: DEBUG ovsdbapp.backend.ovs_idl.event [None req-d644aff9-e3c0-482e-a258-932de72f4896 None None] Matched CREATE: LogicalRouterPortEvent(events=('create', 'delete'), table='Logical_Router_Port', conditions=None, old_conditions=None), priority=20 to row=Logical_Router_Port(uuid=84e77aa4-9200-4bb7-9e0e-5f7b5dd2d591, enabled=[], external_ids={'neutron:is_ext_gw': 'True', 'neutron:network_name': 'neutron-144643df-b0a7-460d-a1dd-6ebb35cf8789', 'neutron:revision_number': '1', 'neutron:router_name': 'neutron-176d27d6-60cb-4156-90c8-137594283493', 'neutron:subnet_ids': 'a00043d0-92bc-4013-992d-06d6b7ba2502'}, gateway_chassis=[5750bbb9-c345-42c8-8fe1-308edfc86dbc], ha_chassis_group=[], ipv6_prefix=[], ipv6_ra_configs={}, mac='fa:16:3e:fb:86:d1', name='lrp-2d28c8a9-ecb7-4e73-bf33-e5982ce466e4', networks=['172.24.5.212/24'], options={'gateway_mtu': '1372', 'reside-on-redirect-chassis': 'true'}, peer=[], status={}) old= {{(pid=102603) matches /opt/stack/data/venv/lib/python3.12/site-packages/ovsdbapp/backend/ovs_idl/event.py:55}}
Mar 26 00:04:10.889426 np0000160696 devstack@neutron-api.service[102604]: DEBUG neutron.plugins.ml2.drivers.ovn.mech_driver.ovsdb.ovsdb_monitor [None req-31253b18-aede-407e-96a9-5e287d1bbdc2 None None] Hash Ring: Node 196a490d55fe5f33a52a293de4140fcc (host: np0000160696) handling event "create" for row 1922a071-75ce-4820-bab6-0fc340707f11 (table: Logical_Router_Static_Route) {{(pid=102604) notify /opt/stack/neutron/neutron/plugins/ml2/drivers/ovn/mech_driver/ovsdb/ovsdb_monitor.py:912}}
Mar 26 00:04:10.890119 np0000160696 devstack@neutron-api.service[102605]: DEBUG neutron.plugins.ml2.drivers.ovn.mech_driver.ovsdb.ovsdb_monitor [None req-3844b5f6-e3c9-45b7-a48a-dccc21b0b5dd None None] Hash Ring: Node 0436a1737e7a54d5bf632f3cbfb63f78 (host: np0000160696) handling event "create" for row 3093b18a-7a5b-4f15-92d0-88be0be17586 (table: Port_Binding) {{(pid=102605) notify /opt/stack/neutron/neutron/plugins/ml2/drivers/ovn/mech_driver/ovsdb/ovsdb_monitor.py:912}}
Mar 26 00:04:10.890285 np0000160696 devstack@neutron-api.service[102604]: DEBUG neutron.plugins.ml2.drivers.ovn.mech_driver.ovsdb.ovsdb_monitor [None req-31253b18-aede-407e-96a9-5e287d1bbdc2 None None] Touching Hash Ring node "196a490d55fe5f33a52a293de4140fcc" from IDL notify handler {{(pid=102604) notify /opt/stack/neutron/neutron/plugins/ml2/drivers/ovn/mech_driver/ovsdb/ovsdb_monitor.py:904}}
Mar 26 00:04:10.890461 np0000160696 devstack@neutron-api.service[102606]: DEBUG neutron.plugins.ml2.drivers.ovn.mech_driver.ovsdb.ovsdb_monitor [None req-caf76b63-a611-4b56-93d3-e5202d1426f0 None None] Hash Ring: Node 5cdcbab7450e55f6bf918fdaeac4ad45 (host: np0000160696) handling event "create" for row 3093b18a-7a5b-4f15-92d0-88be0be17586 (table: Port_Binding) {{(pid=102606) notify /opt/stack/neutron/neutron/plugins/ml2/drivers/ovn/mech_driver/ovsdb/ovsdb_monitor.py:912}}
