Apr 03 02:59:34.297208 np0000163378 devstack@neutron-api.service[102108]: DEBUG neutron.plugins.ml2.drivers.ovn.mech_driver.ovsdb.maintenance [-] Touching Hash Ring node "28dddf458cf75c1c98a6419ca8832f3f" from periodic health check thread {{(pid=102108) touch_hash_ring_node /opt/stack/neutron/neutron/plugins/ml2/drivers/ovn/mech_driver/ovsdb/maintenance.py:1232}}
Apr 03 02:59:34.305269 np0000163378 devstack@neutron-api.service[102107]: DEBUG futurist.periodics [-] Submitting periodic callback 'neutron.plugins.ml2.drivers.ovn.mech_driver.ovsdb.maintenance.HashRingHealthCheckPeriodics.touch_hash_ring_node' {{(pid=102107) _process_scheduled /opt/stack/data/venv/lib/python3.12/site-packages/futurist/periodics.py:784}}
Apr 03 02:59:34.305939 np0000163378 devstack@neutron-api.service[102107]: DEBUG neutron.plugins.ml2.drivers.ovn.mech_driver.ovsdb.maintenance [-] Touching Hash Ring node "bdf584cda282569f9cfd1f26c6cc1a0d" from periodic health check thread {{(pid=102107) touch_hash_ring_node /opt/stack/neutron/neutron/plugins/ml2/drivers/ovn/mech_driver/ovsdb/maintenance.py:1232}}
Apr 03 02:59:34.367860 np0000163378 devstack@neutron-api.service[102109]: DEBUG futurist.periodics [-] Submitting periodic callback 'neutron.plugins.ml2.drivers.ovn.mech_driver.ovsdb.maintenance.HashRingHealthCheckPeriodics.touch_hash_ring_node' {{(pid=102109) _process_scheduled /opt/stack/data/venv/lib/python3.12/site-packages/futurist/periodics.py:784}}
Apr 03 02:59:34.369181 np0000163378 devstack@neutron-api.service[102109]: DEBUG neutron.plugins.ml2.drivers.ovn.mech_driver.ovsdb.maintenance [-] Touching Hash Ring node "f06653f0f1e653879351fda5ba5367c9" from periodic health check thread {{(pid=102109) touch_hash_ring_node /opt/stack/neutron/neutron/plugins/ml2/drivers/ovn/mech_driver/ovsdb/maintenance.py:1232}}
Apr 03 02:59:43.455167 np0000163378 devstack@neutron-api.service[102106]: DEBUG dbcounter [-] [102106] Writing DB stats neutron:UPDATE=1,neutron:SELECT=1 {{(pid=102106) stat_writer /opt/stack/data/venv/lib/python3.12/site-packages/dbcounter.py:115}}
Apr 03 02:59:44.312438 np0000163378 devstack@neutron-api.service[102108]: DEBUG dbcounter [-] [102108] Writing DB stats neutron:UPDATE=1,neutron:SELECT=1 {{(pid=102108) stat_writer /opt/stack/data/venv/lib/python3.12/site-packages/dbcounter.py:115}}
Apr 03 02:59:44.316654 np0000163378 devstack@neutron-api.service[102107]: DEBUG dbcounter [-] [102107] Writing DB stats neutron:UPDATE=1,neutron:SELECT=1 {{(pid=102107) stat_writer /opt/stack/data/venv/lib/python3.12/site-packages/dbcounter.py:115}}
Apr 03 02:59:44.379099 np0000163378 devstack@neutron-api.service[102109]: DEBUG dbcounter [-] [102109] Writing DB stats neutron:UPDATE=1,neutron:SELECT=1 {{(pid=102109) stat_writer /opt/stack/data/venv/lib/python3.12/site-packages/dbcounter.py:115}}
Apr 03 02:59:48.429931 np0000163378 devstack@neutron-api.service[102106]: DEBUG futurist.periodics [-] Submitting periodic callback 'neutron.plugins.ml2.drivers.ovn.mech_driver.ovsdb.maintenance.HashRingHealthCheckPeriodics.touch_hash_ring_node' {{(pid=102106) _process_scheduled /opt/stack/data/venv/lib/python3.12/site-packages/futurist/periodics.py:784}}
Apr 03 02:59:48.431090 np0000163378 devstack@neutron-api.service[102106]: DEBUG neutron.plugins.ml2.drivers.ovn.mech_driver.ovsdb.maintenance [-] Touching Hash Ring node "5a7ef07ecb0354d8929e114371487a91" from periodic health check thread {{(pid=102106) touch_hash_ring_node /opt/stack/neutron/neutron/plugins/ml2/drivers/ovn/mech_driver/ovsdb/maintenance.py:1232}}
Apr 03 02:59:49.297456 np0000163378 devstack@neutron-api.service[102108]: DEBUG futurist.periodics [-] Submitting periodic callback 'neutron.plugins.ml2.drivers.ovn.mech_driver.ovsdb.maintenance.HashRingHealthCheckPeriodics.touch_hash_ring_node' {{(pid=102108) _process_scheduled /opt/stack/data/venv/lib/python3.12/site-packages/futurist/periodics.py:784}}
Apr 03 02:59:49.299144 np0000163378 devstack@neutron-api.service[102108]: DEBUG neutron.plugins.ml2.drivers.ovn.mech_driver.ovsdb.maintenance [-] Touching Hash Ring node "28dddf458cf75c1c98a6419ca8832f3f" from periodic health check thread {{(pid=102108) touch_hash_ring_node /opt/stack/neutron/neutron/plugins/ml2/drivers/ovn/mech_driver/ovsdb/maintenance.py:1232}}
Apr 03 02:59:49.306067 np0000163378 devstack@neutron-api.service[102107]: DEBUG futurist.periodics [-] Submitting periodic callback 'neutron.plugins.ml2.drivers.ovn.mech_driver.ovsdb.maintenance.HashRingHealthCheckPeriodics.touch_hash_ring_node' {{(pid=102107) _process_scheduled /opt/stack/data/venv/lib/python3.12/site-packages/futurist/periodics.py:784}}
Apr 03 02:59:49.307310 np0000163378 devstack@neutron-api.service[102107]: DEBUG neutron.plugins.ml2.drivers.ovn.mech_driver.ovsdb.maintenance [-] Touching Hash Ring node "bdf584cda282569f9cfd1f26c6cc1a0d" from periodic health check thread {{(pid=102107) touch_hash_ring_node /opt/stack/neutron/neutron/plugins/ml2/drivers/ovn/mech_driver/ovsdb/maintenance.py:1232}}
Apr 03 02:59:49.369485 np0000163378 devstack@neutron-api.service[102109]: DEBUG futurist.periodics [-] Submitting periodic callback 'neutron.plugins.ml2.drivers.ovn.mech_driver.ovsdb.maintenance.HashRingHealthCheckPeriodics.touch_hash_ring_node' {{(pid=102109) _process_scheduled /opt/stack/data/venv/lib/python3.12/site-packages/futurist/periodics.py:784}}
Apr 03 02:59:49.371062 np0000163378 devstack@neutron-api.service[102109]: DEBUG neutron.plugins.ml2.drivers.ovn.mech_driver.ovsdb.maintenance [-] Touching Hash Ring node "f06653f0f1e653879351fda5ba5367c9" from periodic health check thread {{(pid=102109) touch_hash_ring_node /opt/stack/neutron/neutron/plugins/ml2/drivers/ovn/mech_driver/ovsdb/maintenance.py:1232}}
Apr 03 02:59:58.441791 np0000163378 devstack@neutron-api.service[102106]: DEBUG dbcounter [-] [102106] Writing DB stats neutron:UPDATE=1,neutron:SELECT=1 {{(pid=102106) stat_writer /opt/stack/data/venv/lib/python3.12/site-packages/dbcounter.py:115}}
Apr 03 02:59:59.309467 np0000163378 devstack@neutron-api.service[102108]: DEBUG dbcounter [-] [102108] Writing DB stats neutron:UPDATE=1,neutron:SELECT=1 {{(pid=102108) stat_writer /opt/stack/data/venv/lib/python3.12/site-packages/dbcounter.py:115}}
Apr 03 02:59:59.317384 np0000163378 devstack@neutron-api.service[102107]: DEBUG dbcounter [-] [102107] Writing DB stats neutron:UPDATE=1,neutron:SELECT=1 {{(pid=102107) stat_writer /opt/stack/data/venv/lib/python3.12/site-packages/dbcounter.py:115}}
Apr 03 02:59:59.382241 np0000163378 devstack@neutron-api.service[102109]: DEBUG dbcounter [-] [102109] Writing DB stats neutron:UPDATE=1,neutron:SELECT=1 {{(pid=102109) stat_writer /opt/stack/data/venv/lib/python3.12/site-packages/dbcounter.py:115}}
Apr 03 03:00:03.431221 np0000163378 devstack@neutron-api.service[102106]: DEBUG futurist.periodics [-] Submitting periodic callback 'neutron.plugins.ml2.drivers.ovn.mech_driver.ovsdb.maintenance.HashRingHealthCheckPeriodics.touch_hash_ring_node' {{(pid=102106) _process_scheduled /opt/stack/data/venv/lib/python3.12/site-packages/futurist/periodics.py:784}}
Apr 03 03:00:03.432617 np0000163378 devstack@neutron-api.service[102106]: DEBUG neutron.plugins.ml2.drivers.ovn.mech_driver.ovsdb.maintenance [-] Touching Hash Ring node "5a7ef07ecb0354d8929e114371487a91" from periodic health check thread {{(pid=102106) touch_hash_ring_node /opt/stack/neutron/neutron/plugins/ml2/drivers/ovn/mech_driver/ovsdb/maintenance.py:1232}}
Apr 03 03:00:04.299150 np0000163378 devstack@neutron-api.service[102108]: DEBUG futurist.periodics [-] Submitting periodic callback 'neutron.plugins.ml2.drivers.ovn.mech_driver.ovsdb.maintenance.HashRingHealthCheckPeriodics.touch_hash_ring_node' {{(pid=102108) _process_scheduled /opt/stack/data/venv/lib/python3.12/site-packages/futurist/periodics.py:784}}
Apr 03 03:00:04.300623 np0000163378 devstack@neutron-api.service[102108]: DEBUG neutron.plugins.ml2.drivers.ovn.mech_driver.ovsdb.maintenance [-] Touching Hash Ring node "28dddf458cf75c1c98a6419ca8832f3f" from periodic health check thread {{(pid=102108) touch_hash_ring_node /opt/stack/neutron/neutron/plugins/ml2/drivers/ovn/mech_driver/ovsdb/maintenance.py:1232}}
Apr 03 03:00:04.307570 np0000163378 devstack@neutron-api.service[102107]: DEBUG futurist.periodics [-] Submitting periodic callback 'neutron.plugins.ml2.drivers.ovn.mech_driver.ovsdb.maintenance.HashRingHealthCheckPeriodics.touch_hash_ring_node' {{(pid=102107) _process_scheduled /opt/stack/data/venv/lib/python3.12/site-packages/futurist/periodics.py:784}}
Apr 03 03:00:04.308862 np0000163378 devstack@neutron-api.service[102107]: DEBUG neutron.plugins.ml2.drivers.ovn.mech_driver.ovsdb.maintenance [-] Touching Hash Ring node "bdf584cda282569f9cfd1f26c6cc1a0d" from periodic health check thread {{(pid=102107) touch_hash_ring_node /opt/stack/neutron/neutron/plugins/ml2/drivers/ovn/mech_driver/ovsdb/maintenance.py:1232}}
Apr 03 03:00:04.371410 np0000163378 devstack@neutron-api.service[102109]: DEBUG futurist.periodics [-] Submitting periodic callback 'neutron.plugins.ml2.drivers.ovn.mech_driver.ovsdb.maintenance.HashRingHealthCheckPeriodics.touch_hash_ring_node' {{(pid=102109) _process_scheduled /opt/stack/data/venv/lib/python3.12/site-packages/futurist/periodics.py:784}}
Apr 03 03:00:04.372881 np0000163378 devstack@neutron-api.service[102109]: DEBUG neutron.plugins.ml2.drivers.ovn.mech_driver.ovsdb.maintenance [-] Touching Hash Ring node "f06653f0f1e653879351fda5ba5367c9" from periodic health check thread {{(pid=102109) touch_hash_ring_node /opt/stack/neutron/neutron/plugins/ml2/drivers/ovn/mech_driver/ovsdb/maintenance.py:1232}}
Apr 03 03:00:13.444626 np0000163378 devstack@neutron-api.service[102106]: DEBUG dbcounter [-] [102106] Writing DB stats neutron:UPDATE=1,neutron:SELECT=1 {{(pid=102106) stat_writer /opt/stack/data/venv/lib/python3.12/site-packages/dbcounter.py:115}}
Apr 03 03:00:14.312827 np0000163378 devstack@neutron-api.service[102108]: DEBUG dbcounter [-] [102108] Writing DB stats neutron:UPDATE=1,neutron:SELECT=1 {{(pid=102108) stat_writer /opt/stack/data/venv/lib/python3.12/site-packages/dbcounter.py:115}}
Apr 03 03:00:14.319166 np0000163378 devstack@neutron-api.service[102107]: DEBUG dbcounter [-] [102107] Writing DB stats neutron:UPDATE=1,neutron:SELECT=1 {{(pid=102107) stat_writer /opt/stack/data/venv/lib/python3.12/site-packages/dbcounter.py:115}}
Apr 03 03:00:14.386697 np0000163378 devstack@neutron-api.service[102109]: DEBUG dbcounter [-] [102109] Writing DB stats neutron:UPDATE=1,neutron:SELECT=1 {{(pid=102109) stat_writer /opt/stack/data/venv/lib/python3.12/site-packages/dbcounter.py:115}}
Apr 03 03:00:18.432386 np0000163378 devstack@neutron-api.service[102106]: DEBUG futurist.periodics [-] Submitting periodic callback 'neutron.plugins.ml2.drivers.ovn.mech_driver.ovsdb.maintenance.HashRingHealthCheckPeriodics.touch_hash_ring_node' {{(pid=102106) _process_scheduled /opt/stack/data/venv/lib/python3.12/site-packages/futurist/periodics.py:784}}
Apr 03 03:00:18.436523 np0000163378 devstack@neutron-api.service[102106]: DEBUG neutron.plugins.ml2.drivers.ovn.mech_driver.ovsdb.maintenance [-] Touching Hash Ring node "5a7ef07ecb0354d8929e114371487a91" from periodic health check thread {{(pid=102106) touch_hash_ring_node /opt/stack/neutron/neutron/plugins/ml2/drivers/ovn/mech_driver/ovsdb/maintenance.py:1232}}
Apr 03 03:00:19.300655 np0000163378 devstack@neutron-api.service[102108]: DEBUG futurist.periodics [-] Submitting periodic callback 'neutron.plugins.ml2.drivers.ovn.mech_driver.ovsdb.maintenance.HashRingHealthCheckPeriodics.touch_hash_ring_node' {{(pid=102108) _process_scheduled /opt/stack/data/venv/lib/python3.12/site-packages/futurist/periodics.py:784}}
Apr 03 03:00:19.302121 np0000163378 devstack@neutron-api.service[102108]: DEBUG neutron.plugins.ml2.drivers.ovn.mech_driver.ovsdb.maintenance [-] Touching Hash Ring node "28dddf458cf75c1c98a6419ca8832f3f" from periodic health check thread {{(pid=102108) touch_hash_ring_node /opt/stack/neutron/neutron/plugins/ml2/drivers/ovn/mech_driver/ovsdb/maintenance.py:1232}}
Apr 03 03:00:19.308947 np0000163378 devstack@neutron-api.service[102107]: DEBUG futurist.periodics [-] Submitting periodic callback 'neutron.plugins.ml2.drivers.ovn.mech_driver.ovsdb.maintenance.HashRingHealthCheckPeriodics.touch_hash_ring_node' {{(pid=102107) _process_scheduled /opt/stack/data/venv/lib/python3.12/site-packages/futurist/periodics.py:784}}
Apr 03 03:00:19.309752 np0000163378 devstack@neutron-api.service[102107]: DEBUG neutron.plugins.ml2.drivers.ovn.mech_driver.ovsdb.maintenance [-] Touching Hash Ring node "bdf584cda282569f9cfd1f26c6cc1a0d" from periodic health check thread {{(pid=102107) touch_hash_ring_node /opt/stack/neutron/neutron/plugins/ml2/drivers/ovn/mech_driver/ovsdb/maintenance.py:1232}}
Apr 03 03:00:19.373144 np0000163378 devstack@neutron-api.service[102109]: DEBUG futurist.periodics [-] Submitting periodic callback 'neutron.plugins.ml2.drivers.ovn.mech_driver.ovsdb.maintenance.HashRingHealthCheckPeriodics.touch_hash_ring_node' {{(pid=102109) _process_scheduled /opt/stack/data/venv/lib/python3.12/site-packages/futurist/periodics.py:784}}
Apr 03 03:00:19.374405 np0000163378 devstack@neutron-api.service[102109]: DEBUG neutron.plugins.ml2.drivers.ovn.mech_driver.ovsdb.maintenance [-] Touching Hash Ring node "f06653f0f1e653879351fda5ba5367c9" from periodic health check thread {{(pid=102109) touch_hash_ring_node /opt/stack/neutron/neutron/plugins/ml2/drivers/ovn/mech_driver/ovsdb/maintenance.py:1232}}
Apr 03 03:00:28.451867 np0000163378 devstack@neutron-api.service[102106]: DEBUG dbcounter [-] [102106] Writing DB stats neutron:UPDATE=1,neutron:SELECT=1 {{(pid=102106) stat_writer /opt/stack/data/venv/lib/python3.12/site-packages/dbcounter.py:115}}
Apr 03 03:00:29.314585 np0000163378 devstack@neutron-api.service[102108]: DEBUG dbcounter [-] [102108] Writing DB stats neutron:UPDATE=1,neutron:SELECT=1 {{(pid=102108) stat_writer /opt/stack/data/venv/lib/python3.12/site-packages/dbcounter.py:115}}
Apr 03 03:00:29.318527 np0000163378 devstack@neutron-api.service[102107]: DEBUG dbcounter [-] [102107] Writing DB stats neutron:UPDATE=1,neutron:SELECT=1 {{(pid=102107) stat_writer /opt/stack/data/venv/lib/python3.12/site-packages/dbcounter.py:115}}
Apr 03 03:00:31.216764 np0000163378 devstack@neutron-api.service[102109]: DEBUG dbcounter [-] [102109] Writing DB stats neutron:UPDATE=1,neutron:SELECT=1 {{(pid=102109) stat_writer /opt/stack/data/venv/lib/python3.12/site-packages/dbcounter.py:115}}
Apr 03 03:00:33.436639 np0000163378 devstack@neutron-api.service[102106]: DEBUG futurist.periodics [-] Submitting periodic callback 'neutron.plugins.ml2.drivers.ovn.mech_driver.ovsdb.maintenance.HashRingHealthCheckPeriodics.touch_hash_ring_node' {{(pid=102106) _process_scheduled /opt/stack/data/venv/lib/python3.12/site-packages/futurist/periodics.py:784}}
Apr 03 03:00:33.437699 np0000163378 devstack@neutron-api.service[102106]: DEBUG neutron.plugins.ml2.drivers.ovn.mech_driver.ovsdb.maintenance [-] Touching Hash Ring node "5a7ef07ecb0354d8929e114371487a91" from periodic health check thread {{(pid=102106) touch_hash_ring_node /opt/stack/neutron/neutron/plugins/ml2/drivers/ovn/mech_driver/ovsdb/maintenance.py:1232}}
Apr 03 03:00:34.302186 np0000163378 devstack@neutron-api.service[102108]: DEBUG futurist.periodics [-] Submitting periodic callback 'neutron.plugins.ml2.drivers.ovn.mech_driver.ovsdb.maintenance.HashRingHealthCheckPeriodics.touch_hash_ring_node' {{(pid=102108) _process_scheduled /opt/stack/data/venv/lib/python3.12/site-packages/futurist/periodics.py:784}}
Apr 03 03:00:34.303442 np0000163378 devstack@neutron-api.service[102108]: DEBUG neutron.plugins.ml2.drivers.ovn.mech_driver.ovsdb.maintenance [-] Touching Hash Ring node "28dddf458cf75c1c98a6419ca8832f3f" from periodic health check thread {{(pid=102108) touch_hash_ring_node /opt/stack/neutron/neutron/plugins/ml2/drivers/ovn/mech_driver/ovsdb/maintenance.py:1232}}
Apr 03 03:00:34.310164 np0000163378 devstack@neutron-api.service[102107]: DEBUG futurist.periodics [-] Submitting periodic callback 'neutron.plugins.ml2.drivers.ovn.mech_driver.ovsdb.maintenance.HashRingHealthCheckPeriodics.touch_hash_ring_node' {{(pid=102107) _process_scheduled /opt/stack/data/venv/lib/python3.12/site-packages/futurist/periodics.py:784}}
Apr 03 03:00:34.311207 np0000163378 devstack@neutron-api.service[102107]: DEBUG neutron.plugins.ml2.drivers.ovn.mech_driver.ovsdb.maintenance [-] Touching Hash Ring node "bdf584cda282569f9cfd1f26c6cc1a0d" from periodic health check thread {{(pid=102107) touch_hash_ring_node /opt/stack/neutron/neutron/plugins/ml2/drivers/ovn/mech_driver/ovsdb/maintenance.py:1232}}
Apr 03 03:00:34.374493 np0000163378 devstack@neutron-api.service[102109]: DEBUG futurist.periodics [-] Submitting periodic callback 'neutron.plugins.ml2.drivers.ovn.mech_driver.ovsdb.maintenance.HashRingHealthCheckPeriodics.touch_hash_ring_node' {{(pid=102109) _process_scheduled /opt/stack/data/venv/lib/python3.12/site-packages/futurist/periodics.py:784}}
Apr 03 03:00:34.375576 np0000163378 devstack@neutron-api.service[102109]: DEBUG neutron.plugins.ml2.drivers.ovn.mech_driver.ovsdb.maintenance [-] Touching Hash Ring node "f06653f0f1e653879351fda5ba5367c9" from periodic health check thread {{(pid=102109) touch_hash_ring_node /opt/stack/neutron/neutron/plugins/ml2/drivers/ovn/mech_driver/ovsdb/maintenance.py:1232}}
Apr 03 03:00:40.205080 np0000163378 devstack@neutron-api.service[102108]: INFO neutron.pecan_wsgi.hooks.translation [None req-8e8bf41e-6649-4907-aab1-863569687c2b admin admin] GET failed (client error): The resource could not be found.
Apr 03 03:00:40.205842 np0000163378 devstack@neutron-api.service[102108]: [pid: 102108|app: 0|req: 23/91] 199.19.213.237 () {64 vars in 1334 bytes} [Fri Apr 3 03:00:40 2026] GET /networking/v2.0/networks/admin_net => generated 111 bytes in 13 msecs (HTTP/1.1 404) 4 headers in 164 bytes (1 switches on core 0)
Apr 03 03:00:40.236151 np0000163378 devstack@neutron-api.service[102109]: [pid: 102109|app: 0|req: 23/92] 199.19.213.237 () {64 vars in 1346 bytes} [Fri Apr 3 03:00:40 2026] GET /networking/v2.0/networks?name=admin_net => generated 15 bytes in 21 msecs (HTTP/1.1 200) 4 headers in 156 bytes (1 switches on core 0)
Apr 03 03:00:40.490775 np0000163378 devstack@neutron-api.service[102107]: DEBUG neutron.api.v2.base [None req-7454dff0-4fd2-4074-a226-984a68bfec7c admin admin] Request body: {'network': {'project_id': 'f62503b2612a440fa60f32322f59423f', 'name': 'admin_net', 'admin_state_up': True}} {{(pid=102107) prepare_request_body /opt/stack/neutron/neutron/api/v2/base.py:729}}
Apr 03 03:00:40.507127 np0000163378 devstack@neutron-api.service[102107]: DEBUG neutron.pecan_wsgi.hooks.quota_enforcement [None req-7454dff0-4fd2-4074-a226-984a68bfec7c admin admin] Made reservation on behalf of f62503b2612a440fa60f32322f59423f for: {'network': 1} {{(pid=102107) before /opt/stack/neutron/neutron/pecan_wsgi/hooks/quota_enforcement.py:66}}
Apr 03 03:00:40.510561 np0000163378 devstack@neutron-api.service[102107]: DEBUG neutron_lib.callbacks.manager [None req-7454dff0-4fd2-4074-a226-984a68bfec7c admin admin] Publish callbacks ['neutron.plugins.ml2.plugin.SecurityGroupDbMixin._ensure_default_security_group_handler-138502'] for network (None), before_create {{(pid=102107) _notify_loop /opt/stack/data/venv/lib/python3.12/site-packages/neutron_lib/callbacks/manager.py:184}}
Apr 03 03:00:40.516812 np0000163378 devstack@neutron-api.service[102107]: DEBUG neutron_lib.callbacks.manager [None req-7454dff0-4fd2-4074-a226-984a68bfec7c admin admin] Publish callbacks [] for security_group (None), before_create {{(pid=102107) _notify_loop /opt/stack/data/venv/lib/python3.12/site-packages/neutron_lib/callbacks/manager.py:184}}
Apr 03 03:00:40.590743 np0000163378 devstack@neutron-api.service[102107]: DEBUG neutron_lib.callbacks.manager [None req-7454dff0-4fd2-4074-a226-984a68bfec7c admin admin] Publish callbacks ['neutron.plugins.ml2.drivers.ovn.mech_driver.mech_driver.OVNMechanismDriver._create_security_group_precommit-304212'] for security_group (f6bd8426-fdc6-4a8b-8865-28beb6bbe2f5), precommit_create {{(pid=102107) _notify_loop /opt/stack/data/venv/lib/python3.12/site-packages/neutron_lib/callbacks/manager.py:184}}
Apr 03 03:00:40.591020 np0000163378 devstack@neutron-api.service[102107]: DEBUG neutron.db.ovn_revision_numbers_db [None req-7454dff0-4fd2-4074-a226-984a68bfec7c admin admin] create_initial_revision uuid=f6bd8426-fdc6-4a8b-8865-28beb6bbe2f5, type=security_groups, rev=-1 {{(pid=102107) create_initial_revision /opt/stack/neutron/neutron/db/ovn_revision_numbers_db.py:98}}
Apr 03 03:00:40.592423 np0000163378 devstack@neutron-api.service[102107]: DEBUG neutron.db.ovn_revision_numbers_db [None req-7454dff0-4fd2-4074-a226-984a68bfec7c admin admin] create_initial_revision uuid=66eba75d-d274-4e19-bab0-3f94866ac2dd, type=security_group_rules, rev=-1 {{(pid=102107) create_initial_revision /opt/stack/neutron/neutron/db/ovn_revision_numbers_db.py:98}}
Apr 03 03:00:40.593752 np0000163378 devstack@neutron-api.service[102107]: DEBUG neutron.db.ovn_revision_numbers_db [None req-7454dff0-4fd2-4074-a226-984a68bfec7c admin admin] create_initial_revision uuid=6be973b2-58ba-4cfc-8d9c-b6755af50eef, type=security_group_rules, rev=-1 {{(pid=102107) create_initial_revision /opt/stack/neutron/neutron/db/ovn_revision_numbers_db.py:98}}
Apr 03 03:00:40.595120 np0000163378 devstack@neutron-api.service[102107]: DEBUG neutron.db.ovn_revision_numbers_db [None req-7454dff0-4fd2-4074-a226-984a68bfec7c admin admin] create_initial_revision uuid=f31b65e8-d1b6-424a-a550-62f35c9ad8de, type=security_group_rules, rev=-1 {{(pid=102107) create_initial_revision /opt/stack/neutron/neutron/db/ovn_revision_numbers_db.py:98}}
Apr 03 03:00:40.596395 np0000163378 devstack@neutron-api.service[102107]: DEBUG neutron.db.ovn_revision_numbers_db [None req-7454dff0-4fd2-4074-a226-984a68bfec7c admin admin] create_initial_revision uuid=fc7f82b0-94ab-4dcc-a3dc-ffafb1d64fc8, type=security_group_rules, rev=-1 {{(pid=102107) create_initial_revision /opt/stack/neutron/neutron/db/ovn_revision_numbers_db.py:98}}
Apr 03 03:00:40.602208 np0000163378 devstack@neutron-api.service[102107]: DEBUG neutron_lib.callbacks.manager [None req-7454dff0-4fd2-4074-a226-984a68bfec7c admin admin] Publish callbacks ['neutron.plugins.ml2.drivers.ovn.mech_driver.mech_driver.OVNMechanismDriver._create_security_group-304234', 'neutron.plugins.ml2.ovo_rpc._ObjectChangeHandler.handle_event-6951826'] for security_group (f6bd8426-fdc6-4a8b-8865-28beb6bbe2f5), after_create {{(pid=102107) _notify_loop /opt/stack/data/venv/lib/python3.12/site-packages/neutron_lib/callbacks/manager.py:184}}
Apr 03 03:00:40.602665 np0000163378 devstack@neutron-api.service[102107]: DEBUG ovsdbapp.backend.ovs_idl.transaction [None req-d452fda0-e0ca-4a4c-975e-5704a932bbc4 None None] Running txn n=1 command(idx=0): PgAddCommand(_result=None, name=pg_f6bd8426_fdc6_4a8b_8865_28beb6bbe2f5, may_exist=False, columns={'acls': [], 'external_ids': {'neutron:security_group_id': 'f6bd8426-fdc6-4a8b-8865-28beb6bbe2f5'}}) {{(pid=102107) do_commit /opt/stack/data/venv/lib/python3.12/site-packages/ovsdbapp/backend/ovs_idl/transaction.py:89}}
Apr 03 03:00:40.602975 np0000163378 devstack@neutron-api.service[102107]: DEBUG ovsdbapp.backend.ovs_idl.transaction [None req-d452fda0-e0ca-4a4c-975e-5704a932bbc4 None None] Running txn n=1 command(idx=1): PgAclAddCommand(_result=None, entity=pg_f6bd8426_fdc6_4a8b_8865_28beb6bbe2f5, direction=to-lport, priority=1002, match=outport == @pg_f6bd8426_fdc6_4a8b_8865_28beb6bbe2f5 && ip6 && ip6.src == $pg_f6bd8426_fdc6_4a8b_8865_28beb6bbe2f5_ip6, action=allow-related, log=False, may_exist=True, severity=[], name=[], meter=[], external_ids={'neutron:security_group_rule_id': '66eba75d-d274-4e19-bab0-3f94866ac2dd'}) {{(pid=102107) do_commit /opt/stack/data/venv/lib/python3.12/site-packages/ovsdbapp/backend/ovs_idl/transaction.py:89}}
Apr 03 03:00:40.603227 np0000163378 devstack@neutron-api.service[102107]: DEBUG ovsdbapp.backend.ovs_idl.transaction [None req-d452fda0-e0ca-4a4c-975e-5704a932bbc4 None None] Running txn n=1 command(idx=2): PgAclAddCommand(_result=None, entity=pg_f6bd8426_fdc6_4a8b_8865_28beb6bbe2f5, direction=from-lport, priority=1002, match=inport == @pg_f6bd8426_fdc6_4a8b_8865_28beb6bbe2f5 && ip6, action=allow-related, log=False, may_exist=True, severity=[], name=[], meter=[], external_ids={'neutron:security_group_rule_id': '6be973b2-58ba-4cfc-8d9c-b6755af50eef'}) {{(pid=102107) do_commit /opt/stack/data/venv/lib/python3.12/site-packages/ovsdbapp/backend/ovs_idl/transaction.py:89}}
Apr 03 03:00:40.603468 np0000163378 devstack@neutron-api.service[102107]: DEBUG ovsdbapp.backend.ovs_idl.transaction [None req-d452fda0-e0ca-4a4c-975e-5704a932bbc4 None None] Running txn n=1 command(idx=3): PgAclAddCommand(_result=None, entity=pg_f6bd8426_fdc6_4a8b_8865_28beb6bbe2f5, direction=from-lport, priority=1002, match=inport == @pg_f6bd8426_fdc6_4a8b_8865_28beb6bbe2f5 && ip4, action=allow-related, log=False, may_exist=True, severity=[], name=[], meter=[], external_ids={'neutron:security_group_rule_id': 'f31b65e8-d1b6-424a-a550-62f35c9ad8de'}) {{(pid=102107) do_commit /opt/stack/data/venv/lib/python3.12/site-packages/ovsdbapp/backend/ovs_idl/transaction.py:89}}
Apr 03 03:00:40.603675 np0000163378 devstack@neutron-api.service[102107]: DEBUG ovsdbapp.backend.ovs_idl.transaction [None req-d452fda0-e0ca-4a4c-975e-5704a932bbc4 None None] Running txn n=1 command(idx=4): PgAclAddCommand(_result=None, entity=pg_f6bd8426_fdc6_4a8b_8865_28beb6bbe2f5, direction=to-lport, priority=1002, match=outport == @pg_f6bd8426_fdc6_4a8b_8865_28beb6bbe2f5 && ip4 && ip4.src == $pg_f6bd8426_fdc6_4a8b_8865_28beb6bbe2f5_ip4, action=allow-related, log=False, may_exist=True, severity=[], name=[], meter=[], external_ids={'neutron:security_group_rule_id': 'fc7f82b0-94ab-4dcc-a3dc-ffafb1d64fc8'}) {{(pid=102107) do_commit /opt/stack/data/venv/lib/python3.12/site-packages/ovsdbapp/backend/ovs_idl/transaction.py:89}}
Apr 03 03:00:40.616466 np0000163378 devstack@neutron-api.service[102106]: DEBUG neutron.common.ovn.hash_ring_manager [None req-ec64173d-e45d-4283-84f6-f3522c9544e9 None None] Hash Ring loaded. 4 active nodes. 0 offline nodes {{(pid=102106) _load_hash_ring /opt/stack/neutron/neutron/common/ovn/hash_ring_manager.py:102}}
Apr 03 03:00:40.617057 np0000163378 devstack@neutron-api.service[102107]: DEBUG neutron.common.ovn.hash_ring_manager [None req-d452fda0-e0ca-4a4c-975e-5704a932bbc4 None None] Hash Ring loaded. 4 active nodes. 0 offline nodes {{(pid=102107) _load_hash_ring /opt/stack/neutron/neutron/common/ovn/hash_ring_manager.py:102}}
Apr 03 03:00:40.617138 np0000163378 devstack@neutron-api.service[102106]: DEBUG neutron.plugins.ml2.drivers.ovn.mech_driver.ovsdb.ovsdb_monitor [None req-ec64173d-e45d-4283-84f6-f3522c9544e9 None None] Hash Ring: Node 5a7ef07ecb0354d8929e114371487a91 (host: np0000163378) handling event "create" for row af6f5555-58f3-41dd-afeb-1918c0ffb0db (table: ACL) {{(pid=102106) notify /opt/stack/neutron/neutron/plugins/ml2/drivers/ovn/mech_driver/ovsdb/ovsdb_monitor.py:912}}
Apr 03 03:00:40.617221 np0000163378 devstack@neutron-api.service[102109]: DEBUG neutron.common.ovn.hash_ring_manager [None req-099ffb6f-0073-4f49-b663-c9ed3071a583 None None] Hash Ring loaded. 4 active nodes. 0 offline nodes {{(pid=102109) _load_hash_ring /opt/stack/neutron/neutron/common/ovn/hash_ring_manager.py:102}}
Apr 03 03:00:40.617287 np0000163378 devstack@neutron-api.service[102106]: DEBUG neutron.plugins.ml2.drivers.ovn.mech_driver.ovsdb.ovsdb_monitor [None req-ec64173d-e45d-4283-84f6-f3522c9544e9 None None] Hash Ring: Node 5a7ef07ecb0354d8929e114371487a91 (host: np0000163378) handling event "create" for row bfd81853-b3a7-46e7-916f-2812075617f0 (table: ACL) {{(pid=102106) notify /opt/stack/neutron/neutron/plugins/ml2/drivers/ovn/mech_driver/ovsdb/ovsdb_monitor.py:912}}
Apr 03 03:00:40.617372 np0000163378 devstack@neutron-api.service[102107]: DEBUG neutron.plugins.ml2.drivers.ovn.mech_driver.ovsdb.ovsdb_monitor [None req-d452fda0-e0ca-4a4c-975e-5704a932bbc4 None None] Hash Ring: Node bdf584cda282569f9cfd1f26c6cc1a0d (host: np0000163378) handling event "create" for row 3f272221-30f2-4c9e-9cf2-a52943c9ebe4 (table: ACL) {{(pid=102107) notify /opt/stack/neutron/neutron/plugins/ml2/drivers/ovn/mech_driver/ovsdb/ovsdb_monitor.py:912}}
Apr 03 03:00:40.617372 np0000163378 devstack@neutron-api.service[102107]: DEBUG neutron.plugins.ml2.drivers.ovn.mech_driver.ovsdb.ovsdb_monitor [None req-d452fda0-e0ca-4a4c-975e-5704a932bbc4 None None] Hash Ring: Node bdf584cda282569f9cfd1f26c6cc1a0d (host: np0000163378) handling event "create" for row eba9abd0-d200-4fac-84cf-4c792a7a3dd3 (table: Port_Group) {{(pid=102107) notify /opt/stack/neutron/neutron/plugins/ml2/drivers/ovn/mech_driver/ovsdb/ovsdb_monitor.py:912}}
Apr 03 03:00:40.618328 np0000163378 devstack@neutron-api.service[102108]: DEBUG neutron.common.ovn.hash_ring_manager [None req-86c5a109-0b37-4fe6-9a9a-f0fab97006c5 None None] Hash Ring loaded. 4 active nodes. 0 offline nodes {{(pid=102108) _load_hash_ring /opt/stack/neutron/neutron/common/ovn/hash_ring_manager.py:102}}
Apr 03 03:00:40.618328 np0000163378 devstack@neutron-api.service[102108]: DEBUG neutron.plugins.ml2.drivers.ovn.mech_driver.ovsdb.ovsdb_monitor [None req-86c5a109-0b37-4fe6-9a9a-f0fab97006c5 None None] Hash Ring: Node 28dddf458cf75c1c98a6419ca8832f3f (host: np0000163378) handling event "create" for row c068e81d-a77e-4a58-816a-3cd366ea1e0a (table: ACL) {{(pid=102108) notify /opt/stack/neutron/neutron/plugins/ml2/drivers/ovn/mech_driver/ovsdb/ovsdb_monitor.py:912}}
Apr 03 03:00:40.638681 np0000163378 devstack@neutron-api.service[102107]: INFO neutron.db.ovn_revision_numbers_db [None req-7454dff0-4fd2-4074-a226-984a68bfec7c admin admin] Successfully bumped revision number for resource f6bd8426-fdc6-4a8b-8865-28beb6bbe2f5 (type: security_groups) to 1
Apr 03 03:00:40.651814 np0000163378 devstack@neutron-api.service[102107]: INFO neutron.db.ovn_revision_numbers_db [None req-7454dff0-4fd2-4074-a226-984a68bfec7c admin admin] Successfully bumped revision number for resource 66eba75d-d274-4e19-bab0-3f94866ac2dd (type: security_group_rules) to 0
Apr 03 03:00:40.665144 np0000163378 devstack@neutron-api.service[102107]: INFO neutron.db.ovn_revision_numbers_db [None req-7454dff0-4fd2-4074-a226-984a68bfec7c admin admin] Successfully bumped revision number for resource 6be973b2-58ba-4cfc-8d9c-b6755af50eef (type: security_group_rules) to 0
Apr 03 03:00:40.678786 np0000163378 devstack@neutron-api.service[102107]: INFO neutron.db.ovn_revision_numbers_db [None req-7454dff0-4fd2-4074-a226-984a68bfec7c admin admin] Successfully bumped revision number for resource f31b65e8-d1b6-424a-a550-62f35c9ad8de (type: security_group_rules) to 0
Apr 03 03:00:40.690912 np0000163378 devstack@neutron-api.service[102107]: INFO neutron.db.ovn_revision_numbers_db [None req-7454dff0-4fd2-4074-a226-984a68bfec7c admin admin] Successfully bumped revision number for resource fc7f82b0-94ab-4dcc-a3dc-ffafb1d64fc8 (type: security_group_rules) to 0
Apr 03 03:00:40.716520 np0000163378 devstack@neutron-api.service[102107]: DEBUG neutron.api.rpc.handlers.resources_rpc [None req-7454dff0-4fd2-4074-a226-984a68bfec7c admin admin] Pushing event updated for resources: {'SecurityGroup': ['ID=f6bd8426-fdc6-4a8b-8865-28beb6bbe2f5,revision_number=1']} {{(pid=102107) push /opt/stack/neutron/neutron/api/rpc/handlers/resources_rpc.py:237}}
Apr 03 03:00:40.721571 np0000163378 devstack@neutron-api.service[102107]: DEBUG ovsdbapp.backend.ovs_idl.transaction [None req-d452fda0-e0ca-4a4c-975e-5704a932bbc4 None None] Running txn n=1 command(idx=0): CheckLivenessCommand(_result=None) {{(pid=102107) do_commit /opt/stack/data/venv/lib/python3.12/site-packages/ovsdbapp/backend/ovs_idl/transaction.py:89}}
Apr 03 03:00:40.725258 np0000163378 devstack@neutron-api.service[102106]: DEBUG neutron.plugins.ml2.drivers.ovn.mech_driver.ovsdb.ovsdb_monitor [None req-ec64173d-e45d-4283-84f6-f3522c9544e9 None None] Hash Ring: Node 5a7ef07ecb0354d8929e114371487a91 (host: np0000163378) handling event "update" for row 7b5102ee-6e38-4e5c-ac6b-8b0c65d1a940 (table: NB_Global) {{(pid=102106) notify /opt/stack/neutron/neutron/plugins/ml2/drivers/ovn/mech_driver/ovsdb/ovsdb_monitor.py:912}}
Apr 03 03:00:40.725836 np0000163378 devstack@neutron-api.service[102106]: DEBUG neutron.plugins.ml2.drivers.ovn.mech_driver.ovsdb.ovsdb_monitor [None req-ec64173d-e45d-4283-84f6-f3522c9544e9 None None] Hash Ring: Node 5a7ef07ecb0354d8929e114371487a91 (host: np0000163378) handling event "update" for row 7b5102ee-6e38-4e5c-ac6b-8b0c65d1a940 (table: NB_Global) {{(pid=102106) notify /opt/stack/neutron/neutron/plugins/ml2/drivers/ovn/mech_driver/ovsdb/ovsdb_monitor.py:912}}
Apr 03 03:00:40.726774 np0000163378 devstack@neutron-api.service[102106]: DEBUG neutron.plugins.ml2.drivers.ovn.mech_driver.ovsdb.ovsdb_monitor [None req-ec64173d-e45d-4283-84f6-f3522c9544e9 None None] Hash Ring: Node 5a7ef07ecb0354d8929e114371487a91 (host: np0000163378) handling event "update" for row 7b5102ee-6e38-4e5c-ac6b-8b0c65d1a940 (table: NB_Global) {{(pid=102106) notify /opt/stack/neutron/neutron/plugins/ml2/drivers/ovn/mech_driver/ovsdb/ovsdb_monitor.py:912}}
Apr 03 03:00:40.729314 np0000163378 devstack@neutron-api.service[102106]: DEBUG neutron.plugins.ml2.drivers.ovn.mech_driver.ovsdb.ovsdb_monitor [None req-53e602f7-39fc-4c1b-b16b-06e080ea635d None None] ChassisAgentWriteEvent : Matched Chassis_Private, update, None None {{(pid=102106) matches /opt/stack/neutron/neutron/plugins/ml2/drivers/ovn/mech_driver/ovsdb/ovsdb_monitor.py:64}}
Apr 03 03:00:40.729439 np0000163378 devstack@neutron-api.service[102108]: DEBUG neutron.plugins.ml2.drivers.ovn.mech_driver.ovsdb.ovsdb_monitor [None req-f40bdfd4-d335-49e5-af75-86b860fa32ee None None] ChassisAgentWriteEvent : Matched Chassis_Private, update, None None {{(pid=102108) matches /opt/stack/neutron/neutron/plugins/ml2/drivers/ovn/mech_driver/ovsdb/ovsdb_monitor.py:64}}
Apr 03 03:00:40.729884 np0000163378 devstack@neutron-api.service[102109]: DEBUG neutron.plugins.ml2.drivers.ovn.mech_driver.ovsdb.ovsdb_monitor [None req-05fca750-f429-4e9f-afa1-934bc86f585f None None] ChassisAgentWriteEvent : Matched Chassis_Private, update, None None {{(pid=102109) matches /opt/stack/neutron/neutron/plugins/ml2/drivers/ovn/mech_driver/ovsdb/ovsdb_monitor.py:64}}
Apr 03 03:00:40.732323 np0000163378 devstack@neutron-api.service[102106]: DEBUG neutron.plugins.ml2.drivers.ovn.mech_driver.ovsdb.ovsdb_monitor [None req-ec64173d-e45d-4283-84f6-f3522c9544e9 None None] Hash Ring: Node 5a7ef07ecb0354d8929e114371487a91 (host: np0000163378) handling event "update" for row 7b5102ee-6e38-4e5c-ac6b-8b0c65d1a940 (table: NB_Global) {{(pid=102106) notify /opt/stack/neutron/neutron/plugins/ml2/drivers/ovn/mech_driver/ovsdb/ovsdb_monitor.py:912}}
Apr 03 03:00:40.734692 np0000163378 devstack@neutron-api.service[102107]: DEBUG neutron.plugins.ml2.drivers.ovn.mech_driver.ovsdb.ovsdb_monitor [None req-429d5900-3dee-4ab0-bac3-3b3ba46cc9ab None None] ChassisAgentWriteEvent : Matched Chassis_Private, update, None None {{(pid=102107) matches /opt/stack/neutron/neutron/plugins/ml2/drivers/ovn/mech_driver/ovsdb/ovsdb_monitor.py:64}}
Apr 03 03:00:40.737340 np0000163378 devstack@neutron-api.service[102108]: DEBUG neutron.common.ovn.hash_ring_manager [None req-f40bdfd4-d335-49e5-af75-86b860fa32ee None None] Hash Ring loaded. 4 active nodes. 0 offline nodes {{(pid=102108) _load_hash_ring /opt/stack/neutron/neutron/common/ovn/hash_ring_manager.py:102}}
Apr 03 03:00:40.738637 np0000163378 devstack@neutron-api.service[102109]: DEBUG neutron.common.ovn.hash_ring_manager [None req-05fca750-f429-4e9f-afa1-934bc86f585f None None] Hash Ring loaded. 4 active nodes. 0 offline nodes {{(pid=102109) _load_hash_ring /opt/stack/neutron/neutron/common/ovn/hash_ring_manager.py:102}}
Apr 03 03:00:40.738818 np0000163378 devstack@neutron-api.service[102106]: DEBUG neutron.common.ovn.hash_ring_manager [None req-53e602f7-39fc-4c1b-b16b-06e080ea635d None None] Hash Ring loaded. 4 active nodes. 0 offline nodes {{(pid=102106) _load_hash_ring /opt/stack/neutron/neutron/common/ovn/hash_ring_manager.py:102}}
Apr 03 03:00:40.739059 np0000163378 devstack@neutron-api.service[102106]: DEBUG neutron.plugins.ml2.drivers.ovn.mech_driver.ovsdb.ovsdb_monitor [None req-53e602f7-39fc-4c1b-b16b-06e080ea635d None None] Hash Ring: Node 5a7ef07ecb0354d8929e114371487a91 (host: np0000163378) handling event "update" for row 6cad6588-eefd-4d45-8e44-6a861583332e (table: Chassis_Private) {{(pid=102106) notify /opt/stack/neutron/neutron/plugins/ml2/drivers/ovn/mech_driver/ovsdb/ovsdb_monitor.py:912}}
Apr 03 03:00:40.749549 np0000163378 devstack@neutron-api.service[102107]: DEBUG neutron.common.ovn.hash_ring_manager [None req-429d5900-3dee-4ab0-bac3-3b3ba46cc9ab None None] Hash Ring loaded. 4 active nodes. 0 offline nodes {{(pid=102107) _load_hash_ring /opt/stack/neutron/neutron/common/ovn/hash_ring_manager.py:102}}
Apr 03 03:00:40.782710 np0000163378 devstack@neutron-api.service[102107]: DEBUG neutron.plugins.ml2.drivers.helpers [None req-7454dff0-4fd2-4074-a226-984a68bfec7c admin admin] geneve segment allocate from pool success with {'geneve_vni': 44507} {{(pid=102107) allocate_partially_specified_segment /opt/stack/neutron/neutron/plugins/ml2/drivers/helpers.py:142}}
Apr 03 03:00:40.790696 np0000163378 devstack@neutron-api.service[102107]: DEBUG neutron_lib.callbacks.manager [None req-7454dff0-4fd2-4074-a226-984a68bfec7c admin admin] Publish callbacks ['neutron.plugins.ml2.plugin.Ml2Plugin._handle_segment_change-930712'] for segment (c00268ce-b099-4ca5-be4d-bc0a86b493df), precommit_create {{(pid=102107) _notify_loop /opt/stack/data/venv/lib/python3.12/site-packages/neutron_lib/callbacks/manager.py:184}}
Apr 03 03:00:40.790805 np0000163378 devstack@neutron-api.service[102107]: INFO neutron.db.segments_db [None req-7454dff0-4fd2-4074-a226-984a68bfec7c admin admin] Added segment c00268ce-b099-4ca5-be4d-bc0a86b493df of type geneve for network 51418a98-4a95-436d-af2d-e5a486291b4e
Apr 03 03:00:40.804329 np0000163378 devstack@neutron-api.service[102107]: DEBUG neutron_lib.callbacks.manager [None req-7454dff0-4fd2-4074-a226-984a68bfec7c admin admin] Publish callbacks ['neutron.services.auto_allocate.db._ensure_external_network_default_value_callback-8393410425096'] for network (51418a98-4a95-436d-af2d-e5a486291b4e), precommit_create {{(pid=102107) _notify_loop /opt/stack/data/venv/lib/python3.12/site-packages/neutron_lib/callbacks/manager.py:184}}
Apr 03 03:00:40.815227 np0000163378 devstack@neutron-api.service[102107]: DEBUG neutron.plugins.ml2.drivers.ovn.mech_driver.mech_driver [None req-7454dff0-4fd2-4074-a226-984a68bfec7c admin admin] Validating network segment with type geneve, segmentation ID 44507, physical network None {{(pid=102107) _validate_network_segments /opt/stack/neutron/neutron/plugins/ml2/drivers/ovn/mech_driver/mech_driver.py:631}}
Apr 03 03:00:40.815408 np0000163378 devstack@neutron-api.service[102107]: DEBUG neutron.db.ovn_revision_numbers_db [None req-7454dff0-4fd2-4074-a226-984a68bfec7c admin admin] create_initial_revision uuid=51418a98-4a95-436d-af2d-e5a486291b4e, type=networks, rev=-1 {{(pid=102107) create_initial_revision /opt/stack/neutron/neutron/db/ovn_revision_numbers_db.py:98}}
Apr 03 03:00:40.824364 np0000163378 devstack@neutron-api.service[102107]: DEBUG neutron_lib.callbacks.manager [None req-7454dff0-4fd2-4074-a226-984a68bfec7c admin admin] Publish callbacks ['neutron.plugins.ml2.ovo_rpc._ObjectChangeHandler.handle_event-6951829'] for network (51418a98-4a95-436d-af2d-e5a486291b4e), after_create {{(pid=102107) _notify_loop /opt/stack/data/venv/lib/python3.12/site-packages/neutron_lib/callbacks/manager.py:184}}
Apr 03 03:00:40.841701 np0000163378 devstack@neutron-api.service[102107]: DEBUG neutron.api.rpc.handlers.resources_rpc [None req-7454dff0-4fd2-4074-a226-984a68bfec7c admin admin] Pushing event updated for resources: {'Network': ['ID=51418a98-4a95-436d-af2d-e5a486291b4e,revision_number=1']} {{(pid=102107) push /opt/stack/neutron/neutron/api/rpc/handlers/resources_rpc.py:237}}
Apr 03 03:00:40.849852 np0000163378 devstack@neutron-api.service[102107]: DEBUG ovsdbapp.backend.ovs_idl.transaction [None req-d452fda0-e0ca-4a4c-975e-5704a932bbc4 None None] Running txn n=1 command(idx=0): AddNetworkCommand(_result=None, network_uuid=51418a98-4a95-436d-af2d-e5a486291b4e, may_exist=True, columns={'external_ids': {'neutron:network_name': 'admin_net', 'neutron:mtu': '1372', 'neutron:revision_number': '1', 'neutron:availability_zone_hints': '', 'neutron:provnet-network-type': 'geneve'}, 'other_config': {'mcast_snoop': 'false', 'mcast_flood_unregistered': 'false', 'vlan-passthru': 'false'}}) {{(pid=102107) do_commit /opt/stack/data/venv/lib/python3.12/site-packages/ovsdbapp/backend/ovs_idl/transaction.py:89}}
Apr 03 03:00:40.854880 np0000163378 devstack@neutron-api.service[102108]: DEBUG neutron.plugins.ml2.drivers.ovn.mech_driver.ovsdb.ovsdb_monitor [None req-86c5a109-0b37-4fe6-9a9a-f0fab97006c5 None None] Hash Ring: Node 28dddf458cf75c1c98a6419ca8832f3f (host: np0000163378) handling event "create" for row 51418a98-4a95-436d-af2d-e5a486291b4e (table: Logical_Switch) {{(pid=102108) notify /opt/stack/neutron/neutron/plugins/ml2/drivers/ovn/mech_driver/ovsdb/ovsdb_monitor.py:912}}
Apr 03 03:00:40.858295 np0000163378 devstack@neutron-api.service[102107]: DEBUG neutron.plugins.ml2.drivers.ovn.mech_driver.ovsdb.ovsdb_monitor [None req-429d5900-3dee-4ab0-bac3-3b3ba46cc9ab None None] Hash Ring: Node bdf584cda282569f9cfd1f26c6cc1a0d (host: np0000163378) handling event "create" for row d33bd8ae-d1f4-4d0e-97bf-4878314246d8 (table: Datapath_Binding) {{(pid=102107) notify /opt/stack/neutron/neutron/plugins/ml2/drivers/ovn/mech_driver/ovsdb/ovsdb_monitor.py:912}}
Apr 03 03:00:40.881112 np0000163378 devstack@neutron-api.service[102107]: INFO neutron.db.ovn_revision_numbers_db [None req-7454dff0-4fd2-4074-a226-984a68bfec7c admin admin] Successfully bumped revision number for resource 51418a98-4a95-436d-af2d-e5a486291b4e (type: networks) to 1
Apr 03 03:00:40.894405 np0000163378 devstack@neutron-api.service[102107]: DEBUG neutron_lib.callbacks.manager [None req-7454dff0-4fd2-4074-a226-984a68bfec7c admin admin] Publish callbacks ['neutron.plugins.ml2.plugin.SecurityGroupDbMixin._ensure_default_security_group_handler-138502'] for port (None), before_create {{(pid=102107) _notify_loop /opt/stack/data/venv/lib/python3.12/site-packages/neutron_lib/callbacks/manager.py:184}}
Apr 03 03:00:40.959745 np0000163378 devstack@neutron-api.service[102107]: DEBUG neutron_lib.callbacks.manager [None req-7454dff0-4fd2-4074-a226-984a68bfec7c admin admin] Publish callbacks ['neutron.plugins.ml2.drivers.ovn.mech_driver.mech_driver.OVNMechanismDriver._validate_allowed_address_pairs-304604'] for allowed_address_pair (b1f591bd-8bff-4b91-b537-b30771a9a69a), before_create {{(pid=102107) _notify_loop /opt/stack/data/venv/lib/python3.12/site-packages/neutron_lib/callbacks/manager.py:184}}
Apr 03 03:00:40.960222 np0000163378 devstack@neutron-api.service[102107]: DEBUG neutron_lib.callbacks.manager [None req-7454dff0-4fd2-4074-a226-984a68bfec7c admin admin] Publish callbacks [] for port (b1f591bd-8bff-4b91-b537-b30771a9a69a), precommit_create {{(pid=102107) _notify_loop /opt/stack/data/venv/lib/python3.12/site-packages/neutron_lib/callbacks/manager.py:184}}
Apr 03 03:00:40.960377 np0000163378 devstack@neutron-api.service[102107]: DEBUG neutron.plugins.ml2.drivers.ovn.mech_driver.mech_driver [None req-7454dff0-4fd2-4074-a226-984a68bfec7c admin admin] No provisioning block for port b1f591bd-8bff-4b91-b537-b30771a9a69a since it does not have a host {{(pid=102107) _is_port_provisioning_required /opt/stack/neutron/neutron/plugins/ml2/drivers/ovn/mech_driver/mech_driver.py:884}}
Apr 03 03:00:40.960480 np0000163378 devstack@neutron-api.service[102107]: DEBUG neutron.db.ovn_revision_numbers_db [None req-7454dff0-4fd2-4074-a226-984a68bfec7c admin admin] create_initial_revision uuid=b1f591bd-8bff-4b91-b537-b30771a9a69a, type=ports, rev=-1 {{(pid=102107) create_initial_revision /opt/stack/neutron/neutron/db/ovn_revision_numbers_db.py:98}}
Apr 03 03:00:40.989828 np0000163378 devstack@neutron-api.service[102107]: DEBUG neutron_lib.callbacks.manager [None req-7454dff0-4fd2-4074-a226-984a68bfec7c admin admin] Publish callbacks ['neutron.plugins.ml2.ovo_rpc._ObjectChangeHandler.handle_event-6951869'] for port (b1f591bd-8bff-4b91-b537-b30771a9a69a), after_create {{(pid=102107) _notify_loop /opt/stack/data/venv/lib/python3.12/site-packages/neutron_lib/callbacks/manager.py:184}}
Apr 03 03:00:41.026792 np0000163378 devstack@neutron-api.service[102107]: DEBUG neutron.api.rpc.handlers.resources_rpc [None req-7454dff0-4fd2-4074-a226-984a68bfec7c admin admin] Pushing event updated for resources: {'Port': ['ID=b1f591bd-8bff-4b91-b537-b30771a9a69a,revision_number=1']} {{(pid=102107) push /opt/stack/neutron/neutron/api/rpc/handlers/resources_rpc.py:237}}
Apr 03 03:00:41.033104 np0000163378 devstack@neutron-api.service[102107]: DEBUG ovsdbapp.backend.ovs_idl.transaction [None req-d452fda0-e0ca-4a4c-975e-5704a932bbc4 None None] Running txn n=1 command(idx=0): AddLSwitchPortCommand(_result=None, lport=b1f591bd-8bff-4b91-b537-b30771a9a69a, lswitch=neutron-51418a98-4a95-436d-af2d-e5a486291b4e, may_exist=True, network_uuid=51418a98-4a95-436d-af2d-e5a486291b4e, columns={'addresses': ['fa:16:3e:85:4d:a0'], 'external_ids': {'neutron:port_name': '', 'neutron:device_id': 'ovnmeta-51418a98-4a95-436d-af2d-e5a486291b4e', 'neutron:project_id': 'f62503b2612a440fa60f32322f59423f', 'neutron:cidrs': '', 'neutron:device_owner': 'network:distributed', 'neutron:subnet_pool_addr_scope4': '', 'neutron:subnet_pool_addr_scope6': '', 'neutron:network_name': 'neutron-51418a98-4a95-436d-af2d-e5a486291b4e', 'neutron:security_group_ids': '', 'neutron:revision_number': '1', 'neutron:vnic_type': 'normal', 'neutron:port_capabilities': '', 'neutron:mtu': ''}, 'parent_name': [], 'tag': [], 'enabled': True, 'options': {}, 'type': 'localport', 'port_security': [], 'dhcpv4_options': [], 'dhcpv6_options': []}) {{(pid=102107) do_commit /opt/stack/data/venv/lib/python3.12/site-packages/ovsdbapp/backend/ovs_idl/transaction.py:89}}
Apr 03 03:00:41.034150 np0000163378 devstack@neutron-api.service[102107]: DEBUG ovsdbapp.backend.ovs_idl.transaction [None req-d452fda0-e0ca-4a4c-975e-5704a932bbc4 None None] Running txn n=1 command(idx=1): QoSDelCommand(_result=None, switch=neutron-51418a98-4a95-436d-af2d-e5a486291b4e, conditions=[('direction', '=', 'to-lport'), ('priority', '=', 2002), ('match', '=', 'outport == "b1f591bd-8bff-4b91-b537-b30771a9a69a"')], if_exists=True) {{(pid=102107) do_commit /opt/stack/data/venv/lib/python3.12/site-packages/ovsdbapp/backend/ovs_idl/transaction.py:89}}
Apr 03 03:00:41.034528 np0000163378 devstack@neutron-api.service[102107]: DEBUG ovsdbapp.backend.ovs_idl.transaction [None req-d452fda0-e0ca-4a4c-975e-5704a932bbc4 None None] Running txn n=1 command(idx=2): QoSDelCommand(_result=None, switch=neutron-51418a98-4a95-436d-af2d-e5a486291b4e, conditions=[('direction', '=', 'from-lport'), ('priority', '=', 2002), ('match', '=', 'inport == "b1f591bd-8bff-4b91-b537-b30771a9a69a"')], if_exists=True) {{(pid=102107) do_commit /opt/stack/data/venv/lib/python3.12/site-packages/ovsdbapp/backend/ovs_idl/transaction.py:89}}
Apr 03 03:00:41.039942 np0000163378 devstack@neutron-api.service[102107]: DEBUG neutron.plugins.ml2.drivers.ovn.mech_driver.ovsdb.ovsdb_monitor [None req-d452fda0-e0ca-4a4c-975e-5704a932bbc4 None None] Hash Ring: Node bdf584cda282569f9cfd1f26c6cc1a0d (host: np0000163378) handling event "create" for row c259a370-8e7a-4488-8f97-5a32d720449c (table: Logical_Switch_Port) {{(pid=102107) notify /opt/stack/neutron/neutron/plugins/ml2/drivers/ovn/mech_driver/ovsdb/ovsdb_monitor.py:912}}
Apr 03 03:00:41.040940 np0000163378 devstack@neutron-api.service[102108]: DEBUG neutron.plugins.ml2.drivers.ovn.mech_driver.ovsdb.ovsdb_monitor [None req-86c5a109-0b37-4fe6-9a9a-f0fab97006c5 None None] Hash Ring: Node 28dddf458cf75c1c98a6419ca8832f3f (host: np0000163378) handling event "update" for row 51418a98-4a95-436d-af2d-e5a486291b4e (table: Logical_Switch) {{(pid=102108) notify /opt/stack/neutron/neutron/plugins/ml2/drivers/ovn/mech_driver/ovsdb/ovsdb_monitor.py:912}}
Apr 03 03:00:41.042097 np0000163378 devstack@neutron-api.service[102107]: DEBUG ovsdbapp.backend.ovs_idl.event [None req-d452fda0-e0ca-4a4c-975e-5704a932bbc4 None None] Matched CREATE: LogicalSwitchPortCreateEvent(events=('create',), table='Logical_Switch_Port', conditions=[], old_conditions=None), priority=20 to row=Logical_Switch_Port(uuid=c259a370-8e7a-4488-8f97-5a32d720449c, addresses=['fa:16:3e:85:4d:a0'], dhcpv4_options=[], dhcpv6_options=[], dynamic_addresses=[], enabled=True, external_ids={'neutron:cidrs': '', 'neutron:device_id': 'ovnmeta-51418a98-4a95-436d-af2d-e5a486291b4e', 'neutron:device_owner': 'network:distributed', 'neutron:mtu': '', 'neutron:network_name': 'neutron-51418a98-4a95-436d-af2d-e5a486291b4e', 'neutron:port_capabilities': '', 'neutron:port_name': '', 'neutron:project_id': 'f62503b2612a440fa60f32322f59423f', 'neutron:revision_number': '1', 'neutron:security_group_ids': '', 'neutron:subnet_pool_addr_scope4': '', 'neutron:subnet_pool_addr_scope6': '', 'neutron:vnic_type': 'normal'}, ha_chassis_group=[], mirror_rules=[], name='b1f591bd-8bff-4b91-b537-b30771a9a69a', options={}, parent_name=[], port_security=[], tag=[], tag_request=[], type='localport', up=[]) old= {{(pid=102107) matches /opt/stack/data/venv/lib/python3.12/site-packages/ovsdbapp/backend/ovs_idl/event.py:55}}
