Apr 27 14:18:33.228877 np0000170603 nova-conductor[111834]: DEBUG cotyledon.oslo_config_glue [-] vmware.vnc_keymap = en-us {{(pid=111834) log_opt_values /opt/stack/data/venv/lib/python3.12/site-packages/oslo_config/cfg.py:3006}}
Apr 27 14:18:33.228877 np0000170603 nova-conductor[111834]: DEBUG cotyledon.oslo_config_glue [-] vmware.vnc_port = 5900 {{(pid=111834) log_opt_values /opt/stack/data/venv/lib/python3.12/site-packages/oslo_config/cfg.py:3006}}
Apr 27 14:18:33.228877 np0000170603 nova-conductor[111834]: DEBUG cotyledon.oslo_config_glue [-] vmware.vnc_port_total = 10000 {{(pid=111834) log_opt_values /opt/stack/data/venv/lib/python3.12/site-packages/oslo_config/cfg.py:3006}}
Apr 27 14:18:33.228877 np0000170603 nova-conductor[111834]: DEBUG cotyledon.oslo_config_glue [-] vnc.auth_schemes = ['none'] {{(pid=111834) log_opt_values /opt/stack/data/venv/lib/python3.12/site-packages/oslo_config/cfg.py:3006}}
Apr 27 14:18:33.228877 np0000170603 nova-conductor[111834]: DEBUG cotyledon.oslo_config_glue [-] vnc.enabled = True {{(pid=111834) log_opt_values /opt/stack/data/venv/lib/python3.12/site-packages/oslo_config/cfg.py:3006}}
Apr 27 14:18:33.229194 np0000170603 nova-conductor[111834]: DEBUG cotyledon.oslo_config_glue [-] vnc.novncproxy_base_url = http://127.0.0.1:6080/vnc_auto.html {{(pid=111834) log_opt_values /opt/stack/data/venv/lib/python3.12/site-packages/oslo_config/cfg.py:3006}}
Apr 27 14:18:33.229194 np0000170603 nova-conductor[111834]: DEBUG cotyledon.oslo_config_glue [-] vnc.novncproxy_host = 0.0.0.0 {{(pid=111834) log_opt_values /opt/stack/data/venv/lib/python3.12/site-packages/oslo_config/cfg.py:3006}}
Apr 27 14:18:33.229194 np0000170603 nova-conductor[111834]: DEBUG cotyledon.oslo_config_glue [-] vnc.novncproxy_port = 6080 {{(pid=111834) log_opt_values /opt/stack/data/venv/lib/python3.12/site-packages/oslo_config/cfg.py:3006}}
Apr 27 14:18:33.229194 np0000170603 nova-conductor[111834]: DEBUG cotyledon.oslo_config_glue [-] vnc.server_listen = 127.0.0.1 {{(pid=111834) log_opt_values /opt/stack/data/venv/lib/python3.12/site-packages/oslo_config/cfg.py:3006}}
Apr 27 14:18:33.229194 np0000170603 nova-conductor[111834]: DEBUG cotyledon.oslo_config_glue [-] vnc.server_proxyclient_address = 127.0.0.1 {{(pid=111834) log_opt_values /opt/stack/data/venv/lib/python3.12/site-packages/oslo_config/cfg.py:3006}}
Apr 27 14:18:33.229194 np0000170603 nova-conductor[111834]: DEBUG cotyledon.oslo_config_glue [-] vnc.vencrypt_ca_certs = None {{(pid=111834) log_opt_values /opt/stack/data/venv/lib/python3.12/site-packages/oslo_config/cfg.py:3006}}
Apr 27 14:18:33.229194 np0000170603 nova-conductor[111834]: DEBUG cotyledon.oslo_config_glue [-] vnc.vencrypt_client_cert = None {{(pid=111834) log_opt_values /opt/stack/data/venv/lib/python3.12/site-packages/oslo_config/cfg.py:3006}}
Apr 27 14:18:33.229194 np0000170603 nova-conductor[111834]: DEBUG cotyledon.oslo_config_glue [-] vnc.vencrypt_client_key = None {{(pid=111834) log_opt_values /opt/stack/data/venv/lib/python3.12/site-packages/oslo_config/cfg.py:3006}}
Apr 27 14:18:33.229194 np0000170603 nova-conductor[111834]: DEBUG cotyledon.oslo_config_glue [-] workarounds.disable_compute_service_check_for_ffu = False {{(pid=111834) log_opt_values /opt/stack/data/venv/lib/python3.12/site-packages/oslo_config/cfg.py:3006}}
Apr 27 14:18:33.229477 np0000170603 nova-conductor[111834]: DEBUG cotyledon.oslo_config_glue [-] workarounds.disable_deep_image_inspection = False {{(pid=111834) log_opt_values /opt/stack/data/venv/lib/python3.12/site-packages/oslo_config/cfg.py:3006}}
Apr 27 14:18:33.229477 np0000170603 nova-conductor[111834]: DEBUG cotyledon.oslo_config_glue [-] workarounds.disable_fallback_pcpu_query = False {{(pid=111834) log_opt_values /opt/stack/data/venv/lib/python3.12/site-packages/oslo_config/cfg.py:3006}}
Apr 27 14:18:33.229477 np0000170603 nova-conductor[111834]: DEBUG cotyledon.oslo_config_glue [-] workarounds.disable_group_policy_check_upcall = False {{(pid=111834) log_opt_values /opt/stack/data/venv/lib/python3.12/site-packages/oslo_config/cfg.py:3006}}
Apr 27 14:18:33.229477 np0000170603 nova-conductor[111834]: DEBUG cotyledon.oslo_config_glue [-] workarounds.disable_libvirt_livesnapshot = False {{(pid=111834) log_opt_values /opt/stack/data/venv/lib/python3.12/site-packages/oslo_config/cfg.py:3006}}
Apr 27 14:18:33.229477 np0000170603 nova-conductor[111834]: DEBUG cotyledon.oslo_config_glue [-] workarounds.disable_rootwrap = False {{(pid=111834) log_opt_values /opt/stack/data/venv/lib/python3.12/site-packages/oslo_config/cfg.py:3006}}
Apr 27 14:18:33.229477 np0000170603 nova-conductor[111834]: DEBUG cotyledon.oslo_config_glue [-] workarounds.enable_numa_live_migration = False {{(pid=111834) log_opt_values /opt/stack/data/venv/lib/python3.12/site-packages/oslo_config/cfg.py:3006}}
Apr 27 14:18:33.229477 np0000170603 nova-conductor[111834]: DEBUG cotyledon.oslo_config_glue [-] workarounds.enable_qemu_monitor_announce_self = False {{(pid=111834) log_opt_values /opt/stack/data/venv/lib/python3.12/site-packages/oslo_config/cfg.py:3006}}
Apr 27 14:18:33.229477 np0000170603 nova-conductor[111834]: DEBUG cotyledon.oslo_config_glue [-] workarounds.ensure_libvirt_rbd_instance_dir_cleanup = False {{(pid=111834) log_opt_values /opt/stack/data/venv/lib/python3.12/site-packages/oslo_config/cfg.py:3006}}
Apr 27 14:18:33.229477 np0000170603 nova-conductor[111834]: DEBUG cotyledon.oslo_config_glue [-] workarounds.handle_virt_lifecycle_events = True {{(pid=111834) log_opt_values /opt/stack/data/venv/lib/python3.12/site-packages/oslo_config/cfg.py:3006}}
Apr 27 14:18:33.229760 np0000170603 nova-conductor[111834]: DEBUG cotyledon.oslo_config_glue [-] workarounds.libvirt_disable_apic = False {{(pid=111834) log_opt_values /opt/stack/data/venv/lib/python3.12/site-packages/oslo_config/cfg.py:3006}}
Apr 27 14:18:33.229760 np0000170603 nova-conductor[111834]: DEBUG cotyledon.oslo_config_glue [-] workarounds.never_download_image_if_on_rbd = False {{(pid=111834) log_opt_values /opt/stack/data/venv/lib/python3.12/site-packages/oslo_config/cfg.py:3006}}
Apr 27 14:18:33.229760 np0000170603 nova-conductor[111834]: DEBUG cotyledon.oslo_config_glue [-] workarounds.qemu_monitor_announce_self_count = 3 {{(pid=111834) log_opt_values /opt/stack/data/venv/lib/python3.12/site-packages/oslo_config/cfg.py:3006}}
Apr 27 14:18:33.229760 np0000170603 nova-conductor[111834]: DEBUG cotyledon.oslo_config_glue [-] workarounds.qemu_monitor_announce_self_interval = 1 {{(pid=111834) log_opt_values /opt/stack/data/venv/lib/python3.12/site-packages/oslo_config/cfg.py:3006}}
Apr 27 14:18:33.229760 np0000170603 nova-conductor[111834]: DEBUG cotyledon.oslo_config_glue [-] workarounds.reserve_disk_resource_for_image_cache = False {{(pid=111834) log_opt_values /opt/stack/data/venv/lib/python3.12/site-packages/oslo_config/cfg.py:3006}}
Apr 27 14:18:33.229760 np0000170603 nova-conductor[111834]: DEBUG cotyledon.oslo_config_glue [-] workarounds.skip_cpu_compare_at_startup = False {{(pid=111834) log_opt_values /opt/stack/data/venv/lib/python3.12/site-packages/oslo_config/cfg.py:3006}}
Apr 27 14:18:33.229760 np0000170603 nova-conductor[111834]: DEBUG cotyledon.oslo_config_glue [-] workarounds.skip_cpu_compare_on_dest = False {{(pid=111834) log_opt_values /opt/stack/data/venv/lib/python3.12/site-packages/oslo_config/cfg.py:3006}}
Apr 27 14:18:33.229760 np0000170603 nova-conductor[111834]: DEBUG cotyledon.oslo_config_glue [-] workarounds.skip_hypervisor_version_check_on_lm = False {{(pid=111834) log_opt_values /opt/stack/data/venv/lib/python3.12/site-packages/oslo_config/cfg.py:3006}}
Apr 27 14:18:33.229760 np0000170603 nova-conductor[111834]: DEBUG cotyledon.oslo_config_glue [-] workarounds.skip_reserve_in_use_ironic_nodes = False {{(pid=111834) log_opt_values /opt/stack/data/venv/lib/python3.12/site-packages/oslo_config/cfg.py:3006}}
Apr 27 14:18:33.230069 np0000170603 nova-conductor[111834]: DEBUG cotyledon.oslo_config_glue [-] workarounds.unified_limits_count_pcpu_as_vcpu = False {{(pid=111834) log_opt_values /opt/stack/data/venv/lib/python3.12/site-packages/oslo_config/cfg.py:3006}}
Apr 27 14:18:33.230069 np0000170603 nova-conductor[111834]: DEBUG cotyledon.oslo_config_glue [-] workarounds.wait_for_vif_plugged_event_during_hard_reboot = [] {{(pid=111834) log_opt_values /opt/stack/data/venv/lib/python3.12/site-packages/oslo_config/cfg.py:3006}}
Apr 27 14:18:33.230069 np0000170603 nova-conductor[111834]: DEBUG cotyledon.oslo_config_glue [-] wsgi.api_paste_config = /etc/nova/api-paste.ini {{(pid=111834) log_opt_values /opt/stack/data/venv/lib/python3.12/site-packages/oslo_config/cfg.py:3006}}
Apr 27 14:18:33.230069 np0000170603 nova-conductor[111834]: DEBUG cotyledon.oslo_config_glue [-] wsgi.secure_proxy_ssl_header = None {{(pid=111834) log_opt_values /opt/stack/data/venv/lib/python3.12/site-packages/oslo_config/cfg.py:3006}}
Apr 27 14:18:33.230069 np0000170603 nova-conductor[111834]: DEBUG cotyledon.oslo_config_glue [-] zvm.ca_file = None {{(pid=111834) log_opt_values /opt/stack/data/venv/lib/python3.12/site-packages/oslo_config/cfg.py:3006}}
Apr 27 14:18:33.230069 np0000170603 nova-conductor[111834]: DEBUG cotyledon.oslo_config_glue [-] zvm.cloud_connector_url = None {{(pid=111834) log_opt_values /opt/stack/data/venv/lib/python3.12/site-packages/oslo_config/cfg.py:3006}}
Apr 27 14:18:33.230069 np0000170603 nova-conductor[111834]: DEBUG cotyledon.oslo_config_glue [-] zvm.image_tmp_path = /opt/stack/data/nova/images {{(pid=111834) log_opt_values /opt/stack/data/venv/lib/python3.12/site-packages/oslo_config/cfg.py:3006}}
Apr 27 14:18:33.230069 np0000170603 nova-conductor[111834]: DEBUG cotyledon.oslo_config_glue [-] zvm.reachable_timeout = 300 {{(pid=111834) log_opt_values /opt/stack/data/venv/lib/python3.12/site-packages/oslo_config/cfg.py:3006}}
Apr 27 14:18:33.230069 np0000170603 nova-conductor[111834]: DEBUG cotyledon.oslo_config_glue [-] oslo_versionedobjects.fatal_exception_format_errors = False {{(pid=111834) log_opt_values /opt/stack/data/venv/lib/python3.12/site-packages/oslo_config/cfg.py:3006}}
Apr 27 14:18:33.230311 np0000170603 nova-conductor[111834]: DEBUG cotyledon.oslo_config_glue [-] oslo_middleware.http_basic_auth_user_file = /etc/htpasswd {{(pid=111834) log_opt_values /opt/stack/data/venv/lib/python3.12/site-packages/oslo_config/cfg.py:3006}}
Apr 27 14:18:33.230311 np0000170603 nova-conductor[111834]: DEBUG cotyledon.oslo_config_glue [-] profiler.connection_string = messaging:// {{(pid=111834) log_opt_values /opt/stack/data/venv/lib/python3.12/site-packages/oslo_config/cfg.py:3006}}
Apr 27 14:18:33.230311 np0000170603 nova-conductor[111834]: DEBUG cotyledon.oslo_config_glue [-] profiler.enabled = False {{(pid=111834) log_opt_values /opt/stack/data/venv/lib/python3.12/site-packages/oslo_config/cfg.py:3006}}
Apr 27 14:18:33.230311 np0000170603 nova-conductor[111834]: DEBUG cotyledon.oslo_config_glue [-] profiler.es_doc_type = notification {{(pid=111834) log_opt_values /opt/stack/data/venv/lib/python3.12/site-packages/oslo_config/cfg.py:3006}}
Apr 27 14:18:33.230311 np0000170603 nova-conductor[111834]: DEBUG cotyledon.oslo_config_glue [-] profiler.es_scroll_size = 10000 {{(pid=111834) log_opt_values /opt/stack/data/venv/lib/python3.12/site-packages/oslo_config/cfg.py:3006}}
Apr 27 14:18:33.230311 np0000170603 nova-conductor[111834]: DEBUG cotyledon.oslo_config_glue [-] profiler.es_scroll_time = 2m {{(pid=111834) log_opt_values /opt/stack/data/venv/lib/python3.12/site-packages/oslo_config/cfg.py:3006}}
Apr 27 14:18:33.230311 np0000170603 nova-conductor[111834]: DEBUG cotyledon.oslo_config_glue [-] profiler.filter_error_trace = False {{(pid=111834) log_opt_values /opt/stack/data/venv/lib/python3.12/site-packages/oslo_config/cfg.py:3006}}
Apr 27 14:18:33.230311 np0000170603 nova-conductor[111834]: DEBUG cotyledon.oslo_config_glue [-] profiler.hmac_keys = **** {{(pid=111834) log_opt_values /opt/stack/data/venv/lib/python3.12/site-packages/oslo_config/cfg.py:3006}}
Apr 27 14:18:33.230311 np0000170603 nova-conductor[111834]: DEBUG cotyledon.oslo_config_glue [-] profiler.sentinel_service_name = mymaster {{(pid=111834) log_opt_values /opt/stack/data/venv/lib/python3.12/site-packages/oslo_config/cfg.py:3006}}
Apr 27 14:18:33.230553 np0000170603 nova-conductor[111834]: DEBUG cotyledon.oslo_config_glue [-] profiler.socket_timeout = 0.1 {{(pid=111834) log_opt_values /opt/stack/data/venv/lib/python3.12/site-packages/oslo_config/cfg.py:3006}}
Apr 27 14:18:33.230553 np0000170603 nova-conductor[111834]: DEBUG cotyledon.oslo_config_glue [-] profiler.trace_requests = False {{(pid=111834) log_opt_values /opt/stack/data/venv/lib/python3.12/site-packages/oslo_config/cfg.py:3006}}
Apr 27 14:18:33.230553 np0000170603 nova-conductor[111834]: DEBUG cotyledon.oslo_config_glue [-] profiler.trace_sqlalchemy = False {{(pid=111834) log_opt_values /opt/stack/data/venv/lib/python3.12/site-packages/oslo_config/cfg.py:3006}}
Apr 27 14:18:33.230553 np0000170603 nova-conductor[111834]: DEBUG cotyledon.oslo_config_glue [-] profiler_jaeger.process_tags = {} {{(pid=111834) log_opt_values /opt/stack/data/venv/lib/python3.12/site-packages/oslo_config/cfg.py:3006}}
Apr 27 14:18:33.230553 np0000170603 nova-conductor[111834]: DEBUG cotyledon.oslo_config_glue [-] profiler_jaeger.service_name_prefix = None {{(pid=111834) log_opt_values /opt/stack/data/venv/lib/python3.12/site-packages/oslo_config/cfg.py:3006}}
Apr 27 14:18:33.230553 np0000170603 nova-conductor[111834]: DEBUG cotyledon.oslo_config_glue [-] profiler_otlp.service_name_prefix = None {{(pid=111834) log_opt_values /opt/stack/data/venv/lib/python3.12/site-packages/oslo_config/cfg.py:3006}}
Apr 27 14:18:33.230553 np0000170603 nova-conductor[111834]: DEBUG cotyledon.oslo_config_glue [-] oslo_messaging_rabbit.amqp_auto_delete = False {{(pid=111834) log_opt_values /opt/stack/data/venv/lib/python3.12/site-packages/oslo_config/cfg.py:3006}}
Apr 27 14:18:33.230553 np0000170603 nova-conductor[111834]: DEBUG cotyledon.oslo_config_glue [-] oslo_messaging_rabbit.amqp_durable_queues = False {{(pid=111834) log_opt_values /opt/stack/data/venv/lib/python3.12/site-packages/oslo_config/cfg.py:3006}}
Apr 27 14:18:33.230553 np0000170603 nova-conductor[111834]: DEBUG cotyledon.oslo_config_glue [-] oslo_messaging_rabbit.conn_pool_min_size = 2 {{(pid=111834) log_opt_values /opt/stack/data/venv/lib/python3.12/site-packages/oslo_config/cfg.py:3006}}
Apr 27 14:18:33.230796 np0000170603 nova-conductor[111834]: DEBUG cotyledon.oslo_config_glue [-] oslo_messaging_rabbit.conn_pool_ttl = 1200 {{(pid=111834) log_opt_values /opt/stack/data/venv/lib/python3.12/site-packages/oslo_config/cfg.py:3006}}
Apr 27 14:18:33.230796 np0000170603 nova-conductor[111834]: DEBUG cotyledon.oslo_config_glue [-] oslo_messaging_rabbit.direct_mandatory_flag = True {{(pid=111834) log_opt_values /opt/stack/data/venv/lib/python3.12/site-packages/oslo_config/cfg.py:3006}}
Apr 27 14:18:33.230796 np0000170603 nova-conductor[111834]: DEBUG cotyledon.oslo_config_glue [-] oslo_messaging_rabbit.enable_cancel_on_failover = False {{(pid=111834) log_opt_values /opt/stack/data/venv/lib/python3.12/site-packages/oslo_config/cfg.py:3006}}
Apr 27 14:18:33.230796 np0000170603 nova-conductor[111834]: DEBUG cotyledon.oslo_config_glue [-] oslo_messaging_rabbit.heartbeat_in_pthread = False {{(pid=111834) log_opt_values /opt/stack/data/venv/lib/python3.12/site-packages/oslo_config/cfg.py:3006}}
Apr 27 14:18:33.230796 np0000170603 nova-conductor[111834]: DEBUG cotyledon.oslo_config_glue [-] oslo_messaging_rabbit.heartbeat_rate = 3 {{(pid=111834) log_opt_values /opt/stack/data/venv/lib/python3.12/site-packages/oslo_config/cfg.py:3006}}
Apr 27 14:18:33.230796 np0000170603 nova-conductor[111834]: DEBUG cotyledon.oslo_config_glue [-] oslo_messaging_rabbit.heartbeat_timeout_threshold = 60 {{(pid=111834) log_opt_values /opt/stack/data/venv/lib/python3.12/site-packages/oslo_config/cfg.py:3006}}
Apr 27 14:18:33.230796 np0000170603 nova-conductor[111834]: DEBUG cotyledon.oslo_config_glue [-] oslo_messaging_rabbit.hostname = np0000170603 {{(pid=111834) log_opt_values /opt/stack/data/venv/lib/python3.12/site-packages/oslo_config/cfg.py:3006}}
Apr 27 14:18:33.230796 np0000170603 nova-conductor[111834]: DEBUG cotyledon.oslo_config_glue [-] oslo_messaging_rabbit.kombu_compression = None {{(pid=111834) log_opt_values /opt/stack/data/venv/lib/python3.12/site-packages/oslo_config/cfg.py:3006}}
Apr 27 14:18:33.230796 np0000170603 nova-conductor[111834]: DEBUG cotyledon.oslo_config_glue [-] oslo_messaging_rabbit.kombu_failover_strategy = round-robin {{(pid=111834) log_opt_values /opt/stack/data/venv/lib/python3.12/site-packages/oslo_config/cfg.py:3006}}
Apr 27 14:18:33.231073 np0000170603 nova-conductor[111834]: DEBUG cotyledon.oslo_config_glue [-] oslo_messaging_rabbit.kombu_missing_consumer_retry_timeout = 60 {{(pid=111834) log_opt_values /opt/stack/data/venv/lib/python3.12/site-packages/oslo_config/cfg.py:3006}}
Apr 27 14:18:33.231073 np0000170603 nova-conductor[111834]: DEBUG cotyledon.oslo_config_glue [-] oslo_messaging_rabbit.kombu_reconnect_delay = 1.0 {{(pid=111834) log_opt_values /opt/stack/data/venv/lib/python3.12/site-packages/oslo_config/cfg.py:3006}}
Apr 27 14:18:33.231073 np0000170603 nova-conductor[111834]: DEBUG cotyledon.oslo_config_glue [-] oslo_messaging_rabbit.kombu_reconnect_splay = 0.0 {{(pid=111834) log_opt_values /opt/stack/data/venv/lib/python3.12/site-packages/oslo_config/cfg.py:3006}}
Apr 27 14:18:33.231073 np0000170603 nova-conductor[111834]: DEBUG cotyledon.oslo_config_glue [-] oslo_messaging_rabbit.processname = nova-conductor {{(pid=111834) log_opt_values /opt/stack/data/venv/lib/python3.12/site-packages/oslo_config/cfg.py:3006}}
Apr 27 14:18:33.231073 np0000170603 nova-conductor[111834]: DEBUG cotyledon.oslo_config_glue [-] oslo_messaging_rabbit.rabbit_ha_queues = False {{(pid=111834) log_opt_values /opt/stack/data/venv/lib/python3.12/site-packages/oslo_config/cfg.py:3006}}
Apr 27 14:18:33.231073 np0000170603 nova-conductor[111834]: DEBUG cotyledon.oslo_config_glue [-] oslo_messaging_rabbit.rabbit_interval_max = 30 {{(pid=111834) log_opt_values /opt/stack/data/venv/lib/python3.12/site-packages/oslo_config/cfg.py:3006}}
Apr 27 14:18:33.231073 np0000170603 nova-conductor[111834]: DEBUG cotyledon.oslo_config_glue [-] oslo_messaging_rabbit.rabbit_login_method = AMQPLAIN {{(pid=111834) log_opt_values /opt/stack/data/venv/lib/python3.12/site-packages/oslo_config/cfg.py:3006}}
Apr 27 14:18:33.231073 np0000170603 nova-conductor[111834]: DEBUG cotyledon.oslo_config_glue [-] oslo_messaging_rabbit.rabbit_qos_prefetch_count = 0 {{(pid=111834) log_opt_values /opt/stack/data/venv/lib/python3.12/site-packages/oslo_config/cfg.py:3006}}
Apr 27 14:18:33.231316 np0000170603 nova-conductor[111834]: DEBUG cotyledon.oslo_config_glue [-] oslo_messaging_rabbit.rabbit_quorum_delivery_limit = 0 {{(pid=111834) log_opt_values /opt/stack/data/venv/lib/python3.12/site-packages/oslo_config/cfg.py:3006}}
Apr 27 14:18:33.231316 np0000170603 nova-conductor[111834]: DEBUG cotyledon.oslo_config_glue [-] oslo_messaging_rabbit.rabbit_quorum_max_memory_bytes = 0 {{(pid=111834) log_opt_values /opt/stack/data/venv/lib/python3.12/site-packages/oslo_config/cfg.py:3006}}
Apr 27 14:18:33.231316 np0000170603 nova-conductor[111834]: DEBUG cotyledon.oslo_config_glue [-] oslo_messaging_rabbit.rabbit_quorum_max_memory_length = 0 {{(pid=111834) log_opt_values /opt/stack/data/venv/lib/python3.12/site-packages/oslo_config/cfg.py:3006}}
Apr 27 14:18:33.231316 np0000170603 nova-conductor[111834]: DEBUG cotyledon.oslo_config_glue [-] oslo_messaging_rabbit.rabbit_quorum_queue = False {{(pid=111834) log_opt_values /opt/stack/data/venv/lib/python3.12/site-packages/oslo_config/cfg.py:3006}}
Apr 27 14:18:33.231316 np0000170603 nova-conductor[111834]: DEBUG cotyledon.oslo_config_glue [-] oslo_messaging_rabbit.rabbit_retry_backoff = 2 {{(pid=111834) log_opt_values /opt/stack/data/venv/lib/python3.12/site-packages/oslo_config/cfg.py:3006}}
Apr 27 14:18:33.231316 np0000170603 nova-conductor[111834]: DEBUG cotyledon.oslo_config_glue [-] oslo_messaging_rabbit.rabbit_retry_interval = 1 {{(pid=111834) log_opt_values /opt/stack/data/venv/lib/python3.12/site-packages/oslo_config/cfg.py:3006}}
Apr 27 14:18:33.231316 np0000170603 nova-conductor[111834]: DEBUG cotyledon.oslo_config_glue [-] oslo_messaging_rabbit.rabbit_stream_fanout = False {{(pid=111834) log_opt_values /opt/stack/data/venv/lib/python3.12/site-packages/oslo_config/cfg.py:3006}}
Apr 27 14:18:33.231316 np0000170603 nova-conductor[111834]: DEBUG cotyledon.oslo_config_glue [-] oslo_messaging_rabbit.rabbit_transient_queues_ttl = 1800 {{(pid=111834) log_opt_values /opt/stack/data/venv/lib/python3.12/site-packages/oslo_config/cfg.py:3006}}
Apr 27 14:18:33.231520 np0000170603 nova-conductor[111834]: DEBUG cotyledon.oslo_config_glue [-] oslo_messaging_rabbit.rabbit_transient_quorum_queue = False {{(pid=111834) log_opt_values /opt/stack/data/venv/lib/python3.12/site-packages/oslo_config/cfg.py:3006}}
Apr 27 14:18:33.231520 np0000170603 nova-conductor[111834]: DEBUG cotyledon.oslo_config_glue [-] oslo_messaging_rabbit.rpc_conn_pool_size = 30 {{(pid=111834) log_opt_values /opt/stack/data/venv/lib/python3.12/site-packages/oslo_config/cfg.py:3006}}
Apr 27 14:18:33.231520 np0000170603 nova-conductor[111834]: DEBUG cotyledon.oslo_config_glue [-] oslo_messaging_rabbit.ssl = False {{(pid=111834) log_opt_values /opt/stack/data/venv/lib/python3.12/site-packages/oslo_config/cfg.py:3006}}
Apr 27 14:18:33.231520 np0000170603 nova-conductor[111834]: DEBUG cotyledon.oslo_config_glue [-] oslo_messaging_rabbit.ssl_ca_file = {{(pid=111834) log_opt_values /opt/stack/data/venv/lib/python3.12/site-packages/oslo_config/cfg.py:3006}}
Apr 27 14:18:33.231520 np0000170603 nova-conductor[111834]: DEBUG cotyledon.oslo_config_glue [-] oslo_messaging_rabbit.ssl_cert_file = {{(pid=111834) log_opt_values /opt/stack/data/venv/lib/python3.12/site-packages/oslo_config/cfg.py:3006}}
Apr 27 14:18:33.231520 np0000170603 nova-conductor[111834]: DEBUG cotyledon.oslo_config_glue [-] oslo_messaging_rabbit.ssl_enforce_fips_mode = False {{(pid=111834) log_opt_values /opt/stack/data/venv/lib/python3.12/site-packages/oslo_config/cfg.py:3006}}
Apr 27 14:18:33.231520 np0000170603 nova-conductor[111834]: DEBUG cotyledon.oslo_config_glue [-] oslo_messaging_rabbit.ssl_key_file = {{(pid=111834) log_opt_values /opt/stack/data/venv/lib/python3.12/site-packages/oslo_config/cfg.py:3006}}
Apr 27 14:18:33.231520 np0000170603 nova-conductor[111834]: DEBUG cotyledon.oslo_config_glue [-] oslo_messaging_rabbit.ssl_version = {{(pid=111834) log_opt_values /opt/stack/data/venv/lib/python3.12/site-packages/oslo_config/cfg.py:3006}}
Apr 27 14:18:33.231520 np0000170603 nova-conductor[111834]: DEBUG cotyledon.oslo_config_glue [-] oslo_messaging_rabbit.use_queue_manager = False {{(pid=111834) log_opt_values /opt/stack/data/venv/lib/python3.12/site-packages/oslo_config/cfg.py:3006}}
Apr 27 14:18:33.231747 np0000170603 nova-conductor[111834]: DEBUG cotyledon.oslo_config_glue [-] oslo_messaging_notifications.driver = ['messagingv2'] {{(pid=111834) log_opt_values /opt/stack/data/venv/lib/python3.12/site-packages/oslo_config/cfg.py:3006}}
Apr 27 14:18:33.231747 np0000170603 nova-conductor[111834]: DEBUG cotyledon.oslo_config_glue [-] oslo_messaging_notifications.retry = -1 {{(pid=111834) log_opt_values /opt/stack/data/venv/lib/python3.12/site-packages/oslo_config/cfg.py:3006}}
Apr 27 14:18:33.231747 np0000170603 nova-conductor[111834]: DEBUG cotyledon.oslo_config_glue [-] oslo_messaging_notifications.topics = ['notifications'] {{(pid=111834) log_opt_values /opt/stack/data/venv/lib/python3.12/site-packages/oslo_config/cfg.py:3006}}
Apr 27 14:18:33.231747 np0000170603 nova-conductor[111834]: DEBUG cotyledon.oslo_config_glue [-] oslo_messaging_notifications.transport_url = **** {{(pid=111834) log_opt_values /opt/stack/data/venv/lib/python3.12/site-packages/oslo_config/cfg.py:3006}}
Apr 27 14:18:33.231747 np0000170603 nova-conductor[111834]: DEBUG cotyledon.oslo_config_glue [-] oslo_limit.auth_section = None {{(pid=111834) log_opt_values /opt/stack/data/venv/lib/python3.12/site-packages/oslo_config/cfg.py:3006}}
Apr 27 14:18:33.231747 np0000170603 nova-conductor[111834]: DEBUG cotyledon.oslo_config_glue [-] oslo_limit.auth_type = None {{(pid=111834) log_opt_values /opt/stack/data/venv/lib/python3.12/site-packages/oslo_config/cfg.py:3006}}
Apr 27 14:18:33.231747 np0000170603 nova-conductor[111834]: DEBUG cotyledon.oslo_config_glue [-] oslo_limit.cafile = None {{(pid=111834) log_opt_values /opt/stack/data/venv/lib/python3.12/site-packages/oslo_config/cfg.py:3006}}
Apr 27 14:18:33.231747 np0000170603 nova-conductor[111834]: DEBUG cotyledon.oslo_config_glue [-] oslo_limit.certfile = None {{(pid=111834) log_opt_values /opt/stack/data/venv/lib/python3.12/site-packages/oslo_config/cfg.py:3006}}
Apr 27 14:18:33.231747 np0000170603 nova-conductor[111834]: DEBUG cotyledon.oslo_config_glue [-] oslo_limit.collect_timing = False {{(pid=111834) log_opt_values /opt/stack/data/venv/lib/python3.12/site-packages/oslo_config/cfg.py:3006}}
Apr 27 14:18:33.232000 np0000170603 nova-conductor[111834]: DEBUG cotyledon.oslo_config_glue [-] oslo_limit.connect_retries = None {{(pid=111834) log_opt_values /opt/stack/data/venv/lib/python3.12/site-packages/oslo_config/cfg.py:3006}}
Apr 27 14:18:33.232000 np0000170603 nova-conductor[111834]: DEBUG cotyledon.oslo_config_glue [-] oslo_limit.connect_retry_delay = None {{(pid=111834) log_opt_values /opt/stack/data/venv/lib/python3.12/site-packages/oslo_config/cfg.py:3006}}
Apr 27 14:18:33.232000 np0000170603 nova-conductor[111834]: DEBUG cotyledon.oslo_config_glue [-] oslo_limit.endpoint_id = None {{(pid=111834) log_opt_values /opt/stack/data/venv/lib/python3.12/site-packages/oslo_config/cfg.py:3006}}
Apr 27 14:18:33.232000 np0000170603 nova-conductor[111834]: DEBUG cotyledon.oslo_config_glue [-] oslo_limit.endpoint_interface = public {{(pid=111834) log_opt_values /opt/stack/data/venv/lib/python3.12/site-packages/oslo_config/cfg.py:3006}}
Apr 27 14:18:33.232000 np0000170603 nova-conductor[111834]: DEBUG cotyledon.oslo_config_glue [-] oslo_limit.endpoint_override = None {{(pid=111834) log_opt_values /opt/stack/data/venv/lib/python3.12/site-packages/oslo_config/cfg.py:3006}}
Apr 27 14:18:33.232000 np0000170603 nova-conductor[111834]: DEBUG cotyledon.oslo_config_glue [-] oslo_limit.endpoint_region_name = None {{(pid=111834) log_opt_values /opt/stack/data/venv/lib/python3.12/site-packages/oslo_config/cfg.py:3006}}
Apr 27 14:18:33.232000 np0000170603 nova-conductor[111834]: DEBUG cotyledon.oslo_config_glue [-] oslo_limit.endpoint_service_name = None {{(pid=111834) log_opt_values /opt/stack/data/venv/lib/python3.12/site-packages/oslo_config/cfg.py:3006}}
Apr 27 14:18:33.232000 np0000170603 nova-conductor[111834]: DEBUG cotyledon.oslo_config_glue [-] oslo_limit.endpoint_service_type = None {{(pid=111834) log_opt_values /opt/stack/data/venv/lib/python3.12/site-packages/oslo_config/cfg.py:3006}}
Apr 27 14:18:33.232000 np0000170603 nova-conductor[111834]: DEBUG cotyledon.oslo_config_glue [-] oslo_limit.insecure = False {{(pid=111834) log_opt_values /opt/stack/data/venv/lib/python3.12/site-packages/oslo_config/cfg.py:3006}}
Apr 27 14:18:33.232269 np0000170603 nova-conductor[111834]: DEBUG cotyledon.oslo_config_glue [-] oslo_limit.keyfile = None {{(pid=111834) log_opt_values /opt/stack/data/venv/lib/python3.12/site-packages/oslo_config/cfg.py:3006}}
Apr 27 14:18:33.232269 np0000170603 nova-conductor[111834]: DEBUG cotyledon.oslo_config_glue [-] oslo_limit.max_version = None {{(pid=111834) log_opt_values /opt/stack/data/venv/lib/python3.12/site-packages/oslo_config/cfg.py:3006}}
Apr 27 14:18:33.232269 np0000170603 nova-conductor[111834]: DEBUG cotyledon.oslo_config_glue [-] oslo_limit.min_version = None {{(pid=111834) log_opt_values /opt/stack/data/venv/lib/python3.12/site-packages/oslo_config/cfg.py:3006}}
Apr 27 14:18:33.232269 np0000170603 nova-conductor[111834]: DEBUG cotyledon.oslo_config_glue [-] oslo_limit.region_name = None {{(pid=111834) log_opt_values /opt/stack/data/venv/lib/python3.12/site-packages/oslo_config/cfg.py:3006}}
Apr 27 14:18:33.232269 np0000170603 nova-conductor[111834]: DEBUG cotyledon.oslo_config_glue [-] oslo_limit.retriable_status_codes = None {{(pid=111834) log_opt_values /opt/stack/data/venv/lib/python3.12/site-packages/oslo_config/cfg.py:3006}}
Apr 27 14:18:33.232269 np0000170603 nova-conductor[111834]: DEBUG cotyledon.oslo_config_glue [-] oslo_limit.service_name = None {{(pid=111834) log_opt_values /opt/stack/data/venv/lib/python3.12/site-packages/oslo_config/cfg.py:3006}}
Apr 27 14:18:33.232269 np0000170603 nova-conductor[111834]: DEBUG cotyledon.oslo_config_glue [-] oslo_limit.service_type = None {{(pid=111834) log_opt_values /opt/stack/data/venv/lib/python3.12/site-packages/oslo_config/cfg.py:3006}}
Apr 27 14:18:33.232269 np0000170603 nova-conductor[111834]: DEBUG cotyledon.oslo_config_glue [-] oslo_limit.split_loggers = False {{(pid=111834) log_opt_values /opt/stack/data/venv/lib/python3.12/site-packages/oslo_config/cfg.py:3006}}
Apr 27 14:18:33.232269 np0000170603 nova-conductor[111834]: DEBUG cotyledon.oslo_config_glue [-] oslo_limit.status_code_retries = None {{(pid=111834) log_opt_values /opt/stack/data/venv/lib/python3.12/site-packages/oslo_config/cfg.py:3006}}
Apr 27 14:18:33.232538 np0000170603 nova-conductor[111834]: DEBUG cotyledon.oslo_config_glue [-] oslo_limit.status_code_retry_delay = None {{(pid=111834) log_opt_values /opt/stack/data/venv/lib/python3.12/site-packages/oslo_config/cfg.py:3006}}
Apr 27 14:18:33.232538 np0000170603 nova-conductor[111834]: DEBUG cotyledon.oslo_config_glue [-] oslo_limit.timeout = None {{(pid=111834) log_opt_values /opt/stack/data/venv/lib/python3.12/site-packages/oslo_config/cfg.py:3006}}
Apr 27 14:18:33.232538 np0000170603 nova-conductor[111834]: DEBUG cotyledon.oslo_config_glue [-] oslo_limit.valid_interfaces = None {{(pid=111834) log_opt_values /opt/stack/data/venv/lib/python3.12/site-packages/oslo_config/cfg.py:3006}}
Apr 27 14:18:33.232634 np0000170603 nova-conductor[111818]: DEBUG dbcounter [-] [111818] Writer thread running {{(pid=111818) stat_writer /opt/stack/data/venv/lib/python3.12/site-packages/dbcounter.py:102}}
Apr 27 14:18:33.232670 np0000170603 nova-conductor[111834]: DEBUG cotyledon.oslo_config_glue [-] oslo_limit.version = None {{(pid=111834) log_opt_values /opt/stack/data/venv/lib/python3.12/site-packages/oslo_config/cfg.py:3006}}
Apr 27 14:18:33.232670 np0000170603 nova-conductor[111834]: DEBUG cotyledon.oslo_config_glue [-] oslo_reports.file_event_handler = None {{(pid=111834) log_opt_values /opt/stack/data/venv/lib/python3.12/site-packages/oslo_config/cfg.py:3006}}
Apr 27 14:18:33.232670 np0000170603 nova-conductor[111834]: DEBUG cotyledon.oslo_config_glue [-] oslo_reports.file_event_handler_interval = 1 {{(pid=111834) log_opt_values /opt/stack/data/venv/lib/python3.12/site-packages/oslo_config/cfg.py:3006}}
Apr 27 14:18:33.232670 np0000170603 nova-conductor[111834]: DEBUG cotyledon.oslo_config_glue [-] oslo_reports.log_dir = None {{(pid=111834) log_opt_values /opt/stack/data/venv/lib/python3.12/site-packages/oslo_config/cfg.py:3006}}
Apr 27 14:18:33.232670 np0000170603 nova-conductor[111834]: DEBUG cotyledon.oslo_config_glue [-] ******************************************************************************** {{(pid=111834) log_opt_values /opt/stack/data/venv/lib/python3.12/site-packages/oslo_config/cfg.py:3013}}
Apr 27 14:18:33.232670 np0000170603 nova-conductor[111834]: DEBUG cotyledon._service_worker [-] Run service ServiceWrapper(3) [111834] {{(pid=111834) wait_forever /opt/stack/data/venv/lib/python3.12/site-packages/cotyledon/_service_worker.py:218}}
Apr 27 14:18:33.232670 np0000170603 nova-conductor[111834]: INFO nova.service [-] Starting conductor node (version 33.1.0)
Apr 27 14:18:33.232873 np0000170603 nova-conductor[111828]: DEBUG oslo_db.sqlalchemy.engines [None req-dbb82653-1b5e-49ad-9b5a-a5d4feb77c88 None None] MySQL server mode set to STRICT_TRANS_TABLES,STRICT_ALL_TABLES,NO_ZERO_IN_DATE,NO_ZERO_DATE,ERROR_FOR_DIVISION_BY_ZERO,TRADITIONAL,NO_ENGINE_SUBSTITUTION {{(pid=111828) _check_effective_sql_mode /opt/stack/data/venv/lib/python3.12/site-packages/oslo_db/sqlalchemy/engines.py:325}}
Apr 27 14:18:33.232907 np0000170603 nova-conductor[111834]: INFO dbcounter [None req-9e5f028e-3c82-432a-992a-9fc61db055a3 None None] Registered counter for database nova_cell0
Apr 27 14:18:33.232933 np0000170603 nova-conductor[111812]: DEBUG nova.service [None req-2ca20ffd-afb5-41f3-8f47-1ae93ef9911a None None] Creating RPC server for service: nova-conductor on topic: conductor {{(pid=111812) start /opt/stack/nova/nova/service.py:195}}
Apr 27 14:18:33.234814 np0000170603 nova-conductor[111834]: DEBUG oslo_db.sqlalchemy.engines [None req-9e5f028e-3c82-432a-992a-9fc61db055a3 None None] MySQL server mode set to STRICT_TRANS_TABLES,STRICT_ALL_TABLES,NO_ZERO_IN_DATE,NO_ZERO_DATE,ERROR_FOR_DIVISION_BY_ZERO,TRADITIONAL,NO_ENGINE_SUBSTITUTION {{(pid=111834) _check_effective_sql_mode /opt/stack/data/venv/lib/python3.12/site-packages/oslo_db/sqlalchemy/engines.py:325}}
Apr 27 14:18:33.235032 np0000170603 nova-conductor[111828]: DEBUG dbcounter [-] [111828] Writer thread running {{(pid=111828) stat_writer /opt/stack/data/venv/lib/python3.12/site-packages/dbcounter.py:102}}
Apr 27 14:18:33.238338 np0000170603 nova-conductor[111828]: DEBUG nova.service [None req-dbb82653-1b5e-49ad-9b5a-a5d4feb77c88 None None] Creating RPC server for service: nova-conductor on topic: conductor {{(pid=111828) start /opt/stack/nova/nova/service.py:195}}
Apr 27 14:18:33.245861 np0000170603 nova-conductor[111818]: DEBUG nova.service [None req-5b0c1e53-9071-4fa4-8b2e-2d3378c4fb28 None None] Creating RPC server for service: nova-conductor on topic: conductor {{(pid=111818) start /opt/stack/nova/nova/service.py:195}}
Apr 27 14:18:33.248891 np0000170603 nova-conductor[111834]: DEBUG dbcounter [-] [111834] Writer thread running {{(pid=111834) stat_writer /opt/stack/data/venv/lib/python3.12/site-packages/dbcounter.py:102}}
Apr 27 14:18:33.251813 np0000170603 nova-conductor[111834]: DEBUG nova.service [None req-9e5f028e-3c82-432a-992a-9fc61db055a3 None None] Creating RPC server for service: nova-conductor on topic: conductor {{(pid=111834) start /opt/stack/nova/nova/service.py:195}}
Apr 27 14:18:33.275613 np0000170603 nova-conductor[111834]: DEBUG nova.service [None req-9e5f028e-3c82-432a-992a-9fc61db055a3 None None] Join ServiceGroup membership for this service conductor {{(pid=111834) start /opt/stack/nova/nova/service.py:221}}
Apr 27 14:18:33.275868 np0000170603 nova-conductor[111834]: DEBUG nova.servicegroup.drivers.db [None req-9e5f028e-3c82-432a-992a-9fc61db055a3 None None] DB_Driver: join new ServiceGroup member np0000170603 to the conductor group, service = {{(pid=111834) join /opt/stack/nova/nova/servicegroup/drivers/db.py:44}}
Apr 27 14:18:33.278091 np0000170603 nova-conductor[111828]: DEBUG nova.service [None req-dbb82653-1b5e-49ad-9b5a-a5d4feb77c88 None None] Join ServiceGroup membership for this service conductor {{(pid=111828) start /opt/stack/nova/nova/service.py:221}}
Apr 27 14:18:33.278355 np0000170603 nova-conductor[111818]: DEBUG nova.service [None req-5b0c1e53-9071-4fa4-8b2e-2d3378c4fb28 None None] Join ServiceGroup membership for this service conductor {{(pid=111818) start /opt/stack/nova/nova/service.py:221}}
Apr 27 14:18:33.278528 np0000170603 nova-conductor[111828]: DEBUG nova.servicegroup.drivers.db [None req-dbb82653-1b5e-49ad-9b5a-a5d4feb77c88 None None] DB_Driver: join new ServiceGroup member np0000170603 to the conductor group, service = {{(pid=111828) join /opt/stack/nova/nova/servicegroup/drivers/db.py:44}}
Apr 27 14:18:33.278638 np0000170603 nova-conductor[111818]: DEBUG nova.servicegroup.drivers.db [None req-5b0c1e53-9071-4fa4-8b2e-2d3378c4fb28 None None] DB_Driver: join new ServiceGroup member np0000170603 to the conductor group, service = {{(pid=111818) join /opt/stack/nova/nova/servicegroup/drivers/db.py:44}}
Apr 27 14:18:33.279389 np0000170603 nova-conductor[111812]: DEBUG nova.service [None req-2ca20ffd-afb5-41f3-8f47-1ae93ef9911a None None] Join ServiceGroup membership for this service conductor {{(pid=111812) start /opt/stack/nova/nova/service.py:221}}
Apr 27 14:18:33.279880 np0000170603 nova-conductor[111812]: DEBUG nova.servicegroup.drivers.db [None req-2ca20ffd-afb5-41f3-8f47-1ae93ef9911a None None] DB_Driver: join new ServiceGroup member np0000170603 to the conductor group, service = {{(pid=111812) join /opt/stack/nova/nova/servicegroup/drivers/db.py:44}}
Apr 27 14:18:36.282896 np0000170603 nova-conductor[111812]: DEBUG oslo.service.backend._threading.loopingcall [None req-f64d8f88-74ff-4a3c-9f70-4db5a33f765e None None] Dynamic interval looping call 'nova.service.Service.periodic_tasks' sleeping for 60.00 seconds {{(pid=111812) _run_loop /opt/stack/data/venv/lib/python3.12/site-packages/oslo_service/backend/_threading/loopingcall.py:125}}
Apr 27 14:18:38.298958 np0000170603 nova-conductor[111812]: DEBUG oslo.service.backend._threading.loopingcall [-] Fixed interval looping call 'nova.servicegroup.drivers.db.DbDriver._report_state' sleeping for 119.98 seconds {{(pid=111812) _run_loop /opt/stack/data/venv/lib/python3.12/site-packages/oslo_service/backend/_threading/loopingcall.py:125}}
Apr 27 14:18:38.300151 np0000170603 nova-conductor[111818]: DEBUG oslo.service.backend._threading.loopingcall [-] Fixed interval looping call 'nova.servicegroup.drivers.db.DbDriver._report_state' sleeping for 119.98 seconds {{(pid=111818) _run_loop /opt/stack/data/venv/lib/python3.12/site-packages/oslo_service/backend/_threading/loopingcall.py:125}}
Apr 27 14:18:38.300629 np0000170603 nova-conductor[111834]: DEBUG oslo.service.backend._threading.loopingcall [-] Fixed interval looping call 'nova.servicegroup.drivers.db.DbDriver._report_state' sleeping for 119.98 seconds {{(pid=111834) _run_loop /opt/stack/data/venv/lib/python3.12/site-packages/oslo_service/backend/_threading/loopingcall.py:125}}
Apr 27 14:18:38.301086 np0000170603 nova-conductor[111828]: DEBUG oslo.service.backend._threading.loopingcall [-] Fixed interval looping call 'nova.servicegroup.drivers.db.DbDriver._report_state' sleeping for 119.98 seconds {{(pid=111828) _run_loop /opt/stack/data/venv/lib/python3.12/site-packages/oslo_service/backend/_threading/loopingcall.py:125}}
Apr 27 14:18:41.797671 np0000170603 nova-conductor[111069]: DEBUG dbcounter [-] [111069] Writing DB stats nova_api:SELECT=1 {{(pid=111069) stat_writer /opt/stack/data/venv/lib/python3.12/site-packages/dbcounter.py:115}}
Apr 27 14:18:41.903796 np0000170603 nova-conductor[111069]: DEBUG dbcounter [-] [111069] Writing DB stats nova_cell0:SELECT=1 {{(pid=111069) stat_writer /opt/stack/data/venv/lib/python3.12/site-packages/dbcounter.py:115}}
Apr 27 14:18:41.911876 np0000170603 nova-conductor[111069]: DEBUG dbcounter [-] [111069] Writing DB stats nova_cell1:SELECT=1 {{(pid=111069) stat_writer /opt/stack/data/venv/lib/python3.12/site-packages/dbcounter.py:115}}
Apr 27 14:18:48.294319 np0000170603 nova-conductor[111812]: DEBUG dbcounter [-] [111812] Writing DB stats nova_cell0:SELECT=4,nova_cell0:INSERT=1,nova_cell0:UPDATE=1 {{(pid=111812) stat_writer /opt/stack/data/venv/lib/python3.12/site-packages/dbcounter.py:115}}
Apr 27 14:18:48.294951 np0000170603 nova-conductor[111818]: DEBUG dbcounter [-] [111818] Writing DB stats nova_cell0:SELECT=5,nova_cell0:INSERT=1,nova_cell0:UPDATE=1 {{(pid=111818) stat_writer /opt/stack/data/venv/lib/python3.12/site-packages/dbcounter.py:115}}
Apr 27 14:18:48.297997 np0000170603 nova-conductor[111834]: DEBUG dbcounter [-] [111834] Writing DB stats nova_cell0:SELECT=3,nova_cell0:UPDATE=1 {{(pid=111834) stat_writer /opt/stack/data/venv/lib/python3.12/site-packages/dbcounter.py:115}}
Apr 27 14:18:48.298777 np0000170603 nova-conductor[111828]: DEBUG dbcounter [-] [111828] Writing DB stats nova_cell0:SELECT=3,nova_cell0:UPDATE=1 {{(pid=111828) stat_writer /opt/stack/data/venv/lib/python3.12/site-packages/dbcounter.py:115}}
Apr 27 14:19:11.282966 np0000170603 nova-conductor[111818]: DEBUG oslo.service.backend._threading.loopingcall [None req-76c4287f-f4cf-4430-b63a-54134e4cde47 None None] Dynamic interval looping call 'nova.service.Service.periodic_tasks' sleeping for 60.00 seconds {{(pid=111818) _run_loop /opt/stack/data/venv/lib/python3.12/site-packages/oslo_service/backend/_threading/loopingcall.py:125}}
Apr 27 14:19:17.283266 np0000170603 nova-conductor[111828]: DEBUG oslo.service.backend._threading.loopingcall [None req-107f75e0-facb-41fb-871c-c80daf34c9c1 None None] Dynamic interval looping call 'nova.service.Service.periodic_tasks' sleeping for 60.00 seconds {{(pid=111828) _run_loop /opt/stack/data/venv/lib/python3.12/site-packages/oslo_service/backend/_threading/loopingcall.py:125}}
Apr 27 14:19:24.283962 np0000170603 nova-conductor[111834]: DEBUG oslo.service.backend._threading.loopingcall [None req-4c522885-9073-41b1-aa26-499dd453f5e0 None None] Dynamic interval looping call 'nova.service.Service.periodic_tasks' sleeping for 60.00 seconds {{(pid=111834) _run_loop /opt/stack/data/venv/lib/python3.12/site-packages/oslo_service/backend/_threading/loopingcall.py:125}}
Apr 27 14:19:36.283703 np0000170603 nova-conductor[111812]: DEBUG oslo.service.backend._threading.loopingcall [None req-f64d8f88-74ff-4a3c-9f70-4db5a33f765e None None] Dynamic interval looping call 'nova.service.Service.periodic_tasks' sleeping for 60.00 seconds {{(pid=111812) _run_loop /opt/stack/data/venv/lib/python3.12/site-packages/oslo_service/backend/_threading/loopingcall.py:125}}
Apr 27 14:20:11.283593 np0000170603 nova-conductor[111818]: DEBUG oslo.service.backend._threading.loopingcall [None req-76c4287f-f4cf-4430-b63a-54134e4cde47 None None] Dynamic interval looping call 'nova.service.Service.periodic_tasks' sleeping for 60.00 seconds {{(pid=111818) _run_loop /opt/stack/data/venv/lib/python3.12/site-packages/oslo_service/backend/_threading/loopingcall.py:125}}
Apr 27 14:20:17.284091 np0000170603 nova-conductor[111828]: DEBUG oslo.service.backend._threading.loopingcall [None req-107f75e0-facb-41fb-871c-c80daf34c9c1 None None] Dynamic interval looping call 'nova.service.Service.periodic_tasks' sleeping for 60.00 seconds {{(pid=111828) _run_loop /opt/stack/data/venv/lib/python3.12/site-packages/oslo_service/backend/_threading/loopingcall.py:125}}
Apr 27 14:20:24.286093 np0000170603 nova-conductor[111834]: DEBUG oslo.service.backend._threading.loopingcall [None req-4c522885-9073-41b1-aa26-499dd453f5e0 None None] Dynamic interval looping call 'nova.service.Service.periodic_tasks' sleeping for 60.00 seconds {{(pid=111834) _run_loop /opt/stack/data/venv/lib/python3.12/site-packages/oslo_service/backend/_threading/loopingcall.py:125}}
Apr 27 14:20:36.284583 np0000170603 nova-conductor[111812]: DEBUG oslo.service.backend._threading.loopingcall [None req-f64d8f88-74ff-4a3c-9f70-4db5a33f765e None None] Dynamic interval looping call 'nova.service.Service.periodic_tasks' sleeping for 60.00 seconds {{(pid=111812) _run_loop /opt/stack/data/venv/lib/python3.12/site-packages/oslo_service/backend/_threading/loopingcall.py:125}}
Apr 27 14:20:38.292593 np0000170603 nova-conductor[111834]: DEBUG oslo.service.backend._threading.loopingcall [-] Fixed interval looping call 'nova.servicegroup.drivers.db.DbDriver._report_state' sleeping for 119.99 seconds {{(pid=111834) _run_loop /opt/stack/data/venv/lib/python3.12/site-packages/oslo_service/backend/_threading/loopingcall.py:125}}
Apr 27 14:20:38.294214 np0000170603 nova-conductor[111828]: DEBUG oslo.service.backend._threading.loopingcall [-] Fixed interval looping call 'nova.servicegroup.drivers.db.DbDriver._report_state' sleeping for 119.99 seconds {{(pid=111828) _run_loop /opt/stack/data/venv/lib/python3.12/site-packages/oslo_service/backend/_threading/loopingcall.py:125}}
Apr 27 14:20:38.294696 np0000170603 nova-conductor[111812]: DEBUG oslo.service.backend._threading.loopingcall [-] Fixed interval looping call 'nova.servicegroup.drivers.db.DbDriver._report_state' sleeping for 119.99 seconds {{(pid=111812) _run_loop /opt/stack/data/venv/lib/python3.12/site-packages/oslo_service/backend/_threading/loopingcall.py:125}}
Apr 27 14:20:38.295165 np0000170603 nova-conductor[111818]: DEBUG oslo.service.backend._threading.loopingcall [-] Fixed interval looping call 'nova.servicegroup.drivers.db.DbDriver._report_state' sleeping for 119.99 seconds {{(pid=111818) _run_loop /opt/stack/data/venv/lib/python3.12/site-packages/oslo_service/backend/_threading/loopingcall.py:125}}
Apr 27 14:20:48.286225 np0000170603 nova-conductor[111834]: DEBUG dbcounter [-] [111834] Writing DB stats nova_cell0:SELECT=1,nova_cell0:UPDATE=1 {{(pid=111834) stat_writer /opt/stack/data/venv/lib/python3.12/site-packages/dbcounter.py:115}}
Apr 27 14:20:48.286902 np0000170603 nova-conductor[111828]: DEBUG dbcounter [-] [111828] Writing DB stats nova_cell0:SELECT=1,nova_cell0:UPDATE=1 {{(pid=111828) stat_writer /opt/stack/data/venv/lib/python3.12/site-packages/dbcounter.py:115}}
Apr 27 14:20:48.287305 np0000170603 nova-conductor[111812]: DEBUG dbcounter [-] [111812] Writing DB stats nova_cell0:SELECT=1,nova_cell0:UPDATE=1 {{(pid=111812) stat_writer /opt/stack/data/venv/lib/python3.12/site-packages/dbcounter.py:115}}
Apr 27 14:20:48.287652 np0000170603 nova-conductor[111818]: DEBUG dbcounter [-] [111818] Writing DB stats nova_cell0:SELECT=1,nova_cell0:UPDATE=1 {{(pid=111818) stat_writer /opt/stack/data/venv/lib/python3.12/site-packages/dbcounter.py:115}}
Apr 27 14:21:11.284451 np0000170603 nova-conductor[111818]: DEBUG oslo.service.backend._threading.loopingcall [None req-76c4287f-f4cf-4430-b63a-54134e4cde47 None None] Dynamic interval looping call 'nova.service.Service.periodic_tasks' sleeping for 60.00 seconds {{(pid=111818) _run_loop /opt/stack/data/venv/lib/python3.12/site-packages/oslo_service/backend/_threading/loopingcall.py:125}}
Apr 27 14:21:17.285810 np0000170603 nova-conductor[111828]: DEBUG oslo.service.backend._threading.loopingcall [None req-107f75e0-facb-41fb-871c-c80daf34c9c1 None None] Dynamic interval looping call 'nova.service.Service.periodic_tasks' sleeping for 60.00 seconds {{(pid=111828) _run_loop /opt/stack/data/venv/lib/python3.12/site-packages/oslo_service/backend/_threading/loopingcall.py:125}}
Apr 27 14:21:24.287233 np0000170603 nova-conductor[111834]: DEBUG oslo.service.backend._threading.loopingcall [None req-4c522885-9073-41b1-aa26-499dd453f5e0 None None] Dynamic interval looping call 'nova.service.Service.periodic_tasks' sleeping for 60.00 seconds {{(pid=111834) _run_loop /opt/stack/data/venv/lib/python3.12/site-packages/oslo_service/backend/_threading/loopingcall.py:125}}
Apr 27 14:21:36.286308 np0000170603 nova-conductor[111812]: DEBUG oslo.service.backend._threading.loopingcall [None req-f64d8f88-74ff-4a3c-9f70-4db5a33f765e None None] Dynamic interval looping call 'nova.service.Service.periodic_tasks' sleeping for 60.00 seconds {{(pid=111812) _run_loop /opt/stack/data/venv/lib/python3.12/site-packages/oslo_service/backend/_threading/loopingcall.py:125}}
Apr 27 14:22:11.285395 np0000170603 nova-conductor[111818]: DEBUG oslo.service.backend._threading.loopingcall [None req-76c4287f-f4cf-4430-b63a-54134e4cde47 None None] Dynamic interval looping call 'nova.service.Service.periodic_tasks' sleeping for 60.00 seconds {{(pid=111818) _run_loop /opt/stack/data/venv/lib/python3.12/site-packages/oslo_service/backend/_threading/loopingcall.py:125}}
Apr 27 14:22:17.285987 np0000170603 nova-conductor[111828]: DEBUG oslo.service.backend._threading.loopingcall [None req-107f75e0-facb-41fb-871c-c80daf34c9c1 None None] Dynamic interval looping call 'nova.service.Service.periodic_tasks' sleeping for 60.00 seconds {{(pid=111828) _run_loop /opt/stack/data/venv/lib/python3.12/site-packages/oslo_service/backend/_threading/loopingcall.py:125}}
Apr 27 14:22:24.288017 np0000170603 nova-conductor[111834]: DEBUG oslo.service.backend._threading.loopingcall [None req-4c522885-9073-41b1-aa26-499dd453f5e0 None None] Dynamic interval looping call 'nova.service.Service.periodic_tasks' sleeping for 60.00 seconds {{(pid=111834) _run_loop /opt/stack/data/venv/lib/python3.12/site-packages/oslo_service/backend/_threading/loopingcall.py:125}}
Apr 27 14:22:36.287375 np0000170603 nova-conductor[111812]: DEBUG oslo.service.backend._threading.loopingcall [None req-f64d8f88-74ff-4a3c-9f70-4db5a33f765e None None] Dynamic interval looping call 'nova.service.Service.periodic_tasks' sleeping for 60.00 seconds {{(pid=111812) _run_loop /opt/stack/data/venv/lib/python3.12/site-packages/oslo_service/backend/_threading/loopingcall.py:125}}
Apr 27 14:22:36.410864 np0000170603 nova-conductor[111834]: INFO nova.utils [None req-09d9734b-6788-4e9f-8ddf-cc571f919b51 demo demo] The cell worker thread pool ForkProcess-4.cell_worker is initialized
Apr 27 14:22:36.411511 np0000170603 nova-conductor[111834]: DEBUG oslo_concurrency.lockutils [None req-09d9734b-6788-4e9f-8ddf-cc571f919b51 demo demo] Acquiring lock "966e8e70-0bbb-43bf-a75b-334dff20f551" by "nova.context.set_target_cell..get_or_set_cached_cell_and_set_connections" {{(pid=111834) inner /opt/stack/data/venv/lib/python3.12/site-packages/oslo_concurrency/lockutils.py:506}}
Apr 27 14:22:36.411671 np0000170603 nova-conductor[111834]: DEBUG oslo_concurrency.lockutils [None req-09d9734b-6788-4e9f-8ddf-cc571f919b51 demo demo] Lock "966e8e70-0bbb-43bf-a75b-334dff20f551" acquired by "nova.context.set_target_cell..get_or_set_cached_cell_and_set_connections" :: waited 0.000s {{(pid=111834) inner /opt/stack/data/venv/lib/python3.12/site-packages/oslo_concurrency/lockutils.py:519}}
