2026-07-01 02:09:07.733 8 INFO placement.requestlog [None req-d820b9de-44dc-46b6-b64e-61b6ed01a29d - - - - - -] 10.0.0.19 "GET /" status: 200 len: 136 microversion: 1.0
2026-07-01 02:09:07.733 7 INFO placement.requestlog [None req-181d9b72-c7f8-41e9-ad7d-ca46c25307c0 - - - - - -] 10.0.0.19 "GET /" status: 200 len: 136 microversion: 1.0
2026-07-01 02:09:17.732 8 INFO placement.requestlog [None req-5a049a3d-6f5b-44d3-aa2c-e809e0602caa - - - - - -] 10.0.0.19 "GET /" status: 200 len: 136 microversion: 1.0
2026-07-01 02:09:17.733 7 INFO placement.requestlog [None req-285cf8f5-57a1-4ed5-83fe-97e5eb71d6d1 - - - - - -] 10.0.0.19 "GET /" status: 200 len: 136 microversion: 1.0
2026-07-01 02:09:24.700 8 INFO placement.requestlog [req-6e75a1d6-bf31-4bcb-9063-94da20d17334 req-28d3b304-720b-4bb7-bffc-4a5a544ae321 168752b8434c4333a847ea7cc0492869 5761661979cb4dd0a94b48197f1a45c6 - - d7d60312639a45c6813dacc8faf0a94a d7d60312639a45c6813dacc8faf0a94a] 199.204.45.4 "GET /resource_providers/cd701138-fbd7-4bcc-919a-6036c16320d7/allocations" status: 200 len: 340 microversion: 1.0 [pid: 8|app: 0|req: 597/1200] 199.204.45.4 () {32 vars in 853 bytes} [Wed Jul 1 02:09:24 2026] GET /resource_providers/cd701138-fbd7-4bcc-919a-6036c16320d7/allocations => generated 340 bytes in 17 msecs (HTTP/1.1 200) 6 headers in 224 bytes (1 switches on core 0)
2026-07-01 02:09:24.725 7 INFO placement.requestlog [req-6e75a1d6-bf31-4bcb-9063-94da20d17334 req-a0f25013-4269-45ff-9f41-ed984354a5bd 168752b8434c4333a847ea7cc0492869 5761661979cb4dd0a94b48197f1a45c6 - - d7d60312639a45c6813dacc8faf0a94a d7d60312639a45c6813dacc8faf0a94a] 199.204.45.4 "GET /resource_providers/cd701138-fbd7-4bcc-919a-6036c16320d7/allocations" status: 200 len: 340 microversion: 1.0 [pid: 7|app: 0|req: 604/1201] 199.204.45.4 () {32 vars in 853 bytes} [Wed Jul 1 02:09:24 2026] GET /resource_providers/cd701138-fbd7-4bcc-919a-6036c16320d7/allocations => generated 340 bytes in 18 msecs (HTTP/1.1 200) 6 headers in 224 bytes (1 switches on core 0)
2026-07-01 02:09:24.744 8 INFO placement.requestlog [req-6e75a1d6-bf31-4bcb-9063-94da20d17334 req-95f95b38-0e57-4a7d-bcf0-b17208bf9de2 168752b8434c4333a847ea7cc0492869 5761661979cb4dd0a94b48197f1a45c6 - - d7d60312639a45c6813dacc8faf0a94a d7d60312639a45c6813dacc8faf0a94a] 199.204.45.4 "GET /allocations/c0f6b628-9daf-416b-9b85-2913a4491b82" status: 200 len: 258 microversion: 1.28 [pid: 8|app: 0|req: 598/1202] 199.204.45.4 () {34 vars in 859 bytes} [Wed Jul 1 02:09:24 2026] GET /allocations/c0f6b628-9daf-416b-9b85-2913a4491b82 => generated 258 bytes in 15 msecs (HTTP/1.1 200) 8 headers in 296 bytes (1 switches on core 0)
2026-07-01 02:09:24.763 7 INFO placement.requestlog [req-6e75a1d6-bf31-4bcb-9063-94da20d17334 req-9fb3f7ad-c32c-4b2b-9840-d3059324fcbc 168752b8434c4333a847ea7cc0492869 5761661979cb4dd0a94b48197f1a45c6 - - d7d60312639a45c6813dacc8faf0a94a d7d60312639a45c6813dacc8faf0a94a] 199.204.45.4 "GET /allocations/8c0f4ea8-177d-40f9-b8cf-626dd8b4b5e5" status: 200 len: 258 microversion: 1.28 [pid: 7|app: 0|req: 605/1203] 199.204.45.4 () {34 vars in 859 bytes} [Wed Jul 1 02:09:24 2026] GET /allocations/8c0f4ea8-177d-40f9-b8cf-626dd8b4b5e5 => generated 258 bytes in 13 msecs (HTTP/1.1 200) 8 headers in 296 bytes (1 switches on core 0)
2026-07-01 02:09:24.794 8 INFO placement.requestlog [req-6e75a1d6-bf31-4bcb-9063-94da20d17334 req-9f2562d2-0982-4011-9184-1a95a0df911f 168752b8434c4333a847ea7cc0492869 5761661979cb4dd0a94b48197f1a45c6 - - d7d60312639a45c6813dacc8faf0a94a d7d60312639a45c6813dacc8faf0a94a] 199.204.45.4 "GET /allocations/5a2da506-6d5b-4daa-be5a-dc8079126569" status: 200 len: 245 microversion: 1.28 [pid: 8|app: 0|req: 599/1204] 199.204.45.4 () {34 vars in 859 bytes} [Wed Jul 1 02:09:24 2026] GET /allocations/5a2da506-6d5b-4daa-be5a-dc8079126569 => generated 245 bytes in 20 msecs (HTTP/1.1 200) 8 headers in 296 bytes (1 switches on core 0)
2026-07-01 02:09:27.733 7 INFO placement.requestlog [None req-b342191b-b7d8-4064-b5d4-ae0a9296b52f - - - - - -] 10.0.0.19 "GET /" status: 200 len: 136 microversion: 1.0
2026-07-01 02:09:27.733 8 INFO placement.requestlog [None req-952564bc-51cc-420d-b80b-b0c1f0891a4a - - - - - -] 10.0.0.19 "GET /" status: 200 len: 136 microversion: 1.0
2026-07-01 02:09:37.733 7 INFO placement.requestlog [None req-e7f70064-cbcb-43a4-be3a-1eb916593483 - - - - - -] 10.0.0.19 "GET /" status: 200 len: 136 microversion: 1.0
2026-07-01 02:09:37.733 8 INFO placement.requestlog [None req-da2b15c5-2fca-4d2e-8768-6c1b600f485b - - - - - -] 10.0.0.19 "GET /" status: 200 len: 136 microversion: 1.0
2026-07-01 02:09:47.732 7 INFO placement.requestlog [None req-439bea01-37e1-46fc-b7cf-5973cc0b5004 - - - - - -] 10.0.0.19 "GET /" status: 200 len: 136 microversion: 1.0
2026-07-01 02:09:47.733 8 INFO placement.requestlog [None req-02b388c5-f228-4093-b411-bba3a1ba1731 - - - - - -] 10.0.0.19 "GET /" status: 200 len: 136 microversion: 1.0
2026-07-01 02:09:57.732 7 INFO placement.requestlog [None req-6bd3d647-db78-4d21-a7b8-e9ae2b5544e5 - - - - - -] 10.0.0.19 "GET /" status: 200 len: 136 microversion: 1.0
2026-07-01 02:09:57.733 8 INFO placement.requestlog [None req-c249519c-dad6-4c21-b25b-5a41aafeda66 - - - - - -] 10.0.0.19 "GET /" status: 200 len: 136 microversion: 1.0
2026-07-01 02:10:07.732 7 INFO placement.requestlog [None req-3931c200-88e0-4190-99e4-2bc9e3a25116 - - - - - -] 10.0.0.19 "GET /" status: 200 len: 136 microversion: 1.0
2026-07-01 02:10:07.733 8 INFO placement.requestlog [None req-6c3bcf8c-879b-4f88-b054-7caa0350b9f2 - - - - - -] 10.0.0.19 "GET /" status: 200 len: 136 microversion: 1.0
2026-07-01 02:10:17.733 7 INFO placement.requestlog [None req-a3c20d25-44d3-4c60-9d37-6a8099316385 - - - - - -] 10.0.0.19 "GET /" status: 200 len: 136 microversion: 1.0
2026-07-01 02:10:17.733 8 INFO placement.requestlog [None req-738e44d5-afa3-400b-85d6-ad7aeb300635 - - - - - -] 10.0.0.19 "GET /" status: 200 len: 136 microversion: 1.0
2026-07-01 02:10:25.556 7 INFO placement.requestlog [req-e2a53004-2a13-47a8-bfaf-6955ead3bc24 req-d7dce501-81c3-4fd7-8daa-d463a698efba 168752b8434c4333a847ea7cc0492869 5761661979cb4dd0a94b48197f1a45c6 - - d7d60312639a45c6813dacc8faf0a94a d7d60312639a45c6813dacc8faf0a94a] 199.204.45.4 "GET /resource_providers/cd701138-fbd7-4bcc-919a-6036c16320d7/allocations" status: 200 len: 340 microversion: 1.0 [pid: 7|app: 0|req: 612/1217] 199.204.45.4 () {32 vars in 853 bytes} [Wed Jul 1 02:10:25 2026] GET /resource_providers/cd701138-fbd7-4bcc-919a-6036c16320d7/allocations => generated 340 bytes in 24 msecs (HTTP/1.1 200) 6 headers in 224 bytes (1 switches on core 0)
2026-07-01 02:10:25.586 8 INFO placement.requestlog [req-e2a53004-2a13-47a8-bfaf-6955ead3bc24 req-6e859a38-272e-449a-b18c-685081acdbe8 168752b8434c4333a847ea7cc0492869 5761661979cb4dd0a94b48197f1a45c6 - - d7d60312639a45c6813dacc8faf0a94a d7d60312639a45c6813dacc8faf0a94a] 199.204.45.4 "GET /resource_providers/cd701138-fbd7-4bcc-919a-6036c16320d7/allocations" status: 200 len: 340 microversion: 1.0 [pid: 8|app: 0|req: 606/1218] 199.204.45.4 () {32 vars in 853 bytes} [Wed Jul 1 02:10:25 2026] GET /resource_providers/cd701138-fbd7-4bcc-919a-6036c16320d7/allocations => generated 340 bytes in 23 msecs (HTTP/1.1 200) 6 headers in 224 bytes (1 switches on core 0)
2026-07-01 02:10:25.605 7 INFO placement.requestlog [req-e2a53004-2a13-47a8-bfaf-6955ead3bc24 req-569b9cc3-f73e-44cb-ba45-b65a4fce7247 168752b8434c4333a847ea7cc0492869 5761661979cb4dd0a94b48197f1a45c6 - - d7d60312639a45c6813dacc8faf0a94a d7d60312639a45c6813dacc8faf0a94a] 199.204.45.4 "GET /allocations/c0f6b628-9daf-416b-9b85-2913a4491b82" status: 200 len: 258 microversion: 1.28 [pid: 7|app: 0|req: 613/1219] 199.204.45.4 () {34 vars in 859 bytes} [Wed Jul 1 02:10:25 2026] GET /allocations/c0f6b628-9daf-416b-9b85-2913a4491b82 => generated 258 bytes in 14 msecs (HTTP/1.1 200) 8 headers in 296 bytes (1 switches on core 0)
2026-07-01 02:10:25.627 8 INFO placement.requestlog [req-e2a53004-2a13-47a8-bfaf-6955ead3bc24 req-4df46139-bc31-4ff4-b904-fdc50005f786 168752b8434c4333a847ea7cc0492869 5761661979cb4dd0a94b48197f1a45c6 - - d7d60312639a45c6813dacc8faf0a94a d7d60312639a45c6813dacc8faf0a94a] 199.204.45.4 "GET /allocations/8c0f4ea8-177d-40f9-b8cf-626dd8b4b5e5" status: 200 len: 258 microversion: 1.28 [pid: 8|app: 0|req: 607/1220] 199.204.45.4 () {34 vars in 859 bytes} [Wed Jul 1 02:10:25 2026] GET /allocations/8c0f4ea8-177d-40f9-b8cf-626dd8b4b5e5 => generated 258 bytes in 15 msecs (HTTP/1.1 200) 8 headers in 296 bytes (1 switches on core 0)
2026-07-01 02:10:25.642 7 INFO placement.requestlog [req-e2a53004-2a13-47a8-bfaf-6955ead3bc24 req-6b178fb3-f484-4515-929b-8db0f307ea3d 168752b8434c4333a847ea7cc0492869 5761661979cb4dd0a94b48197f1a45c6 - - d7d60312639a45c6813dacc8faf0a94a d7d60312639a45c6813dacc8faf0a94a] 199.204.45.4 "GET /allocations/5a2da506-6d5b-4daa-be5a-dc8079126569" status: 200 len: 245 microversion: 1.28 [pid: 7|app: 0|req: 614/1221] 199.204.45.4 () {34 vars in 859 bytes} [Wed Jul 1 02:10:25 2026] GET /allocations/5a2da506-6d5b-4daa-be5a-dc8079126569 => generated 245 bytes in 11 msecs (HTTP/1.1 200) 8 headers in 296 bytes (1 switches on core 0)
2026-07-01 02:10:27.733 7 INFO placement.requestlog [None req-2d5b4c78-99ee-4d4e-83c8-01572a702e51 - - - - - -] 10.0.0.19 "GET /" status: 200 len: 136 microversion: 1.0
2026-07-01 02:10:27.733 8 INFO placement.requestlog [None req-0d8024ee-afe5-4c0d-9ec5-ee6f98558f9a - - - - - -] 10.0.0.19 "GET /" status: 200 len: 136 microversion: 1.0
2026-07-01 02:10:37.732 7 INFO placement.requestlog [None req-24731a0d-4c28-4fd9-a7e2-aa12cdce77cb - - - - - -] 10.0.0.19 "GET /" status: 200 len: 136 microversion: 1.0
2026-07-01 02:10:37.732 8 INFO placement.requestlog [None req-3b040321-d81d-43d7-ad33-6f1a5dca7a0f - - - - - -] 10.0.0.19 "GET /" status: 200 len: 136 microversion: 1.0
2026-07-01 02:10:47.733 7 INFO placement.requestlog [None req-5f3d084f-adec-45c7-b414-54ef0b83edd1 - - - - - -] 10.0.0.19 "GET /" status: 200 len: 136 microversion: 1.0
2026-07-01 02:10:47.733 8 INFO placement.requestlog [None req-4b72d651-f73e-4cb4-8d11-386d7422638c - - - - - -] 10.0.0.19 "GET /" status: 200 len: 136 microversion: 1.0
2026-07-01 02:10:57.732 7 INFO placement.requestlog [None req-8337f9fc-62ee-418d-8e3c-f6603f4d4933 - - - - - -] 10.0.0.19 "GET /" status: 200 len: 136 microversion: 1.0
2026-07-01 02:10:57.732 8 INFO placement.requestlog [None req-6bb72b24-e38c-4495-9610-45f920a2e7dd - - - - - -] 10.0.0.19 "GET /" status: 200 len: 136 microversion: 1.0
2026-07-01 02:11:07.733 8 INFO placement.requestlog [None req-79da6ab7-82c8-47f4-a019-bcb47c912bf3 - - - - - -] 10.0.0.19 "GET /" status: 200 len: 136 microversion: 1.0
2026-07-01 02:11:07.733 7 INFO placement.requestlog [None req-a335235b-2bb2-4667-9a2e-c41e4249324b - - - - - -] 10.0.0.19 "GET /" status: 200 len: 136 microversion: 1.0
2026-07-01 02:11:17.733 8 INFO placement.requestlog [None req-c91da80d-f48c-4c8e-a766-6a92976d4143 - - - - - -] 10.0.0.19 "GET /" status: 200 len: 136 microversion: 1.0
2026-07-01 02:11:17.733 7 INFO placement.requestlog [None req-369f4183-ad13-4c5c-8549-6f8ae4cc66d1 - - - - - -] 10.0.0.19 "GET /" status: 200 len: 136 microversion: 1.0
2026-07-01 02:11:25.519 7 INFO placement.requestlog [req-959f1659-aa45-42ac-8b0e-7a2adc08f4a3 req-879ea736-b693-4ab3-ae76-9be3f82a32f0 168752b8434c4333a847ea7cc0492869 5761661979cb4dd0a94b48197f1a45c6 - - d7d60312639a45c6813dacc8faf0a94a d7d60312639a45c6813dacc8faf0a94a] 199.204.45.4 "GET /resource_providers/cd701138-fbd7-4bcc-919a-6036c16320d7/allocations" status: 200 len: 340 microversion: 1.0 [pid: 7|app: 0|req: 621/1234] 199.204.45.4 () {32 vars in 853 bytes} [Wed Jul 1 02:11:25 2026] GET /resource_providers/cd701138-fbd7-4bcc-919a-6036c16320d7/allocations => generated 340 bytes in 14 msecs (HTTP/1.1 200) 6 headers in 224 bytes (1 switches on core 0)
2026-07-01 02:11:25.542 8 INFO placement.requestlog [req-959f1659-aa45-42ac-8b0e-7a2adc08f4a3 req-a2062c2b-3586-4c15-af9e-b430ab4364ff 168752b8434c4333a847ea7cc0492869 5761661979cb4dd0a94b48197f1a45c6 - - d7d60312639a45c6813dacc8faf0a94a d7d60312639a45c6813dacc8faf0a94a] 199.204.45.4 "GET /resource_providers/cd701138-fbd7-4bcc-919a-6036c16320d7/allocations" status: 200 len: 340 microversion: 1.0 [pid: 8|app: 0|req: 614/1235] 199.204.45.4 () {32 vars in 853 bytes} [Wed Jul 1 02:11:25 2026] GET /resource_providers/cd701138-fbd7-4bcc-919a-6036c16320d7/allocations => generated 340 bytes in 16 msecs (HTTP/1.1 200) 6 headers in 224 bytes (1 switches on core 0)
2026-07-01 02:11:25.559 7 INFO placement.requestlog [req-959f1659-aa45-42ac-8b0e-7a2adc08f4a3 req-99f3a62a-28aa-433f-8db5-9d2ca2edf049 168752b8434c4333a847ea7cc0492869 5761661979cb4dd0a94b48197f1a45c6 - - d7d60312639a45c6813dacc8faf0a94a d7d60312639a45c6813dacc8faf0a94a] 199.204.45.4 "GET /allocations/c0f6b628-9daf-416b-9b85-2913a4491b82" status: 200 len: 258 microversion: 1.28 [pid: 7|app: 0|req: 622/1236] 199.204.45.4 () {34 vars in 859 bytes} [Wed Jul 1 02:11:25 2026] GET /allocations/c0f6b628-9daf-416b-9b85-2913a4491b82 => generated 258 bytes in 11 msecs (HTTP/1.1 200) 8 headers in 296 bytes (1 switches on core 0)
2026-07-01 02:11:25.578 8 INFO placement.requestlog [req-959f1659-aa45-42ac-8b0e-7a2adc08f4a3 req-80bc3558-952b-4c29-94cb-3d92733a9569 168752b8434c4333a847ea7cc0492869 5761661979cb4dd0a94b48197f1a45c6 - - d7d60312639a45c6813dacc8faf0a94a d7d60312639a45c6813dacc8faf0a94a] 199.204.45.4 "GET /allocations/8c0f4ea8-177d-40f9-b8cf-626dd8b4b5e5" status: 200 len: 258 microversion: 1.28 [pid: 8|app: 0|req: 615/1237] 199.204.45.4 () {34 vars in 859 bytes} [Wed Jul 1 02:11:25 2026] GET /allocations/8c0f4ea8-177d-40f9-b8cf-626dd8b4b5e5 => generated 258 bytes in 13 msecs (HTTP/1.1 200) 8 headers in 296 bytes (1 switches on core 0)
2026-07-01 02:11:25.595 7 INFO placement.requestlog [req-959f1659-aa45-42ac-8b0e-7a2adc08f4a3 req-6cb23d1f-2283-4120-a31d-74fe794d3c88 168752b8434c4333a847ea7cc0492869 5761661979cb4dd0a94b48197f1a45c6 - - d7d60312639a45c6813dacc8faf0a94a d7d60312639a45c6813dacc8faf0a94a] 199.204.45.4 "GET /allocations/5a2da506-6d5b-4daa-be5a-dc8079126569" status: 200 len: 245 microversion: 1.28 [pid: 7|app: 0|req: 623/1238] 199.204.45.4 () {34 vars in 859 bytes} [Wed Jul 1 02:11:25 2026] GET /allocations/5a2da506-6d5b-4daa-be5a-dc8079126569 => generated 245 bytes in 13 msecs (HTTP/1.1 200) 8 headers in 296 bytes (1 switches on core 0)
2026-07-01 02:11:27.732 8 INFO placement.requestlog [None req-5ac47c29-45ea-4d1a-9f3d-5d824adcacd6 - - - - - -] 10.0.0.19 "GET /" status: 200 len: 136 microversion: 1.0
2026-07-01 02:11:27.733 7 INFO placement.requestlog [None req-fbba9480-c875-40d3-8112-a485559431b4 - - - - - -] 10.0.0.19 "GET /" status: 200 len: 136 microversion: 1.0
2026-07-01 02:11:32.237 8 INFO placement.requestlog [req-41a4a8d3-6282-4223-929b-6afcdeb1e861 req-7d63c318-346e-461c-9146-ac3012a83b90 168752b8434c4333a847ea7cc0492869 5761661979cb4dd0a94b48197f1a45c6 - - d7d60312639a45c6813dacc8faf0a94a d7d60312639a45c6813dacc8faf0a94a] 199.204.45.4 "GET /resource_providers/cd701138-fbd7-4bcc-919a-6036c16320d7/allocations" status: 200 len: 340 microversion: 1.0 [pid: 8|app: 0|req: 617/1241] 199.204.45.4 () {32 vars in 853 bytes} [Wed Jul 1 02:11:32 2026] GET /resource_providers/cd701138-fbd7-4bcc-919a-6036c16320d7/allocations => generated 340 bytes in 22 msecs (HTTP/1.1 200) 6 headers in 224 bytes (1 switches on core 0)
2026-07-01 02:11:32.254 7 INFO placement.requestlog [req-41a4a8d3-6282-4223-929b-6afcdeb1e861 req-cd098ea6-64b8-494e-b59d-52ac28a389ee 168752b8434c4333a847ea7cc0492869 5761661979cb4dd0a94b48197f1a45c6 - - d7d60312639a45c6813dacc8faf0a94a d7d60312639a45c6813dacc8faf0a94a] 199.204.45.4 "GET /allocations/c0f6b628-9daf-416b-9b85-2913a4491b82" status: 200 len: 258 microversion: 1.28 [pid: 7|app: 0|req: 625/1242] 199.204.45.4 () {34 vars in 859 bytes} [Wed Jul 1 02:11:32 2026] GET /allocations/c0f6b628-9daf-416b-9b85-2913a4491b82 => generated 258 bytes in 11 msecs (HTTP/1.1 200) 8 headers in 296 bytes (1 switches on core 0)
2026-07-01 02:11:32.271 8 INFO placement.requestlog [req-41a4a8d3-6282-4223-929b-6afcdeb1e861 req-387a2e68-9e46-4859-80a1-9cf2feb9a103 168752b8434c4333a847ea7cc0492869 5761661979cb4dd0a94b48197f1a45c6 - - d7d60312639a45c6813dacc8faf0a94a d7d60312639a45c6813dacc8faf0a94a] 199.204.45.4 "GET /allocations/8c0f4ea8-177d-40f9-b8cf-626dd8b4b5e5" status: 200 len: 258 microversion: 1.28 [pid: 8|app: 0|req: 618/1243] 199.204.45.4 () {34 vars in 859 bytes} [Wed Jul 1 02:11:32 2026] GET /allocations/8c0f4ea8-177d-40f9-b8cf-626dd8b4b5e5 => generated 258 bytes in 12 msecs (HTTP/1.1 200) 8 headers in 296 bytes (1 switches on core 0)
2026-07-01 02:11:32.285 7 INFO placement.requestlog [req-41a4a8d3-6282-4223-929b-6afcdeb1e861 req-24064dd4-b881-4918-8a78-76122ab3a9ba 168752b8434c4333a847ea7cc0492869 5761661979cb4dd0a94b48197f1a45c6 - - d7d60312639a45c6813dacc8faf0a94a d7d60312639a45c6813dacc8faf0a94a] 199.204.45.4 "GET /allocations/5a2da506-6d5b-4daa-be5a-dc8079126569" status: 200 len: 245 microversion: 1.28 [pid: 7|app: 0|req: 626/1244] 199.204.45.4 () {34 vars in 859 bytes} [Wed Jul 1 02:11:32 2026] GET /allocations/5a2da506-6d5b-4daa-be5a-dc8079126569 => generated 245 bytes in 10 msecs (HTTP/1.1 200) 8 headers in 296 bytes (1 switches on core 0)
2026-07-01 02:11:33.338 8 INFO placement.requestlog [req-41a4a8d3-6282-4223-929b-6afcdeb1e861 req-5942a1fe-2188-43e4-a295-bdb50e2fdf37 168752b8434c4333a847ea7cc0492869 5761661979cb4dd0a94b48197f1a45c6 - - d7d60312639a45c6813dacc8faf0a94a d7d60312639a45c6813dacc8faf0a94a] 199.204.45.4 "DELETE /allocations/5a2da506-6d5b-4daa-be5a-dc8079126569" status: 204 len: 0 microversion: 1.0 [pid: 8|app: 0|req: 619/1245] 199.204.45.4 () {34 vars in 837 bytes} [Wed Jul 1 02:11:33 2026] DELETE /allocations/5a2da506-6d5b-4daa-be5a-dc8079126569 => generated 0 bytes in 23 msecs (HTTP/1.1 204) 5 headers in 198 bytes (1 switches on core 0)
2026-07-01 02:11:36.758 7 INFO placement.requestlog [req-5858a89e-6325-4434-a510-6fb74d54b81e req-ee4e92c3-cabc-4c5d-b7e7-6cfde8c2ede9 168752b8434c4333a847ea7cc0492869 5761661979cb4dd0a94b48197f1a45c6 - - d7d60312639a45c6813dacc8faf0a94a d7d60312639a45c6813dacc8faf0a94a] 199.204.45.4 "GET /resource_providers/cd701138-fbd7-4bcc-919a-6036c16320d7/allocations" status: 200 len: 253 microversion: 1.0 [pid: 7|app: 0|req: 627/1246] 199.204.45.4 () {32 vars in 853 bytes} [Wed Jul 1 02:11:36 2026] GET /resource_providers/cd701138-fbd7-4bcc-919a-6036c16320d7/allocations => generated 253 bytes in 19 msecs (HTTP/1.1 200) 6 headers in 224 bytes (1 switches on core 0)
2026-07-01 02:11:36.773 8 INFO placement.requestlog [req-5858a89e-6325-4434-a510-6fb74d54b81e req-e72cc850-9e51-4268-bc51-dd8109110758 168752b8434c4333a847ea7cc0492869 5761661979cb4dd0a94b48197f1a45c6 - - d7d60312639a45c6813dacc8faf0a94a d7d60312639a45c6813dacc8faf0a94a] 199.204.45.4 "GET /allocations/c0f6b628-9daf-416b-9b85-2913a4491b82" status: 200 len: 258 microversion: 1.28 [pid: 8|app: 0|req: 620/1247] 199.204.45.4 () {34 vars in 859 bytes} [Wed Jul 1 02:11:36 2026] GET /allocations/c0f6b628-9daf-416b-9b85-2913a4491b82 => generated 258 bytes in 11 msecs (HTTP/1.1 200) 8 headers in 296 bytes (1 switches on core 0)
2026-07-01 02:11:36.792 7 INFO placement.requestlog [req-5858a89e-6325-4434-a510-6fb74d54b81e req-e0a5e327-886b-4981-be9d-af823371046e 168752b8434c4333a847ea7cc0492869 5761661979cb4dd0a94b48197f1a45c6 - - d7d60312639a45c6813dacc8faf0a94a d7d60312639a45c6813dacc8faf0a94a] 199.204.45.4 "GET /allocations/8c0f4ea8-177d-40f9-b8cf-626dd8b4b5e5" status: 200 len: 258 microversion: 1.28 [pid: 7|app: 0|req: 628/1248] 199.204.45.4 () {34 vars in 859 bytes} [Wed Jul 1 02:11:36 2026] GET /allocations/8c0f4ea8-177d-40f9-b8cf-626dd8b4b5e5 => generated 258 bytes in 15 msecs (HTTP/1.1 200) 8 headers in 296 bytes (1 switches on core 0)
2026-07-01 02:11:37.732 8 INFO placement.requestlog [None req-90131bdb-8b61-448e-b0c3-e4174e23767c - - - - - -] 10.0.0.19 "GET /" status: 200 len: 136 microversion: 1.0
2026-07-01 02:11:37.733 7 INFO placement.requestlog [None req-0856c396-7b53-4346-8ed5-3299a13ec305 - - - - - -] 10.0.0.19 "GET /" status: 200 len: 136 microversion: 1.0
2026-07-01 02:11:37.842 8 INFO placement.requestlog [req-5858a89e-6325-4434-a510-6fb74d54b81e req-79c63a61-b483-407a-a61e-eab2e5b2a426 168752b8434c4333a847ea7cc0492869 5761661979cb4dd0a94b48197f1a45c6 - - d7d60312639a45c6813dacc8faf0a94a d7d60312639a45c6813dacc8faf0a94a] 199.204.45.4 "DELETE /allocations/8c0f4ea8-177d-40f9-b8cf-626dd8b4b5e5" status: 204 len: 0 microversion: 1.0 [pid: 8|app: 0|req: 622/1251] 199.204.45.4 () {34 vars in 837 bytes} [Wed Jul 1 02:11:37 2026] DELETE /allocations/8c0f4ea8-177d-40f9-b8cf-626dd8b4b5e5 => generated 0 bytes in 28 msecs (HTTP/1.1 204) 5 headers in 198 bytes (1 switches on core 0)
2026-07-01 02:11:47.732 7 INFO placement.requestlog [None req-126d8dcb-063b-4903-970b-0c5c3abb0236 - - - - - -] 10.0.0.19 "GET /" status: 200 len: 136 microversion: 1.0
2026-07-01 02:11:47.732 8 INFO placement.requestlog [None req-9619731d-e057-426e-8613-77cd0687962f - - - - - -] 10.0.0.19 "GET /" status: 200 len: 136 microversion: 1.0
2026-07-01 02:11:47.880 8 INFO placement.requestlog [req-81add3f8-75eb-47d9-ad97-ee9ceface57f req-d12ba48d-a306-4857-9244-0f4c9834c827 168752b8434c4333a847ea7cc0492869 5761661979cb4dd0a94b48197f1a45c6 - - d7d60312639a45c6813dacc8faf0a94a d7d60312639a45c6813dacc8faf0a94a] 199.204.45.4 "GET /resource_providers/cd701138-fbd7-4bcc-919a-6036c16320d7/allocations" status: 200 len: 153 microversion: 1.0 [pid: 8|app: 0|req: 624/1254] 199.204.45.4 () {32 vars in 853 bytes} [Wed Jul 1 02:11:47 2026] GET /resource_providers/cd701138-fbd7-4bcc-919a-6036c16320d7/allocations => generated 153 bytes in 18 msecs (HTTP/1.1 200) 6 headers in 224 bytes (1 switches on core 0)
2026-07-01 02:11:47.900 7 INFO placement.requestlog [req-81add3f8-75eb-47d9-ad97-ee9ceface57f req-28f20fb4-f6ca-48ee-aa74-1cc7ee7f960b 168752b8434c4333a847ea7cc0492869 5761661979cb4dd0a94b48197f1a45c6 - - d7d60312639a45c6813dacc8faf0a94a d7d60312639a45c6813dacc8faf0a94a] 199.204.45.4 "GET /allocations/c0f6b628-9daf-416b-9b85-2913a4491b82" status: 200 len: 258 microversion: 1.28 [pid: 7|app: 0|req: 631/1255] 199.204.45.4 () {34 vars in 859 bytes} [Wed Jul 1 02:11:47 2026] GET /allocations/c0f6b628-9daf-416b-9b85-2913a4491b82 => generated 258 bytes in 14 msecs (HTTP/1.1 200) 8 headers in 296 bytes (1 switches on core 0)
2026-07-01 02:11:48.947 8 INFO placement.requestlog [req-81add3f8-75eb-47d9-ad97-ee9ceface57f req-f4bc9d6e-3ca4-406e-9821-2c5daf25cbf6 168752b8434c4333a847ea7cc0492869 5761661979cb4dd0a94b48197f1a45c6 - - d7d60312639a45c6813dacc8faf0a94a d7d60312639a45c6813dacc8faf0a94a] 199.204.45.4 "DELETE /allocations/c0f6b628-9daf-416b-9b85-2913a4491b82" status: 204 len: 0 microversion: 1.0 [pid: 8|app: 0|req: 625/1256] 199.204.45.4 () {34 vars in 837 bytes} [Wed Jul 1 02:11:48 2026] DELETE /allocations/c0f6b628-9daf-416b-9b85-2913a4491b82 => generated 0 bytes in 20 msecs (HTTP/1.1 204) 5 headers in 198 bytes (1 switches on core 0)
2026-07-01 02:11:57.733 7 INFO placement.requestlog [None req-51ee164e-6cc0-4b19-b9b9-c28d43e41eb6 - - - - - -] 10.0.0.19 "GET /" status: 200 len: 136 microversion: 1.0
2026-07-01 02:11:57.733 8 INFO placement.requestlog [None req-51219a7e-2ee1-4efd-ad2d-d9616ab58712 - - - - - -] 10.0.0.19 "GET /" status: 200 len: 136 microversion: 1.0
2026-07-01 02:11:59.545 7 INFO placement.requestlog [None req-f7636a71-3dc7-486b-9ce5-f2e6429af7a0 c096ba51d5d54e65852d10ed5f982513 5761661979cb4dd0a94b48197f1a45c6 - - d7d60312639a45c6813dacc8faf0a94a d7d60312639a45c6813dacc8faf0a94a] 10.0.0.87 "GET /resource_providers/926aef65-dd35-4949-937a-58a7bad3f344/aggregates" status: 404 len: 235 microversion: 1.1 [pid: 7|app: 0|req: 633/1259] 10.0.0.87 () {32 vars in 813 bytes} [Wed Jul 1 02:11:59 2026] GET /resource_providers/926aef65-dd35-4949-937a-58a7bad3f344/aggregates => generated 235 bytes in 99 msecs (HTTP/1.1 404) 5 headers in 202 bytes (1 switches on core 0)
2026-07-01 02:11:59.549 8 INFO placement.requestlog [None req-3f7bab02-fdaa-4a65-ada3-9dfa06dfe4c8 c096ba51d5d54e65852d10ed5f982513 5761661979cb4dd0a94b48197f1a45c6 - - d7d60312639a45c6813dacc8faf0a94a d7d60312639a45c6813dacc8faf0a94a] 10.0.0.87 "GET /resource_providers/926aef65-dd35-4949-937a-58a7bad3f344/aggregates" status: 404 len: 235 microversion: 1.1 [pid: 8|app: 0|req: 627/1260] 10.0.0.87 () {32 vars in 813 bytes} [Wed Jul 1 02:11:59 2026] GET /resource_providers/926aef65-dd35-4949-937a-58a7bad3f344/aggregates => generated 235 bytes in 99 msecs (HTTP/1.1 404) 5 headers in 202 bytes (1 switches on core 0)
2026-07-01 02:11:59.570 7 INFO placement.requestlog [None req-11f28a35-8412-47be-9dbc-4d54a7c8938d c096ba51d5d54e65852d10ed5f982513 5761661979cb4dd0a94b48197f1a45c6 - - d7d60312639a45c6813dacc8faf0a94a d7d60312639a45c6813dacc8faf0a94a] 10.0.0.87 "DELETE /resource_providers/926aef65-dd35-4949-937a-58a7bad3f344" status: 404 len: 246 microversion: 1.1
2026-07-01 02:11:59.570 8 INFO placement.requestlog [None req-2352122f-d420-44ba-a432-8d4f493600e6 c096ba51d5d54e65852d10ed5f982513 5761661979cb4dd0a94b48197f1a45c6 - - d7d60312639a45c6813dacc8faf0a94a d7d60312639a45c6813dacc8faf0a94a] 10.0.0.87 "DELETE /resource_providers/926aef65-dd35-4949-937a-58a7bad3f344" status: 404 len: 246 microversion: 1.1 [pid: 7|app: 0|req: 634/1261] 10.0.0.87 () {34 vars in 813 bytes} [Wed Jul 1 02:11:59 2026] DELETE /resource_providers/926aef65-dd35-4949-937a-58a7bad3f344 => generated 246 bytes in 10 msecs (HTTP/1.1 404) 6 headers in 231 bytes (1 switches on core 0) [pid: 8|app: 0|req: 628/1262] 10.0.0.87 () {34 vars in 813 bytes} [Wed Jul 1 02:11:59 2026] DELETE /resource_providers/926aef65-dd35-4949-937a-58a7bad3f344 => generated 246 bytes in 8 msecs (HTTP/1.1 404) 6 headers in 231 bytes (1 switches on core 0)
2026-07-01 02:12:01.592 8 INFO placement.requestlog [None req-df53aa72-6542-4dd0-a070-0854c0034952 c096ba51d5d54e65852d10ed5f982513 5761661979cb4dd0a94b48197f1a45c6 - - d7d60312639a45c6813dacc8faf0a94a d7d60312639a45c6813dacc8faf0a94a] 10.0.0.87 "GET /resource_providers/12c7df1b-68ee-41e1-8d65-a0cb0d00b966/aggregates" status: 404 len: 235 microversion: 1.1 [pid: 8|app: 0|req: 629/1263] 10.0.0.87 () {32 vars in 813 bytes} [Wed Jul 1 02:12:01 2026] GET /resource_providers/12c7df1b-68ee-41e1-8d65-a0cb0d00b966/aggregates => generated 235 bytes in 9 msecs (HTTP/1.1 404) 5 headers in 202 bytes (1 switches on core 0)
2026-07-01 02:12:01.593 7 INFO placement.requestlog [None req-8936b7d0-5145-408f-8bc9-58fcbb219123 c096ba51d5d54e65852d10ed5f982513 5761661979cb4dd0a94b48197f1a45c6 - - d7d60312639a45c6813dacc8faf0a94a d7d60312639a45c6813dacc8faf0a94a] 10.0.0.87 "GET /resource_providers/12c7df1b-68ee-41e1-8d65-a0cb0d00b966/aggregates" status: 404 len: 235 microversion: 1.1 [pid: 7|app: 0|req: 635/1264] 10.0.0.87 () {32 vars in 813 bytes} [Wed Jul 1 02:12:01 2026] GET /resource_providers/12c7df1b-68ee-41e1-8d65-a0cb0d00b966/aggregates => generated 235 bytes in 11 msecs (HTTP/1.1 404) 5 headers in 202 bytes (1 switches on core 0)
2026-07-01 02:12:01.608 8 INFO placement.requestlog [None req-ec6c84f4-c10d-4272-a574-e3c535d70ada c096ba51d5d54e65852d10ed5f982513 5761661979cb4dd0a94b48197f1a45c6 - - d7d60312639a45c6813dacc8faf0a94a d7d60312639a45c6813dacc8faf0a94a] 10.0.0.87 "DELETE /resource_providers/12c7df1b-68ee-41e1-8d65-a0cb0d00b966" status: 404 len: 246 microversion: 1.1 [pid: 8|app: 0|req: 630/1265] 10.0.0.87 () {34 vars in 813 bytes} [Wed Jul 1 02:12:01 2026] DELETE /resource_providers/12c7df1b-68ee-41e1-8d65-a0cb0d00b966 => generated 246 bytes in 8 msecs (HTTP/1.1 404) 6 headers in 231 bytes (1 switches on core 0)
2026-07-01 02:12:01.612 7 INFO placement.requestlog [None req-29a76b98-45e1-4b0c-815f-57a51049abb5 c096ba51d5d54e65852d10ed5f982513 5761661979cb4dd0a94b48197f1a45c6 - - d7d60312639a45c6813dacc8faf0a94a d7d60312639a45c6813dacc8faf0a94a] 10.0.0.87 "DELETE /resource_providers/12c7df1b-68ee-41e1-8d65-a0cb0d00b966" status: 404 len: 246 microversion: 1.1 [pid: 7|app: 0|req: 636/1266] 10.0.0.87 () {34 vars in 813 bytes} [Wed Jul 1 02:12:01 2026] DELETE /resource_providers/12c7df1b-68ee-41e1-8d65-a0cb0d00b966 => generated 246 bytes in 10 msecs (HTTP/1.1 404) 6 headers in 231 bytes (1 switches on core 0)
2026-07-01 02:12:01.625 8 INFO placement.requestlog [None req-264a1242-76c5-450e-bdfa-5ccb7da7f66a c096ba51d5d54e65852d10ed5f982513 5761661979cb4dd0a94b48197f1a45c6 - - d7d60312639a45c6813dacc8faf0a94a d7d60312639a45c6813dacc8faf0a94a] 10.0.0.87 "GET /resource_providers/ee6c8aac-cf77-434d-b48d-50d3f667cda0/aggregates" status: 404 len: 235 microversion: 1.1
2026-07-01 02:12:01.625 7 INFO placement.requestlog [None req-99db16cf-0c3d-48fb-9c00-3afefef335ca c096ba51d5d54e65852d10ed5f982513 5761661979cb4dd0a94b48197f1a45c6 - - d7d60312639a45c6813dacc8faf0a94a d7d60312639a45c6813dacc8faf0a94a] 10.0.0.87 "GET /resource_providers/ee6c8aac-cf77-434d-b48d-50d3f667cda0/aggregates" status: 404 len: 235 microversion: 1.1 [pid: 8|app: 0|req: 631/1267] 10.0.0.87 () {32 vars in 813 bytes} [Wed Jul 1 02:12:01 2026] GET /resource_providers/ee6c8aac-cf77-434d-b48d-50d3f667cda0/aggregates => generated 235 bytes in 9 msecs (HTTP/1.1 404) 5 headers in 202 bytes (1 switches on core 0) [pid: 7|app: 0|req: 637/1268] 10.0.0.87 () {32 vars in 813 bytes} [Wed Jul 1 02:12:01 2026] GET /resource_providers/ee6c8aac-cf77-434d-b48d-50d3f667cda0/aggregates => generated 235 bytes in 7 msecs (HTTP/1.1 404) 5 headers in 202 bytes (1 switches on core 0)
2026-07-01 02:12:01.641 7 INFO placement.requestlog [None req-3c3b4036-bfad-4132-8b87-0fc4c1551b18 c096ba51d5d54e65852d10ed5f982513 5761661979cb4dd0a94b48197f1a45c6 - - d7d60312639a45c6813dacc8faf0a94a d7d60312639a45c6813dacc8faf0a94a] 10.0.0.87 "DELETE /resource_providers/ee6c8aac-cf77-434d-b48d-50d3f667cda0" status: 404 len: 246 microversion: 1.1 [pid: 7|app: 0|req: 638/1269] 10.0.0.87 () {34 vars in 813 bytes} [Wed Jul 1 02:12:01 2026] DELETE /resource_providers/ee6c8aac-cf77-434d-b48d-50d3f667cda0 => generated 246 bytes in 6 msecs (HTTP/1.1 404) 6 headers in 231 bytes (1 switches on core 0)
2026-07-01 02:12:01.642 8 INFO placement.requestlog [None req-d3b637e9-6060-4b6b-872e-a6cd7b0a6c4d c096ba51d5d54e65852d10ed5f982513 5761661979cb4dd0a94b48197f1a45c6 - - d7d60312639a45c6813dacc8faf0a94a d7d60312639a45c6813dacc8faf0a94a] 10.0.0.87 "DELETE /resource_providers/ee6c8aac-cf77-434d-b48d-50d3f667cda0" status: 404 len: 246 microversion: 1.1 [pid: 8|app: 0|req: 632/1270] 10.0.0.87 () {34 vars in 813 bytes} [Wed Jul 1 02:12:01 2026] DELETE /resource_providers/ee6c8aac-cf77-434d-b48d-50d3f667cda0 => generated 246 bytes in 9 msecs (HTTP/1.1 404) 6 headers in 231 bytes (1 switches on core 0)
2026-07-01 02:12:01.655 7 INFO placement.requestlog [None req-709e1760-1404-4da8-ab0b-c0050b425633 c096ba51d5d54e65852d10ed5f982513 5761661979cb4dd0a94b48197f1a45c6 - - d7d60312639a45c6813dacc8faf0a94a d7d60312639a45c6813dacc8faf0a94a] 10.0.0.87 "GET /resource_providers/5b2aa453-ecd7-43c1-9ddd-bf656519a986/aggregates" status: 404 len: 235 microversion: 1.1
2026-07-01 02:12:01.656 8 INFO placement.requestlog [None req-927cdc59-c414-49af-89d6-95a11b60dd75 c096ba51d5d54e65852d10ed5f982513 5761661979cb4dd0a94b48197f1a45c6 - - d7d60312639a45c6813dacc8faf0a94a d7d60312639a45c6813dacc8faf0a94a] 10.0.0.87 "GET /resource_providers/5b2aa453-ecd7-43c1-9ddd-bf656519a986/aggregates" status: 404 len: 235 microversion: 1.1 [pid: 8|app: 0|req: 633/1272] 10.0.0.87 () {32 vars in 813 bytes} [Wed Jul 1 02:12:01 2026] GET /resource_providers/5b2aa453-ecd7-43c1-9ddd-bf656519a986/aggregates => generated 235 bytes in 6 msecs (HTTP/1.1 404) 5 headers in 202 bytes (1 switches on core 0) [pid: 7|app: 0|req: 639/1272] 10.0.0.87 () {32 vars in 813 bytes} [Wed Jul 1 02:12:01 2026] GET /resource_providers/5b2aa453-ecd7-43c1-9ddd-bf656519a986/aggregates => generated 235 bytes in 8 msecs (HTTP/1.1 404) 5 headers in 202 bytes (1 switches on core 0)
2026-07-01 02:12:01.675 7 INFO placement.requestlog [None req-caab42d7-c2fe-4473-9891-6fb626df7159 c096ba51d5d54e65852d10ed5f982513 5761661979cb4dd0a94b48197f1a45c6 - - d7d60312639a45c6813dacc8faf0a94a d7d60312639a45c6813dacc8faf0a94a] 10.0.0.87 "DELETE /resource_providers/5b2aa453-ecd7-43c1-9ddd-bf656519a986" status: 404 len: 246 microversion: 1.1
2026-07-01 02:12:01.675 8 INFO placement.requestlog [None req-4108456f-11d0-4e4a-9692-697052d4f952 c096ba51d5d54e65852d10ed5f982513 5761661979cb4dd0a94b48197f1a45c6 - - d7d60312639a45c6813dacc8faf0a94a d7d60312639a45c6813dacc8faf0a94a] 10.0.0.87 "DELETE /resource_providers/5b2aa453-ecd7-43c1-9ddd-bf656519a986" status: 404 len: 246 microversion: 1.1 [pid: 7|app: 0|req: 640/1273] 10.0.0.87 () {34 vars in 813 bytes} [Wed Jul 1 02:12:01 2026] DELETE /resource_providers/5b2aa453-ecd7-43c1-9ddd-bf656519a986 => generated 246 bytes in 8 msecs (HTTP/1.1 404) 6 headers in 231 bytes (1 switches on core 0) [pid: 8|app: 0|req: 634/1274] 10.0.0.87 () {34 vars in 813 bytes} [Wed Jul 1 02:12:01 2026] DELETE /resource_providers/5b2aa453-ecd7-43c1-9ddd-bf656519a986 => generated 246 bytes in 10 msecs (HTTP/1.1 404) 6 headers in 231 bytes (1 switches on core 0)
2026-07-01 02:12:07.733 7 INFO placement.requestlog [None req-7db0038d-e060-491d-a3fc-e5f5ad722749 - - - - - -] 10.0.0.19 "GET /" status: 200 len: 136 microversion: 1.0
2026-07-01 02:12:07.733 8 INFO placement.requestlog [None req-19f40508-9a16-4a41-b5cf-3fc39b799f7a - - - - - -] 10.0.0.19 "GET /" status: 200 len: 136 microversion: 1.0
2026-07-01 02:12:17.733 8 INFO placement.requestlog [None req-f4652d15-e170-4e26-8a85-b89ba0c36b44 - - - - - -] 10.0.0.19 "GET /" status: 200 len: 136 microversion: 1.0
2026-07-01 02:12:17.733 7 INFO placement.requestlog [None req-7f3c5fb0-e617-4d9f-8d2f-a2679167f52b - - - - - -] 10.0.0.19 "GET /" status: 200 len: 136 microversion: 1.0
2026-07-01 02:12:24.439 8 INFO placement.requestlog [None req-90f67d55-7cfc-469e-a542-1673a7412bd8 c096ba51d5d54e65852d10ed5f982513 5761661979cb4dd0a94b48197f1a45c6 - - d7d60312639a45c6813dacc8faf0a94a d7d60312639a45c6813dacc8faf0a94a] 10.0.0.87 "GET /resource_providers/850fe40f-a0d7-4aa2-97f3-577b9d9530e5/aggregates" status: 404 len: 235 microversion: 1.1 [pid: 8|app: 0|req: 637/1279] 10.0.0.87 () {32 vars in 813 bytes} [Wed Jul 1 02:12:24 2026] GET /resource_providers/850fe40f-a0d7-4aa2-97f3-577b9d9530e5/aggregates => generated 235 bytes in 110 msecs (HTTP/1.1 404) 5 headers in 202 bytes (1 switches on core 0)
2026-07-01 02:12:24.445 7 INFO placement.requestlog [None req-ba2b694b-e2a9-4d4c-b611-925953648a14 c096ba51d5d54e65852d10ed5f982513 5761661979cb4dd0a94b48197f1a45c6 - - d7d60312639a45c6813dacc8faf0a94a d7d60312639a45c6813dacc8faf0a94a] 10.0.0.87 "GET /resource_providers/850fe40f-a0d7-4aa2-97f3-577b9d9530e5/aggregates" status: 404 len: 235 microversion: 1.1 [pid: 7|app: 0|req: 643/1280] 10.0.0.87 () {32 vars in 813 bytes} [Wed Jul 1 02:12:24 2026] GET /resource_providers/850fe40f-a0d7-4aa2-97f3-577b9d9530e5/aggregates => generated 235 bytes in 112 msecs (HTTP/1.1 404) 5 headers in 202 bytes (1 switches on core 0)
2026-07-01 02:12:24.458 8 INFO placement.requestlog [None req-2211955d-de81-451d-ae01-c038ac4e6ec7 c096ba51d5d54e65852d10ed5f982513 5761661979cb4dd0a94b48197f1a45c6 - - d7d60312639a45c6813dacc8faf0a94a d7d60312639a45c6813dacc8faf0a94a] 10.0.0.87 "DELETE /resource_providers/850fe40f-a0d7-4aa2-97f3-577b9d9530e5" status: 404 len: 246 microversion: 1.1 [pid: 8|app: 0|req: 638/1281] 10.0.0.87 () {34 vars in 813 bytes} [Wed Jul 1 02:12:24 2026] DELETE /resource_providers/850fe40f-a0d7-4aa2-97f3-577b9d9530e5 => generated 246 bytes in 9 msecs (HTTP/1.1 404) 6 headers in 231 bytes (1 switches on core 0)
2026-07-01 02:12:24.459 7 INFO placement.requestlog [None req-635930a5-0033-4f99-bb87-e78549e84dd9 c096ba51d5d54e65852d10ed5f982513 5761661979cb4dd0a94b48197f1a45c6 - - d7d60312639a45c6813dacc8faf0a94a d7d60312639a45c6813dacc8faf0a94a] 10.0.0.87 "DELETE /resource_providers/850fe40f-a0d7-4aa2-97f3-577b9d9530e5" status: 404 len: 246 microversion: 1.1 [pid: 7|app: 0|req: 644/1282] 10.0.0.87 () {34 vars in 813 bytes} [Wed Jul 1 02:12:24 2026] DELETE /resource_providers/850fe40f-a0d7-4aa2-97f3-577b9d9530e5 => generated 246 bytes in 7 msecs (HTTP/1.1 404) 6 headers in 231 bytes (1 switches on core 0)
2026-07-01 02:12:26.208 8 INFO placement.requestlog [req-ec858ba0-8fde-413d-801b-cd33b1a82a0d req-6f13b218-fa17-4ca6-9e17-2ed3750e6b79 168752b8434c4333a847ea7cc0492869 5761661979cb4dd0a94b48197f1a45c6 - - d7d60312639a45c6813dacc8faf0a94a d7d60312639a45c6813dacc8faf0a94a] 199.204.45.4 "GET /resource_providers/cd701138-fbd7-4bcc-919a-6036c16320d7/allocations" status: 200 len: 55 microversion: 1.0 [pid: 8|app: 0|req: 639/1283] 199.204.45.4 () {32 vars in 853 bytes} [Wed Jul 1 02:12:26 2026] GET /resource_providers/cd701138-fbd7-4bcc-919a-6036c16320d7/allocations => generated 55 bytes in 16 msecs (HTTP/1.1 200) 6 headers in 223 bytes (1 switches on core 0)
2026-07-01 02:12:26.229 7 INFO placement.requestlog [req-ec858ba0-8fde-413d-801b-cd33b1a82a0d req-b634daef-2483-4e28-aef9-f00619a8ddd7 168752b8434c4333a847ea7cc0492869 5761661979cb4dd0a94b48197f1a45c6 - - d7d60312639a45c6813dacc8faf0a94a d7d60312639a45c6813dacc8faf0a94a] 199.204.45.4 "GET /resource_providers/cd701138-fbd7-4bcc-919a-6036c16320d7/allocations" status: 200 len: 55 microversion: 1.0 [pid: 7|app: 0|req: 645/1284] 199.204.45.4 () {32 vars in 853 bytes} [Wed Jul 1 02:12:26 2026] GET /resource_providers/cd701138-fbd7-4bcc-919a-6036c16320d7/allocations => generated 55 bytes in 12 msecs (HTTP/1.1 200) 6 headers in 223 bytes (1 switches on core 0)
2026-07-01 02:12:27.732 8 INFO placement.requestlog [None req-930b0ee5-461b-4916-9339-fde93b7dce1f - - - - - -] 10.0.0.19 "GET /" status: 200 len: 136 microversion: 1.0
2026-07-01 02:12:27.732 7 INFO placement.requestlog [None req-c29e10c4-10ed-4de9-b419-22a8b8b0d5c5 - - - - - -] 10.0.0.19 "GET /" status: 200 len: 136 microversion: 1.0
2026-07-01 02:12:37.733 7 INFO placement.requestlog [None req-c853308d-caba-4de8-b84b-01ebc3932319 - - - - - -] 10.0.0.19 "GET /" status: 200 len: 136 microversion: 1.0
2026-07-01 02:12:37.733 8 INFO placement.requestlog [None req-db4b77e8-af7e-43a2-a9bd-aa78ecca12f5 - - - - - -] 10.0.0.19 "GET /" status: 200 len: 136 microversion: 1.0
2026-07-01 02:12:37.981 8 INFO placement.requestlog [None req-0e5dc802-e676-4ae9-b9f7-5e1033543707 c096ba51d5d54e65852d10ed5f982513 5761661979cb4dd0a94b48197f1a45c6 - - d7d60312639a45c6813dacc8faf0a94a d7d60312639a45c6813dacc8faf0a94a] 10.0.0.87 "GET /resource_providers/0df46686-331e-4038-a060-a65cec9342a3/aggregates" status: 404 len: 235 microversion: 1.1 [pid: 8|app: 0|req: 642/1289] 10.0.0.87 () {32 vars in 813 bytes} [Wed Jul 1 02:12:37 2026] GET /resource_providers/0df46686-331e-4038-a060-a65cec9342a3/aggregates => generated 235 bytes in 6 msecs (HTTP/1.1 404) 5 headers in 202 bytes (1 switches on core 0)
2026-07-01 02:12:37.995 7 INFO placement.requestlog [None req-86b3cc8a-5b7f-4119-a4e9-4c122a48bbd8 c096ba51d5d54e65852d10ed5f982513 5761661979cb4dd0a94b48197f1a45c6 - - d7d60312639a45c6813dacc8faf0a94a d7d60312639a45c6813dacc8faf0a94a] 10.0.0.87 "GET /resource_providers/0df46686-331e-4038-a060-a65cec9342a3/aggregates" status: 404 len: 235 microversion: 1.1 [pid: 7|app: 0|req: 648/1290] 10.0.0.87 () {32 vars in 813 bytes} [Wed Jul 1 02:12:37 2026] GET /resource_providers/0df46686-331e-4038-a060-a65cec9342a3/aggregates => generated 235 bytes in 25 msecs (HTTP/1.1 404) 5 headers in 202 bytes (1 switches on core 0)
2026-07-01 02:12:38.017 7 INFO placement.requestlog [None req-2cd0ffa8-d16e-4d4d-8922-3e10a5cfb114 c096ba51d5d54e65852d10ed5f982513 5761661979cb4dd0a94b48197f1a45c6 - - d7d60312639a45c6813dacc8faf0a94a d7d60312639a45c6813dacc8faf0a94a] 10.0.0.87 "DELETE /resource_providers/0df46686-331e-4038-a060-a65cec9342a3" status: 404 len: 246 microversion: 1.1 [pid: 7|app: 0|req: 649/1291] 10.0.0.87 () {34 vars in 813 bytes} [Wed Jul 1 02:12:38 2026] DELETE /resource_providers/0df46686-331e-4038-a060-a65cec9342a3 => generated 246 bytes in 11 msecs (HTTP/1.1 404) 6 headers in 231 bytes (1 switches on core 0)
2026-07-01 02:12:38.019 8 INFO placement.requestlog [None req-f69f4b07-80d5-44f3-8b92-4d03c54acf5a c096ba51d5d54e65852d10ed5f982513 5761661979cb4dd0a94b48197f1a45c6 - - d7d60312639a45c6813dacc8faf0a94a d7d60312639a45c6813dacc8faf0a94a] 10.0.0.87 "DELETE /resource_providers/0df46686-331e-4038-a060-a65cec9342a3" status: 404 len: 246 microversion: 1.1 [pid: 8|app: 0|req: 643/1292] 10.0.0.87 () {34 vars in 813 bytes} [Wed Jul 1 02:12:37 2026] DELETE /resource_providers/0df46686-331e-4038-a060-a65cec9342a3 => generated 246 bytes in 24 msecs (HTTP/1.1 404) 6 headers in 231 bytes (1 switches on core 0)
2026-07-01 02:12:44.379 7 INFO placement.requestlog [None req-5e1ec931-fb1e-4c55-87c7-114200c8066a c096ba51d5d54e65852d10ed5f982513 5761661979cb4dd0a94b48197f1a45c6 - - d7d60312639a45c6813dacc8faf0a94a d7d60312639a45c6813dacc8faf0a94a] 10.0.0.87 "GET /resource_providers/41c123fc-e1aa-45ec-a26a-f00b12cc51d4/aggregates" status: 404 len: 235 microversion: 1.1 [pid: 7|app: 0|req: 650/1293] 10.0.0.87 () {32 vars in 813 bytes} [Wed Jul 1 02:12:44 2026] GET /resource_providers/41c123fc-e1aa-45ec-a26a-f00b12cc51d4/aggregates => generated 235 bytes in 10 msecs (HTTP/1.1 404) 5 headers in 202 bytes (1 switches on core 0)
2026-07-01 02:12:44.382 8 INFO placement.requestlog [None req-4587a685-cbf6-42eb-8ed0-0e505d547364 c096ba51d5d54e65852d10ed5f982513 5761661979cb4dd0a94b48197f1a45c6 - - d7d60312639a45c6813dacc8faf0a94a d7d60312639a45c6813dacc8faf0a94a] 10.0.0.87 "GET /resource_providers/41c123fc-e1aa-45ec-a26a-f00b12cc51d4/aggregates" status: 404 len: 235 microversion: 1.1 [pid: 8|app: 0|req: 644/1294] 10.0.0.87 () {32 vars in 813 bytes} [Wed Jul 1 02:12:44 2026] GET /resource_providers/41c123fc-e1aa-45ec-a26a-f00b12cc51d4/aggregates => generated 235 bytes in 9 msecs (HTTP/1.1 404) 5 headers in 202 bytes (1 switches on core 0)
2026-07-01 02:12:44.397 7 INFO placement.requestlog [None req-34989853-2ce7-4f7d-bf46-c1136e19b4a4 c096ba51d5d54e65852d10ed5f982513 5761661979cb4dd0a94b48197f1a45c6 - - d7d60312639a45c6813dacc8faf0a94a d7d60312639a45c6813dacc8faf0a94a] 10.0.0.87 "DELETE /resource_providers/41c123fc-e1aa-45ec-a26a-f00b12cc51d4" status: 404 len: 246 microversion: 1.1 [pid: 7|app: 0|req: 651/1295] 10.0.0.87 () {34 vars in 813 bytes} [Wed Jul 1 02:12:44 2026] DELETE /resource_providers/41c123fc-e1aa-45ec-a26a-f00b12cc51d4 => generated 246 bytes in 7 msecs (HTTP/1.1 404) 6 headers in 231 bytes (1 switches on core 0)
2026-07-01 02:12:44.403 8 INFO placement.requestlog [None req-dae254f0-64f0-47fc-a9fa-39110fa5ae14 c096ba51d5d54e65852d10ed5f982513 5761661979cb4dd0a94b48197f1a45c6 - - d7d60312639a45c6813dacc8faf0a94a d7d60312639a45c6813dacc8faf0a94a] 10.0.0.87 "DELETE /resource_providers/41c123fc-e1aa-45ec-a26a-f00b12cc51d4" status: 404 len: 246 microversion: 1.1 [pid: 8|app: 0|req: 645/1296] 10.0.0.87 () {34 vars in 813 bytes} [Wed Jul 1 02:12:44 2026] DELETE /resource_providers/41c123fc-e1aa-45ec-a26a-f00b12cc51d4 => generated 246 bytes in 12 msecs (HTTP/1.1 404) 6 headers in 231 bytes (1 switches on core 0)
2026-07-01 02:12:47.733 7 INFO placement.requestlog [None req-0379e086-e478-463f-94fb-987910afd1e3 - - - - - -] 10.0.0.19 "GET /" status: 200 len: 136 microversion: 1.0
2026-07-01 02:12:47.733 8 INFO placement.requestlog [None req-6996ef59-d7bb-4cec-8d5d-9e60bcce34f9 - - - - - -] 10.0.0.19 "GET /" status: 200 len: 136 microversion: 1.0
2026-07-01 02:12:57.733 7 INFO placement.requestlog [None req-03590aa3-db59-4478-906d-fd9b3ab5011e - - - - - -] 10.0.0.19 "GET /" status: 200 len: 136 microversion: 1.0
2026-07-01 02:12:57.733 8 INFO placement.requestlog [None req-85dd1df3-a8a0-4bfa-9473-9f7e19301e91 - - - - - -] 10.0.0.19 "GET /" status: 200 len: 136 microversion: 1.0
2026-07-01 02:13:07.733 8 INFO placement.requestlog [None req-cedd2d32-7ddb-41ab-a33f-2b84dc4f5b77 - - - - - -] 10.0.0.19 "GET /" status: 200 len: 136 microversion: 1.0
2026-07-01 02:13:07.733 7 INFO placement.requestlog [None req-d805fcff-7b5e-41c4-b6a0-f5f486051b81 - - - - - -] 10.0.0.19 "GET /" status: 200 len: 136 microversion: 1.0
2026-07-01 02:13:17.733 7 INFO placement.requestlog [None req-ee31016f-7613-4180-84cb-9cecac96afd9 - - - - - -] 10.0.0.19 "GET /" status: 200 len: 136 microversion: 1.0
2026-07-01 02:13:17.733 8 INFO placement.requestlog [None req-b5e3dae0-f0ab-4239-bdd9-2d9f9f8fba67 - - - - - -] 10.0.0.19 "GET /" status: 200 len: 136 microversion: 1.0
2026-07-01 02:13:27.733 8 INFO placement.requestlog [None req-5855f32b-9436-4990-8489-e71676493805 - - - - - -] 10.0.0.19 "GET /" status: 200 len: 136 microversion: 1.0
2026-07-01 02:13:27.733 7 INFO placement.requestlog [None req-c0349b2c-beb7-4657-aab1-52f8fc8395f9 - - - - - -] 10.0.0.19 "GET /" status: 200 len: 136 microversion: 1.0
2026-07-01 02:13:28.338 7 INFO placement.requestlog [req-ffc861c7-ba5d-4ee7-a7cf-1a686d944f9d req-958d9c4a-846c-4242-bc68-d57dc0a0dee9 168752b8434c4333a847ea7cc0492869 5761661979cb4dd0a94b48197f1a45c6 - - d7d60312639a45c6813dacc8faf0a94a d7d60312639a45c6813dacc8faf0a94a] 199.204.45.4 "GET /resource_providers/cd701138-fbd7-4bcc-919a-6036c16320d7/allocations" status: 200 len: 55 microversion: 1.0 [pid: 7|app: 0|req: 657/1307] 199.204.45.4 () {32 vars in 853 bytes} [Wed Jul 1 02:13:28 2026] GET /resource_providers/cd701138-fbd7-4bcc-919a-6036c16320d7/allocations => generated 55 bytes in 108 msecs (HTTP/1.1 200) 6 headers in 223 bytes (1 switches on core 0)
2026-07-01 02:13:28.366 8 INFO placement.requestlog [req-ffc861c7-ba5d-4ee7-a7cf-1a686d944f9d req-f2d06b1f-2461-40a9-9fb4-4b5219691989 168752b8434c4333a847ea7cc0492869 5761661979cb4dd0a94b48197f1a45c6 - - d7d60312639a45c6813dacc8faf0a94a d7d60312639a45c6813dacc8faf0a94a] 199.204.45.4 "GET /resource_providers?in_tree=cd701138-fbd7-4bcc-919a-6036c16320d7" status: 200 len: 798 microversion: 1.14 [pid: 8|app: 0|req: 651/1308] 199.204.45.4 () {34 vars in 888 bytes} [Wed Jul 1 02:13:28 2026] GET /resource_providers?in_tree=cd701138-fbd7-4bcc-919a-6036c16320d7 => generated 798 bytes in 25 msecs (HTTP/1.1 200) 6 headers in 225 bytes (1 switches on core 0)
2026-07-01 02:13:28.390 7 INFO placement.requestlog [req-ffc861c7-ba5d-4ee7-a7cf-1a686d944f9d req-26f4d489-e343-4c7f-ae5d-0c7399c88a77 168752b8434c4333a847ea7cc0492869 5761661979cb4dd0a94b48197f1a45c6 - - d7d60312639a45c6813dacc8faf0a94a d7d60312639a45c6813dacc8faf0a94a] 199.204.45.4 "GET /resource_providers/cd701138-fbd7-4bcc-919a-6036c16320d7/inventories" status: 200 len: 401 microversion: 1.0 [pid: 7|app: 0|req: 658/1309] 199.204.45.4 () {32 vars in 853 bytes} [Wed Jul 1 02:13:28 2026] GET /resource_providers/cd701138-fbd7-4bcc-919a-6036c16320d7/inventories => generated 401 bytes in 17 msecs (HTTP/1.1 200) 6 headers in 224 bytes (1 switches on core 0)
2026-07-01 02:13:28.404 8 INFO placement.requestlog [req-ffc861c7-ba5d-4ee7-a7cf-1a686d944f9d req-4ac72671-9a48-4bde-9633-8082e677004a 168752b8434c4333a847ea7cc0492869 5761661979cb4dd0a94b48197f1a45c6 - - d7d60312639a45c6813dacc8faf0a94a d7d60312639a45c6813dacc8faf0a94a] 199.204.45.4 "GET /resource_providers/cd701138-fbd7-4bcc-919a-6036c16320d7/aggregates" status: 200 len: 54 microversion: 1.19 [pid: 8|app: 0|req: 652/1310] 199.204.45.4 () {34 vars in 895 bytes} [Wed Jul 1 02:13:28 2026] GET /resource_providers/cd701138-fbd7-4bcc-919a-6036c16320d7/aggregates => generated 54 bytes in 8 msecs (HTTP/1.1 200) 8 headers in 295 bytes (1 switches on core 0)
2026-07-01 02:13:28.430 7 INFO placement.requestlog [req-ffc861c7-ba5d-4ee7-a7cf-1a686d944f9d req-5b2f88c5-ce00-4750-a144-934d22978967 168752b8434c4333a847ea7cc0492869 5761661979cb4dd0a94b48197f1a45c6 - - d7d60312639a45c6813dacc8faf0a94a d7d60312639a45c6813dacc8faf0a94a] 199.204.45.4 "GET /resource_providers/cd701138-fbd7-4bcc-919a-6036c16320d7/traits" status: 200 len: 2176 microversion: 1.6 [pid: 7|app: 0|req: 659/1311] 199.204.45.4 () {34 vars in 886 bytes} [Wed Jul 1 02:13:28 2026] GET /resource_providers/cd701138-fbd7-4bcc-919a-6036c16320d7/traits => generated 2176 bytes in 21 msecs (HTTP/1.1 200) 6 headers in 225 bytes (1 switches on core 0)
2026-07-01 02:13:28.449 8 INFO placement.requestlog [req-ffc861c7-ba5d-4ee7-a7cf-1a686d944f9d req-b704ce1b-3144-41cc-ae34-c4a307e5ca38 168752b8434c4333a847ea7cc0492869 5761661979cb4dd0a94b48197f1a45c6 - - d7d60312639a45c6813dacc8faf0a94a d7d60312639a45c6813dacc8faf0a94a] 199.204.45.4 "GET /resource_providers/cd701138-fbd7-4bcc-919a-6036c16320d7/allocations" status: 200 len: 55 microversion: 1.0 [pid: 8|app: 0|req: 653/1312] 199.204.45.4 () {32 vars in 853 bytes} [Wed Jul 1 02:13:28 2026] GET /resource_providers/cd701138-fbd7-4bcc-919a-6036c16320d7/allocations => generated 55 bytes in 13 msecs (HTTP/1.1 200) 6 headers in 223 bytes (1 switches on core 0)
2026-07-01 02:13:37.732 8 INFO placement.requestlog [None req-a18cfc60-323a-433d-a4d1-63928ce909c7 - - - - - -] 10.0.0.19 "GET /" status: 200 len: 136 microversion: 1.0
2026-07-01 02:13:37.732 7 INFO placement.requestlog [None req-9d89d39e-d524-4cb4-a36f-c6a0560aeb95 - - - - - -] 10.0.0.19 "GET /" status: 200 len: 136 microversion: 1.0
2026-07-01 02:13:47.732 8 INFO placement.requestlog [None req-703dcf7b-186a-4f67-9570-af1e6ebe546b - - - - - -] 10.0.0.19 "GET /" status: 200 len: 136 microversion: 1.0
2026-07-01 02:13:47.732 7 INFO placement.requestlog [None req-6c64ee6d-6c39-411b-b691-0c43597b7f40 - - - - - -] 10.0.0.19 "GET /" status: 200 len: 136 microversion: 1.0
2026-07-01 02:13:57.733 8 INFO placement.requestlog [None req-d10a14f3-d7b5-4ff3-9845-482e9839bfc2 - - - - - -] 10.0.0.19 "GET /" status: 200 len: 136 microversion: 1.0
2026-07-01 02:13:57.733 7 INFO placement.requestlog [None req-440cb635-a37e-4b6f-a114-3539b65710b1 - - - - - -] 10.0.0.19 "GET /" status: 200 len: 136 microversion: 1.0
2026-07-01 02:14:07.732 8 INFO placement.requestlog [None req-5dab1ec2-7444-46db-bb4f-e9b2060edc9d - - - - - -] 10.0.0.19 "GET /" status: 200 len: 136 microversion: 1.0
