2026-07-01 02:07:43.058 7 INFO placement.requestlog [None req-31c0d0e5-fb87-46c3-9dcb-e88afd84b1a6 c096ba51d5d54e65852d10ed5f982513 5761661979cb4dd0a94b48197f1a45c6 - - d7d60312639a45c6813dacc8faf0a94a d7d60312639a45c6813dacc8faf0a94a] 10.0.0.87 "DELETE /resource_providers/ec1089d8-1705-4d39-8569-8d6e9e04517b" status: 404 len: 246 microversion: 1.1 [pid: 7|app: 0|req: 555/1104] 10.0.0.87 () {34 vars in 813 bytes} [Wed Jul 1 02:07:43 2026] DELETE /resource_providers/ec1089d8-1705-4d39-8569-8d6e9e04517b => generated 246 bytes in 15 msecs (HTTP/1.1 404) 6 headers in 231 bytes (1 switches on core 0)
2026-07-01 02:07:47.732 7 INFO placement.requestlog [None req-effb3f7b-c065-4665-a1f6-62be0f51359b - - - - - -] 10.0.0.19 "GET /" status: 200 len: 136 microversion: 1.0
2026-07-01 02:07:47.732 8 INFO placement.requestlog [None req-cab02f83-9ca8-4d90-b740-a5e57555f9a4 - - - - - -] 10.0.0.19 "GET /" status: 200 len: 136 microversion: 1.0
2026-07-01 02:07:49.221 7 INFO placement.requestlog [req-bcb27305-0849-4542-8063-095e66f24fa5 req-f7fd0914-bc23-4c26-8715-a773e7cead0e 168752b8434c4333a847ea7cc0492869 5761661979cb4dd0a94b48197f1a45c6 - - d7d60312639a45c6813dacc8faf0a94a d7d60312639a45c6813dacc8faf0a94a] 10.0.0.85 "GET /allocation_candidates?limit=1000&resources=DISK_GB%3A1%2CMEMORY_MB%3A512%2CVCPU%3A1&root_required=%21COMPUTE_STATUS_DISABLED" status: 200 len: 2642 microversion: 1.36 [pid: 7|app: 0|req: 557/1107] 10.0.0.85 () {34 vars in 1009 bytes} [Wed Jul 1 02:07:49 2026] GET /allocation_candidates?limit=1000&resources=DISK_GB%3A1%2CMEMORY_MB%3A512%2CVCPU%3A1&root_required=%21COMPUTE_STATUS_DISABLED => generated 2642 bytes in 55 msecs (HTTP/1.1 200) 8 headers in 297 bytes (1 switches on core 0)
2026-07-01 02:07:49.265 8 INFO placement.requestlog [req-bcb27305-0849-4542-8063-095e66f24fa5 req-b7bb5a4c-1fa9-4edd-8eb8-0ca655418bfd 168752b8434c4333a847ea7cc0492869 5761661979cb4dd0a94b48197f1a45c6 - - d7d60312639a45c6813dacc8faf0a94a d7d60312639a45c6813dacc8faf0a94a] 10.0.0.85 "GET /allocations/8c0f4ea8-177d-40f9-b8cf-626dd8b4b5e5" status: 200 len: 19 microversion: 1.28 [pid: 8|app: 0|req: 551/1108] 10.0.0.85 () {34 vars in 858 bytes} [Wed Jul 1 02:07:49 2026] GET /allocations/8c0f4ea8-177d-40f9-b8cf-626dd8b4b5e5 => generated 19 bytes in 18 msecs (HTTP/1.1 200) 8 headers in 295 bytes (1 switches on core 0)
2026-07-01 02:07:49.320 7 INFO placement.requestlog [req-bcb27305-0849-4542-8063-095e66f24fa5 req-8422c921-0b84-4808-b2e6-175acd9e1212 168752b8434c4333a847ea7cc0492869 5761661979cb4dd0a94b48197f1a45c6 - - d7d60312639a45c6813dacc8faf0a94a d7d60312639a45c6813dacc8faf0a94a] 10.0.0.85 "PUT /allocations/8c0f4ea8-177d-40f9-b8cf-626dd8b4b5e5" status: 204 len: 0 microversion: 1.36 [pid: 7|app: 0|req: 558/1109] 10.0.0.85 () {38 vars in 911 bytes} [Wed Jul 1 02:07:49 2026] PUT /allocations/8c0f4ea8-177d-40f9-b8cf-626dd8b4b5e5 => generated 0 bytes in 48 msecs (HTTP/1.1 204) 5 headers in 199 bytes (1 switches on core 0)
2026-07-01 02:07:50.824 8 INFO placement.requestlog [req-bcb27305-0849-4542-8063-095e66f24fa5 req-7c246274-36ba-4cbf-8a26-5b39875a6c2c 168752b8434c4333a847ea7cc0492869 5761661979cb4dd0a94b48197f1a45c6 - - d7d60312639a45c6813dacc8faf0a94a d7d60312639a45c6813dacc8faf0a94a] 199.204.45.4 "GET /allocations/8c0f4ea8-177d-40f9-b8cf-626dd8b4b5e5" status: 200 len: 258 microversion: 1.28 [pid: 8|app: 0|req: 552/1110] 199.204.45.4 () {34 vars in 859 bytes} [Wed Jul 1 02:07:50 2026] GET /allocations/8c0f4ea8-177d-40f9-b8cf-626dd8b4b5e5 => generated 258 bytes in 9 msecs (HTTP/1.1 200) 8 headers in 296 bytes (1 switches on core 0)
2026-07-01 02:07:51.874 7 INFO placement.requestlog [req-bcb27305-0849-4542-8063-095e66f24fa5 req-e4ee9337-4590-4dae-a998-f9d1bfa12be8 168752b8434c4333a847ea7cc0492869 5761661979cb4dd0a94b48197f1a45c6 - - d7d60312639a45c6813dacc8faf0a94a d7d60312639a45c6813dacc8faf0a94a] 199.204.45.4 "GET /resource_providers/cd701138-fbd7-4bcc-919a-6036c16320d7/allocations" status: 200 len: 253 microversion: 1.0 [pid: 7|app: 0|req: 559/1111] 199.204.45.4 () {32 vars in 853 bytes} [Wed Jul 1 02:07:51 2026] GET /resource_providers/cd701138-fbd7-4bcc-919a-6036c16320d7/allocations => generated 253 bytes in 25 msecs (HTTP/1.1 200) 6 headers in 224 bytes (1 switches on core 0)
2026-07-01 02:07:51.889 8 INFO placement.requestlog [req-bcb27305-0849-4542-8063-095e66f24fa5 req-f6220c72-b367-49eb-8df0-1db26f4a6f35 168752b8434c4333a847ea7cc0492869 5761661979cb4dd0a94b48197f1a45c6 - - d7d60312639a45c6813dacc8faf0a94a d7d60312639a45c6813dacc8faf0a94a] 199.204.45.4 "GET /allocations/c0f6b628-9daf-416b-9b85-2913a4491b82" status: 200 len: 258 microversion: 1.28 [pid: 8|app: 0|req: 553/1112] 199.204.45.4 () {34 vars in 859 bytes} [Wed Jul 1 02:07:51 2026] GET /allocations/c0f6b628-9daf-416b-9b85-2913a4491b82 => generated 258 bytes in 10 msecs (HTTP/1.1 200) 8 headers in 296 bytes (1 switches on core 0)
2026-07-01 02:07:51.905 7 INFO placement.requestlog [req-bcb27305-0849-4542-8063-095e66f24fa5 req-bfe570b0-c657-4ae0-88a2-9e651326f8f5 168752b8434c4333a847ea7cc0492869 5761661979cb4dd0a94b48197f1a45c6 - - d7d60312639a45c6813dacc8faf0a94a d7d60312639a45c6813dacc8faf0a94a] 199.204.45.4 "GET /allocations/8c0f4ea8-177d-40f9-b8cf-626dd8b4b5e5" status: 200 len: 258 microversion: 1.28 [pid: 7|app: 0|req: 560/1113] 199.204.45.4 () {34 vars in 859 bytes} [Wed Jul 1 02:07:51 2026] GET /allocations/8c0f4ea8-177d-40f9-b8cf-626dd8b4b5e5 => generated 258 bytes in 11 msecs (HTTP/1.1 200) 8 headers in 296 bytes (1 switches on core 0)
2026-07-01 02:07:57.732 7 INFO placement.requestlog [None req-a20e4902-9a76-4bc9-a191-d2672bffa4ea - - - - - -] 10.0.0.19 "GET /" status: 200 len: 136 microversion: 1.0
2026-07-01 02:07:57.732 8 INFO placement.requestlog [None req-c5845a12-ee03-478d-b610-d3422ba7d319 - - - - - -] 10.0.0.19 "GET /" status: 200 len: 136 microversion: 1.0
2026-07-01 02:08:07.732 7 INFO placement.requestlog [None req-76b64fe1-a312-4570-abaf-e50cad0bd301 - - - - - -] 10.0.0.19 "GET /" status: 200 len: 136 microversion: 1.0
2026-07-01 02:08:07.732 8 INFO placement.requestlog [None req-97c28dc2-87f1-4d72-bd1f-a4cddb56fe9c - - - - - -] 10.0.0.19 "GET /" status: 200 len: 136 microversion: 1.0
2026-07-01 02:08:11.041 7 INFO placement.requestlog [None req-54d6d67c-3f12-4711-9cc6-7402927867bb c096ba51d5d54e65852d10ed5f982513 5761661979cb4dd0a94b48197f1a45c6 - - d7d60312639a45c6813dacc8faf0a94a d7d60312639a45c6813dacc8faf0a94a] 10.0.0.87 "GET /resource_providers/e72cca8d-f9b1-4ac8-970d-f54dcb122748/aggregates" status: 404 len: 235 microversion: 1.1 [pid: 7|app: 0|req: 563/1118] 10.0.0.87 () {32 vars in 813 bytes} [Wed Jul 1 02:08:11 2026] GET /resource_providers/e72cca8d-f9b1-4ac8-970d-f54dcb122748/aggregates => generated 235 bytes in 8 msecs (HTTP/1.1 404) 5 headers in 202 bytes (1 switches on core 0)
2026-07-01 02:08:11.043 8 INFO placement.requestlog [None req-c2eb5e80-f694-4af2-bdda-b9ff37bf9112 c096ba51d5d54e65852d10ed5f982513 5761661979cb4dd0a94b48197f1a45c6 - - d7d60312639a45c6813dacc8faf0a94a d7d60312639a45c6813dacc8faf0a94a] 10.0.0.87 "GET /resource_providers/e72cca8d-f9b1-4ac8-970d-f54dcb122748/aggregates" status: 404 len: 235 microversion: 1.1 [pid: 8|app: 0|req: 556/1119] 10.0.0.87 () {32 vars in 813 bytes} [Wed Jul 1 02:08:11 2026] GET /resource_providers/e72cca8d-f9b1-4ac8-970d-f54dcb122748/aggregates => generated 235 bytes in 9 msecs (HTTP/1.1 404) 5 headers in 202 bytes (1 switches on core 0)
2026-07-01 02:08:11.056 7 INFO placement.requestlog [None req-11955fc9-1136-436a-9ab7-3652459f7da6 c096ba51d5d54e65852d10ed5f982513 5761661979cb4dd0a94b48197f1a45c6 - - d7d60312639a45c6813dacc8faf0a94a d7d60312639a45c6813dacc8faf0a94a] 10.0.0.87 "DELETE /resource_providers/e72cca8d-f9b1-4ac8-970d-f54dcb122748" status: 404 len: 246 microversion: 1.1 [pid: 7|app: 0|req: 564/1120] 10.0.0.87 () {34 vars in 813 bytes} [Wed Jul 1 02:08:11 2026] DELETE /resource_providers/e72cca8d-f9b1-4ac8-970d-f54dcb122748 => generated 246 bytes in 6 msecs (HTTP/1.1 404) 6 headers in 231 bytes (1 switches on core 0)
2026-07-01 02:08:11.065 8 INFO placement.requestlog [None req-415dfab4-e173-4a96-bcf5-97b141701099 c096ba51d5d54e65852d10ed5f982513 5761661979cb4dd0a94b48197f1a45c6 - - d7d60312639a45c6813dacc8faf0a94a d7d60312639a45c6813dacc8faf0a94a] 10.0.0.87 "DELETE /resource_providers/e72cca8d-f9b1-4ac8-970d-f54dcb122748" status: 404 len: 246 microversion: 1.1 [pid: 8|app: 0|req: 557/1121] 10.0.0.87 () {34 vars in 813 bytes} [Wed Jul 1 02:08:11 2026] DELETE /resource_providers/e72cca8d-f9b1-4ac8-970d-f54dcb122748 => generated 246 bytes in 9 msecs (HTTP/1.1 404) 6 headers in 231 bytes (1 switches on core 0)
2026-07-01 02:08:11.186 8 INFO placement.requestlog [None req-4131395a-b8fc-4308-8920-91159ad25b8d c096ba51d5d54e65852d10ed5f982513 5761661979cb4dd0a94b48197f1a45c6 - - d7d60312639a45c6813dacc8faf0a94a d7d60312639a45c6813dacc8faf0a94a] 10.0.0.87 "GET /resource_providers/1c8fa0e4-cc73-4553-8e23-df9aa43b21f1/aggregates" status: 404 len: 235 microversion: 1.1 [pid: 8|app: 0|req: 558/1122] 10.0.0.87 () {32 vars in 813 bytes} [Wed Jul 1 02:08:11 2026] GET /resource_providers/1c8fa0e4-cc73-4553-8e23-df9aa43b21f1/aggregates => generated 235 bytes in 11 msecs (HTTP/1.1 404) 5 headers in 202 bytes (1 switches on core 0)
2026-07-01 02:08:11.186 7 INFO placement.requestlog [None req-adc29cfa-328d-4546-8da6-268685941fa4 c096ba51d5d54e65852d10ed5f982513 5761661979cb4dd0a94b48197f1a45c6 - - d7d60312639a45c6813dacc8faf0a94a d7d60312639a45c6813dacc8faf0a94a] 10.0.0.87 "GET /resource_providers/1c8fa0e4-cc73-4553-8e23-df9aa43b21f1/aggregates" status: 404 len: 235 microversion: 1.1 [pid: 7|app: 0|req: 565/1123] 10.0.0.87 () {32 vars in 813 bytes} [Wed Jul 1 02:08:11 2026] GET /resource_providers/1c8fa0e4-cc73-4553-8e23-df9aa43b21f1/aggregates => generated 235 bytes in 11 msecs (HTTP/1.1 404) 5 headers in 202 bytes (1 switches on core 0)
2026-07-01 02:08:11.205 8 INFO placement.requestlog [None req-176f1f0b-5f33-4428-97e9-42dec3d98969 c096ba51d5d54e65852d10ed5f982513 5761661979cb4dd0a94b48197f1a45c6 - - d7d60312639a45c6813dacc8faf0a94a d7d60312639a45c6813dacc8faf0a94a] 10.0.0.87 "DELETE /resource_providers/1c8fa0e4-cc73-4553-8e23-df9aa43b21f1" status: 404 len: 246 microversion: 1.1 [pid: 8|app: 0|req: 559/1124] 10.0.0.87 () {34 vars in 813 bytes} [Wed Jul 1 02:08:11 2026] DELETE /resource_providers/1c8fa0e4-cc73-4553-8e23-df9aa43b21f1 => generated 246 bytes in 4 msecs (HTTP/1.1 404) 6 headers in 231 bytes (1 switches on core 0)
2026-07-01 02:08:11.211 7 INFO placement.requestlog [None req-b5af5d70-1bbc-4f49-aabe-facc9dd1b1de c096ba51d5d54e65852d10ed5f982513 5761661979cb4dd0a94b48197f1a45c6 - - d7d60312639a45c6813dacc8faf0a94a d7d60312639a45c6813dacc8faf0a94a] 10.0.0.87 "DELETE /resource_providers/1c8fa0e4-cc73-4553-8e23-df9aa43b21f1" status: 404 len: 246 microversion: 1.1 [pid: 7|app: 0|req: 566/1125] 10.0.0.87 () {34 vars in 813 bytes} [Wed Jul 1 02:08:11 2026] DELETE /resource_providers/1c8fa0e4-cc73-4553-8e23-df9aa43b21f1 => generated 246 bytes in 9 msecs (HTTP/1.1 404) 6 headers in 231 bytes (1 switches on core 0)
2026-07-01 02:08:13.079 8 INFO placement.requestlog [None req-b78697ea-3cda-4d4b-8088-a3d4add97965 c096ba51d5d54e65852d10ed5f982513 5761661979cb4dd0a94b48197f1a45c6 - - d7d60312639a45c6813dacc8faf0a94a d7d60312639a45c6813dacc8faf0a94a] 10.0.0.87 "GET /resource_providers/6149f4c8-c312-4180-af3b-f1e0a7c49194/aggregates" status: 404 len: 235 microversion: 1.1 [pid: 8|app: 0|req: 560/1126] 10.0.0.87 () {32 vars in 813 bytes} [Wed Jul 1 02:08:13 2026] GET /resource_providers/6149f4c8-c312-4180-af3b-f1e0a7c49194/aggregates => generated 235 bytes in 13 msecs (HTTP/1.1 404) 5 headers in 202 bytes (1 switches on core 0)
2026-07-01 02:08:13.085 7 INFO placement.requestlog [None req-04d071d3-f1ff-444f-8867-e0a849a5beb4 c096ba51d5d54e65852d10ed5f982513 5761661979cb4dd0a94b48197f1a45c6 - - d7d60312639a45c6813dacc8faf0a94a d7d60312639a45c6813dacc8faf0a94a] 10.0.0.87 "GET /resource_providers/6149f4c8-c312-4180-af3b-f1e0a7c49194/aggregates" status: 404 len: 235 microversion: 1.1 [pid: 7|app: 0|req: 567/1127] 10.0.0.87 () {32 vars in 813 bytes} [Wed Jul 1 02:08:13 2026] GET /resource_providers/6149f4c8-c312-4180-af3b-f1e0a7c49194/aggregates => generated 235 bytes in 10 msecs (HTTP/1.1 404) 5 headers in 202 bytes (1 switches on core 0)
2026-07-01 02:08:13.102 8 INFO placement.requestlog [None req-1fbbf776-f1b7-4a93-8ea2-f3f35792d985 c096ba51d5d54e65852d10ed5f982513 5761661979cb4dd0a94b48197f1a45c6 - - d7d60312639a45c6813dacc8faf0a94a d7d60312639a45c6813dacc8faf0a94a] 10.0.0.87 "DELETE /resource_providers/6149f4c8-c312-4180-af3b-f1e0a7c49194" status: 404 len: 246 microversion: 1.1 [pid: 8|app: 0|req: 561/1128] 10.0.0.87 () {34 vars in 813 bytes} [Wed Jul 1 02:08:13 2026] DELETE /resource_providers/6149f4c8-c312-4180-af3b-f1e0a7c49194 => generated 246 bytes in 11 msecs (HTTP/1.1 404) 6 headers in 231 bytes (1 switches on core 0)
2026-07-01 02:08:13.107 7 INFO placement.requestlog [None req-199674d1-e1b4-4819-957b-a76ca8f990aa c096ba51d5d54e65852d10ed5f982513 5761661979cb4dd0a94b48197f1a45c6 - - d7d60312639a45c6813dacc8faf0a94a d7d60312639a45c6813dacc8faf0a94a] 10.0.0.87 "DELETE /resource_providers/6149f4c8-c312-4180-af3b-f1e0a7c49194" status: 404 len: 246 microversion: 1.1 [pid: 7|app: 0|req: 568/1129] 10.0.0.87 () {34 vars in 813 bytes} [Wed Jul 1 02:08:13 2026] DELETE /resource_providers/6149f4c8-c312-4180-af3b-f1e0a7c49194 => generated 246 bytes in 12 msecs (HTTP/1.1 404) 6 headers in 231 bytes (1 switches on core 0)
2026-07-01 02:08:13.124 8 INFO placement.requestlog [None req-c57afb47-a05b-414b-936f-9f366bb1320d c096ba51d5d54e65852d10ed5f982513 5761661979cb4dd0a94b48197f1a45c6 - - d7d60312639a45c6813dacc8faf0a94a d7d60312639a45c6813dacc8faf0a94a] 10.0.0.87 "GET /resource_providers/6f31cdcc-1a7d-4b71-8a06-4fe9f99a872b/aggregates" status: 404 len: 235 microversion: 1.1 [pid: 8|app: 0|req: 562/1130] 10.0.0.87 () {32 vars in 813 bytes} [Wed Jul 1 02:08:13 2026] GET /resource_providers/6f31cdcc-1a7d-4b71-8a06-4fe9f99a872b/aggregates => generated 235 bytes in 10 msecs (HTTP/1.1 404) 5 headers in 202 bytes (1 switches on core 0)
2026-07-01 02:08:13.125 7 INFO placement.requestlog [None req-3c193bcf-5711-4e4d-b975-36a528fe699a c096ba51d5d54e65852d10ed5f982513 5761661979cb4dd0a94b48197f1a45c6 - - d7d60312639a45c6813dacc8faf0a94a d7d60312639a45c6813dacc8faf0a94a] 10.0.0.87 "GET /resource_providers/6f31cdcc-1a7d-4b71-8a06-4fe9f99a872b/aggregates" status: 404 len: 235 microversion: 1.1 [pid: 7|app: 0|req: 569/1131] 10.0.0.87 () {32 vars in 813 bytes} [Wed Jul 1 02:08:13 2026] GET /resource_providers/6f31cdcc-1a7d-4b71-8a06-4fe9f99a872b/aggregates => generated 235 bytes in 9 msecs (HTTP/1.1 404) 5 headers in 202 bytes (1 switches on core 0)
2026-07-01 02:08:13.145 8 INFO placement.requestlog [None req-0758f543-72a9-4f7c-bda1-c08c065d3e37 c096ba51d5d54e65852d10ed5f982513 5761661979cb4dd0a94b48197f1a45c6 - - d7d60312639a45c6813dacc8faf0a94a d7d60312639a45c6813dacc8faf0a94a] 10.0.0.87 "DELETE /resource_providers/6f31cdcc-1a7d-4b71-8a06-4fe9f99a872b" status: 404 len: 246 microversion: 1.1 [pid: 8|app: 0|req: 563/1132] 10.0.0.87 () {34 vars in 813 bytes} [Wed Jul 1 02:08:13 2026] DELETE /resource_providers/6f31cdcc-1a7d-4b71-8a06-4fe9f99a872b => generated 246 bytes in 8 msecs (HTTP/1.1 404) 6 headers in 231 bytes (1 switches on core 0)
2026-07-01 02:08:13.149 7 INFO placement.requestlog [None req-deb84024-4954-4af4-a2c2-f802918bb44d c096ba51d5d54e65852d10ed5f982513 5761661979cb4dd0a94b48197f1a45c6 - - d7d60312639a45c6813dacc8faf0a94a d7d60312639a45c6813dacc8faf0a94a] 10.0.0.87 "DELETE /resource_providers/6f31cdcc-1a7d-4b71-8a06-4fe9f99a872b" status: 404 len: 246 microversion: 1.1 [pid: 7|app: 0|req: 570/1133] 10.0.0.87 () {34 vars in 813 bytes} [Wed Jul 1 02:08:13 2026] DELETE /resource_providers/6f31cdcc-1a7d-4b71-8a06-4fe9f99a872b => generated 246 bytes in 10 msecs (HTTP/1.1 404) 6 headers in 231 bytes (1 switches on core 0)
2026-07-01 02:08:13.224 8 INFO placement.requestlog [None req-b4b1aab9-c577-4380-8e61-a47b31559c4f c096ba51d5d54e65852d10ed5f982513 5761661979cb4dd0a94b48197f1a45c6 - - d7d60312639a45c6813dacc8faf0a94a d7d60312639a45c6813dacc8faf0a94a] 10.0.0.87 "GET /resource_providers/e50d2354-4eed-42bb-ad5a-7c29c4f484ed/aggregates" status: 404 len: 235 microversion: 1.1 [pid: 8|app: 0|req: 564/1134] 10.0.0.87 () {32 vars in 813 bytes} [Wed Jul 1 02:08:13 2026] GET /resource_providers/e50d2354-4eed-42bb-ad5a-7c29c4f484ed/aggregates => generated 235 bytes in 10 msecs (HTTP/1.1 404) 5 headers in 202 bytes (1 switches on core 0)
2026-07-01 02:08:13.233 7 INFO placement.requestlog [None req-1a7c6395-89b1-4f7d-bde6-72b3fa14ebc8 c096ba51d5d54e65852d10ed5f982513 5761661979cb4dd0a94b48197f1a45c6 - - d7d60312639a45c6813dacc8faf0a94a d7d60312639a45c6813dacc8faf0a94a] 10.0.0.87 "GET /resource_providers/e50d2354-4eed-42bb-ad5a-7c29c4f484ed/aggregates" status: 404 len: 235 microversion: 1.1 [pid: 7|app: 0|req: 571/1135] 10.0.0.87 () {32 vars in 813 bytes} [Wed Jul 1 02:08:13 2026] GET /resource_providers/e50d2354-4eed-42bb-ad5a-7c29c4f484ed/aggregates => generated 235 bytes in 13 msecs (HTTP/1.1 404) 5 headers in 202 bytes (1 switches on core 0)
2026-07-01 02:08:13.235 8 INFO placement.requestlog [None req-f7f2b419-c254-4478-a1e2-774f3e55e8aa c096ba51d5d54e65852d10ed5f982513 5761661979cb4dd0a94b48197f1a45c6 - - d7d60312639a45c6813dacc8faf0a94a d7d60312639a45c6813dacc8faf0a94a] 10.0.0.87 "DELETE /resource_providers/e50d2354-4eed-42bb-ad5a-7c29c4f484ed" status: 404 len: 246 microversion: 1.1 [pid: 8|app: 0|req: 565/1136] 10.0.0.87 () {34 vars in 813 bytes} [Wed Jul 1 02:08:13 2026] DELETE /resource_providers/e50d2354-4eed-42bb-ad5a-7c29c4f484ed => generated 246 bytes in 5 msecs (HTTP/1.1 404) 6 headers in 231 bytes (1 switches on core 0)
2026-07-01 02:08:13.248 7 INFO placement.requestlog [None req-bb19b8fb-2f69-4964-a779-b5ca9f3cddfa c096ba51d5d54e65852d10ed5f982513 5761661979cb4dd0a94b48197f1a45c6 - - d7d60312639a45c6813dacc8faf0a94a d7d60312639a45c6813dacc8faf0a94a] 10.0.0.87 "DELETE /resource_providers/e50d2354-4eed-42bb-ad5a-7c29c4f484ed" status: 404 len: 246 microversion: 1.1 [pid: 7|app: 0|req: 572/1137] 10.0.0.87 () {34 vars in 813 bytes} [Wed Jul 1 02:08:13 2026] DELETE /resource_providers/e50d2354-4eed-42bb-ad5a-7c29c4f484ed => generated 246 bytes in 7 msecs (HTTP/1.1 404) 6 headers in 231 bytes (1 switches on core 0)
2026-07-01 02:08:17.732 8 INFO placement.requestlog [None req-759b0436-ed09-45ed-8d13-6d0d8945e364 - - - - - -] 10.0.0.19 "GET /" status: 200 len: 136 microversion: 1.0
2026-07-01 02:08:17.733 7 INFO placement.requestlog [None req-ece9a689-0249-47b1-adaf-fcbfda5db379 - - - - - -] 10.0.0.19 "GET /" status: 200 len: 136 microversion: 1.0
2026-07-01 02:08:21.844 8 INFO placement.requestlog [None req-e917d9a2-a51f-4aa4-8759-b0f67533a660 c096ba51d5d54e65852d10ed5f982513 5761661979cb4dd0a94b48197f1a45c6 - - d7d60312639a45c6813dacc8faf0a94a d7d60312639a45c6813dacc8faf0a94a] 10.0.0.87 "GET /resource_providers/62029447-a6e9-4f93-813e-dddb8a69de2e/aggregates" status: 404 len: 235 microversion: 1.1 [pid: 8|app: 0|req: 567/1140] 10.0.0.87 () {32 vars in 813 bytes} [Wed Jul 1 02:08:21 2026] GET /resource_providers/62029447-a6e9-4f93-813e-dddb8a69de2e/aggregates => generated 235 bytes in 13 msecs (HTTP/1.1 404) 5 headers in 202 bytes (1 switches on core 0)
2026-07-01 02:08:21.844 7 INFO placement.requestlog [None req-7ac27443-6c87-4266-b070-eca6930921ec c096ba51d5d54e65852d10ed5f982513 5761661979cb4dd0a94b48197f1a45c6 - - d7d60312639a45c6813dacc8faf0a94a d7d60312639a45c6813dacc8faf0a94a] 10.0.0.87 "GET /resource_providers/62029447-a6e9-4f93-813e-dddb8a69de2e/aggregates" status: 404 len: 235 microversion: 1.1 [pid: 7|app: 0|req: 574/1141] 10.0.0.87 () {32 vars in 813 bytes} [Wed Jul 1 02:08:21 2026] GET /resource_providers/62029447-a6e9-4f93-813e-dddb8a69de2e/aggregates => generated 235 bytes in 13 msecs (HTTP/1.1 404) 5 headers in 202 bytes (1 switches on core 0)
2026-07-01 02:08:21.870 8 INFO placement.requestlog [None req-7d8fbb7f-4275-40a0-84e9-9395e7b5e046 c096ba51d5d54e65852d10ed5f982513 5761661979cb4dd0a94b48197f1a45c6 - - d7d60312639a45c6813dacc8faf0a94a d7d60312639a45c6813dacc8faf0a94a] 10.0.0.87 "DELETE /resource_providers/62029447-a6e9-4f93-813e-dddb8a69de2e" status: 404 len: 246 microversion: 1.1 [pid: 8|app: 0|req: 568/1142] 10.0.0.87 () {34 vars in 813 bytes} [Wed Jul 1 02:08:21 2026] DELETE /resource_providers/62029447-a6e9-4f93-813e-dddb8a69de2e => generated 246 bytes in 11 msecs (HTTP/1.1 404) 6 headers in 231 bytes (1 switches on core 0)
2026-07-01 02:08:21.873 7 INFO placement.requestlog [None req-f8c44250-6dc7-4b58-9b8a-fa46640645a3 c096ba51d5d54e65852d10ed5f982513 5761661979cb4dd0a94b48197f1a45c6 - - d7d60312639a45c6813dacc8faf0a94a d7d60312639a45c6813dacc8faf0a94a] 10.0.0.87 "DELETE /resource_providers/62029447-a6e9-4f93-813e-dddb8a69de2e" status: 404 len: 246 microversion: 1.1 [pid: 7|app: 0|req: 575/1143] 10.0.0.87 () {34 vars in 813 bytes} [Wed Jul 1 02:08:21 2026] DELETE /resource_providers/62029447-a6e9-4f93-813e-dddb8a69de2e => generated 246 bytes in 13 msecs (HTTP/1.1 404) 6 headers in 231 bytes (1 switches on core 0)
2026-07-01 02:08:22.001 8 INFO placement.requestlog [None req-93014895-003a-43f7-8f0f-4908bf9e52a9 c096ba51d5d54e65852d10ed5f982513 5761661979cb4dd0a94b48197f1a45c6 - - d7d60312639a45c6813dacc8faf0a94a d7d60312639a45c6813dacc8faf0a94a] 10.0.0.87 "GET /resource_providers/f14a6d8e-a2b4-4788-9062-6b373ebcc347/aggregates" status: 404 len: 235 microversion: 1.1 [pid: 8|app: 0|req: 569/1144] 10.0.0.87 () {32 vars in 813 bytes} [Wed Jul 1 02:08:21 2026] GET /resource_providers/f14a6d8e-a2b4-4788-9062-6b373ebcc347/aggregates => generated 235 bytes in 11 msecs (HTTP/1.1 404) 5 headers in 202 bytes (1 switches on core 0)
2026-07-01 02:08:22.001 7 INFO placement.requestlog [None req-005e9e18-367f-4216-b50e-2b3c9bdefa14 c096ba51d5d54e65852d10ed5f982513 5761661979cb4dd0a94b48197f1a45c6 - - d7d60312639a45c6813dacc8faf0a94a d7d60312639a45c6813dacc8faf0a94a] 10.0.0.87 "GET /resource_providers/f14a6d8e-a2b4-4788-9062-6b373ebcc347/aggregates" status: 404 len: 235 microversion: 1.1 [pid: 7|app: 0|req: 576/1145] 10.0.0.87 () {32 vars in 813 bytes} [Wed Jul 1 02:08:21 2026] GET /resource_providers/f14a6d8e-a2b4-4788-9062-6b373ebcc347/aggregates => generated 235 bytes in 10 msecs (HTTP/1.1 404) 5 headers in 202 bytes (1 switches on core 0)
2026-07-01 02:08:22.022 7 INFO placement.requestlog [None req-c95c027e-2203-4569-90df-87517bb6978e c096ba51d5d54e65852d10ed5f982513 5761661979cb4dd0a94b48197f1a45c6 - - d7d60312639a45c6813dacc8faf0a94a d7d60312639a45c6813dacc8faf0a94a] 10.0.0.87 "DELETE /resource_providers/f14a6d8e-a2b4-4788-9062-6b373ebcc347" status: 404 len: 246 microversion: 1.1 [pid: 7|app: 0|req: 577/1146] 10.0.0.87 () {34 vars in 813 bytes} [Wed Jul 1 02:08:22 2026] DELETE /resource_providers/f14a6d8e-a2b4-4788-9062-6b373ebcc347 => generated 246 bytes in 8 msecs (HTTP/1.1 404) 6 headers in 231 bytes (1 switches on core 0)
2026-07-01 02:08:22.025 8 INFO placement.requestlog [None req-0a7e1f4b-43a6-4d30-affd-896963b85729 c096ba51d5d54e65852d10ed5f982513 5761661979cb4dd0a94b48197f1a45c6 - - d7d60312639a45c6813dacc8faf0a94a d7d60312639a45c6813dacc8faf0a94a] 10.0.0.87 "DELETE /resource_providers/f14a6d8e-a2b4-4788-9062-6b373ebcc347" status: 404 len: 246 microversion: 1.1 [pid: 8|app: 0|req: 570/1147] 10.0.0.87 () {34 vars in 813 bytes} [Wed Jul 1 02:08:22 2026] DELETE /resource_providers/f14a6d8e-a2b4-4788-9062-6b373ebcc347 => generated 246 bytes in 10 msecs (HTTP/1.1 404) 6 headers in 231 bytes (1 switches on core 0)
2026-07-01 02:08:23.681 7 INFO placement.requestlog [req-2fa92b57-576f-4ed2-8bb4-73443dd18b7c req-d146fde1-b9cc-4d03-95b4-f488893dcab2 168752b8434c4333a847ea7cc0492869 5761661979cb4dd0a94b48197f1a45c6 - - d7d60312639a45c6813dacc8faf0a94a d7d60312639a45c6813dacc8faf0a94a] 199.204.45.4 "GET /resource_providers/cd701138-fbd7-4bcc-919a-6036c16320d7/allocations" status: 200 len: 253 microversion: 1.0 [pid: 7|app: 0|req: 578/1148] 199.204.45.4 () {32 vars in 853 bytes} [Wed Jul 1 02:08:23 2026] GET /resource_providers/cd701138-fbd7-4bcc-919a-6036c16320d7/allocations => generated 253 bytes in 180 msecs (HTTP/1.1 200) 6 headers in 224 bytes (1 switches on core 0)
2026-07-01 02:08:23.707 8 INFO placement.requestlog [req-2fa92b57-576f-4ed2-8bb4-73443dd18b7c req-117784a1-7b9a-4cdc-a16d-91ab4f1bc5d6 168752b8434c4333a847ea7cc0492869 5761661979cb4dd0a94b48197f1a45c6 - - d7d60312639a45c6813dacc8faf0a94a d7d60312639a45c6813dacc8faf0a94a] 199.204.45.4 "GET /resource_providers?in_tree=cd701138-fbd7-4bcc-919a-6036c16320d7" status: 200 len: 798 microversion: 1.14 [pid: 8|app: 0|req: 571/1149] 199.204.45.4 () {34 vars in 888 bytes} [Wed Jul 1 02:08:23 2026] GET /resource_providers?in_tree=cd701138-fbd7-4bcc-919a-6036c16320d7 => generated 798 bytes in 18 msecs (HTTP/1.1 200) 6 headers in 225 bytes (1 switches on core 0)
2026-07-01 02:08:23.728 7 INFO placement.requestlog [req-2fa92b57-576f-4ed2-8bb4-73443dd18b7c req-4bfaaf29-2645-4f9b-9007-f0acdd3e992b 168752b8434c4333a847ea7cc0492869 5761661979cb4dd0a94b48197f1a45c6 - - d7d60312639a45c6813dacc8faf0a94a d7d60312639a45c6813dacc8faf0a94a] 199.204.45.4 "GET /resource_providers/cd701138-fbd7-4bcc-919a-6036c16320d7/inventories" status: 200 len: 401 microversion: 1.0 [pid: 7|app: 0|req: 579/1150] 199.204.45.4 () {32 vars in 853 bytes} [Wed Jul 1 02:08:23 2026] GET /resource_providers/cd701138-fbd7-4bcc-919a-6036c16320d7/inventories => generated 401 bytes in 15 msecs (HTTP/1.1 200) 6 headers in 224 bytes (1 switches on core 0)
2026-07-01 02:08:23.754 8 INFO placement.requestlog [req-2fa92b57-576f-4ed2-8bb4-73443dd18b7c req-5702daf8-c5c3-4a9e-a1d7-7b648e12fd08 168752b8434c4333a847ea7cc0492869 5761661979cb4dd0a94b48197f1a45c6 - - d7d60312639a45c6813dacc8faf0a94a d7d60312639a45c6813dacc8faf0a94a] 199.204.45.4 "GET /resource_providers/cd701138-fbd7-4bcc-919a-6036c16320d7/aggregates" status: 200 len: 54 microversion: 1.19 [pid: 8|app: 0|req: 572/1151] 199.204.45.4 () {34 vars in 895 bytes} [Wed Jul 1 02:08:23 2026] GET /resource_providers/cd701138-fbd7-4bcc-919a-6036c16320d7/aggregates => generated 54 bytes in 17 msecs (HTTP/1.1 200) 8 headers in 295 bytes (1 switches on core 0)
2026-07-01 02:08:23.788 7 INFO placement.requestlog [req-2fa92b57-576f-4ed2-8bb4-73443dd18b7c req-0d54a461-12a2-42b4-99b5-d15dc74ae4b3 168752b8434c4333a847ea7cc0492869 5761661979cb4dd0a94b48197f1a45c6 - - d7d60312639a45c6813dacc8faf0a94a d7d60312639a45c6813dacc8faf0a94a] 199.204.45.4 "GET /resource_providers/cd701138-fbd7-4bcc-919a-6036c16320d7/traits" status: 200 len: 2176 microversion: 1.6 [pid: 7|app: 0|req: 580/1152] 199.204.45.4 () {34 vars in 886 bytes} [Wed Jul 1 02:08:23 2026] GET /resource_providers/cd701138-fbd7-4bcc-919a-6036c16320d7/traits => generated 2176 bytes in 27 msecs (HTTP/1.1 200) 6 headers in 225 bytes (1 switches on core 0)
2026-07-01 02:08:23.814 8 INFO placement.requestlog [req-2fa92b57-576f-4ed2-8bb4-73443dd18b7c req-9a548a9f-1fe1-4684-aec3-a73f351673ed 168752b8434c4333a847ea7cc0492869 5761661979cb4dd0a94b48197f1a45c6 - - d7d60312639a45c6813dacc8faf0a94a d7d60312639a45c6813dacc8faf0a94a] 199.204.45.4 "GET /resource_providers/cd701138-fbd7-4bcc-919a-6036c16320d7/allocations" status: 200 len: 253 microversion: 1.0 [pid: 8|app: 0|req: 573/1153] 199.204.45.4 () {32 vars in 853 bytes} [Wed Jul 1 02:08:23 2026] GET /resource_providers/cd701138-fbd7-4bcc-919a-6036c16320d7/allocations => generated 253 bytes in 18 msecs (HTTP/1.1 200) 6 headers in 224 bytes (1 switches on core 0)
2026-07-01 02:08:23.848 7 INFO placement.requestlog [req-2fa92b57-576f-4ed2-8bb4-73443dd18b7c req-6e4185ea-72e7-4484-8291-c6bbf6a89a64 168752b8434c4333a847ea7cc0492869 5761661979cb4dd0a94b48197f1a45c6 - - d7d60312639a45c6813dacc8faf0a94a d7d60312639a45c6813dacc8faf0a94a] 199.204.45.4 "GET /allocations/c0f6b628-9daf-416b-9b85-2913a4491b82" status: 200 len: 258 microversion: 1.28 [pid: 7|app: 0|req: 581/1154] 199.204.45.4 () {34 vars in 859 bytes} [Wed Jul 1 02:08:23 2026] GET /allocations/c0f6b628-9daf-416b-9b85-2913a4491b82 => generated 258 bytes in 23 msecs (HTTP/1.1 200) 8 headers in 296 bytes (1 switches on core 0)
2026-07-01 02:08:23.867 8 INFO placement.requestlog [req-2fa92b57-576f-4ed2-8bb4-73443dd18b7c req-38f9f0a3-b849-4120-87b3-002d6c18797b 168752b8434c4333a847ea7cc0492869 5761661979cb4dd0a94b48197f1a45c6 - - d7d60312639a45c6813dacc8faf0a94a d7d60312639a45c6813dacc8faf0a94a] 199.204.45.4 "GET /allocations/8c0f4ea8-177d-40f9-b8cf-626dd8b4b5e5" status: 200 len: 258 microversion: 1.28 [pid: 8|app: 0|req: 574/1155] 199.204.45.4 () {34 vars in 859 bytes} [Wed Jul 1 02:08:23 2026] GET /allocations/8c0f4ea8-177d-40f9-b8cf-626dd8b4b5e5 => generated 258 bytes in 13 msecs (HTTP/1.1 200) 8 headers in 296 bytes (1 switches on core 0)
2026-07-01 02:08:23.887 7 INFO placement.requestlog [None req-41601049-ad48-4bde-b2d7-46c90c4131b4 c096ba51d5d54e65852d10ed5f982513 5761661979cb4dd0a94b48197f1a45c6 - - d7d60312639a45c6813dacc8faf0a94a d7d60312639a45c6813dacc8faf0a94a] 10.0.0.87 "GET /resource_providers/9c5fa589-6435-4545-b993-2f7f686585af/aggregates" status: 404 len: 235 microversion: 1.1 [pid: 7|app: 0|req: 582/1156] 10.0.0.87 () {32 vars in 813 bytes} [Wed Jul 1 02:08:23 2026] GET /resource_providers/9c5fa589-6435-4545-b993-2f7f686585af/aggregates => generated 235 bytes in 8 msecs (HTTP/1.1 404) 5 headers in 202 bytes (1 switches on core 0)
2026-07-01 02:08:23.894 8 INFO placement.requestlog [None req-a5cc6b52-b646-4364-a500-289f4b619c81 c096ba51d5d54e65852d10ed5f982513 5761661979cb4dd0a94b48197f1a45c6 - - d7d60312639a45c6813dacc8faf0a94a d7d60312639a45c6813dacc8faf0a94a] 10.0.0.87 "GET /resource_providers/9c5fa589-6435-4545-b993-2f7f686585af/aggregates" status: 404 len: 235 microversion: 1.1 [pid: 8|app: 0|req: 575/1157] 10.0.0.87 () {32 vars in 813 bytes} [Wed Jul 1 02:08:23 2026] GET /resource_providers/9c5fa589-6435-4545-b993-2f7f686585af/aggregates => generated 235 bytes in 8 msecs (HTTP/1.1 404) 5 headers in 202 bytes (1 switches on core 0)
2026-07-01 02:08:23.898 7 INFO placement.requestlog [None req-06ab89cf-7e79-469c-b72e-caad679aa51c c096ba51d5d54e65852d10ed5f982513 5761661979cb4dd0a94b48197f1a45c6 - - d7d60312639a45c6813dacc8faf0a94a d7d60312639a45c6813dacc8faf0a94a] 10.0.0.87 "DELETE /resource_providers/9c5fa589-6435-4545-b993-2f7f686585af" status: 404 len: 246 microversion: 1.1 [pid: 7|app: 0|req: 583/1158] 10.0.0.87 () {34 vars in 813 bytes} [Wed Jul 1 02:08:23 2026] DELETE /resource_providers/9c5fa589-6435-4545-b993-2f7f686585af => generated 246 bytes in 6 msecs (HTTP/1.1 404) 6 headers in 231 bytes (1 switches on core 0)
2026-07-01 02:08:23.904 8 INFO placement.requestlog [None req-1c8b0488-5920-47fa-80b9-bff3d49378d7 c096ba51d5d54e65852d10ed5f982513 5761661979cb4dd0a94b48197f1a45c6 - - d7d60312639a45c6813dacc8faf0a94a d7d60312639a45c6813dacc8faf0a94a] 10.0.0.87 "DELETE /resource_providers/9c5fa589-6435-4545-b993-2f7f686585af" status: 404 len: 246 microversion: 1.1 [pid: 8|app: 0|req: 576/1159] 10.0.0.87 () {34 vars in 813 bytes} [Wed Jul 1 02:08:23 2026] DELETE /resource_providers/9c5fa589-6435-4545-b993-2f7f686585af => generated 246 bytes in 6 msecs (HTTP/1.1 404) 6 headers in 231 bytes (1 switches on core 0)
2026-07-01 02:08:23.912 7 INFO placement.requestlog [None req-1aac3bc3-68c6-4e04-9a58-97d9cb9e1ead c096ba51d5d54e65852d10ed5f982513 5761661979cb4dd0a94b48197f1a45c6 - - d7d60312639a45c6813dacc8faf0a94a d7d60312639a45c6813dacc8faf0a94a] 10.0.0.87 "GET /resource_providers/7dedc80a-5a95-4b39-8761-f071eb9d5985/aggregates" status: 404 len: 235 microversion: 1.1 [pid: 7|app: 0|req: 584/1160] 10.0.0.87 () {32 vars in 813 bytes} [Wed Jul 1 02:08:23 2026] GET /resource_providers/7dedc80a-5a95-4b39-8761-f071eb9d5985/aggregates => generated 235 bytes in 7 msecs (HTTP/1.1 404) 5 headers in 202 bytes (1 switches on core 0)
2026-07-01 02:08:23.915 8 INFO placement.requestlog [None req-44a2fb7f-1f30-4088-adf5-e5d0f09aa3f4 c096ba51d5d54e65852d10ed5f982513 5761661979cb4dd0a94b48197f1a45c6 - - d7d60312639a45c6813dacc8faf0a94a d7d60312639a45c6813dacc8faf0a94a] 10.0.0.87 "GET /resource_providers/7dedc80a-5a95-4b39-8761-f071eb9d5985/aggregates" status: 404 len: 235 microversion: 1.1 [pid: 8|app: 0|req: 577/1161] 10.0.0.87 () {32 vars in 813 bytes} [Wed Jul 1 02:08:23 2026] GET /resource_providers/7dedc80a-5a95-4b39-8761-f071eb9d5985/aggregates => generated 235 bytes in 6 msecs (HTTP/1.1 404) 5 headers in 202 bytes (1 switches on core 0)
2026-07-01 02:08:23.926 8 INFO placement.requestlog [None req-7f95438f-f16a-4823-b976-5cc43c64f82c c096ba51d5d54e65852d10ed5f982513 5761661979cb4dd0a94b48197f1a45c6 - - d7d60312639a45c6813dacc8faf0a94a d7d60312639a45c6813dacc8faf0a94a] 10.0.0.87 "DELETE /resource_providers/7dedc80a-5a95-4b39-8761-f071eb9d5985" status: 404 len: 246 microversion: 1.1 [pid: 8|app: 0|req: 578/1162] 10.0.0.87 () {34 vars in 813 bytes} [Wed Jul 1 02:08:23 2026] DELETE /resource_providers/7dedc80a-5a95-4b39-8761-f071eb9d5985 => generated 246 bytes in 6 msecs (HTTP/1.1 404) 6 headers in 231 bytes (1 switches on core 0)
2026-07-01 02:08:23.928 7 INFO placement.requestlog [None req-1d3b86bd-625e-44d7-83d0-695232b6eed5 c096ba51d5d54e65852d10ed5f982513 5761661979cb4dd0a94b48197f1a45c6 - - d7d60312639a45c6813dacc8faf0a94a d7d60312639a45c6813dacc8faf0a94a] 10.0.0.87 "DELETE /resource_providers/7dedc80a-5a95-4b39-8761-f071eb9d5985" status: 404 len: 246 microversion: 1.1 [pid: 7|app: 0|req: 585/1163] 10.0.0.87 () {34 vars in 813 bytes} [Wed Jul 1 02:08:23 2026] DELETE /resource_providers/7dedc80a-5a95-4b39-8761-f071eb9d5985 => generated 246 bytes in 9 msecs (HTTP/1.1 404) 6 headers in 231 bytes (1 switches on core 0)
2026-07-01 02:08:24.042 8 INFO placement.requestlog [None req-e12da232-d6b9-4203-bdcc-e4bc432456b8 c096ba51d5d54e65852d10ed5f982513 5761661979cb4dd0a94b48197f1a45c6 - - d7d60312639a45c6813dacc8faf0a94a d7d60312639a45c6813dacc8faf0a94a] 10.0.0.87 "GET /resource_providers/e951035d-6a1b-4aa1-b26e-c41482bd7c57/aggregates" status: 404 len: 235 microversion: 1.1 [pid: 8|app: 0|req: 579/1164] 10.0.0.87 () {32 vars in 813 bytes} [Wed Jul 1 02:08:24 2026] GET /resource_providers/e951035d-6a1b-4aa1-b26e-c41482bd7c57/aggregates => generated 235 bytes in 8 msecs (HTTP/1.1 404) 5 headers in 202 bytes (1 switches on core 0)
2026-07-01 02:08:24.044 7 INFO placement.requestlog [None req-60516db6-097d-4233-8f9b-dd5ca5a464ad c096ba51d5d54e65852d10ed5f982513 5761661979cb4dd0a94b48197f1a45c6 - - d7d60312639a45c6813dacc8faf0a94a d7d60312639a45c6813dacc8faf0a94a] 10.0.0.87 "GET /resource_providers/e951035d-6a1b-4aa1-b26e-c41482bd7c57/aggregates" status: 404 len: 235 microversion: 1.1 [pid: 7|app: 0|req: 586/1165] 10.0.0.87 () {32 vars in 813 bytes} [Wed Jul 1 02:08:24 2026] GET /resource_providers/e951035d-6a1b-4aa1-b26e-c41482bd7c57/aggregates => generated 235 bytes in 9 msecs (HTTP/1.1 404) 5 headers in 202 bytes (1 switches on core 0)
2026-07-01 02:08:24.061 8 INFO placement.requestlog [None req-fe0387cd-cc30-4ef2-8d2f-4730d836a14d c096ba51d5d54e65852d10ed5f982513 5761661979cb4dd0a94b48197f1a45c6 - - d7d60312639a45c6813dacc8faf0a94a d7d60312639a45c6813dacc8faf0a94a] 10.0.0.87 "DELETE /resource_providers/e951035d-6a1b-4aa1-b26e-c41482bd7c57" status: 404 len: 246 microversion: 1.1 [pid: 8|app: 0|req: 580/1166] 10.0.0.87 () {34 vars in 813 bytes} [Wed Jul 1 02:08:24 2026] DELETE /resource_providers/e951035d-6a1b-4aa1-b26e-c41482bd7c57 => generated 246 bytes in 8 msecs (HTTP/1.1 404) 6 headers in 231 bytes (1 switches on core 0)
2026-07-01 02:08:24.065 7 INFO placement.requestlog [None req-745e1d18-e845-4ad8-8473-d4db26dee37d c096ba51d5d54e65852d10ed5f982513 5761661979cb4dd0a94b48197f1a45c6 - - d7d60312639a45c6813dacc8faf0a94a d7d60312639a45c6813dacc8faf0a94a] 10.0.0.87 "DELETE /resource_providers/e951035d-6a1b-4aa1-b26e-c41482bd7c57" status: 404 len: 246 microversion: 1.1 [pid: 7|app: 0|req: 587/1167] 10.0.0.87 () {34 vars in 813 bytes} [Wed Jul 1 02:08:24 2026] DELETE /resource_providers/e951035d-6a1b-4aa1-b26e-c41482bd7c57 => generated 246 bytes in 11 msecs (HTTP/1.1 404) 6 headers in 231 bytes (1 switches on core 0)
2026-07-01 02:08:27.733 8 INFO placement.requestlog [None req-6c1f342a-65d8-4cb0-811c-df6915eb0c50 - - - - - -] 10.0.0.19 "GET /" status: 200 len: 136 microversion: 1.0
2026-07-01 02:08:27.733 7 INFO placement.requestlog [None req-df03eb2f-3265-478a-8c8e-71d5939dc3ff - - - - - -] 10.0.0.19 "GET /" status: 200 len: 136 microversion: 1.0
2026-07-01 02:08:37.732 8 INFO placement.requestlog [None req-54986705-4e43-4264-a818-33ae2a83f966 - - - - - -] 10.0.0.19 "GET /" status: 200 len: 136 microversion: 1.0
2026-07-01 02:08:37.732 7 INFO placement.requestlog [None req-2f39750f-5523-4eca-b37a-69652cf8d937 - - - - - -] 10.0.0.19 "GET /" status: 200 len: 136 microversion: 1.0
2026-07-01 02:08:39.774 8 INFO placement.requestlog [None req-d7cb0713-6311-4874-ba6a-7b33e6fc87d0 c096ba51d5d54e65852d10ed5f982513 5761661979cb4dd0a94b48197f1a45c6 - - d7d60312639a45c6813dacc8faf0a94a d7d60312639a45c6813dacc8faf0a94a] 10.0.0.87 "GET /resource_providers/282ff01c-a400-48c0-a557-3135bbe1e26a/aggregates" status: 404 len: 235 microversion: 1.1 [pid: 8|app: 0|req: 583/1172] 10.0.0.87 () {32 vars in 813 bytes} [Wed Jul 1 02:08:39 2026] GET /resource_providers/282ff01c-a400-48c0-a557-3135bbe1e26a/aggregates => generated 235 bytes in 19 msecs (HTTP/1.1 404) 5 headers in 202 bytes (1 switches on core 0)
2026-07-01 02:08:39.780 7 INFO placement.requestlog [None req-3dbf62e0-de43-49e3-b9b1-833193325215 c096ba51d5d54e65852d10ed5f982513 5761661979cb4dd0a94b48197f1a45c6 - - d7d60312639a45c6813dacc8faf0a94a d7d60312639a45c6813dacc8faf0a94a] 10.0.0.87 "GET /resource_providers/282ff01c-a400-48c0-a557-3135bbe1e26a/aggregates" status: 404 len: 235 microversion: 1.1 [pid: 7|app: 0|req: 590/1173] 10.0.0.87 () {32 vars in 813 bytes} [Wed Jul 1 02:08:39 2026] GET /resource_providers/282ff01c-a400-48c0-a557-3135bbe1e26a/aggregates => generated 235 bytes in 14 msecs (HTTP/1.1 404) 5 headers in 202 bytes (1 switches on core 0)
2026-07-01 02:08:39.796 8 INFO placement.requestlog [None req-315741d9-aabf-464d-b2b5-7b4982fb31e2 c096ba51d5d54e65852d10ed5f982513 5761661979cb4dd0a94b48197f1a45c6 - - d7d60312639a45c6813dacc8faf0a94a d7d60312639a45c6813dacc8faf0a94a] 10.0.0.87 "DELETE /resource_providers/282ff01c-a400-48c0-a557-3135bbe1e26a" status: 404 len: 246 microversion: 1.1 [pid: 8|app: 0|req: 584/1174] 10.0.0.87 () {34 vars in 813 bytes} [Wed Jul 1 02:08:39 2026] DELETE /resource_providers/282ff01c-a400-48c0-a557-3135bbe1e26a => generated 246 bytes in 10 msecs (HTTP/1.1 404) 6 headers in 231 bytes (1 switches on core 0)
2026-07-01 02:08:39.801 7 INFO placement.requestlog [None req-5fcef73a-ad20-4845-9aaa-718390ac3c3d c096ba51d5d54e65852d10ed5f982513 5761661979cb4dd0a94b48197f1a45c6 - - d7d60312639a45c6813dacc8faf0a94a d7d60312639a45c6813dacc8faf0a94a] 10.0.0.87 "DELETE /resource_providers/282ff01c-a400-48c0-a557-3135bbe1e26a" status: 404 len: 246 microversion: 1.1 [pid: 7|app: 0|req: 591/1175] 10.0.0.87 () {34 vars in 813 bytes} [Wed Jul 1 02:08:39 2026] DELETE /resource_providers/282ff01c-a400-48c0-a557-3135bbe1e26a => generated 246 bytes in 14 msecs (HTTP/1.1 404) 6 headers in 231 bytes (1 switches on core 0)
2026-07-01 02:08:42.220 8 INFO placement.requestlog [req-33acd104-12f3-4170-b1f6-2adb07a1bd6c req-f2200912-dc8f-48aa-a4a9-82047fa0e374 168752b8434c4333a847ea7cc0492869 5761661979cb4dd0a94b48197f1a45c6 - - d7d60312639a45c6813dacc8faf0a94a d7d60312639a45c6813dacc8faf0a94a] 10.0.0.85 "GET /allocation_candidates?limit=1000&resources=MEMORY_MB%3A2048%2CVCPU%3A2&root_required=%21COMPUTE_STATUS_DISABLED" status: 200 len: 2630 microversion: 1.36 [pid: 8|app: 0|req: 585/1176] 10.0.0.85 () {34 vars in 983 bytes} [Wed Jul 1 02:08:42 2026] GET /allocation_candidates?limit=1000&resources=MEMORY_MB%3A2048%2CVCPU%3A2&root_required=%21COMPUTE_STATUS_DISABLED => generated 2630 bytes in 45 msecs (HTTP/1.1 200) 8 headers in 297 bytes (1 switches on core 0)
2026-07-01 02:08:42.253 7 INFO placement.requestlog [req-33acd104-12f3-4170-b1f6-2adb07a1bd6c req-679e470b-31e1-4b96-b8eb-bd4210b4745f 168752b8434c4333a847ea7cc0492869 5761661979cb4dd0a94b48197f1a45c6 - - d7d60312639a45c6813dacc8faf0a94a d7d60312639a45c6813dacc8faf0a94a] 10.0.0.85 "GET /allocations/5a2da506-6d5b-4daa-be5a-dc8079126569" status: 200 len: 19 microversion: 1.28 [pid: 7|app: 0|req: 592/1177] 10.0.0.85 () {34 vars in 858 bytes} [Wed Jul 1 02:08:42 2026] GET /allocations/5a2da506-6d5b-4daa-be5a-dc8079126569 => generated 19 bytes in 14 msecs (HTTP/1.1 200) 8 headers in 295 bytes (1 switches on core 0)
2026-07-01 02:08:42.336 8 INFO placement.requestlog [req-33acd104-12f3-4170-b1f6-2adb07a1bd6c req-f6ddf26e-56dc-4686-a7fa-49c9c3ca4aa4 168752b8434c4333a847ea7cc0492869 5761661979cb4dd0a94b48197f1a45c6 - - d7d60312639a45c6813dacc8faf0a94a d7d60312639a45c6813dacc8faf0a94a] 10.0.0.85 "PUT /allocations/5a2da506-6d5b-4daa-be5a-dc8079126569" status: 204 len: 0 microversion: 1.36 [pid: 8|app: 0|req: 586/1178] 10.0.0.85 () {38 vars in 911 bytes} [Wed Jul 1 02:08:42 2026] PUT /allocations/5a2da506-6d5b-4daa-be5a-dc8079126569 => generated 0 bytes in 77 msecs (HTTP/1.1 204) 5 headers in 199 bytes (1 switches on core 0)
2026-07-01 02:08:43.859 7 INFO placement.requestlog [req-33acd104-12f3-4170-b1f6-2adb07a1bd6c req-ce760f4b-5f9c-41d3-9a9c-2d521328061e 168752b8434c4333a847ea7cc0492869 5761661979cb4dd0a94b48197f1a45c6 - - d7d60312639a45c6813dacc8faf0a94a d7d60312639a45c6813dacc8faf0a94a] 199.204.45.4 "GET /allocations/5a2da506-6d5b-4daa-be5a-dc8079126569" status: 200 len: 245 microversion: 1.28 [pid: 7|app: 0|req: 593/1179] 199.204.45.4 () {34 vars in 859 bytes} [Wed Jul 1 02:08:43 2026] GET /allocations/5a2da506-6d5b-4daa-be5a-dc8079126569 => generated 245 bytes in 10 msecs (HTTP/1.1 200) 8 headers in 296 bytes (1 switches on core 0)
2026-07-01 02:08:44.898 8 INFO placement.requestlog [req-33acd104-12f3-4170-b1f6-2adb07a1bd6c req-c90898ed-075f-4706-a4b8-1e5e5fd57b54 168752b8434c4333a847ea7cc0492869 5761661979cb4dd0a94b48197f1a45c6 - - d7d60312639a45c6813dacc8faf0a94a d7d60312639a45c6813dacc8faf0a94a] 199.204.45.4 "GET /resource_providers/cd701138-fbd7-4bcc-919a-6036c16320d7/allocations" status: 200 len: 340 microversion: 1.0 [pid: 8|app: 0|req: 587/1180] 199.204.45.4 () {32 vars in 853 bytes} [Wed Jul 1 02:08:44 2026] GET /resource_providers/cd701138-fbd7-4bcc-919a-6036c16320d7/allocations => generated 340 bytes in 16 msecs (HTTP/1.1 200) 6 headers in 224 bytes (1 switches on core 0)
2026-07-01 02:08:44.931 7 INFO placement.requestlog [req-33acd104-12f3-4170-b1f6-2adb07a1bd6c req-27c5f0e3-b3ee-4cf3-aa1f-391aea2b126f 168752b8434c4333a847ea7cc0492869 5761661979cb4dd0a94b48197f1a45c6 - - d7d60312639a45c6813dacc8faf0a94a d7d60312639a45c6813dacc8faf0a94a] 199.204.45.4 "GET /allocations/c0f6b628-9daf-416b-9b85-2913a4491b82" status: 200 len: 258 microversion: 1.28 [pid: 7|app: 0|req: 594/1181] 199.204.45.4 () {34 vars in 859 bytes} [Wed Jul 1 02:08:44 2026] GET /allocations/c0f6b628-9daf-416b-9b85-2913a4491b82 => generated 258 bytes in 24 msecs (HTTP/1.1 200) 8 headers in 296 bytes (1 switches on core 0)
2026-07-01 02:08:44.948 8 INFO placement.requestlog [req-33acd104-12f3-4170-b1f6-2adb07a1bd6c req-5f5a2c0b-ba7e-46b8-8379-6d4f9986f859 168752b8434c4333a847ea7cc0492869 5761661979cb4dd0a94b48197f1a45c6 - - d7d60312639a45c6813dacc8faf0a94a d7d60312639a45c6813dacc8faf0a94a] 199.204.45.4 "GET /allocations/8c0f4ea8-177d-40f9-b8cf-626dd8b4b5e5" status: 200 len: 258 microversion: 1.28 [pid: 8|app: 0|req: 588/1182] 199.204.45.4 () {34 vars in 859 bytes} [Wed Jul 1 02:08:44 2026] GET /allocations/8c0f4ea8-177d-40f9-b8cf-626dd8b4b5e5 => generated 258 bytes in 11 msecs (HTTP/1.1 200) 8 headers in 296 bytes (1 switches on core 0)
2026-07-01 02:08:44.962 7 INFO placement.requestlog [req-33acd104-12f3-4170-b1f6-2adb07a1bd6c req-a37a2553-9d24-460f-9626-412008f5053c 168752b8434c4333a847ea7cc0492869 5761661979cb4dd0a94b48197f1a45c6 - - d7d60312639a45c6813dacc8faf0a94a d7d60312639a45c6813dacc8faf0a94a] 199.204.45.4 "GET /allocations/5a2da506-6d5b-4daa-be5a-dc8079126569" status: 200 len: 245 microversion: 1.28 [pid: 7|app: 0|req: 595/1183] 199.204.45.4 () {34 vars in 859 bytes} [Wed Jul 1 02:08:44 2026] GET /allocations/5a2da506-6d5b-4daa-be5a-dc8079126569 => generated 245 bytes in 9 msecs (HTTP/1.1 200) 8 headers in 296 bytes (1 switches on core 0)
2026-07-01 02:08:47.733 8 INFO placement.requestlog [None req-096367d9-010d-4f75-80b2-b91d2d1099cb - - - - - -] 10.0.0.19 "GET /" status: 200 len: 136 microversion: 1.0
2026-07-01 02:08:47.733 7 INFO placement.requestlog [None req-40ff7e90-67ac-4f2f-a7b0-f5fca485a74f - - - - - -] 10.0.0.19 "GET /" status: 200 len: 136 microversion: 1.0
2026-07-01 02:08:53.334 8 INFO placement.requestlog [None req-d3163e84-3bfa-4896-8ffe-63e3415768c4 c096ba51d5d54e65852d10ed5f982513 5761661979cb4dd0a94b48197f1a45c6 - - d7d60312639a45c6813dacc8faf0a94a d7d60312639a45c6813dacc8faf0a94a] 10.0.0.87 "GET /resource_providers/86663219-ed35-46d9-9fcb-9bdfc3649f27/aggregates" status: 404 len: 235 microversion: 1.1
2026-07-01 02:08:53.334 7 INFO placement.requestlog [None req-050dc1d0-a827-4a60-b2b5-8cc903bde6e3 c096ba51d5d54e65852d10ed5f982513 5761661979cb4dd0a94b48197f1a45c6 - - d7d60312639a45c6813dacc8faf0a94a d7d60312639a45c6813dacc8faf0a94a] 10.0.0.87 "GET /resource_providers/86663219-ed35-46d9-9fcb-9bdfc3649f27/aggregates" status: 404 len: 235 microversion: 1.1 [pid: 8|app: 0|req: 590/1186] 10.0.0.87 () {32 vars in 813 bytes} [Wed Jul 1 02:08:53 2026] GET /resource_providers/86663219-ed35-46d9-9fcb-9bdfc3649f27/aggregates => generated 235 bytes in 8 msecs (HTTP/1.1 404) 5 headers in 202 bytes (1 switches on core 0) [pid: 7|app: 0|req: 597/1187] 10.0.0.87 () {32 vars in 813 bytes} [Wed Jul 1 02:08:53 2026] GET /resource_providers/86663219-ed35-46d9-9fcb-9bdfc3649f27/aggregates => generated 235 bytes in 10 msecs (HTTP/1.1 404) 5 headers in 202 bytes (1 switches on core 0)
2026-07-01 02:08:53.361 8 INFO placement.requestlog [None req-4f0213ff-4229-4649-b15d-c9a17443c145 c096ba51d5d54e65852d10ed5f982513 5761661979cb4dd0a94b48197f1a45c6 - - d7d60312639a45c6813dacc8faf0a94a d7d60312639a45c6813dacc8faf0a94a] 10.0.0.87 "DELETE /resource_providers/86663219-ed35-46d9-9fcb-9bdfc3649f27" status: 404 len: 246 microversion: 1.1 [pid: 8|app: 0|req: 591/1188] 10.0.0.87 () {34 vars in 813 bytes} [Wed Jul 1 02:08:53 2026] DELETE /resource_providers/86663219-ed35-46d9-9fcb-9bdfc3649f27 => generated 246 bytes in 16 msecs (HTTP/1.1 404) 6 headers in 231 bytes (1 switches on core 0)
2026-07-01 02:08:53.366 7 INFO placement.requestlog [None req-0032c97a-643b-4549-beec-ba769189ba50 c096ba51d5d54e65852d10ed5f982513 5761661979cb4dd0a94b48197f1a45c6 - - d7d60312639a45c6813dacc8faf0a94a d7d60312639a45c6813dacc8faf0a94a] 10.0.0.87 "DELETE /resource_providers/86663219-ed35-46d9-9fcb-9bdfc3649f27" status: 404 len: 246 microversion: 1.1 [pid: 7|app: 0|req: 598/1189] 10.0.0.87 () {34 vars in 813 bytes} [Wed Jul 1 02:08:53 2026] DELETE /resource_providers/86663219-ed35-46d9-9fcb-9bdfc3649f27 => generated 246 bytes in 15 msecs (HTTP/1.1 404) 6 headers in 231 bytes (1 switches on core 0)
2026-07-01 02:08:53.481 7 INFO placement.requestlog [None req-c7834609-bceb-437c-8e0b-4c0413f004d2 c096ba51d5d54e65852d10ed5f982513 5761661979cb4dd0a94b48197f1a45c6 - - d7d60312639a45c6813dacc8faf0a94a d7d60312639a45c6813dacc8faf0a94a] 10.0.0.87 "GET /resource_providers/9baea11b-8fde-404f-8f5b-61c7de5749be/aggregates" status: 404 len: 235 microversion: 1.1 [pid: 7|app: 0|req: 599/1190] 10.0.0.87 () {32 vars in 813 bytes} [Wed Jul 1 02:08:53 2026] GET /resource_providers/9baea11b-8fde-404f-8f5b-61c7de5749be/aggregates => generated 235 bytes in 9 msecs (HTTP/1.1 404) 5 headers in 202 bytes (1 switches on core 0)
2026-07-01 02:08:53.483 8 INFO placement.requestlog [None req-41f3aac6-49d2-47cd-a934-1aeef55ead4b c096ba51d5d54e65852d10ed5f982513 5761661979cb4dd0a94b48197f1a45c6 - - d7d60312639a45c6813dacc8faf0a94a d7d60312639a45c6813dacc8faf0a94a] 10.0.0.87 "GET /resource_providers/9baea11b-8fde-404f-8f5b-61c7de5749be/aggregates" status: 404 len: 235 microversion: 1.1 [pid: 8|app: 0|req: 592/1191] 10.0.0.87 () {32 vars in 813 bytes} [Wed Jul 1 02:08:53 2026] GET /resource_providers/9baea11b-8fde-404f-8f5b-61c7de5749be/aggregates => generated 235 bytes in 13 msecs (HTTP/1.1 404) 5 headers in 202 bytes (1 switches on core 0)
2026-07-01 02:08:53.505 8 INFO placement.requestlog [None req-a198abe0-03a0-4ff7-953e-e62687b19354 c096ba51d5d54e65852d10ed5f982513 5761661979cb4dd0a94b48197f1a45c6 - - d7d60312639a45c6813dacc8faf0a94a d7d60312639a45c6813dacc8faf0a94a] 10.0.0.87 "DELETE /resource_providers/9baea11b-8fde-404f-8f5b-61c7de5749be" status: 404 len: 246 microversion: 1.1 [pid: 8|app: 0|req: 593/1192] 10.0.0.87 () {34 vars in 813 bytes} [Wed Jul 1 02:08:53 2026] DELETE /resource_providers/9baea11b-8fde-404f-8f5b-61c7de5749be => generated 246 bytes in 8 msecs (HTTP/1.1 404) 6 headers in 231 bytes (1 switches on core 0)
2026-07-01 02:08:53.507 7 INFO placement.requestlog [None req-ef4da609-d94a-486b-bb99-2cae4becc3bd c096ba51d5d54e65852d10ed5f982513 5761661979cb4dd0a94b48197f1a45c6 - - d7d60312639a45c6813dacc8faf0a94a d7d60312639a45c6813dacc8faf0a94a] 10.0.0.87 "DELETE /resource_providers/9baea11b-8fde-404f-8f5b-61c7de5749be" status: 404 len: 246 microversion: 1.1 [pid: 7|app: 0|req: 600/1193] 10.0.0.87 () {34 vars in 813 bytes} [Wed Jul 1 02:08:53 2026] DELETE /resource_providers/9baea11b-8fde-404f-8f5b-61c7de5749be => generated 246 bytes in 11 msecs (HTTP/1.1 404) 6 headers in 231 bytes (1 switches on core 0)
2026-07-01 02:08:57.733 7 INFO placement.requestlog [None req-2d2d2ee0-45b5-4cf8-b261-872f1f278a2d - - - - - -] 10.0.0.19 "GET /" status: 200 len: 136 microversion: 1.0
2026-07-01 02:08:57.733 8 INFO placement.requestlog [None req-53d650cc-ad26-4062-af18-b654ec5ffa86 - - - - - -] 10.0.0.19 "GET /" status: 200 len: 136 microversion: 1.0
