2026-06-28 21:20:20.571 8 INFO neutron_taas.services.taas.taas_plugin [None req-30069ca3-af79-466f-a9c9-b90961bbbe0c 339384286c8b4d6ea49544b72b6cc9f7 1d0ad68513b2466e8ec4a62aea8d0d6c - - default default] TaaS: Handle Delete Port: b4d3e40f-a917-4ae7-aded-774c11a064dc
2026-06-28 21:20:20.574 8 INFO neutron_taas.services.taas.tap_mirror_plugin [None req-30069ca3-af79-466f-a9c9-b90961bbbe0c 339384286c8b4d6ea49544b72b6cc9f7 1d0ad68513b2466e8ec4a62aea8d0d6c - - default default] Tap Mirror: Handle Delete Port: b4d3e40f-a917-4ae7-aded-774c11a064dc
2026-06-28 21:20:20.576 7 INFO neutron.services.segments.plugin [-] Segment e2308379-5d7a-47a9-986a-35d348d49fbf resource provider not found; error: Placement Client Error (4xx): {"errors": [{"status": 404, "title": "Not Found", "detail": "The resource could not be found.\n\n No resource provider with uuid e2308379-5d7a-47a9-986a-35d348d49fbf found for delete ", "request_id": "req-0b951cec-80d1-4e83-8986-bc61a122d812"}]}
2026-06-28 21:20:20.577 7 INFO neutron.services.segments.plugin [-] Segment e2308379-5d7a-47a9-986a-35d348d49fbf resource provider not found; error: Placement Client Error (4xx): {"errors": [{"status": 404, "title": "Not Found", "detail": "The resource could not be found.\n\n No resource provider with uuid e2308379-5d7a-47a9-986a-35d348d49fbf found for delete ", "request_id": "req-02e8f579-b636-48db-8d6d-28765f554d09"}]} [pid: 7|app: 0|req: 640/1427] 10.0.0.227 () {32 vars in 725 bytes} [Sun Jun 28 21:20:20 2026] DELETE /v2.0/networks/0044eff2-b424-4736-9324-1983c1e6bee3 => generated 0 bytes in 361 msecs (HTTP/1.1 204) 3 headers in 131 bytes (1 switches on core 0)
2026-06-28 21:20:20.708 7 INFO neutron.db.segments_db [None req-add8b126-2d5c-41a0-a836-bbcae7a7a054 dbf44ba868a44163a9c6b8805d8bc6f8 69dbd0333ecc47e0aa2f8880afaf70f3 - - default default] Added segment 1b7313c7-70a7-4e90-ae97-ed767c7a3fa9 of type geneve for network 5c9690d8-a2dd-47f4-a1a6-51de18e83679
2026-06-28 21:20:20.839 7 INFO neutron.db.ovn_revision_numbers_db [None req-add8b126-2d5c-41a0-a836-bbcae7a7a054 dbf44ba868a44163a9c6b8805d8bc6f8 69dbd0333ecc47e0aa2f8880afaf70f3 - - default default] Successfully bumped revision number for resource 5c9690d8-a2dd-47f4-a1a6-51de18e83679 (type: networks) to 1
2026-06-28 21:20:21.008 7 WARNING neutron.scheduler.dhcp_agent_scheduler [None req-add8b126-2d5c-41a0-a836-bbcae7a7a054 dbf44ba868a44163a9c6b8805d8bc6f8 69dbd0333ecc47e0aa2f8880afaf70f3 - - default default] No more DHCP agents
2026-06-28 21:20:21.010 7 WARNING neutron.api.rpc.agentnotifiers.dhcp_rpc_agent_api [None req-add8b126-2d5c-41a0-a836-bbcae7a7a054 dbf44ba868a44163a9c6b8805d8bc6f8 69dbd0333ecc47e0aa2f8880afaf70f3 - - default default] Unable to schedule network 5c9690d8-a2dd-47f4-a1a6-51de18e83679: no agents available; will retry on subsequent port and subnet creation events. [pid: 8|app: 0|req: 788/1428] 10.0.0.227 () {34 vars in 788 bytes} [Sun Jun 28 21:20:20 2026] PUT /v2.0/routers/dedf8e7d-e0d2-491e-81ae-56320231600f/remove_router_interface => generated 309 bytes in 790 msecs (HTTP/1.1 200) 4 headers in 157 bytes (1 switches on core 0) /var/lib/openstack/lib/python3.12/site-packages/pycadf/identifier.py:70: UserWarning: Invalid uuid: neutron. To ensure interoperability, identifiers should be a valid uuid. warnings.warn(('Invalid uuid: %s. To ensure interoperability, '
2026-06-28 21:20:21.131 7 INFO neutron.db.ovn_revision_numbers_db [None req-add8b126-2d5c-41a0-a836-bbcae7a7a054 dbf44ba868a44163a9c6b8805d8bc6f8 69dbd0333ecc47e0aa2f8880afaf70f3 - - default default] Successfully bumped revision number for resource 94506726-4a0e-4551-8191-c653e5d4bd59 (type: ports) to 1 [pid: 7|app: 0|req: 641/1429] 10.0.0.227 () {34 vars in 669 bytes} [Sun Jun 28 21:20:20 2026] POST /v2.0/networks => generated 667 bytes in 546 msecs (HTTP/1.1 201) 4 headers in 162 bytes (1 switches on core 0) [pid: 8|app: 0|req: 789/1430] 10.0.0.218 () {34 vars in 989 bytes} [Sun Jun 28 21:20:21 2026] GET /v2.0/ports?device_id=c2704053-589e-4ce0-bdb9-94648fca2be0 => generated 973 bytes in 52 msecs (HTTP/1.1 200) 4 headers in 157 bytes (1 switches on core 0)
2026-06-28 21:20:21.351 8 WARNING neutron.scheduler.dhcp_agent_scheduler [None req-5cd9ab35-96de-4934-a4c7-c262d76e97ae dbf44ba868a44163a9c6b8805d8bc6f8 69dbd0333ecc47e0aa2f8880afaf70f3 - - default default] No more DHCP agents
2026-06-28 21:20:21.353 8 WARNING neutron.api.rpc.agentnotifiers.dhcp_rpc_agent_api [None req-5cd9ab35-96de-4934-a4c7-c262d76e97ae dbf44ba868a44163a9c6b8805d8bc6f8 69dbd0333ecc47e0aa2f8880afaf70f3 - - default default] Unable to schedule network 5c9690d8-a2dd-47f4-a1a6-51de18e83679: no agents available; will retry on subsequent port and subnet creation events.
2026-06-28 21:20:21.471 7 INFO neutron_taas.services.taas.taas_plugin [None req-22b74bb4-4fa0-46cc-92cf-16ddf52d4637 339384286c8b4d6ea49544b72b6cc9f7 1d0ad68513b2466e8ec4a62aea8d0d6c - - default default] TaaS: Handle Delete Port: a2c786b0-cad7-47d7-9b9a-302397d8a8bb
2026-06-28 21:20:21.476 7 INFO neutron_taas.services.taas.tap_mirror_plugin [None req-22b74bb4-4fa0-46cc-92cf-16ddf52d4637 339384286c8b4d6ea49544b72b6cc9f7 1d0ad68513b2466e8ec4a62aea8d0d6c - - default default] Tap Mirror: Handle Delete Port: a2c786b0-cad7-47d7-9b9a-302397d8a8bb
2026-06-28 21:20:21.786 8 INFO neutron.db.ovn_revision_numbers_db [None req-0843eb0f-316e-44f9-92b9-908ce5be9036 - - - - - -] Successfully bumped revision number for resource 94506726-4a0e-4551-8191-c653e5d4bd59 (type: ports) to 2
2026-06-28 21:20:21.812 8 INFO neutron.db.ovn_revision_numbers_db [None req-0843eb0f-316e-44f9-92b9-908ce5be9036 - - - - - -] Successfully bumped revision number for resource e4514f19-e95e-4423-8cc0-5692105dde97 (type: subnets) to 0 [pid: 8|app: 0|req: 790/1431] 10.0.0.227 () {34 vars in 668 bytes} [Sun Jun 28 21:20:21 2026] POST /v2.0/subnets => generated 626 bytes in 664 msecs (HTTP/1.1 201) 4 headers in 162 bytes (1 switches on core 0)
2026-06-28 21:20:21.840 7 WARNING neutron.plugins.ml2.drivers.ovn.mech_driver.ovsdb.ovn_client [None req-2cbdadb4-08e5-4461-ae44-141a2007978a - - - - - -] No port found with ID b4d3e40f-a917-4ae7-aded-774c11a064dc: RuntimeError: No port found with ID b4d3e40f-a917-4ae7-aded-774c11a064dc
2026-06-28 21:20:21.854 7 INFO neutron.plugins.ml2.drivers.ovn.mech_driver.mech_driver [None req-2cbdadb4-08e5-4461-ae44-141a2007978a - - - - - -] OVN reports status down for port: fd9a0476-9fa2-48b8-90a7-f6766a4adba1 [pid: 8|app: 0|req: 791/1432] 10.0.0.218 () {34 vars in 1039 bytes} [Sun Jun 28 21:20:21 2026] GET /v2.0/security-groups?id=c15f7633-0e25-4089-9339-1cf74963bfe9&fields=id&fields=name => generated 113 bytes in 33 msecs (HTTP/1.1 200) 4 headers in 157 bytes (1 switches on core 0)
2026-06-28 21:20:21.875 7 INFO neutron.plugins.ml2.drivers.ovn.mech_driver.mech_driver [None req-2cbdadb4-08e5-4461-ae44-141a2007978a - - - - - -] OVN reports status down for port: 57d6d34a-b1f6-4cd1-9881-214f2aede5ea [pid: 7|app: 0|req: 642/1433] 10.0.0.227 () {32 vars in 723 bytes} [Sun Jun 28 21:20:21 2026] DELETE /v2.0/routers/dedf8e7d-e0d2-491e-81ae-56320231600f => generated 0 bytes in 731 msecs (HTTP/1.1 204) 2 headers in 112 bytes (1 switches on core 0)
2026-06-28 21:20:21.952 8 INFO neutron.db.ovn_revision_numbers_db [None req-d3edbb48-dc67-4f6a-acce-c8a93deedfce dbf44ba868a44163a9c6b8805d8bc6f8 69dbd0333ecc47e0aa2f8880afaf70f3 - - default default] Successfully bumped revision number for resource 914d44c6-966c-4348-8ad6-da2606975b9e (type: routers) to 1 [pid: 8|app: 0|req: 792/1434] 10.0.0.227 () {34 vars in 668 bytes} [Sun Jun 28 21:20:21 2026] POST /v2.0/routers => generated 603 bytes in 108 msecs (HTTP/1.1 201) 4 headers in 162 bytes (1 switches on core 0)
2026-06-28 21:20:21.973 7 INFO neutron.plugins.ml2.drivers.ovn.mech_driver.mech_driver [None req-2cbdadb4-08e5-4461-ae44-141a2007978a - - - - - -] OVN reports status down for port: 94506726-4a0e-4551-8191-c653e5d4bd59 [pid: 7|app: 0|req: 643/1435] 10.0.0.227 () {32 vars in 723 bytes} [Sun Jun 28 21:20:21 2026] DELETE /v2.0/subnets/9652fd2d-3031-45b2-9267-e79dd07269bf => generated 0 bytes in 268 msecs (HTTP/1.1 204) 3 headers in 131 bytes (1 switches on core 0) /var/lib/openstack/lib/python3.12/site-packages/pycadf/identifier.py:70: UserWarning: Invalid uuid: neutron. To ensure interoperability, identifiers should be a valid uuid. warnings.warn(('Invalid uuid: %s. To ensure interoperability, '
2026-06-28 21:20:22.270 7 INFO neutron_taas.services.taas.taas_plugin [None req-61df4d2d-a509-4218-803d-bc74960ff4e8 339384286c8b4d6ea49544b72b6cc9f7 1d0ad68513b2466e8ec4a62aea8d0d6c - - default default] TaaS: Handle Delete Port: 6f53ce31-b6d8-4c34-abfe-8187decd7cc2
2026-06-28 21:20:22.273 7 INFO neutron_taas.services.taas.tap_mirror_plugin [None req-61df4d2d-a509-4218-803d-bc74960ff4e8 339384286c8b4d6ea49544b72b6cc9f7 1d0ad68513b2466e8ec4a62aea8d0d6c - - default default] Tap Mirror: Handle Delete Port: 6f53ce31-b6d8-4c34-abfe-8187decd7cc2
2026-06-28 21:20:22.329 8 WARNING neutron.scheduler.dhcp_agent_scheduler [None req-cb362187-80b4-4770-ab4f-6b5f6d60dcae dbf44ba868a44163a9c6b8805d8bc6f8 69dbd0333ecc47e0aa2f8880afaf70f3 - - default default] No more DHCP agents
2026-06-28 21:20:22.330 8 WARNING neutron.api.rpc.agentnotifiers.dhcp_rpc_agent_api [None req-cb362187-80b4-4770-ab4f-6b5f6d60dcae dbf44ba868a44163a9c6b8805d8bc6f8 69dbd0333ecc47e0aa2f8880afaf70f3 - - default default] Unable to schedule network 5c9690d8-a2dd-47f4-a1a6-51de18e83679: no agents available; will retry on subsequent port and subnet creation events.
2026-06-28 21:20:22.485 8 INFO neutron.db.ovn_revision_numbers_db [None req-cb362187-80b4-4770-ab4f-6b5f6d60dcae dbf44ba868a44163a9c6b8805d8bc6f8 69dbd0333ecc47e0aa2f8880afaf70f3 - - default default] Successfully bumped revision number for resource 1f1952ab-6431-4eda-a048-aaf6f63e56ea (type: ports) to 1 [pid: 7|app: 0|req: 644/1436] 10.0.0.227 () {32 vars in 725 bytes} [Sun Jun 28 21:20:22 2026] DELETE /v2.0/networks/597b8088-b73d-40b3-a0c3-83f963bbcc41 => generated 0 bytes in 333 msecs (HTTP/1.1 204) 3 headers in 131 bytes (1 switches on core 0)
2026-06-28 21:20:22.597 7 INFO neutron.services.segments.plugin [-] Segment e9c11db0-099c-45ac-8b15-d4c031e88c1d resource provider aggregate not found
2026-06-28 21:20:22.600 7 INFO neutron.services.segments.plugin [-] Segment e9c11db0-099c-45ac-8b15-d4c031e88c1d resource provider aggregate not found
2026-06-28 21:20:22.613 7 INFO neutron.services.segments.plugin [-] Segment e9c11db0-099c-45ac-8b15-d4c031e88c1d resource provider not found; error: Placement Client Error (4xx): {"errors": [{"status": 404, "title": "Not Found", "detail": "The resource could not be found.\n\n No resource provider with uuid e9c11db0-099c-45ac-8b15-d4c031e88c1d found for delete ", "request_id": "req-50e8024e-0dad-43f4-b192-57b2abe36819"}]}
2026-06-28 21:20:22.617 7 INFO neutron.services.segments.plugin [-] Segment e9c11db0-099c-45ac-8b15-d4c031e88c1d resource provider not found; error: Placement Client Error (4xx): {"errors": [{"status": 404, "title": "Not Found", "detail": "The resource could not be found.\n\n No resource provider with uuid e9c11db0-099c-45ac-8b15-d4c031e88c1d found for delete ", "request_id": "req-8cfff35f-db09-4fb7-a59d-81cc7dc5b9cc"}]} [pid: 7|app: 0|req: 645/1437] 10.0.0.218 () {34 vars in 989 bytes} [Sun Jun 28 21:20:22 2026] GET /v2.0/ports?device_id=c2704053-589e-4ce0-bdb9-94648fca2be0 => generated 973 bytes in 50 msecs (HTTP/1.1 200) 4 headers in 157 bytes (1 switches on core 0) [pid: 7|app: 0|req: 646/1438] 10.0.0.218 () {34 vars in 1039 bytes} [Sun Jun 28 21:20:22 2026] GET /v2.0/security-groups?id=c15f7633-0e25-4089-9339-1cf74963bfe9&fields=id&fields=name => generated 113 bytes in 31 msecs (HTTP/1.1 200) 4 headers in 157 bytes (1 switches on core 0)
2026-06-28 21:20:23.049 8 WARNING neutron.scheduler.dhcp_agent_scheduler [None req-cb362187-80b4-4770-ab4f-6b5f6d60dcae dbf44ba868a44163a9c6b8805d8bc6f8 69dbd0333ecc47e0aa2f8880afaf70f3 - - default default] No more DHCP agents
2026-06-28 21:20:23.051 8 WARNING neutron.api.rpc.agentnotifiers.dhcp_rpc_agent_api [None req-cb362187-80b4-4770-ab4f-6b5f6d60dcae dbf44ba868a44163a9c6b8805d8bc6f8 69dbd0333ecc47e0aa2f8880afaf70f3 - - default default] Unable to schedule network 5c9690d8-a2dd-47f4-a1a6-51de18e83679: no agents available; will retry on subsequent port and subnet creation events.
2026-06-28 21:20:23.149 8 WARNING neutron.plugins.ml2.drivers.ovn.mech_driver.ovsdb.ovn_client [None req-260db3f3-0fc7-4dea-8dfb-f0cd3472b184 - - - - - -] No port found with ID 22fd1647-a437-4f74-9595-48c4fa9e27d2: RuntimeError: No port found with ID 22fd1647-a437-4f74-9595-48c4fa9e27d2 [pid: 7|app: 0|req: 647/1439] 10.0.0.227 () {32 vars in 773 bytes} [Sun Jun 28 21:20:23 2026] GET /v2.0/security-groups?tenant_id=1d0ad68513b2466e8ec4a62aea8d0d6c&name=default => generated 2925 bytes in 133 msecs (HTTP/1.1 200) 4 headers in 158 bytes (1 switches on core 0)
2026-06-28 21:20:23.221 8 INFO neutron.plugins.ml2.drivers.ovn.mech_driver.mech_driver [None req-260db3f3-0fc7-4dea-8dfb-f0cd3472b184 - - - - - -] OVN reports status up for port: 019a31fb-8aec-45e9-aa7f-8e9f4a4a547c
2026-06-28 21:20:23.244 8 INFO neutron.plugins.ml2.plugin [None req-260db3f3-0fc7-4dea-8dfb-f0cd3472b184 - - - - - -] Attempt 1 to provision port 019a31fb-8aec-45e9-aa7f-8e9f4a4a547c [pid: 7|app: 0|req: 648/1440] 10.0.0.227 () {32 vars in 739 bytes} [Sun Jun 28 21:20:23 2026] DELETE /v2.0/security-groups/c182f53e-c59a-4ff1-9a1c-721263033173 => generated 0 bytes in 234 msecs (HTTP/1.1 204) 2 headers in 112 bytes (1 switches on core 0)
2026-06-28 21:20:23.445 8 INFO neutron.notifiers.nova [-] Nova event matching ['req-2a147974-061a-477b-8150-b169e9d55fa1'] response: {'server_uuid': 'c2704053-589e-4ce0-bdb9-94648fca2be0', 'name': 'network-vif-plugged', 'status': 'completed', 'tag': '019a31fb-8aec-45e9-aa7f-8e9f4a4a547c', 'code': 200}
2026-06-28 21:20:23.468 8 INFO neutron.db.ovn_revision_numbers_db [None req-cb362187-80b4-4770-ab4f-6b5f6d60dcae dbf44ba868a44163a9c6b8805d8bc6f8 69dbd0333ecc47e0aa2f8880afaf70f3 - - default default] Successfully bumped revision number for resource 1f1952ab-6431-4eda-a048-aaf6f63e56ea (type: router_ports) to 1 [pid: 8|app: 0|req: 793/1441] 10.0.0.227 () {34 vars in 782 bytes} [Sun Jun 28 21:20:21 2026] PUT /v2.0/routers/914d44c6-966c-4348-8ad6-da2606975b9e/add_router_interface => generated 309 bytes in 1508 msecs (HTTP/1.1 200) 4 headers in 157 bytes (1 switches on core 0) [pid: 7|app: 0|req: 649/1442] 10.0.0.227 () {32 vars in 716 bytes} [Sun Jun 28 21:20:23 2026] GET /v2.0/ports/1f1952ab-6431-4eda-a048-aaf6f63e56ea => generated 941 bytes in 78 msecs (HTTP/1.1 200) 4 headers in 157 bytes (1 switches on core 0) /var/lib/openstack/lib/python3.12/site-packages/pycadf/identifier.py:70: UserWarning: Invalid uuid: neutron. To ensure interoperability, identifiers should be a valid uuid. warnings.warn(('Invalid uuid: %s. To ensure interoperability, '
2026-06-28 21:20:23.620 8 INFO neutron.db.ovn_revision_numbers_db [None req-260db3f3-0fc7-4dea-8dfb-f0cd3472b184 - - - - - -] Successfully bumped revision number for resource 019a31fb-8aec-45e9-aa7f-8e9f4a4a547c (type: ports) to 5 [pid: 8|app: 0|req: 794/1443] 10.0.0.227 () {32 vars in 716 bytes} [Sun Jun 28 21:20:23 2026] GET /v2.0/ports/1f1952ab-6431-4eda-a048-aaf6f63e56ea => generated 941 bytes in 60 msecs (HTTP/1.1 200) 4 headers in 157 bytes (1 switches on core 0)
2026-06-28 21:20:23.731 8 INFO neutron.plugins.ml2.drivers.ovn.mech_driver.mech_driver [None req-45713e94-4c78-4ff8-8ba0-bd5452c3a86b - - - - - -] OVN reports status down for port: 1f1952ab-6431-4eda-a048-aaf6f63e56ea
2026-06-28 21:20:23.801 8 WARNING neutron.plugins.ml2.drivers.ovn.mech_driver.ovsdb.ovn_client [None req-45713e94-4c78-4ff8-8ba0-bd5452c3a86b - - - - - -] Logical_Switch_Port 1f1952ab-6431-4eda-a048-aaf6f63e56ea host information not removed, the port state is up
2026-06-28 21:20:23.801 8 INFO neutron.plugins.ml2.drivers.ovn.mech_driver.mech_driver [None req-45713e94-4c78-4ff8-8ba0-bd5452c3a86b - - - - - -] OVN reports status up for port: 1f1952ab-6431-4eda-a048-aaf6f63e56ea
2026-06-28 21:20:23.816 8 INFO neutron.plugins.ml2.plugin [None req-45713e94-4c78-4ff8-8ba0-bd5452c3a86b - - - - - -] Attempt 1 to provision port 1f1952ab-6431-4eda-a048-aaf6f63e56ea [pid: 7|app: 0|req: 650/1444] 10.0.0.218 () {34 vars in 989 bytes} [Sun Jun 28 21:20:24 2026] GET /v2.0/ports?device_id=c2704053-589e-4ce0-bdb9-94648fca2be0 => generated 975 bytes in 100 msecs (HTTP/1.1 200) 4 headers in 157 bytes (1 switches on core 0)
2026-06-28 21:20:24.187 8 INFO neutron.db.ovn_revision_numbers_db [None req-45713e94-4c78-4ff8-8ba0-bd5452c3a86b - - - - - -] Successfully bumped revision number for resource 1f1952ab-6431-4eda-a048-aaf6f63e56ea (type: ports) to 2 /var/lib/openstack/lib/python3.12/site-packages/pycadf/identifier.py:70: UserWarning: Invalid uuid: neutron. To ensure interoperability, identifiers should be a valid uuid. warnings.warn(('Invalid uuid: %s. To ensure interoperability, ' [pid: 8|app: 0|req: 795/1445] 10.0.0.218 () {34 vars in 1039 bytes} [Sun Jun 28 21:20:24 2026] GET /v2.0/security-groups?id=c15f7633-0e25-4089-9339-1cf74963bfe9&fields=id&fields=name => generated 113 bytes in 63 msecs (HTTP/1.1 200) 4 headers in 157 bytes (1 switches on core 0) [pid: 7|app: 0|req: 651/1446] 10.0.0.227 () {32 vars in 716 bytes} [Sun Jun 28 21:20:24 2026] GET /v2.0/ports/1f1952ab-6431-4eda-a048-aaf6f63e56ea => generated 943 bytes in 35 msecs (HTTP/1.1 200) 4 headers in 157 bytes (1 switches on core 0)
2026-06-28 21:20:24.938 8 INFO neutron_taas.services.taas.taas_plugin [None req-7dd9766d-b86d-4b53-a145-c2a3389344b4 dbf44ba868a44163a9c6b8805d8bc6f8 69dbd0333ecc47e0aa2f8880afaf70f3 - - default default] TaaS: Handle Delete Port: 1f1952ab-6431-4eda-a048-aaf6f63e56ea
2026-06-28 21:20:24.940 8 INFO neutron_taas.services.taas.tap_mirror_plugin [None req-7dd9766d-b86d-4b53-a145-c2a3389344b4 dbf44ba868a44163a9c6b8805d8bc6f8 69dbd0333ecc47e0aa2f8880afaf70f3 - - default default] Tap Mirror: Handle Delete Port: 1f1952ab-6431-4eda-a048-aaf6f63e56ea [pid: 8|app: 0|req: 796/1447] 10.0.0.227 () {34 vars in 788 bytes} [Sun Jun 28 21:20:24 2026] PUT /v2.0/routers/914d44c6-966c-4348-8ad6-da2606975b9e/remove_router_interface => generated 309 bytes in 604 msecs (HTTP/1.1 200) 4 headers in 157 bytes (1 switches on core 0) /var/lib/openstack/lib/python3.12/site-packages/pycadf/identifier.py:70: UserWarning: Invalid uuid: neutron. To ensure interoperability, identifiers should be a valid uuid. warnings.warn(('Invalid uuid: %s. To ensure interoperability, ' [pid: 8|app: 0|req: 797/1448] 10.0.0.227 () {32 vars in 735 bytes} [Sun Jun 28 21:20:25 2026] GET /v2.0/ports?device_id=914d44c6-966c-4348-8ad6-da2606975b9e => generated 12 bytes in 43 msecs (HTTP/1.1 200) 4 headers in 156 bytes (1 switches on core 0)
2026-06-28 21:20:25.342 7 INFO neutron.db.ovn_revision_numbers_db [None req-dcdfc1ec-43b8-49dd-af51-7a5cb404a0a4 fa00938704bb47e6ba526277b1a92bc9 5fd9a8169e6d49baa37a70f82b5f6816 - - default default] Successfully bumped revision number for resource 2db20e1b-a7df-48a1-995d-290ec90fb884 (type: security_groups) to 1
2026-06-28 21:20:25.357 7 INFO neutron.db.ovn_revision_numbers_db [None req-dcdfc1ec-43b8-49dd-af51-7a5cb404a0a4 fa00938704bb47e6ba526277b1a92bc9 5fd9a8169e6d49baa37a70f82b5f6816 - - default default] Successfully bumped revision number for resource 19d7caca-5f7f-464c-8661-103b91de7440 (type: security_group_rules) to 0
2026-06-28 21:20:25.366 7 INFO neutron.db.ovn_revision_numbers_db [None req-dcdfc1ec-43b8-49dd-af51-7a5cb404a0a4 fa00938704bb47e6ba526277b1a92bc9 5fd9a8169e6d49baa37a70f82b5f6816 - - default default] Successfully bumped revision number for resource 375d0e55-186f-4ddb-975f-e58325b99cb5 (type: security_group_rules) to 0
2026-06-28 21:20:25.379 7 INFO neutron.db.ovn_revision_numbers_db [None req-dcdfc1ec-43b8-49dd-af51-7a5cb404a0a4 fa00938704bb47e6ba526277b1a92bc9 5fd9a8169e6d49baa37a70f82b5f6816 - - default default] Successfully bumped revision number for resource 58e8cb52-2cd2-4f56-b69b-386323d7ec36 (type: security_group_rules) to 0
2026-06-28 21:20:25.391 7 INFO neutron.db.ovn_revision_numbers_db [None req-dcdfc1ec-43b8-49dd-af51-7a5cb404a0a4 fa00938704bb47e6ba526277b1a92bc9 5fd9a8169e6d49baa37a70f82b5f6816 - - default default] Successfully bumped revision number for resource be64ae68-fb2e-44e4-bf02-edcf21f9fcde (type: security_group_rules) to 0
2026-06-28 21:20:25.476 7 INFO neutron.db.segments_db [None req-dcdfc1ec-43b8-49dd-af51-7a5cb404a0a4 fa00938704bb47e6ba526277b1a92bc9 5fd9a8169e6d49baa37a70f82b5f6816 - - default default] Added segment 211bd139-d1a7-4c32-bcc2-1b01c5ff0e28 of type geneve for network efa31ed4-db1a-4bbc-ae5e-88aeca8b25f4
2026-06-28 21:20:25.499 8 INFO neutron.notifiers.nova [-] Nova event matching ['req-ee0e98f9-152b-4384-8699-f3ca2ecf2573'] response: {'server_uuid': 'c2704053-589e-4ce0-bdb9-94648fca2be0', 'name': 'network-vif-plugged', 'status': 'completed', 'tag': '019a31fb-8aec-45e9-aa7f-8e9f4a4a547c', 'code': 200} [pid: 8|app: 0|req: 798/1449] 10.0.0.227 () {32 vars in 723 bytes} [Sun Jun 28 21:20:25 2026] DELETE /v2.0/routers/914d44c6-966c-4348-8ad6-da2606975b9e => generated 0 bytes in 190 msecs (HTTP/1.1 204) 2 headers in 112 bytes (1 switches on core 0) [pid: 8|app: 0|req: 799/1450] 10.0.0.218 () {34 vars in 989 bytes} [Sun Jun 28 21:20:25 2026] GET /v2.0/ports?device_id=c2704053-589e-4ce0-bdb9-94648fca2be0 => generated 975 bytes in 103 msecs (HTTP/1.1 200) 4 headers in 157 bytes (1 switches on core 0)
2026-06-28 21:20:25.631 7 INFO neutron.db.ovn_revision_numbers_db [None req-dcdfc1ec-43b8-49dd-af51-7a5cb404a0a4 fa00938704bb47e6ba526277b1a92bc9 5fd9a8169e6d49baa37a70f82b5f6816 - - default default] Successfully bumped revision number for resource efa31ed4-db1a-4bbc-ae5e-88aeca8b25f4 (type: networks) to 1 [pid: 8|app: 0|req: 800/1451] 10.0.0.227 () {32 vars in 723 bytes} [Sun Jun 28 21:20:25 2026] DELETE /v2.0/subnets/e4514f19-e95e-4423-8cc0-5692105dde97 => generated 0 bytes in 158 msecs (HTTP/1.1 204) 3 headers in 131 bytes (1 switches on core 0) [pid: 8|app: 0|req: 801/1452] 10.0.0.218 () {34 vars in 1039 bytes} [Sun Jun 28 21:20:25 2026] GET /v2.0/security-groups?id=c15f7633-0e25-4089-9339-1cf74963bfe9&fields=id&fields=name => generated 113 bytes in 27 msecs (HTTP/1.1 200) 4 headers in 157 bytes (1 switches on core 0)
2026-06-28 21:20:25.841 7 WARNING neutron.scheduler.dhcp_agent_scheduler [None req-dcdfc1ec-43b8-49dd-af51-7a5cb404a0a4 fa00938704bb47e6ba526277b1a92bc9 5fd9a8169e6d49baa37a70f82b5f6816 - - default default] No more DHCP agents
2026-06-28 21:20:25.842 7 WARNING neutron.api.rpc.agentnotifiers.dhcp_rpc_agent_api [None req-dcdfc1ec-43b8-49dd-af51-7a5cb404a0a4 fa00938704bb47e6ba526277b1a92bc9 5fd9a8169e6d49baa37a70f82b5f6816 - - default default] Unable to schedule network efa31ed4-db1a-4bbc-ae5e-88aeca8b25f4: no agents available; will retry on subsequent port and subnet creation events.
2026-06-28 21:20:25.895 7 INFO neutron.plugins.ml2.drivers.ovn.mech_driver.mech_driver [None req-2cbdadb4-08e5-4461-ae44-141a2007978a - - - - - -] OVN reports status down for port: e8ca81b1-9c8d-4812-b090-ae01276faa07
2026-06-28 21:20:25.948 8 INFO neutron_taas.services.taas.taas_plugin [None req-9e60ab94-1c4f-4817-bdb8-5a672ef7f6c5 dbf44ba868a44163a9c6b8805d8bc6f8 69dbd0333ecc47e0aa2f8880afaf70f3 - - default default] TaaS: Handle Delete Port: 94506726-4a0e-4551-8191-c653e5d4bd59
2026-06-28 21:20:25.952 8 INFO neutron_taas.services.taas.tap_mirror_plugin [None req-9e60ab94-1c4f-4817-bdb8-5a672ef7f6c5 dbf44ba868a44163a9c6b8805d8bc6f8 69dbd0333ecc47e0aa2f8880afaf70f3 - - default default] Tap Mirror: Handle Delete Port: 94506726-4a0e-4551-8191-c653e5d4bd59
2026-06-28 21:20:25.959 7 INFO neutron.db.ovn_revision_numbers_db [None req-dcdfc1ec-43b8-49dd-af51-7a5cb404a0a4 fa00938704bb47e6ba526277b1a92bc9 5fd9a8169e6d49baa37a70f82b5f6816 - - default default] Successfully bumped revision number for resource e8ca81b1-9c8d-4812-b090-ae01276faa07 (type: ports) to 1 [pid: 7|app: 0|req: 652/1453] 10.0.0.227 () {34 vars in 669 bytes} [Sun Jun 28 21:20:25 2026] POST /v2.0/networks => generated 685 bytes in 977 msecs (HTTP/1.1 201) 4 headers in 162 bytes (1 switches on core 0) [pid: 7|app: 0|req: 653/1454] 10.0.0.218 () {34 vars in 989 bytes} [Sun Jun 28 21:20:25 2026] GET /v2.0/ports?device_id=c2704053-589e-4ce0-bdb9-94648fca2be0 => generated 975 bytes in 59 msecs (HTTP/1.1 200) 4 headers in 157 bytes (1 switches on core 0)
2026-06-28 21:20:26.176 8 INFO neutron.services.segments.plugin [-] Segment 1b7313c7-70a7-4e90-ae97-ed767c7a3fa9 resource provider aggregate not found
2026-06-28 21:20:26.176 8 INFO neutron.services.segments.plugin [-] Segment 1b7313c7-70a7-4e90-ae97-ed767c7a3fa9 resource provider aggregate not found
2026-06-28 21:20:26.200 8 INFO neutron.services.segments.plugin [-] Segment 1b7313c7-70a7-4e90-ae97-ed767c7a3fa9 resource provider not found; error: Placement Client Error (4xx): {"errors": [{"status": 404, "title": "Not Found", "detail": "The resource could not be found.\n\n No resource provider with uuid 1b7313c7-70a7-4e90-ae97-ed767c7a3fa9 found for delete ", "request_id": "req-26ee487d-da20-4d91-9b3a-4acd14f27a65"}]}
2026-06-28 21:20:26.209 8 INFO neutron.services.segments.plugin [-] Segment 1b7313c7-70a7-4e90-ae97-ed767c7a3fa9 resource provider not found; error: Placement Client Error (4xx): {"errors": [{"status": 404, "title": "Not Found", "detail": "The resource could not be found.\n\n No resource provider with uuid 1b7313c7-70a7-4e90-ae97-ed767c7a3fa9 found for delete ", "request_id": "req-2f859ff0-3d98-4295-a7ec-32876f2525a3"}]} [pid: 8|app: 0|req: 802/1455] 10.0.0.227 () {32 vars in 725 bytes} [Sun Jun 28 21:20:25 2026] DELETE /v2.0/networks/5c9690d8-a2dd-47f4-a1a6-51de18e83679 => generated 0 bytes in 407 msecs (HTTP/1.1 204) 3 headers in 131 bytes (1 switches on core 0)
2026-06-28 21:20:26.590 7 INFO neutron.db.ovn_revision_numbers_db [None req-15461d8f-bc26-46bf-9a07-45b85da920af fbb844a50662481ebe4dc33c54171ac6 956662578b84415095abc40ebd0432a4 - - default default] Successfully bumped revision number for resource 0803c1e5-a962-4ef1-8602-2df4178716b8 (type: floatingips) to 1
2026-06-28 21:20:26.605 8 WARNING neutron.scheduler.dhcp_agent_scheduler [None req-e2ae7ede-7e3c-4eeb-a745-3558eac0e69c dbf44ba868a44163a9c6b8805d8bc6f8 69dbd0333ecc47e0aa2f8880afaf70f3 - - default default] No more DHCP agents
2026-06-28 21:20:26.607 8 WARNING neutron.api.rpc.agentnotifiers.dhcp_rpc_agent_api [None req-e2ae7ede-7e3c-4eeb-a745-3558eac0e69c dbf44ba868a44163a9c6b8805d8bc6f8 69dbd0333ecc47e0aa2f8880afaf70f3 - - default default] Unable to schedule network 52dc49f2-b2c4-4636-b816-6573fc198232: no agents available; will retry on subsequent port and subnet creation events.
2026-06-28 21:20:26.717 7 INFO neutron.plugins.ml2.drivers.ovn.mech_driver.mech_driver [None req-2cbdadb4-08e5-4461-ae44-141a2007978a - - - - - -] OVN reports status down for port: f4ecad63-f32b-42f4-a4dd-f2f61b4ee88d
2026-06-28 21:20:26.728 7 INFO neutron.db.ovn_revision_numbers_db [None req-15461d8f-bc26-46bf-9a07-45b85da920af fbb844a50662481ebe4dc33c54171ac6 956662578b84415095abc40ebd0432a4 - - default default] Successfully bumped revision number for resource 0803c1e5-a962-4ef1-8602-2df4178716b8 (type: floatingips) to 2
2026-06-28 21:20:26.729 7 INFO neutron.db.l3_db [None req-15461d8f-bc26-46bf-9a07-45b85da920af fbb844a50662481ebe4dc33c54171ac6 956662578b84415095abc40ebd0432a4 - - default default] Floating IP 0803c1e5-a962-4ef1-8602-2df4178716b8 associated. External IP: 10.96.250.212, port: 019a31fb-8aec-45e9-aa7f-8e9f4a4a547c.
2026-06-28 21:20:26.737 8 INFO neutron.db.ovn_revision_numbers_db [None req-e2ae7ede-7e3c-4eeb-a745-3558eac0e69c dbf44ba868a44163a9c6b8805d8bc6f8 69dbd0333ecc47e0aa2f8880afaf70f3 - - default default] Successfully bumped revision number for resource f4ecad63-f32b-42f4-a4dd-f2f61b4ee88d (type: ports) to 1 [pid: 7|app: 0|req: 654/1456] 10.0.0.227 () {34 vars in 748 bytes} [Sun Jun 28 21:20:26 2026] PUT /v2.0/floatingips/0803c1e5-a962-4ef1-8602-2df4178716b8 => generated 856 bytes in 712 msecs (HTTP/1.1 200) 4 headers in 157 bytes (1 switches on core 0) /var/lib/openstack/lib/python3.12/site-packages/pycadf/identifier.py:70: UserWarning: Invalid uuid: neutron. To ensure interoperability, identifiers should be a valid uuid. warnings.warn(('Invalid uuid: %s. To ensure interoperability, '
2026-06-28 21:20:26.829 7 INFO neutron.notifiers.nova [-] Nova event matching ['req-5b988a6c-1eb8-4d0b-b6b7-737790b1848b'] response: {'name': 'network-changed', 'server_uuid': 'c2704053-589e-4ce0-bdb9-94648fca2be0', 'tag': '019a31fb-8aec-45e9-aa7f-8e9f4a4a547c', 'status': 'completed', 'code': 200}
2026-06-28 21:20:26.995 7 WARNING neutron.scheduler.dhcp_agent_scheduler [None req-27630ab5-b42a-4fc2-be0b-504644eb7daa fa00938704bb47e6ba526277b1a92bc9 5fd9a8169e6d49baa37a70f82b5f6816 - - default default] No more DHCP agents
2026-06-28 21:20:26.996 7 WARNING neutron.api.rpc.agentnotifiers.dhcp_rpc_agent_api [None req-27630ab5-b42a-4fc2-be0b-504644eb7daa fa00938704bb47e6ba526277b1a92bc9 5fd9a8169e6d49baa37a70f82b5f6816 - - default default] Unable to schedule network efa31ed4-db1a-4bbc-ae5e-88aeca8b25f4: no agents available; will retry on subsequent port and subnet creation events.
2026-06-28 21:20:27.039 7 INFO neutron.db.ovn_revision_numbers_db [None req-27630ab5-b42a-4fc2-be0b-504644eb7daa fa00938704bb47e6ba526277b1a92bc9 5fd9a8169e6d49baa37a70f82b5f6816 - - default default] Successfully bumped revision number for resource 636592c3-a9c1-457e-bc00-f93ac70fa579 (type: subnets) to 0 [pid: 7|app: 0|req: 655/1457] 10.0.0.227 () {34 vars in 668 bytes} [Sun Jun 28 21:20:26 2026] POST /v2.0/subnets => generated 673 bytes in 283 msecs (HTTP/1.1 201) 4 headers in 162 bytes (1 switches on core 0) [pid: 7|app: 0|req: 656/1458] 10.0.0.218 () {34 vars in 989 bytes} [Sun Jun 28 21:20:27 2026] GET /v2.0/ports?device_id=c2704053-589e-4ce0-bdb9-94648fca2be0 => generated 975 bytes in 38 msecs (HTTP/1.1 200) 4 headers in 157 bytes (1 switches on core 0)
2026-06-28 21:20:27.181 7 INFO neutron.db.segments_db [None req-144a378f-0607-4282-8ded-e65f656151ea fa00938704bb47e6ba526277b1a92bc9 5fd9a8169e6d49baa37a70f82b5f6816 - - default default] Added segment ab7b20e6-734b-4a2b-a17e-45d930ababa0 of type geneve for network 1f713fda-d733-4d81-88ca-f7c9a1cbc4aa
2026-06-28 21:20:27.282 8 INFO neutron.plugins.ml2.drivers.ovn.mech_driver.ovsdb.commands [None req-7eeaf9ff-7872-4890-a748-0bfb8af3bbe6 - - - - - -] Schedule LRP lrp-f4ecad63-f32b-42f4-a4dd-f2f61b4ee88d on gateway 67ed180b-7f97-46f7-9bc9-8b9497570373 with priority 1
2026-06-28 21:20:27.339 7 INFO neutron.db.ovn_revision_numbers_db [None req-144a378f-0607-4282-8ded-e65f656151ea fa00938704bb47e6ba526277b1a92bc9 5fd9a8169e6d49baa37a70f82b5f6816 - - default default] Successfully bumped revision number for resource 1f713fda-d733-4d81-88ca-f7c9a1cbc4aa (type: networks) to 1
2026-06-28 21:20:27.348 7 INFO neutron.plugins.ml2.drivers.ovn.mech_driver.mech_driver [None req-2cbdadb4-08e5-4461-ae44-141a2007978a - - - - - -] OVN reports status up for port: f4ecad63-f32b-42f4-a4dd-f2f61b4ee88d
2026-06-28 21:20:27.363 8 INFO neutron.db.ovn_revision_numbers_db [None req-e2ae7ede-7e3c-4eeb-a745-3558eac0e69c dbf44ba868a44163a9c6b8805d8bc6f8 69dbd0333ecc47e0aa2f8880afaf70f3 - - default default] Successfully bumped revision number for resource f4ecad63-f32b-42f4-a4dd-f2f61b4ee88d (type: router_ports) to 1
2026-06-28 21:20:27.375 7 INFO neutron.plugins.ml2.plugin [None req-2cbdadb4-08e5-4461-ae44-141a2007978a - - - - - -] Attempt 1 to provision port f4ecad63-f32b-42f4-a4dd-f2f61b4ee88d
2026-06-28 21:20:27.425 8 INFO neutron.db.ovn_revision_numbers_db [None req-e2ae7ede-7e3c-4eeb-a745-3558eac0e69c dbf44ba868a44163a9c6b8805d8bc6f8 69dbd0333ecc47e0aa2f8880afaf70f3 - - default default] Successfully bumped revision number for resource 42674460-e052-4f37-9312-a59b1c4ca4f3 (type: routers) to 2 [pid: 8|app: 0|req: 803/1459] 10.0.0.227 () {34 vars in 668 bytes} [Sun Jun 28 21:20:26 2026] POST /v2.0/routers => generated 948 bytes in 1222 msecs (HTTP/1.1 201) 4 headers in 162 bytes (1 switches on core 0) [pid: 8|app: 0|req: 804/1460] 10.0.0.218 () {34 vars in 1039 bytes} [Sun Jun 28 21:20:27 2026] GET /v2.0/security-groups?id=c15f7633-0e25-4089-9339-1cf74963bfe9&fields=id&fields=name => generated 113 bytes in 27 msecs (HTTP/1.1 200) 4 headers in 157 bytes (1 switches on core 0) [pid: 8|app: 0|req: 807/1463] 199.204.45.113 () {34 vars in 1079 bytes} [Sun Jun 28 21:20:27 2026] GET /v2.0/ports?tenant_id=956662578b84415095abc40ebd0432a4&device_id=c2704053-589e-4ce0-bdb9-94648fca2be0 => generated 1213 bytes in 43 msecs (HTTP/1.1 200) 4 headers in 158 bytes (1 switches on core 0) [pid: 8|app: 0|req: 808/1464] 10.0.0.227 () {32 vars in 720 bytes} [Sun Jun 28 21:20:27 2026] GET /v2.0/routers/42674460-e052-4f37-9312-a59b1c4ca4f3 => generated 954 bytes in 64 msecs (HTTP/1.1 200) 4 headers in 157 bytes (1 switches on core 0)
2026-06-28 21:20:27.589 7 WARNING neutron.scheduler.dhcp_agent_scheduler [None req-144a378f-0607-4282-8ded-e65f656151ea fa00938704bb47e6ba526277b1a92bc9 5fd9a8169e6d49baa37a70f82b5f6816 - - default default] No more DHCP agents
2026-06-28 21:20:27.590 7 WARNING neutron.api.rpc.agentnotifiers.dhcp_rpc_agent_api [None req-144a378f-0607-4282-8ded-e65f656151ea fa00938704bb47e6ba526277b1a92bc9 5fd9a8169e6d49baa37a70f82b5f6816 - - default default] Unable to schedule network 1f713fda-d733-4d81-88ca-f7c9a1cbc4aa: no agents available; will retry on subsequent port and subnet creation events. [pid: 8|app: 0|req: 809/1465] 10.0.0.139 () {34 vars in 989 bytes} [Sun Jun 28 21:20:27 2026] GET /v2.0/ports?device_id=0f433c65-fd6a-4750-88a6-8d78381ad823 => generated 1209 bytes in 34 msecs (HTTP/1.1 200) 4 headers in 158 bytes (1 switches on core 0) [pid: 8|app: 0|req: 810/1466] 199.204.45.113 () {34 vars in 985 bytes} [Sun Jun 28 21:20:27 2026] GET /v2.0/networks?id=5f955f8f-0b3b-4932-9050-4c76912878b8 => generated 813 bytes in 67 msecs (HTTP/1.1 200) 4 headers in 157 bytes (1 switches on core 0)
2026-06-28 21:20:27.693 7 INFO neutron.db.ovn_revision_numbers_db [None req-144a378f-0607-4282-8ded-e65f656151ea fa00938704bb47e6ba526277b1a92bc9 5fd9a8169e6d49baa37a70f82b5f6816 - - default default] Successfully bumped revision number for resource 45742737-10b4-4d76-8725-48505364a519 (type: ports) to 1 [pid: 7|app: 0|req: 657/1467] 10.0.0.227 () {34 vars in 669 bytes} [Sun Jun 28 21:20:27 2026] POST /v2.0/networks => generated 686 bytes in 609 msecs (HTTP/1.1 201) 4 headers in 162 bytes (1 switches on core 0) [pid: 7|app: 0|req: 658/1468] 10.0.0.139 () {34 vars in 1039 bytes} [Sun Jun 28 21:20:27 2026] GET /v2.0/security-groups?id=dece23af-d18b-4835-8c58-84813e74df51&fields=id&fields=name => generated 113 bytes in 31 msecs (HTTP/1.1 200) 4 headers in 157 bytes (1 switches on core 0) [pid: 8|app: 0|req: 811/1469] 10.0.0.227 () {32 vars in 646 bytes} [Sun Jun 28 21:20:27 2026] GET /v2.0/routers => generated 957 bytes in 81 msecs (HTTP/1.1 200) 4 headers in 157 bytes (1 switches on core 0) [pid: 7|app: 0|req: 659/1470] 199.204.45.113 () {34 vars in 1059 bytes} [Sun Jun 28 21:20:27 2026] GET /v2.0/floatingips?fixed_ip_address=10.100.0.12&port_id=019a31fb-8aec-45e9-aa7f-8e9f4a4a547c => generated 861 bytes in 35 msecs (HTTP/1.1 200) 4 headers in 157 bytes (1 switches on core 0) [pid: 8|app: 0|req: 812/1471] 10.0.0.218 () {34 vars in 989 bytes} [Sun Jun 28 21:20:27 2026] GET /v2.0/ports?device_id=c2704053-589e-4ce0-bdb9-94648fca2be0 => generated 975 bytes in 35 msecs (HTTP/1.1 200) 4 headers in 157 bytes (1 switches on core 0)
2026-06-28 21:20:27.906 7 INFO neutron.db.ovn_revision_numbers_db [None req-a929dce3-022d-4e72-851e-765a11de542b fa00938704bb47e6ba526277b1a92bc9 5fd9a8169e6d49baa37a70f82b5f6816 - - default default] Successfully bumped revision number for resource 1f713fda-d733-4d81-88ca-f7c9a1cbc4aa (type: networks) to 2 [pid: 7|app: 0|req: 660/1472] 10.0.0.227 () {34 vars in 742 bytes} [Sun Jun 28 21:20:27 2026] PUT /v2.0/networks/1f713fda-d733-4d81-88ca-f7c9a1cbc4aa => generated 636 bytes in 131 msecs (HTTP/1.1 200) 4 headers in 157 bytes (1 switches on core 0) [pid: 7|app: 0|req: 661/1473] 199.204.45.113 () {34 vars in 983 bytes} [Sun Jun 28 21:20:27 2026] GET /v2.0/subnets?id=c11c7432-38df-4568-bde3-f0753dd872f6 => generated 694 bytes in 24 msecs (HTTP/1.1 200) 4 headers in 157 bytes (1 switches on core 0) [pid: 7|app: 0|req: 662/1474] 10.0.0.218 () {34 vars in 1039 bytes} [Sun Jun 28 21:20:27 2026] GET /v2.0/security-groups?id=c15f7633-0e25-4089-9339-1cf74963bfe9&fields=id&fields=name => generated 113 bytes in 30 msecs (HTTP/1.1 200) 4 headers in 157 bytes (1 switches on core 0)
2026-06-28 21:20:28.163 7 WARNING neutron.scheduler.dhcp_agent_scheduler [None req-0f467e65-fbf8-4e23-8e63-294fd8d28749 fa00938704bb47e6ba526277b1a92bc9 5fd9a8169e6d49baa37a70f82b5f6816 - - default default] No more DHCP agents
2026-06-28 21:20:28.165 7 WARNING neutron.api.rpc.agentnotifiers.dhcp_rpc_agent_api [None req-0f467e65-fbf8-4e23-8e63-294fd8d28749 fa00938704bb47e6ba526277b1a92bc9 5fd9a8169e6d49baa37a70f82b5f6816 - - default default] Unable to schedule network 1f713fda-d733-4d81-88ca-f7c9a1cbc4aa: no agents available; will retry on subsequent port and subnet creation events.
2026-06-28 21:20:28.189 7 INFO neutron.db.ovn_revision_numbers_db [None req-0f467e65-fbf8-4e23-8e63-294fd8d28749 fa00938704bb47e6ba526277b1a92bc9 5fd9a8169e6d49baa37a70f82b5f6816 - - default default] Successfully bumped revision number for resource 5deac643-bc52-4d1c-a12a-00812577ba0c (type: subnets) to 0 [pid: 7|app: 0|req: 663/1475] 10.0.0.227 () {34 vars in 668 bytes} [Sun Jun 28 21:20:27 2026] POST /v2.0/subnets => generated 646 bytes in 236 msecs (HTTP/1.1 201) 4 headers in 162 bytes (1 switches on core 0) [pid: 7|app: 0|req: 664/1476] 199.204.45.113 () {34 vars in 1051 bytes} [Sun Jun 28 21:20:28 2026] GET /v2.0/ports?network_id=5f955f8f-0b3b-4932-9050-4c76912878b8&device_owner=network%3Adhcp => generated 12 bytes in 23 msecs (HTTP/1.1 200) 4 headers in 156 bytes (1 switches on core 0)
2026-06-28 21:20:28.242 8 INFO neutron.db.ovn_revision_numbers_db [None req-57b4b561-be0a-44aa-9da3-0062269db62b dbf44ba868a44163a9c6b8805d8bc6f8 69dbd0333ecc47e0aa2f8880afaf70f3 - - default default] Successfully bumped revision number for resource 42674460-e052-4f37-9312-a59b1c4ca4f3 (type: routers) to 3 [pid: 8|app: 0|req: 813/1477] 10.0.0.227 () {34 vars in 740 bytes} [Sun Jun 28 21:20:27 2026] PUT /v2.0/routers/42674460-e052-4f37-9312-a59b1c4ca4f3 => generated 961 bytes in 443 msecs (HTTP/1.1 200) 4 headers in 157 bytes (1 switches on core 0) [pid: 8|app: 0|req: 814/1478] 199.204.45.113 () {34 vars in 1011 bytes} [Sun Jun 28 21:20:28 2026] GET /v2.0/networks/5f955f8f-0b3b-4932-9050-4c76912878b8?fields=segments => generated 14 bytes in 38 msecs (HTTP/1.1 200) 4 headers in 156 bytes (1 switches on core 0) [pid: 8|app: 0|req: 815/1479] 10.0.0.227 () {32 vars in 720 bytes} [Sun Jun 28 21:20:28 2026] GET /v2.0/routers/42674460-e052-4f37-9312-a59b1c4ca4f3 => generated 961 bytes in 525 msecs (HTTP/1.1 200) 4 headers in 157 bytes (1 switches on core 0)
2026-06-28 21:20:28.815 7 INFO neutron.db.ovn_revision_numbers_db [None req-a0492b62-1630-461f-a592-0b650ab64bb7 - - - - - -] Successfully bumped revision number for resource 45742737-10b4-4d76-8725-48505364a519 (type: ports) to 2
2026-06-28 21:20:28.850 7 INFO neutron.db.ovn_revision_numbers_db [None req-a0492b62-1630-461f-a592-0b650ab64bb7 - - - - - -] Successfully bumped revision number for resource 5deac643-bc52-4d1c-a12a-00812577ba0c (type: subnets) to 1 [pid: 7|app: 0|req: 665/1480] 10.0.0.227 () {34 vars in 740 bytes} [Sun Jun 28 21:20:28 2026] PUT /v2.0/subnets/5deac643-bc52-4d1c-a12a-00812577ba0c => generated 656 bytes in 627 msecs (HTTP/1.1 200) 4 headers in 157 bytes (1 switches on core 0) [pid: 8|app: 0|req: 816/1481] 199.204.45.113 () {34 vars in 1111 bytes} [Sun Jun 28 21:20:28 2026] GET /v2.0/networks/5f955f8f-0b3b-4932-9050-4c76912878b8?fields=provider%3Aphysical_network&fields=provider%3Anetwork_type => generated 79 bytes in 52 msecs (HTTP/1.1 200) 4 headers in 156 bytes (1 switches on core 0) [pid: 7|app: 0|req: 666/1482] 10.0.0.227 () {32 vars in 735 bytes} [Sun Jun 28 21:20:28 2026] GET /v2.0/ports?device_id=42674460-e052-4f37-9312-a59b1c4ca4f3 => generated 12 bytes in 17 msecs (HTTP/1.1 200) 4 headers in 156 bytes (1 switches on core 0)
2026-06-28 21:20:29.035 8 INFO neutron_taas.services.taas.taas_plugin [None req-3b5f902e-89ad-42c9-8fca-fb4a8a870123 fa00938704bb47e6ba526277b1a92bc9 5fd9a8169e6d49baa37a70f82b5f6816 - - default default] TaaS: Handle Delete Port: 45742737-10b4-4d76-8725-48505364a519
2026-06-28 21:20:29.038 8 INFO neutron_taas.services.taas.tap_mirror_plugin [None req-3b5f902e-89ad-42c9-8fca-fb4a8a870123 fa00938704bb47e6ba526277b1a92bc9 5fd9a8169e6d49baa37a70f82b5f6816 - - default default] Tap Mirror: Handle Delete Port: 45742737-10b4-4d76-8725-48505364a519
2026-06-28 21:20:29.232 8 WARNING neutron.plugins.ml2.drivers.ovn.mech_driver.ovsdb.ovn_client [None req-41036e6c-622f-4fdb-816b-cf63dbe5366a - - - - - -] No port found with ID 1f1952ab-6431-4eda-a048-aaf6f63e56ea: RuntimeError: No port found with ID 1f1952ab-6431-4eda-a048-aaf6f63e56ea
2026-06-28 21:20:29.236 7 INFO neutron_taas.services.taas.taas_plugin [None req-f71735f7-3550-4fc2-9dab-178c27ab787e dbf44ba868a44163a9c6b8805d8bc6f8 69dbd0333ecc47e0aa2f8880afaf70f3 - - default default] TaaS: Handle Delete Port: f4ecad63-f32b-42f4-a4dd-f2f61b4ee88d
2026-06-28 21:20:29.239 7 INFO neutron_taas.services.taas.tap_mirror_plugin [None req-f71735f7-3550-4fc2-9dab-178c27ab787e dbf44ba868a44163a9c6b8805d8bc6f8 69dbd0333ecc47e0aa2f8880afaf70f3 - - default default] Tap Mirror: Handle Delete Port: f4ecad63-f32b-42f4-a4dd-f2f61b4ee88d
2026-06-28 21:20:29.250 8 INFO neutron.plugins.ml2.drivers.ovn.mech_driver.mech_driver [None req-41036e6c-622f-4fdb-816b-cf63dbe5366a - - - - - -] OVN reports status down for port: 019a31fb-8aec-45e9-aa7f-8e9f4a4a547c
2026-06-28 21:20:29.386 8 INFO neutron.services.segments.plugin [-] Segment ab7b20e6-734b-4a2b-a17e-45d930ababa0 resource provider aggregate not found
2026-06-28 21:20:29.393 8 INFO neutron.services.segments.plugin [-] Segment ab7b20e6-734b-4a2b-a17e-45d930ababa0 resource provider aggregate not found
2026-06-28 21:20:29.415 8 INFO neutron.services.segments.plugin [-] Segment ab7b20e6-734b-4a2b-a17e-45d930ababa0 resource provider not found; error: Placement Client Error (4xx): {"errors": [{"status": 404, "title": "Not Found", "detail": "The resource could not be found.\n\n No resource provider with uuid ab7b20e6-734b-4a2b-a17e-45d930ababa0 found for delete ", "request_id": "req-669f79a7-5cf5-421e-9641-7153ecdff9a3"}]}
2026-06-28 21:20:29.420 8 INFO neutron.services.segments.plugin [-] Segment ab7b20e6-734b-4a2b-a17e-45d930ababa0 resource provider not found; error: Placement Client Error (4xx): {"errors": [{"status": 404, "title": "Not Found", "detail": "The resource could not be found.\n\n No resource provider with uuid ab7b20e6-734b-4a2b-a17e-45d930ababa0 found for delete ", "request_id": "req-089f909f-f10d-4ba0-b27f-e67bc03aebb5"}]}
2026-06-28 21:20:29.446 8 INFO neutron.notifiers.nova [-] Nova event matching ['req-85872541-0b81-420f-af39-491795f393c0'] response: {'server_uuid': 'c2704053-589e-4ce0-bdb9-94648fca2be0', 'name': 'network-vif-unplugged', 'status': 'completed', 'tag': '019a31fb-8aec-45e9-aa7f-8e9f4a4a547c', 'code': 200} [pid: 8|app: 0|req: 817/1483] 10.0.0.227 () {32 vars in 725 bytes} [Sun Jun 28 21:20:28 2026] DELETE /v2.0/networks/1f713fda-d733-4d81-88ca-f7c9a1cbc4aa => generated 0 bytes in 635 msecs (HTTP/1.1 204) 3 headers in 131 bytes (1 switches on core 0) [pid: 8|app: 0|req: 818/1484] 10.0.0.218 () {34 vars in 989 bytes} [Sun Jun 28 21:20:29 2026] GET /v2.0/ports?device_id=c2704053-589e-4ce0-bdb9-94648fca2be0 => generated 973 bytes in 72 msecs (HTTP/1.1 200) 4 headers in 157 bytes (1 switches on core 0)
2026-06-28 21:20:29.602 8 INFO neutron.pecan_wsgi.hooks.translation [None req-f88256db-50e6-4a6e-8d16-3caf2aaee4be fa00938704bb47e6ba526277b1a92bc9 5fd9a8169e6d49baa37a70f82b5f6816 - - default default] DELETE failed (client error): The resource could not be found. [pid: 8|app: 0|req: 819/1485] 10.0.0.227 () {32 vars in 725 bytes} [Sun Jun 28 21:20:29 2026] DELETE /v2.0/networks/1f713fda-d733-4d81-88ca-f7c9a1cbc4aa => generated 138 bytes in 31 msecs (HTTP/1.1 404) 4 headers in 164 bytes (1 switches on core 0) [pid: 7|app: 0|req: 667/1486] 10.0.0.227 () {32 vars in 723 bytes} [Sun Jun 28 21:20:28 2026] DELETE /v2.0/routers/42674460-e052-4f37-9312-a59b1c4ca4f3 => generated 0 bytes in 729 msecs (HTTP/1.1 204) 2 headers in 112 bytes (1 switches on core 0) [pid: 8|app: 0|req: 820/1487] 10.0.0.218 () {34 vars in 1039 bytes} [Sun Jun 28 21:20:29 2026] GET /v2.0/security-groups?id=c15f7633-0e25-4089-9339-1cf74963bfe9&fields=id&fields=name => generated 113 bytes in 68 msecs (HTTP/1.1 200) 4 headers in 157 bytes (1 switches on core 0) [pid: 7|app: 0|req: 668/1488] 10.0.0.227 () {32 vars in 693 bytes} [Sun Jun 28 21:20:29 2026] GET /v2.0/networks?router%3Aexternal=True => generated 689 bytes in 62 msecs (HTTP/1.1 200) 4 headers in 157 bytes (1 switches on core 0) [pid: 8|app: 0|req: 821/1489] 10.0.0.227 () {32 vars in 735 bytes} [Sun Jun 28 21:20:29 2026] GET /v2.0/ports?device_id=42674460-e052-4f37-9312-a59b1c4ca4f3 => generated 12 bytes in 27 msecs (HTTP/1.1 200) 4 headers in 156 bytes (1 switches on core 0)
2026-06-28 21:20:29.704 8 INFO neutron.db.ovn_revision_numbers_db [None req-41036e6c-622f-4fdb-816b-cf63dbe5366a - - - - - -] Successfully bumped revision number for resource 019a31fb-8aec-45e9-aa7f-8e9f4a4a547c (type: ports) to 6 [pid: 7|app: 0|req: 669/1490] 10.0.0.227 () {32 vars in 741 bytes} [Sun Jun 28 21:20:29 2026] GET /v2.0/subnets?network_id=52dc49f2-b2c4-4636-b816-6573fc198232 => generated 649 bytes in 25 msecs (HTTP/1.1 200) 4 headers in 157 bytes (1 switches on core 0) [pid: 7|app: 0|req: 670/1491] 10.0.0.227 () {32 vars in 652 bytes} [Sun Jun 28 21:20:29 2026] GET /v2.0/extensions => generated 20541 bytes in 4 msecs (HTTP/1.1 200) 4 headers in 159 bytes (1 switches on core 0)
2026-06-28 21:20:29.733 8 INFO neutron.api.v2.resource [None req-47627d44-5bae-4eb0-9d3d-3d5640c8ef3e dbf44ba868a44163a9c6b8805d8bc6f8 69dbd0333ecc47e0aa2f8880afaf70f3 - - default default] delete failed (client error): The resource could not be found. [pid: 8|app: 0|req: 822/1492] 10.0.0.227 () {32 vars in 723 bytes} [Sun Jun 28 21:20:29 2026] DELETE /v2.0/routers/42674460-e052-4f37-9312-a59b1c4ca4f3 => generated 135 bytes in 28 msecs (HTTP/1.1 404) 4 headers in 164 bytes (1 switches on core 0) [pid: 8|app: 0|req: 823/1493] 10.0.0.227 () {32 vars in 735 bytes} [Sun Jun 28 21:20:29 2026] GET /v2.0/ports?device_id=914d44c6-966c-4348-8ad6-da2606975b9e => generated 12 bytes in 35 msecs (HTTP/1.1 200) 4 headers in 156 bytes (1 switches on core 0) [pid: 7|app: 0|req: 671/1494] 10.0.0.227 () {32 vars in 648 bytes} [Sun Jun 28 21:20:29 2026] GET /v2.0/networks => generated 1388 bytes in 47 msecs (HTTP/1.1 200) 4 headers in 158 bytes (1 switches on core 0)
2026-06-28 21:20:29.809 8 INFO neutron.api.v2.resource [None req-d7d84871-df2e-45de-a0f5-ae17820b1d7d dbf44ba868a44163a9c6b8805d8bc6f8 69dbd0333ecc47e0aa2f8880afaf70f3 - - default default] delete failed (client error): The resource could not be found. [pid: 8|app: 0|req: 824/1495] 10.0.0.227 () {32 vars in 723 bytes} [Sun Jun 28 21:20:29 2026] DELETE /v2.0/routers/914d44c6-966c-4348-8ad6-da2606975b9e => generated 135 bytes in 36 msecs (HTTP/1.1 404) 4 headers in 164 bytes (1 switches on core 0) /var/lib/openstack/lib/python3.12/site-packages/pycadf/identifier.py:70: UserWarning: Invalid uuid: neutron. To ensure interoperability, identifiers should be a valid uuid. warnings.warn(('Invalid uuid: %s. To ensure interoperability, '
2026-06-28 21:20:29.826 8 INFO neutron.pecan_wsgi.hooks.translation [None req-5bdbfec5-0333-48b5-9388-1929b2d350dc dbf44ba868a44163a9c6b8805d8bc6f8 69dbd0333ecc47e0aa2f8880afaf70f3 - - default default] DELETE failed (client error): The resource could not be found. [pid: 8|app: 0|req: 825/1496] 10.0.0.227 () {32 vars in 723 bytes} [Sun Jun 28 21:20:29 2026] DELETE /v2.0/subnets/e4514f19-e95e-4423-8cc0-5692105dde97 => generated 136 bytes in 14 msecs (HTTP/1.1 404) 4 headers in 164 bytes (1 switches on core 0) [pid: 7|app: 0|req: 672/1497] 10.0.0.227 () {32 vars in 646 bytes} [Sun Jun 28 21:20:29 2026] GET /v2.0/subnets => generated 1312 bytes in 51 msecs (HTTP/1.1 200) 4 headers in 158 bytes (1 switches on core 0) [pid: 8|app: 0|req: 826/1498] 10.0.0.227 () {32 vars in 735 bytes} [Sun Jun 28 21:20:29 2026] GET /v2.0/ports?device_id=7cb3fd6e-fc99-4f5d-b7d7-48601120b828 => generated 12 bytes in 14 msecs (HTTP/1.1 200) 4 headers in 156 bytes (1 switches on core 0)
2026-06-28 21:20:29.866 8 INFO neutron.api.v2.resource [None req-57db9ece-48e9-4e85-93b6-c333f3f15a54 dbf44ba868a44163a9c6b8805d8bc6f8 69dbd0333ecc47e0aa2f8880afaf70f3 - - default default] delete failed (client error): The resource could not be found. [pid: 8|app: 0|req: 827/1499] 10.0.0.227 () {32 vars in 723 bytes} [Sun Jun 28 21:20:29 2026] DELETE /v2.0/routers/7cb3fd6e-fc99-4f5d-b7d7-48601120b828 => generated 135 bytes in 16 msecs (HTTP/1.1 404) 4 headers in 164 bytes (1 switches on core 0) [pid: 7|app: 0|req: 673/1500] 10.0.0.227 () {32 vars in 722 bytes} [Sun Jun 28 21:20:29 2026] GET /v2.0/networks/efa31ed4-db1a-4bbc-ae5e-88aeca8b25f4 => generated 710 bytes in 40 msecs (HTTP/1.1 200) 4 headers in 157 bytes (1 switches on core 0)
