2026-06-28 21:24:36.754 8 INFO neutron.notifiers.nova [-] Nova event matching ['req-0efe9c6f-fe92-4da2-b861-dec77bda8da6'] response: {'server_uuid': 'a8219106-7ff1-4a12-aa63-8f4cb71176cf', 'name': 'network-vif-deleted', 'tag': '96446601-3bc0-4088-b09b-b3e9d3f47a22', 'status': 'completed', 'code': 200} [pid: 7|app: 0|req: 1359/2842] 10.0.0.218 () {34 vars in 989 bytes} [Sun Jun 28 21:24:36 2026] GET /v2.0/ports?device_id=a8219106-7ff1-4a12-aa63-8f4cb71176cf => generated 12 bytes in 21 msecs (HTTP/1.1 200) 4 headers in 156 bytes (1 switches on core 0) [pid: 8|app: 0|req: 1484/2843] 10.0.0.218 () {34 vars in 989 bytes} [Sun Jun 28 21:24:37 2026] GET /v2.0/ports?device_id=a8219106-7ff1-4a12-aa63-8f4cb71176cf => generated 12 bytes in 17 msecs (HTTP/1.1 200) 4 headers in 156 bytes (1 switches on core 0) [pid: 7|app: 0|req: 1360/2844] 10.0.0.218 () {34 vars in 989 bytes} [Sun Jun 28 21:24:39 2026] GET /v2.0/ports?device_id=a8219106-7ff1-4a12-aa63-8f4cb71176cf => generated 12 bytes in 23 msecs (HTTP/1.1 200) 4 headers in 156 bytes (1 switches on core 0) [pid: 8|app: 0|req: 1485/2845] 10.0.0.227 () {32 vars in 739 bytes} [Sun Jun 28 21:24:40 2026] DELETE /v2.0/security-groups/a00aee33-f955-4855-a143-819efd95844e => generated 0 bytes in 197 msecs (HTTP/1.1 204) 2 headers in 112 bytes (1 switches on core 0)
2026-06-28 21:24:40.613 7 INFO neutron_taas.services.taas.taas_plugin [None req-16a9f77c-fce4-46ec-9e37-b17d6b9d9e31 b61b9fdd2b434bf3b7feb9a455f4c628 7ec3a6fb45c347d49dbe8789cc563bd0 - - default default] TaaS: Handle Delete Port: a359f5e7-cb16-4026-a832-3668f7f5e5d3
2026-06-28 21:24:40.618 7 INFO neutron_taas.services.taas.tap_mirror_plugin [None req-16a9f77c-fce4-46ec-9e37-b17d6b9d9e31 b61b9fdd2b434bf3b7feb9a455f4c628 7ec3a6fb45c347d49dbe8789cc563bd0 - - default default] Tap Mirror: Handle Delete Port: a359f5e7-cb16-4026-a832-3668f7f5e5d3 [pid: 7|app: 0|req: 1361/2846] 10.0.0.227 () {34 vars in 788 bytes} [Sun Jun 28 21:24:40 2026] PUT /v2.0/routers/07908503-9a7a-47d2-85d5-b1a55e640de4/remove_router_interface => generated 309 bytes in 805 msecs (HTTP/1.1 200) 4 headers in 157 bytes (1 switches on core 0) [pid: 8|app: 0|req: 1486/2847] 10.0.0.227 () {32 vars in 723 bytes} [Sun Jun 28 21:24:41 2026] DELETE /v2.0/subnets/98bd9ab3-0628-4900-95da-8bbd6c4880f1 => generated 0 bytes in 198 msecs (HTTP/1.1 204) 3 headers in 131 bytes (1 switches on core 0) /var/lib/openstack/lib/python3.12/site-packages/pycadf/identifier.py:70: UserWarning: Invalid uuid: neutron. To ensure interoperability, identifiers should be a valid uuid. warnings.warn(('Invalid uuid: %s. To ensure interoperability, '
2026-06-28 21:24:41.646 7 INFO neutron_taas.services.taas.taas_plugin [None req-0704d4e2-7248-49cb-949e-25c2352f4575 b61b9fdd2b434bf3b7feb9a455f4c628 7ec3a6fb45c347d49dbe8789cc563bd0 - - default default] TaaS: Handle Delete Port: 97a94183-1cb3-4e2e-9f68-4aab00280205
2026-06-28 21:24:41.650 7 INFO neutron_taas.services.taas.tap_mirror_plugin [None req-0704d4e2-7248-49cb-949e-25c2352f4575 b61b9fdd2b434bf3b7feb9a455f4c628 7ec3a6fb45c347d49dbe8789cc563bd0 - - default default] Tap Mirror: Handle Delete Port: 97a94183-1cb3-4e2e-9f68-4aab00280205 [pid: 7|app: 0|req: 1362/2848] 10.0.0.227 () {32 vars in 723 bytes} [Sun Jun 28 21:24:41 2026] DELETE /v2.0/routers/07908503-9a7a-47d2-85d5-b1a55e640de4 => generated 0 bytes in 643 msecs (HTTP/1.1 204) 2 headers in 112 bytes (1 switches on core 0)
2026-06-28 21:24:42.124 8 INFO neutron_taas.services.taas.taas_plugin [None req-f84e4659-9a79-4495-bb29-464c614e03fd b61b9fdd2b434bf3b7feb9a455f4c628 7ec3a6fb45c347d49dbe8789cc563bd0 - - default default] TaaS: Handle Delete Port: 6d520eeb-f729-4fdc-86d9-12fbb58f4f06
2026-06-28 21:24:42.127 8 INFO neutron_taas.services.taas.tap_mirror_plugin [None req-f84e4659-9a79-4495-bb29-464c614e03fd b61b9fdd2b434bf3b7feb9a455f4c628 7ec3a6fb45c347d49dbe8789cc563bd0 - - default default] Tap Mirror: Handle Delete Port: 6d520eeb-f729-4fdc-86d9-12fbb58f4f06 [pid: 8|app: 0|req: 1487/2851] 10.0.0.227 () {32 vars in 725 bytes} [Sun Jun 28 21:24:42 2026] DELETE /v2.0/networks/15eee5c4-f0b7-4ca5-bd9f-b02c93362c46 => generated 0 bytes in 393 msecs (HTTP/1.1 204) 3 headers in 131 bytes (1 switches on core 0)
2026-06-28 21:24:42.454 8 INFO neutron.services.segments.plugin [-] Segment e8b63d68-7985-4a3b-b95b-5ad863af2e68 resource provider aggregate not found
2026-06-28 21:24:42.468 8 INFO neutron.services.segments.plugin [-] Segment e8b63d68-7985-4a3b-b95b-5ad863af2e68 resource provider not found; error: Placement Client Error (4xx): {"errors": [{"status": 404, "title": "Not Found", "detail": "The resource could not be found.\n\n No resource provider with uuid e8b63d68-7985-4a3b-b95b-5ad863af2e68 found for delete ", "request_id": "req-4ce6ef32-ae85-493e-b1ec-0ef4726a4e03"}]}
2026-06-28 21:24:42.486 8 INFO neutron.services.segments.plugin [-] Segment e8b63d68-7985-4a3b-b95b-5ad863af2e68 resource provider aggregate not found
2026-06-28 21:24:42.502 8 INFO neutron.services.segments.plugin [-] Segment e8b63d68-7985-4a3b-b95b-5ad863af2e68 resource provider not found; error: Placement Client Error (4xx): {"errors": [{"status": 404, "title": "Not Found", "detail": "The resource could not be found.\n\n No resource provider with uuid e8b63d68-7985-4a3b-b95b-5ad863af2e68 found for delete ", "request_id": "req-8274ac8c-0065-413b-bea7-433630c52e06"}]}
2026-06-28 21:24:43.293 7 INFO neutron.db.ovn_revision_numbers_db [None req-940c9a26-7334-42ea-a4cc-8274b9d7acda 165982a609964aa78214643b4d3870c0 565dcc1ad12a4a2db6b25ceff618d698 - - default default] Successfully bumped revision number for resource 8737775d-11fb-44e0-b2a7-514b72534121 (type: security_groups) to 1
2026-06-28 21:24:43.303 7 INFO neutron.db.ovn_revision_numbers_db [None req-940c9a26-7334-42ea-a4cc-8274b9d7acda 165982a609964aa78214643b4d3870c0 565dcc1ad12a4a2db6b25ceff618d698 - - default default] Successfully bumped revision number for resource 11effe9c-e884-41b0-9a91-1779a57c403c (type: security_group_rules) to 0
2026-06-28 21:24:43.314 7 INFO neutron.db.ovn_revision_numbers_db [None req-940c9a26-7334-42ea-a4cc-8274b9d7acda 165982a609964aa78214643b4d3870c0 565dcc1ad12a4a2db6b25ceff618d698 - - default default] Successfully bumped revision number for resource 557372d1-56ec-497d-beca-c468fd5fdb19 (type: security_group_rules) to 0
2026-06-28 21:24:43.327 7 INFO neutron.db.ovn_revision_numbers_db [None req-940c9a26-7334-42ea-a4cc-8274b9d7acda 165982a609964aa78214643b4d3870c0 565dcc1ad12a4a2db6b25ceff618d698 - - default default] Successfully bumped revision number for resource 6fac6a2d-7601-4407-bd24-b453f3b74727 (type: security_group_rules) to 0
2026-06-28 21:24:43.338 7 INFO neutron.db.ovn_revision_numbers_db [None req-940c9a26-7334-42ea-a4cc-8274b9d7acda 165982a609964aa78214643b4d3870c0 565dcc1ad12a4a2db6b25ceff618d698 - - default default] Successfully bumped revision number for resource f8a3ddd2-40b8-4702-9ad4-2a268f591516 (type: security_group_rules) to 0 [pid: 7|app: 0|req: 1365/2852] 10.0.0.227 () {32 vars in 773 bytes} [Sun Jun 28 21:24:43 2026] GET /v2.0/security-groups?tenant_id=99bff6d0dda04d0da9c876a269ee92e4&name=default => generated 2929 bytes in 333 msecs (HTTP/1.1 200) 4 headers in 158 bytes (1 switches on core 0) [pid: 8|app: 0|req: 1488/2853] 10.0.0.227 () {32 vars in 739 bytes} [Sun Jun 28 21:24:43 2026] DELETE /v2.0/security-groups/8737775d-11fb-44e0-b2a7-514b72534121 => generated 0 bytes in 211 msecs (HTTP/1.1 204) 2 headers in 112 bytes (1 switches on core 0) [pid: 7|app: 0|req: 1366/2854] 10.0.0.227 () {32 vars in 773 bytes} [Sun Jun 28 21:24:43 2026] GET /v2.0/security-groups?tenant_id=7ec3a6fb45c347d49dbe8789cc563bd0&name=default => generated 2929 bytes in 39 msecs (HTTP/1.1 200) 4 headers in 158 bytes (1 switches on core 0) [pid: 8|app: 0|req: 1489/2855] 10.0.0.227 () {32 vars in 739 bytes} [Sun Jun 28 21:24:43 2026] DELETE /v2.0/security-groups/46c16ffa-88d6-4519-9e46-eb7599cb88f4 => generated 0 bytes in 223 msecs (HTTP/1.1 204) 2 headers in 112 bytes (1 switches on core 0)
2026-06-28 21:24:52.695 7 INFO neutron.db.ovn_revision_numbers_db [None req-b6d0c36c-2446-4e8f-99b6-1032b352b01e e4ba0168fe694e7f9042480a3ca8ccd9 3b28883f01104435ad25a445edab18b9 - - default default] Successfully bumped revision number for resource 777ba545-af54-4fe3-8a1f-e78f71689581 (type: security_groups) to 1
2026-06-28 21:24:52.704 7 INFO neutron.db.ovn_revision_numbers_db [None req-b6d0c36c-2446-4e8f-99b6-1032b352b01e e4ba0168fe694e7f9042480a3ca8ccd9 3b28883f01104435ad25a445edab18b9 - - default default] Successfully bumped revision number for resource 0fb14ba8-efbd-48db-9ea1-58ac37a69fed (type: security_group_rules) to 0
2026-06-28 21:24:52.713 7 INFO neutron.db.ovn_revision_numbers_db [None req-b6d0c36c-2446-4e8f-99b6-1032b352b01e e4ba0168fe694e7f9042480a3ca8ccd9 3b28883f01104435ad25a445edab18b9 - - default default] Successfully bumped revision number for resource 610fc164-58f2-424d-b2fc-e131611ce94e (type: security_group_rules) to 0
2026-06-28 21:24:52.722 7 INFO neutron.db.ovn_revision_numbers_db [None req-b6d0c36c-2446-4e8f-99b6-1032b352b01e e4ba0168fe694e7f9042480a3ca8ccd9 3b28883f01104435ad25a445edab18b9 - - default default] Successfully bumped revision number for resource b4b00898-e178-4b43-8b57-a8ce32be171f (type: security_group_rules) to 0
2026-06-28 21:24:52.732 7 INFO neutron.db.ovn_revision_numbers_db [None req-b6d0c36c-2446-4e8f-99b6-1032b352b01e e4ba0168fe694e7f9042480a3ca8ccd9 3b28883f01104435ad25a445edab18b9 - - default default] Successfully bumped revision number for resource ec67d7e8-a071-4fe9-bb96-21b9ea8f0ad6 (type: security_group_rules) to 0
2026-06-28 21:24:52.804 7 INFO neutron.db.segments_db [None req-b6d0c36c-2446-4e8f-99b6-1032b352b01e e4ba0168fe694e7f9042480a3ca8ccd9 3b28883f01104435ad25a445edab18b9 - - default default] Added segment 9ba91000-913f-4ac4-90ad-138ca2e3dfd3 of type geneve for network b46d365c-1af2-41c5-93e9-ab736d0cefce
2026-06-28 21:24:52.916 7 INFO neutron.db.ovn_revision_numbers_db [None req-b6d0c36c-2446-4e8f-99b6-1032b352b01e e4ba0168fe694e7f9042480a3ca8ccd9 3b28883f01104435ad25a445edab18b9 - - default default] Successfully bumped revision number for resource b46d365c-1af2-41c5-93e9-ab736d0cefce (type: networks) to 1
2026-06-28 21:24:53.051 7 WARNING neutron.scheduler.dhcp_agent_scheduler [None req-b6d0c36c-2446-4e8f-99b6-1032b352b01e e4ba0168fe694e7f9042480a3ca8ccd9 3b28883f01104435ad25a445edab18b9 - - default default] No more DHCP agents
2026-06-28 21:24:53.052 7 WARNING neutron.api.rpc.agentnotifiers.dhcp_rpc_agent_api [None req-b6d0c36c-2446-4e8f-99b6-1032b352b01e e4ba0168fe694e7f9042480a3ca8ccd9 3b28883f01104435ad25a445edab18b9 - - default default] Unable to schedule network b46d365c-1af2-41c5-93e9-ab736d0cefce: no agents available; will retry on subsequent port and subnet creation events.
2026-06-28 21:24:53.101 7 INFO neutron.plugins.ml2.drivers.ovn.mech_driver.mech_driver [None req-2887e9c0-bd8b-4b0c-a8f3-4701c4ce5422 - - - - - -] OVN reports status down for port: 06403561-69dd-494f-bf93-1aa1423bf7f2
2026-06-28 21:24:53.163 7 INFO neutron.db.ovn_revision_numbers_db [None req-b6d0c36c-2446-4e8f-99b6-1032b352b01e e4ba0168fe694e7f9042480a3ca8ccd9 3b28883f01104435ad25a445edab18b9 - - default default] Successfully bumped revision number for resource 06403561-69dd-494f-bf93-1aa1423bf7f2 (type: ports) to 1 [pid: 7|app: 0|req: 1367/2856] 10.0.0.227 () {34 vars in 669 bytes} [Sun Jun 28 21:24:52 2026] POST /v2.0/networks => generated 678 bytes in 815 msecs (HTTP/1.1 201) 4 headers in 162 bytes (1 switches on core 0)
2026-06-28 21:24:53.382 8 WARNING neutron.scheduler.dhcp_agent_scheduler [None req-dcad453c-74b8-4fbc-8826-258af9c8c1fe e4ba0168fe694e7f9042480a3ca8ccd9 3b28883f01104435ad25a445edab18b9 - - default default] No more DHCP agents
2026-06-28 21:24:53.384 8 WARNING neutron.api.rpc.agentnotifiers.dhcp_rpc_agent_api [None req-dcad453c-74b8-4fbc-8826-258af9c8c1fe e4ba0168fe694e7f9042480a3ca8ccd9 3b28883f01104435ad25a445edab18b9 - - default default] Unable to schedule network b46d365c-1af2-41c5-93e9-ab736d0cefce: no agents available; will retry on subsequent port and subnet creation events.
2026-06-28 21:24:53.806 8 INFO neutron.db.ovn_revision_numbers_db [None req-855e9411-3e08-4067-9edd-8e21ed272744 - - - - - -] Successfully bumped revision number for resource 06403561-69dd-494f-bf93-1aa1423bf7f2 (type: ports) to 2
2026-06-28 21:24:53.834 8 INFO neutron.db.ovn_revision_numbers_db [None req-855e9411-3e08-4067-9edd-8e21ed272744 - - - - - -] Successfully bumped revision number for resource c336e596-961e-46bd-ab09-9f592bdd3b79 (type: subnets) to 0 [pid: 8|app: 0|req: 1490/2857] 10.0.0.227 () {34 vars in 668 bytes} [Sun Jun 28 21:24:53 2026] POST /v2.0/subnets => generated 657 bytes in 635 msecs (HTTP/1.1 201) 4 headers in 162 bytes (1 switches on core 0) [pid: 7|app: 0|req: 1368/2858] 10.0.0.227 () {32 vars in 721 bytes} [Sun Jun 28 21:24:53 2026] GET /v2.0/subnetpools?name=shared-default-subnetpool-v6 => generated 19 bytes in 38 msecs (HTTP/1.1 200) 4 headers in 156 bytes (1 switches on core 0)
2026-06-28 21:24:54.099 8 WARNING neutron.scheduler.dhcp_agent_scheduler [None req-34c16d23-4443-4770-95f1-2924c4fb6bc6 e4ba0168fe694e7f9042480a3ca8ccd9 3b28883f01104435ad25a445edab18b9 - - default default] No more DHCP agents
2026-06-28 21:24:54.100 8 WARNING neutron.api.rpc.agentnotifiers.dhcp_rpc_agent_api [None req-34c16d23-4443-4770-95f1-2924c4fb6bc6 e4ba0168fe694e7f9042480a3ca8ccd9 3b28883f01104435ad25a445edab18b9 - - default default] Unable to schedule network b46d365c-1af2-41c5-93e9-ab736d0cefce: no agents available; will retry on subsequent port and subnet creation events.
2026-06-28 21:24:54.130 8 INFO neutron.db.ovn_revision_numbers_db [None req-34c16d23-4443-4770-95f1-2924c4fb6bc6 e4ba0168fe694e7f9042480a3ca8ccd9 3b28883f01104435ad25a445edab18b9 - - default default] Successfully bumped revision number for resource 5366ec53-7965-4526-8c7a-d362dc04178c (type: subnets) to 0 [pid: 8|app: 0|req: 1491/2859] 10.0.0.227 () {34 vars in 668 bytes} [Sun Jun 28 21:24:53 2026] POST /v2.0/subnets => generated 732 bytes in 246 msecs (HTTP/1.1 201) 4 headers in 162 bytes (1 switches on core 0)
2026-06-28 21:24:54.232 7 INFO neutron.db.segments_db [None req-93d0db8b-bdf0-4c54-8e41-318886a6464c e4ba0168fe694e7f9042480a3ca8ccd9 3b28883f01104435ad25a445edab18b9 - - default default] Added segment e5a6acdc-8ab9-4676-8426-2c748115a4f9 of type geneve for network 69b3330c-5524-4502-9a21-d8e260468fbc
2026-06-28 21:24:54.333 7 INFO neutron.db.ovn_revision_numbers_db [None req-93d0db8b-bdf0-4c54-8e41-318886a6464c e4ba0168fe694e7f9042480a3ca8ccd9 3b28883f01104435ad25a445edab18b9 - - default default] Successfully bumped revision number for resource 69b3330c-5524-4502-9a21-d8e260468fbc (type: networks) to 1
2026-06-28 21:24:54.480 7 WARNING neutron.scheduler.dhcp_agent_scheduler [None req-93d0db8b-bdf0-4c54-8e41-318886a6464c e4ba0168fe694e7f9042480a3ca8ccd9 3b28883f01104435ad25a445edab18b9 - - default default] No more DHCP agents
2026-06-28 21:24:54.481 7 WARNING neutron.api.rpc.agentnotifiers.dhcp_rpc_agent_api [None req-93d0db8b-bdf0-4c54-8e41-318886a6464c e4ba0168fe694e7f9042480a3ca8ccd9 3b28883f01104435ad25a445edab18b9 - - default default] Unable to schedule network 69b3330c-5524-4502-9a21-d8e260468fbc: no agents available; will retry on subsequent port and subnet creation events.
2026-06-28 21:24:54.528 7 INFO neutron.plugins.ml2.drivers.ovn.mech_driver.mech_driver [None req-2887e9c0-bd8b-4b0c-a8f3-4701c4ce5422 - - - - - -] OVN reports status down for port: 445b0076-2184-4b45-8504-5c7428b5a0ee
2026-06-28 21:24:54.590 7 INFO neutron.db.ovn_revision_numbers_db [None req-93d0db8b-bdf0-4c54-8e41-318886a6464c e4ba0168fe694e7f9042480a3ca8ccd9 3b28883f01104435ad25a445edab18b9 - - default default] Successfully bumped revision number for resource 445b0076-2184-4b45-8504-5c7428b5a0ee (type: ports) to 1 [pid: 7|app: 0|req: 1369/2860] 10.0.0.227 () {34 vars in 669 bytes} [Sun Jun 28 21:24:54 2026] POST /v2.0/networks => generated 675 bytes in 480 msecs (HTTP/1.1 201) 4 headers in 162 bytes (1 switches on core 0)
2026-06-28 21:24:54.807 8 WARNING neutron.scheduler.dhcp_agent_scheduler [None req-c951fceb-28e3-4724-80c9-444e4adab695 e4ba0168fe694e7f9042480a3ca8ccd9 3b28883f01104435ad25a445edab18b9 - - default default] No more DHCP agents
2026-06-28 21:24:54.808 8 WARNING neutron.api.rpc.agentnotifiers.dhcp_rpc_agent_api [None req-c951fceb-28e3-4724-80c9-444e4adab695 e4ba0168fe694e7f9042480a3ca8ccd9 3b28883f01104435ad25a445edab18b9 - - default default] Unable to schedule network 69b3330c-5524-4502-9a21-d8e260468fbc: no agents available; will retry on subsequent port and subnet creation events.
2026-06-28 21:24:55.239 8 INFO neutron.db.ovn_revision_numbers_db [None req-60d826d6-dbbd-4fd4-a872-a000698501f0 - - - - - -] Successfully bumped revision number for resource 445b0076-2184-4b45-8504-5c7428b5a0ee (type: ports) to 2
2026-06-28 21:24:55.270 8 INFO neutron.db.ovn_revision_numbers_db [None req-60d826d6-dbbd-4fd4-a872-a000698501f0 - - - - - -] Successfully bumped revision number for resource 6979f3a9-3516-4363-8fb3-246d13f1974c (type: subnets) to 0 [pid: 8|app: 0|req: 1492/2861] 10.0.0.227 () {34 vars in 668 bytes} [Sun Jun 28 21:24:54 2026] POST /v2.0/subnets => generated 655 bytes in 647 msecs (HTTP/1.1 201) 4 headers in 162 bytes (1 switches on core 0)
2026-06-28 21:24:55.525 7 WARNING neutron.scheduler.dhcp_agent_scheduler [None req-857bf1fb-3ae9-40d8-aa51-cc15c16699d4 e4ba0168fe694e7f9042480a3ca8ccd9 3b28883f01104435ad25a445edab18b9 - - default default] No more DHCP agents
2026-06-28 21:24:55.526 7 WARNING neutron.api.rpc.agentnotifiers.dhcp_rpc_agent_api [None req-857bf1fb-3ae9-40d8-aa51-cc15c16699d4 e4ba0168fe694e7f9042480a3ca8ccd9 3b28883f01104435ad25a445edab18b9 - - default default] Unable to schedule network 69b3330c-5524-4502-9a21-d8e260468fbc: no agents available; will retry on subsequent port and subnet creation events.
2026-06-28 21:24:55.563 7 INFO neutron.db.ovn_revision_numbers_db [None req-857bf1fb-3ae9-40d8-aa51-cc15c16699d4 e4ba0168fe694e7f9042480a3ca8ccd9 3b28883f01104435ad25a445edab18b9 - - default default] Successfully bumped revision number for resource c80f7cd0-3216-4203-b41a-aaa76559123e (type: subnets) to 0 [pid: 7|app: 0|req: 1370/2862] 10.0.0.227 () {34 vars in 668 bytes} [Sun Jun 28 21:24:55 2026] POST /v2.0/subnets => generated 726 bytes in 291 msecs (HTTP/1.1 201) 4 headers in 162 bytes (1 switches on core 0)
2026-06-28 21:24:55.673 8 INFO neutron.db.segments_db [None req-d8c49037-480f-41c9-bfe6-400f3d4cbd3f e4ba0168fe694e7f9042480a3ca8ccd9 3b28883f01104435ad25a445edab18b9 - - default default] Added segment a763da6b-6f2e-4753-ab37-9f27883a81f8 of type geneve for network 36c519ae-8f6b-45a1-b777-5f7b3fc289a2 [pid: 7|app: 0|req: 1371/2863] 10.0.0.30 () {28 vars in 577 bytes} [Sun Jun 28 21:24:55 2026] GET /v2.0/ports => generated 7257 bytes in 96 msecs (HTTP/1.1 200) 4 headers in 158 bytes (1 switches on core 0) [pid: 7|app: 0|req: 1372/2864] 10.0.0.30 () {28 vars in 579 bytes} [Sun Jun 28 21:24:55 2026] GET /v2.0/agents => generated 1214 bytes in 14 msecs (HTTP/1.1 200) 4 headers in 158 bytes (1 switches on core 0) [pid: 7|app: 0|req: 1373/2865] 10.0.0.30 () {28 vars in 617 bytes} [Sun Jun 28 21:24:55 2026] GET /v2.0/network-ip-availabilities => generated 2767 bytes in 13 msecs (HTTP/1.1 200) 4 headers in 158 bytes (1 switches on core 0) [pid: 7|app: 0|req: 1374/2866] 10.0.0.30 () {28 vars in 581 bytes} [Sun Jun 28 21:24:55 2026] GET /v2.0/routers => generated 15 bytes in 29 msecs (HTTP/1.1 200) 4 headers in 156 bytes (1 switches on core 0)
2026-06-28 21:24:55.788 8 INFO neutron.db.ovn_revision_numbers_db [None req-d8c49037-480f-41c9-bfe6-400f3d4cbd3f e4ba0168fe694e7f9042480a3ca8ccd9 3b28883f01104435ad25a445edab18b9 - - default default] Successfully bumped revision number for resource 36c519ae-8f6b-45a1-b777-5f7b3fc289a2 (type: networks) to 1 [pid: 7|app: 0|req: 1375/2867] 10.0.0.30 () {28 vars in 622 bytes} [Sun Jun 28 21:24:55 2026] GET /v2.0/agents?binary=ovn-controller => generated 416 bytes in 11 msecs (HTTP/1.1 200) 4 headers in 157 bytes (1 switches on core 0) [pid: 7|app: 0|req: 1376/2868] 10.0.0.30 () {28 vars in 589 bytes} [Sun Jun 28 21:24:55 2026] GET /v2.0/floatingips => generated 19 bytes in 14 msecs (HTTP/1.1 200) 4 headers in 156 bytes (1 switches on core 0) [pid: 7|app: 0|req: 1377/2869] 10.0.0.30 () {28 vars in 583 bytes} [Sun Jun 28 21:24:55 2026] GET /v2.0/networks => generated 4695 bytes in 59 msecs (HTTP/1.1 200) 4 headers in 158 bytes (1 switches on core 0) [pid: 7|app: 0|req: 1378/2870] 10.0.0.30 () {28 vars in 597 bytes} [Sun Jun 28 21:24:55 2026] GET /v2.0/security-groups => generated 20305 bytes in 46 msecs (HTTP/1.1 200) 4 headers in 159 bytes (1 switches on core 0)
2026-06-28 21:24:55.953 8 WARNING neutron.scheduler.dhcp_agent_scheduler [None req-d8c49037-480f-41c9-bfe6-400f3d4cbd3f e4ba0168fe694e7f9042480a3ca8ccd9 3b28883f01104435ad25a445edab18b9 - - default default] No more DHCP agents
2026-06-28 21:24:55.955 8 WARNING neutron.api.rpc.agentnotifiers.dhcp_rpc_agent_api [None req-d8c49037-480f-41c9-bfe6-400f3d4cbd3f e4ba0168fe694e7f9042480a3ca8ccd9 3b28883f01104435ad25a445edab18b9 - - default default] Unable to schedule network 36c519ae-8f6b-45a1-b777-5f7b3fc289a2: no agents available; will retry on subsequent port and subnet creation events. [pid: 7|app: 0|req: 1379/2871] 10.0.0.30 () {28 vars in 581 bytes} [Sun Jun 28 21:24:55 2026] GET /v2.0/subnets => generated 4110 bytes in 36 msecs (HTTP/1.1 200) 4 headers in 158 bytes (1 switches on core 0)
2026-06-28 21:24:56.011 8 INFO neutron.plugins.ml2.drivers.ovn.mech_driver.mech_driver [None req-8bf56e0e-4fee-4cde-a808-17a23cb273d0 - - - - - -] OVN reports status down for port: 717fc31e-5583-48a1-a040-7e8dbef603a5 [pid: 7|app: 0|req: 1380/2872] 10.0.0.30 () {28 vars in 581 bytes} [Sun Jun 28 21:24:55 2026] GET /v2.0/subnets => generated 4110 bytes in 64 msecs (HTTP/1.1 200) 4 headers in 158 bytes (1 switches on core 0) [pid: 7|app: 0|req: 1381/2873] 10.0.0.30 () {28 vars in 589 bytes} [Sun Jun 28 21:24:56 2026] GET /v2.0/subnetpools => generated 19 bytes in 11 msecs (HTTP/1.1 200) 4 headers in 156 bytes (1 switches on core 0)
2026-06-28 21:24:56.096 8 INFO neutron.db.ovn_revision_numbers_db [None req-d8c49037-480f-41c9-bfe6-400f3d4cbd3f e4ba0168fe694e7f9042480a3ca8ccd9 3b28883f01104435ad25a445edab18b9 - - default default] Successfully bumped revision number for resource 717fc31e-5583-48a1-a040-7e8dbef603a5 (type: ports) to 1 [pid: 8|app: 0|req: 1493/2874] 10.0.0.227 () {34 vars in 669 bytes} [Sun Jun 28 21:24:55 2026] POST /v2.0/networks => generated 675 bytes in 567 msecs (HTTP/1.1 201) 4 headers in 162 bytes (1 switches on core 0)
2026-06-28 21:24:56.328 7 WARNING neutron.scheduler.dhcp_agent_scheduler [None req-09ff4f2a-58fb-4e32-bda8-f1cfdd222875 e4ba0168fe694e7f9042480a3ca8ccd9 3b28883f01104435ad25a445edab18b9 - - default default] No more DHCP agents
2026-06-28 21:24:56.329 7 WARNING neutron.api.rpc.agentnotifiers.dhcp_rpc_agent_api [None req-09ff4f2a-58fb-4e32-bda8-f1cfdd222875 e4ba0168fe694e7f9042480a3ca8ccd9 3b28883f01104435ad25a445edab18b9 - - default default] Unable to schedule network 36c519ae-8f6b-45a1-b777-5f7b3fc289a2: no agents available; will retry on subsequent port and subnet creation events.
2026-06-28 21:24:56.737 7 INFO neutron.db.ovn_revision_numbers_db [None req-673442ca-92a0-4bb7-8bd6-cc7a82c55b62 - - - - - -] Successfully bumped revision number for resource 717fc31e-5583-48a1-a040-7e8dbef603a5 (type: ports) to 2
2026-06-28 21:24:56.775 7 INFO neutron.db.ovn_revision_numbers_db [None req-673442ca-92a0-4bb7-8bd6-cc7a82c55b62 - - - - - -] Successfully bumped revision number for resource a0ab95dc-d2be-41a3-baa9-c7a41662e6ab (type: subnets) to 0 [pid: 7|app: 0|req: 1382/2875] 10.0.0.227 () {34 vars in 668 bytes} [Sun Jun 28 21:24:56 2026] POST /v2.0/subnets => generated 656 bytes in 631 msecs (HTTP/1.1 201) 4 headers in 162 bytes (1 switches on core 0)
2026-06-28 21:24:57.076 8 WARNING neutron.scheduler.dhcp_agent_scheduler [None req-5481cae8-9364-4d6c-b894-71e011f1af1b e4ba0168fe694e7f9042480a3ca8ccd9 3b28883f01104435ad25a445edab18b9 - - default default] No more DHCP agents
2026-06-28 21:24:57.077 8 WARNING neutron.api.rpc.agentnotifiers.dhcp_rpc_agent_api [None req-5481cae8-9364-4d6c-b894-71e011f1af1b e4ba0168fe694e7f9042480a3ca8ccd9 3b28883f01104435ad25a445edab18b9 - - default default] Unable to schedule network 36c519ae-8f6b-45a1-b777-5f7b3fc289a2: no agents available; will retry on subsequent port and subnet creation events.
2026-06-28 21:24:57.113 8 INFO neutron.db.ovn_revision_numbers_db [None req-5481cae8-9364-4d6c-b894-71e011f1af1b e4ba0168fe694e7f9042480a3ca8ccd9 3b28883f01104435ad25a445edab18b9 - - default default] Successfully bumped revision number for resource e326dcc6-71b5-4a1b-bbc0-9f30becd0e30 (type: subnets) to 0 [pid: 8|app: 0|req: 1494/2876] 10.0.0.227 () {34 vars in 668 bytes} [Sun Jun 28 21:24:56 2026] POST /v2.0/subnets => generated 730 bytes in 329 msecs (HTTP/1.1 201) 4 headers in 162 bytes (1 switches on core 0)
2026-06-28 21:24:57.495 7 WARNING neutron.scheduler.dhcp_agent_scheduler [None req-79b22a64-0b81-4ea5-918b-36cb82a28487 e4ba0168fe694e7f9042480a3ca8ccd9 3b28883f01104435ad25a445edab18b9 - - default default] No more DHCP agents
2026-06-28 21:24:57.496 7 WARNING neutron.api.rpc.agentnotifiers.dhcp_rpc_agent_api [None req-79b22a64-0b81-4ea5-918b-36cb82a28487 e4ba0168fe694e7f9042480a3ca8ccd9 3b28883f01104435ad25a445edab18b9 - - default default] Unable to schedule network 52dc49f2-b2c4-4636-b816-6573fc198232: no agents available; will retry on subsequent port and subnet creation events.
2026-06-28 21:24:57.589 7 INFO neutron.plugins.ml2.drivers.ovn.mech_driver.mech_driver [None req-2887e9c0-bd8b-4b0c-a8f3-4701c4ce5422 - - - - - -] OVN reports status down for port: bb11b5d6-3ebe-416a-8dab-9b02b600cb00
2026-06-28 21:24:57.645 7 INFO neutron.db.ovn_revision_numbers_db [None req-79b22a64-0b81-4ea5-918b-36cb82a28487 e4ba0168fe694e7f9042480a3ca8ccd9 3b28883f01104435ad25a445edab18b9 - - default default] Successfully bumped revision number for resource bb11b5d6-3ebe-416a-8dab-9b02b600cb00 (type: ports) to 1
2026-06-28 21:24:58.218 7 INFO neutron.plugins.ml2.drivers.ovn.mech_driver.ovsdb.commands [None req-df1e465d-7e62-4738-af10-84ddcc05c81b - - - - - -] Schedule LRP lrp-bb11b5d6-3ebe-416a-8dab-9b02b600cb00 on gateway 67ed180b-7f97-46f7-9bc9-8b9497570373 with priority 1
2026-06-28 21:24:58.275 7 INFO neutron.plugins.ml2.drivers.ovn.mech_driver.ovsdb.ovsdb_monitor [None req-0839e65c-7123-4c8b-8f82-a774e0ad40b4 - - - - - -] Router 200ab501-48d1-434e-b00b-5d06a5d3e537 is bound to host instance
2026-06-28 21:24:58.295 7 INFO neutron.plugins.ml2.drivers.ovn.mech_driver.mech_driver [None req-2887e9c0-bd8b-4b0c-a8f3-4701c4ce5422 - - - - - -] OVN reports status up for port: bb11b5d6-3ebe-416a-8dab-9b02b600cb00
2026-06-28 21:24:58.356 7 INFO neutron.plugins.ml2.plugin [None req-2887e9c0-bd8b-4b0c-a8f3-4701c4ce5422 - - - - - -] Attempt 1 to provision port bb11b5d6-3ebe-416a-8dab-9b02b600cb00
2026-06-28 21:24:58.384 7 INFO neutron.db.ovn_revision_numbers_db [None req-79b22a64-0b81-4ea5-918b-36cb82a28487 e4ba0168fe694e7f9042480a3ca8ccd9 3b28883f01104435ad25a445edab18b9 - - default default] Successfully bumped revision number for resource bb11b5d6-3ebe-416a-8dab-9b02b600cb00 (type: router_ports) to 1
2026-06-28 21:24:58.559 7 INFO neutron.db.ovn_revision_numbers_db [None req-79b22a64-0b81-4ea5-918b-36cb82a28487 e4ba0168fe694e7f9042480a3ca8ccd9 3b28883f01104435ad25a445edab18b9 - - default default] Successfully bumped revision number for resource 200ab501-48d1-434e-b00b-5d06a5d3e537 (type: routers) to 2 [pid: 7|app: 0|req: 1383/2879] 10.0.0.227 () {34 vars in 668 bytes} [Sun Jun 28 21:24:57 2026] POST /v2.0/routers => generated 945 bytes in 1451 msecs (HTTP/1.1 201) 4 headers in 162 bytes (1 switches on core 0)
2026-06-28 21:24:59.108 8 WARNING neutron.scheduler.dhcp_agent_scheduler [None req-9b46e2a1-fb85-4e6e-af74-78cce9c3f780 e4ba0168fe694e7f9042480a3ca8ccd9 3b28883f01104435ad25a445edab18b9 - - default default] No more DHCP agents
2026-06-28 21:24:59.111 8 WARNING neutron.api.rpc.agentnotifiers.dhcp_rpc_agent_api [None req-9b46e2a1-fb85-4e6e-af74-78cce9c3f780 e4ba0168fe694e7f9042480a3ca8ccd9 3b28883f01104435ad25a445edab18b9 - - default default] Unable to schedule network b46d365c-1af2-41c5-93e9-ab736d0cefce: no agents available; will retry on subsequent port and subnet creation events.
2026-06-28 21:24:59.190 7 INFO neutron.db.ovn_revision_numbers_db [None req-3b6954ff-1206-4186-a236-da40479cb5c8 - - - - - -] Successfully bumped revision number for resource bb11b5d6-3ebe-416a-8dab-9b02b600cb00 (type: ports) to 4
2026-06-28 21:24:59.265 8 INFO neutron.db.ovn_revision_numbers_db [None req-9b46e2a1-fb85-4e6e-af74-78cce9c3f780 e4ba0168fe694e7f9042480a3ca8ccd9 3b28883f01104435ad25a445edab18b9 - - default default] Successfully bumped revision number for resource ca71d414-4c05-451e-b392-8e8ed10817cd (type: ports) to 1
2026-06-28 21:24:59.496 7 INFO neutron.db.ovn_revision_numbers_db [None req-3b6954ff-1206-4186-a236-da40479cb5c8 - - - - - -] Successfully bumped revision number for resource bb11b5d6-3ebe-416a-8dab-9b02b600cb00 (type: ports) to 5
2026-06-28 21:24:59.956 8 WARNING neutron.scheduler.dhcp_agent_scheduler [None req-9b46e2a1-fb85-4e6e-af74-78cce9c3f780 e4ba0168fe694e7f9042480a3ca8ccd9 3b28883f01104435ad25a445edab18b9 - - default default] No more DHCP agents
2026-06-28 21:24:59.957 8 WARNING neutron.api.rpc.agentnotifiers.dhcp_rpc_agent_api [None req-9b46e2a1-fb85-4e6e-af74-78cce9c3f780 e4ba0168fe694e7f9042480a3ca8ccd9 3b28883f01104435ad25a445edab18b9 - - default default] Unable to schedule network b46d365c-1af2-41c5-93e9-ab736d0cefce: no agents available; will retry on subsequent port and subnet creation events.
2026-06-28 21:25:00.273 8 INFO neutron.db.ovn_revision_numbers_db [None req-9b46e2a1-fb85-4e6e-af74-78cce9c3f780 e4ba0168fe694e7f9042480a3ca8ccd9 3b28883f01104435ad25a445edab18b9 - - default default] Successfully bumped revision number for resource ca71d414-4c05-451e-b392-8e8ed10817cd (type: router_ports) to 1 [pid: 8|app: 0|req: 1497/2880] 10.0.0.227 () {34 vars in 782 bytes} [Sun Jun 28 21:24:58 2026] PUT /v2.0/routers/200ab501-48d1-434e-b00b-5d06a5d3e537/add_router_interface => generated 309 bytes in 1685 msecs (HTTP/1.1 200) 4 headers in 157 bytes (1 switches on core 0)
2026-06-28 21:25:00.789 7 WARNING neutron.scheduler.dhcp_agent_scheduler [None req-0b98ae6b-2329-4944-b612-ac7d1a8adde1 e4ba0168fe694e7f9042480a3ca8ccd9 3b28883f01104435ad25a445edab18b9 - - default default] No more DHCP agents
2026-06-28 21:25:00.791 7 WARNING neutron.api.rpc.agentnotifiers.dhcp_rpc_agent_api [None req-0b98ae6b-2329-4944-b612-ac7d1a8adde1 e4ba0168fe694e7f9042480a3ca8ccd9 3b28883f01104435ad25a445edab18b9 - - default default] Unable to schedule network 69b3330c-5524-4502-9a21-d8e260468fbc: no agents available; will retry on subsequent port and subnet creation events.
2026-06-28 21:25:00.892 8 INFO neutron.plugins.ml2.drivers.ovn.mech_driver.mech_driver [None req-8bf56e0e-4fee-4cde-a808-17a23cb273d0 - - - - - -] OVN reports status down for port: 88ca3a9a-419a-47f5-9a03-4ad6b7cff326
2026-06-28 21:25:00.928 7 INFO neutron.db.ovn_revision_numbers_db [None req-0b98ae6b-2329-4944-b612-ac7d1a8adde1 e4ba0168fe694e7f9042480a3ca8ccd9 3b28883f01104435ad25a445edab18b9 - - default default] Successfully bumped revision number for resource 88ca3a9a-419a-47f5-9a03-4ad6b7cff326 (type: ports) to 1
2026-06-28 21:25:01.080 7 INFO neutron.plugins.ml2.drivers.ovn.mech_driver.mech_driver [None req-2887e9c0-bd8b-4b0c-a8f3-4701c4ce5422 - - - - - -] OVN reports status down for port: ca71d414-4c05-451e-b392-8e8ed10817cd
2026-06-28 21:25:01.194 7 WARNING neutron.plugins.ml2.drivers.ovn.mech_driver.ovsdb.ovn_client [None req-2887e9c0-bd8b-4b0c-a8f3-4701c4ce5422 - - - - - -] Logical_Switch_Port ca71d414-4c05-451e-b392-8e8ed10817cd host information not removed, the port state is up
2026-06-28 21:25:01.194 7 INFO neutron.plugins.ml2.drivers.ovn.mech_driver.mech_driver [None req-2887e9c0-bd8b-4b0c-a8f3-4701c4ce5422 - - - - - -] OVN reports status up for port: ca71d414-4c05-451e-b392-8e8ed10817cd
2026-06-28 21:25:01.222 7 INFO neutron.plugins.ml2.plugin [None req-2887e9c0-bd8b-4b0c-a8f3-4701c4ce5422 - - - - - -] Attempt 1 to provision port ca71d414-4c05-451e-b392-8e8ed10817cd
2026-06-28 21:25:01.929 7 INFO neutron.db.ovn_revision_numbers_db [None req-2887e9c0-bd8b-4b0c-a8f3-4701c4ce5422 - - - - - -] Successfully bumped revision number for resource ca71d414-4c05-451e-b392-8e8ed10817cd (type: ports) to 2
2026-06-28 21:25:01.994 8 INFO neutron.plugins.ml2.drivers.ovn.mech_driver.mech_driver [None req-8bf56e0e-4fee-4cde-a808-17a23cb273d0 - - - - - -] OVN reports status up for port: 88ca3a9a-419a-47f5-9a03-4ad6b7cff326
2026-06-28 21:25:02.006 8 INFO neutron.plugins.ml2.plugin [None req-8bf56e0e-4fee-4cde-a808-17a23cb273d0 - - - - - -] Attempt 1 to provision port 88ca3a9a-419a-47f5-9a03-4ad6b7cff326
2026-06-28 21:25:02.154 7 WARNING neutron.scheduler.dhcp_agent_scheduler [None req-0b98ae6b-2329-4944-b612-ac7d1a8adde1 e4ba0168fe694e7f9042480a3ca8ccd9 3b28883f01104435ad25a445edab18b9 - - default default] No more DHCP agents
2026-06-28 21:25:02.156 7 WARNING neutron.api.rpc.agentnotifiers.dhcp_rpc_agent_api [None req-0b98ae6b-2329-4944-b612-ac7d1a8adde1 e4ba0168fe694e7f9042480a3ca8ccd9 3b28883f01104435ad25a445edab18b9 - - default default] Unable to schedule network 69b3330c-5524-4502-9a21-d8e260468fbc: no agents available; will retry on subsequent port and subnet creation events.
2026-06-28 21:25:02.334 8 INFO neutron.db.ovn_revision_numbers_db [None req-8bf56e0e-4fee-4cde-a808-17a23cb273d0 - - - - - -] Successfully bumped revision number for resource 88ca3a9a-419a-47f5-9a03-4ad6b7cff326 (type: ports) to 2
2026-06-28 21:25:02.481 7 INFO neutron.db.ovn_revision_numbers_db [None req-0b98ae6b-2329-4944-b612-ac7d1a8adde1 e4ba0168fe694e7f9042480a3ca8ccd9 3b28883f01104435ad25a445edab18b9 - - default default] Successfully bumped revision number for resource 88ca3a9a-419a-47f5-9a03-4ad6b7cff326 (type: router_ports) to 1 [pid: 7|app: 0|req: 1384/2881] 10.0.0.227 () {34 vars in 782 bytes} [Sun Jun 28 21:25:00 2026] PUT /v2.0/routers/200ab501-48d1-434e-b00b-5d06a5d3e537/add_router_interface => generated 309 bytes in 2213 msecs (HTTP/1.1 200) 4 headers in 157 bytes (1 switches on core 0)
2026-06-28 21:25:03.009 8 WARNING neutron.scheduler.dhcp_agent_scheduler [None req-d98f8b41-3e54-4020-84cf-4bc0c05aca85 e4ba0168fe694e7f9042480a3ca8ccd9 3b28883f01104435ad25a445edab18b9 - - default default] No more DHCP agents
2026-06-28 21:25:03.011 8 WARNING neutron.api.rpc.agentnotifiers.dhcp_rpc_agent_api [None req-d98f8b41-3e54-4020-84cf-4bc0c05aca85 e4ba0168fe694e7f9042480a3ca8ccd9 3b28883f01104435ad25a445edab18b9 - - default default] Unable to schedule network 36c519ae-8f6b-45a1-b777-5f7b3fc289a2: no agents available; will retry on subsequent port and subnet creation events.
2026-06-28 21:25:03.164 8 INFO neutron.db.ovn_revision_numbers_db [None req-d98f8b41-3e54-4020-84cf-4bc0c05aca85 e4ba0168fe694e7f9042480a3ca8ccd9 3b28883f01104435ad25a445edab18b9 - - default default] Successfully bumped revision number for resource 5c5c6958-f369-4f39-9948-91d6a3d99be4 (type: ports) to 1
2026-06-28 21:25:03.884 8 WARNING neutron.scheduler.dhcp_agent_scheduler [None req-d98f8b41-3e54-4020-84cf-4bc0c05aca85 e4ba0168fe694e7f9042480a3ca8ccd9 3b28883f01104435ad25a445edab18b9 - - default default] No more DHCP agents
2026-06-28 21:25:03.885 8 WARNING neutron.api.rpc.agentnotifiers.dhcp_rpc_agent_api [None req-d98f8b41-3e54-4020-84cf-4bc0c05aca85 e4ba0168fe694e7f9042480a3ca8ccd9 3b28883f01104435ad25a445edab18b9 - - default default] Unable to schedule network 36c519ae-8f6b-45a1-b777-5f7b3fc289a2: no agents available; will retry on subsequent port and subnet creation events.
2026-06-28 21:25:04.264 8 INFO neutron.db.ovn_revision_numbers_db [None req-d98f8b41-3e54-4020-84cf-4bc0c05aca85 e4ba0168fe694e7f9042480a3ca8ccd9 3b28883f01104435ad25a445edab18b9 - - default default] Successfully bumped revision number for resource 5c5c6958-f369-4f39-9948-91d6a3d99be4 (type: router_ports) to 1 [pid: 8|app: 0|req: 1498/2882] 10.0.0.227 () {34 vars in 782 bytes} [Sun Jun 28 21:25:02 2026] PUT /v2.0/routers/200ab501-48d1-434e-b00b-5d06a5d3e537/add_router_interface => generated 309 bytes in 1768 msecs (HTTP/1.1 200) 4 headers in 157 bytes (1 switches on core 0)
2026-06-28 21:25:04.435 7 INFO neutron.db.ovn_revision_numbers_db [None req-12556f4e-3a3e-4b51-98fa-d783cb02154b e4ba0168fe694e7f9042480a3ca8ccd9 3b28883f01104435ad25a445edab18b9 - - default default] Successfully bumped revision number for resource ed67fbcd-ad50-47d5-be45-2aa9ff3c6923 (type: security_groups) to 1
2026-06-28 21:25:04.450 7 INFO neutron.db.ovn_revision_numbers_db [None req-12556f4e-3a3e-4b51-98fa-d783cb02154b e4ba0168fe694e7f9042480a3ca8ccd9 3b28883f01104435ad25a445edab18b9 - - default default] Successfully bumped revision number for resource b5749693-0061-4988-9528-229bd5868608 (type: security_group_rules) to 0
2026-06-28 21:25:04.463 7 INFO neutron.db.ovn_revision_numbers_db [None req-12556f4e-3a3e-4b51-98fa-d783cb02154b e4ba0168fe694e7f9042480a3ca8ccd9 3b28883f01104435ad25a445edab18b9 - - default default] Successfully bumped revision number for resource de479352-ae0f-4e9a-abcb-6b08f05d497d (type: security_group_rules) to 0 [pid: 7|app: 0|req: 1385/2883] 10.0.0.227 () {34 vars in 683 bytes} [Sun Jun 28 21:25:04 2026] POST /v2.0/security-groups => generated 1629 bytes in 172 msecs (HTTP/1.1 201) 4 headers in 163 bytes (1 switches on core 0)
2026-06-28 21:25:04.616 8 INFO neutron.db.ovn_revision_numbers_db [None req-8ccfffe0-2f3b-416c-9e34-75b5f702123a e4ba0168fe694e7f9042480a3ca8ccd9 3b28883f01104435ad25a445edab18b9 - - default default] Successfully bumped revision number for resource 9499b0eb-0ff7-4ab7-a2c5-8095ebb6a12c (type: security_group_rules) to 0 [pid: 8|app: 0|req: 1499/2884] 10.0.0.227 () {34 vars in 694 bytes} [Sun Jun 28 21:25:04 2026] POST /v2.0/security-group-rules => generated 597 bytes in 151 msecs (HTTP/1.1 201) 4 headers in 162 bytes (1 switches on core 0)
2026-06-28 21:25:04.802 7 INFO neutron.db.ovn_revision_numbers_db [None req-1a08daf6-2612-4def-b7e2-8478cfca93d0 e4ba0168fe694e7f9042480a3ca8ccd9 3b28883f01104435ad25a445edab18b9 - - default default] Successfully bumped revision number for resource ac79bb37-053f-4efe-94da-c66ae79932e8 (type: security_group_rules) to 0 [pid: 7|app: 0|req: 1386/2885] 10.0.0.227 () {34 vars in 694 bytes} [Sun Jun 28 21:25:04 2026] POST /v2.0/security-group-rules => generated 597 bytes in 183 msecs (HTTP/1.1 201) 4 headers in 162 bytes (1 switches on core 0)
2026-06-28 21:25:04.987 8 INFO neutron.db.ovn_revision_numbers_db [None req-b387e2af-4d0d-4d2f-8949-4986590744f1 e4ba0168fe694e7f9042480a3ca8ccd9 3b28883f01104435ad25a445edab18b9 - - default default] Successfully bumped revision number for resource 85f0ef9b-d0e5-457a-8246-00aad7a9972f (type: security_group_rules) to 0 [pid: 8|app: 0|req: 1500/2886] 10.0.0.227 () {34 vars in 694 bytes} [Sun Jun 28 21:25:04 2026] POST /v2.0/security-group-rules => generated 599 bytes in 174 msecs (HTTP/1.1 201) 4 headers in 162 bytes (1 switches on core 0)
2026-06-28 21:25:05.182 7 INFO neutron.db.ovn_revision_numbers_db [None req-e4375365-7780-4abd-98cd-9068ba54517b e4ba0168fe694e7f9042480a3ca8ccd9 3b28883f01104435ad25a445edab18b9 - - default default] Successfully bumped revision number for resource 391cb11d-5537-4705-b608-af40d3e2b6e9 (type: security_group_rules) to 0 [pid: 7|app: 0|req: 1387/2887] 10.0.0.227 () {34 vars in 694 bytes} [Sun Jun 28 21:25:05 2026] POST /v2.0/security-group-rules => generated 601 bytes in 189 msecs (HTTP/1.1 201) 4 headers in 162 bytes (1 switches on core 0)
2026-06-28 21:25:05.368 8 INFO neutron.db.ovn_revision_numbers_db [None req-f71b2a90-0c66-4dfd-ad8b-29827e55ac73 e4ba0168fe694e7f9042480a3ca8ccd9 3b28883f01104435ad25a445edab18b9 - - default default] Successfully bumped revision number for resource 39a30956-17ec-44e3-a956-23c57096b4f6 (type: security_group_rules) to 0 [pid: 8|app: 0|req: 1501/2888] 10.0.0.227 () {34 vars in 694 bytes} [Sun Jun 28 21:25:05 2026] POST /v2.0/security-group-rules => generated 601 bytes in 176 msecs (HTTP/1.1 201) 4 headers in 162 bytes (1 switches on core 0)
2026-06-28 21:25:05.530 7 INFO neutron.db.ovn_revision_numbers_db [None req-cbf3bfaf-fb81-4b5e-bb71-7990ed45f6df e4ba0168fe694e7f9042480a3ca8ccd9 3b28883f01104435ad25a445edab18b9 - - default default] Successfully bumped revision number for resource 1ff36cdd-530b-45ef-a6f8-ceebae7df1b7 (type: security_group_rules) to 0 [pid: 7|app: 0|req: 1388/2889] 10.0.0.227 () {34 vars in 694 bytes} [Sun Jun 28 21:25:05 2026] POST /v2.0/security-group-rules => generated 597 bytes in 158 msecs (HTTP/1.1 201) 4 headers in 162 bytes (1 switches on core 0)
2026-06-28 21:25:05.706 8 INFO neutron.db.ovn_revision_numbers_db [None req-757dcb7e-8c66-4355-9244-79bd46f7a1be e4ba0168fe694e7f9042480a3ca8ccd9 3b28883f01104435ad25a445edab18b9 - - default default] Successfully bumped revision number for resource 4480ab85-1e9a-420d-86a0-32910f18dffa (type: security_group_rules) to 0 [pid: 8|app: 0|req: 1502/2890] 10.0.0.227 () {34 vars in 694 bytes} [Sun Jun 28 21:25:05 2026] POST /v2.0/security-group-rules => generated 597 bytes in 171 msecs (HTTP/1.1 201) 4 headers in 162 bytes (1 switches on core 0)
2026-06-28 21:25:05.890 7 INFO neutron.db.ovn_revision_numbers_db [None req-a6ed1210-9fd6-4e04-91a0-fcca43de1127 e4ba0168fe694e7f9042480a3ca8ccd9 3b28883f01104435ad25a445edab18b9 - - default default] Successfully bumped revision number for resource c48eb903-5fef-4688-8842-47305fbf6236 (type: security_group_rules) to 0 [pid: 7|app: 0|req: 1389/2891] 10.0.0.227 () {34 vars in 694 bytes} [Sun Jun 28 21:25:05 2026] POST /v2.0/security-group-rules => generated 597 bytes in 182 msecs (HTTP/1.1 201) 4 headers in 162 bytes (1 switches on core 0)
2026-06-28 21:25:06.090 8 INFO neutron.db.ovn_revision_numbers_db [None req-18658195-c07f-4f4a-8bc3-c6a32605ce7b e4ba0168fe694e7f9042480a3ca8ccd9 3b28883f01104435ad25a445edab18b9 - - default default] Successfully bumped revision number for resource 39192933-c9c8-445e-afdf-22d5cd8d191a (type: security_group_rules) to 0 [pid: 8|app: 0|req: 1503/2892] 10.0.0.227 () {34 vars in 694 bytes} [Sun Jun 28 21:25:05 2026] POST /v2.0/security-group-rules => generated 599 bytes in 194 msecs (HTTP/1.1 201) 4 headers in 162 bytes (1 switches on core 0)
2026-06-28 21:25:06.275 7 INFO neutron.db.ovn_revision_numbers_db [None req-c4645021-a052-4278-8625-ca551fe9e275 e4ba0168fe694e7f9042480a3ca8ccd9 3b28883f01104435ad25a445edab18b9 - - default default] Successfully bumped revision number for resource 7491147a-928c-46b2-8aee-6f17c75461c6 (type: security_group_rules) to 0 [pid: 7|app: 0|req: 1390/2893] 10.0.0.227 () {34 vars in 694 bytes} [Sun Jun 28 21:25:06 2026] POST /v2.0/security-group-rules => generated 601 bytes in 188 msecs (HTTP/1.1 201) 4 headers in 162 bytes (1 switches on core 0)
2026-06-28 21:25:06.489 8 INFO neutron.db.ovn_revision_numbers_db [None req-67d2fda7-7a0f-4955-a4f2-d4e90aede0f3 e4ba0168fe694e7f9042480a3ca8ccd9 3b28883f01104435ad25a445edab18b9 - - default default] Successfully bumped revision number for resource 3797209c-253f-4b9d-b51e-5094b5a8173c (type: security_group_rules) to 0 [pid: 8|app: 0|req: 1504/2894] 10.0.0.227 () {34 vars in 694 bytes} [Sun Jun 28 21:25:06 2026] POST /v2.0/security-group-rules => generated 597 bytes in 204 msecs (HTTP/1.1 201) 4 headers in 162 bytes (1 switches on core 0)
2026-06-28 21:25:06.575 8 WARNING neutron.plugins.ml2.drivers.ovn.mech_driver.ovsdb.ovn_client [None req-725ab823-1d18-44c0-916c-a745a86f12af - - - - - -] No hosting information found for port 88ca3a9a-419a-47f5-9a03-4ad6b7cff326: RuntimeError: No hosting information found for port 88ca3a9a-419a-47f5-9a03-4ad6b7cff326
2026-06-28 21:25:06.646 8 INFO neutron.db.ovn_revision_numbers_db [None req-725ab823-1d18-44c0-916c-a745a86f12af - - - - - -] Successfully bumped revision number for resource 88ca3a9a-419a-47f5-9a03-4ad6b7cff326 (type: router_ports) to 2
2026-06-28 21:25:06.647 8 INFO neutron.plugins.ml2.drivers.ovn.mech_driver.mech_driver [None req-725ab823-1d18-44c0-916c-a745a86f12af - - - - - -] OVN reports status down for port: 5c5c6958-f369-4f39-9948-91d6a3d99be4
2026-06-28 21:25:06.710 8 WARNING neutron.plugins.ml2.drivers.ovn.mech_driver.ovsdb.ovn_client [None req-725ab823-1d18-44c0-916c-a745a86f12af - - - - - -] Logical_Switch_Port 5c5c6958-f369-4f39-9948-91d6a3d99be4 host information not removed, the port state is up
2026-06-28 21:25:06.710 8 INFO neutron.plugins.ml2.drivers.ovn.mech_driver.mech_driver [None req-725ab823-1d18-44c0-916c-a745a86f12af - - - - - -] OVN reports status up for port: 5c5c6958-f369-4f39-9948-91d6a3d99be4
2026-06-28 21:25:06.724 8 INFO neutron.plugins.ml2.plugin [None req-725ab823-1d18-44c0-916c-a745a86f12af - - - - - -] Attempt 1 to provision port 5c5c6958-f369-4f39-9948-91d6a3d99be4 [pid: 7|app: 0|req: 1391/2895] 10.0.0.218 () {34 vars in 1093 bytes} [Sun Jun 28 21:25:06 2026] GET /v2.0/security-groups?name=tempest-lb_member_SG-426063110&fields=id&tenant_id=3b28883f01104435ad25a445edab18b9 => generated 69 bytes in 34 msecs (HTTP/1.1 200) 4 headers in 156 bytes (1 switches on core 0) [pid: 8|app: 0|req: 1505/2896] 10.0.0.218 () {34 vars in 981 bytes} [Sun Jun 28 21:25:06 2026] GET /v2.0/networks?id=69b3330c-5524-4502-9a21-d8e260468fbc => generated 742 bytes in 85 msecs (HTTP/1.1 200) 4 headers in 157 bytes (1 switches on core 0) [pid: 7|app: 0|req: 1392/2897] 10.0.0.218 () {34 vars in 964 bytes} [Sun Jun 28 21:25:06 2026] GET /v2.0/quotas/3b28883f01104435ad25a445edab18b9 => generated 292 bytes in 9 msecs (HTTP/1.1 200) 4 headers in 157 bytes (1 switches on core 0) [pid: 8|app: 0|req: 1506/2898] 10.0.0.218 () {34 vars in 1001 bytes} [Sun Jun 28 21:25:06 2026] GET /v2.0/ports?tenant_id=3b28883f01104435ad25a445edab18b9&fields=id => generated 287 bytes in 343 msecs (HTTP/1.1 200) 4 headers in 157 bytes (1 switches on core 0) [pid: 7|app: 0|req: 1393/2899] 10.0.0.218 () {34 vars in 1007 bytes} [Sun Jun 28 21:25:07 2026] GET /v2.0/networks/69b3330c-5524-4502-9a21-d8e260468fbc?fields=segments => generated 14 bytes in 51 msecs (HTTP/1.1 200) 4 headers in 156 bytes (1 switches on core 0) [pid: 8|app: 0|req: 1507/2900] 10.0.0.218 () {34 vars in 1107 bytes} [Sun Jun 28 21:25:07 2026] GET /v2.0/networks/69b3330c-5524-4502-9a21-d8e260468fbc?fields=provider%3Aphysical_network&fields=provider%3Anetwork_type => generated 79 bytes in 90 msecs (HTTP/1.1 200) 4 headers in 156 bytes (1 switches on core 0)
2026-06-28 21:25:07.413 8 INFO neutron.db.ovn_revision_numbers_db [None req-725ab823-1d18-44c0-916c-a745a86f12af - - - - - -] Successfully bumped revision number for resource 5c5c6958-f369-4f39-9948-91d6a3d99be4 (type: ports) to 2 [pid: 7|app: 0|req: 1394/2901] 10.0.0.218 () {34 vars in 989 bytes} [Sun Jun 28 21:25:07 2026] GET /v2.0/ports?device_id=d2616961-e19c-46be-b552-74d106408c59 => generated 12 bytes in 32 msecs (HTTP/1.1 200) 4 headers in 156 bytes (1 switches on core 0)
2026-06-28 21:25:07.910 7 WARNING neutron.plugins.ml2.drivers.ovn.mech_driver.ovsdb.ovn_client [None req-b1513512-dc13-4467-b2bc-ec69c786d95c - - - - - -] No hosting information found for port ca71d414-4c05-451e-b392-8e8ed10817cd: RuntimeError: No hosting information found for port ca71d414-4c05-451e-b392-8e8ed10817cd
2026-06-28 21:25:07.998 7 INFO neutron.db.ovn_revision_numbers_db [None req-b1513512-dc13-4467-b2bc-ec69c786d95c - - - - - -] Successfully bumped revision number for resource ca71d414-4c05-451e-b392-8e8ed10817cd (type: router_ports) to 2 [pid: 8|app: 0|req: 1508/2902] 199.204.45.113 () {34 vars in 985 bytes} [Sun Jun 28 21:25:11 2026] GET /v2.0/networks?id=69b3330c-5524-4502-9a21-d8e260468fbc => generated 742 bytes in 41 msecs (HTTP/1.1 200) 4 headers in 157 bytes (1 switches on core 0) [pid: 7|app: 0|req: 1395/2903] 199.204.45.113 () {34 vars in 1049 bytes} [Sun Jun 28 21:25:11 2026] GET /v2.0/security-groups?fields=id&fields=name&tenant_id=3b28883f01104435ad25a445edab18b9 => generated 178 bytes in 46 msecs (HTTP/1.1 200) 4 headers in 157 bytes (1 switches on core 0)
2026-06-28 21:25:12.164 8 WARNING neutron.plugins.ml2.drivers.ovn.mech_driver.ovsdb.ovn_client [None req-33d016ce-6c6d-4fca-888a-59cf73c59b9b - - - - - -] No hosting information found for port 5c5c6958-f369-4f39-9948-91d6a3d99be4: RuntimeError: No hosting information found for port 5c5c6958-f369-4f39-9948-91d6a3d99be4
2026-06-28 21:25:12.293 8 WARNING neutron.scheduler.dhcp_agent_scheduler [req-6190d90e-c1a2-49ad-846c-024a60a0964a req-47b2d1dc-2839-4f1d-b191-ec090c496fd0 e4ba0168fe694e7f9042480a3ca8ccd9 3b28883f01104435ad25a445edab18b9 - - default default] No more DHCP agents
2026-06-28 21:25:12.295 8 WARNING neutron.api.rpc.agentnotifiers.dhcp_rpc_agent_api [req-6190d90e-c1a2-49ad-846c-024a60a0964a req-47b2d1dc-2839-4f1d-b191-ec090c496fd0 e4ba0168fe694e7f9042480a3ca8ccd9 3b28883f01104435ad25a445edab18b9 - - default default] Unable to schedule network 69b3330c-5524-4502-9a21-d8e260468fbc: no agents available; will retry on subsequent port and subnet creation events.
2026-06-28 21:25:12.297 8 INFO neutron.db.ovn_revision_numbers_db [None req-33d016ce-6c6d-4fca-888a-59cf73c59b9b - - - - - -] Successfully bumped revision number for resource 5c5c6958-f369-4f39-9948-91d6a3d99be4 (type: router_ports) to 2
2026-06-28 21:25:12.426 8 INFO neutron.plugins.ml2.drivers.ovn.mech_driver.mech_driver [None req-33d016ce-6c6d-4fca-888a-59cf73c59b9b - - - - - -] OVN reports status down for port: c54cb32a-e7ad-45cf-a07d-8504600eca57
