2026-05-07 14:36:14.211 8 INFO neutron_taas.services.taas.tap_mirror_plugin [None req-7595afc5-0991-4fc8-a7c2-2a794f0b2cca a33d8495242f412c92b670d3f47a7859 708a3f7d5f0541e9a87eb07aa4d7615f - - default default] Tap Mirror: Handle Delete Port: a3d8405f-3c11-4152-bf80-4ad8c736e097 [pid: 8|app: 0|req: 1078/2368] 10.0.0.91 () {32 vars in 717 bytes} [Thu May 7 14:36:14 2026] DELETE /v2.0/ports/a3d8405f-3c11-4152-bf80-4ad8c736e097 => generated 0 bytes in 291 msecs (HTTP/1.1 204) 3 headers in 131 bytes (1 switches on core 0)
2026-05-07 14:36:14.483 7 INFO neutron.db.ovn_revision_numbers_db [None req-7d6e521d-5b96-448b-b8a1-2bcebf730dc4 a2fdfe1dc8cf40e79c647b351b0f7b3b d83644f3b3c94631bddb4120df73e766 - - default default] Successfully bumped revision number for resource bb697607-990d-41f4-9789-3100e78370aa (type: security_groups) to 1
2026-05-07 14:36:14.496 7 INFO neutron.db.ovn_revision_numbers_db [None req-7d6e521d-5b96-448b-b8a1-2bcebf730dc4 a2fdfe1dc8cf40e79c647b351b0f7b3b d83644f3b3c94631bddb4120df73e766 - - default default] Successfully bumped revision number for resource 1f2cf7b6-b51d-43a4-a373-5fd80f642fd6 (type: security_group_rules) to 0
2026-05-07 14:36:14.509 7 INFO neutron.db.ovn_revision_numbers_db [None req-7d6e521d-5b96-448b-b8a1-2bcebf730dc4 a2fdfe1dc8cf40e79c647b351b0f7b3b d83644f3b3c94631bddb4120df73e766 - - default default] Successfully bumped revision number for resource 56683ca0-2bc8-433e-9638-4c9edb329dd0 (type: security_group_rules) to 0
2026-05-07 14:36:14.522 7 INFO neutron.db.ovn_revision_numbers_db [None req-7d6e521d-5b96-448b-b8a1-2bcebf730dc4 a2fdfe1dc8cf40e79c647b351b0f7b3b d83644f3b3c94631bddb4120df73e766 - - default default] Successfully bumped revision number for resource 9e01146a-c05d-4222-a9fd-cde2265415f7 (type: security_group_rules) to 0
2026-05-07 14:36:14.527 8 INFO neutron_taas.services.taas.taas_plugin [None req-d020e644-0d2d-4945-b6c0-9c2c1b8c2e79 a33d8495242f412c92b670d3f47a7859 708a3f7d5f0541e9a87eb07aa4d7615f - - default default] TaaS: Handle Delete Port: 78ee4c72-1ddb-4657-91df-98cb0ee13c24
2026-05-07 14:36:14.531 8 INFO neutron_taas.services.taas.tap_mirror_plugin [None req-d020e644-0d2d-4945-b6c0-9c2c1b8c2e79 a33d8495242f412c92b670d3f47a7859 708a3f7d5f0541e9a87eb07aa4d7615f - - default default] Tap Mirror: Handle Delete Port: 78ee4c72-1ddb-4657-91df-98cb0ee13c24
2026-05-07 14:36:14.536 7 INFO neutron.db.ovn_revision_numbers_db [None req-7d6e521d-5b96-448b-b8a1-2bcebf730dc4 a2fdfe1dc8cf40e79c647b351b0f7b3b d83644f3b3c94631bddb4120df73e766 - - default default] Successfully bumped revision number for resource dca303d9-4125-439a-8ce2-82db5c5c5296 (type: security_group_rules) to 0 [pid: 7|app: 0|req: 1291/2369] 10.0.0.91 () {32 vars in 771 bytes} [Thu May 7 14:36:14 2026] GET /v2.0/security-groups?tenant_id=8c13bf84d9b5474ea893160a7eeae6bc&name=default => generated 2925 bytes in 346 msecs (HTTP/1.1 200) 4 headers in 158 bytes (1 switches on core 0) [pid: 8|app: 0|req: 1079/2370] 10.0.0.91 () {32 vars in 717 bytes} [Thu May 7 14:36:14 2026] DELETE /v2.0/ports/78ee4c72-1ddb-4657-91df-98cb0ee13c24 => generated 0 bytes in 310 msecs (HTTP/1.1 204) 3 headers in 131 bytes (1 switches on core 0)
2026-05-07 14:36:14.849 8 INFO neutron_taas.services.taas.taas_plugin [None req-ebbb1670-e949-48a3-ae86-d2605dec03ce a33d8495242f412c92b670d3f47a7859 708a3f7d5f0541e9a87eb07aa4d7615f - - default default] TaaS: Handle Delete Port: 6f8b6c41-25dc-4635-aa9d-c1d543bf6236
2026-05-07 14:36:14.852 8 INFO neutron_taas.services.taas.tap_mirror_plugin [None req-ebbb1670-e949-48a3-ae86-d2605dec03ce a33d8495242f412c92b670d3f47a7859 708a3f7d5f0541e9a87eb07aa4d7615f - - default default] Tap Mirror: Handle Delete Port: 6f8b6c41-25dc-4635-aa9d-c1d543bf6236 [pid: 7|app: 0|req: 1292/2371] 10.0.0.91 () {32 vars in 737 bytes} [Thu May 7 14:36:14 2026] DELETE /v2.0/security-groups/bb697607-990d-41f4-9789-3100e78370aa => generated 0 bytes in 432 msecs (HTTP/1.1 204) 2 headers in 112 bytes (1 switches on core 0) [pid: 8|app: 0|req: 1080/2372] 10.0.0.91 () {32 vars in 717 bytes} [Thu May 7 14:36:14 2026] DELETE /v2.0/ports/6f8b6c41-25dc-4635-aa9d-c1d543bf6236 => generated 0 bytes in 359 msecs (HTTP/1.1 204) 3 headers in 131 bytes (1 switches on core 0)
2026-05-07 14:36:15.183 7 INFO neutron_taas.services.taas.taas_plugin [None req-36f4dace-7905-4986-ae9f-f7e7f72e07a9 a33d8495242f412c92b670d3f47a7859 708a3f7d5f0541e9a87eb07aa4d7615f - - default default] TaaS: Handle Delete Port: 1139b539-cbc2-4226-8d1e-755dd619e54b
2026-05-07 14:36:15.186 7 INFO neutron_taas.services.taas.tap_mirror_plugin [None req-36f4dace-7905-4986-ae9f-f7e7f72e07a9 a33d8495242f412c92b670d3f47a7859 708a3f7d5f0541e9a87eb07aa4d7615f - - default default] Tap Mirror: Handle Delete Port: 1139b539-cbc2-4226-8d1e-755dd619e54b [pid: 7|app: 0|req: 1293/2373] 10.0.0.91 () {32 vars in 717 bytes} [Thu May 7 14:36:15 2026] DELETE /v2.0/ports/1139b539-cbc2-4226-8d1e-755dd619e54b => generated 0 bytes in 331 msecs (HTTP/1.1 204) 3 headers in 131 bytes (1 switches on core 0)
2026-05-07 14:36:15.538 8 INFO neutron_taas.services.taas.taas_plugin [None req-64ff4fe5-d4ae-4eb4-9d14-c20d4150345a a33d8495242f412c92b670d3f47a7859 708a3f7d5f0541e9a87eb07aa4d7615f - - default default] TaaS: Handle Delete Port: 8ba7565b-44b7-4d4f-94f1-333b52be5d42
2026-05-07 14:36:15.541 8 INFO neutron_taas.services.taas.tap_mirror_plugin [None req-64ff4fe5-d4ae-4eb4-9d14-c20d4150345a a33d8495242f412c92b670d3f47a7859 708a3f7d5f0541e9a87eb07aa4d7615f - - default default] Tap Mirror: Handle Delete Port: 8ba7565b-44b7-4d4f-94f1-333b52be5d42
2026-05-07 14:36:15.754 8 INFO neutron.services.segments.plugin [-] Segment 91b4a51b-dfaa-45ae-8c8e-7a51c282217d resource provider aggregate not found
2026-05-07 14:36:15.760 8 INFO neutron.services.segments.plugin [-] Segment 91b4a51b-dfaa-45ae-8c8e-7a51c282217d resource provider aggregate not found
2026-05-07 14:36:15.780 8 INFO neutron.services.segments.plugin [-] Segment 91b4a51b-dfaa-45ae-8c8e-7a51c282217d resource provider not found; error: Placement Client Error (4xx): {"errors": [{"status": 404, "title": "Not Found", "detail": "The resource could not be found.\n\n No resource provider with uuid 91b4a51b-dfaa-45ae-8c8e-7a51c282217d found for delete ", "request_id": "req-771f6215-f4aa-407c-a340-f32b5b4a1360"}]}
2026-05-07 14:36:15.786 8 INFO neutron.services.segments.plugin [-] Segment 91b4a51b-dfaa-45ae-8c8e-7a51c282217d resource provider not found; error: Placement Client Error (4xx): {"errors": [{"status": 404, "title": "Not Found", "detail": "The resource could not be found.\n\n No resource provider with uuid 91b4a51b-dfaa-45ae-8c8e-7a51c282217d found for delete ", "request_id": "req-e6f51478-9267-4469-9643-60b53fde2ba5"}]} [pid: 8|app: 0|req: 1081/2374] 10.0.0.91 () {32 vars in 723 bytes} [Thu May 7 14:36:15 2026] DELETE /v2.0/networks/f2b278c9-6da7-4d47-933d-c7a11ba8c266 => generated 0 bytes in 433 msecs (HTTP/1.1 204) 3 headers in 131 bytes (1 switches on core 0)
2026-05-07 14:36:15.940 8 INFO neutron_taas.services.taas.taas_plugin [None req-e60c86be-f27a-43f1-95f2-988d95e092e5 a33d8495242f412c92b670d3f47a7859 708a3f7d5f0541e9a87eb07aa4d7615f - - default default] TaaS: Handle Delete Port: 4970f040-fa04-4d17-ab92-52f6ca64315c
2026-05-07 14:36:15.943 8 INFO neutron_taas.services.taas.tap_mirror_plugin [None req-e60c86be-f27a-43f1-95f2-988d95e092e5 a33d8495242f412c92b670d3f47a7859 708a3f7d5f0541e9a87eb07aa4d7615f - - default default] Tap Mirror: Handle Delete Port: 4970f040-fa04-4d17-ab92-52f6ca64315c
2026-05-07 14:36:16.013 7 INFO neutron.db.ovn_revision_numbers_db [None req-c0c123bb-9022-4e72-82da-52372119d870 d7d5fc37bf404cb8981d830dcd9f45d3 4ded8541ada34bb38816a77d54b0cc14 - - default default] Successfully bumped revision number for resource 512d57ce-b25d-407b-9412-8cdd5de1d88e (type: security_groups) to 1
2026-05-07 14:36:16.046 7 INFO neutron.db.ovn_revision_numbers_db [None req-c0c123bb-9022-4e72-82da-52372119d870 d7d5fc37bf404cb8981d830dcd9f45d3 4ded8541ada34bb38816a77d54b0cc14 - - default default] Successfully bumped revision number for resource b4120022-402d-41b2-b41e-248cb912a656 (type: security_group_rules) to 0
2026-05-07 14:36:16.072 7 INFO neutron.db.ovn_revision_numbers_db [None req-c0c123bb-9022-4e72-82da-52372119d870 d7d5fc37bf404cb8981d830dcd9f45d3 4ded8541ada34bb38816a77d54b0cc14 - - default default] Successfully bumped revision number for resource befed270-0c43-4e2d-a0f7-c2c04a855a61 (type: security_group_rules) to 0
2026-05-07 14:36:16.091 7 INFO neutron.db.ovn_revision_numbers_db [None req-c0c123bb-9022-4e72-82da-52372119d870 d7d5fc37bf404cb8981d830dcd9f45d3 4ded8541ada34bb38816a77d54b0cc14 - - default default] Successfully bumped revision number for resource d62e8fa2-e546-467a-998d-1c64ac2c9035 (type: security_group_rules) to 0
2026-05-07 14:36:16.127 7 INFO neutron.db.ovn_revision_numbers_db [None req-c0c123bb-9022-4e72-82da-52372119d870 d7d5fc37bf404cb8981d830dcd9f45d3 4ded8541ada34bb38816a77d54b0cc14 - - default default] Successfully bumped revision number for resource f40de144-dd50-4279-8fcc-9baf72e2c61e (type: security_group_rules) to 0
2026-05-07 14:36:16.236 7 INFO neutron.db.segments_db [None req-c0c123bb-9022-4e72-82da-52372119d870 d7d5fc37bf404cb8981d830dcd9f45d3 4ded8541ada34bb38816a77d54b0cc14 - - default default] Added segment d49515b8-3e58-4258-bb65-d30132d9cf2b of type geneve for network 1c73dc6e-45f4-4d75-99e7-e8f75fd3eb4d [pid: 8|app: 0|req: 1082/2375] 10.0.0.91 () {32 vars in 723 bytes} [Thu May 7 14:36:15 2026] DELETE /v2.0/networks/960fb998-face-423d-a231-cc7c69d74861 => generated 0 bytes in 466 msecs (HTTP/1.1 204) 3 headers in 131 bytes (1 switches on core 0)
2026-05-07 14:36:16.396 7 INFO neutron.db.ovn_revision_numbers_db [None req-c0c123bb-9022-4e72-82da-52372119d870 d7d5fc37bf404cb8981d830dcd9f45d3 4ded8541ada34bb38816a77d54b0cc14 - - default default] Successfully bumped revision number for resource 1c73dc6e-45f4-4d75-99e7-e8f75fd3eb4d (type: networks) to 1
2026-05-07 14:36:16.453 8 INFO neutron_taas.services.taas.taas_plugin [None req-a0e8de96-e23c-457f-ac91-1a7281f4ccc1 a33d8495242f412c92b670d3f47a7859 708a3f7d5f0541e9a87eb07aa4d7615f - - default default] TaaS: Handle Delete Port: a56d6ae9-b75a-4497-b2f0-aeafc7f56b18
2026-05-07 14:36:16.456 8 INFO neutron_taas.services.taas.tap_mirror_plugin [None req-a0e8de96-e23c-457f-ac91-1a7281f4ccc1 a33d8495242f412c92b670d3f47a7859 708a3f7d5f0541e9a87eb07aa4d7615f - - default default] Tap Mirror: Handle Delete Port: a56d6ae9-b75a-4497-b2f0-aeafc7f56b18
2026-05-07 14:36:16.619 7 WARNING neutron.scheduler.dhcp_agent_scheduler [None req-c0c123bb-9022-4e72-82da-52372119d870 d7d5fc37bf404cb8981d830dcd9f45d3 4ded8541ada34bb38816a77d54b0cc14 - - default default] No more DHCP agents
2026-05-07 14:36:16.624 7 WARNING neutron.api.rpc.agentnotifiers.dhcp_rpc_agent_api [None req-c0c123bb-9022-4e72-82da-52372119d870 d7d5fc37bf404cb8981d830dcd9f45d3 4ded8541ada34bb38816a77d54b0cc14 - - default default] Unable to schedule network 1c73dc6e-45f4-4d75-99e7-e8f75fd3eb4d: no agents available; will retry on subsequent port and subnet creation events.
2026-05-07 14:36:16.731 8 INFO neutron.plugins.ml2.drivers.ovn.mech_driver.mech_driver [None req-8aaf9cc4-1c22-4c0d-ac97-4e047ec27de5 - - - - - -] OVN reports status down for port: 10cc57be-f58e-4aa8-b271-059f0e1b677c
2026-05-07 14:36:16.752 7 INFO neutron.db.ovn_revision_numbers_db [None req-c0c123bb-9022-4e72-82da-52372119d870 d7d5fc37bf404cb8981d830dcd9f45d3 4ded8541ada34bb38816a77d54b0cc14 - - default default] Successfully bumped revision number for resource 10cc57be-f58e-4aa8-b271-059f0e1b677c (type: ports) to 1 [pid: 7|app: 0|req: 1294/2376] 10.0.0.91 () {34 vars in 667 bytes} [Thu May 7 14:36:15 2026] POST /v2.0/networks => generated 687 bytes in 1083 msecs (HTTP/1.1 201) 4 headers in 162 bytes (1 switches on core 0) [pid: 8|app: 0|req: 1083/2377] 10.0.0.91 () {32 vars in 723 bytes} [Thu May 7 14:36:16 2026] DELETE /v2.0/networks/422e4b30-fd54-4315-8f11-102abbf9814e => generated 0 bytes in 618 msecs (HTTP/1.1 204) 3 headers in 131 bytes (1 switches on core 0)
2026-05-07 14:36:17.063 7 WARNING neutron.scheduler.dhcp_agent_scheduler [None req-17a0f9a6-95cb-4f06-a915-bd225f9a7b99 d7d5fc37bf404cb8981d830dcd9f45d3 4ded8541ada34bb38816a77d54b0cc14 - - default default] No more DHCP agents
2026-05-07 14:36:17.065 7 WARNING neutron.api.rpc.agentnotifiers.dhcp_rpc_agent_api [None req-17a0f9a6-95cb-4f06-a915-bd225f9a7b99 d7d5fc37bf404cb8981d830dcd9f45d3 4ded8541ada34bb38816a77d54b0cc14 - - default default] Unable to schedule network 1c73dc6e-45f4-4d75-99e7-e8f75fd3eb4d: no agents available; will retry on subsequent port and subnet creation events.
2026-05-07 14:36:17.078 8 INFO neutron_taas.services.taas.taas_plugin [None req-24b36005-61ee-4ef1-b622-49bd14b2c750 a33d8495242f412c92b670d3f47a7859 708a3f7d5f0541e9a87eb07aa4d7615f - - default default] TaaS: Handle Delete Port: f23a8b05-282d-45a6-b357-08b2600d8839
2026-05-07 14:36:17.080 8 INFO neutron_taas.services.taas.tap_mirror_plugin [None req-24b36005-61ee-4ef1-b622-49bd14b2c750 a33d8495242f412c92b670d3f47a7859 708a3f7d5f0541e9a87eb07aa4d7615f - - default default] Tap Mirror: Handle Delete Port: f23a8b05-282d-45a6-b357-08b2600d8839
2026-05-07 14:36:17.196 8 INFO neutron.plugins.ml2.drivers.ovn.mech_driver.mech_driver [None req-8aaf9cc4-1c22-4c0d-ac97-4e047ec27de5 - - - - - -] OVN reports status down for port: 69a708b5-e78d-451c-9d11-2b5d6e8aa96a
2026-05-07 14:36:17.215 7 INFO neutron.db.ovn_revision_numbers_db [None req-17a0f9a6-95cb-4f06-a915-bd225f9a7b99 d7d5fc37bf404cb8981d830dcd9f45d3 4ded8541ada34bb38816a77d54b0cc14 - - default default] Successfully bumped revision number for resource 69a708b5-e78d-451c-9d11-2b5d6e8aa96a (type: ports) to 1 [pid: 7|app: 0|req: 1295/2378] 10.0.0.91 () {34 vars in 662 bytes} [Thu May 7 14:36:16 2026] POST /v2.0/ports => generated 779 bytes in 505 msecs (HTTP/1.1 201) 4 headers in 162 bytes (1 switches on core 0) /var/lib/openstack/lib/python3.12/site-packages/pycadf/identifier.py:70: UserWarning: Invalid uuid: neutron. To ensure interoperability, identifiers should be a valid uuid. warnings.warn(('Invalid uuid: %s. To ensure interoperability, ' [pid: 7|app: 0|req: 1296/2379] 10.0.0.197 () {34 vars in 988 bytes} [Thu May 7 14:36:17 2026] GET /v2.0/ports?device_id=bde4464f-85fe-47b0-be66-be6275c19a8b => generated 971 bytes in 86 msecs (HTTP/1.1 200) 4 headers in 157 bytes (1 switches on core 0)
2026-05-07 14:36:17.490 7 INFO neutron.db.segments_db [None req-1aff3cdb-b607-4f54-9439-4e83ab02d5dd d7d5fc37bf404cb8981d830dcd9f45d3 4ded8541ada34bb38816a77d54b0cc14 - - default default] Added segment 9d71775f-8791-4674-aa9a-ff34aa286138 of type geneve for network e99d20dd-00ac-4562-8790-688afaeb425b [pid: 8|app: 0|req: 1084/2380] 10.0.0.91 () {32 vars in 723 bytes} [Thu May 7 14:36:16 2026] DELETE /v2.0/networks/ab8be29f-8d01-4096-93a6-c43249521a74 => generated 0 bytes in 576 msecs (HTTP/1.1 204) 3 headers in 131 bytes (1 switches on core 0) [pid: 8|app: 0|req: 1085/2381] 10.0.0.197 () {34 vars in 1038 bytes} [Thu May 7 14:36:17 2026] GET /v2.0/security-groups?id=39ba1ac3-6153-4f18-a488-8f4e4915ac5d&fields=id&fields=name => generated 114 bytes in 35 msecs (HTTP/1.1 200) 4 headers in 157 bytes (1 switches on core 0)
2026-05-07 14:36:17.624 7 INFO neutron.db.ovn_revision_numbers_db [None req-1aff3cdb-b607-4f54-9439-4e83ab02d5dd d7d5fc37bf404cb8981d830dcd9f45d3 4ded8541ada34bb38816a77d54b0cc14 - - default default] Successfully bumped revision number for resource e99d20dd-00ac-4562-8790-688afaeb425b (type: networks) to 1
2026-05-07 14:36:17.681 8 INFO neutron_taas.services.taas.taas_plugin [None req-3166b99c-1179-4e4e-8e5e-906d87c03649 a33d8495242f412c92b670d3f47a7859 708a3f7d5f0541e9a87eb07aa4d7615f - - default default] TaaS: Handle Delete Port: 7ed5f51d-08e3-4fe7-9db7-fc53cd02fcf9
2026-05-07 14:36:17.683 8 INFO neutron_taas.services.taas.tap_mirror_plugin [None req-3166b99c-1179-4e4e-8e5e-906d87c03649 a33d8495242f412c92b670d3f47a7859 708a3f7d5f0541e9a87eb07aa4d7615f - - default default] Tap Mirror: Handle Delete Port: 7ed5f51d-08e3-4fe7-9db7-fc53cd02fcf9
2026-05-07 14:36:17.822 8 INFO neutron.services.segments.plugin [-] Segment b59f2af9-021e-45de-83c3-aeea5af2b623 resource provider aggregate not found
2026-05-07 14:36:17.823 8 INFO neutron.services.segments.plugin [-] Segment b59f2af9-021e-45de-83c3-aeea5af2b623 resource provider aggregate not found
2026-05-07 14:36:17.840 7 WARNING neutron.scheduler.dhcp_agent_scheduler [None req-1aff3cdb-b607-4f54-9439-4e83ab02d5dd d7d5fc37bf404cb8981d830dcd9f45d3 4ded8541ada34bb38816a77d54b0cc14 - - default default] No more DHCP agents
2026-05-07 14:36:17.843 7 WARNING neutron.api.rpc.agentnotifiers.dhcp_rpc_agent_api [None req-1aff3cdb-b607-4f54-9439-4e83ab02d5dd d7d5fc37bf404cb8981d830dcd9f45d3 4ded8541ada34bb38816a77d54b0cc14 - - default default] Unable to schedule network e99d20dd-00ac-4562-8790-688afaeb425b: no agents available; will retry on subsequent port and subnet creation events.
2026-05-07 14:36:17.845 8 INFO neutron.services.segments.plugin [-] Segment b59f2af9-021e-45de-83c3-aeea5af2b623 resource provider not found; error: Placement Client Error (4xx): {"errors": [{"status": 404, "title": "Not Found", "detail": "The resource could not be found.\n\n No resource provider with uuid b59f2af9-021e-45de-83c3-aeea5af2b623 found for delete ", "request_id": "req-7aa91588-36ae-42e0-b393-fa5db87c0840"}]}
2026-05-07 14:36:17.854 8 INFO neutron.services.segments.plugin [-] Segment b59f2af9-021e-45de-83c3-aeea5af2b623 resource provider not found; error: Placement Client Error (4xx): {"errors": [{"status": 404, "title": "Not Found", "detail": "The resource could not be found.\n\n No resource provider with uuid b59f2af9-021e-45de-83c3-aeea5af2b623 found for delete ", "request_id": "req-de91bec5-53a9-498d-9f43-b734d5dd79ce"}]}
2026-05-07 14:36:17.861 8 INFO neutron.services.segments.plugin [-] Segment cac04e4b-df3c-4eda-b201-e89921227b3d resource provider aggregate not found
2026-05-07 14:36:17.879 8 INFO neutron.services.segments.plugin [-] Segment cac04e4b-df3c-4eda-b201-e89921227b3d resource provider not found; error: Placement Client Error (4xx): {"errors": [{"status": 404, "title": "Not Found", "detail": "The resource could not be found.\n\n No resource provider with uuid cac04e4b-df3c-4eda-b201-e89921227b3d found for delete ", "request_id": "req-a54d4bfd-8a58-452b-b4fc-9bf56788887f"}]}
2026-05-07 14:36:17.885 8 INFO neutron.services.segments.plugin [-] Segment cac04e4b-df3c-4eda-b201-e89921227b3d resource provider aggregate not found
2026-05-07 14:36:17.908 8 INFO neutron.services.segments.plugin [-] Segment e67ca960-ffab-4f93-849d-038e47168cd4 resource provider aggregate not found
2026-05-07 14:36:17.922 8 INFO neutron.services.segments.plugin [-] Segment cac04e4b-df3c-4eda-b201-e89921227b3d resource provider not found; error: Placement Client Error (4xx): {"errors": [{"status": 404, "title": "Not Found", "detail": "The resource could not be found.\n\n No resource provider with uuid cac04e4b-df3c-4eda-b201-e89921227b3d found for delete ", "request_id": "req-5117719e-43de-417f-ab3d-5252d60d9242"}]}
2026-05-07 14:36:17.949 8 INFO neutron.services.segments.plugin [-] Segment e67ca960-ffab-4f93-849d-038e47168cd4 resource provider not found; error: Placement Client Error (4xx): {"errors": [{"status": 404, "title": "Not Found", "detail": "The resource could not be found.\n\n No resource provider with uuid e67ca960-ffab-4f93-849d-038e47168cd4 found for delete ", "request_id": "req-97ab4b3d-66ee-44e8-a51c-053b09754739"}]}
2026-05-07 14:36:17.964 8 INFO neutron.services.segments.plugin [-] Segment e67ca960-ffab-4f93-849d-038e47168cd4 resource provider aggregate not found
2026-05-07 14:36:17.973 7 INFO neutron.db.ovn_revision_numbers_db [None req-1aff3cdb-b607-4f54-9439-4e83ab02d5dd d7d5fc37bf404cb8981d830dcd9f45d3 4ded8541ada34bb38816a77d54b0cc14 - - default default] Successfully bumped revision number for resource cbd57790-88c5-4246-8830-d593143387f9 (type: ports) to 1
2026-05-07 14:36:17.980 8 INFO neutron.plugins.ml2.drivers.ovn.mech_driver.mech_driver [None req-8aaf9cc4-1c22-4c0d-ac97-4e047ec27de5 - - - - - -] OVN reports status down for port: cbd57790-88c5-4246-8830-d593143387f9
2026-05-07 14:36:17.982 8 INFO neutron.services.segments.plugin [-] Segment e67ca960-ffab-4f93-849d-038e47168cd4 resource provider not found; error: Placement Client Error (4xx): {"errors": [{"status": 404, "title": "Not Found", "detail": "The resource could not be found.\n\n No resource provider with uuid e67ca960-ffab-4f93-849d-038e47168cd4 found for delete ", "request_id": "req-4fda94a5-7ce9-420d-a6e7-aca09876790a"}]} [pid: 7|app: 0|req: 1297/2382] 10.0.0.91 () {34 vars in 667 bytes} [Thu May 7 14:36:17 2026] POST /v2.0/networks => generated 673 bytes in 616 msecs (HTTP/1.1 201) 4 headers in 162 bytes (1 switches on core 0)
2026-05-07 14:36:18.185 8 INFO neutron.plugins.ml2.drivers.ovn.mech_driver.mech_driver [None req-8aaf9cc4-1c22-4c0d-ac97-4e047ec27de5 - - - - - -] OVN reports status down for port: bcda9247-04b9-40f3-b25f-dad530d84c60 [pid: 8|app: 0|req: 1086/2383] 10.0.0.91 () {32 vars in 723 bytes} [Thu May 7 14:36:17 2026] DELETE /v2.0/networks/7f21a490-1414-4dd4-ac6c-5e1a665f6212 => generated 0 bytes in 660 msecs (HTTP/1.1 204) 3 headers in 131 bytes (1 switches on core 0)
2026-05-07 14:36:18.300 7 WARNING neutron.scheduler.dhcp_agent_scheduler [None req-11eed0dc-3b95-4fb2-bdcf-e32d519583df d7d5fc37bf404cb8981d830dcd9f45d3 4ded8541ada34bb38816a77d54b0cc14 - - default default] No more DHCP agents
2026-05-07 14:36:18.301 7 WARNING neutron.api.rpc.agentnotifiers.dhcp_rpc_agent_api [None req-11eed0dc-3b95-4fb2-bdcf-e32d519583df d7d5fc37bf404cb8981d830dcd9f45d3 4ded8541ada34bb38816a77d54b0cc14 - - default default] Unable to schedule network e99d20dd-00ac-4562-8790-688afaeb425b: no agents available; will retry on subsequent port and subnet creation events.
2026-05-07 14:36:18.363 7 INFO neutron.db.ovn_revision_numbers_db [None req-11eed0dc-3b95-4fb2-bdcf-e32d519583df d7d5fc37bf404cb8981d830dcd9f45d3 4ded8541ada34bb38816a77d54b0cc14 - - default default] Successfully bumped revision number for resource 932e49e6-9d66-4528-9549-d41b91435642 (type: subnets) to 0
2026-05-07 14:36:18.375 8 INFO neutron.notifiers.nova [-] Nova event matching ['req-a36991f2-def3-4460-a6ad-ef652c3326d3'] response: {'server_uuid': 'bde4464f-85fe-47b0-be66-be6275c19a8b', 'name': 'network-vif-unplugged', 'status': 'completed', 'tag': 'bcda9247-04b9-40f3-b25f-dad530d84c60', 'code': 200} [pid: 7|app: 0|req: 1298/2384] 10.0.0.91 () {34 vars in 666 bytes} [Thu May 7 14:36:17 2026] POST /v2.0/subnets => generated 646 bytes in 383 msecs (HTTP/1.1 201) 4 headers in 162 bytes (1 switches on core 0)
2026-05-07 14:36:18.593 8 INFO neutron.db.ovn_revision_numbers_db [None req-8aaf9cc4-1c22-4c0d-ac97-4e047ec27de5 - - - - - -] Successfully bumped revision number for resource bcda9247-04b9-40f3-b25f-dad530d84c60 (type: ports) to 6
2026-05-07 14:36:18.715 8 INFO neutron.db.ovn_revision_numbers_db [None req-ba482aa2-6259-43b1-b6a8-1655446a00c4 e73fb9185e1347009613ef2d0001cbaa 4f4cf44d65814775997d96f6deb85fd7 - - default default] Successfully bumped revision number for resource d35ffb6b-ab95-44fd-9d0f-49eb04c26741 (type: security_groups) to 1
2026-05-07 14:36:18.730 8 INFO neutron.db.ovn_revision_numbers_db [None req-ba482aa2-6259-43b1-b6a8-1655446a00c4 e73fb9185e1347009613ef2d0001cbaa 4f4cf44d65814775997d96f6deb85fd7 - - default default] Successfully bumped revision number for resource 23bf9fbe-300a-4b3b-928c-28303897a666 (type: security_group_rules) to 0
2026-05-07 14:36:18.746 8 INFO neutron.db.ovn_revision_numbers_db [None req-ba482aa2-6259-43b1-b6a8-1655446a00c4 e73fb9185e1347009613ef2d0001cbaa 4f4cf44d65814775997d96f6deb85fd7 - - default default] Successfully bumped revision number for resource 4207bd48-61f5-4c37-8579-977b14487900 (type: security_group_rules) to 0
2026-05-07 14:36:18.761 8 INFO neutron.db.ovn_revision_numbers_db [None req-ba482aa2-6259-43b1-b6a8-1655446a00c4 e73fb9185e1347009613ef2d0001cbaa 4f4cf44d65814775997d96f6deb85fd7 - - default default] Successfully bumped revision number for resource 539494d8-b663-4558-8b4c-01ec51837a57 (type: security_group_rules) to 0
2026-05-07 14:36:18.762 7 WARNING neutron.scheduler.dhcp_agent_scheduler [None req-408c0b4f-b460-4358-a2cc-7cf9a51f93a1 d7d5fc37bf404cb8981d830dcd9f45d3 4ded8541ada34bb38816a77d54b0cc14 - - default default] No more DHCP agents
2026-05-07 14:36:18.763 7 WARNING neutron.api.rpc.agentnotifiers.dhcp_rpc_agent_api [None req-408c0b4f-b460-4358-a2cc-7cf9a51f93a1 d7d5fc37bf404cb8981d830dcd9f45d3 4ded8541ada34bb38816a77d54b0cc14 - - default default] Unable to schedule network e99d20dd-00ac-4562-8790-688afaeb425b: no agents available; will retry on subsequent port and subnet creation events.
2026-05-07 14:36:18.773 8 INFO neutron.db.ovn_revision_numbers_db [None req-ba482aa2-6259-43b1-b6a8-1655446a00c4 e73fb9185e1347009613ef2d0001cbaa 4f4cf44d65814775997d96f6deb85fd7 - - default default] Successfully bumped revision number for resource 6bd9ec2e-a84a-4008-b44c-a47a90b37f52 (type: security_group_rules) to 0
2026-05-07 14:36:18.897 8 INFO neutron.plugins.ml2.drivers.ovn.mech_driver.mech_driver [None req-a8586db0-e939-4002-9b97-c970032bbc7c - - - - - -] OVN reports status down for port: 131a3979-ca8b-44b8-95a5-54ab47781fa5
2026-05-07 14:36:18.927 7 INFO neutron.db.ovn_revision_numbers_db [None req-408c0b4f-b460-4358-a2cc-7cf9a51f93a1 d7d5fc37bf404cb8981d830dcd9f45d3 4ded8541ada34bb38816a77d54b0cc14 - - default default] Successfully bumped revision number for resource 131a3979-ca8b-44b8-95a5-54ab47781fa5 (type: ports) to 1 [pid: 7|app: 0|req: 1299/2385] 10.0.0.91 () {34 vars in 662 bytes} [Thu May 7 14:36:18 2026] POST /v2.0/ports => generated 965 bytes in 574 msecs (HTTP/1.1 201) 4 headers in 162 bytes (1 switches on core 0) /var/lib/openstack/lib/python3.12/site-packages/pycadf/identifier.py:70: UserWarning: Invalid uuid: neutron. To ensure interoperability, identifiers should be a valid uuid. warnings.warn(('Invalid uuid: %s. To ensure interoperability, ' [pid: 7|app: 0|req: 1300/2386] 10.0.0.197 () {34 vars in 988 bytes} [Thu May 7 14:36:18 2026] GET /v2.0/ports?device_id=bde4464f-85fe-47b0-be66-be6275c19a8b => generated 969 bytes in 42 msecs (HTTP/1.1 200) 4 headers in 157 bytes (1 switches on core 0)
2026-05-07 14:36:19.025 8 INFO neutron.db.ovn_revision_numbers_db [None req-ba482aa2-6259-43b1-b6a8-1655446a00c4 e73fb9185e1347009613ef2d0001cbaa 4f4cf44d65814775997d96f6deb85fd7 - - default default] Successfully bumped revision number for resource dff4a288-28d1-4530-9f73-0da27dd38bc8 (type: security_groups) to 1
2026-05-07 14:36:19.043 8 INFO neutron.db.ovn_revision_numbers_db [None req-ba482aa2-6259-43b1-b6a8-1655446a00c4 e73fb9185e1347009613ef2d0001cbaa 4f4cf44d65814775997d96f6deb85fd7 - - default default] Successfully bumped revision number for resource 18504cc4-976a-459e-80b3-14596c689aed (type: security_group_rules) to 0
2026-05-07 14:36:19.054 8 INFO neutron.db.ovn_revision_numbers_db [None req-ba482aa2-6259-43b1-b6a8-1655446a00c4 e73fb9185e1347009613ef2d0001cbaa 4f4cf44d65814775997d96f6deb85fd7 - - default default] Successfully bumped revision number for resource 3edf0084-d325-4627-98e4-004f7936e390 (type: security_group_rules) to 0 [pid: 8|app: 0|req: 1087/2387] 10.0.0.91 () {34 vars in 681 bytes} [Thu May 7 14:36:18 2026] POST /v2.0/security-groups => generated 1601 bytes in 896 msecs (HTTP/1.1 201) 4 headers in 163 bytes (1 switches on core 0) /var/lib/openstack/lib/python3.12/site-packages/pycadf/identifier.py:70: UserWarning: Invalid uuid: neutron. To ensure interoperability, identifiers should be a valid uuid. warnings.warn(('Invalid uuid: %s. To ensure interoperability, ' [pid: 8|app: 0|req: 1088/2388] 10.0.0.197 () {34 vars in 1038 bytes} [Thu May 7 14:36:19 2026] GET /v2.0/security-groups?id=39ba1ac3-6153-4f18-a488-8f4e4915ac5d&fields=id&fields=name => generated 114 bytes in 36 msecs (HTTP/1.1 200) 4 headers in 157 bytes (1 switches on core 0)
2026-05-07 14:36:19.137 7 INFO neutron_taas.services.taas.taas_plugin [None req-fa1ad76c-b88d-4228-ab60-d1c2055edc8f d7d5fc37bf404cb8981d830dcd9f45d3 4ded8541ada34bb38816a77d54b0cc14 - - default default] TaaS: Handle Delete Port: 131a3979-ca8b-44b8-95a5-54ab47781fa5
2026-05-07 14:36:19.140 7 INFO neutron_taas.services.taas.tap_mirror_plugin [None req-fa1ad76c-b88d-4228-ab60-d1c2055edc8f d7d5fc37bf404cb8981d830dcd9f45d3 4ded8541ada34bb38816a77d54b0cc14 - - default default] Tap Mirror: Handle Delete Port: 131a3979-ca8b-44b8-95a5-54ab47781fa5 [pid: 7|app: 0|req: 1301/2389] 10.0.0.91 () {32 vars in 717 bytes} [Thu May 7 14:36:19 2026] DELETE /v2.0/ports/131a3979-ca8b-44b8-95a5-54ab47781fa5 => generated 0 bytes in 311 msecs (HTTP/1.1 204) 3 headers in 131 bytes (1 switches on core 0) [pid: 8|app: 0|req: 1089/2390] 10.0.0.91 () {32 vars in 771 bytes} [Thu May 7 14:36:19 2026] GET /v2.0/security-groups?tenant_id=708a3f7d5f0541e9a87eb07aa4d7615f&name=default => generated 2925 bytes in 199 msecs (HTTP/1.1 200) 4 headers in 158 bytes (1 switches on core 0) [pid: 7|app: 0|req: 1302/2391] 10.0.0.91 () {34 vars in 764 bytes} [Thu May 7 14:36:19 2026] PUT /v2.0/security-groups/dff4a288-28d1-4530-9f73-0da27dd38bc8/tags => generated 25 bytes in 64 msecs (HTTP/1.1 200) 4 headers in 156 bytes (1 switches on core 0) [pid: 8|app: 0|req: 1090/2392] 199.19.213.216 () {34 vars in 992 bytes} [Thu May 7 14:36:19 2026] GET /v2.0/ports?device_id=bde4464f-85fe-47b0-be66-be6275c19a8b => generated 969 bytes in 61 msecs (HTTP/1.1 200) 4 headers in 157 bytes (1 switches on core 0)
2026-05-07 14:36:19.396 7 INFO neutron.pecan_wsgi.hooks.translation [None req-aa877c78-e085-4a4b-b116-2a908777bd73 d7d5fc37bf404cb8981d830dcd9f45d3 4ded8541ada34bb38816a77d54b0cc14 - - default default] DELETE failed (client error): The resource could not be found. [pid: 7|app: 0|req: 1303/2393] 10.0.0.91 () {32 vars in 717 bytes} [Thu May 7 14:36:19 2026] DELETE /v2.0/ports/131a3979-ca8b-44b8-95a5-54ab47781fa5 => generated 132 bytes in 19 msecs (HTTP/1.1 404) 4 headers in 164 bytes (1 switches on core 0) [pid: 7|app: 0|req: 1304/2394] 10.0.0.91 () {32 vars in 744 bytes} [Thu May 7 14:36:19 2026] GET /v2.0/security-groups/dff4a288-28d1-4530-9f73-0da27dd38bc8/tags => generated 25 bytes in 46 msecs (HTTP/1.1 200) 4 headers in 156 bytes (1 switches on core 0)
2026-05-07 14:36:19.611 7 INFO neutron_taas.services.taas.taas_plugin [req-4151925b-f098-4477-b2e1-2ca4d1a5f125 req-0fe8c050-593c-43fc-a8df-29efba7823de 2f6d0bbc3c4b489a807941369870972e a1743801a0254aa393e02010e91a629f - - default default] TaaS: Handle Delete Port: bcda9247-04b9-40f3-b25f-dad530d84c60
2026-05-07 14:36:19.615 7 INFO neutron_taas.services.taas.tap_mirror_plugin [req-4151925b-f098-4477-b2e1-2ca4d1a5f125 req-0fe8c050-593c-43fc-a8df-29efba7823de 2f6d0bbc3c4b489a807941369870972e a1743801a0254aa393e02010e91a629f - - default default] Tap Mirror: Handle Delete Port: bcda9247-04b9-40f3-b25f-dad530d84c60 [pid: 8|app: 0|req: 1091/2395] 10.0.0.91 () {32 vars in 737 bytes} [Thu May 7 14:36:19 2026] DELETE /v2.0/security-groups/00fcaae5-6268-4a07-80e8-4740002cc43e => generated 0 bytes in 306 msecs (HTTP/1.1 204) 2 headers in 112 bytes (1 switches on core 0)
2026-05-07 14:36:19.721 8 INFO neutron.pecan_wsgi.hooks.translation [None req-49d73b9d-c8de-41f0-bda4-0df3533804d9 d7d5fc37bf404cb8981d830dcd9f45d3 4ded8541ada34bb38816a77d54b0cc14 - - default default] GET failed (client error): The resource could not be found. [pid: 8|app: 0|req: 1092/2396] 10.0.0.91 () {32 vars in 714 bytes} [Thu May 7 14:36:19 2026] GET /v2.0/ports/131a3979-ca8b-44b8-95a5-54ab47781fa5 => generated 132 bytes in 23 msecs (HTTP/1.1 404) 4 headers in 164 bytes (1 switches on core 0) [pid: 8|app: 0|req: 1093/2397] 10.0.0.91 () {34 vars in 775 bytes} [Thu May 7 14:36:19 2026] PUT /v2.0/security-groups/dff4a288-28d1-4530-9f73-0da27dd38bc8/tags/green => generated 4 bytes in 120 msecs (HTTP/1.1 201) 4 headers in 160 bytes (1 switches on core 0) /var/lib/openstack/lib/python3.12/site-packages/pycadf/identifier.py:70: UserWarning: Invalid uuid: neutron. To ensure interoperability, identifiers should be a valid uuid. warnings.warn(('Invalid uuid: %s. To ensure interoperability, '
2026-05-07 14:36:19.857 7 INFO neutron.db.l3_db [req-4151925b-f098-4477-b2e1-2ca4d1a5f125 req-0fe8c050-593c-43fc-a8df-29efba7823de 2f6d0bbc3c4b489a807941369870972e a1743801a0254aa393e02010e91a629f - - default default] Floating IP 74f75b4b-63af-4fc7-8c6e-788fd5dd85cd disassociated. External IP: 10.96.250.217, port: bcda9247-04b9-40f3-b25f-dad530d84c60.
2026-05-07 14:36:19.986 8 INFO neutron.services.segments.plugin [-] Segment 1496d6c0-8ff4-4edf-b4e1-0b6c0a357804 resource provider aggregate not found
2026-05-07 14:36:20.009 8 INFO neutron.services.segments.plugin [-] Segment 1496d6c0-8ff4-4edf-b4e1-0b6c0a357804 resource provider aggregate not found
2026-05-07 14:36:20.015 8 INFO neutron.services.segments.plugin [-] Segment 1496d6c0-8ff4-4edf-b4e1-0b6c0a357804 resource provider not found; error: Placement Client Error (4xx): {"errors": [{"status": 404, "title": "Not Found", "detail": "The resource could not be found.\n\n No resource provider with uuid 1496d6c0-8ff4-4edf-b4e1-0b6c0a357804 found for delete ", "request_id": "req-236a928d-b858-4370-a5c0-b2cd05582b9b"}]}
2026-05-07 14:36:20.026 8 INFO neutron.services.segments.plugin [-] Segment 1496d6c0-8ff4-4edf-b4e1-0b6c0a357804 resource provider not found; error: Placement Client Error (4xx): {"errors": [{"status": 404, "title": "Not Found", "detail": "The resource could not be found.\n\n No resource provider with uuid 1496d6c0-8ff4-4edf-b4e1-0b6c0a357804 found for delete ", "request_id": "req-195e32a3-0bcb-4db1-bd7d-1d349a22f4bb"}]} [pid: 7|app: 0|req: 1305/2398] 199.19.213.216 () {36 vars in 995 bytes} [Thu May 7 14:36:19 2026] DELETE /v2.0/ports/bcda9247-04b9-40f3-b25f-dad530d84c60 => generated 0 bytes in 587 msecs (HTTP/1.1 204) 3 headers in 131 bytes (1 switches on core 0)
2026-05-07 14:36:20.075 7 INFO neutron.notifiers.nova [-] Nova event matching ['req-892be9fd-afab-48a9-b947-ec410f27b8b8'] response: {'server_uuid': 'bde4464f-85fe-47b0-be66-be6275c19a8b', 'name': 'network-vif-deleted', 'tag': 'bcda9247-04b9-40f3-b25f-dad530d84c60', 'status': 'completed', 'code': 200} [pid: 8|app: 0|req: 1094/2399] 10.0.0.91 () {32 vars in 721 bytes} [Thu May 7 14:36:19 2026] DELETE /v2.0/subnets/932e49e6-9d66-4528-9549-d41b91435642 => generated 0 bytes in 239 msecs (HTTP/1.1 204) 3 headers in 131 bytes (1 switches on core 0) [pid: 8|app: 0|req: 1095/2400] 10.0.0.91 () {32 vars in 744 bytes} [Thu May 7 14:36:20 2026] GET /v2.0/security-groups/dff4a288-28d1-4530-9f73-0da27dd38bc8/tags => generated 34 bytes in 37 msecs (HTTP/1.1 200) 4 headers in 156 bytes (1 switches on core 0)
2026-05-07 14:36:20.250 7 INFO neutron.db.ovn_revision_numbers_db [None req-f9a93025-23d9-4285-af43-966d98c53a0d a2fdfe1dc8cf40e79c647b351b0f7b3b d83644f3b3c94631bddb4120df73e766 - - default default] Successfully bumped revision number for resource c6a5c183-35d3-4b8f-bc26-212e4b63ff23 (type: security_groups) to 1
2026-05-07 14:36:20.264 7 INFO neutron.db.ovn_revision_numbers_db [None req-f9a93025-23d9-4285-af43-966d98c53a0d a2fdfe1dc8cf40e79c647b351b0f7b3b d83644f3b3c94631bddb4120df73e766 - - default default] Successfully bumped revision number for resource 3304f792-8092-45b4-856b-ea891697f804 (type: security_group_rules) to 0
2026-05-07 14:36:20.276 7 INFO neutron.db.ovn_revision_numbers_db [None req-f9a93025-23d9-4285-af43-966d98c53a0d a2fdfe1dc8cf40e79c647b351b0f7b3b d83644f3b3c94631bddb4120df73e766 - - default default] Successfully bumped revision number for resource 80a61280-eecf-47c6-96dc-f8778295fe0f (type: security_group_rules) to 0
2026-05-07 14:36:20.288 7 INFO neutron.db.ovn_revision_numbers_db [None req-f9a93025-23d9-4285-af43-966d98c53a0d a2fdfe1dc8cf40e79c647b351b0f7b3b d83644f3b3c94631bddb4120df73e766 - - default default] Successfully bumped revision number for resource 9527c1ff-dc92-4cc9-a3d5-5d667b45cdb7 (type: security_group_rules) to 0
2026-05-07 14:36:20.298 8 INFO neutron_taas.services.taas.taas_plugin [None req-7bd91644-f549-458e-b339-3e4714a4eb63 d7d5fc37bf404cb8981d830dcd9f45d3 4ded8541ada34bb38816a77d54b0cc14 - - default default] TaaS: Handle Delete Port: cbd57790-88c5-4246-8830-d593143387f9
2026-05-07 14:36:20.300 7 INFO neutron.db.ovn_revision_numbers_db [None req-f9a93025-23d9-4285-af43-966d98c53a0d a2fdfe1dc8cf40e79c647b351b0f7b3b d83644f3b3c94631bddb4120df73e766 - - default default] Successfully bumped revision number for resource af8bdc08-60eb-430c-83a9-3c8142eda9d1 (type: security_group_rules) to 0
2026-05-07 14:36:20.302 8 INFO neutron_taas.services.taas.tap_mirror_plugin [None req-7bd91644-f549-458e-b339-3e4714a4eb63 d7d5fc37bf404cb8981d830dcd9f45d3 4ded8541ada34bb38816a77d54b0cc14 - - default default] Tap Mirror: Handle Delete Port: cbd57790-88c5-4246-8830-d593143387f9 [pid: 7|app: 0|req: 1306/2401] 10.0.0.91 () {32 vars in 771 bytes} [Thu May 7 14:36:20 2026] GET /v2.0/security-groups?tenant_id=dd1d36ca0763427baced402092ab9a85&name=default => generated 2925 bytes in 308 msecs (HTTP/1.1 200) 4 headers in 158 bytes (1 switches on core 0) [pid: 7|app: 0|req: 1307/2402] 10.0.0.91 () {34 vars in 771 bytes} [Thu May 7 14:36:20 2026] PUT /v2.0/security-groups/dff4a288-28d1-4530-9f73-0da27dd38bc8/tags/red => generated 4 bytes in 46 msecs (HTTP/1.1 201) 4 headers in 160 bytes (1 switches on core 0) [pid: 7|app: 0|req: 1308/2403] 10.0.0.197 () {34 vars in 988 bytes} [Thu May 7 14:36:20 2026] GET /v2.0/ports?device_id=bde4464f-85fe-47b0-be66-be6275c19a8b => generated 12 bytes in 16 msecs (HTTP/1.1 200) 4 headers in 156 bytes (1 switches on core 0)
2026-05-07 14:36:20.423 8 INFO neutron.notifiers.nova [-] Nova event matching ['req-c4aac80c-edd5-404c-b2cb-d761fc0277f3'] response: {'server_uuid': 'bde4464f-85fe-47b0-be66-be6275c19a8b', 'name': 'network-vif-unplugged', 'status': 'completed', 'tag': 'bcda9247-04b9-40f3-b25f-dad530d84c60', 'code': 200} [pid: 8|app: 0|req: 1096/2404] 10.0.0.91 () {32 vars in 723 bytes} [Thu May 7 14:36:20 2026] DELETE /v2.0/networks/e99d20dd-00ac-4562-8790-688afaeb425b => generated 0 bytes in 449 msecs (HTTP/1.1 204) 3 headers in 131 bytes (1 switches on core 0) [pid: 8|app: 0|req: 1097/2405] 10.0.0.91 () {32 vars in 744 bytes} [Thu May 7 14:36:20 2026] GET /v2.0/security-groups/dff4a288-28d1-4530-9f73-0da27dd38bc8/tags => generated 34 bytes in 56 msecs (HTTP/1.1 200) 4 headers in 156 bytes (1 switches on core 0)
2026-05-07 14:36:20.744 8 INFO neutron.db.segments_db [None req-d6f66e0d-87cc-438c-bf65-de957e14e925 d7d5fc37bf404cb8981d830dcd9f45d3 4ded8541ada34bb38816a77d54b0cc14 - - default default] Added segment 3dc5dc73-04ec-4f19-b5af-ea2bfe9fcded of type geneve for network 286945c4-7624-4bc9-98d6-e3812a021996 [pid: 7|app: 0|req: 1309/2406] 10.0.0.91 () {32 vars in 737 bytes} [Thu May 7 14:36:20 2026] DELETE /v2.0/security-groups/c6a5c183-35d3-4b8f-bc26-212e4b63ff23 => generated 0 bytes in 377 msecs (HTTP/1.1 204) 2 headers in 112 bytes (1 switches on core 0) [pid: 7|app: 0|req: 1310/2407] 10.0.0.91 () {34 vars in 793 bytes} [Thu May 7 14:36:20 2026] PUT /v2.0/security-groups/dff4a288-28d1-4530-9f73-0da27dd38bc8/tags/black.or.white => generated 4 bytes in 90 msecs (HTTP/1.1 201) 4 headers in 160 bytes (1 switches on core 0)
2026-05-07 14:36:20.898 8 INFO neutron.db.ovn_revision_numbers_db [None req-d6f66e0d-87cc-438c-bf65-de957e14e925 d7d5fc37bf404cb8981d830dcd9f45d3 4ded8541ada34bb38816a77d54b0cc14 - - default default] Successfully bumped revision number for resource 286945c4-7624-4bc9-98d6-e3812a021996 (type: networks) to 1 [pid: 7|app: 0|req: 1311/2408] 10.0.0.91 () {32 vars in 744 bytes} [Thu May 7 14:36:20 2026] GET /v2.0/security-groups/dff4a288-28d1-4530-9f73-0da27dd38bc8/tags => generated 52 bytes in 36 msecs (HTTP/1.1 200) 4 headers in 156 bytes (1 switches on core 0) [pid: 7|app: 0|req: 1312/2409] 10.0.0.91 () {34 vars in 764 bytes} [Thu May 7 14:36:20 2026] PUT /v2.0/security-groups/dff4a288-28d1-4530-9f73-0da27dd38bc8/tags => generated 37 bytes in 56 msecs (HTTP/1.1 200) 4 headers in 156 bytes (1 switches on core 0)
2026-05-07 14:36:21.097 8 WARNING neutron.scheduler.dhcp_agent_scheduler [None req-d6f66e0d-87cc-438c-bf65-de957e14e925 d7d5fc37bf404cb8981d830dcd9f45d3 4ded8541ada34bb38816a77d54b0cc14 - - default default] No more DHCP agents
2026-05-07 14:36:21.099 8 WARNING neutron.api.rpc.agentnotifiers.dhcp_rpc_agent_api [None req-d6f66e0d-87cc-438c-bf65-de957e14e925 d7d5fc37bf404cb8981d830dcd9f45d3 4ded8541ada34bb38816a77d54b0cc14 - - default default] Unable to schedule network 286945c4-7624-4bc9-98d6-e3812a021996: no agents available; will retry on subsequent port and subnet creation events.
2026-05-07 14:36:21.167 7 INFO neutron.db.ovn_revision_numbers_db [None req-f332171c-f92a-4687-a567-b49da760bfbe a2fdfe1dc8cf40e79c647b351b0f7b3b d83644f3b3c94631bddb4120df73e766 - - default default] Successfully bumped revision number for resource 2cef5176-ed9c-4efd-8001-99ab932203a9 (type: security_groups) to 1
2026-05-07 14:36:21.178 7 INFO neutron.db.ovn_revision_numbers_db [None req-f332171c-f92a-4687-a567-b49da760bfbe a2fdfe1dc8cf40e79c647b351b0f7b3b d83644f3b3c94631bddb4120df73e766 - - default default] Successfully bumped revision number for resource 9f15bab2-5128-492c-9f47-22c4b99467f8 (type: security_group_rules) to 0
2026-05-07 14:36:21.192 7 INFO neutron.db.ovn_revision_numbers_db [None req-f332171c-f92a-4687-a567-b49da760bfbe a2fdfe1dc8cf40e79c647b351b0f7b3b d83644f3b3c94631bddb4120df73e766 - - default default] Successfully bumped revision number for resource 9f770df7-65fa-4fac-acc2-dfa35889d398 (type: security_group_rules) to 0
2026-05-07 14:36:21.236 8 INFO neutron.plugins.ml2.drivers.ovn.mech_driver.mech_driver [None req-a8586db0-e939-4002-9b97-c970032bbc7c - - - - - -] OVN reports status down for port: eab167e7-8bed-484c-9bf0-071459a0fa05
2026-05-07 14:36:21.239 7 INFO neutron.db.ovn_revision_numbers_db [None req-f332171c-f92a-4687-a567-b49da760bfbe a2fdfe1dc8cf40e79c647b351b0f7b3b d83644f3b3c94631bddb4120df73e766 - - default default] Successfully bumped revision number for resource bbb39d5f-d152-47c9-bcc8-5f1a35b20072 (type: security_group_rules) to 0
2026-05-07 14:36:21.265 7 INFO neutron.db.ovn_revision_numbers_db [None req-f332171c-f92a-4687-a567-b49da760bfbe a2fdfe1dc8cf40e79c647b351b0f7b3b d83644f3b3c94631bddb4120df73e766 - - default default] Successfully bumped revision number for resource ec93e6df-25d2-4409-a818-bbb038147d41 (type: security_group_rules) to 0 [pid: 7|app: 0|req: 1313/2410] 10.0.0.91 () {32 vars in 771 bytes} [Thu May 7 14:36:20 2026] GET /v2.0/security-groups?tenant_id=49169d0cdc4a4360a77811f01306936e&name=default => generated 2925 bytes in 330 msecs (HTTP/1.1 200) 4 headers in 158 bytes (1 switches on core 0)
2026-05-07 14:36:21.313 8 INFO neutron.db.ovn_revision_numbers_db [None req-d6f66e0d-87cc-438c-bf65-de957e14e925 d7d5fc37bf404cb8981d830dcd9f45d3 4ded8541ada34bb38816a77d54b0cc14 - - default default] Successfully bumped revision number for resource eab167e7-8bed-484c-9bf0-071459a0fa05 (type: ports) to 1 [pid: 7|app: 0|req: 1314/2411] 10.0.0.91 () {32 vars in 744 bytes} [Thu May 7 14:36:21 2026] GET /v2.0/security-groups/dff4a288-28d1-4530-9f73-0da27dd38bc8/tags => generated 37 bytes in 32 msecs (HTTP/1.1 200) 4 headers in 156 bytes (1 switches on core 0) [pid: 8|app: 0|req: 1098/2412] 10.0.0.91 () {34 vars in 667 bytes} [Thu May 7 14:36:20 2026] POST /v2.0/networks => generated 673 bytes in 739 msecs (HTTP/1.1 201) 4 headers in 162 bytes (1 switches on core 0) [pid: 8|app: 0|req: 1099/2413] 10.0.0.91 () {32 vars in 752 bytes} [Thu May 7 14:36:21 2026] GET /v2.0/security-groups/dff4a288-28d1-4530-9f73-0da27dd38bc8/tags/red => generated 0 bytes in 52 msecs (HTTP/1.1 204) 2 headers in 112 bytes (1 switches on core 0) [pid: 7|app: 0|req: 1315/2414] 10.0.0.91 () {32 vars in 737 bytes} [Thu May 7 14:36:21 2026] DELETE /v2.0/security-groups/2cef5176-ed9c-4efd-8001-99ab932203a9 => generated 0 bytes in 349 msecs (HTTP/1.1 204) 2 headers in 112 bytes (1 switches on core 0)
2026-05-07 14:36:21.719 7 INFO neutron.api.v2.resource [None req-05550d6d-9a56-4b0e-9e62-24d5edbd45a4 e73fb9185e1347009613ef2d0001cbaa 4f4cf44d65814775997d96f6deb85fd7 - - default default] show failed (client error): The resource could not be found. [pid: 7|app: 0|req: 1316/2415] 10.0.0.91 () {32 vars in 756 bytes} [Thu May 7 14:36:21 2026] GET /v2.0/security-groups/dff4a288-28d1-4530-9f73-0da27dd38bc8/tags/green => generated 99 bytes in 31 msecs (HTTP/1.1 404) 4 headers in 163 bytes (1 switches on core 0) [pid: 7|app: 0|req: 1317/2416] 10.0.0.197 () {34 vars in 988 bytes} [Thu May 7 14:36:21 2026] GET /v2.0/ports?device_id=bde4464f-85fe-47b0-be66-be6275c19a8b => generated 12 bytes in 16 msecs (HTTP/1.1 200) 4 headers in 156 bytes (1 switches on core 0)
2026-05-07 14:36:21.745 8 WARNING neutron.scheduler.dhcp_agent_scheduler [None req-68753376-20cd-44ac-9516-b8b217a7c18d d7d5fc37bf404cb8981d830dcd9f45d3 4ded8541ada34bb38816a77d54b0cc14 - - default default] No more DHCP agents
2026-05-07 14:36:21.746 8 WARNING neutron.api.rpc.agentnotifiers.dhcp_rpc_agent_api [None req-68753376-20cd-44ac-9516-b8b217a7c18d d7d5fc37bf404cb8981d830dcd9f45d3 4ded8541ada34bb38816a77d54b0cc14 - - default default] Unable to schedule network 286945c4-7624-4bc9-98d6-e3812a021996: no agents available; will retry on subsequent port and subnet creation events.
2026-05-07 14:36:21.788 8 INFO neutron.db.ovn_revision_numbers_db [None req-68753376-20cd-44ac-9516-b8b217a7c18d d7d5fc37bf404cb8981d830dcd9f45d3 4ded8541ada34bb38816a77d54b0cc14 - - default default] Successfully bumped revision number for resource 17124cce-e7b2-41b6-afdf-1453f2c8ffb5 (type: subnets) to 0 [pid: 7|app: 0|req: 1318/2417] 10.0.0.91 () {32 vars in 755 bytes} [Thu May 7 14:36:21 2026] DELETE /v2.0/security-groups/dff4a288-28d1-4530-9f73-0da27dd38bc8/tags/red => generated 0 bytes in 58 msecs (HTTP/1.1 204) 2 headers in 112 bytes (1 switches on core 0) [pid: 8|app: 0|req: 1100/2418] 10.0.0.91 () {34 vars in 666 bytes} [Thu May 7 14:36:21 2026] POST /v2.0/subnets => generated 646 bytes in 386 msecs (HTTP/1.1 201) 4 headers in 162 bytes (1 switches on core 0) [pid: 7|app: 0|req: 1319/2419] 10.0.0.91 () {32 vars in 744 bytes} [Thu May 7 14:36:21 2026] GET /v2.0/security-groups/dff4a288-28d1-4530-9f73-0da27dd38bc8/tags => generated 30 bytes in 33 msecs (HTTP/1.1 200) 4 headers in 156 bytes (1 switches on core 0)
2026-05-07 14:36:21.872 7 INFO neutron.api.v2.resource [None req-fc7a724f-9ce7-49b7-86f8-3e7e20ad95fb e73fb9185e1347009613ef2d0001cbaa 4f4cf44d65814775997d96f6deb85fd7 - - default default] delete failed (client error): The resource could not be found. [pid: 7|app: 0|req: 1320/2420] 10.0.0.91 () {32 vars in 759 bytes} [Thu May 7 14:36:21 2026] DELETE /v2.0/security-groups/dff4a288-28d1-4530-9f73-0da27dd38bc8/tags/green => generated 99 bytes in 35 msecs (HTTP/1.1 404) 4 headers in 163 bytes (1 switches on core 0) [pid: 7|app: 0|req: 1321/2421] 10.0.0.91 () {32 vars in 747 bytes} [Thu May 7 14:36:21 2026] DELETE /v2.0/security-groups/dff4a288-28d1-4530-9f73-0da27dd38bc8/tags => generated 0 bytes in 47 msecs (HTTP/1.1 204) 2 headers in 112 bytes (1 switches on core 0) [pid: 7|app: 0|req: 1322/2422] 10.0.0.91 () {32 vars in 744 bytes} [Thu May 7 14:36:21 2026] GET /v2.0/security-groups/dff4a288-28d1-4530-9f73-0da27dd38bc8/tags => generated 12 bytes in 44 msecs (HTTP/1.1 200) 4 headers in 156 bytes (1 switches on core 0)
2026-05-07 14:36:22.047 8 INFO neutron.services.segments.plugin [-] Segment 9d71775f-8791-4674-aa9a-ff34aa286138 resource provider aggregate not found
2026-05-07 14:36:22.050 8 INFO neutron.services.segments.plugin [-] Segment 9d71775f-8791-4674-aa9a-ff34aa286138 resource provider aggregate not found
2026-05-07 14:36:22.062 8 INFO neutron.services.segments.plugin [-] Segment 9d71775f-8791-4674-aa9a-ff34aa286138 resource provider not found; error: Placement Client Error (4xx): {"errors": [{"status": 404, "title": "Not Found", "detail": "The resource could not be found.\n\n No resource provider with uuid 9d71775f-8791-4674-aa9a-ff34aa286138 found for delete ", "request_id": "req-d910621d-01b9-4f09-9ff0-e93f71296a43"}]}
2026-05-07 14:36:22.069 8 INFO neutron.services.segments.plugin [-] Segment 9d71775f-8791-4674-aa9a-ff34aa286138 resource provider not found; error: Placement Client Error (4xx): {"errors": [{"status": 404, "title": "Not Found", "detail": "The resource could not be found.\n\n No resource provider with uuid 9d71775f-8791-4674-aa9a-ff34aa286138 found for delete ", "request_id": "req-650af9b2-6591-441c-a079-0d8b11b5438c"}]}
2026-05-07 14:36:22.081 8 WARNING neutron.scheduler.dhcp_agent_scheduler [None req-cf7e1d5e-685e-4912-bac0-ec1c16091bfb d7d5fc37bf404cb8981d830dcd9f45d3 4ded8541ada34bb38816a77d54b0cc14 - - default default] No more DHCP agents
2026-05-07 14:36:22.089 8 WARNING neutron.api.rpc.agentnotifiers.dhcp_rpc_agent_api [None req-cf7e1d5e-685e-4912-bac0-ec1c16091bfb d7d5fc37bf404cb8981d830dcd9f45d3 4ded8541ada34bb38816a77d54b0cc14 - - default default] Unable to schedule network 286945c4-7624-4bc9-98d6-e3812a021996: no agents available; will retry on subsequent port and subnet creation events. [pid: 7|app: 0|req: 1323/2423] 10.0.0.91 () {32 vars in 737 bytes} [Thu May 7 14:36:21 2026] DELETE /v2.0/security-groups/dff4a288-28d1-4530-9f73-0da27dd38bc8 => generated 0 bytes in 175 msecs (HTTP/1.1 204) 2 headers in 112 bytes (1 switches on core 0)
2026-05-07 14:36:22.238 8 INFO neutron.plugins.ml2.drivers.ovn.mech_driver.mech_driver [None req-a8586db0-e939-4002-9b97-c970032bbc7c - - - - - -] OVN reports status down for port: 4357363e-3ccb-4a6b-a965-b529ad55f31e
