Jun 16 03:35:01.984199 np0000180670 devstack@neutron-api.service[103215]: DEBUG neutron.plugins.ml2.drivers.ovn.mech_driver.ovsdb.ovsdb_monitor [None req-bd2eaf43-5b3f-4c45-be2d-fe5887cf41dc None None] Touching Hash Ring node "15b53626d4b95c6d908210d39181015e" from IDL notify handler {{(pid=103215) notify /opt/stack/neutron/neutron/plugins/ml2/drivers/ovn/mech_driver/ovsdb/ovsdb_monitor.py:1007}}
Jun 16 03:35:01.989800 np0000180670 devstack@neutron-api.service[103215]: DEBUG neutron.plugins.ml2.drivers.ovn.mech_driver.ovsdb.ovsdb_monitor [None req-3a23d538-2495-4284-9712-573c026e628d None None] Touching Hash Ring node "15b53626d4b95c6d908210d39181015e" from IDL notify handler {{(pid=103215) notify /opt/stack/neutron/neutron/plugins/ml2/drivers/ovn/mech_driver/ovsdb/ovsdb_monitor.py:1007}}
Jun 16 03:35:01.993237 np0000180670 devstack@neutron-api.service[103216]: DEBUG neutron.plugins.ml2.drivers.ovn.mech_driver.ovsdb.ovsdb_monitor [None req-bb4c1d99-77b1-4208-adf8-eb94b3ef394f None None] Touching Hash Ring node "bc6f8b10ddaf51079053705429566b5c" from IDL notify handler {{(pid=103216) notify /opt/stack/neutron/neutron/plugins/ml2/drivers/ovn/mech_driver/ovsdb/ovsdb_monitor.py:1007}}
Jun 16 03:35:01.994172 np0000180670 devstack@neutron-api.service[103215]: DEBUG neutron.plugins.ml2.drivers.ovn.mech_driver.ovsdb.ovsdb_monitor [None req-3a23d538-2495-4284-9712-573c026e628d None None] Hash Ring: Node 15b53626d4b95c6d908210d39181015e (host: np0000180670) handling event "update" for row 8b668ac8-ca13-49cf-8abb-c9ded8fd46d5 (table: Port_Binding) {{(pid=103215) notify /opt/stack/neutron/neutron/plugins/ml2/drivers/ovn/mech_driver/ovsdb/ovsdb_monitor.py:1015}}
Jun 16 03:35:01.995108 np0000180670 devstack@neutron-api.service[103215]: DEBUG neutron.plugins.ml2.drivers.ovn.mech_driver.ovsdb.ovsdb_monitor [None req-bd2eaf43-5b3f-4c45-be2d-fe5887cf41dc None None] Hash Ring: Node 15b53626d4b95c6d908210d39181015e (host: np0000180670) handling event "update" for row c4916d1f-4007-430c-9132-224ac9b52d77 (table: Logical_Switch_Port) {{(pid=103215) notify /opt/stack/neutron/neutron/plugins/ml2/drivers/ovn/mech_driver/ovsdb/ovsdb_monitor.py:1015}}
Jun 16 03:35:01.995217 np0000180670 devstack@neutron-api.service[103216]: DEBUG neutron.plugins.ml2.drivers.ovn.mech_driver.ovsdb.ovsdb_monitor [None req-713e1af6-1f7c-4660-8f34-d9d98151ce33 None None] Hash Ring: Node bc6f8b10ddaf51079053705429566b5c (host: np0000180670) handling event "update" for row c4916d1f-4007-430c-9132-224ac9b52d77 (table: Logical_Switch_Port) {{(pid=103216) notify /opt/stack/neutron/neutron/plugins/ml2/drivers/ovn/mech_driver/ovsdb/ovsdb_monitor.py:1015}}
Jun 16 03:35:02.000259 np0000180670 devstack@neutron-api.service[103216]: DEBUG neutron.plugins.ml2.drivers.ovn.mech_driver.ovsdb.ovsdb_monitor [None req-bb4c1d99-77b1-4208-adf8-eb94b3ef394f None None] Hash Ring: Node bc6f8b10ddaf51079053705429566b5c (host: np0000180670) handling event "update" for row 8b668ac8-ca13-49cf-8abb-c9ded8fd46d5 (table: Port_Binding) {{(pid=103216) notify /opt/stack/neutron/neutron/plugins/ml2/drivers/ovn/mech_driver/ovsdb/ovsdb_monitor.py:1015}}
Jun 16 03:35:02.033385 np0000180670 devstack@neutron-api.service[103215]: DEBUG ovsdbapp.backend.ovs_idl.event [None req-bd2eaf43-5b3f-4c45-be2d-fe5887cf41dc None None] Matched UPDATE: LogicalSwitchPortUpdateLogicalRouterPortEvent(events=('update',), table='Logical_Switch_Port', conditions=None, old_conditions=None), priority=20 to row=Logical_Switch_Port(uuid=c4916d1f-4007-430c-9132-224ac9b52d77, addresses=['router'], dhcpv4_options=[], dhcpv6_options=[], dynamic_addresses=[], enabled=True, external_ids={'neutron:cidrs': '10.1.0.1/26', 'neutron:device_id': 'b7471947-af6b-4709-ae4c-aad0ff115707', 'neutron:device_owner': 'network:router_interface', 'neutron:mtu': '', 'neutron:network_name': 'neutron-494675a9-148f-4dff-be0f-335b5bd3a31c', 'neutron:port_capabilities': '', 'neutron:port_name': '', 'neutron:project_id': '48006d8756b743b29e2a8e30167f92d4', 'neutron:revision_number': '2', 'neutron:security_group_ids': '', 'neutron:subnet_pool_addr_scope4': '', 'neutron:subnet_pool_addr_scope6': '', 'neutron:vnic_type': 'normal'}, ha_chassis_group=[], mirror_rules=[], name='98f48b51-4548-4640-9915-7fe7d5e665aa', options={'router-port': 'lrp-98f48b51-4548-4640-9915-7fe7d5e665aa'}, parent_name=[], port_security=[], tag=[], tag_request=[], type='router', up=True) old=Logical_Switch_Port(uuid=c4916d1f-4007-430c-9132-224ac9b52d77, external_ids={'neutron:cidrs': '10.1.0.1/26', 'neutron:device_id': 'b7471947-af6b-4709-ae4c-aad0ff115707', 'neutron:device_owner': 'network:router_interface', 'neutron:mtu': '', 'neutron:network_name': 'neutron-494675a9-148f-4dff-be0f-335b5bd3a31c', 'neutron:port_capabilities': '', 'neutron:port_name': '', 'neutron:project_id': '48006d8756b743b29e2a8e30167f92d4', 'neutron:revision_number': '1', 'neutron:security_group_ids': '', 'neutron:subnet_pool_addr_scope4': '', 'neutron:subnet_pool_addr_scope6': '', 'neutron:vnic_type': 'normal'}) {{(pid=103215) matches /opt/stack/data/venv/lib/python3.12/site-packages/ovsdbapp/backend/ovs_idl/event.py:55}}
Jun 16 03:35:02.047327 np0000180670 devstack@neutron-api.service[103216]: DEBUG ovsdbapp.backend.ovs_idl.event [None req-713e1af6-1f7c-4660-8f34-d9d98151ce33 None None] Matched UPDATE: LogicalSwitchPortUpdateLogicalRouterPortEvent(events=('update',), table='Logical_Switch_Port', conditions=None, old_conditions=None), priority=20 to row=Logical_Switch_Port(uuid=c4916d1f-4007-430c-9132-224ac9b52d77, addresses=['router'], dhcpv4_options=[], dhcpv6_options=[], dynamic_addresses=[], enabled=True, external_ids={'neutron:cidrs': '10.1.0.1/26', 'neutron:device_id': 'b7471947-af6b-4709-ae4c-aad0ff115707', 'neutron:device_owner': 'network:router_interface', 'neutron:mtu': '', 'neutron:network_name': 'neutron-494675a9-148f-4dff-be0f-335b5bd3a31c', 'neutron:port_capabilities': '', 'neutron:port_name': '', 'neutron:project_id': '48006d8756b743b29e2a8e30167f92d4', 'neutron:revision_number': '2', 'neutron:security_group_ids': '', 'neutron:subnet_pool_addr_scope4': '', 'neutron:subnet_pool_addr_scope6': '', 'neutron:vnic_type': 'normal'}, ha_chassis_group=[], mirror_rules=[], name='98f48b51-4548-4640-9915-7fe7d5e665aa', options={'router-port': 'lrp-98f48b51-4548-4640-9915-7fe7d5e665aa'}, parent_name=[], port_security=[], tag=[], tag_request=[], type='router', up=True) old=Logical_Switch_Port(uuid=c4916d1f-4007-430c-9132-224ac9b52d77, external_ids={'neutron:cidrs': '10.1.0.1/26', 'neutron:device_id': 'b7471947-af6b-4709-ae4c-aad0ff115707', 'neutron:device_owner': 'network:router_interface', 'neutron:mtu': '', 'neutron:network_name': 'neutron-494675a9-148f-4dff-be0f-335b5bd3a31c', 'neutron:port_capabilities': '', 'neutron:port_name': '', 'neutron:project_id': '48006d8756b743b29e2a8e30167f92d4', 'neutron:revision_number': '1', 'neutron:security_group_ids': '', 'neutron:subnet_pool_addr_scope4': '', 'neutron:subnet_pool_addr_scope6': '', 'neutron:vnic_type': 'normal'}) {{(pid=103216) matches /opt/stack/data/venv/lib/python3.12/site-packages/ovsdbapp/backend/ovs_idl/event.py:55}}
Jun 16 03:35:02.099732 np0000180670 devstack@neutron-api.service[103216]: DEBUG neutron.pecan_wsgi.hooks.policy_enforcement [None req-d2a23e65-6147-4de6-8a7a-81c83e794d73 admin admin] Attributes excluded by policy engine: ['standard_attr_id'] {{(pid=103216) _exclude_attributes_by_policy /opt/stack/neutron/neutron/pecan_wsgi/hooks/policy_enforcement.py:259}}
Jun 16 03:35:02.101490 np0000180670 devstack@neutron-api.service[103216]: [pid: 103216|app: 0|req: 5/20] 199.204.45.78 () {64 vars in 1408 bytes} [Tue Jun 16 03:35:02 2026] GET /networking/v2.0/networks/3376ad3c-b009-42ba-80d9-3bcd6b3ccd8d => generated 679 bytes in 61 msecs (HTTP/1.1 200) 4 headers in 157 bytes (1 switches on core 0)
Jun 16 03:35:02.102078 np0000180670 devstack@neutron-api.service[103216]: INFO neutron.db.ovn_revision_numbers_db [None req-1698a039-d7af-48c7-9aaf-bf760216a891 None None] Successfully bumped revision number for resource 98f48b51-4548-4640-9915-7fe7d5e665aa (type: ports) to 2
Jun 16 03:35:02.106811 np0000180670 devstack@neutron-api.service[103216]: DEBUG neutron_lib.callbacks.manager [None req-1698a039-d7af-48c7-9aaf-bf760216a891 None None] Publish callbacks ['neutron.plugins.ml2.ovo_rpc._ObjectChangeHandler.handle_event-15536700', 'neutron.services.ovn_l3.plugin.OVNL3RouterPlugin._port_update-8542279394678'] for port (98f48b51-4548-4640-9915-7fe7d5e665aa), after_update {{(pid=103216) _notify_loop /opt/stack/data/venv/lib/python3.12/site-packages/neutron_lib/callbacks/manager.py:184}}
Jun 16 03:35:02.120056 np0000180670 devstack@neutron-api.service[103213]: DEBUG neutron.api.v2.base [None req-73edef76-d514-45dc-9bd3-d92c4e2f6065 admin admin] Request body: {'subnet': {'enable_dhcp': False, 'gateway_ip': '172.24.5.1', 'cidr': '172.24.5.0/24', 'ip_version': 4, 'name': 'public-subnet', 'network_id': '3376ad3c-b009-42ba-80d9-3bcd6b3ccd8d'}} {{(pid=103213) prepare_request_body /opt/stack/neutron/neutron/api/v2/base.py:727}}
Jun 16 03:35:02.132321 np0000180670 devstack@neutron-api.service[103216]: DEBUG neutron.api.rpc.handlers.resources_rpc [None req-e9d7ce97-952c-481f-b04c-02627c26fc8e None None] Pushing event updated for resources: {'Port': ['ID=98f48b51-4548-4640-9915-7fe7d5e665aa,revision_number=2']} {{(pid=103216) push /opt/stack/neutron/neutron/api/rpc/handlers/resources_rpc.py:237}}
Jun 16 03:35:02.141738 np0000180670 devstack@neutron-api.service[103213]: DEBUG neutron.pecan_wsgi.hooks.quota_enforcement [None req-73edef76-d514-45dc-9bd3-d92c4e2f6065 admin admin] Made reservation on behalf of 48006d8756b743b29e2a8e30167f92d4 for: {'subnet': 1} {{(pid=103213) before /opt/stack/neutron/neutron/pecan_wsgi/hooks/quota_enforcement.py:66}}
Jun 16 03:35:02.145368 np0000180670 devstack@neutron-api.service[103213]: DEBUG neutron_lib.callbacks.manager [None req-73edef76-d514-45dc-9bd3-d92c4e2f6065 admin admin] Publish callbacks [] for subnet (None), before_create {{(pid=103213) _notify_loop /opt/stack/data/venv/lib/python3.12/site-packages/neutron_lib/callbacks/manager.py:184}}
Jun 16 03:35:02.257224 np0000180670 devstack@neutron-api.service[103213]: DEBUG neutron.db.ovn_revision_numbers_db [None req-73edef76-d514-45dc-9bd3-d92c4e2f6065 admin admin] create_initial_revision uuid=cc6e02a2-ebf7-4df1-b90a-4dca42f125f7, type=subnets, rev=-1 {{(pid=103213) create_initial_revision /opt/stack/neutron/neutron/db/ovn_revision_numbers_db.py:98}}
Jun 16 03:35:02.337112 np0000180670 devstack@neutron-api.service[103213]: DEBUG neutron.objects.ports [None req-73edef76-d514-45dc-9bd3-d92c4e2f6065 admin admin] Time-cost: Fetching 0 ports in 0 security groups {{(pid=103213) get_objects /opt/stack/neutron/neutron/objects/ports.py:506}}
Jun 16 03:35:02.337112 np0000180670 devstack@neutron-api.service[103213]: DEBUG neutron_lib.callbacks.manager [None req-73edef76-d514-45dc-9bd3-d92c4e2f6065 admin admin] Publish callbacks ['neutron.plugins.ml2.ovo_rpc._ObjectChangeHandler.handle_event-15046877'] for subnet (cc6e02a2-ebf7-4df1-b90a-4dca42f125f7), after_create {{(pid=103213) _notify_loop /opt/stack/data/venv/lib/python3.12/site-packages/neutron_lib/callbacks/manager.py:184}}
Jun 16 03:35:02.351226 np0000180670 devstack@neutron-api.service[103213]: DEBUG neutron.api.rpc.handlers.resources_rpc [None req-73edef76-d514-45dc-9bd3-d92c4e2f6065 admin admin] Pushing event updated for resources: {'Subnet': ['ID=cc6e02a2-ebf7-4df1-b90a-4dca42f125f7,revision_number=0']} {{(pid=103213) push /opt/stack/neutron/neutron/api/rpc/handlers/resources_rpc.py:237}}
Jun 16 03:35:02.384627 np0000180670 devstack@neutron-api.service[103213]: INFO neutron.db.ovn_revision_numbers_db [None req-73edef76-d514-45dc-9bd3-d92c4e2f6065 admin admin] Successfully bumped revision number for resource cc6e02a2-ebf7-4df1-b90a-4dca42f125f7 (type: subnets) to 0
Jun 16 03:35:02.385661 np0000180670 devstack@neutron-api.service[103213]: DEBUG neutron.pecan_wsgi.hooks.policy_enforcement [None req-73edef76-d514-45dc-9bd3-d92c4e2f6065 admin admin] Attributes excluded by policy engine: ['standard_attr_id', 'shared', 'network'] {{(pid=103213) _exclude_attributes_by_policy /opt/stack/neutron/neutron/pecan_wsgi/hooks/policy_enforcement.py:259}}
Jun 16 03:35:02.385948 np0000180670 devstack@neutron-api.service[103213]: DEBUG neutron_lib.callbacks.manager [None req-73edef76-d514-45dc-9bd3-d92c4e2f6065 admin admin] Publish callbacks [] for subnet (None), before_response {{(pid=103213) _notify_loop /opt/stack/data/venv/lib/python3.12/site-packages/neutron_lib/callbacks/manager.py:184}}
Jun 16 03:35:02.400203 np0000180670 devstack@neutron-api.service[103213]: [pid: 103213|app: 0|req: 5/21] 199.204.45.78 () {68 vars in 1348 bytes} [Tue Jun 16 03:35:02 2026] POST /networking/v2.0/subnets => generated 640 bytes in 283 msecs (HTTP/1.1 201) 4 headers in 162 bytes (1 switches on core 0)
Jun 16 03:35:02.420000 np0000180670 devstack@neutron-api.service[103215]: DEBUG neutron.plugins.ml2.plugin [None req-62aec329-6bf9-408c-a03c-ffe0fde14c0a None None] Current status of the port 98f48b51-4548-4640-9915-7fe7d5e665aa is: ACTIVE; New status is: ACTIVE {{(pid=103215) _update_individual_port_db_status /opt/stack/neutron/neutron/plugins/ml2/plugin.py:2470}}
Jun 16 03:35:02.803672 np0000180670 devstack@neutron-api.service[103215]: DEBUG neutron.api.wsgi [None req-859b2b46-6f28-4464-98be-dc11e4d140f2 admin admin] Missing Content-Type {{(pid=103215) get_content_type /opt/stack/neutron/neutron/api/wsgi.py:80}}
Jun 16 03:35:02.848229 np0000180670 devstack@neutron-api.service[103215]: [pid: 103215|app: 0|req: 7/22] 199.204.45.78 () {64 vars in 1405 bytes} [Tue Jun 16 03:35:02 2026] GET /networking/v2.0/routers/b7471947-af6b-4709-ae4c-aad0ff115707 => generated 599 bytes in 47 msecs (HTTP/1.1 200) 4 headers in 157 bytes (1 switches on core 0)
Jun 16 03:35:02.903560 np0000180670 devstack@neutron-api.service[103214]: DEBUG neutron.pecan_wsgi.hooks.policy_enforcement [None req-3af47978-7f51-48eb-a2f3-2a0fc69d7597 admin admin] Attributes excluded by policy engine: ['standard_attr_id'] {{(pid=103214) _exclude_attributes_by_policy /opt/stack/neutron/neutron/pecan_wsgi/hooks/policy_enforcement.py:259}}
Jun 16 03:35:02.904772 np0000180670 devstack@neutron-api.service[103214]: [pid: 103214|app: 0|req: 6/23] 199.204.45.78 () {64 vars in 1408 bytes} [Tue Jun 16 03:35:02 2026] GET /networking/v2.0/networks/3376ad3c-b009-42ba-80d9-3bcd6b3ccd8d => generated 717 bytes in 42 msecs (HTTP/1.1 200) 4 headers in 157 bytes (1 switches on core 0)
Jun 16 03:35:02.920764 np0000180670 devstack@neutron-api.service[103216]: DEBUG neutron.api.wsgi [None req-5771935c-dc4c-45af-9108-ee9cf525d15c admin admin] Missing Content-Type {{(pid=103216) get_content_type /opt/stack/neutron/neutron/api/wsgi.py:80}}
Jun 16 03:35:02.921411 np0000180670 devstack@neutron-api.service[103216]: DEBUG neutron.api.wsgi [None req-5771935c-dc4c-45af-9108-ee9cf525d15c admin admin] https://199.204.45.78/networking/v2.0/extensions/external-gateway-multihoming returned with HTTP 200 {{(pid=103216) __call__ /opt/stack/neutron/neutron/api/wsgi.py:540}}
Jun 16 03:35:02.922086 np0000180670 devstack@neutron-api.service[103216]: [pid: 103216|app: 0|req: 6/24] 199.204.45.78 () {64 vars in 1390 bytes} [Tue Jun 16 03:35:02 2026] GET /networking/v2.0/extensions/external-gateway-multihoming => generated 227 bytes in 6 msecs (HTTP/1.1 200) 4 headers in 157 bytes (1 switches on core 0)
Jun 16 03:35:03.214627 np0000180670 devstack@neutron-api.service[103213]: DEBUG neutron_lib.callbacks.manager [None req-648d741c-ecca-4207-b636-b13dca8e7f8e admin admin] Publish callbacks [] for router_gateway (b7471947-af6b-4709-ae4c-aad0ff115707), precommit_update {{(pid=103213) _notify_loop /opt/stack/data/venv/lib/python3.12/site-packages/neutron_lib/callbacks/manager.py:184}}
Jun 16 03:35:03.312750 np0000180670 devstack@neutron-api.service[103213]: DEBUG neutron_lib.callbacks.manager [None req-648d741c-ecca-4207-b636-b13dca8e7f8e admin admin] Publish callbacks [] for router_gateway (b7471947-af6b-4709-ae4c-aad0ff115707), before_create {{(pid=103213) _notify_loop /opt/stack/data/venv/lib/python3.12/site-packages/neutron_lib/callbacks/manager.py:184}}
Jun 16 03:35:03.345572 np0000180670 devstack@neutron-api.service[103213]: DEBUG neutron_lib.callbacks.manager [None req-648d741c-ecca-4207-b636-b13dca8e7f8e admin admin] Publish callbacks ['neutron.plugins.ml2.plugin.SecurityGroupDbMixin._ensure_default_security_group_handler-193068'] for port (None), before_create {{(pid=103213) _notify_loop /opt/stack/data/venv/lib/python3.12/site-packages/neutron_lib/callbacks/manager.py:184}}
Jun 16 03:35:03.412623 np0000180670 devstack@neutron-api.service[103213]: DEBUG neutron.db.db_base_plugin_common [None req-648d741c-ecca-4207-b636-b13dca8e7f8e admin admin] Allocated IP 172.24.5.92 (3376ad3c-b009-42ba-80d9-3bcd6b3ccd8d/cc6e02a2-ebf7-4df1-b90a-4dca42f125f7/c15ee541-8000-46ec-a339-384cdf4d403b) {{(pid=103213) _store_ip_allocation /opt/stack/neutron/neutron/db/db_base_plugin_common.py:131}}
Jun 16 03:35:03.467469 np0000180670 devstack@neutron-api.service[103213]: DEBUG neutron_lib.callbacks.manager [None req-648d741c-ecca-4207-b636-b13dca8e7f8e admin admin] Publish callbacks ['neutron.plugins.ml2.drivers.ovn.mech_driver.mech_driver.OVNMechanismDriver._validate_allowed_address_pairs-359754'] for allowed_address_pair (c15ee541-8000-46ec-a339-384cdf4d403b), before_create {{(pid=103213) _notify_loop /opt/stack/data/venv/lib/python3.12/site-packages/neutron_lib/callbacks/manager.py:184}}
Jun 16 03:35:03.467792 np0000180670 devstack@neutron-api.service[103213]: DEBUG neutron_lib.callbacks.manager [None req-648d741c-ecca-4207-b636-b13dca8e7f8e admin admin] Publish callbacks [] for port (c15ee541-8000-46ec-a339-384cdf4d403b), precommit_create {{(pid=103213) _notify_loop /opt/stack/data/venv/lib/python3.12/site-packages/neutron_lib/callbacks/manager.py:184}}
Jun 16 03:35:03.468021 np0000180670 devstack@neutron-api.service[103213]: DEBUG neutron.plugins.ml2.drivers.ovn.mech_driver.mech_driver [None req-648d741c-ecca-4207-b636-b13dca8e7f8e admin admin] No provisioning block for port c15ee541-8000-46ec-a339-384cdf4d403b since it does not have a host {{(pid=103213) _is_port_provisioning_required /opt/stack/neutron/neutron/plugins/ml2/drivers/ovn/mech_driver/mech_driver.py:896}}
Jun 16 03:35:03.468207 np0000180670 devstack@neutron-api.service[103213]: DEBUG neutron.db.ovn_revision_numbers_db [None req-648d741c-ecca-4207-b636-b13dca8e7f8e admin admin] create_initial_revision uuid=c15ee541-8000-46ec-a339-384cdf4d403b, type=ports, rev=-1 {{(pid=103213) create_initial_revision /opt/stack/neutron/neutron/db/ovn_revision_numbers_db.py:98}}
Jun 16 03:35:03.540995 np0000180670 devstack@neutron-api.service[103213]: DEBUG neutron.db.ovn_revision_numbers_db [None req-648d741c-ecca-4207-b636-b13dca8e7f8e admin admin] create_initial_revision uuid=c15ee541-8000-46ec-a339-384cdf4d403b, type=router_ports, rev=-1 {{(pid=103213) create_initial_revision /opt/stack/neutron/neutron/db/ovn_revision_numbers_db.py:98}}
Jun 16 03:35:03.571560 np0000180670 devstack@neutron-api.service[103213]: DEBUG neutron_lib.callbacks.manager [None req-648d741c-ecca-4207-b636-b13dca8e7f8e admin admin] Publish callbacks ['neutron.plugins.ml2.ovo_rpc._ObjectChangeHandler.handle_event-15046864'] for port (c15ee541-8000-46ec-a339-384cdf4d403b), after_create {{(pid=103213) _notify_loop /opt/stack/data/venv/lib/python3.12/site-packages/neutron_lib/callbacks/manager.py:184}}
Jun 16 03:35:03.602097 np0000180670 devstack@neutron-api.service[103213]: DEBUG neutron.api.rpc.handlers.resources_rpc [None req-648d741c-ecca-4207-b636-b13dca8e7f8e admin admin] Pushing event updated for resources: {'Port': ['ID=c15ee541-8000-46ec-a339-384cdf4d403b,revision_number=1']} {{(pid=103213) push /opt/stack/neutron/neutron/api/rpc/handlers/resources_rpc.py:237}}
Jun 16 03:35:03.646855 np0000180670 devstack@neutron-api.service[103213]: DEBUG neutron.plugins.ml2.drivers.ovn.mech_driver.ovsdb.commands [None req-648d741c-ecca-4207-b636-b13dca8e7f8e admin admin] Converting tag [] to a tag_request {{(pid=103213) _tag_column_to_tag_request /opt/stack/neutron/neutron/plugins/ml2/drivers/ovn/mech_driver/ovsdb/commands.py:205}}
Jun 16 03:35:03.647936 np0000180670 devstack@neutron-api.service[103213]: DEBUG ovsdbapp.backend.ovs_idl.transaction [None req-8b1ba8b3-9821-4309-b6dd-f3ed9247ef61 None None] Running txn n=1 command(idx=0): AddLSwitchPortCommand(_result=None, lport=c15ee541-8000-46ec-a339-384cdf4d403b, lswitch=neutron-3376ad3c-b009-42ba-80d9-3bcd6b3ccd8d, may_exist=True, network_uuid=3376ad3c-b009-42ba-80d9-3bcd6b3ccd8d, columns={'addresses': ['unknown'], 'external_ids': {'neutron:port_name': '', 'neutron:device_id': 'b7471947-af6b-4709-ae4c-aad0ff115707', 'neutron:project_id': '', 'neutron:cidrs': '172.24.5.92/24', 'neutron:device_owner': 'network:router_gateway', 'neutron:subnet_pool_addr_scope4': '', 'neutron:subnet_pool_addr_scope6': '', 'neutron:network_name': 'neutron-3376ad3c-b009-42ba-80d9-3bcd6b3ccd8d', 'neutron:security_group_ids': '', 'neutron:revision_number': '1', 'neutron:vnic_type': 'normal', 'neutron:port_capabilities': '', 'neutron:mtu': ''}, 'parent_name': [], 'enabled': True, 'options': {}, 'type': '', 'port_security': [], 'dhcpv4_options': [], 'dhcpv6_options': [], 'tag_request': []}) {{(pid=103213) do_commit /opt/stack/data/venv/lib/python3.12/site-packages/ovsdbapp/backend/ovs_idl/transaction.py:89}}
Jun 16 03:35:03.648720 np0000180670 devstack@neutron-api.service[103213]: DEBUG ovsdbapp.backend.ovs_idl.transaction [None req-8b1ba8b3-9821-4309-b6dd-f3ed9247ef61 None None] Running txn n=1 command(idx=1): QoSDelCommand(_result=None, switch=neutron-3376ad3c-b009-42ba-80d9-3bcd6b3ccd8d, conditions=[('direction', '=', 'to-lport'), ('priority', '=', 2002), ('match', '=', 'outport == "c15ee541-8000-46ec-a339-384cdf4d403b"')], if_exists=True) {{(pid=103213) do_commit /opt/stack/data/venv/lib/python3.12/site-packages/ovsdbapp/backend/ovs_idl/transaction.py:89}}
Jun 16 03:35:03.648924 np0000180670 devstack@neutron-api.service[103213]: DEBUG ovsdbapp.backend.ovs_idl.transaction [None req-8b1ba8b3-9821-4309-b6dd-f3ed9247ef61 None None] Running txn n=1 command(idx=2): QoSDelCommand(_result=None, switch=neutron-3376ad3c-b009-42ba-80d9-3bcd6b3ccd8d, conditions=[('direction', '=', 'from-lport'), ('priority', '=', 2002), ('match', '=', 'inport == "c15ee541-8000-46ec-a339-384cdf4d403b"')], if_exists=True) {{(pid=103213) do_commit /opt/stack/data/venv/lib/python3.12/site-packages/ovsdbapp/backend/ovs_idl/transaction.py:89}}
Jun 16 03:35:03.649265 np0000180670 devstack@neutron-api.service[103213]: DEBUG ovsdbapp.backend.ovs_idl.transaction [None req-8b1ba8b3-9821-4309-b6dd-f3ed9247ef61 None None] Running txn n=1 command(idx=3): UpdateLSwitchPortQosOptionsCommand(_result=None, lport=AddLSwitchPortCommand(_result=2152e80c-8aac-44d0-9207-86a7645cd217, lport=c15ee541-8000-46ec-a339-384cdf4d403b, lswitch=neutron-3376ad3c-b009-42ba-80d9-3bcd6b3ccd8d, may_exist=True, network_uuid=3376ad3c-b009-42ba-80d9-3bcd6b3ccd8d, columns={'addresses': ['unknown'], 'external_ids': {'neutron:port_name': '', 'neutron:device_id': 'b7471947-af6b-4709-ae4c-aad0ff115707', 'neutron:project_id': '', 'neutron:cidrs': '172.24.5.92/24', 'neutron:device_owner': 'network:router_gateway', 'neutron:subnet_pool_addr_scope4': '', 'neutron:subnet_pool_addr_scope6': '', 'neutron:network_name': 'neutron-3376ad3c-b009-42ba-80d9-3bcd6b3ccd8d', 'neutron:security_group_ids': '', 'neutron:revision_number': '1', 'neutron:vnic_type': 'normal', 'neutron:port_capabilities': '', 'neutron:mtu': ''}, 'parent_name': [], 'enabled': True, 'options': {}, 'type': '', 'port_security': [], 'tag_request': []}), if_exists=True, qos={'qos_max_rate': None, 'qos_burst': None, 'qos_min_rate': None}) {{(pid=103213) do_commit /opt/stack/data/venv/lib/python3.12/site-packages/ovsdbapp/backend/ovs_idl/transaction.py:89}}
Jun 16 03:35:03.656617 np0000180670 devstack@neutron-api.service[103216]: DEBUG neutron.plugins.ml2.drivers.ovn.mech_driver.ovsdb.ovsdb_monitor [None req-713e1af6-1f7c-4660-8f34-d9d98151ce33 None None] Touching Hash Ring node "bc6f8b10ddaf51079053705429566b5c" from IDL notify handler {{(pid=103216) notify /opt/stack/neutron/neutron/plugins/ml2/drivers/ovn/mech_driver/ovsdb/ovsdb_monitor.py:1007}}
Jun 16 03:35:03.660440 np0000180670 devstack@neutron-api.service[103215]: DEBUG neutron.plugins.ml2.drivers.ovn.mech_driver.ovsdb.ovsdb_monitor [None req-bd2eaf43-5b3f-4c45-be2d-fe5887cf41dc None None] Touching Hash Ring node "15b53626d4b95c6d908210d39181015e" from IDL notify handler {{(pid=103215) notify /opt/stack/neutron/neutron/plugins/ml2/drivers/ovn/mech_driver/ovsdb/ovsdb_monitor.py:1007}}
Jun 16 03:35:03.660720 np0000180670 devstack@neutron-api.service[103215]: DEBUG neutron.plugins.ml2.drivers.ovn.mech_driver.ovsdb.ovsdb_monitor [None req-3a23d538-2495-4284-9712-573c026e628d None None] Touching Hash Ring node "15b53626d4b95c6d908210d39181015e" from IDL notify handler {{(pid=103215) notify /opt/stack/neutron/neutron/plugins/ml2/drivers/ovn/mech_driver/ovsdb/ovsdb_monitor.py:1007}}
Jun 16 03:35:03.660873 np0000180670 devstack@neutron-api.service[103213]: DEBUG neutron.plugins.ml2.drivers.ovn.mech_driver.ovsdb.ovsdb_monitor [None req-a54c3147-6b9e-4486-a871-ed5d0af237af None None] Touching Hash Ring node "4c23bddd2a5c55989ac027d90e985e92" from IDL notify handler {{(pid=103213) notify /opt/stack/neutron/neutron/plugins/ml2/drivers/ovn/mech_driver/ovsdb/ovsdb_monitor.py:1007}}
Jun 16 03:35:03.668720 np0000180670 devstack@neutron-api.service[103216]: DEBUG neutron.plugins.ml2.drivers.ovn.mech_driver.ovsdb.ovsdb_monitor [None req-713e1af6-1f7c-4660-8f34-d9d98151ce33 None None] Hash Ring: Node bc6f8b10ddaf51079053705429566b5c (host: np0000180670) handling event "update" for row 3376ad3c-b009-42ba-80d9-3bcd6b3ccd8d (table: Logical_Switch) {{(pid=103216) notify /opt/stack/neutron/neutron/plugins/ml2/drivers/ovn/mech_driver/ovsdb/ovsdb_monitor.py:1015}}
Jun 16 03:35:03.669824 np0000180670 devstack@neutron-api.service[103215]: DEBUG neutron.plugins.ml2.drivers.ovn.mech_driver.ovsdb.ovsdb_monitor [None req-bd2eaf43-5b3f-4c45-be2d-fe5887cf41dc None None] Hash Ring: Node 15b53626d4b95c6d908210d39181015e (host: np0000180670) handling event "update" for row 3376ad3c-b009-42ba-80d9-3bcd6b3ccd8d (table: Logical_Switch) {{(pid=103215) notify /opt/stack/neutron/neutron/plugins/ml2/drivers/ovn/mech_driver/ovsdb/ovsdb_monitor.py:1015}}
Jun 16 03:35:03.671649 np0000180670 devstack@neutron-api.service[103215]: DEBUG neutron.plugins.ml2.drivers.ovn.mech_driver.ovsdb.ovsdb_monitor [None req-bd2eaf43-5b3f-4c45-be2d-fe5887cf41dc None None] Touching Hash Ring node "15b53626d4b95c6d908210d39181015e" from IDL notify handler {{(pid=103215) notify /opt/stack/neutron/neutron/plugins/ml2/drivers/ovn/mech_driver/ovsdb/ovsdb_monitor.py:1007}}
Jun 16 03:35:03.673183 np0000180670 devstack@neutron-api.service[103215]: DEBUG neutron.plugins.ml2.drivers.ovn.mech_driver.ovsdb.ovsdb_monitor [None req-3a23d538-2495-4284-9712-573c026e628d None None] Hash Ring: Node 15b53626d4b95c6d908210d39181015e (host: np0000180670) handling event "create" for row 369e0bfe-9d86-42c7-8c62-f9a021edc22a (table: Port_Binding) {{(pid=103215) notify /opt/stack/neutron/neutron/plugins/ml2/drivers/ovn/mech_driver/ovsdb/ovsdb_monitor.py:1015}}
Jun 16 03:35:03.675559 np0000180670 devstack@neutron-api.service[103215]: DEBUG neutron.plugins.ml2.drivers.ovn.mech_driver.ovsdb.ovsdb_monitor [None req-bd2eaf43-5b3f-4c45-be2d-fe5887cf41dc None None] Hash Ring: Node 15b53626d4b95c6d908210d39181015e (host: np0000180670) handling event "create" for row 4b603507-2a69-4f30-95ad-3f69dfde22d0 (table: Logical_Switch_Port) {{(pid=103215) notify /opt/stack/neutron/neutron/plugins/ml2/drivers/ovn/mech_driver/ovsdb/ovsdb_monitor.py:1015}}
Jun 16 03:35:03.677062 np0000180670 devstack@neutron-api.service[103215]: DEBUG ovsdbapp.backend.ovs_idl.event [None req-bd2eaf43-5b3f-4c45-be2d-fe5887cf41dc None None] Matched CREATE: LogicalSwitchPortCreateEvent(events=('create',), table='Logical_Switch_Port', conditions=[], old_conditions=None), priority=20 to row=Logical_Switch_Port(uuid=4b603507-2a69-4f30-95ad-3f69dfde22d0, addresses=['unknown'], dhcpv4_options=[], dhcpv6_options=[], dynamic_addresses=[], enabled=True, external_ids={'neutron:cidrs': '172.24.5.92/24', 'neutron:device_id': 'b7471947-af6b-4709-ae4c-aad0ff115707', 'neutron:device_owner': 'network:router_gateway', 'neutron:mtu': '', 'neutron:network_name': 'neutron-3376ad3c-b009-42ba-80d9-3bcd6b3ccd8d', 'neutron:port_capabilities': '', 'neutron:port_name': '', 'neutron:project_id': '', 'neutron:revision_number': '1', 'neutron:security_group_ids': '', 'neutron:subnet_pool_addr_scope4': '', 'neutron:subnet_pool_addr_scope6': '', 'neutron:vnic_type': 'normal'}, ha_chassis_group=[], mirror_rules=[], name='c15ee541-8000-46ec-a339-384cdf4d403b', options={}, parent_name=[], port_security=[], tag=[], tag_request=[], type='', up=[]) old= {{(pid=103215) matches /opt/stack/data/venv/lib/python3.12/site-packages/ovsdbapp/backend/ovs_idl/event.py:55}}
Jun 16 03:35:03.678390 np0000180670 devstack@neutron-api.service[103213]: DEBUG neutron.plugins.ml2.drivers.ovn.mech_driver.ovsdb.ovsdb_monitor [None req-a54c3147-6b9e-4486-a871-ed5d0af237af None None] Hash Ring: Node 4c23bddd2a5c55989ac027d90e985e92 (host: np0000180670) handling event "create" for row 369e0bfe-9d86-42c7-8c62-f9a021edc22a (table: Port_Binding) {{(pid=103213) notify /opt/stack/neutron/neutron/plugins/ml2/drivers/ovn/mech_driver/ovsdb/ovsdb_monitor.py:1015}}
Jun 16 03:35:03.679174 np0000180670 devstack@neutron-api.service[103215]: DEBUG neutron.plugins.ml2.drivers.ovn.mech_driver.ovsdb.ovsdb_monitor [None req-bd2eaf43-5b3f-4c45-be2d-fe5887cf41dc None None] Touching Hash Ring node "15b53626d4b95c6d908210d39181015e" from IDL notify handler {{(pid=103215) notify /opt/stack/neutron/neutron/plugins/ml2/drivers/ovn/mech_driver/ovsdb/ovsdb_monitor.py:1007}}
Jun 16 03:35:03.681504 np0000180670 devstack@neutron-api.service[103215]: DEBUG neutron.plugins.ml2.drivers.ovn.mech_driver.ovsdb.ovsdb_monitor [None req-bd2eaf43-5b3f-4c45-be2d-fe5887cf41dc None None] Hash Ring: Node 15b53626d4b95c6d908210d39181015e (host: np0000180670) handling event "update" for row 4b603507-2a69-4f30-95ad-3f69dfde22d0 (table: Logical_Switch_Port) {{(pid=103215) notify /opt/stack/neutron/neutron/plugins/ml2/drivers/ovn/mech_driver/ovsdb/ovsdb_monitor.py:1015}}
Jun 16 03:35:03.694993 np0000180670 devstack@neutron-api.service[103213]: INFO neutron.db.ovn_revision_numbers_db [None req-648d741c-ecca-4207-b636-b13dca8e7f8e admin admin] Successfully bumped revision number for resource c15ee541-8000-46ec-a339-384cdf4d403b (type: ports) to 1
Jun 16 03:35:03.834627 np0000180670 devstack@neutron-api.service[103213]: DEBUG neutron_lib.callbacks.manager [None req-648d741c-ecca-4207-b636-b13dca8e7f8e admin admin] Publish callbacks [] for router_gateway (b7471947-af6b-4709-ae4c-aad0ff115707), after_create {{(pid=103213) _notify_loop /opt/stack/data/venv/lib/python3.12/site-packages/neutron_lib/callbacks/manager.py:184}}
Jun 16 03:35:04.282956 np0000180670 devstack@neutron-api.service[103213]: DEBUG neutron_lib.callbacks.manager [None req-648d741c-ecca-4207-b636-b13dca8e7f8e admin admin] Publish callbacks ['neutron.services.ovn_l3.plugin.ExtraGatewaysDbOnlyMixin._process_bfd_ecmp_update-16432374', 'neutron.services.ovn_l3.service_providers.driver_controller.DriverController._update_router_provider-16403432'] for router (b7471947-af6b-4709-ae4c-aad0ff115707), precommit_update {{(pid=103213) _notify_loop /opt/stack/data/venv/lib/python3.12/site-packages/neutron_lib/callbacks/manager.py:184}}
Jun 16 03:35:04.286635 np0000180670 devstack@neutron-api.service[103213]: DEBUG neutron_lib.callbacks.manager [None req-648d741c-ecca-4207-b636-b13dca8e7f8e admin admin] Publish callbacks ['neutron.services.ovn_l3.service_providers.ovn.OvnDriver._process_router_update-16344522'] for router (b7471947-af6b-4709-ae4c-aad0ff115707), after_update {{(pid=103213) _notify_loop /opt/stack/data/venv/lib/python3.12/site-packages/neutron_lib/callbacks/manager.py:184}}
Jun 16 03:35:04.286789 np0000180670 devstack@neutron-api.service[103213]: INFO neutron.plugins.ml2.drivers.ovn.mech_driver.ovsdb.extensions.qos [None req-648d741c-ecca-4207-b636-b13dca8e7f8e admin admin] Starting OVNClientQosExtension
Jun 16 03:35:04.827128 np0000180670 devstack@neutron-api.service[103213]: DEBUG ovsdbapp.backend.ovs_idl.transaction [None req-8b1ba8b3-9821-4309-b6dd-f3ed9247ef61 None None] Running txn n=1 command(idx=0): CheckRevisionNumberCommand(_result=None, name=neutron-b7471947-af6b-4709-ae4c-aad0ff115707, resource={'id': 'b7471947-af6b-4709-ae4c-aad0ff115707', 'name': 'router1', 'project_id': '48006d8756b743b29e2a8e30167f92d4', 'admin_state_up': True, 'status': 'ACTIVE', 'enable_snat': True, 'external_gateway_info': {'network_id': '3376ad3c-b009-42ba-80d9-3bcd6b3ccd8d', 'external_fixed_ips': [{'subnet_id': 'cc6e02a2-ebf7-4df1-b90a-4dca42f125f7', 'ip_address': '172.24.5.92'}], 'enable_snat': True}, 'gw_port_id': 'c15ee541-8000-46ec-a339-384cdf4d403b', 'description': '', 'availability_zones': [], 'distributed': False, 'ha': True, 'ha_vr_id': 0, 'availability_zone_hints': [], 'enable_default_route_ecmp': False, 'enable_default_route_bfd': False, 'external_gateways': [{'network_id': '3376ad3c-b009-42ba-80d9-3bcd6b3ccd8d', 'external_fixed_ips': [{'ip_address': '172.24.5.92', 'subnet_id': 'cc6e02a2-ebf7-4df1-b90a-4dca42f125f7'}]}], 'routes': [], 'flavor_id': None, 'tags': [], 'created_at': '2026-06-16T03:34:58Z', 'updated_at': '2026-06-16T03:35:03Z', 'revision_number': 3, 'tenant_id': '48006d8756b743b29e2a8e30167f92d4'}, resource_type=routers, if_exists=True) {{(pid=103213) do_commit /opt/stack/data/venv/lib/python3.12/site-packages/ovsdbapp/backend/ovs_idl/transaction.py:89}}
Jun 16 03:35:04.827801 np0000180670 devstack@neutron-api.service[103213]: DEBUG ovsdbapp.backend.ovs_idl.transaction [None req-8b1ba8b3-9821-4309-b6dd-f3ed9247ef61 None None] Running txn n=1 command(idx=1): DeleteLRouterExtGwCommand(_result=None, lrouter=neutron-b7471947-af6b-4709-ae4c-aad0ff115707, if_exists=True, maintain_bfd=True) {{(pid=103213) do_commit /opt/stack/data/venv/lib/python3.12/site-packages/ovsdbapp/backend/ovs_idl/transaction.py:89}}
Jun 16 03:35:04.828668 np0000180670 devstack@neutron-api.service[103213]: DEBUG ovsdbapp.backend.ovs_idl.transaction [None req-8b1ba8b3-9821-4309-b6dd-f3ed9247ef61 None None] Running txn n=1 command(idx=2): DeleteNATRuleInLRouterCommand(_result=None, lrouter=neutron-b7471947-af6b-4709-ae4c-aad0ff115707, type=snat, logical_ip=10.1.0.0/26, external_ip=172.24.5.92, if_exists=True) {{(pid=103213) do_commit /opt/stack/data/venv/lib/python3.12/site-packages/ovsdbapp/backend/ovs_idl/transaction.py:89}}
Jun 16 03:35:04.828992 np0000180670 devstack@neutron-api.service[103213]: DEBUG ovsdbapp.backend.ovs_idl.transaction [None req-8b1ba8b3-9821-4309-b6dd-f3ed9247ef61 None None] Running txn n=1 command(idx=3): DelStaticRoutesCommand(_result=None, lrouter=neutron-b7471947-af6b-4709-ae4c-aad0ff115707, routes=[('0.0.0.0/0', '172.24.5.1')], if_exists=True) {{(pid=103213) do_commit /opt/stack/data/venv/lib/python3.12/site-packages/ovsdbapp/backend/ovs_idl/transaction.py:89}}
Jun 16 03:35:04.829384 np0000180670 devstack@neutron-api.service[103213]: DEBUG ovsdbapp.backend.ovs_idl.transaction [None req-8b1ba8b3-9821-4309-b6dd-f3ed9247ef61 None None] Running txn n=1 command(idx=4): DelLRouterPortCommand(_result=None, name=lrp-c15ee541-8000-46ec-a339-384cdf4d403b, lrouter=neutron-b7471947-af6b-4709-ae4c-aad0ff115707, if_exists=True) {{(pid=103213) do_commit /opt/stack/data/venv/lib/python3.12/site-packages/ovsdbapp/backend/ovs_idl/transaction.py:89}}
Jun 16 03:35:04.829776 np0000180670 devstack@neutron-api.service[103213]: DEBUG ovsdbapp.backend.ovs_idl.transaction [None req-8b1ba8b3-9821-4309-b6dd-f3ed9247ef61 None None] Running txn n=1 command(idx=5): AddLRouterPortCommand(_result=None, name=lrp-c15ee541-8000-46ec-a339-384cdf4d403b, lrouter=neutron-b7471947-af6b-4709-ae4c-aad0ff115707, may_exist=True, columns={'mac': 'fa:16:3e:cf:5b:f4', 'networks': ['172.24.5.92/24'], 'external_ids': {'neutron:revision_number': '1', 'neutron:subnet_ids': 'cc6e02a2-ebf7-4df1-b90a-4dca42f125f7', 'neutron:network_name': 'neutron-3376ad3c-b009-42ba-80d9-3bcd6b3ccd8d', 'neutron:is_ext_gw': 'True', 'neutron:router_name': 'neutron-b7471947-af6b-4709-ae4c-aad0ff115707'}, 'options': {'reside-on-redirect-chassis': 'true', 'gateway_mtu': '1372'}}) {{(pid=103213) do_commit /opt/stack/data/venv/lib/python3.12/site-packages/ovsdbapp/backend/ovs_idl/transaction.py:89}}
Jun 16 03:35:04.830903 np0000180670 devstack@neutron-api.service[103213]: DEBUG ovsdbapp.backend.ovs_idl.transaction [None req-8b1ba8b3-9821-4309-b6dd-f3ed9247ef61 None None] Running txn n=1 command(idx=6): ScheduleNewGatewayCommand(_result=None, g_name=lrp-c15ee541-8000-46ec-a339-384cdf4d403b, sb_api=, lrouter_name=neutron-b7471947-af6b-4709-ae4c-aad0ff115707, ovn_client=, scheduler=, physnet=public, az_hints=[]) {{(pid=103213) do_commit /opt/stack/data/venv/lib/python3.12/site-packages/ovsdbapp/backend/ovs_idl/transaction.py:89}}
Jun 16 03:35:04.832012 np0000180670 devstack@neutron-api.service[103213]: DEBUG neutron.plugins.ml2.drivers.ovn.mech_driver.ovsdb.ovn_client [None req-8b1ba8b3-9821-4309-b6dd-f3ed9247ef61 None None] Chassis candidates for scheduling gateway router ports for "public" physical network: ['445ae8df-a7f9-4d20-a0b4-ea84675bf7c1'] {{(pid=103213) get_candidates_for_scheduling /opt/stack/neutron/neutron/plugins/ml2/drivers/ovn/mech_driver/ovsdb/ovn_client.py:1750}}
Jun 16 03:35:04.832973 np0000180670 devstack@neutron-api.service[103213]: DEBUG neutron.scheduler.l3_ovn_scheduler [None req-8b1ba8b3-9821-4309-b6dd-f3ed9247ef61 None None] Gateway lrp-c15ee541-8000-46ec-a339-384cdf4d403b scheduled on chassis ['445ae8df-a7f9-4d20-a0b4-ea84675bf7c1'] {{(pid=103213) _schedule_gateway /opt/stack/neutron/neutron/scheduler/l3_ovn_scheduler.py:88}}
Jun 16 03:35:04.833928 np0000180670 devstack@neutron-api.service[103213]: DEBUG ovsdbapp.backend.ovs_idl.transaction [None req-8b1ba8b3-9821-4309-b6dd-f3ed9247ef61 None None] Running txn n=1 command(idx=7): SetLRouterPortInLSwitchPortCommand(_result=None, lswitch_port=c15ee541-8000-46ec-a339-384cdf4d403b, lrouter_port=lrp-c15ee541-8000-46ec-a339-384cdf4d403b, is_gw_port=True, if_exists=True, lsp_address=router) {{(pid=103213) do_commit /opt/stack/data/venv/lib/python3.12/site-packages/ovsdbapp/backend/ovs_idl/transaction.py:89}}
Jun 16 03:35:04.834450 np0000180670 devstack@neutron-api.service[103213]: DEBUG ovsdbapp.backend.ovs_idl.transaction [None req-8b1ba8b3-9821-4309-b6dd-f3ed9247ef61 None None] Running txn n=1 command(idx=8): AddStaticRouteCommand(_result=None, lrouter=neutron-b7471947-af6b-4709-ae4c-aad0ff115707, maintain_bfd=False, columns={'ip_prefix': '0.0.0.0/0', 'nexthop': '172.24.5.1', 'external_ids': {'neutron:is_ext_gw': 'true', 'neutron:subnet_id': 'cc6e02a2-ebf7-4df1-b90a-4dca42f125f7', 'neutron:is_static_route': 'true'}}) {{(pid=103213) do_commit /opt/stack/data/venv/lib/python3.12/site-packages/ovsdbapp/backend/ovs_idl/transaction.py:89}}
Jun 16 03:35:04.835001 np0000180670 devstack@neutron-api.service[103213]: DEBUG ovsdbapp.backend.ovs_idl.transaction [None req-8b1ba8b3-9821-4309-b6dd-f3ed9247ef61 None None] Running txn n=1 command(idx=9): AddNATRuleInLRouterCommand(_result=None, lrouter=neutron-b7471947-af6b-4709-ae4c-aad0ff115707, nat_uuid=None, columns={'type': 'snat', 'logical_ip': '10.1.0.0/26', 'external_ip': '172.24.5.92'}) {{(pid=103213) do_commit /opt/stack/data/venv/lib/python3.12/site-packages/ovsdbapp/backend/ovs_idl/transaction.py:89}}
Jun 16 03:35:04.835661 np0000180670 devstack@neutron-api.service[103213]: DEBUG ovsdbapp.backend.ovs_idl.transaction [None req-8b1ba8b3-9821-4309-b6dd-f3ed9247ef61 None None] Running txn n=1 command(idx=10): UpdateLRouterCommand(_result=None, name=neutron-b7471947-af6b-4709-ae4c-aad0ff115707, columns={'external_ids': {'neutron:router_name': 'router1', 'neutron:revision_number': '3', 'neutron:availability_zone_hints': ''}, 'enabled': True}, if_exists=True) {{(pid=103213) do_commit /opt/stack/data/venv/lib/python3.12/site-packages/ovsdbapp/backend/ovs_idl/transaction.py:89}}
Jun 16 03:35:04.836319 np0000180670 devstack@neutron-api.service[103213]: DEBUG ovsdbapp.backend.ovs_idl.transaction [None req-8b1ba8b3-9821-4309-b6dd-f3ed9247ef61 None None] Running txn n=1 command(idx=11): QoSDelCommand(_result=None, switch=neutron-3376ad3c-b009-42ba-80d9-3bcd6b3ccd8d, conditions=[('direction', '=', 'from-lport'), ('priority', '=', 2002), ('match', '=', 'inport == "c15ee541-8000-46ec-a339-384cdf4d403b"')], if_exists=True) {{(pid=103213) do_commit /opt/stack/data/venv/lib/python3.12/site-packages/ovsdbapp/backend/ovs_idl/transaction.py:89}}
Jun 16 03:35:04.836497 np0000180670 devstack@neutron-api.service[103213]: DEBUG ovsdbapp.backend.ovs_idl.transaction [None req-8b1ba8b3-9821-4309-b6dd-f3ed9247ef61 None None] Running txn n=1 command(idx=12): QoSDelCommand(_result=None, switch=neutron-3376ad3c-b009-42ba-80d9-3bcd6b3ccd8d, conditions=[('direction', '=', 'to-lport'), ('priority', '=', 2002), ('match', '=', 'outport == "c15ee541-8000-46ec-a339-384cdf4d403b"')], if_exists=True) {{(pid=103213) do_commit /opt/stack/data/venv/lib/python3.12/site-packages/ovsdbapp/backend/ovs_idl/transaction.py:89}}
Jun 16 03:35:04.845102 np0000180670 devstack@neutron-api.service[103213]: DEBUG neutron.plugins.ml2.drivers.ovn.mech_driver.ovsdb.ovsdb_monitor [None req-8b1ba8b3-9821-4309-b6dd-f3ed9247ef61 None None] Touching Hash Ring node "4c23bddd2a5c55989ac027d90e985e92" from IDL notify handler {{(pid=103213) notify /opt/stack/neutron/neutron/plugins/ml2/drivers/ovn/mech_driver/ovsdb/ovsdb_monitor.py:1007}}
Jun 16 03:35:04.846635 np0000180670 devstack@neutron-api.service[103214]: DEBUG neutron.plugins.ml2.drivers.ovn.mech_driver.ovsdb.ovsdb_monitor [None req-26f5bf6f-1602-46f5-9454-a405980e8364 None None] Touching Hash Ring node "64733bb10fde50918c10a9fab346c4ae" from IDL notify handler {{(pid=103214) notify /opt/stack/neutron/neutron/plugins/ml2/drivers/ovn/mech_driver/ovsdb/ovsdb_monitor.py:1007}}
Jun 16 03:35:04.847256 np0000180670 devstack@neutron-api.service[103215]: DEBUG neutron.plugins.ml2.drivers.ovn.mech_driver.ovsdb.ovsdb_monitor [None req-bd2eaf43-5b3f-4c45-be2d-fe5887cf41dc None None] Touching Hash Ring node "15b53626d4b95c6d908210d39181015e" from IDL notify handler {{(pid=103215) notify /opt/stack/neutron/neutron/plugins/ml2/drivers/ovn/mech_driver/ovsdb/ovsdb_monitor.py:1007}}
Jun 16 03:35:04.853797 np0000180670 devstack@neutron-api.service[103215]: DEBUG neutron.plugins.ml2.drivers.ovn.mech_driver.ovsdb.ovsdb_monitor [None req-3a23d538-2495-4284-9712-573c026e628d None None] Touching Hash Ring node "15b53626d4b95c6d908210d39181015e" from IDL notify handler {{(pid=103215) notify /opt/stack/neutron/neutron/plugins/ml2/drivers/ovn/mech_driver/ovsdb/ovsdb_monitor.py:1007}}
Jun 16 03:35:04.855278 np0000180670 devstack@neutron-api.service[103216]: DEBUG neutron.plugins.ml2.drivers.ovn.mech_driver.ovsdb.ovsdb_monitor [None req-bb4c1d99-77b1-4208-adf8-eb94b3ef394f None None] Touching Hash Ring node "bc6f8b10ddaf51079053705429566b5c" from IDL notify handler {{(pid=103216) notify /opt/stack/neutron/neutron/plugins/ml2/drivers/ovn/mech_driver/ovsdb/ovsdb_monitor.py:1007}}
Jun 16 03:35:04.855664 np0000180670 devstack@neutron-api.service[103213]: DEBUG neutron.plugins.ml2.drivers.ovn.mech_driver.ovsdb.ovsdb_monitor [None req-a54c3147-6b9e-4486-a871-ed5d0af237af None None] Touching Hash Ring node "4c23bddd2a5c55989ac027d90e985e92" from IDL notify handler {{(pid=103213) notify /opt/stack/neutron/neutron/plugins/ml2/drivers/ovn/mech_driver/ovsdb/ovsdb_monitor.py:1007}}
Jun 16 03:35:04.858731 np0000180670 devstack@neutron-api.service[103215]: DEBUG neutron.plugins.ml2.drivers.ovn.mech_driver.ovsdb.ovsdb_monitor [None req-bd2eaf43-5b3f-4c45-be2d-fe5887cf41dc None None] Hash Ring: Node 15b53626d4b95c6d908210d39181015e (host: np0000180670) handling event "create" for row d7857f84-e7f7-4e4b-9a0b-bf522b4de935 (table: HA_Chassis) {{(pid=103215) notify /opt/stack/neutron/neutron/plugins/ml2/drivers/ovn/mech_driver/ovsdb/ovsdb_monitor.py:1015}}
Jun 16 03:35:04.860887 np0000180670 devstack@neutron-api.service[103215]: DEBUG neutron.plugins.ml2.drivers.ovn.mech_driver.ovsdb.ovsdb_monitor [None req-bd2eaf43-5b3f-4c45-be2d-fe5887cf41dc None None] Touching Hash Ring node "15b53626d4b95c6d908210d39181015e" from IDL notify handler {{(pid=103215) notify /opt/stack/neutron/neutron/plugins/ml2/drivers/ovn/mech_driver/ovsdb/ovsdb_monitor.py:1007}}
Jun 16 03:35:04.861326 np0000180670 devstack@neutron-api.service[103214]: DEBUG neutron.plugins.ml2.drivers.ovn.mech_driver.ovsdb.ovsdb_monitor [None req-26f5bf6f-1602-46f5-9454-a405980e8364 None None] Hash Ring: Node 64733bb10fde50918c10a9fab346c4ae (host: np0000180670) handling event "create" for row d7857f84-e7f7-4e4b-9a0b-bf522b4de935 (table: HA_Chassis) {{(pid=103214) notify /opt/stack/neutron/neutron/plugins/ml2/drivers/ovn/mech_driver/ovsdb/ovsdb_monitor.py:1015}}
Jun 16 03:35:04.862087 np0000180670 devstack@neutron-api.service[103214]: DEBUG neutron.plugins.ml2.drivers.ovn.mech_driver.ovsdb.ovsdb_monitor [None req-26f5bf6f-1602-46f5-9454-a405980e8364 None None] Touching Hash Ring node "64733bb10fde50918c10a9fab346c4ae" from IDL notify handler {{(pid=103214) notify /opt/stack/neutron/neutron/plugins/ml2/drivers/ovn/mech_driver/ovsdb/ovsdb_monitor.py:1007}}
Jun 16 03:35:04.862132 np0000180670 devstack@neutron-api.service[103213]: DEBUG neutron.plugins.ml2.drivers.ovn.mech_driver.ovsdb.ovsdb_monitor [None req-8b1ba8b3-9821-4309-b6dd-f3ed9247ef61 None None] Hash Ring: Node 4c23bddd2a5c55989ac027d90e985e92 (host: np0000180670) handling event "create" for row d7857f84-e7f7-4e4b-9a0b-bf522b4de935 (table: HA_Chassis) {{(pid=103213) notify /opt/stack/neutron/neutron/plugins/ml2/drivers/ovn/mech_driver/ovsdb/ovsdb_monitor.py:1015}}
Jun 16 03:35:04.862296 np0000180670 devstack@neutron-api.service[103216]: DEBUG neutron.plugins.ml2.drivers.ovn.mech_driver.ovsdb.ovsdb_monitor [None req-bb4c1d99-77b1-4208-adf8-eb94b3ef394f None None] Hash Ring: Node bc6f8b10ddaf51079053705429566b5c (host: np0000180670) handling event "create" for row c5edb198-f288-4d37-8cfb-a7c1516a1f54 (table: Port_Binding) {{(pid=103216) notify /opt/stack/neutron/neutron/plugins/ml2/drivers/ovn/mech_driver/ovsdb/ovsdb_monitor.py:1015}}
Jun 16 03:35:04.863435 np0000180670 devstack@neutron-api.service[103213]: DEBUG neutron.plugins.ml2.drivers.ovn.mech_driver.ovsdb.ovsdb_monitor [None req-8b1ba8b3-9821-4309-b6dd-f3ed9247ef61 None None] Touching Hash Ring node "4c23bddd2a5c55989ac027d90e985e92" from IDL notify handler {{(pid=103213) notify /opt/stack/neutron/neutron/plugins/ml2/drivers/ovn/mech_driver/ovsdb/ovsdb_monitor.py:1007}}
Jun 16 03:35:04.863777 np0000180670 devstack@neutron-api.service[103215]: DEBUG neutron.plugins.ml2.drivers.ovn.mech_driver.ovsdb.ovsdb_monitor [None req-3a23d538-2495-4284-9712-573c026e628d None None] Hash Ring: Node 15b53626d4b95c6d908210d39181015e (host: np0000180670) handling event "update" for row 369e0bfe-9d86-42c7-8c62-f9a021edc22a (table: Port_Binding) {{(pid=103215) notify /opt/stack/neutron/neutron/plugins/ml2/drivers/ovn/mech_driver/ovsdb/ovsdb_monitor.py:1015}}
Jun 16 03:35:04.864508 np0000180670 devstack@neutron-api.service[103216]: DEBUG neutron.plugins.ml2.drivers.ovn.mech_driver.ovsdb.ovsdb_monitor [None req-bb4c1d99-77b1-4208-adf8-eb94b3ef394f None None] Touching Hash Ring node "bc6f8b10ddaf51079053705429566b5c" from IDL notify handler {{(pid=103216) notify /opt/stack/neutron/neutron/plugins/ml2/drivers/ovn/mech_driver/ovsdb/ovsdb_monitor.py:1007}}
Jun 16 03:35:04.865063 np0000180670 devstack@neutron-api.service[103214]: DEBUG neutron.plugins.ml2.drivers.ovn.mech_driver.ovsdb.ovsdb_monitor [None req-26f5bf6f-1602-46f5-9454-a405980e8364 None None] Hash Ring: Node 64733bb10fde50918c10a9fab346c4ae (host: np0000180670) handling event "update" for row 7f5bd6b2-128a-4dfc-b305-fab194eb318c (table: Logical_Router) {{(pid=103214) notify /opt/stack/neutron/neutron/plugins/ml2/drivers/ovn/mech_driver/ovsdb/ovsdb_monitor.py:1015}}
Jun 16 03:35:04.867338 np0000180670 devstack@neutron-api.service[103214]: DEBUG neutron.plugins.ml2.drivers.ovn.mech_driver.ovsdb.ovsdb_monitor [None req-26f5bf6f-1602-46f5-9454-a405980e8364 None None] Touching Hash Ring node "64733bb10fde50918c10a9fab346c4ae" from IDL notify handler {{(pid=103214) notify /opt/stack/neutron/neutron/plugins/ml2/drivers/ovn/mech_driver/ovsdb/ovsdb_monitor.py:1007}}
Jun 16 03:35:04.867486 np0000180670 devstack@neutron-api.service[103215]: DEBUG neutron.plugins.ml2.drivers.ovn.mech_driver.ovsdb.ovsdb_monitor [None req-3a23d538-2495-4284-9712-573c026e628d None None] Touching Hash Ring node "15b53626d4b95c6d908210d39181015e" from IDL notify handler {{(pid=103215) notify /opt/stack/neutron/neutron/plugins/ml2/drivers/ovn/mech_driver/ovsdb/ovsdb_monitor.py:1007}}
Jun 16 03:35:04.868556 np0000180670 devstack@neutron-api.service[103213]: DEBUG neutron.plugins.ml2.drivers.ovn.mech_driver.ovsdb.ovsdb_monitor [None req-8b1ba8b3-9821-4309-b6dd-f3ed9247ef61 None None] Hash Ring: Node 4c23bddd2a5c55989ac027d90e985e92 (host: np0000180670) handling event "update" for row 7f5bd6b2-128a-4dfc-b305-fab194eb318c (table: Logical_Router) {{(pid=103213) notify /opt/stack/neutron/neutron/plugins/ml2/drivers/ovn/mech_driver/ovsdb/ovsdb_monitor.py:1015}}
