2026-05-12 12:35:11.909 10 INFO neutron.db.ovn_revision_numbers_db [None req-c21e60fd-ae34-466d-a66b-875957c0fb70 a9231985a95d4b35b17938484a74c5e6 d685075afbb747f386da6f9c0e5d0673 - - default default] Successfully bumped revision number for resource 112b9039-44ff-4b2c-9b26-b3ff29743941 (type: security_group_rules) to 0
2026-05-12 12:35:11.933 10 INFO neutron.db.ovn_revision_numbers_db [None req-c21e60fd-ae34-466d-a66b-875957c0fb70 a9231985a95d4b35b17938484a74c5e6 d685075afbb747f386da6f9c0e5d0673 - - default default] Successfully bumped revision number for resource ae8069a2-a17b-493f-83cb-91a39935a31c (type: security_group_rules) to 0
2026-05-12 12:35:11.955 10 INFO neutron.wsgi [None req-c21e60fd-ae34-466d-a66b-875957c0fb70 a9231985a95d4b35b17938484a74c5e6 d685075afbb747f386da6f9c0e5d0673 - - default default] 10.0.0.13 "POST /v2.0/security-groups HTTP/1.1" status: 201 len: 1796 time: 0.2148190 /var/lib/openstack/lib/python3.10/site-packages/pycadf/identifier.py:71: UserWarning: Invalid uuid: neutron. To ensure interoperability, identifiers should be a valid uuid. warnings.warn(('Invalid uuid: %s. To ensure interoperability, '
2026-05-12 12:35:11.976 10 WARNING neutron_lib.context [None req-67644bc6-52b1-4323-959e-a49116864505 a9231985a95d4b35b17938484a74c5e6 d685075afbb747f386da6f9c0e5d0673 - - default default] Method 'is_advsvc' is deprecated since 2023.2 release (neutron-lib 3.8.0) and will be removed once support for the old RBAC API policies will be removed from Neutron. Please use method 'is_service_role' instead.
2026-05-12 12:35:11.997 10 WARNING neutron.scheduler.dhcp_agent_scheduler [None req-6a6987ae-973d-426f-b3c1-4cf49c8372a2 6175ff37fe204956bf913284fba337b0 f8dde5758b414a8ea48bfe7cea5312f0 - - default default] No more DHCP agents
2026-05-12 12:35:11.999 10 WARNING neutron.api.rpc.agentnotifiers.dhcp_rpc_agent_api [None req-6a6987ae-973d-426f-b3c1-4cf49c8372a2 6175ff37fe204956bf913284fba337b0 f8dde5758b414a8ea48bfe7cea5312f0 - - default default] Unable to schedule network 4fd76706-28b5-4cb1-a6a1-8c0b3bfe9a52: no agents available; will retry on subsequent port and subnet creation events.
2026-05-12 12:35:12.120 10 INFO neutron.db.ovn_revision_numbers_db [None req-6a6987ae-973d-426f-b3c1-4cf49c8372a2 6175ff37fe204956bf913284fba337b0 f8dde5758b414a8ea48bfe7cea5312f0 - - default default] Successfully bumped revision number for resource b8361523-85cb-45f1-bb34-416be80cd3c3 (type: ports) to 1
2026-05-12 12:35:12.159 10 WARNING neutron.scheduler.dhcp_agent_scheduler [None req-6a6987ae-973d-426f-b3c1-4cf49c8372a2 6175ff37fe204956bf913284fba337b0 f8dde5758b414a8ea48bfe7cea5312f0 - - default default] No more DHCP agents
2026-05-12 12:35:12.164 10 WARNING neutron.api.rpc.agentnotifiers.dhcp_rpc_agent_api [None req-6a6987ae-973d-426f-b3c1-4cf49c8372a2 6175ff37fe204956bf913284fba337b0 f8dde5758b414a8ea48bfe7cea5312f0 - - default default] Unable to schedule network c26e62f0-1cca-463d-9cb4-1d2673c32282: no agents available; will retry on subsequent port and subnet creation events.
2026-05-12 12:35:12.204 10 INFO neutron.db.ovn_revision_numbers_db [None req-67644bc6-52b1-4323-959e-a49116864505 a9231985a95d4b35b17938484a74c5e6 d685075afbb747f386da6f9c0e5d0673 - - default default] Successfully bumped revision number for resource 648521da-b821-44aa-96c4-e735aa757f6f (type: security_group_rules) to 0
2026-05-12 12:35:12.249 10 INFO neutron.wsgi [None req-67644bc6-52b1-4323-959e-a49116864505 a9231985a95d4b35b17938484a74c5e6 d685075afbb747f386da6f9c0e5d0673 - - default default] 10.0.0.13 "POST /v2.0/security-group-rules HTTP/1.1" status: 201 len: 764 time: 0.2850671 /var/lib/openstack/lib/python3.10/site-packages/pycadf/identifier.py:71: UserWarning: Invalid uuid: neutron. To ensure interoperability, identifiers should be a valid uuid. warnings.warn(('Invalid uuid: %s. To ensure interoperability, '
2026-05-12 12:35:12.264 10 WARNING neutron_lib.context [None req-d9e52512-7a5c-42f2-a7d6-1c9fdce67378 a9231985a95d4b35b17938484a74c5e6 d685075afbb747f386da6f9c0e5d0673 - - default default] Method 'is_advsvc' is deprecated since 2023.2 release (neutron-lib 3.8.0) and will be removed once support for the old RBAC API policies will be removed from Neutron. Please use method 'is_service_role' instead.
2026-05-12 12:35:12.276 10 INFO neutron.db.ovn_revision_numbers_db [None req-6a6987ae-973d-426f-b3c1-4cf49c8372a2 6175ff37fe204956bf913284fba337b0 f8dde5758b414a8ea48bfe7cea5312f0 - - default default] Successfully bumped revision number for resource e7693d43-9af6-4646-999c-1cbff40b8be3 (type: ports) to 1
2026-05-12 12:35:12.307 10 INFO neutron.wsgi [None req-6a6987ae-973d-426f-b3c1-4cf49c8372a2 6175ff37fe204956bf913284fba337b0 f8dde5758b414a8ea48bfe7cea5312f0 - - default default] 10.0.0.13 "POST /v2.0/ports HTTP/1.1" status: 201 len: 1706 time: 0.8763604
2026-05-12 12:35:12.386 10 INFO neutron.db.ovn_revision_numbers_db [None req-d9e52512-7a5c-42f2-a7d6-1c9fdce67378 a9231985a95d4b35b17938484a74c5e6 d685075afbb747f386da6f9c0e5d0673 - - default default] Successfully bumped revision number for resource e88e9697-ff43-4462-8eab-e0abaec718a1 (type: security_group_rules) to 0
2026-05-12 12:35:12.417 10 INFO neutron.wsgi [None req-d9e52512-7a5c-42f2-a7d6-1c9fdce67378 a9231985a95d4b35b17938484a74c5e6 d685075afbb747f386da6f9c0e5d0673 - - default default] 10.0.0.13 "POST /v2.0/security-group-rules HTTP/1.1" status: 201 len: 769 time: 0.1601009
2026-05-12 12:35:12.427 10 WARNING neutron_lib.context [None req-5557c5de-6211-46a6-be90-eedfba49aa0b a9231985a95d4b35b17938484a74c5e6 d685075afbb747f386da6f9c0e5d0673 - - default default] Method 'is_advsvc' is deprecated since 2023.2 release (neutron-lib 3.8.0) and will be removed once support for the old RBAC API policies will be removed from Neutron. Please use method 'is_service_role' instead.
2026-05-12 12:35:12.493 9 INFO neutron.wsgi [None req-eb5f9c21-f7a0-49dc-966e-a93c59f3914c 6175ff37fe204956bf913284fba337b0 f8dde5758b414a8ea48bfe7cea5312f0 - - default default] 10.0.0.13 "GET /v2.0/ports HTTP/1.1" status: 200 len: 3213 time: 0.1794906
2026-05-12 12:35:12.766 10 WARNING neutron.scheduler.dhcp_agent_scheduler [None req-5557c5de-6211-46a6-be90-eedfba49aa0b a9231985a95d4b35b17938484a74c5e6 d685075afbb747f386da6f9c0e5d0673 - - default default] No more DHCP agents
2026-05-12 12:35:12.768 10 WARNING neutron.api.rpc.agentnotifiers.dhcp_rpc_agent_api [None req-5557c5de-6211-46a6-be90-eedfba49aa0b a9231985a95d4b35b17938484a74c5e6 d685075afbb747f386da6f9c0e5d0673 - - default default] Unable to schedule network 457156cf-6ec7-4a27-af75-9a287a07bd04: no agents available; will retry on subsequent port and subnet creation events.
2026-05-12 12:35:12.835 9 INFO neutron.wsgi [None req-4f27610c-3ac4-4ab5-b1d9-a726d7ccc4dd 6175ff37fe204956bf913284fba337b0 f8dde5758b414a8ea48bfe7cea5312f0 - - default default] 10.0.0.13 "DELETE /v2.0/ports/b8361523-85cb-45f1-bb34-416be80cd3c3 HTTP/1.1" status: 204 len: 168 time: 0.3347721
2026-05-12 12:35:13.049 9 WARNING neutron_lib.context [None req-bf0453d0-7b05-4609-abba-71c5d8f905e0 c6b2c73309b04c5185d84fcfa176fef5 23d9791201bb445dabfab650ac606883 - - default default] Method 'is_advsvc' is deprecated since 2023.2 release (neutron-lib 3.8.0) and will be removed once support for the old RBAC API policies will be removed from Neutron. Please use method 'is_service_role' instead.
2026-05-12 12:35:13.139 9 INFO neutron.wsgi [None req-f0da7a61-76dd-4d6e-90c4-83cabd5ae8c6 6175ff37fe204956bf913284fba337b0 f8dde5758b414a8ea48bfe7cea5312f0 - - default default] 10.0.0.13 "DELETE /v2.0/ports/e7693d43-9af6-4646-999c-1cbff40b8be3 HTTP/1.1" status: 204 len: 168 time: 0.2980652
2026-05-12 12:35:13.186 9 INFO neutron.wsgi [None req-292b5ad2-d86c-4e8d-8532-88bb9e6c8553 6175ff37fe204956bf913284fba337b0 f8dde5758b414a8ea48bfe7cea5312f0 - - default default] 10.0.0.13 "GET /v2.0/ports HTTP/1.1" status: 200 len: 1718 time: 0.0408063
2026-05-12 12:35:13.198 9 WARNING neutron_lib.context [None req-23d7f5f1-a02f-41eb-bb80-d1be550b3414 6175ff37fe204956bf913284fba337b0 f8dde5758b414a8ea48bfe7cea5312f0 - - default default] Method 'is_advsvc' is deprecated since 2023.2 release (neutron-lib 3.8.0) and will be removed once support for the old RBAC API policies will be removed from Neutron. Please use method 'is_service_role' instead.
2026-05-12 12:35:13.249 9 INFO neutron.db.ovn_revision_numbers_db [None req-bf0453d0-7b05-4609-abba-71c5d8f905e0 c6b2c73309b04c5185d84fcfa176fef5 23d9791201bb445dabfab650ac606883 - - default default] Successfully bumped revision number for resource 5374b13b-a0aa-4a27-971c-1b431ca92580 (type: security_groups) to 1
2026-05-12 12:35:13.271 9 INFO neutron.db.ovn_revision_numbers_db [None req-bf0453d0-7b05-4609-abba-71c5d8f905e0 c6b2c73309b04c5185d84fcfa176fef5 23d9791201bb445dabfab650ac606883 - - default default] Successfully bumped revision number for resource 1f55756b-dd51-4e3a-83ba-9b8ae75a9b0d (type: security_group_rules) to 0
2026-05-12 12:35:13.292 9 INFO neutron.db.ovn_revision_numbers_db [None req-bf0453d0-7b05-4609-abba-71c5d8f905e0 c6b2c73309b04c5185d84fcfa176fef5 23d9791201bb445dabfab650ac606883 - - default default] Successfully bumped revision number for resource 7dd91dad-6db3-42c0-9c65-6073829cb8ca (type: security_group_rules) to 0
2026-05-12 12:35:13.295 9 INFO neutron.db.segments_db [None req-23d7f5f1-a02f-41eb-bb80-d1be550b3414 6175ff37fe204956bf913284fba337b0 f8dde5758b414a8ea48bfe7cea5312f0 - - default default] Added segment 15a6296b-ee96-4058-98c9-848fffffc3b0 of type geneve for network 1a93b26d-003e-4998-abe6-4d14dfe3d65e
2026-05-12 12:35:13.312 9 INFO neutron.db.ovn_revision_numbers_db [None req-bf0453d0-7b05-4609-abba-71c5d8f905e0 c6b2c73309b04c5185d84fcfa176fef5 23d9791201bb445dabfab650ac606883 - - default default] Successfully bumped revision number for resource b60e0c85-f5ec-493a-aebf-d8a06dccd30a (type: security_group_rules) to 0
2026-05-12 12:35:13.354 9 INFO neutron.db.ovn_revision_numbers_db [None req-bf0453d0-7b05-4609-abba-71c5d8f905e0 c6b2c73309b04c5185d84fcfa176fef5 23d9791201bb445dabfab650ac606883 - - default default] Successfully bumped revision number for resource fc85b075-972e-4903-854c-07869d5e536c (type: security_group_rules) to 0
2026-05-12 12:35:13.559 10 INFO neutron.db.ovn_revision_numbers_db [None req-5557c5de-6211-46a6-be90-eedfba49aa0b a9231985a95d4b35b17938484a74c5e6 d685075afbb747f386da6f9c0e5d0673 - - default default] Successfully bumped revision number for resource 1fa9d6f9-5abf-42ed-ba8c-d0bcf4600c32 (type: floatingips) to 0
2026-05-12 12:35:13.576 10 INFO neutron.wsgi [None req-5557c5de-6211-46a6-be90-eedfba49aa0b a9231985a95d4b35b17938484a74c5e6 d685075afbb747f386da6f9c0e5d0673 - - default default] 10.0.0.13 "POST /v2.0/floatingips HTTP/1.1" status: 201 len: 751 time: 1.1541650
2026-05-12 12:35:13.770 9 INFO neutron.db.segments_db [None req-bf0453d0-7b05-4609-abba-71c5d8f905e0 c6b2c73309b04c5185d84fcfa176fef5 23d9791201bb445dabfab650ac606883 - - default default] Added segment 967fe82d-dc7a-4153-93ae-c73cd3d3a115 of type geneve for network f582006c-7903-4af1-9503-664d6b8a6383
2026-05-12 12:35:13.816 9 INFO neutron.db.ovn_revision_numbers_db [None req-23d7f5f1-a02f-41eb-bb80-d1be550b3414 6175ff37fe204956bf913284fba337b0 f8dde5758b414a8ea48bfe7cea5312f0 - - default default] Successfully bumped revision number for resource 1a93b26d-003e-4998-abe6-4d14dfe3d65e (type: networks) to 1
2026-05-12 12:35:13.909 10 INFO neutron.db.ovn_revision_numbers_db [None req-5c8749bb-11af-44e4-ae72-7fa9a0ab40f1 2ce7e2edef364c42b06cdf2bc98b66f0 6dbdf5d786b74831b82d34a23f4ace84 - - default default] Successfully bumped revision number for resource d0d218a9-21c0-43b3-96af-00c861315e57 (type: security_groups) to 1
2026-05-12 12:35:13.932 10 INFO neutron.db.ovn_revision_numbers_db [None req-5c8749bb-11af-44e4-ae72-7fa9a0ab40f1 2ce7e2edef364c42b06cdf2bc98b66f0 6dbdf5d786b74831b82d34a23f4ace84 - - default default] Successfully bumped revision number for resource 1a88d4c3-ac31-40d1-b2f9-d999eaa51226 (type: security_group_rules) to 0
2026-05-12 12:35:13.949 10 INFO neutron.db.ovn_revision_numbers_db [None req-5c8749bb-11af-44e4-ae72-7fa9a0ab40f1 2ce7e2edef364c42b06cdf2bc98b66f0 6dbdf5d786b74831b82d34a23f4ace84 - - default default] Successfully bumped revision number for resource 3890f6e7-ebc1-4cb5-a2f2-404ab557942f (type: security_group_rules) to 0
2026-05-12 12:35:13.965 10 INFO neutron.db.ovn_revision_numbers_db [None req-5c8749bb-11af-44e4-ae72-7fa9a0ab40f1 2ce7e2edef364c42b06cdf2bc98b66f0 6dbdf5d786b74831b82d34a23f4ace84 - - default default] Successfully bumped revision number for resource b13c6715-3f0a-4875-ab6d-a1cf2893e5e2 (type: security_group_rules) to 0
2026-05-12 12:35:13.982 10 INFO neutron.db.ovn_revision_numbers_db [None req-5c8749bb-11af-44e4-ae72-7fa9a0ab40f1 2ce7e2edef364c42b06cdf2bc98b66f0 6dbdf5d786b74831b82d34a23f4ace84 - - default default] Successfully bumped revision number for resource e646c183-22eb-4058-bb3e-c2f608843fc2 (type: security_group_rules) to 0
2026-05-12 12:35:13.996 9 INFO neutron.db.ovn_revision_numbers_db [None req-bf0453d0-7b05-4609-abba-71c5d8f905e0 c6b2c73309b04c5185d84fcfa176fef5 23d9791201bb445dabfab650ac606883 - - default default] Successfully bumped revision number for resource f582006c-7903-4af1-9503-664d6b8a6383 (type: networks) to 1
2026-05-12 12:35:14.018 10 INFO neutron.wsgi [None req-5c8749bb-11af-44e4-ae72-7fa9a0ab40f1 2ce7e2edef364c42b06cdf2bc98b66f0 6dbdf5d786b74831b82d34a23f4ace84 - - default default] 10.0.0.13 "GET /v2.0/security-groups?tenant_id=a17c6716e9ca405bbab74b3e43ee17ae&name=default HTTP/1.1" status: 200 len: 2996 time: 0.4204512
2026-05-12 12:35:14.107 9 WARNING neutron.scheduler.dhcp_agent_scheduler [None req-23d7f5f1-a02f-41eb-bb80-d1be550b3414 6175ff37fe204956bf913284fba337b0 f8dde5758b414a8ea48bfe7cea5312f0 - - default default] No more DHCP agents
2026-05-12 12:35:14.112 9 WARNING neutron.api.rpc.agentnotifiers.dhcp_rpc_agent_api [None req-23d7f5f1-a02f-41eb-bb80-d1be550b3414 6175ff37fe204956bf913284fba337b0 f8dde5758b414a8ea48bfe7cea5312f0 - - default default] Unable to schedule network 1a93b26d-003e-4998-abe6-4d14dfe3d65e: no agents available; will retry on subsequent port and subnet creation events.
2026-05-12 12:35:14.115 10 INFO neutron.wsgi [req-b3e75878-91f7-4496-86a6-606cadcf3253 req-5ac7d43f-f4e1-4a15-a4af-d07512c15218 a9231985a95d4b35b17938484a74c5e6 d685075afbb747f386da6f9c0e5d0673 - - default default] 10.0.0.175 "GET /v2.0/security-groups?name=tempest-securitygroup--815118882&fields=id&tenant_id=d685075afbb747f386da6f9c0e5d0673 HTTP/1.1" status: 200 len: 267 time: 0.0453126
2026-05-12 12:35:14.203 10 INFO neutron.wsgi [req-b3e75878-91f7-4496-86a6-606cadcf3253 req-045a663e-9a9d-4f92-8288-afd5d62f0f58 a9231985a95d4b35b17938484a74c5e6 d685075afbb747f386da6f9c0e5d0673 - - default default] 10.0.0.175 "GET /v2.0/networks?id=9acd6ba1-e1ad-46d4-8e98-848d3ee7ee9f HTTP/1.1" status: 200 len: 869 time: 0.0816090
2026-05-12 12:35:14.226 10 INFO neutron.wsgi [req-b3e75878-91f7-4496-86a6-606cadcf3253 req-acdf1fc3-1775-4458-8bcc-8c357865da39 a9231985a95d4b35b17938484a74c5e6 d685075afbb747f386da6f9c0e5d0673 - - default default] 10.0.0.175 "GET /v2.0/quotas/d685075afbb747f386da6f9c0e5d0673 HTTP/1.1" status: 200 len: 386 time: 0.0178006
2026-05-12 12:35:14.235 9 WARNING neutron.scheduler.dhcp_agent_scheduler [None req-bf0453d0-7b05-4609-abba-71c5d8f905e0 c6b2c73309b04c5185d84fcfa176fef5 23d9791201bb445dabfab650ac606883 - - default default] No more DHCP agents
2026-05-12 12:35:14.239 9 WARNING neutron.api.rpc.agentnotifiers.dhcp_rpc_agent_api [None req-bf0453d0-7b05-4609-abba-71c5d8f905e0 c6b2c73309b04c5185d84fcfa176fef5 23d9791201bb445dabfab650ac606883 - - default default] Unable to schedule network f582006c-7903-4af1-9503-664d6b8a6383: no agents available; will retry on subsequent port and subnet creation events.
2026-05-12 12:35:14.243 9 INFO neutron.db.ovn_revision_numbers_db [None req-23d7f5f1-a02f-41eb-bb80-d1be550b3414 6175ff37fe204956bf913284fba337b0 f8dde5758b414a8ea48bfe7cea5312f0 - - default default] Successfully bumped revision number for resource 13eefa65-385d-4697-a472-709eb60481e1 (type: ports) to 1
2026-05-12 12:35:14.278 9 INFO neutron.wsgi [None req-23d7f5f1-a02f-41eb-bb80-d1be550b3414 6175ff37fe204956bf913284fba337b0 f8dde5758b414a8ea48bfe7cea5312f0 - - default default] 10.0.0.13 "POST /v2.0/networks HTTP/1.1" status: 201 len: 848 time: 1.0845723
2026-05-12 12:35:14.294 9 WARNING neutron_lib.context [None req-a6c74fff-8706-45d2-99db-aedcbd7a4a68 6175ff37fe204956bf913284fba337b0 f8dde5758b414a8ea48bfe7cea5312f0 - - default default] Method 'is_advsvc' is deprecated since 2023.2 release (neutron-lib 3.8.0) and will be removed once support for the old RBAC API policies will be removed from Neutron. Please use method 'is_service_role' instead.
2026-05-12 12:35:14.300 10 INFO neutron.wsgi [None req-96bbfed9-0c99-4e13-acf0-f3a3407d0386 2ce7e2edef364c42b06cdf2bc98b66f0 6dbdf5d786b74831b82d34a23f4ace84 - - default default] 10.0.0.13 "DELETE /v2.0/security-groups/d0d218a9-21c0-43b3-96af-00c861315e57 HTTP/1.1" status: 204 len: 168 time: 0.2774806
2026-05-12 12:35:14.347 10 INFO neutron.wsgi [req-b3e75878-91f7-4496-86a6-606cadcf3253 req-64a222fc-ae27-430a-8255-f5f4311ea57a a9231985a95d4b35b17938484a74c5e6 d685075afbb747f386da6f9c0e5d0673 - - default default] 10.0.0.175 "GET /v2.0/ports?tenant_id=d685075afbb747f386da6f9c0e5d0673&fields=id HTTP/1.1" status: 200 len: 302 time: 0.1149709
2026-05-12 12:35:14.380 9 INFO neutron.db.ovn_revision_numbers_db [None req-bf0453d0-7b05-4609-abba-71c5d8f905e0 c6b2c73309b04c5185d84fcfa176fef5 23d9791201bb445dabfab650ac606883 - - default default] Successfully bumped revision number for resource b794526e-e923-46ef-8933-bd6fa96e042a (type: ports) to 1
2026-05-12 12:35:14.402 9 INFO neutron.wsgi [None req-bf0453d0-7b05-4609-abba-71c5d8f905e0 c6b2c73309b04c5185d84fcfa176fef5 23d9791201bb445dabfab650ac606883 - - default default] 10.0.0.13 "POST /v2.0/networks HTTP/1.1" status: 201 len: 848 time: 1.6115551
2026-05-12 12:35:14.420 9 WARNING neutron_lib.context [None req-8ebd80fc-0761-4181-9c39-6f34717829f5 c6b2c73309b04c5185d84fcfa176fef5 23d9791201bb445dabfab650ac606883 - - default default] Method 'is_advsvc' is deprecated since 2023.2 release (neutron-lib 3.8.0) and will be removed once support for the old RBAC API policies will be removed from Neutron. Please use method 'is_service_role' instead.
2026-05-12 12:35:14.438 9 INFO neutron.db.segments_db [None req-a6c74fff-8706-45d2-99db-aedcbd7a4a68 6175ff37fe204956bf913284fba337b0 f8dde5758b414a8ea48bfe7cea5312f0 - - default default] Added segment d16268d6-ad03-4b4c-a9ba-3e91bd4bdf3a of type geneve for network d8337704-a6c0-4001-8bb6-3024643502dd
2026-05-12 12:35:14.452 10 INFO neutron.wsgi [req-b3e75878-91f7-4496-86a6-606cadcf3253 req-dd8e9d22-73fa-40fe-9160-378dfa43c14e fc29be8e7ecb4bd8bc93870ac5062f04 ee2d8ddb08214e70b9fb08d141b8b884 - - 80b0a9ab3f8643c882ac358e340d6954 80b0a9ab3f8643c882ac358e340d6954] 10.0.0.175 "GET /v2.0/networks/9acd6ba1-e1ad-46d4-8e98-848d3ee7ee9f?fields=segments HTTP/1.1" status: 200 len: 212 time: 0.0851128
2026-05-12 12:35:14.532 10 INFO neutron.wsgi [req-b3e75878-91f7-4496-86a6-606cadcf3253 req-35e98311-8015-4cbd-9045-d178df3f3bf6 fc29be8e7ecb4bd8bc93870ac5062f04 ee2d8ddb08214e70b9fb08d141b8b884 - - 80b0a9ab3f8643c882ac358e340d6954 80b0a9ab3f8643c882ac358e340d6954] 10.0.0.175 "GET /v2.0/networks/9acd6ba1-e1ad-46d4-8e98-848d3ee7ee9f?fields=provider%3Aphysical_network&fields=provider%3Anetwork_type HTTP/1.1" status: 200 len: 277 time: 0.0698755
2026-05-12 12:35:14.571 10 INFO neutron.db.ovn_revision_numbers_db [None req-305b3728-6c1b-49c1-b31c-34fc7af24169 2ce7e2edef364c42b06cdf2bc98b66f0 6dbdf5d786b74831b82d34a23f4ace84 - - default default] Successfully bumped revision number for resource 639e6696-95df-44f1-a27a-10fcc7f4f773 (type: security_groups) to 1
2026-05-12 12:35:14.596 10 INFO neutron.db.ovn_revision_numbers_db [None req-305b3728-6c1b-49c1-b31c-34fc7af24169 2ce7e2edef364c42b06cdf2bc98b66f0 6dbdf5d786b74831b82d34a23f4ace84 - - default default] Successfully bumped revision number for resource d8db1102-19b0-43fc-a12c-98152312a891 (type: security_group_rules) to 0
2026-05-12 12:35:14.614 10 INFO neutron.db.ovn_revision_numbers_db [None req-305b3728-6c1b-49c1-b31c-34fc7af24169 2ce7e2edef364c42b06cdf2bc98b66f0 6dbdf5d786b74831b82d34a23f4ace84 - - default default] Successfully bumped revision number for resource e7e38d70-e4a1-43c7-a1fc-853906587fcf (type: security_group_rules) to 0
2026-05-12 12:35:14.629 10 INFO neutron.db.ovn_revision_numbers_db [None req-305b3728-6c1b-49c1-b31c-34fc7af24169 2ce7e2edef364c42b06cdf2bc98b66f0 6dbdf5d786b74831b82d34a23f4ace84 - - default default] Successfully bumped revision number for resource e81a0ad0-b45c-4351-8959-c69cc9c9df8f (type: security_group_rules) to 0
2026-05-12 12:35:14.643 10 INFO neutron.db.ovn_revision_numbers_db [None req-305b3728-6c1b-49c1-b31c-34fc7af24169 2ce7e2edef364c42b06cdf2bc98b66f0 6dbdf5d786b74831b82d34a23f4ace84 - - default default] Successfully bumped revision number for resource f48c5264-b84b-4ef1-9de1-388251b61732 (type: security_group_rules) to 0
2026-05-12 12:35:14.665 9 INFO neutron.db.ovn_revision_numbers_db [None req-a6c74fff-8706-45d2-99db-aedcbd7a4a68 6175ff37fe204956bf913284fba337b0 f8dde5758b414a8ea48bfe7cea5312f0 - - default default] Successfully bumped revision number for resource d8337704-a6c0-4001-8bb6-3024643502dd (type: networks) to 1
2026-05-12 12:35:14.669 10 INFO neutron.wsgi [None req-305b3728-6c1b-49c1-b31c-34fc7af24169 2ce7e2edef364c42b06cdf2bc98b66f0 6dbdf5d786b74831b82d34a23f4ace84 - - default default] 10.0.0.13 "GET /v2.0/security-groups?tenant_id=70f63dc0d0af4003bb9ce4b8d388b144&name=default HTTP/1.1" status: 200 len: 2996 time: 0.2560852
2026-05-12 12:35:14.728 10 INFO neutron.wsgi [req-1eefbd06-4758-4604-80b5-a69fa90222cb req-6202a168-0f9f-4134-aaad-18f01d94a1dd a9231985a95d4b35b17938484a74c5e6 d685075afbb747f386da6f9c0e5d0673 - - default default] 10.0.0.175 "GET /v2.0/ports?device_id=07abf551-1ae4-42a4-b556-06176e579202 HTTP/1.1" status: 200 len: 210 time: 0.0175397
2026-05-12 12:35:14.838 9 WARNING neutron.scheduler.dhcp_agent_scheduler [None req-8ebd80fc-0761-4181-9c39-6f34717829f5 c6b2c73309b04c5185d84fcfa176fef5 23d9791201bb445dabfab650ac606883 - - default default] No more DHCP agents
2026-05-12 12:35:14.845 9 WARNING neutron.api.rpc.agentnotifiers.dhcp_rpc_agent_api [None req-8ebd80fc-0761-4181-9c39-6f34717829f5 c6b2c73309b04c5185d84fcfa176fef5 23d9791201bb445dabfab650ac606883 - - default default] Unable to schedule network f582006c-7903-4af1-9503-664d6b8a6383: no agents available; will retry on subsequent port and subnet creation events.
2026-05-12 12:35:14.903 10 INFO neutron.wsgi [None req-7290802f-13d6-4219-ae06-28089a9d7240 2ce7e2edef364c42b06cdf2bc98b66f0 6dbdf5d786b74831b82d34a23f4ace84 - - default default] 10.0.0.13 "DELETE /v2.0/security-groups/639e6696-95df-44f1-a27a-10fcc7f4f773 HTTP/1.1" status: 204 len: 168 time: 0.2276711
2026-05-12 12:35:14.906 9 INFO neutron.db.ovn_revision_numbers_db [None req-8ebd80fc-0761-4181-9c39-6f34717829f5 c6b2c73309b04c5185d84fcfa176fef5 23d9791201bb445dabfab650ac606883 - - default default] Successfully bumped revision number for resource 333f91e4-a77f-4445-9b3a-e2a1d47ea81d (type: subnets) to 0
2026-05-12 12:35:14.932 9 WARNING neutron.scheduler.dhcp_agent_scheduler [None req-a6c74fff-8706-45d2-99db-aedcbd7a4a68 6175ff37fe204956bf913284fba337b0 f8dde5758b414a8ea48bfe7cea5312f0 - - default default] No more DHCP agents
2026-05-12 12:35:14.934 9 INFO neutron.wsgi [None req-8ebd80fc-0761-4181-9c39-6f34717829f5 c6b2c73309b04c5185d84fcfa176fef5 23d9791201bb445dabfab650ac606883 - - default default] 10.0.0.13 "POST /v2.0/subnets HTTP/1.1" status: 201 len: 802 time: 0.5194530
2026-05-12 12:35:14.937 9 WARNING neutron.api.rpc.agentnotifiers.dhcp_rpc_agent_api [None req-a6c74fff-8706-45d2-99db-aedcbd7a4a68 6175ff37fe204956bf913284fba337b0 f8dde5758b414a8ea48bfe7cea5312f0 - - default default] Unable to schedule network d8337704-a6c0-4001-8bb6-3024643502dd: no agents available; will retry on subsequent port and subnet creation events.
2026-05-12 12:35:14.950 10 WARNING neutron_lib.context [None req-24267566-8233-4cbc-9304-08a41a2f8aa4 c6b2c73309b04c5185d84fcfa176fef5 23d9791201bb445dabfab650ac606883 - - default default] Method 'is_advsvc' is deprecated since 2023.2 release (neutron-lib 3.8.0) and will be removed once support for the old RBAC API policies will be removed from Neutron. Please use method 'is_service_role' instead.
2026-05-12 12:35:15.031 9 INFO neutron.db.ovn_revision_numbers_db [None req-a6c74fff-8706-45d2-99db-aedcbd7a4a68 6175ff37fe204956bf913284fba337b0 f8dde5758b414a8ea48bfe7cea5312f0 - - default default] Successfully bumped revision number for resource 8bbc6f24-7001-4d81-82de-9240b062813e (type: ports) to 1
2026-05-12 12:35:15.053 9 INFO neutron.wsgi [None req-a6c74fff-8706-45d2-99db-aedcbd7a4a68 6175ff37fe204956bf913284fba337b0 f8dde5758b414a8ea48bfe7cea5312f0 - - default default] 10.0.0.13 "POST /v2.0/networks HTTP/1.1" status: 201 len: 848 time: 0.7642837
2026-05-12 12:35:15.101 9 WARNING neutron_lib.context [None req-b5cd4eb0-c805-4dc0-87a3-a3eeee7e1eed 6175ff37fe204956bf913284fba337b0 f8dde5758b414a8ea48bfe7cea5312f0 - - default default] Method 'is_advsvc' is deprecated since 2023.2 release (neutron-lib 3.8.0) and will be removed once support for the old RBAC API policies will be removed from Neutron. Please use method 'is_service_role' instead.
2026-05-12 12:35:15.156 9 WARNING neutron_lib.context [None req-b5cd4eb0-c805-4dc0-87a3-a3eeee7e1eed 6175ff37fe204956bf913284fba337b0 f8dde5758b414a8ea48bfe7cea5312f0 - - default default] Method 'is_advsvc' is deprecated since 2023.2 release (neutron-lib 3.8.0) and will be removed once support for the old RBAC API policies will be removed from Neutron. Please use method 'is_service_role' instead.
2026-05-12 12:35:15.433 9 WARNING neutron.plugins.ml2.drivers.ovn.mech_driver.ovsdb.ovn_client [None req-8908fcf6-b835-4043-84f0-6f9c6dbe4e19 - - - - - -] No hosting information found for port 0ca9ba35-b3ab-468c-98df-512fb172ff64: RuntimeError: No hosting information found for port 0ca9ba35-b3ab-468c-98df-512fb172ff64
2026-05-12 12:35:15.440 10 WARNING neutron.scheduler.dhcp_agent_scheduler [None req-24267566-8233-4cbc-9304-08a41a2f8aa4 c6b2c73309b04c5185d84fcfa176fef5 23d9791201bb445dabfab650ac606883 - - default default] No more DHCP agents
2026-05-12 12:35:15.443 10 WARNING neutron.api.rpc.agentnotifiers.dhcp_rpc_agent_api [None req-24267566-8233-4cbc-9304-08a41a2f8aa4 c6b2c73309b04c5185d84fcfa176fef5 23d9791201bb445dabfab650ac606883 - - default default] Unable to schedule network 457156cf-6ec7-4a27-af75-9a287a07bd04: no agents available; will retry on subsequent port and subnet creation events.
2026-05-12 12:35:15.470 10 INFO neutron.wsgi [req-b3e75878-91f7-4496-86a6-606cadcf3253 req-fe713fee-0af5-4806-a42b-a858ed0bf472 a9231985a95d4b35b17938484a74c5e6 d685075afbb747f386da6f9c0e5d0673 - - default default] 199.19.213.157 "GET /v2.0/networks?id=9acd6ba1-e1ad-46d4-8e98-848d3ee7ee9f HTTP/1.1" status: 200 len: 869 time: 0.0809672
2026-05-12 12:35:15.526 10 INFO neutron.wsgi [req-b3e75878-91f7-4496-86a6-606cadcf3253 req-82983205-60eb-4e1e-9b4e-5cc4eb9085a6 a9231985a95d4b35b17938484a74c5e6 d685075afbb747f386da6f9c0e5d0673 - - default default] 199.19.213.157 "GET /v2.0/security-groups?fields=id&fields=name&tenant_id=d685075afbb747f386da6f9c0e5d0673 HTTP/1.1" status: 200 len: 379 time: 0.0443237
2026-05-12 12:35:15.543 10 WARNING neutron_lib.context [req-b3e75878-91f7-4496-86a6-606cadcf3253 req-fdc9a681-cafd-44f9-bb51-6f68c6cf708d a9231985a95d4b35b17938484a74c5e6 d685075afbb747f386da6f9c0e5d0673 - - default default] Method 'is_advsvc' is deprecated since 2023.2 release (neutron-lib 3.8.0) and will be removed once support for the old RBAC API policies will be removed from Neutron. Please use method 'is_service_role' instead.
2026-05-12 12:35:15.623 9 WARNING neutron.scheduler.dhcp_agent_scheduler [None req-b5cd4eb0-c805-4dc0-87a3-a3eeee7e1eed 6175ff37fe204956bf913284fba337b0 f8dde5758b414a8ea48bfe7cea5312f0 - - default default] No more DHCP agents
2026-05-12 12:35:15.625 9 WARNING neutron.api.rpc.agentnotifiers.dhcp_rpc_agent_api [None req-b5cd4eb0-c805-4dc0-87a3-a3eeee7e1eed 6175ff37fe204956bf913284fba337b0 f8dde5758b414a8ea48bfe7cea5312f0 - - default default] Unable to schedule network 1a93b26d-003e-4998-abe6-4d14dfe3d65e: no agents available; will retry on subsequent port and subnet creation events.
2026-05-12 12:35:15.680 10 INFO neutron.db.ovn_revision_numbers_db [None req-24267566-8233-4cbc-9304-08a41a2f8aa4 c6b2c73309b04c5185d84fcfa176fef5 23d9791201bb445dabfab650ac606883 - - default default] Successfully bumped revision number for resource baf76371-ee46-4668-b4e7-e54fa621f067 (type: ports) to 1
2026-05-12 12:35:15.865 10 INFO neutron.wsgi [req-75db1956-1cc6-49f2-a776-9df6cd9b1868 req-13501b8d-d49d-4e4d-b810-a40630219edd a9231985a95d4b35b17938484a74c5e6 d685075afbb747f386da6f9c0e5d0673 - - default default] 10.0.0.175 "GET /v2.0/ports?device_id=07abf551-1ae4-42a4-b556-06176e579202 HTTP/1.1" status: 200 len: 210 time: 0.0345435
2026-05-12 12:35:16.086 10 WARNING neutron.scheduler.dhcp_agent_scheduler [req-b3e75878-91f7-4496-86a6-606cadcf3253 req-fdc9a681-cafd-44f9-bb51-6f68c6cf708d a9231985a95d4b35b17938484a74c5e6 d685075afbb747f386da6f9c0e5d0673 - - default default] No more DHCP agents
2026-05-12 12:35:16.090 10 WARNING neutron.api.rpc.agentnotifiers.dhcp_rpc_agent_api [req-b3e75878-91f7-4496-86a6-606cadcf3253 req-fdc9a681-cafd-44f9-bb51-6f68c6cf708d a9231985a95d4b35b17938484a74c5e6 d685075afbb747f386da6f9c0e5d0673 - - default default] Unable to schedule network 9acd6ba1-e1ad-46d4-8e98-848d3ee7ee9f: no agents available; will retry on subsequent port and subnet creation events.
2026-05-12 12:35:16.200 9 INFO neutron.db.ovn_revision_numbers_db [None req-b5cd4eb0-c805-4dc0-87a3-a3eeee7e1eed 6175ff37fe204956bf913284fba337b0 f8dde5758b414a8ea48bfe7cea5312f0 - - default default] Successfully bumped revision number for resource 13eefa65-385d-4697-a472-709eb60481e1 (type: ports) to 2
2026-05-12 12:35:16.235 9 INFO neutron.db.ovn_revision_numbers_db [None req-b5cd4eb0-c805-4dc0-87a3-a3eeee7e1eed 6175ff37fe204956bf913284fba337b0 f8dde5758b414a8ea48bfe7cea5312f0 - - default default] Successfully bumped revision number for resource 98a30b38-0984-448d-8f1a-aeac88af390f (type: subnets) to 0
2026-05-12 12:35:16.259 9 WARNING neutron.scheduler.dhcp_agent_scheduler [None req-b5cd4eb0-c805-4dc0-87a3-a3eeee7e1eed 6175ff37fe204956bf913284fba337b0 f8dde5758b414a8ea48bfe7cea5312f0 - - default default] No more DHCP agents
2026-05-12 12:35:16.263 9 WARNING neutron.api.rpc.agentnotifiers.dhcp_rpc_agent_api [None req-b5cd4eb0-c805-4dc0-87a3-a3eeee7e1eed 6175ff37fe204956bf913284fba337b0 f8dde5758b414a8ea48bfe7cea5312f0 - - default default] Unable to schedule network d8337704-a6c0-4001-8bb6-3024643502dd: no agents available; will retry on subsequent port and subnet creation events.
2026-05-12 12:35:16.376 10 INFO neutron.db.ovn_revision_numbers_db [req-b3e75878-91f7-4496-86a6-606cadcf3253 req-fdc9a681-cafd-44f9-bb51-6f68c6cf708d a9231985a95d4b35b17938484a74c5e6 d685075afbb747f386da6f9c0e5d0673 - - default default] Successfully bumped revision number for resource 92473a5e-bdd8-40b0-9c42-00819a9e8bc3 (type: ports) to 1
2026-05-12 12:35:16.721 10 INFO neutron.wsgi [req-b3e75878-91f7-4496-86a6-606cadcf3253 req-fdc9a681-cafd-44f9-bb51-6f68c6cf708d a9231985a95d4b35b17938484a74c5e6 d685075afbb747f386da6f9c0e5d0673 - - default default] 199.19.213.157 "POST /v2.0/ports HTTP/1.1" status: 201 len: 1158 time: 1.1886389 /var/lib/openstack/lib/python3.10/site-packages/pycadf/identifier.py:71: UserWarning: Invalid uuid: neutron. To ensure interoperability, identifiers should be a valid uuid. warnings.warn(('Invalid uuid: %s. To ensure interoperability, '
2026-05-12 12:35:16.800 9 INFO neutron.db.ovn_revision_numbers_db [None req-b5cd4eb0-c805-4dc0-87a3-a3eeee7e1eed 6175ff37fe204956bf913284fba337b0 f8dde5758b414a8ea48bfe7cea5312f0 - - default default] Successfully bumped revision number for resource 8bbc6f24-7001-4d81-82de-9240b062813e (type: ports) to 2
2026-05-12 12:35:16.842 9 INFO neutron.plugins.ml2.drivers.ovn.mech_driver.mech_driver [None req-8908fcf6-b835-4043-84f0-6f9c6dbe4e19 - - - - - -] OVN reports status up for port: baf76371-ee46-4668-b4e7-e54fa621f067
2026-05-12 12:35:16.849 9 INFO neutron.db.ovn_revision_numbers_db [None req-b5cd4eb0-c805-4dc0-87a3-a3eeee7e1eed 6175ff37fe204956bf913284fba337b0 f8dde5758b414a8ea48bfe7cea5312f0 - - default default] Successfully bumped revision number for resource 7747d2d9-1cd5-40ea-8568-0cb9d7ff46e3 (type: subnets) to 0
2026-05-12 12:35:16.853 9 INFO neutron.plugins.ml2.plugin [None req-8908fcf6-b835-4043-84f0-6f9c6dbe4e19 - - - - - -] Attempt 1 to provision port baf76371-ee46-4668-b4e7-e54fa621f067
2026-05-12 12:35:16.874 9 INFO neutron.wsgi [None req-b5cd4eb0-c805-4dc0-87a3-a3eeee7e1eed 6175ff37fe204956bf913284fba337b0 f8dde5758b414a8ea48bfe7cea5312f0 - - default default] 10.0.0.13 "POST /v2.0/subnets HTTP/1.1" status: 201 len: 1425 time: 1.7806816
2026-05-12 12:35:16.881 10 INFO neutron.db.ovn_revision_numbers_db [None req-24267566-8233-4cbc-9304-08a41a2f8aa4 c6b2c73309b04c5185d84fcfa176fef5 23d9791201bb445dabfab650ac606883 - - default default] Successfully bumped revision number for resource baf76371-ee46-4668-b4e7-e54fa621f067 (type: router_ports) to 1
2026-05-12 12:35:16.987 10 INFO neutron.wsgi [None req-24f6de5c-15c9-4439-8675-65842806b2b4 6175ff37fe204956bf913284fba337b0 f8dde5758b414a8ea48bfe7cea5312f0 - - default default] 10.0.0.13 "GET /v2.0/subnets HTTP/1.1" status: 200 len: 2033 time: 0.1021652
2026-05-12 12:35:17.023 10 INFO neutron.wsgi [req-da7caa31-4745-4fe6-b5ad-878d7df69915 req-9bd4137d-4262-4360-b0da-af653b94ab4c a9231985a95d4b35b17938484a74c5e6 d685075afbb747f386da6f9c0e5d0673 - - default default] 10.0.0.175 "GET /v2.0/ports?device_id=07abf551-1ae4-42a4-b556-06176e579202 HTTP/1.1" status: 200 len: 1156 time: 0.0738168
2026-05-12 12:35:17.061 10 INFO neutron.db.ovn_revision_numbers_db [None req-24267566-8233-4cbc-9304-08a41a2f8aa4 c6b2c73309b04c5185d84fcfa176fef5 23d9791201bb445dabfab650ac606883 - - default default] Successfully bumped revision number for resource 650e7a52-7526-413a-a0ec-820bf72282fb (type: routers) to 2
2026-05-12 12:35:17.103 10 INFO neutron.wsgi [req-da7caa31-4745-4fe6-b5ad-878d7df69915 req-82b1aaa8-9914-4944-85cb-1143e8a1317c a9231985a95d4b35b17938484a74c5e6 d685075afbb747f386da6f9c0e5d0673 - - default default] 10.0.0.175 "GET /v2.0/security-groups?id=465efb4b-1ec2-489f-b5a3-8983958ba337&fields=id&fields=name HTTP/1.1" status: 200 len: 312 time: 0.0727384
2026-05-12 12:35:17.114 10 INFO neutron.wsgi [None req-24267566-8233-4cbc-9304-08a41a2f8aa4 c6b2c73309b04c5185d84fcfa176fef5 23d9791201bb445dabfab650ac606883 - - default default] 10.0.0.13 "POST /v2.0/routers HTTP/1.1" status: 201 len: 874 time: 2.1695623
2026-05-12 12:35:17.282 10 INFO neutron.db.ovn_revision_numbers_db [req-b3e75878-91f7-4496-86a6-606cadcf3253 req-c4b031c5-db17-48a4-9c6c-e0f195bceace fc29be8e7ecb4bd8bc93870ac5062f04 ee2d8ddb08214e70b9fb08d141b8b884 - - 80b0a9ab3f8643c882ac358e340d6954 80b0a9ab3f8643c882ac358e340d6954] Successfully bumped revision number for resource 92473a5e-bdd8-40b0-9c42-00819a9e8bc3 (type: ports) to 2
2026-05-12 12:35:17.364 9 INFO neutron.wsgi [None req-98ab5d02-ee8b-4678-a51f-4fc44331b3d4 6175ff37fe204956bf913284fba337b0 f8dde5758b414a8ea48bfe7cea5312f0 - - default default] 10.0.0.13 "DELETE /v2.0/subnets/98a30b38-0984-448d-8f1a-aeac88af390f HTTP/1.1" status: 204 len: 168 time: 0.3667889
2026-05-12 12:35:17.489 10 INFO neutron.db.ovn_revision_numbers_db [req-b3e75878-91f7-4496-86a6-606cadcf3253 req-c4b031c5-db17-48a4-9c6c-e0f195bceace fc29be8e7ecb4bd8bc93870ac5062f04 ee2d8ddb08214e70b9fb08d141b8b884 - - 80b0a9ab3f8643c882ac358e340d6954 80b0a9ab3f8643c882ac358e340d6954] Successfully bumped revision number for resource 92473a5e-bdd8-40b0-9c42-00819a9e8bc3 (type: ports) to 2
2026-05-12 12:35:17.507 10 INFO neutron.wsgi [req-b3e75878-91f7-4496-86a6-606cadcf3253 req-c4b031c5-db17-48a4-9c6c-e0f195bceace fc29be8e7ecb4bd8bc93870ac5062f04 ee2d8ddb08214e70b9fb08d141b8b884 - - 80b0a9ab3f8643c882ac358e340d6954 80b0a9ab3f8643c882ac358e340d6954] 199.19.213.157 "PUT /v2.0/ports/92473a5e-bdd8-40b0-9c42-00819a9e8bc3 HTTP/1.1" status: 200 len: 1376 time: 0.7782092
2026-05-12 12:35:17.554 10 INFO neutron.notifiers.nova [-] Nova event matching ['req-2f393b73-81dd-4eb5-a7d2-d8390fd3fad2'] response: {'name': 'network-changed', 'server_uuid': '07abf551-1ae4-42a4-b556-06176e579202', 'tag': '92473a5e-bdd8-40b0-9c42-00819a9e8bc3', 'status': 'completed', 'code': 200} /var/lib/openstack/lib/python3.10/site-packages/pycadf/identifier.py:71: UserWarning: Invalid uuid: neutron. To ensure interoperability, identifiers should be a valid uuid. warnings.warn(('Invalid uuid: %s. To ensure interoperability, '
2026-05-12 12:35:17.606 10 INFO neutron.wsgi [req-b3e75878-91f7-4496-86a6-606cadcf3253 req-3046cd1c-373a-487b-b368-791536b313a7 fc29be8e7ecb4bd8bc93870ac5062f04 ee2d8ddb08214e70b9fb08d141b8b884 - - 80b0a9ab3f8643c882ac358e340d6954 80b0a9ab3f8643c882ac358e340d6954] 199.19.213.157 "GET /v2.0/ports?tenant_id=d685075afbb747f386da6f9c0e5d0673&device_id=07abf551-1ae4-42a4-b556-06176e579202 HTTP/1.1" status: 200 len: 1407 time: 0.0400050
2026-05-12 12:35:17.642 10 INFO neutron.wsgi [req-b3e75878-91f7-4496-86a6-606cadcf3253 req-2b786d1d-6575-4532-93b8-1d09527c6baf fc29be8e7ecb4bd8bc93870ac5062f04 ee2d8ddb08214e70b9fb08d141b8b884 - - 80b0a9ab3f8643c882ac358e340d6954 80b0a9ab3f8643c882ac358e340d6954] 199.19.213.157 "GET /v2.0/floatingips?fixed_ip_address=10.100.0.9&port_id=92473a5e-bdd8-40b0-9c42-00819a9e8bc3 HTTP/1.1" status: 200 len: 217 time: 0.0312715
2026-05-12 12:35:17.685 10 INFO neutron.wsgi [req-b3e75878-91f7-4496-86a6-606cadcf3253 req-4eb827d4-b220-4475-b645-484707f84c0b fc29be8e7ecb4bd8bc93870ac5062f04 ee2d8ddb08214e70b9fb08d141b8b884 - - 80b0a9ab3f8643c882ac358e340d6954 80b0a9ab3f8643c882ac358e340d6954] 199.19.213.157 "GET /v2.0/subnets?id=66b8bf14-43e1-4ab5-9710-884f10e9f152 HTTP/1.1" status: 200 len: 863 time: 0.0343559
2026-05-12 12:35:17.716 10 INFO neutron.wsgi [req-b3e75878-91f7-4496-86a6-606cadcf3253 req-5a9cd0ac-2c5c-4991-bcf8-e64620957b04 fc29be8e7ecb4bd8bc93870ac5062f04 ee2d8ddb08214e70b9fb08d141b8b884 - - 80b0a9ab3f8643c882ac358e340d6954 80b0a9ab3f8643c882ac358e340d6954] 199.19.213.157 "GET /v2.0/ports?network_id=9acd6ba1-e1ad-46d4-8e98-848d3ee7ee9f&device_owner=network%3Adhcp HTTP/1.1" status: 200 len: 210 time: 0.0227773
2026-05-12 12:35:17.789 10 INFO neutron.wsgi [req-b3e75878-91f7-4496-86a6-606cadcf3253 req-de4f06c9-1811-4c3e-9494-57ceca41dc36 fc29be8e7ecb4bd8bc93870ac5062f04 ee2d8ddb08214e70b9fb08d141b8b884 - - 80b0a9ab3f8643c882ac358e340d6954 80b0a9ab3f8643c882ac358e340d6954] 199.19.213.157 "GET /v2.0/networks/9acd6ba1-e1ad-46d4-8e98-848d3ee7ee9f?fields=segments HTTP/1.1" status: 200 len: 212 time: 0.0642869
2026-05-12 12:35:17.879 10 INFO neutron.wsgi [req-b3e75878-91f7-4496-86a6-606cadcf3253 req-96c82970-0511-456b-85f8-de4f7b19cf1d fc29be8e7ecb4bd8bc93870ac5062f04 ee2d8ddb08214e70b9fb08d141b8b884 - - 80b0a9ab3f8643c882ac358e340d6954 80b0a9ab3f8643c882ac358e340d6954] 199.19.213.157 "GET /v2.0/networks/9acd6ba1-e1ad-46d4-8e98-848d3ee7ee9f?fields=provider%3Aphysical_network&fields=provider%3Anetwork_type HTTP/1.1" status: 200 len: 277 time: 0.0796149
2026-05-12 12:35:17.922 9 INFO neutron.wsgi [None req-46c5cf30-db9d-43c4-8c51-f3dcf9b099b7 6175ff37fe204956bf913284fba337b0 f8dde5758b414a8ea48bfe7cea5312f0 - - default default] 10.0.0.13 "DELETE /v2.0/subnets/7747d2d9-1cd5-40ea-8568-0cb9d7ff46e3 HTTP/1.1" status: 204 len: 168 time: 0.5518656
2026-05-12 12:35:17.985 10 INFO neutron.wsgi [req-f7956ab2-f6e7-44d1-87b1-512f9a35f577 req-732096c3-764b-45cf-a707-3f47327eb43b fc29be8e7ecb4bd8bc93870ac5062f04 ee2d8ddb08214e70b9fb08d141b8b884 - - 80b0a9ab3f8643c882ac358e340d6954 80b0a9ab3f8643c882ac358e340d6954] 199.19.213.157 "GET /v2.0/ports?tenant_id=d685075afbb747f386da6f9c0e5d0673&device_id=07abf551-1ae4-42a4-b556-06176e579202 HTTP/1.1" status: 200 len: 1407 time: 0.0543220
2026-05-12 12:35:17.985 9 INFO neutron.wsgi [None req-20344d2d-d31d-4b85-8839-e5a43a50d5b8 6175ff37fe204956bf913284fba337b0 f8dde5758b414a8ea48bfe7cea5312f0 - - default default] 10.0.0.13 "GET /v2.0/subnets HTTP/1.1" status: 200 len: 820 time: 0.0503144
2026-05-12 12:35:18.078 10 INFO neutron.wsgi [req-f7956ab2-f6e7-44d1-87b1-512f9a35f577 req-d6bdc480-2cf8-43fa-8bef-c4197ae778ff fc29be8e7ecb4bd8bc93870ac5062f04 ee2d8ddb08214e70b9fb08d141b8b884 - - 80b0a9ab3f8643c882ac358e340d6954 80b0a9ab3f8643c882ac358e340d6954] 199.19.213.157 "GET /v2.0/networks?id=9acd6ba1-e1ad-46d4-8e98-848d3ee7ee9f HTTP/1.1" status: 200 len: 968 time: 0.0869410
2026-05-12 12:35:18.114 9 WARNING neutron.scheduler.dhcp_agent_scheduler [None req-74cc9a4e-eb74-43b2-a0a0-87daea0623e8 c6b2c73309b04c5185d84fcfa176fef5 23d9791201bb445dabfab650ac606883 - - default default] No more DHCP agents
2026-05-12 12:35:18.115 9 WARNING neutron.api.rpc.agentnotifiers.dhcp_rpc_agent_api [None req-74cc9a4e-eb74-43b2-a0a0-87daea0623e8 c6b2c73309b04c5185d84fcfa176fef5 23d9791201bb445dabfab650ac606883 - - default default] Unable to schedule network f582006c-7903-4af1-9503-664d6b8a6383: no agents available; will retry on subsequent port and subnet creation events.
2026-05-12 12:35:18.119 10 INFO neutron.plugins.ml2.drivers.ovn.mech_driver.mech_driver [None req-8479162a-4c9b-46bb-adc0-825076a643b3 - - - - - -] OVN reports status up for port: 92473a5e-bdd8-40b0-9c42-00819a9e8bc3
2026-05-12 12:35:18.126 10 INFO neutron.wsgi [req-f7956ab2-f6e7-44d1-87b1-512f9a35f577 req-7b8a947e-0892-490e-a702-4bcc0ca930d5 fc29be8e7ecb4bd8bc93870ac5062f04 ee2d8ddb08214e70b9fb08d141b8b884 - - 80b0a9ab3f8643c882ac358e340d6954 80b0a9ab3f8643c882ac358e340d6954] 199.19.213.157 "GET /v2.0/floatingips?fixed_ip_address=10.100.0.9&port_id=92473a5e-bdd8-40b0-9c42-00819a9e8bc3 HTTP/1.1" status: 200 len: 217 time: 0.0322106
2026-05-12 12:35:18.147 10 INFO neutron.plugins.ml2.plugin [None req-8479162a-4c9b-46bb-adc0-825076a643b3 - - - - - -] Attempt 1 to provision port 92473a5e-bdd8-40b0-9c42-00819a9e8bc3
2026-05-12 12:35:18.204 10 INFO neutron.wsgi [req-f7956ab2-f6e7-44d1-87b1-512f9a35f577 req-823e0f3c-9baa-4216-971c-d162d8250edf fc29be8e7ecb4bd8bc93870ac5062f04 ee2d8ddb08214e70b9fb08d141b8b884 - - 80b0a9ab3f8643c882ac358e340d6954 80b0a9ab3f8643c882ac358e340d6954] 199.19.213.157 "GET /v2.0/subnets?id=66b8bf14-43e1-4ab5-9710-884f10e9f152 HTTP/1.1" status: 200 len: 863 time: 0.0729628
2026-05-12 12:35:18.241 10 INFO neutron.wsgi [req-f7956ab2-f6e7-44d1-87b1-512f9a35f577 req-ff3550a1-a53c-4d95-98a6-4d182b7cb23d fc29be8e7ecb4bd8bc93870ac5062f04 ee2d8ddb08214e70b9fb08d141b8b884 - - 80b0a9ab3f8643c882ac358e340d6954 80b0a9ab3f8643c882ac358e340d6954] 199.19.213.157 "GET /v2.0/ports?network_id=9acd6ba1-e1ad-46d4-8e98-848d3ee7ee9f&device_owner=network%3Adhcp HTTP/1.1" status: 200 len: 210 time: 0.0265772
2026-05-12 12:35:18.266 10 INFO neutron.wsgi [req-e7be7457-d09f-4476-888f-1168497ff1aa req-a0f9193c-2ff8-4220-83e9-e27d0d121842 a9231985a95d4b35b17938484a74c5e6 d685075afbb747f386da6f9c0e5d0673 - - default default] 10.0.0.175 "GET /v2.0/ports?device_id=07abf551-1ae4-42a4-b556-06176e579202 HTTP/1.1" status: 200 len: 1168 time: 0.0805976
2026-05-12 12:35:18.320 9 INFO neutron.db.ovn_revision_numbers_db [None req-74cc9a4e-eb74-43b2-a0a0-87daea0623e8 c6b2c73309b04c5185d84fcfa176fef5 23d9791201bb445dabfab650ac606883 - - default default] Successfully bumped revision number for resource 8345e87a-c2ba-44b9-9d9a-3888954d575e (type: ports) to 1
2026-05-12 12:35:18.354 10 INFO neutron.wsgi [req-e7be7457-d09f-4476-888f-1168497ff1aa req-3fbdf42c-950c-4343-accf-039576d5b9fa a9231985a95d4b35b17938484a74c5e6 d685075afbb747f386da6f9c0e5d0673 - - default default] 10.0.0.175 "GET /v2.0/security-groups?id=465efb4b-1ec2-489f-b5a3-8983958ba337&fields=id&fields=name HTTP/1.1" status: 200 len: 312 time: 0.0754740
2026-05-12 12:35:18.384 10 INFO neutron.wsgi [req-f7956ab2-f6e7-44d1-87b1-512f9a35f577 req-73c71281-4ad4-47af-a1cf-ca7463890fd4 fc29be8e7ecb4bd8bc93870ac5062f04 ee2d8ddb08214e70b9fb08d141b8b884 - - 80b0a9ab3f8643c882ac358e340d6954 80b0a9ab3f8643c882ac358e340d6954] 199.19.213.157 "GET /v2.0/networks/9acd6ba1-e1ad-46d4-8e98-848d3ee7ee9f?fields=segments HTTP/1.1" status: 200 len: 212 time: 0.1301982
2026-05-12 12:35:18.508 10 INFO neutron.wsgi [req-f7956ab2-f6e7-44d1-87b1-512f9a35f577 req-c86892d0-71ff-4599-bfa6-f2d6e9bcf630 fc29be8e7ecb4bd8bc93870ac5062f04 ee2d8ddb08214e70b9fb08d141b8b884 - - 80b0a9ab3f8643c882ac358e340d6954 80b0a9ab3f8643c882ac358e340d6954] 199.19.213.157 "GET /v2.0/networks/9acd6ba1-e1ad-46d4-8e98-848d3ee7ee9f?fields=provider%3Aphysical_network&fields=provider%3Anetwork_type HTTP/1.1" status: 200 len: 277 time: 0.1137373
2026-05-12 12:35:18.599 10 INFO neutron.services.segments.plugin [-] Segment d16268d6-ad03-4b4c-a9ba-3e91bd4bdf3a resource provider aggregate not found
2026-05-12 12:35:18.605 10 INFO neutron.services.segments.plugin [-] Segment d16268d6-ad03-4b4c-a9ba-3e91bd4bdf3a resource provider aggregate not found
2026-05-12 12:35:18.624 10 INFO neutron.services.segments.plugin [-] Segment d16268d6-ad03-4b4c-a9ba-3e91bd4bdf3a resource provider not found; error: Placement Client Error (4xx): {"errors": [{"status": 404, "title": "Not Found", "detail": "The resource could not be found.\n\n No resource provider with uuid d16268d6-ad03-4b4c-a9ba-3e91bd4bdf3a found for delete ", "request_id": "req-a6b78df2-1837-46ac-8e30-2de157bbfa6b"}]}
2026-05-12 12:35:18.640 10 INFO neutron.services.segments.plugin [-] Segment d16268d6-ad03-4b4c-a9ba-3e91bd4bdf3a resource provider not found; error: Placement Client Error (4xx): {"errors": [{"status": 404, "title": "Not Found", "detail": "The resource could not be found.\n\n No resource provider with uuid d16268d6-ad03-4b4c-a9ba-3e91bd4bdf3a found for delete ", "request_id": "req-cacfd18a-f116-4cb2-bf48-fa1f803175e6"}]}
2026-05-12 12:35:18.676 10 INFO neutron.wsgi [None req-95b6ca5e-2255-49a4-bd5f-68e049316cf1 6175ff37fe204956bf913284fba337b0 f8dde5758b414a8ea48bfe7cea5312f0 - - default default] 10.0.0.13 "DELETE /v2.0/networks/d8337704-a6c0-4001-8bb6-3024643502dd HTTP/1.1" status: 204 len: 168 time: 0.6853454
2026-05-12 12:35:18.684 10 INFO neutron.db.ovn_revision_numbers_db [None req-8479162a-4c9b-46bb-adc0-825076a643b3 - - - - - -] Successfully bumped revision number for resource 92473a5e-bdd8-40b0-9c42-00819a9e8bc3 (type: ports) to 4
2026-05-12 12:35:18.879 10 INFO neutron.plugins.ml2.drivers.ovn.mech_driver.mech_driver [None req-8479162a-4c9b-46bb-adc0-825076a643b3 - - - - - -] OVN reports status up for port: 8345e87a-c2ba-44b9-9d9a-3888954d575e
2026-05-12 12:35:18.889 10 INFO neutron.plugins.ml2.plugin [None req-8479162a-4c9b-46bb-adc0-825076a643b3 - - - - - -] Attempt 1 to provision port 8345e87a-c2ba-44b9-9d9a-3888954d575e
2026-05-12 12:35:18.944 9 INFO neutron.db.ovn_revision_numbers_db [None req-74cc9a4e-eb74-43b2-a0a0-87daea0623e8 c6b2c73309b04c5185d84fcfa176fef5 23d9791201bb445dabfab650ac606883 - - default default] Successfully bumped revision number for resource 8345e87a-c2ba-44b9-9d9a-3888954d575e (type: router_ports) to 1
2026-05-12 12:35:19.147 9 INFO neutron.db.ovn_revision_numbers_db [None req-74cc9a4e-eb74-43b2-a0a0-87daea0623e8 c6b2c73309b04c5185d84fcfa176fef5 23d9791201bb445dabfab650ac606883 - - default default] Successfully bumped revision number for resource 8345e87a-c2ba-44b9-9d9a-3888954d575e (type: ports) to 1
2026-05-12 12:35:19.177 9 INFO neutron.services.segments.plugin [-] Segment 15a6296b-ee96-4058-98c9-848fffffc3b0 resource provider aggregate not found
2026-05-12 12:35:19.182 9 INFO neutron.services.segments.plugin [-] Segment 15a6296b-ee96-4058-98c9-848fffffc3b0 resource provider aggregate not found
2026-05-12 12:35:19.185 10 INFO neutron.db.ovn_revision_numbers_db [None req-8479162a-4c9b-46bb-adc0-825076a643b3 - - - - - -] Successfully bumped revision number for resource 8345e87a-c2ba-44b9-9d9a-3888954d575e (type: ports) to 2
2026-05-12 12:35:19.201 9 INFO neutron.services.segments.plugin [-] Segment 15a6296b-ee96-4058-98c9-848fffffc3b0 resource provider not found; error: Placement Client Error (4xx): {"errors": [{"status": 404, "title": "Not Found", "detail": "The resource could not be found.\n\n No resource provider with uuid 15a6296b-ee96-4058-98c9-848fffffc3b0 found for delete ", "request_id": "req-2c9e9dd4-f13c-45c2-aa0d-98987c403e16"}]}
2026-05-12 12:35:19.204 9 INFO neutron.services.segments.plugin [-] Segment 15a6296b-ee96-4058-98c9-848fffffc3b0 resource provider not found; error: Placement Client Error (4xx): {"errors": [{"status": 404, "title": "Not Found", "detail": "The resource could not be found.\n\n No resource provider with uuid 15a6296b-ee96-4058-98c9-848fffffc3b0 found for delete ", "request_id": "req-3777fb62-0681-41a8-9f32-020b826f9d08"}]} /var/lib/openstack/lib/python3.10/site-packages/pycadf/identifier.py:71: UserWarning: Invalid uuid: neutron. To ensure interoperability, identifiers should be a valid uuid. warnings.warn(('Invalid uuid: %s. To ensure interoperability, '
2026-05-12 12:35:19.242 9 INFO neutron.wsgi [None req-09f3c85a-1774-4146-bb6c-103efaa7e069 6175ff37fe204956bf913284fba337b0 f8dde5758b414a8ea48bfe7cea5312f0 - - default default] 10.0.0.13 "DELETE /v2.0/networks/1a93b26d-003e-4998-abe6-4d14dfe3d65e HTTP/1.1" status: 204 len: 168 time: 0.5595541
2026-05-12 12:35:19.270 9 WARNING neutron.scheduler.dhcp_agent_scheduler [None req-74cc9a4e-eb74-43b2-a0a0-87daea0623e8 c6b2c73309b04c5185d84fcfa176fef5 23d9791201bb445dabfab650ac606883 - - default default] No more DHCP agents
