2026-05-12 12:35:58.818 9 INFO neutron.wsgi [None req-d83f32a9-f5fd-4f49-96d8-66380d37f9a3 d42b4114941a4e79b749cbe07d2f67b6 5eca9f87c03d463bb05e94600ac6cea2 - - default default] 10.0.0.13 "GET /v2.0/security-group-rules HTTP/1.1" status: 200 len: 3567 time: 0.0709479
2026-05-12 12:35:58.827 9 WARNING neutron_lib.context [None req-8eb65cd8-c9dd-45c5-9181-5fdbac662e35 d42b4114941a4e79b749cbe07d2f67b6 5eca9f87c03d463bb05e94600ac6cea2 - - default default] Method 'is_advsvc' is deprecated since 2023.2 release (neutron-lib 3.8.0) and will be removed once support for the old RBAC API policies will be removed from Neutron. Please use method 'is_service_role' instead.
2026-05-12 12:35:58.946 9 INFO neutron.db.ovn_revision_numbers_db [None req-8eb65cd8-c9dd-45c5-9181-5fdbac662e35 d42b4114941a4e79b749cbe07d2f67b6 5eca9f87c03d463bb05e94600ac6cea2 - - default default] Successfully bumped revision number for resource 9eeb746b-0a79-46f8-8b9d-5e81d6094918 (type: security_group_rules) to 0
2026-05-12 12:35:58.972 9 INFO neutron.wsgi [None req-8eb65cd8-c9dd-45c5-9181-5fdbac662e35 d42b4114941a4e79b749cbe07d2f67b6 5eca9f87c03d463bb05e94600ac6cea2 - - default default] 10.0.0.13 "POST /v2.0/security-group-rules HTTP/1.1" status: 201 len: 768 time: 0.1492243
2026-05-12 12:35:58.976 10 INFO neutron.db.ovn_revision_numbers_db [None req-2b21ff21-2aad-40e4-8e4d-4df90b1e248d e9537b01a7b1442ca2a6342e2d2f97bc d5a20bd17e5542359b450911957703a7 - - default default] Successfully bumped revision number for resource ae4e7868-4bb9-4869-a40a-5ce975bb9cbc (type: ports) to 1
2026-05-12 12:35:58.992 9 INFO neutron.wsgi [None req-c3469e0a-cc6c-41e5-a436-3cc0ee3256d6 d42b4114941a4e79b749cbe07d2f67b6 5eca9f87c03d463bb05e94600ac6cea2 - - default default] 10.0.0.13 "GET /v2.0/security-group-rules/9eeb746b-0a79-46f8-8b9d-5e81d6094918 HTTP/1.1" status: 200 len: 763 time: 0.0161924
2026-05-12 12:35:58.998 10 INFO neutron.wsgi [None req-2b21ff21-2aad-40e4-8e4d-4df90b1e248d e9537b01a7b1442ca2a6342e2d2f97bc d5a20bd17e5542359b450911957703a7 - - default default] 10.0.0.13 "POST /v2.0/ports HTTP/1.1" status: 201 len: 1149 time: 0.8967936 /var/lib/openstack/lib/python3.10/site-packages/pycadf/identifier.py:71: UserWarning: Invalid uuid: neutron. To ensure interoperability, identifiers should be a valid uuid. warnings.warn(('Invalid uuid: %s. To ensure interoperability, '
2026-05-12 12:35:59.041 9 INFO neutron.wsgi [None req-0c64b908-d2a3-4174-8f3b-52544ff03926 d42b4114941a4e79b749cbe07d2f67b6 5eca9f87c03d463bb05e94600ac6cea2 - - default default] 10.0.0.13 "GET /v2.0/security-group-rules HTTP/1.1" status: 200 len: 4113 time: 0.0434325
2026-05-12 12:35:59.234 10 INFO neutron.wsgi [None req-82aea8d7-8efd-42e0-bf6e-89bedb52b90c d42b4114941a4e79b749cbe07d2f67b6 5eca9f87c03d463bb05e94600ac6cea2 - - default default] 10.0.0.13 "DELETE /v2.0/security-group-rules/9eeb746b-0a79-46f8-8b9d-5e81d6094918 HTTP/1.1" status: 204 len: 168 time: 0.1850512
2026-05-12 12:35:59.286 10 INFO neutron.wsgi [None req-b1670f31-6114-459f-968b-fbbb8a21ec9c d42b4114941a4e79b749cbe07d2f67b6 5eca9f87c03d463bb05e94600ac6cea2 - - default default] 10.0.0.13 "GET /v2.0/security-group-rules HTTP/1.1" status: 200 len: 3567 time: 0.0454073
2026-05-12 12:35:59.298 10 WARNING neutron_lib.context [None req-6bb558fd-dcb3-42a1-b3ac-c28dbe0bdf9e d42b4114941a4e79b749cbe07d2f67b6 5eca9f87c03d463bb05e94600ac6cea2 - - default default] Method 'is_advsvc' is deprecated since 2023.2 release (neutron-lib 3.8.0) and will be removed once support for the old RBAC API policies will be removed from Neutron. Please use method 'is_service_role' instead.
2026-05-12 12:35:59.408 9 INFO neutron.wsgi [None req-02e79957-dfd6-42c2-b468-57df62d446cf 2ce7e2edef364c42b06cdf2bc98b66f0 6dbdf5d786b74831b82d34a23f4ace84 - - default default] 10.0.0.13 "GET /v2.0/security-groups?tenant_id=a18b4ef38d0340a6982f51b5a51162df&name=default HTTP/1.1" status: 200 len: 2996 time: 0.2338789
2026-05-12 12:35:59.424 10 INFO neutron.wsgi [None req-3b2e767c-f60b-4232-84a0-c07136e21d7f e9537b01a7b1442ca2a6342e2d2f97bc d5a20bd17e5542359b450911957703a7 - - default default] 10.0.0.13 "DELETE /v2.0/ports/ae4e7868-4bb9-4869-a40a-5ce975bb9cbc HTTP/1.1" status: 204 len: 168 time: 0.4216652
2026-05-12 12:35:59.456 10 INFO neutron.pecan_wsgi.hooks.translation [None req-eb8681b2-524f-4e8b-a299-9bd1a641dd2e e9537b01a7b1442ca2a6342e2d2f97bc d5a20bd17e5542359b450911957703a7 - - default default] DELETE failed (client error): The resource could not be found.
2026-05-12 12:35:59.459 10 INFO neutron.wsgi [None req-eb8681b2-524f-4e8b-a299-9bd1a641dd2e e9537b01a7b1442ca2a6342e2d2f97bc d5a20bd17e5542359b450911957703a7 - - default default] 10.0.0.13 "DELETE /v2.0/ports/ae4e7868-4bb9-4869-a40a-5ce975bb9cbc HTTP/1.1" status: 404 len: 333 time: 0.0219460
2026-05-12 12:35:59.482 10 INFO neutron.pecan_wsgi.hooks.translation [None req-cf261a54-6aef-48f9-a966-2a886e3b2c5c e9537b01a7b1442ca2a6342e2d2f97bc d5a20bd17e5542359b450911957703a7 - - default default] GET failed (client error): The resource could not be found.
2026-05-12 12:35:59.483 10 INFO neutron.wsgi [None req-cf261a54-6aef-48f9-a966-2a886e3b2c5c e9537b01a7b1442ca2a6342e2d2f97bc d5a20bd17e5542359b450911957703a7 - - default default] 10.0.0.13 "GET /v2.0/ports/ae4e7868-4bb9-4869-a40a-5ce975bb9cbc HTTP/1.1" status: 404 len: 333 time: 0.0192192
2026-05-12 12:35:59.487 10 INFO neutron.db.ovn_revision_numbers_db [None req-6bb558fd-dcb3-42a1-b3ac-c28dbe0bdf9e d42b4114941a4e79b749cbe07d2f67b6 5eca9f87c03d463bb05e94600ac6cea2 - - default default] Successfully bumped revision number for resource a91ce055-c753-434c-88ea-b5c69b0fb0b2 (type: security_group_rules) to 0
2026-05-12 12:35:59.519 10 INFO neutron.wsgi [None req-6bb558fd-dcb3-42a1-b3ac-c28dbe0bdf9e d42b4114941a4e79b749cbe07d2f67b6 5eca9f87c03d463bb05e94600ac6cea2 - - default default] 10.0.0.13 "POST /v2.0/security-group-rules HTTP/1.1" status: 201 len: 769 time: 0.2259059
2026-05-12 12:35:59.557 10 INFO neutron.wsgi [None req-11061da0-0b7b-403c-84b1-af447d61261b d42b4114941a4e79b749cbe07d2f67b6 5eca9f87c03d463bb05e94600ac6cea2 - - default default] 10.0.0.13 "GET /v2.0/security-group-rules/a91ce055-c753-434c-88ea-b5c69b0fb0b2 HTTP/1.1" status: 200 len: 764 time: 0.0176671
2026-05-12 12:35:59.600 10 INFO neutron.wsgi [None req-45ef988a-f519-4e9e-9ddd-6f2881ca8cc5 d42b4114941a4e79b749cbe07d2f67b6 5eca9f87c03d463bb05e94600ac6cea2 - - default default] 10.0.0.13 "GET /v2.0/security-group-rules HTTP/1.1" status: 200 len: 4114 time: 0.0375526
2026-05-12 12:35:59.729 10 INFO neutron.wsgi [None req-2d6768bf-f377-4aa8-aad3-0a0a4db1e002 d42b4114941a4e79b749cbe07d2f67b6 5eca9f87c03d463bb05e94600ac6cea2 - - default default] 10.0.0.13 "DELETE /v2.0/security-group-rules/a91ce055-c753-434c-88ea-b5c69b0fb0b2 HTTP/1.1" status: 204 len: 168 time: 0.1218889
2026-05-12 12:35:59.753 9 INFO neutron.wsgi [None req-bd6cb8c9-cdc7-4b9a-beba-a7b68b71a24c e9537b01a7b1442ca2a6342e2d2f97bc d5a20bd17e5542359b450911957703a7 - - default default] 10.0.0.13 "DELETE /v2.0/subnets/9fe53e53-d9a0-4400-a896-4006586e72b2 HTTP/1.1" status: 204 len: 168 time: 0.2643373
2026-05-12 12:35:59.772 10 INFO neutron.wsgi [None req-33987813-64a2-42f2-9c6b-965255a5aa3d d42b4114941a4e79b749cbe07d2f67b6 5eca9f87c03d463bb05e94600ac6cea2 - - default default] 10.0.0.13 "GET /v2.0/security-group-rules HTTP/1.1" status: 200 len: 3567 time: 0.0358868
2026-05-12 12:35:59.790 9 INFO neutron.wsgi [None req-56810801-f05e-4252-af71-33e01c6c720f 2ce7e2edef364c42b06cdf2bc98b66f0 6dbdf5d786b74831b82d34a23f4ace84 - - default default] 10.0.0.13 "DELETE /v2.0/security-groups/c9e26b3e-1cec-44dd-abe7-19297f2cf615 HTTP/1.1" status: 204 len: 168 time: 0.3766613
2026-05-12 12:35:59.899 10 INFO neutron.wsgi [None req-fb311282-61d8-42eb-a7cc-5de054fca60b d42b4114941a4e79b749cbe07d2f67b6 5eca9f87c03d463bb05e94600ac6cea2 - - default default] 10.0.0.13 "DELETE /v2.0/security-groups/48b69ae7-a762-4cf5-b08d-9af83fb61a87 HTTP/1.1" status: 204 len: 168 time: 0.1171439
2026-05-12 12:35:59.945 10 INFO neutron.wsgi [None req-76abb329-2546-4e26-be34-03487f7f37a6 d42b4114941a4e79b749cbe07d2f67b6 5eca9f87c03d463bb05e94600ac6cea2 - - default default] 10.0.0.13 "GET /v2.0/security-groups HTTP/1.1" status: 200 len: 2996 time: 0.0415895
2026-05-12 12:36:00.007 9 INFO neutron.wsgi [None req-a1e4d344-5fb2-4e30-8688-ade818f87876 d42b4114941a4e79b749cbe07d2f67b6 5eca9f87c03d463bb05e94600ac6cea2 - - default default] 10.0.0.13 "GET /v2.0/security-groups HTTP/1.1" status: 200 len: 2996 time: 0.0517383
2026-05-12 12:36:00.144 9 INFO neutron.services.segments.plugin [-] Segment dbbc4d61-cabc-4d40-960c-d2dcd9b6bb7e resource provider aggregate not found
2026-05-12 12:36:00.149 9 INFO neutron.services.segments.plugin [-] Segment dbbc4d61-cabc-4d40-960c-d2dcd9b6bb7e resource provider aggregate not found
2026-05-12 12:36:00.166 9 INFO neutron.services.segments.plugin [-] Segment dbbc4d61-cabc-4d40-960c-d2dcd9b6bb7e resource provider not found; error: Placement Client Error (4xx): {"errors": [{"status": 404, "title": "Not Found", "detail": "The resource could not be found.\n\n No resource provider with uuid dbbc4d61-cabc-4d40-960c-d2dcd9b6bb7e found for delete ", "request_id": "req-595c9110-a810-4896-8f8e-c7919e23a3b0"}]}
2026-05-12 12:36:00.171 9 INFO neutron.services.segments.plugin [-] Segment dbbc4d61-cabc-4d40-960c-d2dcd9b6bb7e resource provider not found; error: Placement Client Error (4xx): {"errors": [{"status": 404, "title": "Not Found", "detail": "The resource could not be found.\n\n No resource provider with uuid dbbc4d61-cabc-4d40-960c-d2dcd9b6bb7e found for delete ", "request_id": "req-6ba3c5f0-ac3d-4543-93f0-6a574df8b494"}]}
2026-05-12 12:36:00.189 9 INFO neutron.wsgi [None req-b4c3ed4d-6f22-4ac1-821a-2a30c3d08a9e e9537b01a7b1442ca2a6342e2d2f97bc d5a20bd17e5542359b450911957703a7 - - default default] 10.0.0.13 "DELETE /v2.0/networks/06de8a14-d6b7-4feb-b7a2-18bae01dc278 HTTP/1.1" status: 204 len: 168 time: 0.4303420
2026-05-12 12:36:00.200 9 WARNING neutron_lib.context [None req-551da8d6-85c3-43f8-9765-de763387fdcc e9537b01a7b1442ca2a6342e2d2f97bc d5a20bd17e5542359b450911957703a7 - - default default] Method 'is_advsvc' is deprecated since 2023.2 release (neutron-lib 3.8.0) and will be removed once support for the old RBAC API policies will be removed from Neutron. Please use method 'is_service_role' instead.
2026-05-12 12:36:00.279 9 INFO neutron.db.segments_db [None req-551da8d6-85c3-43f8-9765-de763387fdcc e9537b01a7b1442ca2a6342e2d2f97bc d5a20bd17e5542359b450911957703a7 - - default default] Added segment 22cf0372-5fcd-411e-abce-e4c42825b108 of type geneve for network cba1beec-3472-4db3-a2b0-5262ed78697c
2026-05-12 12:36:00.421 9 INFO neutron.db.ovn_revision_numbers_db [None req-551da8d6-85c3-43f8-9765-de763387fdcc e9537b01a7b1442ca2a6342e2d2f97bc d5a20bd17e5542359b450911957703a7 - - default default] Successfully bumped revision number for resource cba1beec-3472-4db3-a2b0-5262ed78697c (type: networks) to 1
2026-05-12 12:36:00.601 9 WARNING neutron.scheduler.dhcp_agent_scheduler [None req-551da8d6-85c3-43f8-9765-de763387fdcc e9537b01a7b1442ca2a6342e2d2f97bc d5a20bd17e5542359b450911957703a7 - - default default] No more DHCP agents
2026-05-12 12:36:00.603 9 WARNING neutron.api.rpc.agentnotifiers.dhcp_rpc_agent_api [None req-551da8d6-85c3-43f8-9765-de763387fdcc e9537b01a7b1442ca2a6342e2d2f97bc d5a20bd17e5542359b450911957703a7 - - default default] Unable to schedule network cba1beec-3472-4db3-a2b0-5262ed78697c: no agents available; will retry on subsequent port and subnet creation events.
2026-05-12 12:36:00.705 9 INFO neutron.db.ovn_revision_numbers_db [None req-551da8d6-85c3-43f8-9765-de763387fdcc e9537b01a7b1442ca2a6342e2d2f97bc d5a20bd17e5542359b450911957703a7 - - default default] Successfully bumped revision number for resource c58f5066-5b8f-4322-97f6-dc76220f8867 (type: ports) to 1
2026-05-12 12:36:00.733 9 INFO neutron.wsgi [None req-551da8d6-85c3-43f8-9765-de763387fdcc e9537b01a7b1442ca2a6342e2d2f97bc d5a20bd17e5542359b450911957703a7 - - default default] 10.0.0.13 "POST /v2.0/networks HTTP/1.1" status: 201 len: 830 time: 0.5364015
2026-05-12 12:36:00.743 9 WARNING neutron_lib.context [None req-53278722-4d2b-4eef-9f8e-411142fbf8fb e9537b01a7b1442ca2a6342e2d2f97bc d5a20bd17e5542359b450911957703a7 - - default default] Method 'is_advsvc' is deprecated since 2023.2 release (neutron-lib 3.8.0) and will be removed once support for the old RBAC API policies will be removed from Neutron. Please use method 'is_service_role' instead.
2026-05-12 12:36:00.808 10 INFO neutron.wsgi [None req-5c348d72-f017-48f0-abc3-54e0e1df6f5c 2ce7e2edef364c42b06cdf2bc98b66f0 6dbdf5d786b74831b82d34a23f4ace84 - - default default] 10.0.0.13 "GET /v2.0/security-groups?tenant_id=5eca9f87c03d463bb05e94600ac6cea2&name=default HTTP/1.1" status: 200 len: 2996 time: 0.2143805
2026-05-12 12:36:01.052 9 WARNING neutron.scheduler.dhcp_agent_scheduler [None req-53278722-4d2b-4eef-9f8e-411142fbf8fb e9537b01a7b1442ca2a6342e2d2f97bc d5a20bd17e5542359b450911957703a7 - - default default] No more DHCP agents
2026-05-12 12:36:01.055 9 WARNING neutron.api.rpc.agentnotifiers.dhcp_rpc_agent_api [None req-53278722-4d2b-4eef-9f8e-411142fbf8fb e9537b01a7b1442ca2a6342e2d2f97bc d5a20bd17e5542359b450911957703a7 - - default default] Unable to schedule network cba1beec-3472-4db3-a2b0-5262ed78697c: no agents available; will retry on subsequent port and subnet creation events.
2026-05-12 12:36:01.129 10 INFO neutron.db.ovn_revision_numbers_db [None req-487b9da4-2aed-4170-b7b8-3dfa3a503d96 2ce7e2edef364c42b06cdf2bc98b66f0 6dbdf5d786b74831b82d34a23f4ace84 - - default default] Successfully bumped revision number for resource b9b542eb-d61d-4657-9d11-15b9f15b8d9b (type: security_groups) to 1
2026-05-12 12:36:01.143 10 INFO neutron.db.ovn_revision_numbers_db [None req-487b9da4-2aed-4170-b7b8-3dfa3a503d96 2ce7e2edef364c42b06cdf2bc98b66f0 6dbdf5d786b74831b82d34a23f4ace84 - - default default] Successfully bumped revision number for resource 1d75d1e5-4f4f-4ad4-a711-33753f7c5c36 (type: security_group_rules) to 0
2026-05-12 12:36:01.161 10 INFO neutron.db.ovn_revision_numbers_db [None req-487b9da4-2aed-4170-b7b8-3dfa3a503d96 2ce7e2edef364c42b06cdf2bc98b66f0 6dbdf5d786b74831b82d34a23f4ace84 - - default default] Successfully bumped revision number for resource 275bd03b-f49f-4a85-b554-009bd7ff7b90 (type: security_group_rules) to 0
2026-05-12 12:36:01.174 9 INFO neutron.wsgi [None req-e70eec4b-8447-4fac-a3c7-8f36d0f0f1cf 2ce7e2edef364c42b06cdf2bc98b66f0 6dbdf5d786b74831b82d34a23f4ace84 - - default default] 10.0.0.13 "DELETE /v2.0/security-groups/1d1fefe8-5568-4bcf-ba90-ffccdbb5e9df HTTP/1.1" status: 204 len: 168 time: 0.3597054
2026-05-12 12:36:01.177 10 INFO neutron.db.ovn_revision_numbers_db [None req-487b9da4-2aed-4170-b7b8-3dfa3a503d96 2ce7e2edef364c42b06cdf2bc98b66f0 6dbdf5d786b74831b82d34a23f4ace84 - - default default] Successfully bumped revision number for resource 9a0be3a3-fab3-463d-91f3-42d48f63ea52 (type: security_group_rules) to 0
2026-05-12 12:36:01.195 10 INFO neutron.db.ovn_revision_numbers_db [None req-487b9da4-2aed-4170-b7b8-3dfa3a503d96 2ce7e2edef364c42b06cdf2bc98b66f0 6dbdf5d786b74831b82d34a23f4ace84 - - default default] Successfully bumped revision number for resource a4a788b4-f4db-4642-8430-5a7813f87f83 (type: security_group_rules) to 0
2026-05-12 12:36:01.216 10 INFO neutron.wsgi [None req-487b9da4-2aed-4170-b7b8-3dfa3a503d96 2ce7e2edef364c42b06cdf2bc98b66f0 6dbdf5d786b74831b82d34a23f4ace84 - - default default] 10.0.0.13 "GET /v2.0/security-groups?tenant_id=49d5b81670d246228cfde12a2c9b7a7d&name=default HTTP/1.1" status: 200 len: 2996 time: 0.2892582
2026-05-12 12:36:01.446 10 INFO neutron.wsgi [None req-9c745474-6c2e-432c-93f3-3d8aa99e122b 2ce7e2edef364c42b06cdf2bc98b66f0 6dbdf5d786b74831b82d34a23f4ace84 - - default default] 10.0.0.13 "DELETE /v2.0/security-groups/b9b542eb-d61d-4657-9d11-15b9f15b8d9b HTTP/1.1" status: 204 len: 168 time: 0.2258928
2026-05-12 12:36:01.643 9 INFO neutron.db.ovn_revision_numbers_db [None req-53278722-4d2b-4eef-9f8e-411142fbf8fb e9537b01a7b1442ca2a6342e2d2f97bc d5a20bd17e5542359b450911957703a7 - - default default] Successfully bumped revision number for resource c58f5066-5b8f-4322-97f6-dc76220f8867 (type: ports) to 2
2026-05-12 12:36:01.677 9 INFO neutron.db.ovn_revision_numbers_db [None req-53278722-4d2b-4eef-9f8e-411142fbf8fb e9537b01a7b1442ca2a6342e2d2f97bc d5a20bd17e5542359b450911957703a7 - - default default] Successfully bumped revision number for resource 1d207898-7355-4a68-89bc-2a9da78aae8f (type: subnets) to 0
2026-05-12 12:36:01.696 9 INFO neutron.wsgi [None req-53278722-4d2b-4eef-9f8e-411142fbf8fb e9537b01a7b1442ca2a6342e2d2f97bc d5a20bd17e5542359b450911957703a7 - - default default] 10.0.0.13 "POST /v2.0/subnets HTTP/1.1" status: 201 len: 801 time: 0.9579716
2026-05-12 12:36:01.708 9 WARNING neutron_lib.context [None req-72043ac3-b078-4819-b201-9ca01e8446ba e9537b01a7b1442ca2a6342e2d2f97bc d5a20bd17e5542359b450911957703a7 - - default default] Method 'is_advsvc' is deprecated since 2023.2 release (neutron-lib 3.8.0) and will be removed once support for the old RBAC API policies will be removed from Neutron. Please use method 'is_service_role' instead.
2026-05-12 12:36:01.910 9 INFO neutron.db.ovn_revision_numbers_db [None req-ff12ef63-d7a4-4025-8b4b-083281170429 2ce7e2edef364c42b06cdf2bc98b66f0 6dbdf5d786b74831b82d34a23f4ace84 - - default default] Successfully bumped revision number for resource 909404b9-705c-4411-bb1f-fb9db04aa7a0 (type: security_groups) to 1
2026-05-12 12:36:01.927 9 INFO neutron.db.ovn_revision_numbers_db [None req-ff12ef63-d7a4-4025-8b4b-083281170429 2ce7e2edef364c42b06cdf2bc98b66f0 6dbdf5d786b74831b82d34a23f4ace84 - - default default] Successfully bumped revision number for resource 782a56d7-52bc-483b-8b1b-28b2c60d682a (type: security_group_rules) to 0
2026-05-12 12:36:01.950 9 INFO neutron.db.ovn_revision_numbers_db [None req-ff12ef63-d7a4-4025-8b4b-083281170429 2ce7e2edef364c42b06cdf2bc98b66f0 6dbdf5d786b74831b82d34a23f4ace84 - - default default] Successfully bumped revision number for resource 9c48807e-7e5b-4402-8ba5-d124b911f76b (type: security_group_rules) to 0
2026-05-12 12:36:01.971 9 INFO neutron.db.ovn_revision_numbers_db [None req-ff12ef63-d7a4-4025-8b4b-083281170429 2ce7e2edef364c42b06cdf2bc98b66f0 6dbdf5d786b74831b82d34a23f4ace84 - - default default] Successfully bumped revision number for resource fc7a4f93-618d-4d8c-893d-2c02dd28d202 (type: security_group_rules) to 0
2026-05-12 12:36:01.996 9 INFO neutron.db.ovn_revision_numbers_db [None req-ff12ef63-d7a4-4025-8b4b-083281170429 2ce7e2edef364c42b06cdf2bc98b66f0 6dbdf5d786b74831b82d34a23f4ace84 - - default default] Successfully bumped revision number for resource fd202362-36dc-4e0e-b06b-5f8ba192e264 (type: security_group_rules) to 0
2026-05-12 12:36:02.026 9 INFO neutron.wsgi [None req-ff12ef63-d7a4-4025-8b4b-083281170429 2ce7e2edef364c42b06cdf2bc98b66f0 6dbdf5d786b74831b82d34a23f4ace84 - - default default] 10.0.0.13 "GET /v2.0/security-groups?tenant_id=2fdac8d22cef459aae802b838538264e&name=default HTTP/1.1" status: 200 len: 2996 time: 0.2740726
2026-05-12 12:36:02.046 9 WARNING neutron.scheduler.dhcp_agent_scheduler [None req-72043ac3-b078-4819-b201-9ca01e8446ba e9537b01a7b1442ca2a6342e2d2f97bc d5a20bd17e5542359b450911957703a7 - - default default] No more DHCP agents
2026-05-12 12:36:02.048 9 WARNING neutron.api.rpc.agentnotifiers.dhcp_rpc_agent_api [None req-72043ac3-b078-4819-b201-9ca01e8446ba e9537b01a7b1442ca2a6342e2d2f97bc d5a20bd17e5542359b450911957703a7 - - default default] Unable to schedule network cba1beec-3472-4db3-a2b0-5262ed78697c: no agents available; will retry on subsequent port and subnet creation events.
2026-05-12 12:36:02.142 9 WARNING neutron.plugins.ml2.drivers.ovn.mech_driver.ovsdb.ovn_client [None req-8908fcf6-b835-4043-84f0-6f9c6dbe4e19 - - - - - -] No port found with ID 23b63af2-cd18-4d4e-9fbd-c2c0b432e3b7: RuntimeError: No port found with ID 23b63af2-cd18-4d4e-9fbd-c2c0b432e3b7
2026-05-12 12:36:02.260 9 INFO neutron.db.ovn_revision_numbers_db [None req-72043ac3-b078-4819-b201-9ca01e8446ba e9537b01a7b1442ca2a6342e2d2f97bc d5a20bd17e5542359b450911957703a7 - - default default] Successfully bumped revision number for resource 1fc22e6d-c3f3-493b-9d19-862e8070ae52 (type: ports) to 1
2026-05-12 12:36:02.270 10 INFO neutron.wsgi [None req-d47b6f39-7890-4061-8d5c-c7ff7c3627df 2ce7e2edef364c42b06cdf2bc98b66f0 6dbdf5d786b74831b82d34a23f4ace84 - - default default] 10.0.0.13 "DELETE /v2.0/security-groups/909404b9-705c-4411-bb1f-fb9db04aa7a0 HTTP/1.1" status: 204 len: 168 time: 0.2379167
2026-05-12 12:36:02.285 9 INFO neutron.wsgi [None req-72043ac3-b078-4819-b201-9ca01e8446ba e9537b01a7b1442ca2a6342e2d2f97bc d5a20bd17e5542359b450911957703a7 - - default default] 10.0.0.13 "POST /v2.0/ports HTTP/1.1" status: 201 len: 1113 time: 0.5834002
2026-05-12 12:36:02.680 9 INFO neutron.wsgi [None req-c977b875-c00a-434f-b74d-d7670a9516a9 e9537b01a7b1442ca2a6342e2d2f97bc d5a20bd17e5542359b450911957703a7 - - default default] 10.0.0.13 "DELETE /v2.0/ports/1fc22e6d-c3f3-493b-9d19-862e8070ae52 HTTP/1.1" status: 204 len: 168 time: 0.3895102
2026-05-12 12:36:02.713 9 INFO neutron.pecan_wsgi.hooks.translation [None req-204b70f5-f6fa-4a53-a2c0-c49855e79475 e9537b01a7b1442ca2a6342e2d2f97bc d5a20bd17e5542359b450911957703a7 - - default default] GET failed (client error): The resource could not be found.
2026-05-12 12:36:02.715 9 INFO neutron.wsgi [None req-204b70f5-f6fa-4a53-a2c0-c49855e79475 e9537b01a7b1442ca2a6342e2d2f97bc d5a20bd17e5542359b450911957703a7 - - default default] 10.0.0.13 "GET /v2.0/ports/1fc22e6d-c3f3-493b-9d19-862e8070ae52 HTTP/1.1" status: 404 len: 333 time: 0.0273967
2026-05-12 12:36:02.956 9 INFO neutron.wsgi [None req-303eb1a8-bb7d-42f9-9ed0-1da38a907be6 e9537b01a7b1442ca2a6342e2d2f97bc d5a20bd17e5542359b450911957703a7 - - default default] 10.0.0.13 "DELETE /v2.0/subnets/1d207898-7355-4a68-89bc-2a9da78aae8f HTTP/1.1" status: 204 len: 168 time: 0.2342753
2026-05-12 12:36:03.764 9 INFO neutron.services.segments.plugin [-] Segment 22cf0372-5fcd-411e-abce-e4c42825b108 resource provider aggregate not found
2026-05-12 12:36:03.771 9 INFO neutron.services.segments.plugin [-] Segment 22cf0372-5fcd-411e-abce-e4c42825b108 resource provider aggregate not found
2026-05-12 12:36:03.789 9 INFO neutron.services.segments.plugin [-] Segment 22cf0372-5fcd-411e-abce-e4c42825b108 resource provider not found; error: Placement Client Error (4xx): {"errors": [{"status": 404, "title": "Not Found", "detail": "The resource could not be found.\n\n No resource provider with uuid 22cf0372-5fcd-411e-abce-e4c42825b108 found for delete ", "request_id": "req-526322dc-fdf6-4af2-bf35-b130ef2517b1"}]}
2026-05-12 12:36:03.790 9 INFO neutron.services.segments.plugin [-] Segment 22cf0372-5fcd-411e-abce-e4c42825b108 resource provider not found; error: Placement Client Error (4xx): {"errors": [{"status": 404, "title": "Not Found", "detail": "The resource could not be found.\n\n No resource provider with uuid 22cf0372-5fcd-411e-abce-e4c42825b108 found for delete ", "request_id": "req-2098932d-42eb-4208-b5d1-68fbebe66680"}]}
2026-05-12 12:36:03.817 9 INFO neutron.wsgi [None req-1f60eb08-fb83-4295-a0c5-ba2bdb4b4861 e9537b01a7b1442ca2a6342e2d2f97bc d5a20bd17e5542359b450911957703a7 - - default default] 10.0.0.13 "DELETE /v2.0/networks/cba1beec-3472-4db3-a2b0-5262ed78697c HTTP/1.1" status: 204 len: 168 time: 0.8536627
2026-05-12 12:36:03.831 10 WARNING neutron_lib.context [None req-4ae69f5b-f33e-41eb-979a-53d43f47be6a e9537b01a7b1442ca2a6342e2d2f97bc d5a20bd17e5542359b450911957703a7 - - default default] Method 'is_advsvc' is deprecated since 2023.2 release (neutron-lib 3.8.0) and will be removed once support for the old RBAC API policies will be removed from Neutron. Please use method 'is_service_role' instead.
2026-05-12 12:36:04.120 10 WARNING neutron.scheduler.dhcp_agent_scheduler [None req-4ae69f5b-f33e-41eb-979a-53d43f47be6a e9537b01a7b1442ca2a6342e2d2f97bc d5a20bd17e5542359b450911957703a7 - - default default] No more DHCP agents
2026-05-12 12:36:04.123 10 WARNING neutron.api.rpc.agentnotifiers.dhcp_rpc_agent_api [None req-4ae69f5b-f33e-41eb-979a-53d43f47be6a e9537b01a7b1442ca2a6342e2d2f97bc d5a20bd17e5542359b450911957703a7 - - default default] Unable to schedule network 7f5c156e-60e2-4858-9680-e98163282d44: no agents available; will retry on subsequent port and subnet creation events.
2026-05-12 12:36:04.185 9 INFO neutron.db.ovn_revision_numbers_db [None req-af3a3896-3d16-4294-97d3-e1088aeaf38e 2ce7e2edef364c42b06cdf2bc98b66f0 6dbdf5d786b74831b82d34a23f4ace84 - - default default] Successfully bumped revision number for resource 02ae45ef-0dfc-4867-bb6e-76f3ee8a6e45 (type: security_groups) to 1
2026-05-12 12:36:04.200 9 INFO neutron.db.ovn_revision_numbers_db [None req-af3a3896-3d16-4294-97d3-e1088aeaf38e 2ce7e2edef364c42b06cdf2bc98b66f0 6dbdf5d786b74831b82d34a23f4ace84 - - default default] Successfully bumped revision number for resource 0dc860ab-a5d1-44a6-8589-29d5de348b08 (type: security_group_rules) to 0
2026-05-12 12:36:04.215 10 INFO neutron.db.ovn_revision_numbers_db [None req-4ae69f5b-f33e-41eb-979a-53d43f47be6a e9537b01a7b1442ca2a6342e2d2f97bc d5a20bd17e5542359b450911957703a7 - - default default] Successfully bumped revision number for resource d81b391b-1f8e-4e63-ab9f-17ad43d13fdd (type: ports) to 1
2026-05-12 12:36:04.216 9 INFO neutron.db.ovn_revision_numbers_db [None req-af3a3896-3d16-4294-97d3-e1088aeaf38e 2ce7e2edef364c42b06cdf2bc98b66f0 6dbdf5d786b74831b82d34a23f4ace84 - - default default] Successfully bumped revision number for resource 108ea49f-d174-49f9-96c4-a0a78844e39c (type: security_group_rules) to 0
2026-05-12 12:36:04.233 9 INFO neutron.db.ovn_revision_numbers_db [None req-af3a3896-3d16-4294-97d3-e1088aeaf38e 2ce7e2edef364c42b06cdf2bc98b66f0 6dbdf5d786b74831b82d34a23f4ace84 - - default default] Successfully bumped revision number for resource da32ed7f-2854-4f6e-b29e-2cb453744f68 (type: security_group_rules) to 0
2026-05-12 12:36:04.244 10 INFO neutron.wsgi [None req-4ae69f5b-f33e-41eb-979a-53d43f47be6a e9537b01a7b1442ca2a6342e2d2f97bc d5a20bd17e5542359b450911957703a7 - - default default] 10.0.0.13 "POST /v2.0/ports HTTP/1.1" status: 201 len: 974 time: 0.4202020
2026-05-12 12:36:04.248 9 INFO neutron.db.ovn_revision_numbers_db [None req-af3a3896-3d16-4294-97d3-e1088aeaf38e 2ce7e2edef364c42b06cdf2bc98b66f0 6dbdf5d786b74831b82d34a23f4ace84 - - default default] Successfully bumped revision number for resource f7d190bc-4bcd-4a1d-812e-99dc98d2c407 (type: security_group_rules) to 0 /var/lib/openstack/lib/python3.10/site-packages/pycadf/identifier.py:71: UserWarning: Invalid uuid: neutron. To ensure interoperability, identifiers should be a valid uuid. warnings.warn(('Invalid uuid: %s. To ensure interoperability, '
2026-05-12 12:36:04.280 9 INFO neutron.wsgi [None req-af3a3896-3d16-4294-97d3-e1088aeaf38e 2ce7e2edef364c42b06cdf2bc98b66f0 6dbdf5d786b74831b82d34a23f4ace84 - - default default] 10.0.0.13 "GET /v2.0/security-groups?tenant_id=0d5822211a4446178c7ac096483a2577&name=default HTTP/1.1" status: 200 len: 2996 time: 0.5641406
2026-05-12 12:36:04.500 9 INFO neutron.wsgi [None req-47773fc1-00f2-431b-915a-d4335f9ceef0 2ce7e2edef364c42b06cdf2bc98b66f0 6dbdf5d786b74831b82d34a23f4ace84 - - default default] 10.0.0.13 "DELETE /v2.0/security-groups/02ae45ef-0dfc-4867-bb6e-76f3ee8a6e45 HTTP/1.1" status: 204 len: 168 time: 0.2161720
2026-05-12 12:36:04.526 10 INFO neutron.plugins.ml2.drivers.ovn.mech_driver.mech_driver [None req-8479162a-4c9b-46bb-adc0-825076a643b3 - - - - - -] OVN reports status down for port: d81b391b-1f8e-4e63-ab9f-17ad43d13fdd
2026-05-12 12:36:04.584 10 INFO neutron.db.ovn_revision_numbers_db [None req-a81b6d6b-9274-4772-bf09-9afb2ae70494 e9537b01a7b1442ca2a6342e2d2f97bc d5a20bd17e5542359b450911957703a7 - - default default] Successfully bumped revision number for resource d81b391b-1f8e-4e63-ab9f-17ad43d13fdd (type: ports) to 2
2026-05-12 12:36:04.618 10 INFO neutron.wsgi [None req-a81b6d6b-9274-4772-bf09-9afb2ae70494 e9537b01a7b1442ca2a6342e2d2f97bc d5a20bd17e5542359b450911957703a7 - - default default] 10.0.0.13 "PUT /v2.0/ports/d81b391b-1f8e-4e63-ab9f-17ad43d13fdd HTTP/1.1" status: 200 len: 946 time: 0.3675430
2026-05-12 12:36:04.913 9 INFO neutron.wsgi [None req-29c3a1ce-1ac7-4d8e-9e8f-8d6351fc4515 e9537b01a7b1442ca2a6342e2d2f97bc d5a20bd17e5542359b450911957703a7 - - default default] 10.0.0.13 "DELETE /v2.0/ports/d81b391b-1f8e-4e63-ab9f-17ad43d13fdd HTTP/1.1" status: 204 len: 168 time: 0.2872708
2026-05-12 12:36:05.021 9 INFO neutron.wsgi [None req-3a743946-eea6-4e7b-8c93-cc823ae32ddf e9537b01a7b1442ca2a6342e2d2f97bc d5a20bd17e5542359b450911957703a7 - - default default] 10.0.0.13 "GET /v2.0/ports HTTP/1.1" status: 200 len: 1729 time: 0.1038160
2026-05-12 12:36:05.054 9 INFO neutron.pecan_wsgi.hooks.translation [None req-64136021-e085-47ad-bf07-d5d212e5d9ce e9537b01a7b1442ca2a6342e2d2f97bc d5a20bd17e5542359b450911957703a7 - - default default] GET failed (client error): The resource could not be found.
2026-05-12 12:36:05.056 9 INFO neutron.wsgi [None req-64136021-e085-47ad-bf07-d5d212e5d9ce e9537b01a7b1442ca2a6342e2d2f97bc d5a20bd17e5542359b450911957703a7 - - default default] 10.0.0.13 "GET /v2.0/ports/d81b391b-1f8e-4e63-ab9f-17ad43d13fdd HTTP/1.1" status: 404 len: 333 time: 0.0282819
2026-05-12 12:36:05.112 9 INFO neutron.wsgi [None req-065d37ba-2445-4cbe-87a9-c573a8e924b9 e9537b01a7b1442ca2a6342e2d2f97bc d5a20bd17e5542359b450911957703a7 - - default default] 10.0.0.13 "GET /v2.0/ports HTTP/1.1" status: 200 len: 1729 time: 0.0454304
2026-05-12 12:36:05.166 9 INFO neutron.wsgi [None req-50cf07f9-4e06-4a1d-8933-d2851bebe0ab e9537b01a7b1442ca2a6342e2d2f97bc d5a20bd17e5542359b450911957703a7 - - default default] 10.0.0.13 "GET /v2.0/ports/8cb7a0cd-d5a9-451d-810f-8467afa65aa5 HTTP/1.1" status: 200 len: 969 time: 0.0481234
2026-05-12 12:36:05.191 9 INFO neutron.pecan_wsgi.hooks.translation [None req-be3b698c-feae-45d6-9eab-6114553c8ae0 e9537b01a7b1442ca2a6342e2d2f97bc d5a20bd17e5542359b450911957703a7 - - default default] DELETE failed (client error): The resource could not be found.
2026-05-12 12:36:05.193 9 INFO neutron.wsgi [None req-be3b698c-feae-45d6-9eab-6114553c8ae0 e9537b01a7b1442ca2a6342e2d2f97bc d5a20bd17e5542359b450911957703a7 - - default default] 10.0.0.13 "DELETE /v2.0/ports/1fc22e6d-c3f3-493b-9d19-862e8070ae52 HTTP/1.1" status: 404 len: 333 time: 0.0205531
2026-05-12 12:36:05.220 9 INFO neutron.pecan_wsgi.hooks.translation [None req-e93e8570-86dd-43b4-94cf-6a4b576df02f e9537b01a7b1442ca2a6342e2d2f97bc d5a20bd17e5542359b450911957703a7 - - default default] DELETE failed (client error): The resource could not be found.
2026-05-12 12:36:05.222 9 INFO neutron.wsgi [None req-e93e8570-86dd-43b4-94cf-6a4b576df02f e9537b01a7b1442ca2a6342e2d2f97bc d5a20bd17e5542359b450911957703a7 - - default default] 10.0.0.13 "DELETE /v2.0/subnets/1d207898-7355-4a68-89bc-2a9da78aae8f HTTP/1.1" status: 404 len: 337 time: 0.0221910
2026-05-12 12:36:05.245 9 INFO neutron.pecan_wsgi.hooks.translation [None req-1f109f87-feb1-439c-bb18-fbdb834cff83 e9537b01a7b1442ca2a6342e2d2f97bc d5a20bd17e5542359b450911957703a7 - - default default] DELETE failed (client error): The resource could not be found.
2026-05-12 12:36:05.248 9 INFO neutron.wsgi [None req-1f109f87-feb1-439c-bb18-fbdb834cff83 e9537b01a7b1442ca2a6342e2d2f97bc d5a20bd17e5542359b450911957703a7 - - default default] 10.0.0.13 "DELETE /v2.0/subnets/9fe53e53-d9a0-4400-a896-4006586e72b2 HTTP/1.1" status: 404 len: 337 time: 0.0192990
2026-05-12 12:36:05.532 9 INFO neutron.wsgi [None req-c1dd8ebb-b878-4701-8b2d-9cb2ea1ef5d3 e9537b01a7b1442ca2a6342e2d2f97bc d5a20bd17e5542359b450911957703a7 - - default default] 10.0.0.13 "DELETE /v2.0/ports/8cb7a0cd-d5a9-451d-810f-8467afa65aa5 HTTP/1.1" status: 204 len: 168 time: 0.2774043
2026-05-12 12:36:06.009 9 INFO neutron.services.segments.plugin [-] Segment a5082578-fee9-43e7-94cf-6ac10b41c61f resource provider aggregate not found
2026-05-12 12:36:06.015 9 INFO neutron.services.segments.plugin [-] Segment a5082578-fee9-43e7-94cf-6ac10b41c61f resource provider aggregate not found
2026-05-12 12:36:06.035 9 INFO neutron.services.segments.plugin [-] Segment a5082578-fee9-43e7-94cf-6ac10b41c61f resource provider not found; error: Placement Client Error (4xx): {"errors": [{"status": 404, "title": "Not Found", "detail": "The resource could not be found.\n\n No resource provider with uuid a5082578-fee9-43e7-94cf-6ac10b41c61f found for delete ", "request_id": "req-fe618f16-9792-42b8-ba94-822b85601de1"}]}
2026-05-12 12:36:06.036 9 INFO neutron.services.segments.plugin [-] Segment a5082578-fee9-43e7-94cf-6ac10b41c61f resource provider not found; error: Placement Client Error (4xx): {"errors": [{"status": 404, "title": "Not Found", "detail": "The resource could not be found.\n\n No resource provider with uuid a5082578-fee9-43e7-94cf-6ac10b41c61f found for delete ", "request_id": "req-34984383-f9f9-4db6-bd44-af3785bd3b34"}]}
2026-05-12 12:36:06.060 9 INFO neutron.wsgi [None req-210e788a-d16b-4df9-ba01-ff03f4a5ea36 e9537b01a7b1442ca2a6342e2d2f97bc d5a20bd17e5542359b450911957703a7 - - default default] 10.0.0.13 "DELETE /v2.0/networks/7f5c156e-60e2-4858-9680-e98163282d44 HTTP/1.1" status: 204 len: 168 time: 0.5225565
2026-05-12 12:36:06.586 9 INFO neutron.db.ovn_revision_numbers_db [None req-5a303341-6794-436d-985d-bf10990b2533 2ce7e2edef364c42b06cdf2bc98b66f0 6dbdf5d786b74831b82d34a23f4ace84 - - default default] Successfully bumped revision number for resource 04e6968a-fa23-47c6-b50c-f799a6575264 (type: security_groups) to 1
2026-05-12 12:36:06.600 9 INFO neutron.db.ovn_revision_numbers_db [None req-5a303341-6794-436d-985d-bf10990b2533 2ce7e2edef364c42b06cdf2bc98b66f0 6dbdf5d786b74831b82d34a23f4ace84 - - default default] Successfully bumped revision number for resource 30fd25b7-ef0e-4c13-b5f0-fe4315a24cc3 (type: security_group_rules) to 0
2026-05-12 12:36:06.619 9 INFO neutron.db.ovn_revision_numbers_db [None req-5a303341-6794-436d-985d-bf10990b2533 2ce7e2edef364c42b06cdf2bc98b66f0 6dbdf5d786b74831b82d34a23f4ace84 - - default default] Successfully bumped revision number for resource 3bad4269-04dc-4975-bc5d-52e1b269fe02 (type: security_group_rules) to 0
2026-05-12 12:36:06.639 9 INFO neutron.db.ovn_revision_numbers_db [None req-5a303341-6794-436d-985d-bf10990b2533 2ce7e2edef364c42b06cdf2bc98b66f0 6dbdf5d786b74831b82d34a23f4ace84 - - default default] Successfully bumped revision number for resource 88623f15-c973-4025-be50-f0c8565615c2 (type: security_group_rules) to 0
2026-05-12 12:36:06.664 9 INFO neutron.db.ovn_revision_numbers_db [None req-5a303341-6794-436d-985d-bf10990b2533 2ce7e2edef364c42b06cdf2bc98b66f0 6dbdf5d786b74831b82d34a23f4ace84 - - default default] Successfully bumped revision number for resource ddc7d1e1-582b-4cf2-9a92-b4eba3dda643 (type: security_group_rules) to 0
2026-05-12 12:36:06.712 9 INFO neutron.wsgi [None req-5a303341-6794-436d-985d-bf10990b2533 2ce7e2edef364c42b06cdf2bc98b66f0 6dbdf5d786b74831b82d34a23f4ace84 - - default default] 10.0.0.13 "GET /v2.0/security-groups?tenant_id=583273692d1c4f0b830dc7eab387f5ac&name=default HTTP/1.1" status: 200 len: 2996 time: 0.5009694
2026-05-12 12:36:06.812 9 INFO neutron.wsgi [None req-a67c92f5-b5ad-4365-bfa5-556da7bc1af3 2ce7e2edef364c42b06cdf2bc98b66f0 6dbdf5d786b74831b82d34a23f4ace84 - - default default] 10.0.0.13 "GET /v2.0/security-groups?tenant_id=d5a20bd17e5542359b450911957703a7&name=default HTTP/1.1" status: 200 len: 2996 time: 0.2098751
2026-05-12 12:36:06.975 9 INFO neutron.wsgi [None req-46dae1e2-a482-4972-af60-de7f6c6f66c7 2ce7e2edef364c42b06cdf2bc98b66f0 6dbdf5d786b74831b82d34a23f4ace84 - - default default] 10.0.0.13 "DELETE /v2.0/security-groups/04e6968a-fa23-47c6-b50c-f799a6575264 HTTP/1.1" status: 204 len: 168 time: 0.2523050
2026-05-12 12:36:07.045 9 INFO neutron.wsgi [None req-be3fcdcb-3912-410b-a0f1-0b4d58c73bca 2ce7e2edef364c42b06cdf2bc98b66f0 6dbdf5d786b74831b82d34a23f4ace84 - - default default] 10.0.0.13 "DELETE /v2.0/security-groups/c23ad0ea-2f47-4ac5-98f2-ed333bb27402 HTTP/1.1" status: 204 len: 168 time: 0.2267439
2026-05-12 12:36:07.251 9 INFO neutron.db.ovn_revision_numbers_db [None req-e35e1ef3-6714-44d0-8c01-1aef63eb971d 2ce7e2edef364c42b06cdf2bc98b66f0 6dbdf5d786b74831b82d34a23f4ace84 - - default default] Successfully bumped revision number for resource d09e1131-f004-4b89-9af7-ff8f2e121144 (type: security_groups) to 1
2026-05-12 12:36:07.267 9 INFO neutron.db.ovn_revision_numbers_db [None req-e35e1ef3-6714-44d0-8c01-1aef63eb971d 2ce7e2edef364c42b06cdf2bc98b66f0 6dbdf5d786b74831b82d34a23f4ace84 - - default default] Successfully bumped revision number for resource 2994b80f-6b81-4387-8e61-387f0ac3c129 (type: security_group_rules) to 0
2026-05-12 12:36:07.282 9 INFO neutron.db.ovn_revision_numbers_db [None req-e35e1ef3-6714-44d0-8c01-1aef63eb971d 2ce7e2edef364c42b06cdf2bc98b66f0 6dbdf5d786b74831b82d34a23f4ace84 - - default default] Successfully bumped revision number for resource 3907334a-6e70-4e7b-94d4-6ce3d591f79d (type: security_group_rules) to 0
2026-05-12 12:36:07.304 9 INFO neutron.db.ovn_revision_numbers_db [None req-e35e1ef3-6714-44d0-8c01-1aef63eb971d 2ce7e2edef364c42b06cdf2bc98b66f0 6dbdf5d786b74831b82d34a23f4ace84 - - default default] Successfully bumped revision number for resource 769e0959-9064-4c38-b916-0ce22dcb4858 (type: security_group_rules) to 0
2026-05-12 12:36:07.325 9 INFO neutron.db.ovn_revision_numbers_db [None req-e35e1ef3-6714-44d0-8c01-1aef63eb971d 2ce7e2edef364c42b06cdf2bc98b66f0 6dbdf5d786b74831b82d34a23f4ace84 - - default default] Successfully bumped revision number for resource fde271a0-49e3-47ef-b2e5-2bcf1b5bb865 (type: security_group_rules) to 0
2026-05-12 12:36:07.361 9 INFO neutron.wsgi [None req-e35e1ef3-6714-44d0-8c01-1aef63eb971d 2ce7e2edef364c42b06cdf2bc98b66f0 6dbdf5d786b74831b82d34a23f4ace84 - - default default] 10.0.0.13 "GET /v2.0/security-groups?tenant_id=ef69252552514741a5e00767b5c8a3e2&name=default HTTP/1.1" status: 200 len: 2996 time: 0.2519529
2026-05-12 12:36:07.620 9 INFO neutron.wsgi [None req-05e68359-f9cc-4a3c-9c10-adbe9881d673 2ce7e2edef364c42b06cdf2bc98b66f0 6dbdf5d786b74831b82d34a23f4ace84 - - default default] 10.0.0.13 "DELETE /v2.0/security-groups/d09e1131-f004-4b89-9af7-ff8f2e121144 HTTP/1.1" status: 204 len: 168 time: 0.2527370
2026-05-12 12:36:08.536 9 INFO neutron.db.ovn_revision_numbers_db [None req-8c1e5b50-9c8b-4077-b344-0d524f4108c5 2ce7e2edef364c42b06cdf2bc98b66f0 6dbdf5d786b74831b82d34a23f4ace84 - - default default] Successfully bumped revision number for resource ea814716-5c9c-4a18-8d0a-a092a526116f (type: security_groups) to 1
2026-05-12 12:36:08.553 9 INFO neutron.db.ovn_revision_numbers_db [None req-8c1e5b50-9c8b-4077-b344-0d524f4108c5 2ce7e2edef364c42b06cdf2bc98b66f0 6dbdf5d786b74831b82d34a23f4ace84 - - default default] Successfully bumped revision number for resource 01f914ba-5cfc-4464-a8e7-41671f069602 (type: security_group_rules) to 0
2026-05-12 12:36:08.569 9 INFO neutron.db.ovn_revision_numbers_db [None req-8c1e5b50-9c8b-4077-b344-0d524f4108c5 2ce7e2edef364c42b06cdf2bc98b66f0 6dbdf5d786b74831b82d34a23f4ace84 - - default default] Successfully bumped revision number for resource 84e52448-1247-48b4-9bbb-a90870dad3ec (type: security_group_rules) to 0
2026-05-12 12:36:08.585 9 INFO neutron.db.ovn_revision_numbers_db [None req-8c1e5b50-9c8b-4077-b344-0d524f4108c5 2ce7e2edef364c42b06cdf2bc98b66f0 6dbdf5d786b74831b82d34a23f4ace84 - - default default] Successfully bumped revision number for resource b1b61c3b-5e7a-47c1-aea2-1442a9836d1b (type: security_group_rules) to 0
2026-05-12 12:36:08.600 9 INFO neutron.db.ovn_revision_numbers_db [None req-8c1e5b50-9c8b-4077-b344-0d524f4108c5 2ce7e2edef364c42b06cdf2bc98b66f0 6dbdf5d786b74831b82d34a23f4ace84 - - default default] Successfully bumped revision number for resource efce1f0f-6ca4-4046-884f-a08f4c7a118b (type: security_group_rules) to 0
2026-05-12 12:36:08.633 9 INFO neutron.wsgi [None req-8c1e5b50-9c8b-4077-b344-0d524f4108c5 2ce7e2edef364c42b06cdf2bc98b66f0 6dbdf5d786b74831b82d34a23f4ace84 - - default default] 10.0.0.13 "GET /v2.0/security-groups?tenant_id=9ecb02dca2c347d0a5b0ad19a0c458ea&name=default HTTP/1.1" status: 200 len: 2996 time: 0.5046091
2026-05-12 12:36:08.690 10 INFO neutron.wsgi [-] 10.0.0.208 "GET / HTTP/1.1" status: 200 len: 247 time: 0.0027108
2026-05-12 12:36:08.693 10 INFO neutron.wsgi [-] 10.0.0.208 "GET / HTTP/1.1" status: 200 len: 247 time: 0.0014277
2026-05-12 12:36:08.873 9 INFO neutron.wsgi [None req-205f3428-d526-4600-b60e-4374d07f8d97 2ce7e2edef364c42b06cdf2bc98b66f0 6dbdf5d786b74831b82d34a23f4ace84 - - default default] 10.0.0.13 "DELETE /v2.0/security-groups/ea814716-5c9c-4a18-8d0a-a092a526116f HTTP/1.1" status: 204 len: 168 time: 0.2346995
2026-05-12 12:36:09.145 9 INFO neutron.db.ovn_revision_numbers_db [None req-3d17cbb7-8c46-4b05-a319-a12b08cb3d32 2ce7e2edef364c42b06cdf2bc98b66f0 6dbdf5d786b74831b82d34a23f4ace84 - - default default] Successfully bumped revision number for resource 64aab7e7-7505-4b0e-b042-6419594a709e (type: security_groups) to 1
2026-05-12 12:36:09.163 9 INFO neutron.db.ovn_revision_numbers_db [None req-3d17cbb7-8c46-4b05-a319-a12b08cb3d32 2ce7e2edef364c42b06cdf2bc98b66f0 6dbdf5d786b74831b82d34a23f4ace84 - - default default] Successfully bumped revision number for resource 33400030-e64d-4f45-922b-e8f01f03a6bc (type: security_group_rules) to 0
2026-05-12 12:36:09.182 9 INFO neutron.db.ovn_revision_numbers_db [None req-3d17cbb7-8c46-4b05-a319-a12b08cb3d32 2ce7e2edef364c42b06cdf2bc98b66f0 6dbdf5d786b74831b82d34a23f4ace84 - - default default] Successfully bumped revision number for resource 6536f400-91bd-4633-bbc1-6803417f4e01 (type: security_group_rules) to 0
2026-05-12 12:36:09.204 9 INFO neutron.db.ovn_revision_numbers_db [None req-3d17cbb7-8c46-4b05-a319-a12b08cb3d32 2ce7e2edef364c42b06cdf2bc98b66f0 6dbdf5d786b74831b82d34a23f4ace84 - - default default] Successfully bumped revision number for resource a4fe1a36-bb2d-40c0-b619-7d38f39e995c (type: security_group_rules) to 0
2026-05-12 12:36:09.229 9 INFO neutron.db.ovn_revision_numbers_db [None req-3d17cbb7-8c46-4b05-a319-a12b08cb3d32 2ce7e2edef364c42b06cdf2bc98b66f0 6dbdf5d786b74831b82d34a23f4ace84 - - default default] Successfully bumped revision number for resource e314370d-c875-42f3-9e88-cd00360052bd (type: security_group_rules) to 0
2026-05-12 12:36:09.258 9 INFO neutron.wsgi [None req-3d17cbb7-8c46-4b05-a319-a12b08cb3d32 2ce7e2edef364c42b06cdf2bc98b66f0 6dbdf5d786b74831b82d34a23f4ace84 - - default default] 10.0.0.13 "GET /v2.0/security-groups?tenant_id=eda0ec48190947728db755848e7391e0&name=default HTTP/1.1" status: 200 len: 2996 time: 0.4880345 /var/lib/openstack/lib/python3.10/site-packages/pycadf/identifier.py:71: UserWarning: Invalid uuid: neutron. To ensure interoperability, identifiers should be a valid uuid. warnings.warn(('Invalid uuid: %s. To ensure interoperability, '
2026-05-12 12:36:09.422 10 WARNING neutron_lib.context [None req-ee60323b-954c-4c81-bb6a-c76550a1e23b 4d5883b7a3224fafbc098c6590274d64 bc515655b8ea476fb68a9766f83d1119 - - default default] Method 'is_advsvc' is deprecated since 2023.2 release (neutron-lib 3.8.0) and will be removed once support for the old RBAC API policies will be removed from Neutron. Please use method 'is_service_role' instead.
2026-05-12 12:36:09.514 10 INFO neutron.wsgi [None req-783c1289-6b06-4905-97a6-1d3f8b5c730e 2ce7e2edef364c42b06cdf2bc98b66f0 6dbdf5d786b74831b82d34a23f4ace84 - - default default] 10.0.0.13 "DELETE /v2.0/security-groups/64aab7e7-7505-4b0e-b042-6419594a709e HTTP/1.1" status: 204 len: 168 time: 0.2488053
2026-05-12 12:36:09.573 10 INFO neutron.db.ovn_revision_numbers_db [None req-ee60323b-954c-4c81-bb6a-c76550a1e23b 4d5883b7a3224fafbc098c6590274d64 bc515655b8ea476fb68a9766f83d1119 - - default default] Successfully bumped revision number for resource de6a7018-2049-45a4-8052-d526646278ee (type: security_groups) to 1
2026-05-12 12:36:09.586 10 INFO neutron.db.ovn_revision_numbers_db [None req-ee60323b-954c-4c81-bb6a-c76550a1e23b 4d5883b7a3224fafbc098c6590274d64 bc515655b8ea476fb68a9766f83d1119 - - default default] Successfully bumped revision number for resource 16978fe7-60c8-4f2c-be4c-e6441a66403e (type: security_group_rules) to 0
2026-05-12 12:36:09.601 10 INFO neutron.db.ovn_revision_numbers_db [None req-ee60323b-954c-4c81-bb6a-c76550a1e23b 4d5883b7a3224fafbc098c6590274d64 bc515655b8ea476fb68a9766f83d1119 - - default default] Successfully bumped revision number for resource 383b76df-7b2d-4dee-901d-aab5a7bf1847 (type: security_group_rules) to 0
2026-05-12 12:36:09.630 10 INFO neutron.db.ovn_revision_numbers_db [None req-ee60323b-954c-4c81-bb6a-c76550a1e23b 4d5883b7a3224fafbc098c6590274d64 bc515655b8ea476fb68a9766f83d1119 - - default default] Successfully bumped revision number for resource 8c267579-6393-4451-b8df-10fd34a91c20 (type: security_group_rules) to 0
2026-05-12 12:36:09.647 10 INFO neutron.db.ovn_revision_numbers_db [None req-ee60323b-954c-4c81-bb6a-c76550a1e23b 4d5883b7a3224fafbc098c6590274d64 bc515655b8ea476fb68a9766f83d1119 - - default default] Successfully bumped revision number for resource f8f1e4c6-b39a-411e-a151-2c921da514e8 (type: security_group_rules) to 0
2026-05-12 12:36:09.715 10 INFO neutron.db.segments_db [None req-ee60323b-954c-4c81-bb6a-c76550a1e23b 4d5883b7a3224fafbc098c6590274d64 bc515655b8ea476fb68a9766f83d1119 - - default default] Added segment d899f338-3984-426d-9306-b094a54e8f7d of type geneve for network 35f22175-7e22-456a-93bf-e0d026aa1a84
2026-05-12 12:36:09.758 9 INFO neutron.db.ovn_revision_numbers_db [None req-c7476e57-523e-4032-a4ef-e07510e09c83 2ce7e2edef364c42b06cdf2bc98b66f0 6dbdf5d786b74831b82d34a23f4ace84 - - default default] Successfully bumped revision number for resource 9480e2c3-c998-4795-838b-51739d223d0f (type: security_groups) to 1
2026-05-12 12:36:09.771 9 INFO neutron.db.ovn_revision_numbers_db [None req-c7476e57-523e-4032-a4ef-e07510e09c83 2ce7e2edef364c42b06cdf2bc98b66f0 6dbdf5d786b74831b82d34a23f4ace84 - - default default] Successfully bumped revision number for resource 47a27079-23a7-4833-b1f3-39978c8b5b6f (type: security_group_rules) to 0
2026-05-12 12:36:09.785 9 INFO neutron.db.ovn_revision_numbers_db [None req-c7476e57-523e-4032-a4ef-e07510e09c83 2ce7e2edef364c42b06cdf2bc98b66f0 6dbdf5d786b74831b82d34a23f4ace84 - - default default] Successfully bumped revision number for resource 4bd3bc28-9684-4c62-9bc9-d3fc9397557c (type: security_group_rules) to 0
2026-05-12 12:36:09.802 9 INFO neutron.db.ovn_revision_numbers_db [None req-c7476e57-523e-4032-a4ef-e07510e09c83 2ce7e2edef364c42b06cdf2bc98b66f0 6dbdf5d786b74831b82d34a23f4ace84 - - default default] Successfully bumped revision number for resource 855041de-9d36-4816-8aa4-d71809e3c7c2 (type: security_group_rules) to 0
2026-05-12 12:36:09.818 9 INFO neutron.db.ovn_revision_numbers_db [None req-c7476e57-523e-4032-a4ef-e07510e09c83 2ce7e2edef364c42b06cdf2bc98b66f0 6dbdf5d786b74831b82d34a23f4ace84 - - default default] Successfully bumped revision number for resource eb50a3cf-ac12-4a85-a0ad-77179acef3bb (type: security_group_rules) to 0
2026-05-12 12:36:09.850 9 INFO neutron.wsgi [None req-c7476e57-523e-4032-a4ef-e07510e09c83 2ce7e2edef364c42b06cdf2bc98b66f0 6dbdf5d786b74831b82d34a23f4ace84 - - default default] 10.0.0.13 "GET /v2.0/security-groups?tenant_id=cff54ff0b94c497dab8529ca0c5c27d6&name=default HTTP/1.1" status: 200 len: 2996 time: 0.2289686
2026-05-12 12:36:09.891 10 INFO neutron.db.ovn_revision_numbers_db [None req-ee60323b-954c-4c81-bb6a-c76550a1e23b 4d5883b7a3224fafbc098c6590274d64 bc515655b8ea476fb68a9766f83d1119 - - default default] Successfully bumped revision number for resource 35f22175-7e22-456a-93bf-e0d026aa1a84 (type: networks) to 1
2026-05-12 12:36:10.087 9 INFO neutron.wsgi [None req-3dbdedd5-0f8f-43ab-a00a-39e035ab2155 2ce7e2edef364c42b06cdf2bc98b66f0 6dbdf5d786b74831b82d34a23f4ace84 - - default default] 10.0.0.13 "DELETE /v2.0/security-groups/9480e2c3-c998-4795-838b-51739d223d0f HTTP/1.1" status: 204 len: 168 time: 0.2310700
2026-05-12 12:36:10.101 10 WARNING neutron.scheduler.dhcp_agent_scheduler [None req-ee60323b-954c-4c81-bb6a-c76550a1e23b 4d5883b7a3224fafbc098c6590274d64 bc515655b8ea476fb68a9766f83d1119 - - default default] No more DHCP agents
2026-05-12 12:36:10.102 10 WARNING neutron.api.rpc.agentnotifiers.dhcp_rpc_agent_api [None req-ee60323b-954c-4c81-bb6a-c76550a1e23b 4d5883b7a3224fafbc098c6590274d64 bc515655b8ea476fb68a9766f83d1119 - - default default] Unable to schedule network 35f22175-7e22-456a-93bf-e0d026aa1a84: no agents available; will retry on subsequent port and subnet creation events.
2026-05-12 12:36:10.181 10 INFO neutron.db.ovn_revision_numbers_db [None req-ee60323b-954c-4c81-bb6a-c76550a1e23b 4d5883b7a3224fafbc098c6590274d64 bc515655b8ea476fb68a9766f83d1119 - - default default] Successfully bumped revision number for resource 77a50910-f926-40dd-a168-8a640135f9d9 (type: ports) to 1
2026-05-12 12:36:10.202 10 INFO neutron.wsgi [None req-ee60323b-954c-4c81-bb6a-c76550a1e23b 4d5883b7a3224fafbc098c6590274d64 bc515655b8ea476fb68a9766f83d1119 - - default default] 10.0.0.13 "POST /v2.0/networks HTTP/1.1" status: 201 len: 833 time: 1.0179133
2026-05-12 12:36:10.211 10 WARNING neutron_lib.context [None req-a5bbdf40-d497-400b-85d8-95918d287321 4d5883b7a3224fafbc098c6590274d64 bc515655b8ea476fb68a9766f83d1119 - - default default] Method 'is_advsvc' is deprecated since 2023.2 release (neutron-lib 3.8.0) and will be removed once support for the old RBAC API policies will be removed from Neutron. Please use method 'is_service_role' instead.
2026-05-12 12:36:10.295 10 INFO neutron.db.segments_db [None req-a5bbdf40-d497-400b-85d8-95918d287321 4d5883b7a3224fafbc098c6590274d64 bc515655b8ea476fb68a9766f83d1119 - - default default] Added segment 8e0e3037-3259-4b45-97ae-1e03c396a205 of type geneve for network 23089598-299f-4b8c-bb19-e2d97e92ffea
