2026-05-12 12:35:45.290 10 INFO neutron.services.segments.plugin [-] Segment 4939ce35-6173-4bed-b519-687a11b6c29a resource provider not found; error: Placement Client Error (4xx): {"errors": [{"status": 404, "title": "Not Found", "detail": "The resource could not be found.\n\n No resource provider with uuid 4939ce35-6173-4bed-b519-687a11b6c29a found for delete ", "request_id": "req-bd2e88fb-7dc7-4bff-ad1f-02c37692fe9f"}]}
2026-05-12 12:35:45.324 10 INFO neutron.db.ovn_revision_numbers_db [None req-a992e580-43af-4828-b5a9-737cae485365 93dd6a8666c14deab558777a65e89ef2 d0240615c95d4dc2bc99aa6f17407685 - - default default] Successfully bumped revision number for resource dcbf85b1-96fd-439f-91d5-e8836eebde1d (type: ports) to 1
2026-05-12 12:35:45.336 10 INFO neutron.wsgi [None req-2ffce00b-2d8f-415c-a968-f65f0353d0ea 9b7a42ad08d740a99a8c466cbfa55b29 940b11226b054a0595fb97baea9d308b - - default default] 10.0.0.13 "DELETE /v2.0/networks/95093f51-1786-4943-afd7-29c3d4fcca02 HTTP/1.1" status: 204 len: 168 time: 0.6574106
2026-05-12 12:35:45.348 9 WARNING neutron_lib.context [None req-ab48bb91-8e90-425d-9725-28aef9cf8bc6 9b7a42ad08d740a99a8c466cbfa55b29 940b11226b054a0595fb97baea9d308b - - default default] Method 'is_advsvc' is deprecated since 2023.2 release (neutron-lib 3.8.0) and will be removed once support for the old RBAC API policies will be removed from Neutron. Please use method 'is_service_role' instead.
2026-05-12 12:35:45.374 10 WARNING neutron.scheduler.dhcp_agent_scheduler [None req-a992e580-43af-4828-b5a9-737cae485365 93dd6a8666c14deab558777a65e89ef2 d0240615c95d4dc2bc99aa6f17407685 - - default default] No more DHCP agents
2026-05-12 12:35:45.377 10 WARNING neutron.api.rpc.agentnotifiers.dhcp_rpc_agent_api [None req-a992e580-43af-4828-b5a9-737cae485365 93dd6a8666c14deab558777a65e89ef2 d0240615c95d4dc2bc99aa6f17407685 - - default default] Unable to schedule network 0136466e-e8a3-441d-9c1f-f9f011c054ec: no agents available; will retry on subsequent port and subnet creation events. /var/lib/openstack/lib/python3.10/site-packages/pycadf/identifier.py:71: UserWarning: Invalid uuid: neutron. To ensure interoperability, identifiers should be a valid uuid. warnings.warn(('Invalid uuid: %s. To ensure interoperability, '
2026-05-12 12:35:45.489 10 INFO neutron.wsgi [req-1dd22918-2969-410c-909d-0c7b1dde387a req-4e914e50-aeb8-4721-a62b-f6ce667f6526 e585a930103e40178781336357881e4d 151b8bb81ca74794bc98a04b84638a52 - - default default] 10.0.0.175 "GET /v2.0/ports?device_id=dde5cc15-a0c2-4094-ac18-91ca9c9f566d HTTP/1.1" status: 200 len: 210 time: 0.0437582
2026-05-12 12:35:45.547 10 INFO neutron.db.ovn_revision_numbers_db [None req-a992e580-43af-4828-b5a9-737cae485365 93dd6a8666c14deab558777a65e89ef2 d0240615c95d4dc2bc99aa6f17407685 - - default default] Successfully bumped revision number for resource 06b4420e-63d3-4144-ba3f-1048879b04ed (type: ports) to 1
2026-05-12 12:35:45.580 10 INFO neutron.wsgi [None req-a992e580-43af-4828-b5a9-737cae485365 93dd6a8666c14deab558777a65e89ef2 d0240615c95d4dc2bc99aa6f17407685 - - default default] 10.0.0.13 "POST /v2.0/ports HTTP/1.1" status: 201 len: 1705 time: 1.1732988
2026-05-12 12:35:45.742 10 INFO neutron.wsgi [None req-5c4d9ebe-caa6-4a39-a58e-1c0efd6e5c66 93dd6a8666c14deab558777a65e89ef2 d0240615c95d4dc2bc99aa6f17407685 - - default default] 10.0.0.13 "GET /v2.0/ports HTTP/1.1" status: 200 len: 3212 time: 0.1560736
2026-05-12 12:35:45.768 10 WARNING neutron.scheduler.dhcp_agent_scheduler [req-70976443-7aa5-471d-aff5-40d17e9ed685 req-3a234f5f-1976-4ea8-9e99-f5d161e17fed e585a930103e40178781336357881e4d 151b8bb81ca74794bc98a04b84638a52 - - default default] No more DHCP agents
2026-05-12 12:35:45.772 10 WARNING neutron.api.rpc.agentnotifiers.dhcp_rpc_agent_api [req-70976443-7aa5-471d-aff5-40d17e9ed685 req-3a234f5f-1976-4ea8-9e99-f5d161e17fed e585a930103e40178781336357881e4d 151b8bb81ca74794bc98a04b84638a52 - - default default] Unable to schedule network b4db9fa3-8349-497a-aa64-0e706362dda3: no agents available; will retry on subsequent port and subnet creation events.
2026-05-12 12:35:45.815 9 INFO neutron.db.segments_db [None req-ab48bb91-8e90-425d-9725-28aef9cf8bc6 9b7a42ad08d740a99a8c466cbfa55b29 940b11226b054a0595fb97baea9d308b - - default default] Added segment 76390b15-77dd-416d-957b-e57836813de2 of type geneve for network 7f7cce00-6a22-45c6-a074-c3d6189a9bac
2026-05-12 12:35:45.961 10 INFO neutron.db.ovn_revision_numbers_db [req-70976443-7aa5-471d-aff5-40d17e9ed685 req-3a234f5f-1976-4ea8-9e99-f5d161e17fed e585a930103e40178781336357881e4d 151b8bb81ca74794bc98a04b84638a52 - - default default] Successfully bumped revision number for resource 65674cb7-5432-4259-8734-31d83954ea93 (type: ports) to 1
2026-05-12 12:35:45.968 9 INFO neutron.wsgi [None req-ddb7c8d4-bb78-4f67-b195-c4e095480f2c 9fcc52c85c06427b887795b80418a904 a18b4ef38d0340a6982f51b5a51162df - - default default] 10.0.0.13 "DELETE /v2.0/routers/653b836b-aa8c-4a61-909f-cae79cef75d7 HTTP/1.1" status: 204 len: 168 time: 0.6760497 /var/lib/openstack/lib/python3.10/site-packages/pycadf/identifier.py:71: UserWarning: Invalid uuid: neutron. To ensure interoperability, identifiers should be a valid uuid. warnings.warn(('Invalid uuid: %s. To ensure interoperability, '
2026-05-12 12:35:45.993 10 INFO neutron.wsgi [req-70976443-7aa5-471d-aff5-40d17e9ed685 req-3a234f5f-1976-4ea8-9e99-f5d161e17fed e585a930103e40178781336357881e4d 151b8bb81ca74794bc98a04b84638a52 - - default default] 199.19.213.157 "POST /v2.0/ports HTTP/1.1" status: 201 len: 1158 time: 0.8011801
2026-05-12 12:35:46.103 9 INFO neutron.db.ovn_revision_numbers_db [None req-ab48bb91-8e90-425d-9725-28aef9cf8bc6 9b7a42ad08d740a99a8c466cbfa55b29 940b11226b054a0595fb97baea9d308b - - default default] Successfully bumped revision number for resource 7f7cce00-6a22-45c6-a074-c3d6189a9bac (type: networks) to 1
2026-05-12 12:35:46.200 9 INFO neutron.wsgi [None req-e81d3051-3202-4034-954b-1aa78e51f1ac 93dd6a8666c14deab558777a65e89ef2 d0240615c95d4dc2bc99aa6f17407685 - - default default] 10.0.0.13 "DELETE /v2.0/ports/dcbf85b1-96fd-439f-91d5-e8836eebde1d HTTP/1.1" status: 204 len: 168 time: 0.4507360
2026-05-12 12:35:46.298 10 INFO neutron.wsgi [None req-4d092a42-8ff2-4fb5-b650-045bcd472833 9fcc52c85c06427b887795b80418a904 a18b4ef38d0340a6982f51b5a51162df - - default default] 10.0.0.13 "DELETE /v2.0/subnets/bea90779-8403-4337-b619-a378e4284581 HTTP/1.1" status: 204 len: 168 time: 0.3259139
2026-05-12 12:35:46.342 9 WARNING neutron.scheduler.dhcp_agent_scheduler [None req-ab48bb91-8e90-425d-9725-28aef9cf8bc6 9b7a42ad08d740a99a8c466cbfa55b29 940b11226b054a0595fb97baea9d308b - - default default] No more DHCP agents
2026-05-12 12:35:46.354 9 WARNING neutron.api.rpc.agentnotifiers.dhcp_rpc_agent_api [None req-ab48bb91-8e90-425d-9725-28aef9cf8bc6 9b7a42ad08d740a99a8c466cbfa55b29 940b11226b054a0595fb97baea9d308b - - default default] Unable to schedule network 7f7cce00-6a22-45c6-a074-c3d6189a9bac: no agents available; will retry on subsequent port and subnet creation events.
2026-05-12 12:35:46.465 9 INFO neutron.db.ovn_revision_numbers_db [None req-ab48bb91-8e90-425d-9725-28aef9cf8bc6 9b7a42ad08d740a99a8c466cbfa55b29 940b11226b054a0595fb97baea9d308b - - default default] Successfully bumped revision number for resource d35e4051-6ae1-4ab2-99e4-0ac4d7242a5d (type: ports) to 1
2026-05-12 12:35:46.490 9 INFO neutron.wsgi [None req-ab48bb91-8e90-425d-9725-28aef9cf8bc6 9b7a42ad08d740a99a8c466cbfa55b29 940b11226b054a0595fb97baea9d308b - - default default] 10.0.0.13 "POST /v2.0/networks HTTP/1.1" status: 201 len: 835 time: 1.1460259
2026-05-12 12:35:46.509 9 WARNING neutron_lib.context [None req-ce5376bc-474e-4850-8090-cacaeffee07a 9b7a42ad08d740a99a8c466cbfa55b29 940b11226b054a0595fb97baea9d308b - - default default] Method 'is_advsvc' is deprecated since 2023.2 release (neutron-lib 3.8.0) and will be removed once support for the old RBAC API policies will be removed from Neutron. Please use method 'is_service_role' instead.
2026-05-12 12:35:46.555 9 INFO neutron.wsgi [None req-20e726be-5b1c-4583-b2ff-36c01e9deec9 93dd6a8666c14deab558777a65e89ef2 d0240615c95d4dc2bc99aa6f17407685 - - default default] 10.0.0.13 "DELETE /v2.0/ports/06b4420e-63d3-4144-ba3f-1048879b04ed HTTP/1.1" status: 204 len: 168 time: 0.3447630 /var/lib/openstack/lib/python3.10/site-packages/pycadf/identifier.py:71: UserWarning: Invalid uuid: neutron. To ensure interoperability, identifiers should be a valid uuid. warnings.warn(('Invalid uuid: %s. To ensure interoperability, '
2026-05-12 12:35:46.625 10 INFO neutron.wsgi [req-235006e2-dd0f-4ad9-9f24-4d2612ee3413 req-9226c3f0-ce55-4027-aaa9-528da69eeb2b e585a930103e40178781336357881e4d 151b8bb81ca74794bc98a04b84638a52 - - default default] 10.0.0.175 "GET /v2.0/ports?device_id=dde5cc15-a0c2-4094-ac18-91ca9c9f566d HTTP/1.1" status: 200 len: 1168 time: 0.0570049
2026-05-12 12:35:46.656 10 INFO neutron.db.ovn_revision_numbers_db [req-70976443-7aa5-471d-aff5-40d17e9ed685 req-47fac1ba-5eb1-4bf4-a558-e604047002b7 fc29be8e7ecb4bd8bc93870ac5062f04 ee2d8ddb08214e70b9fb08d141b8b884 - - 80b0a9ab3f8643c882ac358e340d6954 80b0a9ab3f8643c882ac358e340d6954] Successfully bumped revision number for resource 65674cb7-5432-4259-8734-31d83954ea93 (type: ports) to 2
2026-05-12 12:35:46.711 9 INFO neutron.wsgi [None req-93f48081-e586-406f-8d98-dac840d7437a 93dd6a8666c14deab558777a65e89ef2 d0240615c95d4dc2bc99aa6f17407685 - - default default] 10.0.0.13 "GET /v2.0/ports HTTP/1.1" status: 200 len: 1718 time: 0.1471255
2026-05-12 12:35:46.716 10 INFO neutron.wsgi [req-235006e2-dd0f-4ad9-9f24-4d2612ee3413 req-c66c99a0-4ec4-48dc-b09e-740341e4a8e4 e585a930103e40178781336357881e4d 151b8bb81ca74794bc98a04b84638a52 - - default default] 10.0.0.175 "GET /v2.0/security-groups?id=0d76a15b-522a-43e6-af79-4d65dea6675e&fields=id&fields=name HTTP/1.1" status: 200 len: 286 time: 0.0799687
2026-05-12 12:35:46.729 9 WARNING neutron_lib.context [None req-1268a7be-39ae-4a14-aa1c-dd788989a5bb 93dd6a8666c14deab558777a65e89ef2 d0240615c95d4dc2bc99aa6f17407685 - - default default] Method 'is_advsvc' is deprecated since 2023.2 release (neutron-lib 3.8.0) and will be removed once support for the old RBAC API policies will be removed from Neutron. Please use method 'is_service_role' instead.
2026-05-12 12:35:46.831 9 INFO neutron.db.segments_db [None req-1268a7be-39ae-4a14-aa1c-dd788989a5bb 93dd6a8666c14deab558777a65e89ef2 d0240615c95d4dc2bc99aa6f17407685 - - default default] Added segment bc981267-b622-4ff0-ad11-a7a8e59569c5 of type geneve for network e5f5a445-70af-4da8-8910-b007763e43fc
2026-05-12 12:35:46.855 10 INFO neutron.wsgi [None req-264f5d56-c643-4b43-9dc9-c488e8785170 9fcc52c85c06427b887795b80418a904 a18b4ef38d0340a6982f51b5a51162df - - default default] 10.0.0.13 "DELETE /v2.0/networks/84900ef7-960c-423c-b8c0-7117fb3cd366 HTTP/1.1" status: 204 len: 168 time: 0.5505800
2026-05-12 12:35:46.860 9 WARNING neutron.scheduler.dhcp_agent_scheduler [None req-ce5376bc-474e-4850-8090-cacaeffee07a 9b7a42ad08d740a99a8c466cbfa55b29 940b11226b054a0595fb97baea9d308b - - default default] No more DHCP agents
2026-05-12 12:35:46.867 9 WARNING neutron.api.rpc.agentnotifiers.dhcp_rpc_agent_api [None req-ce5376bc-474e-4850-8090-cacaeffee07a 9b7a42ad08d740a99a8c466cbfa55b29 940b11226b054a0595fb97baea9d308b - - default default] Unable to schedule network 7f7cce00-6a22-45c6-a074-c3d6189a9bac: no agents available; will retry on subsequent port and subnet creation events. /var/lib/openstack/lib/python3.10/site-packages/pycadf/identifier.py:71: UserWarning: Invalid uuid: neutron. To ensure interoperability, identifiers should be a valid uuid. warnings.warn(('Invalid uuid: %s. To ensure interoperability, '
2026-05-12 12:35:46.877 10 WARNING neutron_lib.context [None req-ebf80995-e5e0-4e4b-9b58-fda360afb280 9fcc52c85c06427b887795b80418a904 a18b4ef38d0340a6982f51b5a51162df - - default default] Method 'is_advsvc' is deprecated since 2023.2 release (neutron-lib 3.8.0) and will be removed once support for the old RBAC API policies will be removed from Neutron. Please use method 'is_service_role' instead.
2026-05-12 12:35:46.917 9 INFO neutron.db.ovn_revision_numbers_db [None req-ce5376bc-474e-4850-8090-cacaeffee07a 9b7a42ad08d740a99a8c466cbfa55b29 940b11226b054a0595fb97baea9d308b - - default default] Successfully bumped revision number for resource d1d5eb5f-bbe2-4df4-96be-95f932814f1e (type: subnets) to 0
2026-05-12 12:35:46.938 9 INFO neutron.wsgi [None req-ce5376bc-474e-4850-8090-cacaeffee07a 9b7a42ad08d740a99a8c466cbfa55b29 940b11226b054a0595fb97baea9d308b - - default default] 10.0.0.13 "POST /v2.0/subnets HTTP/1.1" status: 201 len: 821 time: 0.4363105
2026-05-12 12:35:46.950 9 WARNING neutron_lib.context [None req-3f3763d5-56b8-4f6a-a390-eb8ffbbba5f5 9b7a42ad08d740a99a8c466cbfa55b29 940b11226b054a0595fb97baea9d308b - - default default] Method 'is_advsvc' is deprecated since 2023.2 release (neutron-lib 3.8.0) and will be removed once support for the old RBAC API policies will be removed from Neutron. Please use method 'is_service_role' instead.
2026-05-12 12:35:46.991 10 INFO neutron.db.ovn_revision_numbers_db [req-70976443-7aa5-471d-aff5-40d17e9ed685 req-47fac1ba-5eb1-4bf4-a558-e604047002b7 fc29be8e7ecb4bd8bc93870ac5062f04 ee2d8ddb08214e70b9fb08d141b8b884 - - 80b0a9ab3f8643c882ac358e340d6954 80b0a9ab3f8643c882ac358e340d6954] Successfully bumped revision number for resource 65674cb7-5432-4259-8734-31d83954ea93 (type: ports) to 2
2026-05-12 12:35:47.009 10 INFO neutron.db.segments_db [None req-ebf80995-e5e0-4e4b-9b58-fda360afb280 9fcc52c85c06427b887795b80418a904 a18b4ef38d0340a6982f51b5a51162df - - default default] Added segment 93ebe5bc-f122-457b-8192-050eab46225a of type geneve for network f00e11bd-9442-489a-ab40-893e0d215320
2026-05-12 12:35:47.015 9 INFO neutron.db.ovn_revision_numbers_db [None req-1268a7be-39ae-4a14-aa1c-dd788989a5bb 93dd6a8666c14deab558777a65e89ef2 d0240615c95d4dc2bc99aa6f17407685 - - default default] Successfully bumped revision number for resource e5f5a445-70af-4da8-8910-b007763e43fc (type: networks) to 1
2026-05-12 12:35:47.020 10 INFO neutron.wsgi [req-70976443-7aa5-471d-aff5-40d17e9ed685 req-47fac1ba-5eb1-4bf4-a558-e604047002b7 fc29be8e7ecb4bd8bc93870ac5062f04 ee2d8ddb08214e70b9fb08d141b8b884 - - 80b0a9ab3f8643c882ac358e340d6954 80b0a9ab3f8643c882ac358e340d6954] 199.19.213.157 "PUT /v2.0/ports/65674cb7-5432-4259-8734-31d83954ea93 HTTP/1.1" status: 200 len: 1376 time: 1.0158298
2026-05-12 12:35:47.065 10 INFO neutron.notifiers.nova [-] Nova event matching ['req-e444fe92-9c14-4ac6-b996-45fd1ab5fee9'] response: {'name': 'network-changed', 'server_uuid': 'dde5cc15-a0c2-4094-ac18-91ca9c9f566d', 'tag': '65674cb7-5432-4259-8734-31d83954ea93', 'status': 'completed', 'code': 200}
2026-05-12 12:35:47.111 10 INFO neutron.wsgi [req-70976443-7aa5-471d-aff5-40d17e9ed685 req-bffe78c8-7dd5-4d6f-8194-462eaa13a063 fc29be8e7ecb4bd8bc93870ac5062f04 ee2d8ddb08214e70b9fb08d141b8b884 - - 80b0a9ab3f8643c882ac358e340d6954 80b0a9ab3f8643c882ac358e340d6954] 199.19.213.157 "GET /v2.0/ports?tenant_id=151b8bb81ca74794bc98a04b84638a52&device_id=dde5cc15-a0c2-4094-ac18-91ca9c9f566d HTTP/1.1" status: 200 len: 1407 time: 0.0477350
2026-05-12 12:35:47.165 10 INFO neutron.wsgi [req-70976443-7aa5-471d-aff5-40d17e9ed685 req-1c32f1b3-29f8-41e0-829b-7a23916613cd fc29be8e7ecb4bd8bc93870ac5062f04 ee2d8ddb08214e70b9fb08d141b8b884 - - 80b0a9ab3f8643c882ac358e340d6954 80b0a9ab3f8643c882ac358e340d6954] 199.19.213.157 "GET /v2.0/floatingips?fixed_ip_address=10.100.0.8&port_id=65674cb7-5432-4259-8734-31d83954ea93 HTTP/1.1" status: 200 len: 217 time: 0.0440283
2026-05-12 12:35:47.205 10 INFO neutron.db.ovn_revision_numbers_db [None req-ebf80995-e5e0-4e4b-9b58-fda360afb280 9fcc52c85c06427b887795b80418a904 a18b4ef38d0340a6982f51b5a51162df - - default default] Successfully bumped revision number for resource f00e11bd-9442-489a-ab40-893e0d215320 (type: networks) to 1
2026-05-12 12:35:47.222 10 INFO neutron.wsgi [req-70976443-7aa5-471d-aff5-40d17e9ed685 req-debca631-a9dc-4d08-aacf-4ad97a73167f fc29be8e7ecb4bd8bc93870ac5062f04 ee2d8ddb08214e70b9fb08d141b8b884 - - 80b0a9ab3f8643c882ac358e340d6954 80b0a9ab3f8643c882ac358e340d6954] 199.19.213.157 "GET /v2.0/subnets?id=0960d0af-d7ba-4a11-80a5-5c680afa609b HTTP/1.1" status: 200 len: 870 time: 0.0486560
2026-05-12 12:35:47.251 10 INFO neutron.wsgi [req-70976443-7aa5-471d-aff5-40d17e9ed685 req-2247ed0e-b48a-4b08-a9e6-70c55d9db870 fc29be8e7ecb4bd8bc93870ac5062f04 ee2d8ddb08214e70b9fb08d141b8b884 - - 80b0a9ab3f8643c882ac358e340d6954 80b0a9ab3f8643c882ac358e340d6954] 199.19.213.157 "GET /v2.0/ports?network_id=b4db9fa3-8349-497a-aa64-0e706362dda3&device_owner=network%3Adhcp HTTP/1.1" status: 200 len: 210 time: 0.0214033
2026-05-12 12:35:47.271 9 WARNING neutron.scheduler.dhcp_agent_scheduler [None req-1268a7be-39ae-4a14-aa1c-dd788989a5bb 93dd6a8666c14deab558777a65e89ef2 d0240615c95d4dc2bc99aa6f17407685 - - default default] No more DHCP agents
2026-05-12 12:35:47.276 9 WARNING neutron.api.rpc.agentnotifiers.dhcp_rpc_agent_api [None req-1268a7be-39ae-4a14-aa1c-dd788989a5bb 93dd6a8666c14deab558777a65e89ef2 d0240615c95d4dc2bc99aa6f17407685 - - default default] Unable to schedule network e5f5a445-70af-4da8-8910-b007763e43fc: no agents available; will retry on subsequent port and subnet creation events.
2026-05-12 12:35:47.300 10 INFO neutron.services.segments.plugin [-] Segment 3f307d5d-8b5b-48e9-aa21-5bd918546d0c resource provider aggregate not found
2026-05-12 12:35:47.386 9 WARNING neutron.scheduler.dhcp_agent_scheduler [None req-3f3763d5-56b8-4f6a-a390-eb8ffbbba5f5 9b7a42ad08d740a99a8c466cbfa55b29 940b11226b054a0595fb97baea9d308b - - default default] No more DHCP agents
2026-05-12 12:35:47.388 9 INFO neutron.db.ovn_revision_numbers_db [None req-1268a7be-39ae-4a14-aa1c-dd788989a5bb 93dd6a8666c14deab558777a65e89ef2 d0240615c95d4dc2bc99aa6f17407685 - - default default] Successfully bumped revision number for resource 41af2a58-0027-4823-9069-16f1e91c1299 (type: ports) to 1
2026-05-12 12:35:47.391 9 WARNING neutron.api.rpc.agentnotifiers.dhcp_rpc_agent_api [None req-3f3763d5-56b8-4f6a-a390-eb8ffbbba5f5 9b7a42ad08d740a99a8c466cbfa55b29 940b11226b054a0595fb97baea9d308b - - default default] Unable to schedule network 7f7cce00-6a22-45c6-a074-c3d6189a9bac: no agents available; will retry on subsequent port and subnet creation events.
2026-05-12 12:35:47.420 9 INFO neutron.wsgi [None req-1268a7be-39ae-4a14-aa1c-dd788989a5bb 93dd6a8666c14deab558777a65e89ef2 d0240615c95d4dc2bc99aa6f17407685 - - default default] 10.0.0.13 "POST /v2.0/networks HTTP/1.1" status: 201 len: 852 time: 0.6969981
2026-05-12 12:35:47.438 9 WARNING neutron_lib.context [None req-de349298-1ccb-47fd-8346-2529fefd2086 93dd6a8666c14deab558777a65e89ef2 d0240615c95d4dc2bc99aa6f17407685 - - default default] Method 'is_advsvc' is deprecated since 2023.2 release (neutron-lib 3.8.0) and will be removed once support for the old RBAC API policies will be removed from Neutron. Please use method 'is_service_role' instead.
2026-05-12 12:35:47.541 9 INFO neutron.db.ovn_revision_numbers_db [None req-3f3763d5-56b8-4f6a-a390-eb8ffbbba5f5 9b7a42ad08d740a99a8c466cbfa55b29 940b11226b054a0595fb97baea9d308b - - default default] Successfully bumped revision number for resource 073f8adc-3897-44ef-85ab-316b74e51ed1 (type: ports) to 1
2026-05-12 12:35:47.563 9 INFO neutron.db.segments_db [None req-de349298-1ccb-47fd-8346-2529fefd2086 93dd6a8666c14deab558777a65e89ef2 d0240615c95d4dc2bc99aa6f17407685 - - default default] Added segment 26797d04-fadc-456a-81d4-7d55d2bee1e2 of type geneve for network 134774b5-f868-4a08-b322-ac852c160b09
2026-05-12 12:35:47.570 9 INFO neutron.wsgi [None req-3f3763d5-56b8-4f6a-a390-eb8ffbbba5f5 9b7a42ad08d740a99a8c466cbfa55b29 940b11226b054a0595fb97baea9d308b - - default default] 10.0.0.13 "POST /v2.0/ports HTTP/1.1" status: 201 len: 1127 time: 0.6246059
2026-05-12 12:35:47.611 10 INFO neutron.services.segments.plugin [-] Segment 3f307d5d-8b5b-48e9-aa21-5bd918546d0c resource provider not found; error: Placement Client Error (4xx): {"errors": [{"status": 404, "title": "Not Found", "detail": "The resource could not be found.\n\n No resource provider with uuid 3f307d5d-8b5b-48e9-aa21-5bd918546d0c found for delete ", "request_id": "req-2d13cd14-5b81-4c51-94a2-b6b90f18392d"}]}
2026-05-12 12:35:47.616 10 INFO neutron.services.segments.plugin [-] Segment 3f307d5d-8b5b-48e9-aa21-5bd918546d0c resource provider aggregate not found
2026-05-12 12:35:47.647 10 INFO neutron.services.segments.plugin [-] Segment 3f307d5d-8b5b-48e9-aa21-5bd918546d0c resource provider not found; error: Placement Client Error (4xx): {"errors": [{"status": 404, "title": "Not Found", "detail": "The resource could not be found.\n\n No resource provider with uuid 3f307d5d-8b5b-48e9-aa21-5bd918546d0c found for delete ", "request_id": "req-ccbeb0c0-58b6-4848-9c38-e26d431a037d"}]}
2026-05-12 12:35:47.678 10 WARNING neutron.plugins.ml2.drivers.ovn.mech_driver.ovsdb.ovn_client [None req-8479162a-4c9b-46bb-adc0-825076a643b3 - - - - - -] No hosting information found for port 41e0407d-65a6-42fb-ad1f-3fb4c168f999: RuntimeError: No hosting information found for port 41e0407d-65a6-42fb-ad1f-3fb4c168f999
2026-05-12 12:35:47.678 10 INFO neutron.plugins.ml2.drivers.ovn.mech_driver.mech_driver [None req-8479162a-4c9b-46bb-adc0-825076a643b3 - - - - - -] OVN reports status up for port: 26442510-0b6a-4297-9732-7504a9d26410
2026-05-12 12:35:47.689 10 INFO neutron.wsgi [req-70976443-7aa5-471d-aff5-40d17e9ed685 req-5e8486a2-a42d-4569-9c50-3ae6c060f36f fc29be8e7ecb4bd8bc93870ac5062f04 ee2d8ddb08214e70b9fb08d141b8b884 - - 80b0a9ab3f8643c882ac358e340d6954 80b0a9ab3f8643c882ac358e340d6954] 199.19.213.157 "GET /v2.0/networks/b4db9fa3-8349-497a-aa64-0e706362dda3?fields=segments HTTP/1.1" status: 200 len: 212 time: 0.4318464
2026-05-12 12:35:47.763 9 INFO neutron.db.ovn_revision_numbers_db [None req-de349298-1ccb-47fd-8346-2529fefd2086 93dd6a8666c14deab558777a65e89ef2 d0240615c95d4dc2bc99aa6f17407685 - - default default] Successfully bumped revision number for resource 134774b5-f868-4a08-b322-ac852c160b09 (type: networks) to 1
2026-05-12 12:35:47.809 10 INFO neutron.wsgi [req-70976443-7aa5-471d-aff5-40d17e9ed685 req-de8d9d3d-05ac-4fb2-a723-2c821bc02f4f fc29be8e7ecb4bd8bc93870ac5062f04 ee2d8ddb08214e70b9fb08d141b8b884 - - 80b0a9ab3f8643c882ac358e340d6954 80b0a9ab3f8643c882ac358e340d6954] 199.19.213.157 "GET /v2.0/networks/b4db9fa3-8349-497a-aa64-0e706362dda3?fields=provider%3Aphysical_network&fields=provider%3Anetwork_type HTTP/1.1" status: 200 len: 277 time: 0.1115057
2026-05-12 12:35:47.824 10 WARNING neutron.scheduler.dhcp_agent_scheduler [None req-ebf80995-e5e0-4e4b-9b58-fda360afb280 9fcc52c85c06427b887795b80418a904 a18b4ef38d0340a6982f51b5a51162df - - default default] No more DHCP agents
2026-05-12 12:35:47.825 10 WARNING neutron.api.rpc.agentnotifiers.dhcp_rpc_agent_api [None req-ebf80995-e5e0-4e4b-9b58-fda360afb280 9fcc52c85c06427b887795b80418a904 a18b4ef38d0340a6982f51b5a51162df - - default default] Unable to schedule network f00e11bd-9442-489a-ab40-893e0d215320: no agents available; will retry on subsequent port and subnet creation events.
2026-05-12 12:35:47.858 10 INFO neutron.wsgi [req-e767c443-95bb-4afd-8c62-74c81f80a169 req-c88dc64e-bc7e-4d41-b853-c78864978ba2 e585a930103e40178781336357881e4d 151b8bb81ca74794bc98a04b84638a52 - - default default] 10.0.0.175 "GET /v2.0/ports?device_id=dde5cc15-a0c2-4094-ac18-91ca9c9f566d HTTP/1.1" status: 200 len: 1168 time: 0.0552819
2026-05-12 12:35:47.920 10 INFO neutron.wsgi [req-88679fae-8b06-4790-8bc6-9b03e1f79d31 req-5344a9f5-9c44-41c9-9272-2343f43ead14 fc29be8e7ecb4bd8bc93870ac5062f04 ee2d8ddb08214e70b9fb08d141b8b884 - - 80b0a9ab3f8643c882ac358e340d6954 80b0a9ab3f8643c882ac358e340d6954] 199.19.213.157 "GET /v2.0/ports?tenant_id=151b8bb81ca74794bc98a04b84638a52&device_id=dde5cc15-a0c2-4094-ac18-91ca9c9f566d HTTP/1.1" status: 200 len: 1407 time: 0.0591438
2026-05-12 12:35:47.977 10 INFO neutron.wsgi [req-e767c443-95bb-4afd-8c62-74c81f80a169 req-b4c83059-68c3-447a-8e29-ec87b9e5fbbc e585a930103e40178781336357881e4d 151b8bb81ca74794bc98a04b84638a52 - - default default] 10.0.0.175 "GET /v2.0/security-groups?id=0d76a15b-522a-43e6-af79-4d65dea6675e&fields=id&fields=name HTTP/1.1" status: 200 len: 286 time: 0.1063256
2026-05-12 12:35:48.004 9 INFO neutron.wsgi [None req-dcddf793-9d02-48b8-8523-28d75d431406 9b7a42ad08d740a99a8c466cbfa55b29 940b11226b054a0595fb97baea9d308b - - default default] 10.0.0.13 "DELETE /v2.0/ports/073f8adc-3897-44ef-85ab-316b74e51ed1 HTTP/1.1" status: 204 len: 168 time: 0.4238029
2026-05-12 12:35:48.036 9 INFO neutron.pecan_wsgi.hooks.translation [None req-9bd29ac2-6824-4cfe-8258-d75aed1ae190 9b7a42ad08d740a99a8c466cbfa55b29 940b11226b054a0595fb97baea9d308b - - default default] GET failed (client error): The resource could not be found.
2026-05-12 12:35:48.038 9 INFO neutron.wsgi [None req-9bd29ac2-6824-4cfe-8258-d75aed1ae190 9b7a42ad08d740a99a8c466cbfa55b29 940b11226b054a0595fb97baea9d308b - - default default] 10.0.0.13 "GET /v2.0/ports/073f8adc-3897-44ef-85ab-316b74e51ed1 HTTP/1.1" status: 404 len: 333 time: 0.0272112
2026-05-12 12:35:48.041 10 INFO neutron.db.ovn_revision_numbers_db [None req-ebf80995-e5e0-4e4b-9b58-fda360afb280 9fcc52c85c06427b887795b80418a904 a18b4ef38d0340a6982f51b5a51162df - - default default] Successfully bumped revision number for resource 275ec40f-f9a0-4f98-b311-537b553793a2 (type: ports) to 1
2026-05-12 12:35:48.053 10 INFO neutron.wsgi [req-88679fae-8b06-4790-8bc6-9b03e1f79d31 req-8c7c8d83-a24b-4840-a520-0b45fda13d5e fc29be8e7ecb4bd8bc93870ac5062f04 ee2d8ddb08214e70b9fb08d141b8b884 - - 80b0a9ab3f8643c882ac358e340d6954 80b0a9ab3f8643c882ac358e340d6954] 199.19.213.157 "GET /v2.0/networks?id=b4db9fa3-8349-497a-aa64-0e706362dda3 HTTP/1.1" status: 200 len: 975 time: 0.1152411
2026-05-12 12:35:48.056 10 INFO neutron.plugins.ml2.drivers.ovn.mech_driver.mech_driver [None req-8479162a-4c9b-46bb-adc0-825076a643b3 - - - - - -] OVN reports status up for port: 65674cb7-5432-4259-8734-31d83954ea93
2026-05-12 12:35:48.067 9 WARNING neutron.scheduler.dhcp_agent_scheduler [None req-de349298-1ccb-47fd-8346-2529fefd2086 93dd6a8666c14deab558777a65e89ef2 d0240615c95d4dc2bc99aa6f17407685 - - default default] No more DHCP agents
2026-05-12 12:35:48.074 9 WARNING neutron.api.rpc.agentnotifiers.dhcp_rpc_agent_api [None req-de349298-1ccb-47fd-8346-2529fefd2086 93dd6a8666c14deab558777a65e89ef2 d0240615c95d4dc2bc99aa6f17407685 - - default default] Unable to schedule network 134774b5-f868-4a08-b322-ac852c160b09: no agents available; will retry on subsequent port and subnet creation events.
2026-05-12 12:35:48.104 10 INFO neutron.wsgi [req-88679fae-8b06-4790-8bc6-9b03e1f79d31 req-21b0db4f-3f7f-4b06-a6a4-bf4da5302e06 fc29be8e7ecb4bd8bc93870ac5062f04 ee2d8ddb08214e70b9fb08d141b8b884 - - 80b0a9ab3f8643c882ac358e340d6954 80b0a9ab3f8643c882ac358e340d6954] 199.19.213.157 "GET /v2.0/floatingips?fixed_ip_address=10.100.0.8&port_id=65674cb7-5432-4259-8734-31d83954ea93 HTTP/1.1" status: 200 len: 217 time: 0.0428026
2026-05-12 12:35:48.107 10 INFO neutron.wsgi [None req-ebf80995-e5e0-4e4b-9b58-fda360afb280 9fcc52c85c06427b887795b80418a904 a18b4ef38d0340a6982f51b5a51162df - - default default] 10.0.0.13 "POST /v2.0/networks HTTP/1.1" status: 201 len: 829 time: 1.2420125
2026-05-12 12:35:48.107 10 INFO neutron.plugins.ml2.plugin [None req-8479162a-4c9b-46bb-adc0-825076a643b3 - - - - - -] Attempt 1 to provision port 65674cb7-5432-4259-8734-31d83954ea93
2026-05-12 12:35:48.128 9 WARNING neutron_lib.context [None req-0d59cd11-3501-42bb-8662-60b93f6d6999 9fcc52c85c06427b887795b80418a904 a18b4ef38d0340a6982f51b5a51162df - - default default] Method 'is_advsvc' is deprecated since 2023.2 release (neutron-lib 3.8.0) and will be removed once support for the old RBAC API policies will be removed from Neutron. Please use method 'is_service_role' instead.
2026-05-12 12:35:48.175 10 INFO neutron.wsgi [req-88679fae-8b06-4790-8bc6-9b03e1f79d31 req-e8571be6-b210-4766-933f-11a5bc80411e fc29be8e7ecb4bd8bc93870ac5062f04 ee2d8ddb08214e70b9fb08d141b8b884 - - 80b0a9ab3f8643c882ac358e340d6954 80b0a9ab3f8643c882ac358e340d6954] 199.19.213.157 "GET /v2.0/subnets?id=0960d0af-d7ba-4a11-80a5-5c680afa609b HTTP/1.1" status: 200 len: 870 time: 0.0636809
2026-05-12 12:35:48.231 10 INFO neutron.wsgi [req-88679fae-8b06-4790-8bc6-9b03e1f79d31 req-d503f3d4-12ee-4614-ac3b-dbbfd0d77f42 fc29be8e7ecb4bd8bc93870ac5062f04 ee2d8ddb08214e70b9fb08d141b8b884 - - 80b0a9ab3f8643c882ac358e340d6954 80b0a9ab3f8643c882ac358e340d6954] 199.19.213.157 "GET /v2.0/ports?network_id=b4db9fa3-8349-497a-aa64-0e706362dda3&device_owner=network%3Adhcp HTTP/1.1" status: 200 len: 210 time: 0.0475726
2026-05-12 12:35:48.239 9 INFO neutron.db.ovn_revision_numbers_db [None req-de349298-1ccb-47fd-8346-2529fefd2086 93dd6a8666c14deab558777a65e89ef2 d0240615c95d4dc2bc99aa6f17407685 - - default default] Successfully bumped revision number for resource a7bba9d0-d6ab-4874-b3a7-263dc6e24fa2 (type: ports) to 1
2026-05-12 12:35:48.272 9 INFO neutron.wsgi [None req-de349298-1ccb-47fd-8346-2529fefd2086 93dd6a8666c14deab558777a65e89ef2 d0240615c95d4dc2bc99aa6f17407685 - - default default] 10.0.0.13 "POST /v2.0/networks HTTP/1.1" status: 201 len: 853 time: 0.8405647
2026-05-12 12:35:48.321 9 INFO neutron.wsgi [None req-03b5417f-7069-4bb3-85bd-f748dea46e0f 9b7a42ad08d740a99a8c466cbfa55b29 940b11226b054a0595fb97baea9d308b - - default default] 10.0.0.13 "DELETE /v2.0/subnets/d1d5eb5f-bbe2-4df4-96be-95f932814f1e HTTP/1.1" status: 204 len: 168 time: 0.2749507
2026-05-12 12:35:48.322 10 INFO neutron.wsgi [req-88679fae-8b06-4790-8bc6-9b03e1f79d31 req-5ee60cb5-d2fd-4e53-9e72-3b936fd49b25 fc29be8e7ecb4bd8bc93870ac5062f04 ee2d8ddb08214e70b9fb08d141b8b884 - - 80b0a9ab3f8643c882ac358e340d6954 80b0a9ab3f8643c882ac358e340d6954] 199.19.213.157 "GET /v2.0/networks/b4db9fa3-8349-497a-aa64-0e706362dda3?fields=segments HTTP/1.1" status: 200 len: 212 time: 0.0822108
2026-05-12 12:35:48.474 10 INFO neutron.wsgi [req-88679fae-8b06-4790-8bc6-9b03e1f79d31 req-6d009e05-9ec5-4f15-b0b0-93e16eb8be91 fc29be8e7ecb4bd8bc93870ac5062f04 ee2d8ddb08214e70b9fb08d141b8b884 - - 80b0a9ab3f8643c882ac358e340d6954 80b0a9ab3f8643c882ac358e340d6954] 199.19.213.157 "GET /v2.0/networks/b4db9fa3-8349-497a-aa64-0e706362dda3?fields=provider%3Aphysical_network&fields=provider%3Anetwork_type HTTP/1.1" status: 200 len: 277 time: 0.1450555
2026-05-12 12:35:48.485 9 WARNING neutron.scheduler.dhcp_agent_scheduler [None req-0d59cd11-3501-42bb-8662-60b93f6d6999 9fcc52c85c06427b887795b80418a904 a18b4ef38d0340a6982f51b5a51162df - - default default] No more DHCP agents
2026-05-12 12:35:48.491 9 WARNING neutron.api.rpc.agentnotifiers.dhcp_rpc_agent_api [None req-0d59cd11-3501-42bb-8662-60b93f6d6999 9fcc52c85c06427b887795b80418a904 a18b4ef38d0340a6982f51b5a51162df - - default default] Unable to schedule network f00e11bd-9442-489a-ab40-893e0d215320: no agents available; will retry on subsequent port and subnet creation events.
2026-05-12 12:35:48.647 10 INFO neutron.db.ovn_revision_numbers_db [None req-8479162a-4c9b-46bb-adc0-825076a643b3 - - - - - -] Successfully bumped revision number for resource 65674cb7-5432-4259-8734-31d83954ea93 (type: ports) to 4
2026-05-12 12:35:48.772 9 WARNING neutron_lib.context [None req-5d48da0c-3a91-498f-9812-c2de458765a4 93dd6a8666c14deab558777a65e89ef2 d0240615c95d4dc2bc99aa6f17407685 - - default default] Method 'is_advsvc' is deprecated since 2023.2 release (neutron-lib 3.8.0) and will be removed once support for the old RBAC API policies will be removed from Neutron. Please use method 'is_service_role' instead.
2026-05-12 12:35:48.825 9 WARNING neutron_lib.context [None req-5d48da0c-3a91-498f-9812-c2de458765a4 93dd6a8666c14deab558777a65e89ef2 d0240615c95d4dc2bc99aa6f17407685 - - default default] Method 'is_advsvc' is deprecated since 2023.2 release (neutron-lib 3.8.0) and will be removed once support for the old RBAC API policies will be removed from Neutron. Please use method 'is_service_role' instead.
2026-05-12 12:35:48.886 10 INFO neutron.wsgi [None req-9d6ba3b6-a597-43cd-a90b-0a448a12d920 9b7a42ad08d740a99a8c466cbfa55b29 940b11226b054a0595fb97baea9d308b - - default default] 10.0.0.13 "DELETE /v2.0/networks/7f7cce00-6a22-45c6-a074-c3d6189a9bac HTTP/1.1" status: 204 len: 168 time: 0.5522916 /var/lib/openstack/lib/python3.10/site-packages/pycadf/identifier.py:71: UserWarning: Invalid uuid: neutron. To ensure interoperability, identifiers should be a valid uuid. warnings.warn(('Invalid uuid: %s. To ensure interoperability, '
2026-05-12 12:35:48.897 10 WARNING neutron_lib.context [None req-89f0cf90-51b0-4d62-9a8a-3d672976764e 9b7a42ad08d740a99a8c466cbfa55b29 940b11226b054a0595fb97baea9d308b - - default default] Method 'is_advsvc' is deprecated since 2023.2 release (neutron-lib 3.8.0) and will be removed once support for the old RBAC API policies will be removed from Neutron. Please use method 'is_service_role' instead.
2026-05-12 12:35:49.113 10 INFO neutron.notifiers.nova [-] Nova event matching ['req-e7d5b870-b96b-4683-ab73-b82d7678c383'] response: {'server_uuid': 'dde5cc15-a0c2-4094-ac18-91ca9c9f566d', 'name': 'network-vif-plugged', 'status': 'completed', 'tag': '65674cb7-5432-4259-8734-31d83954ea93', 'code': 200}
2026-05-12 12:35:49.114 10 INFO neutron.notifiers.nova [-] Nova event matching ['req-e7d5b870-b96b-4683-ab73-b82d7678c383'] response: {'server_uuid': 'dde5cc15-a0c2-4094-ac18-91ca9c9f566d', 'name': 'network-vif-plugged', 'status': 'completed', 'tag': '65674cb7-5432-4259-8734-31d83954ea93', 'code': 200}
2026-05-12 12:35:49.168 10 INFO neutron.wsgi [req-6b272e2a-cf1c-4c2a-af13-385d92c1b110 req-6aaf70cd-5673-4c08-a76c-3f1de3773af7 e585a930103e40178781336357881e4d 151b8bb81ca74794bc98a04b84638a52 - - default default] 10.0.0.175 "GET /v2.0/ports?device_id=dde5cc15-a0c2-4094-ac18-91ca9c9f566d HTTP/1.1" status: 200 len: 1170 time: 0.1251810 /var/lib/openstack/lib/python3.10/site-packages/pycadf/identifier.py:71: UserWarning: Invalid uuid: neutron. To ensure interoperability, identifiers should be a valid uuid. warnings.warn(('Invalid uuid: %s. To ensure interoperability, '
2026-05-12 12:35:49.209 10 WARNING neutron.scheduler.dhcp_agent_scheduler [None req-89f0cf90-51b0-4d62-9a8a-3d672976764e 9b7a42ad08d740a99a8c466cbfa55b29 940b11226b054a0595fb97baea9d308b - - default default] No more DHCP agents
2026-05-12 12:35:49.212 10 WARNING neutron.api.rpc.agentnotifiers.dhcp_rpc_agent_api [None req-89f0cf90-51b0-4d62-9a8a-3d672976764e 9b7a42ad08d740a99a8c466cbfa55b29 940b11226b054a0595fb97baea9d308b - - default default] Unable to schedule network 2e81cb99-4e7d-42d8-a0f5-e8f168f0e0f5: no agents available; will retry on subsequent port and subnet creation events.
2026-05-12 12:35:49.235 10 INFO neutron.wsgi [req-6b272e2a-cf1c-4c2a-af13-385d92c1b110 req-6e4b4ed4-e741-4c38-a828-cb465a90a27b e585a930103e40178781336357881e4d 151b8bb81ca74794bc98a04b84638a52 - - default default] 10.0.0.175 "GET /v2.0/security-groups?id=0d76a15b-522a-43e6-af79-4d65dea6675e&fields=id&fields=name HTTP/1.1" status: 200 len: 286 time: 0.0522244
2026-05-12 12:35:49.307 10 INFO neutron.db.ovn_revision_numbers_db [None req-89f0cf90-51b0-4d62-9a8a-3d672976764e 9b7a42ad08d740a99a8c466cbfa55b29 940b11226b054a0595fb97baea9d308b - - default default] Successfully bumped revision number for resource 81e79f93-b30d-401b-ac90-e8d7450b86c9 (type: ports) to 1
2026-05-12 12:35:49.333 10 INFO neutron.wsgi [None req-89f0cf90-51b0-4d62-9a8a-3d672976764e 9b7a42ad08d740a99a8c466cbfa55b29 940b11226b054a0595fb97baea9d308b - - default default] 10.0.0.13 "POST /v2.0/ports HTTP/1.1" status: 201 len: 977 time: 0.4403310 /var/lib/openstack/lib/python3.10/site-packages/pycadf/identifier.py:71: UserWarning: Invalid uuid: neutron. To ensure interoperability, identifiers should be a valid uuid. warnings.warn(('Invalid uuid: %s. To ensure interoperability, '
2026-05-12 12:35:49.509 9 INFO neutron.db.ovn_revision_numbers_db [None req-0d59cd11-3501-42bb-8662-60b93f6d6999 9fcc52c85c06427b887795b80418a904 a18b4ef38d0340a6982f51b5a51162df - - default default] Successfully bumped revision number for resource 275ec40f-f9a0-4f98-b311-537b553793a2 (type: ports) to 2
2026-05-12 12:35:49.576 9 INFO neutron.db.ovn_revision_numbers_db [None req-0d59cd11-3501-42bb-8662-60b93f6d6999 9fcc52c85c06427b887795b80418a904 a18b4ef38d0340a6982f51b5a51162df - - default default] Successfully bumped revision number for resource 03c5c67a-9eef-4485-be86-c0249fcc9c35 (type: subnets) to 0
2026-05-12 12:35:49.595 9 INFO neutron.wsgi [None req-0d59cd11-3501-42bb-8662-60b93f6d6999 9fcc52c85c06427b887795b80418a904 a18b4ef38d0340a6982f51b5a51162df - - default default] 10.0.0.13 "POST /v2.0/subnets HTTP/1.1" status: 201 len: 801 time: 1.4736249
2026-05-12 12:35:49.612 9 WARNING neutron_lib.context [None req-4d6c79dc-ce62-4492-90e9-faa1b0da6360 9fcc52c85c06427b887795b80418a904 a18b4ef38d0340a6982f51b5a51162df - - default default] Method 'is_advsvc' is deprecated since 2023.2 release (neutron-lib 3.8.0) and will be removed once support for the old RBAC API policies will be removed from Neutron. Please use method 'is_service_role' instead.
2026-05-12 12:35:49.634 10 INFO neutron.services.segments.plugin [-] Segment 76390b15-77dd-416d-957b-e57836813de2 resource provider aggregate not found
2026-05-12 12:35:49.656 10 INFO neutron.plugins.ml2.drivers.ovn.mech_driver.mech_driver [None req-8479162a-4c9b-46bb-adc0-825076a643b3 - - - - - -] OVN reports status down for port: 81e79f93-b30d-401b-ac90-e8d7450b86c9
2026-05-12 12:35:49.662 10 INFO neutron.services.segments.plugin [-] Segment 76390b15-77dd-416d-957b-e57836813de2 resource provider not found; error: Placement Client Error (4xx): {"errors": [{"status": 404, "title": "Not Found", "detail": "The resource could not be found.\n\n No resource provider with uuid 76390b15-77dd-416d-957b-e57836813de2 found for delete ", "request_id": "req-38fe7017-d8c4-4a2d-9cc0-8277bd3189aa"}]}
2026-05-12 12:35:49.676 10 INFO neutron.services.segments.plugin [-] Segment 76390b15-77dd-416d-957b-e57836813de2 resource provider aggregate not found
2026-05-12 12:35:49.698 10 INFO neutron.services.segments.plugin [-] Segment 76390b15-77dd-416d-957b-e57836813de2 resource provider not found; error: Placement Client Error (4xx): {"errors": [{"status": 404, "title": "Not Found", "detail": "The resource could not be found.\n\n No resource provider with uuid 76390b15-77dd-416d-957b-e57836813de2 found for delete ", "request_id": "req-8e7ce2ff-2274-4543-82dc-50eabe923ea6"}]}
2026-05-12 12:35:49.717 10 INFO neutron.db.ovn_revision_numbers_db [None req-931adc80-a6af-4195-8f7b-c827d6506d96 9b7a42ad08d740a99a8c466cbfa55b29 940b11226b054a0595fb97baea9d308b - - default default] Successfully bumped revision number for resource 81e79f93-b30d-401b-ac90-e8d7450b86c9 (type: ports) to 2
2026-05-12 12:35:49.732 10 INFO neutron.wsgi [None req-931adc80-a6af-4195-8f7b-c827d6506d96 9b7a42ad08d740a99a8c466cbfa55b29 940b11226b054a0595fb97baea9d308b - - default default] 10.0.0.13 "PUT /v2.0/ports/81e79f93-b30d-401b-ac90-e8d7450b86c9 HTTP/1.1" status: 200 len: 946 time: 0.3929164 /var/lib/openstack/lib/python3.10/site-packages/pycadf/identifier.py:71: UserWarning: Invalid uuid: neutron. To ensure interoperability, identifiers should be a valid uuid. warnings.warn(('Invalid uuid: %s. To ensure interoperability, '
2026-05-12 12:35:49.768 9 WARNING neutron.scheduler.dhcp_agent_scheduler [None req-5d48da0c-3a91-498f-9812-c2de458765a4 93dd6a8666c14deab558777a65e89ef2 d0240615c95d4dc2bc99aa6f17407685 - - default default] No more DHCP agents
2026-05-12 12:35:49.770 9 WARNING neutron.api.rpc.agentnotifiers.dhcp_rpc_agent_api [None req-5d48da0c-3a91-498f-9812-c2de458765a4 93dd6a8666c14deab558777a65e89ef2 d0240615c95d4dc2bc99aa6f17407685 - - default default] Unable to schedule network e5f5a445-70af-4da8-8910-b007763e43fc: no agents available; will retry on subsequent port and subnet creation events.
2026-05-12 12:35:49.830 9 INFO neutron.db.ovn_revision_numbers_db [None req-5d48da0c-3a91-498f-9812-c2de458765a4 93dd6a8666c14deab558777a65e89ef2 d0240615c95d4dc2bc99aa6f17407685 - - default default] Successfully bumped revision number for resource 1f6dc6f2-f1df-4369-b86c-00c68a476f36 (type: subnets) to 0
2026-05-12 12:35:49.836 9 INFO neutron.db.ovn_revision_numbers_db [None req-4d6c79dc-ce62-4492-90e9-faa1b0da6360 9fcc52c85c06427b887795b80418a904 a18b4ef38d0340a6982f51b5a51162df - - default default] Successfully bumped revision number for resource 0c68ad10-dd6d-4f4f-9247-1d4a97101fa1 (type: routers) to 1
2026-05-12 12:35:49.857 9 WARNING neutron.scheduler.dhcp_agent_scheduler [None req-5d48da0c-3a91-498f-9812-c2de458765a4 93dd6a8666c14deab558777a65e89ef2 d0240615c95d4dc2bc99aa6f17407685 - - default default] No more DHCP agents
2026-05-12 12:35:49.861 9 WARNING neutron.api.rpc.agentnotifiers.dhcp_rpc_agent_api [None req-5d48da0c-3a91-498f-9812-c2de458765a4 93dd6a8666c14deab558777a65e89ef2 d0240615c95d4dc2bc99aa6f17407685 - - default default] Unable to schedule network 134774b5-f868-4a08-b322-ac852c160b09: no agents available; will retry on subsequent port and subnet creation events.
2026-05-12 12:35:49.864 9 INFO neutron.wsgi [None req-4d6c79dc-ce62-4492-90e9-faa1b0da6360 9fcc52c85c06427b887795b80418a904 a18b4ef38d0340a6982f51b5a51162df - - default default] 10.0.0.13 "POST /v2.0/routers HTTP/1.1" status: 201 len: 687 time: 0.2623179
2026-05-12 12:35:49.929 9 INFO neutron.db.ovn_revision_numbers_db [None req-5d48da0c-3a91-498f-9812-c2de458765a4 93dd6a8666c14deab558777a65e89ef2 d0240615c95d4dc2bc99aa6f17407685 - - default default] Successfully bumped revision number for resource 1480fb4d-41ad-44a0-88e5-c1e3990e7fba (type: subnets) to 0
2026-05-12 12:35:49.969 9 INFO neutron.wsgi [None req-5d48da0c-3a91-498f-9812-c2de458765a4 93dd6a8666c14deab558777a65e89ef2 d0240615c95d4dc2bc99aa6f17407685 - - default default] 10.0.0.13 "POST /v2.0/subnets HTTP/1.1" status: 201 len: 1475 time: 1.2032514
2026-05-12 12:35:49.998 10 INFO neutron.wsgi [None req-ba6e24e9-bf4c-4a5d-b5e6-d1766b185cf0 9b7a42ad08d740a99a8c466cbfa55b29 940b11226b054a0595fb97baea9d308b - - default default] 10.0.0.13 "DELETE /v2.0/ports/81e79f93-b30d-401b-ac90-e8d7450b86c9 HTTP/1.1" status: 204 len: 168 time: 0.2532375
2026-05-12 12:35:50.027 10 INFO neutron.wsgi [None req-48c593ff-01f3-4b4b-97c5-9c8236189889 93dd6a8666c14deab558777a65e89ef2 d0240615c95d4dc2bc99aa6f17407685 - - default default] 10.0.0.13 "GET /v2.0/subnets HTTP/1.1" status: 200 len: 2083 time: 0.0520136
2026-05-12 12:35:50.093 10 INFO neutron.wsgi [None req-bb89ab4e-3a09-48a2-9ea4-ebfdbae79f04 9b7a42ad08d740a99a8c466cbfa55b29 940b11226b054a0595fb97baea9d308b - - default default] 10.0.0.13 "GET /v2.0/ports HTTP/1.1" status: 200 len: 1730 time: 0.0898638
2026-05-12 12:35:50.124 10 INFO neutron.pecan_wsgi.hooks.translation [None req-83fe401e-1d45-44ca-a210-19099fec2ec8 9b7a42ad08d740a99a8c466cbfa55b29 940b11226b054a0595fb97baea9d308b - - default default] GET failed (client error): The resource could not be found.
2026-05-12 12:35:50.126 10 INFO neutron.wsgi [None req-83fe401e-1d45-44ca-a210-19099fec2ec8 9b7a42ad08d740a99a8c466cbfa55b29 940b11226b054a0595fb97baea9d308b - - default default] 10.0.0.13 "GET /v2.0/ports/81e79f93-b30d-401b-ac90-e8d7450b86c9 HTTP/1.1" status: 404 len: 333 time: 0.0256627
2026-05-12 12:35:50.190 10 INFO neutron.wsgi [None req-4b19b1f5-74d5-4a31-bc05-286f3e1b0b64 9b7a42ad08d740a99a8c466cbfa55b29 940b11226b054a0595fb97baea9d308b - - default default] 10.0.0.13 "GET /v2.0/ports HTTP/1.1" status: 200 len: 1730 time: 0.0555329
2026-05-12 12:35:50.308 10 INFO neutron.wsgi [None req-2324c675-1831-47d7-99a3-b0cc32cdbda9 93dd6a8666c14deab558777a65e89ef2 d0240615c95d4dc2bc99aa6f17407685 - - default default] 10.0.0.13 "DELETE /v2.0/subnets/1f6dc6f2-f1df-4369-b86c-00c68a476f36 HTTP/1.1" status: 204 len: 168 time: 0.2680352
2026-05-12 12:35:50.342 10 INFO neutron.wsgi [req-488e1598-237f-431a-8877-a7540a8028c0 req-3f33e803-f886-451a-8c4a-e40fcad812d5 e585a930103e40178781336357881e4d 151b8bb81ca74794bc98a04b84638a52 - - default default] 10.0.0.175 "GET /v2.0/ports?device_id=dde5cc15-a0c2-4094-ac18-91ca9c9f566d HTTP/1.1" status: 200 len: 1170 time: 0.0338564
2026-05-12 12:35:50.345 9 INFO neutron.wsgi [None req-92883c5d-c3b4-4e82-b45c-e56b18dd5525 9b7a42ad08d740a99a8c466cbfa55b29 940b11226b054a0595fb97baea9d308b - - default default] 10.0.0.13 "GET /v2.0/ports/99e1cf5c-fa2a-40be-a2c4-b19993ecf8b4 HTTP/1.1" status: 200 len: 970 time: 0.1356030
2026-05-12 12:35:50.384 9 INFO neutron.pecan_wsgi.hooks.translation [None req-7d40a1ae-7f1e-44fd-9b74-536e6bd15bb8 9b7a42ad08d740a99a8c466cbfa55b29 940b11226b054a0595fb97baea9d308b - - default default] DELETE failed (client error): The resource could not be found.
2026-05-12 12:35:50.386 9 INFO neutron.wsgi [None req-7d40a1ae-7f1e-44fd-9b74-536e6bd15bb8 9b7a42ad08d740a99a8c466cbfa55b29 940b11226b054a0595fb97baea9d308b - - default default] 10.0.0.13 "DELETE /v2.0/ports/073f8adc-3897-44ef-85ab-316b74e51ed1 HTTP/1.1" status: 404 len: 333 time: 0.0306194
2026-05-12 12:35:50.391 10 INFO neutron.wsgi [req-488e1598-237f-431a-8877-a7540a8028c0 req-2a07e952-1cf0-48c7-aea1-e42e2e1d4801 e585a930103e40178781336357881e4d 151b8bb81ca74794bc98a04b84638a52 - - default default] 10.0.0.175 "GET /v2.0/security-groups?id=0d76a15b-522a-43e6-af79-4d65dea6675e&fields=id&fields=name HTTP/1.1" status: 200 len: 286 time: 0.0399287
2026-05-12 12:35:50.413 10 INFO neutron.pecan_wsgi.hooks.translation [None req-ba819029-6553-4dc7-9078-07632649964c 9b7a42ad08d740a99a8c466cbfa55b29 940b11226b054a0595fb97baea9d308b - - default default] DELETE failed (client error): The resource could not be found.
2026-05-12 12:35:50.415 10 INFO neutron.wsgi [None req-ba819029-6553-4dc7-9078-07632649964c 9b7a42ad08d740a99a8c466cbfa55b29 940b11226b054a0595fb97baea9d308b - - default default] 10.0.0.13 "DELETE /v2.0/subnets/d1d5eb5f-bbe2-4df4-96be-95f932814f1e HTTP/1.1" status: 404 len: 337 time: 0.0231092
2026-05-12 12:35:50.438 10 INFO neutron.pecan_wsgi.hooks.translation [None req-5233f862-329b-4059-810d-2234f5d3a311 9b7a42ad08d740a99a8c466cbfa55b29 940b11226b054a0595fb97baea9d308b - - default default] DELETE failed (client error): The resource could not be found.
2026-05-12 12:35:50.440 10 INFO neutron.wsgi [None req-5233f862-329b-4059-810d-2234f5d3a311 9b7a42ad08d740a99a8c466cbfa55b29 940b11226b054a0595fb97baea9d308b - - default default] 10.0.0.13 "DELETE /v2.0/subnets/26c72dc7-739c-4691-8dc2-1cfa8c659d0c HTTP/1.1" status: 404 len: 337 time: 0.0200415
2026-05-12 12:35:50.481 9 WARNING neutron.scheduler.dhcp_agent_scheduler [None req-0c9d61c1-7326-49c6-9ba9-b01a76b2eb0a 9fcc52c85c06427b887795b80418a904 a18b4ef38d0340a6982f51b5a51162df - - default default] No more DHCP agents
2026-05-12 12:35:50.487 9 WARNING neutron.api.rpc.agentnotifiers.dhcp_rpc_agent_api [None req-0c9d61c1-7326-49c6-9ba9-b01a76b2eb0a 9fcc52c85c06427b887795b80418a904 a18b4ef38d0340a6982f51b5a51162df - - default default] Unable to schedule network f00e11bd-9442-489a-ab40-893e0d215320: no agents available; will retry on subsequent port and subnet creation events.
2026-05-12 12:35:50.583 9 INFO neutron.wsgi [None req-a35f0adc-5a75-4d80-8803-0493e4e6149f 93dd6a8666c14deab558777a65e89ef2 d0240615c95d4dc2bc99aa6f17407685 - - default default] 10.0.0.13 "DELETE /v2.0/subnets/1480fb4d-41ad-44a0-88e5-c1e3990e7fba HTTP/1.1" status: 204 len: 168 time: 0.2676528
2026-05-12 12:35:50.654 9 INFO neutron.wsgi [None req-6dfde6b0-d4bf-485e-a87f-fe07a371b341 93dd6a8666c14deab558777a65e89ef2 d0240615c95d4dc2bc99aa6f17407685 - - default default] 10.0.0.13 "GET /v2.0/subnets HTTP/1.1" status: 200 len: 820 time: 0.0638752
2026-05-12 12:35:50.736 10 INFO neutron.plugins.ml2.drivers.ovn.mech_driver.mech_driver [None req-8479162a-4c9b-46bb-adc0-825076a643b3 - - - - - -] OVN reports status down for port: 65674cb7-5432-4259-8734-31d83954ea93
2026-05-12 12:35:50.746 9 INFO neutron.db.ovn_revision_numbers_db [None req-0c9d61c1-7326-49c6-9ba9-b01a76b2eb0a 9fcc52c85c06427b887795b80418a904 a18b4ef38d0340a6982f51b5a51162df - - default default] Successfully bumped revision number for resource 4035ce9f-3a10-42f2-bf17-c4ae6f939d0e (type: ports) to 1
2026-05-12 12:35:50.810 10 INFO neutron.wsgi [req-7113b540-df79-426e-9e98-48577ece59df req-821d1341-c7ac-4dca-a87b-93e8ea8a677c e585a930103e40178781336357881e4d 151b8bb81ca74794bc98a04b84638a52 - - default default] 10.0.0.175 "GET /v2.0/ports?device_id=dde5cc15-a0c2-4094-ac18-91ca9c9f566d HTTP/1.1" status: 200 len: 1170 time: 0.1213565
2026-05-12 12:35:50.817 10 INFO neutron.wsgi [None req-9deb22a2-7654-4737-a142-4e2f45b4c6db 9b7a42ad08d740a99a8c466cbfa55b29 940b11226b054a0595fb97baea9d308b - - default default] 10.0.0.13 "DELETE /v2.0/ports/99e1cf5c-fa2a-40be-a2c4-b19993ecf8b4 HTTP/1.1" status: 204 len: 168 time: 0.3716192
2026-05-12 12:35:50.898 10 INFO neutron.wsgi [req-7113b540-df79-426e-9e98-48577ece59df req-b9fb5d50-df40-418b-93e1-9790ba2d32ba e585a930103e40178781336357881e4d 151b8bb81ca74794bc98a04b84638a52 - - default default] 10.0.0.175 "GET /v2.0/security-groups?id=0d76a15b-522a-43e6-af79-4d65dea6675e&fields=id&fields=name HTTP/1.1" status: 200 len: 286 time: 0.0806987
2026-05-12 12:35:51.057 10 INFO neutron.wsgi [req-04ef7201-3621-459e-8d5c-21b2b92b63e9 req-01688228-bee5-4b69-adb8-edbb8475989c e585a930103e40178781336357881e4d 151b8bb81ca74794bc98a04b84638a52 - - default default] 199.19.213.157 "GET /v2.0/ports?device_id=dde5cc15-a0c2-4094-ac18-91ca9c9f566d HTTP/1.1" status: 200 len: 1168 time: 0.0507410
2026-05-12 12:35:51.159 10 INFO neutron.notifiers.nova [-] Nova event matching ['req-ddb47903-4faf-494e-99da-c6fb0b68e0fa'] response: {'server_uuid': 'dde5cc15-a0c2-4094-ac18-91ca9c9f566d', 'name': 'network-vif-unplugged', 'status': 'completed', 'tag': '65674cb7-5432-4259-8734-31d83954ea93', 'code': 200}
