2026-05-12 12:00:03.182 10 WARNING neutron.api.rpc.agentnotifiers.dhcp_rpc_agent_api [None req-d274993a-cd59-41be-8c06-ea84e7fae074 2ce7e2edef364c42b06cdf2bc98b66f0 6dbdf5d786b74831b82d34a23f4ace84 - - default default] Unable to schedule network 457156cf-6ec7-4a27-af75-9a287a07bd04: no agents available; will retry on subsequent port and subnet creation events.
2026-05-12 12:00:03.723 10 INFO neutron.db.ovn_revision_numbers_db [None req-d274993a-cd59-41be-8c06-ea84e7fae074 2ce7e2edef364c42b06cdf2bc98b66f0 6dbdf5d786b74831b82d34a23f4ace84 - - default default] Successfully bumped revision number for resource 7188d175-0061-45f2-91bb-74dfa15f1053 (type: ports) to 2
2026-05-12 12:00:03.771 10 INFO neutron.db.ovn_revision_numbers_db [None req-d274993a-cd59-41be-8c06-ea84e7fae074 2ce7e2edef364c42b06cdf2bc98b66f0 6dbdf5d786b74831b82d34a23f4ace84 - - default default] Successfully bumped revision number for resource 650ba02a-849e-4b4d-89ae-423ecb28541b (type: subnets) to 0
2026-05-12 12:00:03.788 10 INFO neutron.wsgi [None req-d274993a-cd59-41be-8c06-ea84e7fae074 2ce7e2edef364c42b06cdf2bc98b66f0 6dbdf5d786b74831b82d34a23f4ace84 - - default default] 199.19.213.157,10.0.0.208 "POST /v2.0/subnets HTTP/1.1" status: 201 len: 821 time: 0.8379459
2026-05-12 12:00:08.688 9 INFO neutron.wsgi [-] 10.0.0.208 "GET / HTTP/1.1" status: 200 len: 247 time: 0.0013728
2026-05-12 12:00:23.689 9 INFO neutron.wsgi [-] 10.0.0.208 "GET / HTTP/1.1" status: 200 len: 247 time: 0.0022202
2026-05-12 12:00:38.690 9 INFO neutron.wsgi [-] 10.0.0.208 "GET / HTTP/1.1" status: 200 len: 247 time: 0.0023723
2026-05-12 12:00:53.689 9 INFO neutron.wsgi [-] 10.0.0.208 "GET / HTTP/1.1" status: 200 len: 247 time: 0.0019844
2026-05-12 12:00:53.691 10 INFO neutron.wsgi [-] 10.0.0.208 "GET / HTTP/1.1" status: 200 len: 247 time: 0.0043564
2026-05-12 12:01:08.689 9 INFO neutron.wsgi [-] 10.0.0.208 "GET / HTTP/1.1" status: 200 len: 247 time: 0.0019736
2026-05-12 12:01:08.691 10 INFO neutron.wsgi [-] 10.0.0.208 "GET / HTTP/1.1" status: 200 len: 247 time: 0.0030398
2026-05-12 12:01:23.689 9 INFO neutron.wsgi [-] 10.0.0.208 "GET / HTTP/1.1" status: 200 len: 247 time: 0.0024168
2026-05-12 12:01:23.689 10 INFO neutron.wsgi [-] 10.0.0.208 "GET / HTTP/1.1" status: 200 len: 247 time: 0.0027676
2026-05-12 12:01:38.689 9 INFO neutron.wsgi [-] 10.0.0.208 "GET / HTTP/1.1" status: 200 len: 247 time: 0.0022047
2026-05-12 12:01:38.690 10 INFO neutron.wsgi [-] 10.0.0.208 "GET / HTTP/1.1" status: 200 len: 247 time: 0.0030279
2026-05-12 12:01:53.689 10 INFO neutron.wsgi [-] 10.0.0.208 "GET / HTTP/1.1" status: 200 len: 247 time: 0.0025585
2026-05-12 12:01:53.690 9 INFO neutron.wsgi [-] 10.0.0.208 "GET / HTTP/1.1" status: 200 len: 247 time: 0.0033162
2026-05-12 12:02:08.687 10 INFO neutron.wsgi [-] 10.0.0.208 "GET / HTTP/1.1" status: 200 len: 247 time: 0.0013137
2026-05-12 12:02:08.689 9 INFO neutron.wsgi [-] 10.0.0.208 "GET / HTTP/1.1" status: 200 len: 247 time: 0.0021842
2026-05-12 12:02:23.690 9 INFO neutron.wsgi [-] 10.0.0.208 "GET / HTTP/1.1" status: 200 len: 247 time: 0.0027535
2026-05-12 12:02:23.692 9 INFO neutron.wsgi [-] 10.0.0.208 "GET / HTTP/1.1" status: 200 len: 247 time: 0.0011992
2026-05-12 12:02:38.689 9 INFO neutron.wsgi [-] 10.0.0.208 "GET / HTTP/1.1" status: 200 len: 247 time: 0.0022957
2026-05-12 12:02:38.692 9 INFO neutron.wsgi [-] 10.0.0.208 "GET / HTTP/1.1" status: 200 len: 247 time: 0.0024664
2026-05-12 12:02:53.688 9 INFO neutron.wsgi [-] 10.0.0.208 "GET / HTTP/1.1" status: 200 len: 247 time: 0.0017924
2026-05-12 12:02:53.690 10 INFO neutron.wsgi [-] 10.0.0.208 "GET / HTTP/1.1" status: 200 len: 247 time: 0.0028307
2026-05-12 12:03:08.690 9 INFO neutron.wsgi [-] 10.0.0.208 "GET / HTTP/1.1" status: 200 len: 247 time: 0.0023735
2026-05-12 12:03:08.690 10 INFO neutron.wsgi [-] 10.0.0.208 "GET / HTTP/1.1" status: 200 len: 247 time: 0.0026672
2026-05-12 12:03:23.688 9 INFO neutron.wsgi [-] 10.0.0.208 "GET / HTTP/1.1" status: 200 len: 247 time: 0.0014637
2026-05-12 12:03:23.690 9 INFO neutron.wsgi [-] 10.0.0.208 "GET / HTTP/1.1" status: 200 len: 247 time: 0.0009255
2026-05-12 12:03:38.689 9 INFO neutron.wsgi [-] 10.0.0.208 "GET / HTTP/1.1" status: 200 len: 247 time: 0.0023630
2026-05-12 12:03:38.690 10 INFO neutron.wsgi [-] 10.0.0.208 "GET / HTTP/1.1" status: 200 len: 247 time: 0.0026987
2026-05-12 12:03:53.689 9 INFO neutron.wsgi [-] 10.0.0.208 "GET / HTTP/1.1" status: 200 len: 247 time: 0.0022140
2026-05-12 12:03:53.690 10 INFO neutron.wsgi [-] 10.0.0.208 "GET / HTTP/1.1" status: 200 len: 247 time: 0.0030031
2026-05-12 12:04:08.690 10 INFO neutron.wsgi [-] 10.0.0.208 "GET / HTTP/1.1" status: 200 len: 247 time: 0.0023794
2026-05-12 12:04:08.692 10 INFO neutron.wsgi [-] 10.0.0.208 "GET / HTTP/1.1" status: 200 len: 247 time: 0.0014105
2026-05-12 12:04:23.689 10 INFO neutron.wsgi [-] 10.0.0.208 "GET / HTTP/1.1" status: 200 len: 247 time: 0.0023644
2026-05-12 12:04:23.691 9 INFO neutron.wsgi [-] 10.0.0.208 "GET / HTTP/1.1" status: 200 len: 247 time: 0.0039859
2026-05-12 12:04:36.816 10 INFO neutron.pecan_wsgi.hooks.translation [None req-632cd777-dc8a-4de0-aee8-80800d715274 2ce7e2edef364c42b06cdf2bc98b66f0 6dbdf5d786b74831b82d34a23f4ace84 - - default default] GET failed (client error): The resource could not be found.
2026-05-12 12:04:36.819 10 INFO neutron.wsgi [None req-632cd777-dc8a-4de0-aee8-80800d715274 2ce7e2edef364c42b06cdf2bc98b66f0 6dbdf5d786b74831b82d34a23f4ace84 - - default default] 199.19.213.157,10.0.0.208 "GET /v2.0/networks/lb-mgmt-net HTTP/1.1" status: 404 len: 295 time: 0.1552963
2026-05-12 12:04:36.839 10 INFO neutron.wsgi [None req-41d32654-41f5-40c7-80c1-5ac0af4730c7 2ce7e2edef364c42b06cdf2bc98b66f0 6dbdf5d786b74831b82d34a23f4ace84 - - default default] 199.19.213.157,10.0.0.208 "GET /v2.0/networks?name=lb-mgmt-net HTTP/1.1" status: 200 len: 189 time: 0.0150669
2026-05-12 12:04:36.934 10 INFO neutron.db.segments_db [None req-49b896fa-a39a-4388-9eca-a24c3bbd5289 2ce7e2edef364c42b06cdf2bc98b66f0 6dbdf5d786b74831b82d34a23f4ace84 - - default default] Added segment 85a88d8b-484c-4851-8fdc-d2db82de14b9 of type geneve for network cc8d9949-4f4e-405d-8f4a-916f24a5ba50
2026-05-12 12:04:37.090 10 INFO neutron.db.ovn_revision_numbers_db [None req-49b896fa-a39a-4388-9eca-a24c3bbd5289 2ce7e2edef364c42b06cdf2bc98b66f0 6dbdf5d786b74831b82d34a23f4ace84 - - default default] Successfully bumped revision number for resource cc8d9949-4f4e-405d-8f4a-916f24a5ba50 (type: networks) to 1
2026-05-12 12:04:37.238 10 WARNING neutron.scheduler.dhcp_agent_scheduler [None req-49b896fa-a39a-4388-9eca-a24c3bbd5289 2ce7e2edef364c42b06cdf2bc98b66f0 6dbdf5d786b74831b82d34a23f4ace84 - - default default] No more DHCP agents
2026-05-12 12:04:37.239 10 WARNING neutron.api.rpc.agentnotifiers.dhcp_rpc_agent_api [None req-49b896fa-a39a-4388-9eca-a24c3bbd5289 2ce7e2edef364c42b06cdf2bc98b66f0 6dbdf5d786b74831b82d34a23f4ace84 - - default default] Unable to schedule network cc8d9949-4f4e-405d-8f4a-916f24a5ba50: no agents available; will retry on subsequent port and subnet creation events.
2026-05-12 12:04:37.318 10 INFO neutron.db.ovn_revision_numbers_db [None req-49b896fa-a39a-4388-9eca-a24c3bbd5289 2ce7e2edef364c42b06cdf2bc98b66f0 6dbdf5d786b74831b82d34a23f4ace84 - - default default] Successfully bumped revision number for resource 4a1f5495-fea7-4b7d-a954-2e36afaa9bdc (type: ports) to 1
2026-05-12 12:04:37.341 10 INFO neutron.wsgi [None req-49b896fa-a39a-4388-9eca-a24c3bbd5289 2ce7e2edef364c42b06cdf2bc98b66f0 6dbdf5d786b74831b82d34a23f4ace84 - - default default] 199.19.213.157,10.0.0.208 "POST /v2.0/networks HTTP/1.1" status: 201 len: 890 time: 0.4952040
2026-05-12 12:04:38.379 10 INFO neutron.pecan_wsgi.hooks.translation [None req-d0362314-d908-4f6f-8dce-0d425423d5c4 2ce7e2edef364c42b06cdf2bc98b66f0 6dbdf5d786b74831b82d34a23f4ace84 - - default default] GET failed (client error): The resource could not be found.
2026-05-12 12:04:38.381 10 INFO neutron.wsgi [None req-d0362314-d908-4f6f-8dce-0d425423d5c4 2ce7e2edef364c42b06cdf2bc98b66f0 6dbdf5d786b74831b82d34a23f4ace84 - - default default] 199.19.213.157,10.0.0.208 "GET /v2.0/networks/lb-mgmt-net HTTP/1.1" status: 404 len: 295 time: 0.0550532
2026-05-12 12:04:38.429 10 INFO neutron.wsgi [None req-cf0fac08-0290-4f7e-875a-5fb844cb126d 2ce7e2edef364c42b06cdf2bc98b66f0 6dbdf5d786b74831b82d34a23f4ace84 - - default default] 199.19.213.157,10.0.0.208 "GET /v2.0/networks?name=lb-mgmt-net HTTP/1.1" status: 200 len: 875 time: 0.0438569
2026-05-12 12:04:38.453 10 INFO neutron.pecan_wsgi.hooks.translation [None req-bd8d458c-2a3e-424d-8243-d164f8552837 2ce7e2edef364c42b06cdf2bc98b66f0 6dbdf5d786b74831b82d34a23f4ace84 - - default default] GET failed (client error): The resource could not be found.
2026-05-12 12:04:38.454 10 INFO neutron.wsgi [None req-bd8d458c-2a3e-424d-8243-d164f8552837 2ce7e2edef364c42b06cdf2bc98b66f0 6dbdf5d786b74831b82d34a23f4ace84 - - default default] 199.19.213.157,10.0.0.208 "GET /v2.0/subnets/lb-mgmt-subnet?network_id=cc8d9949-4f4e-405d-8f4a-916f24a5ba50 HTTP/1.1" status: 404 len: 296 time: 0.0170631
2026-05-12 12:04:38.477 10 INFO neutron.wsgi [None req-05dc2856-8eae-4d7c-98f6-568b13bf7af3 2ce7e2edef364c42b06cdf2bc98b66f0 6dbdf5d786b74831b82d34a23f4ace84 - - default default] 199.19.213.157,10.0.0.208 "GET /v2.0/subnets?name=lb-mgmt-subnet&network_id=cc8d9949-4f4e-405d-8f4a-916f24a5ba50 HTTP/1.1" status: 200 len: 188 time: 0.0184901
2026-05-12 12:04:38.636 10 WARNING neutron.scheduler.dhcp_agent_scheduler [None req-a8dc35c0-669d-4add-b345-0fc00877d8a5 2ce7e2edef364c42b06cdf2bc98b66f0 6dbdf5d786b74831b82d34a23f4ace84 - - default default] No more DHCP agents
2026-05-12 12:04:38.638 10 WARNING neutron.api.rpc.agentnotifiers.dhcp_rpc_agent_api [None req-a8dc35c0-669d-4add-b345-0fc00877d8a5 2ce7e2edef364c42b06cdf2bc98b66f0 6dbdf5d786b74831b82d34a23f4ace84 - - default default] Unable to schedule network cc8d9949-4f4e-405d-8f4a-916f24a5ba50: no agents available; will retry on subsequent port and subnet creation events.
2026-05-12 12:04:38.690 9 INFO neutron.wsgi [-] 10.0.0.208 "GET / HTTP/1.1" status: 200 len: 247 time: 0.0024359
2026-05-12 12:04:38.692 9 INFO neutron.wsgi [-] 10.0.0.208 "GET / HTTP/1.1" status: 200 len: 247 time: 0.0019314
2026-05-12 12:04:39.196 10 INFO neutron.db.ovn_revision_numbers_db [None req-a8dc35c0-669d-4add-b345-0fc00877d8a5 2ce7e2edef364c42b06cdf2bc98b66f0 6dbdf5d786b74831b82d34a23f4ace84 - - default default] Successfully bumped revision number for resource 4a1f5495-fea7-4b7d-a954-2e36afaa9bdc (type: ports) to 2
2026-05-12 12:04:39.231 10 INFO neutron.db.ovn_revision_numbers_db [None req-a8dc35c0-669d-4add-b345-0fc00877d8a5 2ce7e2edef364c42b06cdf2bc98b66f0 6dbdf5d786b74831b82d34a23f4ace84 - - default default] Successfully bumped revision number for resource 94ebfcce-697f-4317-8e40-f91790526769 (type: subnets) to 0
2026-05-12 12:04:39.248 10 INFO neutron.wsgi [None req-a8dc35c0-669d-4add-b345-0fc00877d8a5 2ce7e2edef364c42b06cdf2bc98b66f0 6dbdf5d786b74831b82d34a23f4ace84 - - default default] 199.19.213.157,10.0.0.208 "POST /v2.0/subnets HTTP/1.1" status: 201 len: 807 time: 0.7655103
2026-05-12 12:04:40.485 10 INFO neutron.api.v2.resource [None req-84e80ab1-370e-44cb-b305-63e837e39300 2ce7e2edef364c42b06cdf2bc98b66f0 6dbdf5d786b74831b82d34a23f4ace84 - - default default] show failed (client error): The resource could not be found.
2026-05-12 12:04:40.487 10 INFO neutron.wsgi [None req-84e80ab1-370e-44cb-b305-63e837e39300 2ce7e2edef364c42b06cdf2bc98b66f0 6dbdf5d786b74831b82d34a23f4ace84 - - default default] 199.19.213.157,10.0.0.208 "GET /v2.0/security-groups/lb-health-mgr-sec-grp HTTP/1.1" status: 404 len: 313 time: 0.0530856
2026-05-12 12:04:40.531 10 INFO neutron.wsgi [None req-cf90dba7-5cbc-4ea2-bab5-7d7d445de963 2ce7e2edef364c42b06cdf2bc98b66f0 6dbdf5d786b74831b82d34a23f4ace84 - - default default] 199.19.213.157,10.0.0.208 "GET /v2.0/security-groups?name=lb-health-mgr-sec-grp HTTP/1.1" status: 200 len: 197 time: 0.0397689
2026-05-12 12:04:40.663 10 INFO neutron.db.ovn_revision_numbers_db [None req-ec15ee93-ca85-4098-83fd-9968cad1ee47 2ce7e2edef364c42b06cdf2bc98b66f0 6dbdf5d786b74831b82d34a23f4ace84 - - default default] Successfully bumped revision number for resource 0fccc65a-982c-4152-abb6-2a9d0df59ac3 (type: security_groups) to 1
2026-05-12 12:04:40.676 10 INFO neutron.db.ovn_revision_numbers_db [None req-ec15ee93-ca85-4098-83fd-9968cad1ee47 2ce7e2edef364c42b06cdf2bc98b66f0 6dbdf5d786b74831b82d34a23f4ace84 - - default default] Successfully bumped revision number for resource 5e93aa26-a49b-4713-843a-3ba81e4b5393 (type: security_group_rules) to 0
2026-05-12 12:04:40.694 10 INFO neutron.db.ovn_revision_numbers_db [None req-ec15ee93-ca85-4098-83fd-9968cad1ee47 2ce7e2edef364c42b06cdf2bc98b66f0 6dbdf5d786b74831b82d34a23f4ace84 - - default default] Successfully bumped revision number for resource c8a28660-503d-44bd-90f4-b59924f01931 (type: security_group_rules) to 0
2026-05-12 12:04:40.715 10 INFO neutron.wsgi [None req-ec15ee93-ca85-4098-83fd-9968cad1ee47 2ce7e2edef364c42b06cdf2bc98b66f0 6dbdf5d786b74831b82d34a23f4ace84 - - default default] 199.19.213.157,10.0.0.208 "POST /v2.0/security-groups HTTP/1.1" status: 201 len: 1733 time: 0.1798418
2026-05-12 12:04:42.038 10 INFO neutron.wsgi [None req-65202e36-d716-45de-afd1-093d1467c43e 2ce7e2edef364c42b06cdf2bc98b66f0 6dbdf5d786b74831b82d34a23f4ace84 - - default default] 199.19.213.157,10.0.0.208 "GET /v2.0/security-groups/0fccc65a-982c-4152-abb6-2a9d0df59ac3 HTTP/1.1" status: 200 len: 1728 time: 0.0932467
2026-05-12 12:04:42.093 10 INFO neutron.wsgi [None req-fe0a9df7-8425-4d10-a6ae-aa9c3fec2266 2ce7e2edef364c42b06cdf2bc98b66f0 6dbdf5d786b74831b82d34a23f4ace84 - - default default] 199.19.213.157,10.0.0.208 "GET /v2.0/security-groups/0fccc65a-982c-4152-abb6-2a9d0df59ac3 HTTP/1.1" status: 200 len: 1728 time: 0.0480049
2026-05-12 12:04:42.128 10 INFO neutron.wsgi [None req-f819d112-6933-41c1-82c2-eed269a81002 2ce7e2edef364c42b06cdf2bc98b66f0 6dbdf5d786b74831b82d34a23f4ace84 - - default default] 199.19.213.157,10.0.0.208 "GET /v2.0/security-groups/0fccc65a-982c-4152-abb6-2a9d0df59ac3 HTTP/1.1" status: 200 len: 1728 time: 0.0295098
2026-05-12 12:04:42.254 10 INFO neutron.db.ovn_revision_numbers_db [None req-e8f7dc0e-e577-4ea6-a373-b9bd062aa6cb 2ce7e2edef364c42b06cdf2bc98b66f0 6dbdf5d786b74831b82d34a23f4ace84 - - default default] Successfully bumped revision number for resource 82d86e59-9b99-46fc-b8fd-6ea059b08e04 (type: security_group_rules) to 0
2026-05-12 12:04:42.282 10 INFO neutron.wsgi [None req-e8f7dc0e-e577-4ea6-a373-b9bd062aa6cb 2ce7e2edef364c42b06cdf2bc98b66f0 6dbdf5d786b74831b82d34a23f4ace84 - - default default] 199.19.213.157,10.0.0.208 "POST /v2.0/security-group-rules HTTP/1.1" status: 201 len: 749 time: 0.1494279
2026-05-12 12:04:43.228 10 INFO neutron.wsgi [None req-d7baa97d-1e36-4c9c-9ac1-fef91a774043 2ce7e2edef364c42b06cdf2bc98b66f0 6dbdf5d786b74831b82d34a23f4ace84 - - default default] 199.19.213.157,10.0.0.208 "GET /v2.0/security-groups/0fccc65a-982c-4152-abb6-2a9d0df59ac3 HTTP/1.1" status: 200 len: 2310 time: 0.0729949
2026-05-12 12:04:43.264 10 INFO neutron.wsgi [None req-7b708182-d764-476a-9e48-0bdc6e1d31b1 2ce7e2edef364c42b06cdf2bc98b66f0 6dbdf5d786b74831b82d34a23f4ace84 - - default default] 199.19.213.157,10.0.0.208 "GET /v2.0/security-groups/0fccc65a-982c-4152-abb6-2a9d0df59ac3 HTTP/1.1" status: 200 len: 2310 time: 0.0286651
2026-05-12 12:04:43.303 10 INFO neutron.wsgi [None req-53455f26-704d-482a-981a-4d57f94206fe 2ce7e2edef364c42b06cdf2bc98b66f0 6dbdf5d786b74831b82d34a23f4ace84 - - default default] 199.19.213.157,10.0.0.208 "GET /v2.0/security-groups/0fccc65a-982c-4152-abb6-2a9d0df59ac3 HTTP/1.1" status: 200 len: 2310 time: 0.0307128
2026-05-12 12:04:43.462 10 INFO neutron.db.ovn_revision_numbers_db [None req-ce7b1938-9db5-4a9f-9da1-019b63f611e5 2ce7e2edef364c42b06cdf2bc98b66f0 6dbdf5d786b74831b82d34a23f4ace84 - - default default] Successfully bumped revision number for resource 02b44bd3-e388-40da-bbee-70569177f2f9 (type: security_group_rules) to 0
2026-05-12 12:04:43.490 10 INFO neutron.wsgi [None req-ce7b1938-9db5-4a9f-9da1-019b63f611e5 2ce7e2edef364c42b06cdf2bc98b66f0 6dbdf5d786b74831b82d34a23f4ace84 - - default default] 199.19.213.157,10.0.0.208 "POST /v2.0/security-group-rules HTTP/1.1" status: 201 len: 751 time: 0.1793685 /var/lib/openstack/lib/python3.10/site-packages/memcache.py:1303: SyntaxWarning: "is" with a literal. Did you mean "=="? if key is '': /var/lib/openstack/lib/python3.10/site-packages/memcache.py:1304: SyntaxWarning: "is" with a literal. Did you mean "=="? if key_extra_len is 0: /var/lib/openstack/lib/python3.10/site-packages/pycadf/identifier.py:71: UserWarning: Invalid uuid: unknown. To ensure interoperability, identifiers should be a valid uuid. warnings.warn(('Invalid uuid: %s. To ensure interoperability, '
2026-05-12 12:04:45.044 9 WARNING oslo_policy.policy [None req-acf8f35c-b602-4ab6-91eb-e2fc33952697 2ce7e2edef364c42b06cdf2bc98b66f0 6dbdf5d786b74831b82d34a23f4ace84 - - default default] Policies ['get_subnets_tags'] reference a rule that is not defined.
2026-05-12 12:04:45.046 9 INFO neutron.wsgi [None req-acf8f35c-b602-4ab6-91eb-e2fc33952697 2ce7e2edef364c42b06cdf2bc98b66f0 6dbdf5d786b74831b82d34a23f4ace84 - - default default] 199.19.213.157,10.0.0.208 "GET /v2.0/security-groups/0fccc65a-982c-4152-abb6-2a9d0df59ac3 HTTP/1.1" status: 200 len: 2894 time: 0.7018125
2026-05-12 12:04:45.092 9 INFO neutron.wsgi [None req-cef5f346-cbe2-4b07-a28f-b51590fbb7ca 2ce7e2edef364c42b06cdf2bc98b66f0 6dbdf5d786b74831b82d34a23f4ace84 - - default default] 199.19.213.157,10.0.0.208 "GET /v2.0/security-groups/0fccc65a-982c-4152-abb6-2a9d0df59ac3 HTTP/1.1" status: 200 len: 2894 time: 0.0376682
2026-05-12 12:04:45.142 9 INFO neutron.wsgi [None req-eb52ea3b-a395-45d9-aa35-0b7c6b20f97d 2ce7e2edef364c42b06cdf2bc98b66f0 6dbdf5d786b74831b82d34a23f4ace84 - - default default] 199.19.213.157,10.0.0.208 "GET /v2.0/security-groups/0fccc65a-982c-4152-abb6-2a9d0df59ac3 HTTP/1.1" status: 200 len: 2894 time: 0.0428495
2026-05-12 12:04:45.310 9 INFO neutron.plugins.ml2.drivers.ovn.mech_driver.ovsdb.extensions.qos [None req-c599eb4c-d4a3-42f6-9cca-2fbfadbd9aae 2ce7e2edef364c42b06cdf2bc98b66f0 6dbdf5d786b74831b82d34a23f4ace84 - - default default] Starting OVNClientQosExtension
2026-05-12 12:04:45.311 9 INFO neutron.plugins.ml2.drivers.ovn.mech_driver.ovsdb.extensions.placement [None req-c599eb4c-d4a3-42f6-9cca-2fbfadbd9aae 2ce7e2edef364c42b06cdf2bc98b66f0 6dbdf5d786b74831b82d34a23f4ace84 - - default default] Starting OVNClientPlacementExtension
2026-05-12 12:04:45.360 9 INFO neutron.db.ovn_revision_numbers_db [None req-c599eb4c-d4a3-42f6-9cca-2fbfadbd9aae 2ce7e2edef364c42b06cdf2bc98b66f0 6dbdf5d786b74831b82d34a23f4ace84 - - default default] Successfully bumped revision number for resource 85ccf53b-f4d1-46ea-b4fb-3a795bc298b4 (type: security_group_rules) to 0
2026-05-12 12:04:45.417 9 INFO neutron.wsgi [None req-c599eb4c-d4a3-42f6-9cca-2fbfadbd9aae 2ce7e2edef364c42b06cdf2bc98b66f0 6dbdf5d786b74831b82d34a23f4ace84 - - default default] 199.19.213.157,10.0.0.208 "POST /v2.0/security-group-rules HTTP/1.1" status: 201 len: 751 time: 0.2694116
2026-05-12 12:04:46.319 9 INFO neutron.wsgi [None req-c9e8860a-3cd2-45f3-aa2e-d8d0d18e939c 2ce7e2edef364c42b06cdf2bc98b66f0 6dbdf5d786b74831b82d34a23f4ace84 - - default default] 199.19.213.157,10.0.0.208 "GET /v2.0/security-groups/0fccc65a-982c-4152-abb6-2a9d0df59ac3 HTTP/1.1" status: 200 len: 3478 time: 0.0726020
2026-05-12 12:04:46.362 9 INFO neutron.wsgi [None req-626858f6-b31c-433c-ac28-996bbc98612b 2ce7e2edef364c42b06cdf2bc98b66f0 6dbdf5d786b74831b82d34a23f4ace84 - - default default] 199.19.213.157,10.0.0.208 "GET /v2.0/security-groups/0fccc65a-982c-4152-abb6-2a9d0df59ac3 HTTP/1.1" status: 200 len: 3478 time: 0.0343845
2026-05-12 12:04:46.399 9 INFO neutron.wsgi [None req-140a8dd8-8a52-400b-8330-578ab5d5e6bd 2ce7e2edef364c42b06cdf2bc98b66f0 6dbdf5d786b74831b82d34a23f4ace84 - - default default] 199.19.213.157,10.0.0.208 "GET /v2.0/security-groups/0fccc65a-982c-4152-abb6-2a9d0df59ac3 HTTP/1.1" status: 200 len: 3478 time: 0.0305865
2026-05-12 12:04:46.534 9 INFO neutron.db.ovn_revision_numbers_db [None req-dbce53a8-a5ce-4848-8281-2b108d9bc75c 2ce7e2edef364c42b06cdf2bc98b66f0 6dbdf5d786b74831b82d34a23f4ace84 - - default default] Successfully bumped revision number for resource fa54878a-882a-4390-9171-b71179b5b616 (type: security_group_rules) to 0
2026-05-12 12:04:46.560 9 INFO neutron.wsgi [None req-dbce53a8-a5ce-4848-8281-2b108d9bc75c 2ce7e2edef364c42b06cdf2bc98b66f0 6dbdf5d786b74831b82d34a23f4ace84 - - default default] 199.19.213.157,10.0.0.208 "POST /v2.0/security-group-rules HTTP/1.1" status: 201 len: 751 time: 0.1518154
2026-05-12 12:04:47.477 9 INFO neutron.wsgi [None req-893952f9-699c-47e4-84e1-22ebd4fb4d73 2ce7e2edef364c42b06cdf2bc98b66f0 6dbdf5d786b74831b82d34a23f4ace84 - - default default] 199.19.213.157,10.0.0.208 "GET /v2.0/security-groups/0fccc65a-982c-4152-abb6-2a9d0df59ac3 HTTP/1.1" status: 200 len: 4062 time: 0.0814466
2026-05-12 12:04:47.518 9 INFO neutron.wsgi [None req-2a84fe79-7dcf-4b20-8f5c-c191ed78f93e 2ce7e2edef364c42b06cdf2bc98b66f0 6dbdf5d786b74831b82d34a23f4ace84 - - default default] 199.19.213.157,10.0.0.208 "GET /v2.0/security-groups/0fccc65a-982c-4152-abb6-2a9d0df59ac3 HTTP/1.1" status: 200 len: 4062 time: 0.0335939
2026-05-12 12:04:47.559 9 INFO neutron.wsgi [None req-92fee417-6c36-4b3c-830f-355a34294b7c 2ce7e2edef364c42b06cdf2bc98b66f0 6dbdf5d786b74831b82d34a23f4ace84 - - default default] 199.19.213.157,10.0.0.208 "GET /v2.0/security-groups/0fccc65a-982c-4152-abb6-2a9d0df59ac3 HTTP/1.1" status: 200 len: 4062 time: 0.0332818
2026-05-12 12:04:47.700 9 INFO neutron.db.ovn_revision_numbers_db [None req-11cd16cc-5f32-423b-bc22-790d2de53f31 2ce7e2edef364c42b06cdf2bc98b66f0 6dbdf5d786b74831b82d34a23f4ace84 - - default default] Successfully bumped revision number for resource 7d2339cd-da5d-4838-b46a-1c2ea610baa7 (type: security_group_rules) to 0
2026-05-12 12:04:47.723 9 INFO neutron.wsgi [None req-11cd16cc-5f32-423b-bc22-790d2de53f31 2ce7e2edef364c42b06cdf2bc98b66f0 6dbdf5d786b74831b82d34a23f4ace84 - - default default] 199.19.213.157,10.0.0.208 "POST /v2.0/security-group-rules HTTP/1.1" status: 201 len: 751 time: 0.1561370
2026-05-12 12:04:48.958 10 INFO neutron.wsgi [None req-313f4384-84ad-48d0-9764-49b77aad968d 2ce7e2edef364c42b06cdf2bc98b66f0 6dbdf5d786b74831b82d34a23f4ace84 - - default default] 199.19.213.157,10.0.0.208 "GET /v2.0/networks/cc8d9949-4f4e-405d-8f4a-916f24a5ba50 HTTP/1.1" status: 200 len: 910 time: 0.0894725
2026-05-12 12:04:48.983 10 INFO neutron.pecan_wsgi.hooks.translation [None req-c33a61f1-fdad-421f-b1ae-80aa99575023 2ce7e2edef364c42b06cdf2bc98b66f0 6dbdf5d786b74831b82d34a23f4ace84 - - default default] GET failed (client error): The resource could not be found.
2026-05-12 12:04:48.985 10 INFO neutron.wsgi [None req-c33a61f1-fdad-421f-b1ae-80aa99575023 2ce7e2edef364c42b06cdf2bc98b66f0 6dbdf5d786b74831b82d34a23f4ace84 - - default default] 199.19.213.157,10.0.0.208 "GET /v2.0/ports/octavia-health-manager-port-instance?network_id=cc8d9949-4f4e-405d-8f4a-916f24a5ba50 HTTP/1.1" status: 404 len: 314 time: 0.0186954
2026-05-12 12:04:49.021 10 INFO neutron.wsgi [None req-c2e2b740-d560-4b58-a056-11cb9ac4a78b 2ce7e2edef364c42b06cdf2bc98b66f0 6dbdf5d786b74831b82d34a23f4ace84 - - default default] 199.19.213.157,10.0.0.208 "GET /v2.0/ports?name=octavia-health-manager-port-instance&network_id=cc8d9949-4f4e-405d-8f4a-916f24a5ba50 HTTP/1.1" status: 200 len: 186 time: 0.0325699
2026-05-12 12:04:49.053 10 INFO neutron.wsgi [None req-c759f075-b121-4e93-84f3-fa0a19e4a456 2ce7e2edef364c42b06cdf2bc98b66f0 6dbdf5d786b74831b82d34a23f4ace84 - - default default] 199.19.213.157,10.0.0.208 "GET /v2.0/security-groups/0fccc65a-982c-4152-abb6-2a9d0df59ac3 HTTP/1.1" status: 200 len: 4646 time: 0.0259352
2026-05-12 12:04:49.328 10 WARNING neutron.scheduler.dhcp_agent_scheduler [None req-992cc187-73cb-4fae-9147-0735cdc1cc65 2ce7e2edef364c42b06cdf2bc98b66f0 6dbdf5d786b74831b82d34a23f4ace84 - - default default] No more DHCP agents
2026-05-12 12:04:49.330 10 WARNING neutron.api.rpc.agentnotifiers.dhcp_rpc_agent_api [None req-992cc187-73cb-4fae-9147-0735cdc1cc65 2ce7e2edef364c42b06cdf2bc98b66f0 6dbdf5d786b74831b82d34a23f4ace84 - - default default] Unable to schedule network cc8d9949-4f4e-405d-8f4a-916f24a5ba50: no agents available; will retry on subsequent port and subnet creation events.
2026-05-12 12:04:49.461 10 INFO neutron.db.ovn_revision_numbers_db [None req-992cc187-73cb-4fae-9147-0735cdc1cc65 2ce7e2edef364c42b06cdf2bc98b66f0 6dbdf5d786b74831b82d34a23f4ace84 - - default default] Successfully bumped revision number for resource e753bfd3-edfe-4692-b503-7556583fb8bc (type: ports) to 1
2026-05-12 12:04:49.483 10 INFO neutron.wsgi [None req-992cc187-73cb-4fae-9147-0735cdc1cc65 2ce7e2edef364c42b06cdf2bc98b66f0 6dbdf5d786b74831b82d34a23f4ace84 - - default default] 199.19.213.157,10.0.0.208 "POST /v2.0/ports HTTP/1.1" status: 201 len: 1281 time: 0.4190664
2026-05-12 12:04:51.225 15 INFO neutron.db.ovn_revision_numbers_db [None req-162dddf6-753a-4798-a3aa-7301755a66c9 - - - - - -] Successfully bumped revision number for resource 457156cf-6ec7-4a27-af75-9a287a07bd04 (type: networks) to 2
2026-05-12 12:04:51.226 15 INFO neutron.plugins.ml2.drivers.ovn.mech_driver.ovsdb.maintenance [None req-162dddf6-753a-4798-a3aa-7301755a66c9 - - - - - -] Maintenance task: Synchronization finished (took 0.17 seconds)
2026-05-12 12:04:53.690 10 INFO neutron.wsgi [-] 10.0.0.208 "GET / HTTP/1.1" status: 200 len: 247 time: 0.0025766
2026-05-12 12:04:53.691 9 INFO neutron.wsgi [-] 10.0.0.208 "GET / HTTP/1.1" status: 200 len: 247 time: 0.0027835
2026-05-12 12:04:55.672 9 INFO neutron.pecan_wsgi.hooks.translation [None req-e8dfebad-1432-47a5-8229-7270e020c741 2ce7e2edef364c42b06cdf2bc98b66f0 6dbdf5d786b74831b82d34a23f4ace84 - - default default] GET failed (client error): The resource could not be found.
2026-05-12 12:04:55.674 9 INFO neutron.wsgi [None req-e8dfebad-1432-47a5-8229-7270e020c741 2ce7e2edef364c42b06cdf2bc98b66f0 6dbdf5d786b74831b82d34a23f4ace84 - - default default] 199.19.213.157,10.0.0.208 "GET /v2.0/ports/octavia-health-manager-port-instance HTTP/1.1" status: 404 len: 314 time: 0.0941305
2026-05-12 12:04:55.731 9 INFO neutron.wsgi [None req-4ada8578-106d-4473-a16c-2eb67cba07e3 2ce7e2edef364c42b06cdf2bc98b66f0 6dbdf5d786b74831b82d34a23f4ace84 - - default default] 199.19.213.157,10.0.0.208 "GET /v2.0/ports?name=octavia-health-manager-port-instance HTTP/1.1" status: 200 len: 1279 time: 0.0534160
2026-05-12 12:04:56.265 9 INFO neutron.db.ovn_revision_numbers_db [None req-d80e20ec-fe47-49c8-9c0b-fadbd715837d 2ce7e2edef364c42b06cdf2bc98b66f0 6dbdf5d786b74831b82d34a23f4ace84 - - default default] Successfully bumped revision number for resource e753bfd3-edfe-4692-b503-7556583fb8bc (type: ports) to 1
2026-05-12 12:04:56.524 9 INFO neutron.db.ovn_revision_numbers_db [None req-d80e20ec-fe47-49c8-9c0b-fadbd715837d 2ce7e2edef364c42b06cdf2bc98b66f0 6dbdf5d786b74831b82d34a23f4ace84 - - default default] Successfully bumped revision number for resource e753bfd3-edfe-4692-b503-7556583fb8bc (type: ports) to 2
2026-05-12 12:04:56.547 9 INFO neutron.wsgi [None req-d80e20ec-fe47-49c8-9c0b-fadbd715837d 2ce7e2edef364c42b06cdf2bc98b66f0 6dbdf5d786b74831b82d34a23f4ace84 - - default default] 199.19.213.157,10.0.0.208 "PUT /v2.0/ports/e753bfd3-edfe-4692-b503-7556583fb8bc HTTP/1.1" status: 200 len: 1366 time: 0.8074973 /var/lib/openstack/lib/python3.10/site-packages/pycadf/identifier.py:71: UserWarning: Invalid uuid: unknown. To ensure interoperability, identifiers should be a valid uuid. warnings.warn(('Invalid uuid: %s. To ensure interoperability, '
2026-05-12 12:04:57.976 10 INFO neutron.wsgi [None req-5c5e65d3-a31d-4ebe-bd11-5e0bbf633438 2ce7e2edef364c42b06cdf2bc98b66f0 6dbdf5d786b74831b82d34a23f4ace84 - - default default] 199.19.213.157,10.0.0.208 "GET /v2.0/ports HTTP/1.1" status: 200 len: 3511 time: 0.0951271 /var/lib/openstack/lib/python3.10/site-packages/pycadf/identifier.py:71: UserWarning: Invalid uuid: unknown. To ensure interoperability, identifiers should be a valid uuid. warnings.warn(('Invalid uuid: %s. To ensure interoperability, '
2026-05-12 12:04:59.035 9 INFO neutron.api.v2.resource [None req-fc318319-8bfa-4ddd-b54b-52c2c3abc2a9 2ce7e2edef364c42b06cdf2bc98b66f0 6dbdf5d786b74831b82d34a23f4ace84 - - default default] show failed (client error): The resource could not be found.
2026-05-12 12:04:59.036 9 INFO neutron.wsgi [None req-fc318319-8bfa-4ddd-b54b-52c2c3abc2a9 2ce7e2edef364c42b06cdf2bc98b66f0 6dbdf5d786b74831b82d34a23f4ace84 - - default default] 199.19.213.157,10.0.0.208 "GET /v2.0/security-groups/lb-mgmt-sec-grp HTTP/1.1" status: 404 len: 307 time: 0.0541101
2026-05-12 12:04:59.066 9 INFO neutron.wsgi [None req-b67eba52-6085-4a44-ad8e-d3c3a7bfc532 2ce7e2edef364c42b06cdf2bc98b66f0 6dbdf5d786b74831b82d34a23f4ace84 - - default default] 199.19.213.157,10.0.0.208 "GET /v2.0/security-groups?name=lb-mgmt-sec-grp HTTP/1.1" status: 200 len: 197 time: 0.0259097
2026-05-12 12:04:59.200 9 INFO neutron.db.ovn_revision_numbers_db [None req-99af28a0-9619-4276-9e63-15b2e9eb5f5c 2ce7e2edef364c42b06cdf2bc98b66f0 6dbdf5d786b74831b82d34a23f4ace84 - - default default] Successfully bumped revision number for resource ae57ee3d-7e7e-4b41-80fd-9ec7d6b3c5dc (type: security_groups) to 1
2026-05-12 12:04:59.214 9 INFO neutron.db.ovn_revision_numbers_db [None req-99af28a0-9619-4276-9e63-15b2e9eb5f5c 2ce7e2edef364c42b06cdf2bc98b66f0 6dbdf5d786b74831b82d34a23f4ace84 - - default default] Successfully bumped revision number for resource 598b009a-f08a-4683-be77-5414d090c59c (type: security_group_rules) to 0
2026-05-12 12:04:59.226 9 INFO neutron.db.ovn_revision_numbers_db [None req-99af28a0-9619-4276-9e63-15b2e9eb5f5c 2ce7e2edef364c42b06cdf2bc98b66f0 6dbdf5d786b74831b82d34a23f4ace84 - - default default] Successfully bumped revision number for resource ed3f3ac7-52f3-4ac0-b0c4-05d826826f38 (type: security_group_rules) to 0
2026-05-12 12:04:59.258 9 INFO neutron.wsgi [None req-99af28a0-9619-4276-9e63-15b2e9eb5f5c 2ce7e2edef364c42b06cdf2bc98b66f0 6dbdf5d786b74831b82d34a23f4ace84 - - default default] 199.19.213.157,10.0.0.208 "POST /v2.0/security-groups HTTP/1.1" status: 201 len: 1727 time: 0.1867657
2026-05-12 12:05:00.257 9 INFO neutron.wsgi [None req-2285e23f-43e0-4a02-9d45-9b400b67bf0a 2ce7e2edef364c42b06cdf2bc98b66f0 6dbdf5d786b74831b82d34a23f4ace84 - - default default] 199.19.213.157,10.0.0.208 "GET /v2.0/security-groups/ae57ee3d-7e7e-4b41-80fd-9ec7d6b3c5dc HTTP/1.1" status: 200 len: 1722 time: 0.0630414
2026-05-12 12:05:00.295 9 INFO neutron.wsgi [None req-99358140-c61c-491d-8cfa-342fccf06cc9 2ce7e2edef364c42b06cdf2bc98b66f0 6dbdf5d786b74831b82d34a23f4ace84 - - default default] 199.19.213.157,10.0.0.208 "GET /v2.0/security-groups/ae57ee3d-7e7e-4b41-80fd-9ec7d6b3c5dc HTTP/1.1" status: 200 len: 1722 time: 0.0300891
2026-05-12 12:05:00.331 9 INFO neutron.wsgi [None req-77d2a477-4488-4e1b-9271-7f6c5d403fbe 2ce7e2edef364c42b06cdf2bc98b66f0 6dbdf5d786b74831b82d34a23f4ace84 - - default default] 199.19.213.157,10.0.0.208 "GET /v2.0/security-groups/ae57ee3d-7e7e-4b41-80fd-9ec7d6b3c5dc HTTP/1.1" status: 200 len: 1722 time: 0.0297461
2026-05-12 12:05:00.479 9 INFO neutron.db.ovn_revision_numbers_db [None req-67fd3e52-a78a-45b6-b7b0-227d3113947c 2ce7e2edef364c42b06cdf2bc98b66f0 6dbdf5d786b74831b82d34a23f4ace84 - - default default] Successfully bumped revision number for resource 6d2f9a1a-a26e-45b3-82c2-461ed9516017 (type: security_group_rules) to 0
2026-05-12 12:05:00.516 9 INFO neutron.wsgi [None req-67fd3e52-a78a-45b6-b7b0-227d3113947c 2ce7e2edef364c42b06cdf2bc98b66f0 6dbdf5d786b74831b82d34a23f4ace84 - - default default] 199.19.213.157,10.0.0.208 "POST /v2.0/security-group-rules HTTP/1.1" status: 201 len: 771 time: 0.1764975
2026-05-12 12:05:01.453 10 INFO neutron.wsgi [None req-3a0099a6-6952-42a4-b9e5-f04c9370dd8d 2ce7e2edef364c42b06cdf2bc98b66f0 6dbdf5d786b74831b82d34a23f4ace84 - - default default] 199.19.213.157,10.0.0.208 "GET /v2.0/security-groups/ae57ee3d-7e7e-4b41-80fd-9ec7d6b3c5dc HTTP/1.1" status: 200 len: 2326 time: 0.0900316
2026-05-12 12:05:01.496 10 INFO neutron.wsgi [None req-37ffad84-b201-4cac-9f57-e7e706cbb055 2ce7e2edef364c42b06cdf2bc98b66f0 6dbdf5d786b74831b82d34a23f4ace84 - - default default] 199.19.213.157,10.0.0.208 "GET /v2.0/security-groups/ae57ee3d-7e7e-4b41-80fd-9ec7d6b3c5dc HTTP/1.1" status: 200 len: 2326 time: 0.0343881
2026-05-12 12:05:01.541 10 INFO neutron.wsgi [None req-3f79034d-69d1-487d-b4ff-167265f7fa66 2ce7e2edef364c42b06cdf2bc98b66f0 6dbdf5d786b74831b82d34a23f4ace84 - - default default] 199.19.213.157,10.0.0.208 "GET /v2.0/security-groups/ae57ee3d-7e7e-4b41-80fd-9ec7d6b3c5dc HTTP/1.1" status: 200 len: 2326 time: 0.0369561
2026-05-12 12:05:01.689 10 INFO neutron.db.ovn_revision_numbers_db [None req-9a09ff25-77dd-4174-9b97-83a2f8a00f81 2ce7e2edef364c42b06cdf2bc98b66f0 6dbdf5d786b74831b82d34a23f4ace84 - - default default] Successfully bumped revision number for resource 57de2dde-e48b-4d0c-bac1-2ee19144dec1 (type: security_group_rules) to 0
2026-05-12 12:05:01.720 10 INFO neutron.wsgi [None req-9a09ff25-77dd-4174-9b97-83a2f8a00f81 2ce7e2edef364c42b06cdf2bc98b66f0 6dbdf5d786b74831b82d34a23f4ace84 - - default default] 199.19.213.157,10.0.0.208 "POST /v2.0/security-group-rules HTTP/1.1" status: 201 len: 775 time: 0.1692758
2026-05-12 12:05:08.689 10 INFO neutron.wsgi [-] 10.0.0.208 "GET / HTTP/1.1" status: 200 len: 247 time: 0.0024867
2026-05-12 12:05:08.692 10 INFO neutron.wsgi [-] 10.0.0.208 "GET / HTTP/1.1" status: 200 len: 247 time: 0.0019310
2026-05-12 12:05:23.691 9 INFO neutron.wsgi [-] 10.0.0.208 "GET / HTTP/1.1" status: 200 len: 247 time: 0.0030410
2026-05-12 12:05:23.693 9 INFO neutron.wsgi [-] 10.0.0.208 "GET / HTTP/1.1" status: 200 len: 247 time: 0.0014780
2026-05-12 12:05:38.691 10 INFO neutron.wsgi [-] 10.0.0.208 "GET / HTTP/1.1" status: 200 len: 247 time: 0.0035679
2026-05-12 12:05:38.691 9 INFO neutron.wsgi [-] 10.0.0.208 "GET / HTTP/1.1" status: 200 len: 247 time: 0.0026863
2026-05-12 12:05:53.691 10 INFO neutron.wsgi [-] 10.0.0.208 "GET / HTTP/1.1" status: 200 len: 247 time: 0.0035057
2026-05-12 12:05:53.693 9 INFO neutron.wsgi [-] 10.0.0.208 "GET / HTTP/1.1" status: 200 len: 247 time: 0.0060351
2026-05-12 12:06:08.689 9 INFO neutron.wsgi [-] 10.0.0.208 "GET / HTTP/1.1" status: 200 len: 247 time: 0.0017440
2026-05-12 12:06:08.690 10 INFO neutron.wsgi [-] 10.0.0.208 "GET / HTTP/1.1" status: 200 len: 247 time: 0.0027087
2026-05-12 12:06:23.692 10 INFO neutron.wsgi [-] 10.0.0.208 "GET / HTTP/1.1" status: 200 len: 247 time: 0.0048931
2026-05-12 12:06:23.695 10 INFO neutron.wsgi [-] 10.0.0.208 "GET / HTTP/1.1" status: 200 len: 247 time: 0.0019629
2026-05-12 12:06:36.352 10 INFO neutron.wsgi [None req-4fca8454-8d7b-4baa-a9a3-d0ccc390d2a5 2ce7e2edef364c42b06cdf2bc98b66f0 6dbdf5d786b74831b82d34a23f4ace84 - - default default] 199.19.213.157,10.0.0.208 "GET /v2.0/quotas/6dbdf5d786b74831b82d34a23f4ace84 HTTP/1.1" status: 200 len: 362 time: 0.1097114 /var/lib/openstack/lib/python3.10/site-packages/neutron/extensions/quotasv2.py:139: UserWarning: Neutron quota engine will require "--force" parameter to set a quota limit without checking the resource usage. warnings.warn('Neutron quota engine will require "--force" '
2026-05-12 12:06:36.795 10 INFO neutron.wsgi [None req-929371b2-2d2a-4057-b890-2187ab2c7b0b 2ce7e2edef364c42b06cdf2bc98b66f0 6dbdf5d786b74831b82d34a23f4ace84 - - default default] 199.19.213.157,10.0.0.208 "PUT /v2.0/quotas/6dbdf5d786b74831b82d34a23f4ace84 HTTP/1.1" status: 200 len: 361 time: 0.0418177
2026-05-12 12:06:38.690 9 INFO neutron.wsgi [-] 10.0.0.208 "GET / HTTP/1.1" status: 200 len: 247 time: 0.0025337
2026-05-12 12:06:38.694 9 INFO neutron.wsgi [-] 10.0.0.208 "GET / HTTP/1.1" status: 200 len: 247 time: 0.0026803
2026-05-12 12:06:53.689 10 INFO neutron.wsgi [-] 10.0.0.208 "GET / HTTP/1.1" status: 200 len: 247 time: 0.0021574
2026-05-12 12:06:53.690 9 INFO neutron.wsgi [-] 10.0.0.208 "GET / HTTP/1.1" status: 200 len: 247 time: 0.0027783
2026-05-12 12:07:08.690 10 INFO neutron.wsgi [-] 10.0.0.208 "GET / HTTP/1.1" status: 200 len: 247 time: 0.0020607
2026-05-12 12:07:08.691 9 INFO neutron.wsgi [-] 10.0.0.208 "GET / HTTP/1.1" status: 200 len: 247 time: 0.0029943
2026-05-12 12:07:23.689 10 INFO neutron.wsgi [-] 10.0.0.208 "GET / HTTP/1.1" status: 200 len: 247 time: 0.0022810
2026-05-12 12:07:23.691 9 INFO neutron.wsgi [-] 10.0.0.208 "GET / HTTP/1.1" status: 200 len: 247 time: 0.0040345
2026-05-12 12:07:38.689 9 INFO neutron.wsgi [-] 10.0.0.208 "GET / HTTP/1.1" status: 200 len: 247 time: 0.0019498
2026-05-12 12:07:38.692 10 INFO neutron.wsgi [-] 10.0.0.208 "GET / HTTP/1.1" status: 200 len: 247 time: 0.0025687
2026-05-12 12:07:53.691 9 INFO neutron.wsgi [-] 10.0.0.208 "GET / HTTP/1.1" status: 200 len: 247 time: 0.0030615
2026-05-12 12:07:53.694 9 INFO neutron.wsgi [-] 10.0.0.208 "GET / HTTP/1.1" status: 200 len: 247 time: 0.0019584
2026-05-12 12:08:08.690 9 INFO neutron.wsgi [-] 10.0.0.208 "GET / HTTP/1.1" status: 200 len: 247 time: 0.0026691
2026-05-12 12:08:08.691 10 INFO neutron.wsgi [-] 10.0.0.208 "GET / HTTP/1.1" status: 200 len: 247 time: 0.0038261
2026-05-12 12:08:23.689 9 INFO neutron.wsgi [-] 10.0.0.208 "GET / HTTP/1.1" status: 200 len: 247 time: 0.0024517
2026-05-12 12:08:23.689 10 INFO neutron.wsgi [-] 10.0.0.208 "GET / HTTP/1.1" status: 200 len: 247 time: 0.0024238
2026-05-12 12:08:38.691 10 INFO neutron.wsgi [-] 10.0.0.208 "GET / HTTP/1.1" status: 200 len: 247 time: 0.0026820
2026-05-12 12:08:38.693 9 INFO neutron.wsgi [-] 10.0.0.208 "GET / HTTP/1.1" status: 200 len: 247 time: 0.0044141
2026-05-12 12:08:53.689 10 INFO neutron.wsgi [-] 10.0.0.208 "GET / HTTP/1.1" status: 200 len: 247 time: 0.0023623
2026-05-12 12:08:53.689 9 INFO neutron.wsgi [-] 10.0.0.208 "GET / HTTP/1.1" status: 200 len: 247 time: 0.0026402 /var/lib/openstack/lib/python3.10/site-packages/pycadf/identifier.py:71: UserWarning: Invalid uuid: neutron. To ensure interoperability, identifiers should be a valid uuid. warnings.warn(('Invalid uuid: %s. To ensure interoperability, '
2026-05-12 12:09:08.358 9 INFO neutron.pecan_wsgi.hooks.translation [None req-1241f9ee-871d-4a71-abc4-ccde86d6be0b 2ce7e2edef364c42b06cdf2bc98b66f0 6dbdf5d786b74831b82d34a23f4ace84 - - default default] GET failed (client error): The resource could not be found.
2026-05-12 12:09:08.359 9 INFO neutron.wsgi [None req-1241f9ee-871d-4a71-abc4-ccde86d6be0b 2ce7e2edef364c42b06cdf2bc98b66f0 6dbdf5d786b74831b82d34a23f4ace84 - - default default] 199.19.213.157 "GET /v2.0/ports/octavia-health-manager-port-instance HTTP/1.1" status: 404 len: 338 time: 0.1336570
2026-05-12 12:09:08.401 9 INFO neutron.wsgi [None req-b7d4b72e-2f80-442b-98db-edd78b3c138c 2ce7e2edef364c42b06cdf2bc98b66f0 6dbdf5d786b74831b82d34a23f4ace84 - - default default] 199.19.213.157 "GET /v2.0/ports?name=octavia-health-manager-port-instance HTTP/1.1" status: 200 len: 1421 time: 0.0366054
2026-05-12 12:09:08.689 10 INFO neutron.wsgi [-] 10.0.0.208 "GET / HTTP/1.1" status: 200 len: 247 time: 0.0023315
2026-05-12 12:09:08.692 10 INFO neutron.wsgi [-] 10.0.0.208 "GET / HTTP/1.1" status: 200 len: 247 time: 0.0015295
2026-05-12 12:09:10.323 9 INFO neutron.pecan_wsgi.hooks.translation [None req-b9f44b25-dff9-4317-a939-f7288d0fc957 2ce7e2edef364c42b06cdf2bc98b66f0 6dbdf5d786b74831b82d34a23f4ace84 - - default default] GET failed (client error): The resource could not be found.
2026-05-12 12:09:10.325 9 INFO neutron.wsgi [None req-b9f44b25-dff9-4317-a939-f7288d0fc957 2ce7e2edef364c42b06cdf2bc98b66f0 6dbdf5d786b74831b82d34a23f4ace84 - - default default] 199.19.213.157 "GET /v2.0/ports/octavia-health-manager-port-instance HTTP/1.1" status: 404 len: 338 time: 0.1522963
2026-05-12 12:09:10.368 9 INFO neutron.wsgi [None req-54196b36-ef5b-4d3b-883e-cf1349554a66 2ce7e2edef364c42b06cdf2bc98b66f0 6dbdf5d786b74831b82d34a23f4ace84 - - default default] 199.19.213.157 "GET /v2.0/ports?name=octavia-health-manager-port-instance HTTP/1.1" status: 200 len: 1421 time: 0.0396061
2026-05-12 12:09:11.315 9 INFO neutron.plugins.ml2.drivers.ovn.mech_driver.mech_driver [-] OVN reports status up for port: e753bfd3-edfe-4692-b503-7556583fb8bc
2026-05-12 12:09:11.342 9 INFO neutron.plugins.ml2.plugin [None req-8908fcf6-b835-4043-84f0-6f9c6dbe4e19 - - - - - -] Attempt 1 to provision port e753bfd3-edfe-4692-b503-7556583fb8bc
2026-05-12 12:09:11.632 9 INFO neutron.db.ovn_revision_numbers_db [None req-8908fcf6-b835-4043-84f0-6f9c6dbe4e19 - - - - - -] Successfully bumped revision number for resource e753bfd3-edfe-4692-b503-7556583fb8bc (type: ports) to 4
2026-05-12 12:09:23.690 10 INFO neutron.wsgi [-] 10.0.0.208 "GET / HTTP/1.1" status: 200 len: 247 time: 0.0024216
2026-05-12 12:09:23.694 10 INFO neutron.wsgi [-] 10.0.0.208 "GET / HTTP/1.1" status: 200 len: 247 time: 0.0020823
2026-05-12 12:09:38.689 9 INFO neutron.wsgi [-] 10.0.0.208 "GET / HTTP/1.1" status: 200 len: 247 time: 0.0026498
2026-05-12 12:09:38.690 10 INFO neutron.wsgi [-] 10.0.0.208 "GET / HTTP/1.1" status: 200 len: 247 time: 0.0029104
2026-05-12 12:09:51.198 15 INFO neutron.db.ovn_revision_numbers_db [None req-162dddf6-753a-4798-a3aa-7301755a66c9 - - - - - -] Successfully bumped revision number for resource cc8d9949-4f4e-405d-8f4a-916f24a5ba50 (type: networks) to 2
2026-05-12 12:09:51.252 15 INFO neutron.db.ovn_revision_numbers_db [None req-162dddf6-753a-4798-a3aa-7301755a66c9 - - - - - -] Successfully bumped revision number for resource 0fccc65a-982c-4152-abb6-2a9d0df59ac3 (type: security_groups) to 6
2026-05-12 12:09:51.302 15 INFO neutron.db.ovn_revision_numbers_db [None req-162dddf6-753a-4798-a3aa-7301755a66c9 - - - - - -] Successfully bumped revision number for resource ae57ee3d-7e7e-4b41-80fd-9ec7d6b3c5dc (type: security_groups) to 3
2026-05-12 12:09:51.302 15 INFO neutron.plugins.ml2.drivers.ovn.mech_driver.ovsdb.maintenance [None req-162dddf6-753a-4798-a3aa-7301755a66c9 - - - - - -] Maintenance task: Synchronization finished (took 0.22 seconds)
2026-05-12 12:09:53.688 9 INFO neutron.wsgi [-] 10.0.0.208 "GET / HTTP/1.1" status: 200 len: 247 time: 0.0015492
2026-05-12 12:09:53.691 9 INFO neutron.wsgi [-] 10.0.0.208 "GET / HTTP/1.1" status: 200 len: 247 time: 0.0016937
2026-05-12 12:10:08.689 10 INFO neutron.wsgi [-] 10.0.0.208 "GET / HTTP/1.1" status: 200 len: 247 time: 0.0015314
2026-05-12 12:10:08.690 9 INFO neutron.wsgi [-] 10.0.0.208 "GET / HTTP/1.1" status: 200 len: 247 time: 0.0022724
2026-05-12 12:10:23.690 9 INFO neutron.wsgi [-] 10.0.0.208 "GET / HTTP/1.1" status: 200 len: 247 time: 0.0030556
2026-05-12 12:10:23.692 9 INFO neutron.wsgi [-] 10.0.0.208 "GET / HTTP/1.1" status: 200 len: 247 time: 0.0009806
2026-05-12 12:10:38.689 9 INFO neutron.wsgi [-] 10.0.0.208 "GET / HTTP/1.1" status: 200 len: 247 time: 0.0017745
2026-05-12 12:10:38.690 10 INFO neutron.wsgi [-] 10.0.0.208 "GET / HTTP/1.1" status: 200 len: 247 time: 0.0026567
2026-05-12 12:10:53.690 10 INFO neutron.wsgi [-] 10.0.0.208 "GET / HTTP/1.1" status: 200 len: 247 time: 0.0026093
2026-05-12 12:10:53.691 9 INFO neutron.wsgi [-] 10.0.0.208 "GET / HTTP/1.1" status: 200 len: 247 time: 0.0034733
2026-05-12 12:11:08.691 9 INFO neutron.wsgi [-] 10.0.0.208 "GET / HTTP/1.1" status: 200 len: 247 time: 0.0029371
2026-05-12 12:11:08.691 10 INFO neutron.wsgi [-] 10.0.0.208 "GET / HTTP/1.1" status: 200 len: 247 time: 0.0033834
2026-05-12 12:11:23.689 9 INFO neutron.wsgi [-] 10.0.0.208 "GET / HTTP/1.1" status: 200 len: 247 time: 0.0019290
2026-05-12 12:11:23.694 9 INFO neutron.wsgi [-] 10.0.0.208 "GET / HTTP/1.1" status: 200 len: 247 time: 0.0028884
2026-05-12 12:11:38.689 10 INFO neutron.wsgi [-] 10.0.0.208 "GET / HTTP/1.1" status: 200 len: 247 time: 0.0016603
2026-05-12 12:11:38.689 9 INFO neutron.wsgi [-] 10.0.0.208 "GET / HTTP/1.1" status: 200 len: 247 time: 0.0016701
2026-05-12 12:11:53.690 10 INFO neutron.wsgi [-] 10.0.0.208 "GET / HTTP/1.1" status: 200 len: 247 time: 0.0026274
2026-05-12 12:11:53.693 10 INFO neutron.wsgi [-] 10.0.0.208 "GET / HTTP/1.1" status: 200 len: 247 time: 0.0019059
2026-05-12 12:12:08.691 9 INFO neutron.wsgi [-] 10.0.0.208 "GET / HTTP/1.1" status: 200 len: 247 time: 0.0033379
2026-05-12 12:12:08.692 10 INFO neutron.wsgi [-] 10.0.0.208 "GET / HTTP/1.1" status: 200 len: 247 time: 0.0035679
2026-05-12 12:12:23.690 9 INFO neutron.wsgi [-] 10.0.0.208 "GET / HTTP/1.1" status: 200 len: 247 time: 0.0024514
2026-05-12 12:12:23.690 10 INFO neutron.wsgi [-] 10.0.0.208 "GET / HTTP/1.1" status: 200 len: 247 time: 0.0029767
2026-05-12 12:12:38.690 10 INFO neutron.wsgi [-] 10.0.0.208 "GET / HTTP/1.1" status: 200 len: 247 time: 0.0024707
2026-05-12 12:12:38.691 10 INFO neutron.wsgi [-] 10.0.0.208 "GET / HTTP/1.1" status: 200 len: 247 time: 0.0009787
2026-05-12 12:12:53.690 10 INFO neutron.wsgi [-] 10.0.0.208 "GET / HTTP/1.1" status: 200 len: 247 time: 0.0018997
2026-05-12 12:12:53.706 9 INFO neutron.wsgi [-] 10.0.0.208 "GET / HTTP/1.1" status: 200 len: 247 time: 0.0184824
2026-05-12 12:13:08.691 9 INFO neutron.wsgi [-] 10.0.0.208 "GET / HTTP/1.1" status: 200 len: 247 time: 0.0029728
2026-05-12 12:13:08.692 10 INFO neutron.wsgi [-] 10.0.0.208 "GET / HTTP/1.1" status: 200 len: 247 time: 0.0042150
2026-05-12 12:13:23.690 10 INFO neutron.wsgi [-] 10.0.0.208 "GET / HTTP/1.1" status: 200 len: 247 time: 0.0024023
2026-05-12 12:13:23.690 9 INFO neutron.wsgi [-] 10.0.0.208 "GET / HTTP/1.1" status: 200 len: 247 time: 0.0028558
2026-05-12 12:13:38.690 10 INFO neutron.wsgi [-] 10.0.0.208 "GET / HTTP/1.1" status: 200 len: 247 time: 0.0028696
2026-05-12 12:13:38.695 10 INFO neutron.wsgi [-] 10.0.0.208 "GET / HTTP/1.1" status: 200 len: 247 time: 0.0042751
2026-05-12 12:13:53.690 10 INFO neutron.wsgi [-] 10.0.0.208 "GET / HTTP/1.1" status: 200 len: 247 time: 0.0032670
2026-05-12 12:13:53.691 9 INFO neutron.wsgi [-] 10.0.0.208 "GET / HTTP/1.1" status: 200 len: 247 time: 0.0046132
2026-05-12 12:14:08.689 10 INFO neutron.wsgi [-] 10.0.0.208 "GET / HTTP/1.1" status: 200 len: 247 time: 0.0023243
2026-05-12 12:14:08.691 9 INFO neutron.wsgi [-] 10.0.0.208 "GET / HTTP/1.1" status: 200 len: 247 time: 0.0030031
2026-05-12 12:14:23.689 9 INFO neutron.wsgi [-] 10.0.0.208 "GET / HTTP/1.1" status: 200 len: 247 time: 0.0017998
2026-05-12 12:14:23.690 10 INFO neutron.wsgi [-] 10.0.0.208 "GET / HTTP/1.1" status: 200 len: 247 time: 0.0029390
2026-05-12 12:14:38.690 10 INFO neutron.wsgi [-] 10.0.0.208 "GET / HTTP/1.1" status: 200 len: 247 time: 0.0021839
2026-05-12 12:14:38.691 9 INFO neutron.wsgi [-] 10.0.0.208 "GET / HTTP/1.1" status: 200 len: 247 time: 0.0036335
2026-05-12 12:14:53.688 9 INFO neutron.wsgi [-] 10.0.0.208 "GET / HTTP/1.1" status: 200 len: 247 time: 0.0017488
2026-05-12 12:14:53.689 10 INFO neutron.wsgi [-] 10.0.0.208 "GET / HTTP/1.1" status: 200 len: 247 time: 0.0025909
2026-05-12 12:15:08.690 10 INFO neutron.wsgi [-] 10.0.0.208 "GET / HTTP/1.1" status: 200 len: 247 time: 0.0027690
2026-05-12 12:15:08.690 9 INFO neutron.wsgi [-] 10.0.0.208 "GET / HTTP/1.1" status: 200 len: 247 time: 0.0028400
2026-05-12 12:15:23.690 10 INFO neutron.wsgi [-] 10.0.0.208 "GET / HTTP/1.1" status: 200 len: 247 time: 0.0029705
2026-05-12 12:15:23.691 9 INFO neutron.wsgi [-] 10.0.0.208 "GET / HTTP/1.1" status: 200 len: 247 time: 0.0033312
2026-05-12 12:15:27.217 10 INFO neutron.api.v2.resource [None req-67d60fe8-0f3d-4fec-a8f0-979b0fc2f679 2ce7e2edef364c42b06cdf2bc98b66f0 6dbdf5d786b74831b82d34a23f4ace84 - - default default] show failed (client error): The resource could not be found.
2026-05-12 12:15:27.218 10 INFO neutron.wsgi [None req-67d60fe8-0f3d-4fec-a8f0-979b0fc2f679 2ce7e2edef364c42b06cdf2bc98b66f0 6dbdf5d786b74831b82d34a23f4ace84 - - default default] 199.19.213.157,10.0.0.208 "GET /v2.0/security-groups/manila-service-security-group?project_id=ee2d8ddb08214e70b9fb08d141b8b884 HTTP/1.1" status: 404 len: 321 time: 0.1777096
2026-05-12 12:15:27.360 10 INFO neutron.db.ovn_revision_numbers_db [None req-dbc8b880-79cc-4e77-84f5-7cbff488131d 2ce7e2edef364c42b06cdf2bc98b66f0 6dbdf5d786b74831b82d34a23f4ace84 - - default default] Successfully bumped revision number for resource 6b00815a-42f8-4b77-9931-2da5dc625c8c (type: security_groups) to 1
2026-05-12 12:15:27.378 10 INFO neutron.db.ovn_revision_numbers_db [None req-dbc8b880-79cc-4e77-84f5-7cbff488131d 2ce7e2edef364c42b06cdf2bc98b66f0 6dbdf5d786b74831b82d34a23f4ace84 - - default default] Successfully bumped revision number for resource c2f61cfe-9b64-493f-8d4e-6b4c05cbd47f (type: security_group_rules) to 0
2026-05-12 12:15:27.400 10 INFO neutron.db.ovn_revision_numbers_db [None req-dbc8b880-79cc-4e77-84f5-7cbff488131d 2ce7e2edef364c42b06cdf2bc98b66f0 6dbdf5d786b74831b82d34a23f4ace84 - - default default] Successfully bumped revision number for resource d7da2694-52aa-4b0f-a5ae-364f4e29bcf1 (type: security_group_rules) to 0
2026-05-12 12:15:27.420 10 INFO neutron.db.ovn_revision_numbers_db [None req-dbc8b880-79cc-4e77-84f5-7cbff488131d 2ce7e2edef364c42b06cdf2bc98b66f0 6dbdf5d786b74831b82d34a23f4ace84 - - default default] Successfully bumped revision number for resource dcdf93ef-676a-40a5-837d-63135413fdd9 (type: security_group_rules) to 0
2026-05-12 12:15:27.438 10 INFO neutron.db.ovn_revision_numbers_db [None req-dbc8b880-79cc-4e77-84f5-7cbff488131d 2ce7e2edef364c42b06cdf2bc98b66f0 6dbdf5d786b74831b82d34a23f4ace84 - - default default] Successfully bumped revision number for resource faddd7b1-f0bb-4a14-a927-a87c417a1d88 (type: security_group_rules) to 0
2026-05-12 12:15:27.455 10 INFO neutron.wsgi [None req-dbc8b880-79cc-4e77-84f5-7cbff488131d 2ce7e2edef364c42b06cdf2bc98b66f0 6dbdf5d786b74831b82d34a23f4ace84 - - default default] 199.19.213.157,10.0.0.208 "GET /v2.0/security-groups?name=manila-service-security-group&project_id=ee2d8ddb08214e70b9fb08d141b8b884 HTTP/1.1" status: 200 len: 197 time: 0.2318676
