2026-05-12 12:35:27.697 10 INFO neutron.db.ovn_revision_numbers_db [None req-db4d627a-19f6-40e1-862b-8a7b56ad551a 7e738ba450074ab4a057d8144a5f2833 2a106714ace342a5b9e48235d9a3ff0b - - default default] Successfully bumped revision number for resource 4304e2ce-bfd0-4c31-b7a7-f89e3ade9bb6 (type: networks) to 1
2026-05-12 12:35:27.778 10 INFO neutron.db.l3_db [None req-d092a583-9cf3-41fa-af62-b004cee04704 c6b2c73309b04c5185d84fcfa176fef5 23d9791201bb445dabfab650ac606883 - - default default] Floating IP 8bf86499-bce6-4da2-85fb-8b751d3e211d disassociated. External IP: 10.96.250.214, port: 7496c86f-6d0c-47de-90c1-0c989703ecc1.
2026-05-12 12:35:27.900 10 INFO neutron.db.ovn_revision_numbers_db [None req-d092a583-9cf3-41fa-af62-b004cee04704 c6b2c73309b04c5185d84fcfa176fef5 23d9791201bb445dabfab650ac606883 - - default default] Successfully bumped revision number for resource 8bf86499-bce6-4da2-85fb-8b751d3e211d (type: floatingips) to 3
2026-05-12 12:35:28.009 10 INFO neutron.wsgi [None req-d092a583-9cf3-41fa-af62-b004cee04704 c6b2c73309b04c5185d84fcfa176fef5 23d9791201bb445dabfab650ac606883 - - default default] 10.0.0.13 "PUT /v2.0/floatingips/8bf86499-bce6-4da2-85fb-8b751d3e211d HTTP/1.1" status: 200 len: 748 time: 0.4215851
2026-05-12 12:35:28.018 10 WARNING neutron.scheduler.dhcp_agent_scheduler [None req-db4d627a-19f6-40e1-862b-8a7b56ad551a 7e738ba450074ab4a057d8144a5f2833 2a106714ace342a5b9e48235d9a3ff0b - - default default] No more DHCP agents /var/lib/openstack/lib/python3.10/site-packages/pycadf/identifier.py:71: UserWarning: Invalid uuid: neutron. To ensure interoperability, identifiers should be a valid uuid. warnings.warn(('Invalid uuid: %s. To ensure interoperability, '
2026-05-12 12:35:28.031 10 WARNING neutron.api.rpc.agentnotifiers.dhcp_rpc_agent_api [None req-db4d627a-19f6-40e1-862b-8a7b56ad551a 7e738ba450074ab4a057d8144a5f2833 2a106714ace342a5b9e48235d9a3ff0b - - default default] Unable to schedule network 4304e2ce-bfd0-4c31-b7a7-f89e3ade9bb6: no agents available; will retry on subsequent port and subnet creation events.
2026-05-12 12:35:28.172 10 INFO neutron.db.ovn_revision_numbers_db [None req-db4d627a-19f6-40e1-862b-8a7b56ad551a 7e738ba450074ab4a057d8144a5f2833 2a106714ace342a5b9e48235d9a3ff0b - - default default] Successfully bumped revision number for resource 8639d150-8467-44ed-8f48-a049afd3a7ed (type: ports) to 1
2026-05-12 12:35:28.199 10 INFO neutron.wsgi [None req-db4d627a-19f6-40e1-862b-8a7b56ad551a 7e738ba450074ab4a057d8144a5f2833 2a106714ace342a5b9e48235d9a3ff0b - - default default] 10.0.0.13 "POST /v2.0/networks HTTP/1.1" status: 201 len: 846 time: 1.3539579
2026-05-12 12:35:28.372 9 INFO neutron.wsgi [None req-e8811f92-5397-46a7-9419-1aeb5105e09e 2ce7e2edef364c42b06cdf2bc98b66f0 6dbdf5d786b74831b82d34a23f4ace84 - - default default] 10.0.0.13 "PUT /v2.0/routers/b0fdb524-bcfc-4ca8-8317-fd4569693d3a/remove_router_interface HTTP/1.1" status: 200 len: 503 time: 2.2631309
2026-05-12 12:35:28.480 10 INFO neutron.wsgi [None req-5d3ee7dc-4404-481c-ad92-908f69c70067 c6b2c73309b04c5185d84fcfa176fef5 23d9791201bb445dabfab650ac606883 - - default default] 10.0.0.13 "DELETE /v2.0/floatingips/8bf86499-bce6-4da2-85fb-8b751d3e211d HTTP/1.1" status: 204 len: 168 time: 0.4638300
2026-05-12 12:35:28.487 9 INFO neutron.db.ovn_revision_numbers_db [None req-b0154e70-a4a3-47f3-bda2-afc1e7d97325 9fcc52c85c06427b887795b80418a904 a18b4ef38d0340a6982f51b5a51162df - - default default] Successfully bumped revision number for resource 33ea3506-35ae-4951-9952-18679971c94f (type: ports) to 2 /var/lib/openstack/lib/python3.10/site-packages/pycadf/identifier.py:71: UserWarning: Invalid uuid: neutron. To ensure interoperability, identifiers should be a valid uuid. warnings.warn(('Invalid uuid: %s. To ensure interoperability, '
2026-05-12 12:35:28.514 9 INFO neutron.api.v2.resource [None req-fe7eb20d-7e91-4718-9506-d4a9ad00fc94 c6b2c73309b04c5185d84fcfa176fef5 23d9791201bb445dabfab650ac606883 - - default default] delete failed (client error): The resource could not be found.
2026-05-12 12:35:28.516 9 INFO neutron.wsgi [None req-fe7eb20d-7e91-4718-9506-d4a9ad00fc94 c6b2c73309b04c5185d84fcfa176fef5 23d9791201bb445dabfab650ac606883 - - default default] 10.0.0.13 "DELETE /v2.0/floatingips/8bf86499-bce6-4da2-85fb-8b751d3e211d HTTP/1.1" status: 404 len: 345 time: 0.0304096
2026-05-12 12:35:28.571 9 INFO neutron.db.ovn_revision_numbers_db [None req-b0154e70-a4a3-47f3-bda2-afc1e7d97325 9fcc52c85c06427b887795b80418a904 a18b4ef38d0340a6982f51b5a51162df - - default default] Successfully bumped revision number for resource 1b42c538-a2e4-42c1-b851-1d4f69baced4 (type: subnets) to 0
2026-05-12 12:35:28.587 9 INFO neutron.wsgi [None req-b0154e70-a4a3-47f3-bda2-afc1e7d97325 9fcc52c85c06427b887795b80418a904 a18b4ef38d0340a6982f51b5a51162df - - default default] 10.0.0.13 "POST /v2.0/subnets HTTP/1.1" status: 201 len: 801 time: 1.3840492
2026-05-12 12:35:28.598 10 WARNING neutron_lib.context [None req-cf3a44d1-f14b-46d2-9d04-778b93d097ae 9fcc52c85c06427b887795b80418a904 a18b4ef38d0340a6982f51b5a51162df - - default default] Method 'is_advsvc' is deprecated since 2023.2 release (neutron-lib 3.8.0) and will be removed once support for the old RBAC API policies will be removed from Neutron. Please use method 'is_service_role' instead.
2026-05-12 12:35:28.731 10 WARNING neutron_lib.context [None req-4b0f6c76-cdfe-4207-923b-2d9432a38871 7e738ba450074ab4a057d8144a5f2833 2a106714ace342a5b9e48235d9a3ff0b - - default default] Method 'is_advsvc' is deprecated since 2023.2 release (neutron-lib 3.8.0) and will be removed once support for the old RBAC API policies will be removed from Neutron. Please use method 'is_service_role' instead.
2026-05-12 12:35:28.828 10 INFO neutron.db.ovn_revision_numbers_db [None req-cf3a44d1-f14b-46d2-9d04-778b93d097ae 9fcc52c85c06427b887795b80418a904 a18b4ef38d0340a6982f51b5a51162df - - default default] Successfully bumped revision number for resource 850dbd08-8a97-49c6-8d10-c019e6f6b2cb (type: routers) to 1
2026-05-12 12:35:28.842 10 INFO neutron.wsgi [None req-cf3a44d1-f14b-46d2-9d04-778b93d097ae 9fcc52c85c06427b887795b80418a904 a18b4ef38d0340a6982f51b5a51162df - - default default] 10.0.0.13 "POST /v2.0/routers HTTP/1.1" status: 201 len: 687 time: 0.2490704
2026-05-12 12:35:28.920 9 INFO neutron.wsgi [None req-c847cf67-06d5-402c-8c8a-234a71530c14 c6b2c73309b04c5185d84fcfa176fef5 23d9791201bb445dabfab650ac606883 - - default default] 10.0.0.13 "DELETE /v2.0/ports/7496c86f-6d0c-47de-90c1-0c989703ecc1 HTTP/1.1" status: 204 len: 168 time: 0.3893716
2026-05-12 12:35:29.212 9 WARNING neutron.scheduler.dhcp_agent_scheduler [None req-7311f8af-5676-4c36-a59d-a6e1e4eaac34 9fcc52c85c06427b887795b80418a904 a18b4ef38d0340a6982f51b5a51162df - - default default] No more DHCP agents
2026-05-12 12:35:29.214 9 WARNING neutron.api.rpc.agentnotifiers.dhcp_rpc_agent_api [None req-7311f8af-5676-4c36-a59d-a6e1e4eaac34 9fcc52c85c06427b887795b80418a904 a18b4ef38d0340a6982f51b5a51162df - - default default] Unable to schedule network f5d9b695-2144-4c9f-bf93-4a96a198f9eb: no agents available; will retry on subsequent port and subnet creation events.
2026-05-12 12:35:29.366 9 INFO neutron.db.ovn_revision_numbers_db [None req-7311f8af-5676-4c36-a59d-a6e1e4eaac34 9fcc52c85c06427b887795b80418a904 a18b4ef38d0340a6982f51b5a51162df - - default default] Successfully bumped revision number for resource e454cf47-daf9-438f-98c5-64789e386431 (type: ports) to 1
2026-05-12 12:35:29.478 10 WARNING neutron.scheduler.dhcp_agent_scheduler [None req-4b0f6c76-cdfe-4207-923b-2d9432a38871 7e738ba450074ab4a057d8144a5f2833 2a106714ace342a5b9e48235d9a3ff0b - - default default] No more DHCP agents
2026-05-12 12:35:29.484 10 WARNING neutron.api.rpc.agentnotifiers.dhcp_rpc_agent_api [None req-4b0f6c76-cdfe-4207-923b-2d9432a38871 7e738ba450074ab4a057d8144a5f2833 2a106714ace342a5b9e48235d9a3ff0b - - default default] Unable to schedule network 4304e2ce-bfd0-4c31-b7a7-f89e3ade9bb6: no agents available; will retry on subsequent port and subnet creation events.
2026-05-12 12:35:29.596 10 INFO neutron.db.ovn_revision_numbers_db [None req-4b0f6c76-cdfe-4207-923b-2d9432a38871 7e738ba450074ab4a057d8144a5f2833 2a106714ace342a5b9e48235d9a3ff0b - - default default] Successfully bumped revision number for resource 36bb4f65-9a65-491a-a295-d29fde9e0017 (type: subnets) to 0
2026-05-12 12:35:29.638 10 INFO neutron.wsgi [None req-4b0f6c76-cdfe-4207-923b-2d9432a38871 7e738ba450074ab4a057d8144a5f2833 2a106714ace342a5b9e48235d9a3ff0b - - default default] 10.0.0.13 "POST /v2.0/subnets HTTP/1.1" status: 201 len: 848 time: 0.9131732
2026-05-12 12:35:29.655 9 WARNING neutron_lib.context [None req-431ec216-84c8-401a-ab13-5e8384ee09e3 7e738ba450074ab4a057d8144a5f2833 2a106714ace342a5b9e48235d9a3ff0b - - default default] Method 'is_advsvc' is deprecated since 2023.2 release (neutron-lib 3.8.0) and will be removed once support for the old RBAC API policies will be removed from Neutron. Please use method 'is_service_role' instead.
2026-05-12 12:35:29.769 9 INFO neutron.db.segments_db [None req-431ec216-84c8-401a-ab13-5e8384ee09e3 7e738ba450074ab4a057d8144a5f2833 2a106714ace342a5b9e48235d9a3ff0b - - default default] Added segment 67a385b1-c460-48f7-ba60-4d47570b5ac7 of type geneve for network dc7c03ec-18cf-4e87-9124-08b4a003bbcb
2026-05-12 12:35:29.801 10 INFO neutron.plugins.ml2.drivers.ovn.mech_driver.mech_driver [None req-8479162a-4c9b-46bb-adc0-825076a643b3 - - - - - -] OVN reports status up for port: e454cf47-daf9-438f-98c5-64789e386431
2026-05-12 12:35:29.811 10 INFO neutron.plugins.ml2.plugin [None req-8479162a-4c9b-46bb-adc0-825076a643b3 - - - - - -] Attempt 1 to provision port e454cf47-daf9-438f-98c5-64789e386431
2026-05-12 12:35:29.835 9 INFO neutron.db.ovn_revision_numbers_db [None req-7311f8af-5676-4c36-a59d-a6e1e4eaac34 9fcc52c85c06427b887795b80418a904 a18b4ef38d0340a6982f51b5a51162df - - default default] Successfully bumped revision number for resource e454cf47-daf9-438f-98c5-64789e386431 (type: router_ports) to 1
2026-05-12 12:35:29.983 10 INFO neutron.wsgi [None req-21c5c5c4-5534-482e-8073-359e60472e11 c6b2c73309b04c5185d84fcfa176fef5 23d9791201bb445dabfab650ac606883 - - default default] 10.0.0.13 "DELETE /v2.0/ports/011f798e-4597-4562-93e6-bff6fbaa8744 HTTP/1.1" status: 204 len: 168 time: 1.0525653
2026-05-12 12:35:30.195 10 INFO neutron.wsgi [None req-d6c37b05-d50a-4c1d-aefe-e2e6da365b61 2ce7e2edef364c42b06cdf2bc98b66f0 6dbdf5d786b74831b82d34a23f4ace84 - - default default] 10.0.0.13 "DELETE /v2.0/routers/b0fdb524-bcfc-4ca8-8317-fd4569693d3a HTTP/1.1" status: 204 len: 168 time: 1.8170586
2026-05-12 12:35:30.208 10 INFO neutron.wsgi [None req-01974375-72fe-49f3-af74-8fba963c3b5a c6b2c73309b04c5185d84fcfa176fef5 23d9791201bb445dabfab650ac606883 - - default default] 10.0.0.13 "GET /v2.0/ports?device_id=650e7a52-7526-413a-a0ec-820bf72282fb HTTP/1.1" status: 200 len: 1140 time: 0.2068219
2026-05-12 12:35:30.421 9 INFO neutron.db.ovn_revision_numbers_db [None req-431ec216-84c8-401a-ab13-5e8384ee09e3 7e738ba450074ab4a057d8144a5f2833 2a106714ace342a5b9e48235d9a3ff0b - - default default] Successfully bumped revision number for resource dc7c03ec-18cf-4e87-9124-08b4a003bbcb (type: networks) to 1
2026-05-12 12:35:30.514 10 INFO neutron.db.ovn_revision_numbers_db [None req-8479162a-4c9b-46bb-adc0-825076a643b3 - - - - - -] Successfully bumped revision number for resource e454cf47-daf9-438f-98c5-64789e386431 (type: ports) to 2
2026-05-12 12:35:30.560 9 ERROR ovsdbapp.backend.ovs_idl.transaction [None req-7311f8af-5676-4c36-a59d-a6e1e4eaac34 9fcc52c85c06427b887795b80418a904 a18b4ef38d0340a6982f51b5a51162df - - default default]
Traceback (most recent call last): File "/var/lib/openstack/lib/python3.10/site-packages/ovsdbapp/backend/ovs_idl/connection.py", line 118, in run txn.results.put(txn.do_commit())
File "/var/lib/openstack/lib/python3.10/site-packages/ovsdbapp/backend/ovs_idl/transaction.py", line 92, in do_commit command.run_idl(txn)
File "/var/lib/openstack/lib/python3.10/site-packages/neutron/plugins/ml2/drivers/ovn/mech_driver/ovsdb/commands.py", line 823, in run_idl raise ovn_exc.RevisionConflict( neutron.common.ovn.exceptions.RevisionConflict: OVN revision number for e454cf47-daf9-438f-98c5-64789e386431 (type: ports) is higher than the given resource. Skipping update 
2026-05-12 12:35:30.560 9 INFO neutron.plugins.ml2.drivers.ovn.mech_driver.ovsdb.impl_idl_ovn [None req-7311f8af-5676-4c36-a59d-a6e1e4eaac34 9fcc52c85c06427b887795b80418a904 a18b4ef38d0340a6982f51b5a51162df - - default default] Transaction aborted. Reason: OVN revision number for e454cf47-daf9-438f-98c5-64789e386431 (type: ports) is higher than the given resource. Skipping update
2026-05-12 12:35:30.585 10 INFO neutron.wsgi [None req-67ba5527-73d0-4d3e-a1eb-7bb77a06261c 2ce7e2edef364c42b06cdf2bc98b66f0 6dbdf5d786b74831b82d34a23f4ace84 - - default default] 10.0.0.13 "DELETE /v2.0/subnets/66b8bf14-43e1-4ab5-9710-884f10e9f152 HTTP/1.1" status: 204 len: 168 time: 0.3726776
2026-05-12 12:35:30.604 10 INFO neutron.db.ovn_revision_numbers_db [None req-8479162a-4c9b-46bb-adc0-825076a643b3 - - - - - -] Successfully bumped revision number for resource e454cf47-daf9-438f-98c5-64789e386431 (type: router_ports) to 2
2026-05-12 12:35:30.745 9 WARNING neutron.scheduler.dhcp_agent_scheduler [None req-7311f8af-5676-4c36-a59d-a6e1e4eaac34 9fcc52c85c06427b887795b80418a904 a18b4ef38d0340a6982f51b5a51162df - - default default] No more DHCP agents
2026-05-12 12:35:30.751 9 WARNING neutron.api.rpc.agentnotifiers.dhcp_rpc_agent_api [None req-7311f8af-5676-4c36-a59d-a6e1e4eaac34 9fcc52c85c06427b887795b80418a904 a18b4ef38d0340a6982f51b5a51162df - - default default] Unable to schedule network f5d9b695-2144-4c9f-bf93-4a96a198f9eb: no agents available; will retry on subsequent port and subnet creation events.
2026-05-12 12:35:30.770 9 WARNING neutron.scheduler.dhcp_agent_scheduler [None req-431ec216-84c8-401a-ab13-5e8384ee09e3 7e738ba450074ab4a057d8144a5f2833 2a106714ace342a5b9e48235d9a3ff0b - - default default] No more DHCP agents
2026-05-12 12:35:30.777 9 WARNING neutron.api.rpc.agentnotifiers.dhcp_rpc_agent_api [None req-431ec216-84c8-401a-ab13-5e8384ee09e3 7e738ba450074ab4a057d8144a5f2833 2a106714ace342a5b9e48235d9a3ff0b - - default default] Unable to schedule network dc7c03ec-18cf-4e87-9124-08b4a003bbcb: no agents available; will retry on subsequent port and subnet creation events.
2026-05-12 12:35:30.981 9 INFO neutron.db.ovn_revision_numbers_db [None req-431ec216-84c8-401a-ab13-5e8384ee09e3 7e738ba450074ab4a057d8144a5f2833 2a106714ace342a5b9e48235d9a3ff0b - - default default] Successfully bumped revision number for resource 6b1b3ceb-9e07-4f9f-9d85-49854db53e6f (type: ports) to 1
2026-05-12 12:35:30.999 10 INFO neutron.services.segments.plugin [-] Segment 35c434ee-3a41-4179-8d08-86e1af31e1df resource provider aggregate not found
2026-05-12 12:35:31.006 10 INFO neutron.services.segments.plugin [-] Segment 35c434ee-3a41-4179-8d08-86e1af31e1df resource provider aggregate not found
2026-05-12 12:35:31.023 9 INFO neutron.wsgi [None req-431ec216-84c8-401a-ab13-5e8384ee09e3 7e738ba450074ab4a057d8144a5f2833 2a106714ace342a5b9e48235d9a3ff0b - - default default] 10.0.0.13 "POST /v2.0/networks HTTP/1.1" status: 201 len: 847 time: 1.3765295
2026-05-12 12:35:31.026 10 INFO neutron.services.segments.plugin [-] Segment 35c434ee-3a41-4179-8d08-86e1af31e1df resource provider not found; error: Placement Client Error (4xx): {"errors": [{"status": 404, "title": "Not Found", "detail": "The resource could not be found.\n\n No resource provider with uuid 35c434ee-3a41-4179-8d08-86e1af31e1df found for delete ", "request_id": "req-1b2b5e21-9bb4-42e6-9d86-6fa73fd87ebe"}]}
2026-05-12 12:35:31.028 9 INFO neutron.db.ovn_revision_numbers_db [None req-7311f8af-5676-4c36-a59d-a6e1e4eaac34 9fcc52c85c06427b887795b80418a904 a18b4ef38d0340a6982f51b5a51162df - - default default] Successfully bumped revision number for resource e454cf47-daf9-438f-98c5-64789e386431 (type: router_ports) to 2
2026-05-12 12:35:31.031 9 INFO neutron.wsgi [None req-7311f8af-5676-4c36-a59d-a6e1e4eaac34 9fcc52c85c06427b887795b80418a904 a18b4ef38d0340a6982f51b5a51162df - - default default] 10.0.0.13 "PUT /v2.0/routers/850dbd08-8a97-49c6-8d10-c019e6f6b2cb/add_router_interface HTTP/1.1" status: 200 len: 503 time: 2.1821628
2026-05-12 12:35:31.031 10 INFO neutron.services.segments.plugin [-] Segment 35c434ee-3a41-4179-8d08-86e1af31e1df resource provider not found; error: Placement Client Error (4xx): {"errors": [{"status": 404, "title": "Not Found", "detail": "The resource could not be found.\n\n No resource provider with uuid 35c434ee-3a41-4179-8d08-86e1af31e1df found for delete ", "request_id": "req-122482b7-f3f0-4864-bd56-c74fa1512077"}]}
2026-05-12 12:35:31.076 10 INFO neutron.wsgi [None req-a28a010d-673f-4f23-922f-47d79df3cecb 2ce7e2edef364c42b06cdf2bc98b66f0 6dbdf5d786b74831b82d34a23f4ace84 - - default default] 10.0.0.13 "DELETE /v2.0/networks/9acd6ba1-e1ad-46d4-8e98-848d3ee7ee9f HTTP/1.1" status: 204 len: 168 time: 0.4851227
2026-05-12 12:35:31.151 10 INFO neutron.wsgi [None req-7e34e41b-ea38-40ba-ab06-76c78b9f3204 9fcc52c85c06427b887795b80418a904 a18b4ef38d0340a6982f51b5a51162df - - default default] 10.0.0.13 "GET /v2.0/ports/e454cf47-daf9-438f-98c5-64789e386431 HTTP/1.1" status: 200 len: 1137 time: 0.1132674
2026-05-12 12:35:31.302 10 INFO neutron.wsgi [None req-babcb2ad-83fb-445f-bd6c-74cccbccc4d9 2ce7e2edef364c42b06cdf2bc98b66f0 6dbdf5d786b74831b82d34a23f4ace84 - - default default] 10.0.0.13 "GET /v2.0/security-groups?tenant_id=d685075afbb747f386da6f9c0e5d0673&name=default HTTP/1.1" status: 200 len: 2996 time: 0.0392404
2026-05-12 12:35:31.395 9 INFO neutron.db.ovn_revision_numbers_db [None req-1024949b-8de4-4a25-ba83-59f68d0d5e89 7e738ba450074ab4a057d8144a5f2833 2a106714ace342a5b9e48235d9a3ff0b - - default default] Successfully bumped revision number for resource dc7c03ec-18cf-4e87-9124-08b4a003bbcb (type: networks) to 2
2026-05-12 12:35:31.400 9 INFO neutron.wsgi [None req-1024949b-8de4-4a25-ba83-59f68d0d5e89 7e738ba450074ab4a057d8144a5f2833 2a106714ace342a5b9e48235d9a3ff0b - - default default] 10.0.0.13 "PUT /v2.0/networks/dc7c03ec-18cf-4e87-9124-08b4a003bbcb HTTP/1.1" status: 200 len: 792 time: 0.3547492
2026-05-12 12:35:31.416 10 WARNING neutron_lib.context [None req-02f8deba-f030-41f1-9ced-331af1ae378c 7e738ba450074ab4a057d8144a5f2833 2a106714ace342a5b9e48235d9a3ff0b - - default default] Method 'is_advsvc' is deprecated since 2023.2 release (neutron-lib 3.8.0) and will be removed once support for the old RBAC API policies will be removed from Neutron. Please use method 'is_service_role' instead.
2026-05-12 12:35:31.625 10 INFO neutron.wsgi [None req-d494bca5-1a25-4476-872c-f900e5900789 2ce7e2edef364c42b06cdf2bc98b66f0 6dbdf5d786b74831b82d34a23f4ace84 - - default default] 10.0.0.13 "DELETE /v2.0/security-groups/3a52557d-e059-439b-aa2c-acde3beca69d HTTP/1.1" status: 204 len: 168 time: 0.3138657
2026-05-12 12:35:31.712 10 WARNING neutron.scheduler.dhcp_agent_scheduler [None req-02f8deba-f030-41f1-9ced-331af1ae378c 7e738ba450074ab4a057d8144a5f2833 2a106714ace342a5b9e48235d9a3ff0b - - default default] No more DHCP agents
2026-05-12 12:35:31.715 10 WARNING neutron.api.rpc.agentnotifiers.dhcp_rpc_agent_api [None req-02f8deba-f030-41f1-9ced-331af1ae378c 7e738ba450074ab4a057d8144a5f2833 2a106714ace342a5b9e48235d9a3ff0b - - default default] Unable to schedule network dc7c03ec-18cf-4e87-9124-08b4a003bbcb: no agents available; will retry on subsequent port and subnet creation events.
2026-05-12 12:35:31.746 10 INFO neutron.db.ovn_revision_numbers_db [None req-02f8deba-f030-41f1-9ced-331af1ae378c 7e738ba450074ab4a057d8144a5f2833 2a106714ace342a5b9e48235d9a3ff0b - - default default] Successfully bumped revision number for resource 0a3c202e-644e-4da8-afe8-99ee7116effa (type: subnets) to 0
2026-05-12 12:35:31.764 10 INFO neutron.wsgi [None req-02f8deba-f030-41f1-9ced-331af1ae378c 7e738ba450074ab4a057d8144a5f2833 2a106714ace342a5b9e48235d9a3ff0b - - default default] 10.0.0.13 "POST /v2.0/subnets HTTP/1.1" status: 201 len: 821 time: 0.3555217
2026-05-12 12:35:32.205 9 INFO neutron.wsgi [None req-2342fc3f-ae23-4c47-a3bf-84b4ccffbdd7 c6b2c73309b04c5185d84fcfa176fef5 23d9791201bb445dabfab650ac606883 - - default default] 10.0.0.13 "PUT /v2.0/routers/650e7a52-7526-413a-a0ec-820bf72282fb/remove_router_interface HTTP/1.1" status: 200 len: 503 time: 1.9893425
2026-05-12 12:35:32.254 9 WARNING neutron.scheduler.dhcp_agent_scheduler [None req-f011b958-e2a0-450e-b045-05ab43ef7838 9fcc52c85c06427b887795b80418a904 a18b4ef38d0340a6982f51b5a51162df - - default default] No more DHCP agents
2026-05-12 12:35:32.260 9 WARNING neutron.api.rpc.agentnotifiers.dhcp_rpc_agent_api [None req-f011b958-e2a0-450e-b045-05ab43ef7838 9fcc52c85c06427b887795b80418a904 a18b4ef38d0340a6982f51b5a51162df - - default default] Unable to schedule network 9643310d-0653-47d0-870a-0e7a3f62d35a: no agents available; will retry on subsequent port and subnet creation events.
2026-05-12 12:35:32.433 9 INFO neutron.db.ovn_revision_numbers_db [None req-f011b958-e2a0-450e-b045-05ab43ef7838 9fcc52c85c06427b887795b80418a904 a18b4ef38d0340a6982f51b5a51162df - - default default] Successfully bumped revision number for resource dbd9940c-0d15-43b3-a0f2-fac95ce33fbb (type: ports) to 1
2026-05-12 12:35:32.865 9 INFO neutron.plugins.ml2.drivers.ovn.mech_driver.mech_driver [None req-8908fcf6-b835-4043-84f0-6f9c6dbe4e19 - - - - - -] OVN reports status up for port: dbd9940c-0d15-43b3-a0f2-fac95ce33fbb
2026-05-12 12:35:32.876 9 INFO neutron.plugins.ml2.plugin [None req-8908fcf6-b835-4043-84f0-6f9c6dbe4e19 - - - - - -] Attempt 1 to provision port dbd9940c-0d15-43b3-a0f2-fac95ce33fbb
2026-05-12 12:35:32.898 9 INFO neutron.db.ovn_revision_numbers_db [None req-f011b958-e2a0-450e-b045-05ab43ef7838 9fcc52c85c06427b887795b80418a904 a18b4ef38d0340a6982f51b5a51162df - - default default] Successfully bumped revision number for resource dbd9940c-0d15-43b3-a0f2-fac95ce33fbb (type: router_ports) to 1
2026-05-12 12:35:33.120 9 INFO neutron.db.ovn_revision_numbers_db [None req-f011b958-e2a0-450e-b045-05ab43ef7838 9fcc52c85c06427b887795b80418a904 a18b4ef38d0340a6982f51b5a51162df - - default default] Successfully bumped revision number for resource dbd9940c-0d15-43b3-a0f2-fac95ce33fbb (type: ports) to 1
2026-05-12 12:35:33.121 10 INFO neutron.db.ovn_revision_numbers_db [None req-dc6c96ab-fdc4-4e4a-9faa-b5b6f590ecc5 7e738ba450074ab4a057d8144a5f2833 2a106714ace342a5b9e48235d9a3ff0b - - default default] Successfully bumped revision number for resource 6b1b3ceb-9e07-4f9f-9d85-49854db53e6f (type: ports) to 2
2026-05-12 12:35:33.196 10 INFO neutron.db.ovn_revision_numbers_db [None req-dc6c96ab-fdc4-4e4a-9faa-b5b6f590ecc5 7e738ba450074ab4a057d8144a5f2833 2a106714ace342a5b9e48235d9a3ff0b - - default default] Successfully bumped revision number for resource 0a3c202e-644e-4da8-afe8-99ee7116effa (type: subnets) to 1
2026-05-12 12:35:33.200 10 INFO neutron.wsgi [None req-dc6c96ab-fdc4-4e4a-9faa-b5b6f590ecc5 7e738ba450074ab4a057d8144a5f2833 2a106714ace342a5b9e48235d9a3ff0b - - default default] 10.0.0.13 "PUT /v2.0/subnets/0a3c202e-644e-4da8-afe8-99ee7116effa HTTP/1.1" status: 200 len: 826 time: 1.4293213
2026-05-12 12:35:33.240 9 WARNING neutron.scheduler.dhcp_agent_scheduler [None req-f011b958-e2a0-450e-b045-05ab43ef7838 9fcc52c85c06427b887795b80418a904 a18b4ef38d0340a6982f51b5a51162df - - default default] No more DHCP agents
2026-05-12 12:35:33.243 9 WARNING neutron.api.rpc.agentnotifiers.dhcp_rpc_agent_api [None req-f011b958-e2a0-450e-b045-05ab43ef7838 9fcc52c85c06427b887795b80418a904 a18b4ef38d0340a6982f51b5a51162df - - default default] Unable to schedule network 9643310d-0653-47d0-870a-0e7a3f62d35a: no agents available; will retry on subsequent port and subnet creation events.
2026-05-12 12:35:33.265 9 INFO neutron.db.ovn_revision_numbers_db [None req-8908fcf6-b835-4043-84f0-6f9c6dbe4e19 - - - - - -] Successfully bumped revision number for resource dbd9940c-0d15-43b3-a0f2-fac95ce33fbb (type: ports) to 2
2026-05-12 12:35:33.373 9 INFO neutron.db.ovn_revision_numbers_db [None req-8908fcf6-b835-4043-84f0-6f9c6dbe4e19 - - - - - -] Successfully bumped revision number for resource dbd9940c-0d15-43b3-a0f2-fac95ce33fbb (type: router_ports) to 2
2026-05-12 12:35:33.404 9 INFO neutron.db.ovn_revision_numbers_db [None req-f011b958-e2a0-450e-b045-05ab43ef7838 9fcc52c85c06427b887795b80418a904 a18b4ef38d0340a6982f51b5a51162df - - default default] Successfully bumped revision number for resource dbd9940c-0d15-43b3-a0f2-fac95ce33fbb (type: router_ports) to 2
2026-05-12 12:35:33.407 9 INFO neutron.wsgi [None req-f011b958-e2a0-450e-b045-05ab43ef7838 9fcc52c85c06427b887795b80418a904 a18b4ef38d0340a6982f51b5a51162df - - default default] 10.0.0.13 "PUT /v2.0/routers/850dbd08-8a97-49c6-8d10-c019e6f6b2cb/add_router_interface HTTP/1.1" status: 200 len: 503 time: 2.2481313 /var/lib/openstack/lib/python3.10/site-packages/pycadf/identifier.py:71: UserWarning: Invalid uuid: neutron. To ensure interoperability, identifiers should be a valid uuid. warnings.warn(('Invalid uuid: %s. To ensure interoperability, '
2026-05-12 12:35:33.522 9 INFO neutron.wsgi [None req-174a42c5-1f30-4b20-b775-9977988fe744 9fcc52c85c06427b887795b80418a904 a18b4ef38d0340a6982f51b5a51162df - - default default] 10.0.0.13 "GET /v2.0/ports/dbd9940c-0d15-43b3-a0f2-fac95ce33fbb HTTP/1.1" status: 200 len: 1137 time: 0.1089346
2026-05-12 12:35:33.571 9 INFO neutron.wsgi [None req-a268dc97-6146-44c4-9694-96e803737755 9fcc52c85c06427b887795b80418a904 a18b4ef38d0340a6982f51b5a51162df - - default default] 10.0.0.13 "GET /v2.0/ports/dbd9940c-0d15-43b3-a0f2-fac95ce33fbb HTTP/1.1" status: 200 len: 1137 time: 0.0418470
2026-05-12 12:35:33.844 10 INFO neutron.wsgi [None req-af8f2aac-4cf0-43d3-89a3-e7fe6509659b c6b2c73309b04c5185d84fcfa176fef5 23d9791201bb445dabfab650ac606883 - - default default] 10.0.0.13 "DELETE /v2.0/routers/650e7a52-7526-413a-a0ec-820bf72282fb HTTP/1.1" status: 204 len: 168 time: 1.6338780
2026-05-12 12:35:33.895 9 INFO neutron.db.ovn_revision_numbers_db [None req-54716d46-ee12-43e9-a652-5c22df9b3497 2ce7e2edef364c42b06cdf2bc98b66f0 6dbdf5d786b74831b82d34a23f4ace84 - - default default] Successfully bumped revision number for resource 0d76a15b-522a-43e6-af79-4d65dea6675e (type: security_groups) to 1
2026-05-12 12:35:33.924 9 INFO neutron.db.ovn_revision_numbers_db [None req-54716d46-ee12-43e9-a652-5c22df9b3497 2ce7e2edef364c42b06cdf2bc98b66f0 6dbdf5d786b74831b82d34a23f4ace84 - - default default] Successfully bumped revision number for resource 0931d816-6c7e-45ac-8f2a-df4eff22ec3b (type: security_group_rules) to 0
2026-05-12 12:35:33.943 9 INFO neutron.db.ovn_revision_numbers_db [None req-54716d46-ee12-43e9-a652-5c22df9b3497 2ce7e2edef364c42b06cdf2bc98b66f0 6dbdf5d786b74831b82d34a23f4ace84 - - default default] Successfully bumped revision number for resource 10838bb8-b9e7-4e70-83e1-d3bfe22a609f (type: security_group_rules) to 0
2026-05-12 12:35:33.978 9 INFO neutron.db.ovn_revision_numbers_db [None req-54716d46-ee12-43e9-a652-5c22df9b3497 2ce7e2edef364c42b06cdf2bc98b66f0 6dbdf5d786b74831b82d34a23f4ace84 - - default default] Successfully bumped revision number for resource 63c1fe46-dfad-44a7-b0fb-368809c67cc8 (type: security_group_rules) to 0
2026-05-12 12:35:34.004 9 INFO neutron.db.ovn_revision_numbers_db [None req-54716d46-ee12-43e9-a652-5c22df9b3497 2ce7e2edef364c42b06cdf2bc98b66f0 6dbdf5d786b74831b82d34a23f4ace84 - - default default] Successfully bumped revision number for resource ba13c7b4-15f0-4241-b09b-a72426d15d52 (type: security_group_rules) to 0
2026-05-12 12:35:34.111 10 INFO neutron.services.segments.plugin [-] Segment 67a385b1-c460-48f7-ba60-4d47570b5ac7 resource provider aggregate not found
2026-05-12 12:35:34.130 10 INFO neutron.services.segments.plugin [-] Segment 67a385b1-c460-48f7-ba60-4d47570b5ac7 resource provider aggregate not found
2026-05-12 12:35:34.141 10 INFO neutron.wsgi [None req-fccc9a3d-35c3-4d45-a576-557e8cb7ed3f c6b2c73309b04c5185d84fcfa176fef5 23d9791201bb445dabfab650ac606883 - - default default] 10.0.0.13 "DELETE /v2.0/subnets/333f91e4-a77f-4445-9b3a-e2a1d47ea81d HTTP/1.1" status: 204 len: 168 time: 0.2861674
2026-05-12 12:35:34.143 10 INFO neutron.services.segments.plugin [-] Segment 67a385b1-c460-48f7-ba60-4d47570b5ac7 resource provider not found; error: Placement Client Error (4xx): {"errors": [{"status": 404, "title": "Not Found", "detail": "The resource could not be found.\n\n No resource provider with uuid 67a385b1-c460-48f7-ba60-4d47570b5ac7 found for delete ", "request_id": "req-b5434b49-b049-41b5-88cd-94d289da6bb5"}]}
2026-05-12 12:35:34.162 10 INFO neutron.services.segments.plugin [-] Segment 67a385b1-c460-48f7-ba60-4d47570b5ac7 resource provider not found; error: Placement Client Error (4xx): {"errors": [{"status": 404, "title": "Not Found", "detail": "The resource could not be found.\n\n No resource provider with uuid 67a385b1-c460-48f7-ba60-4d47570b5ac7 found for delete ", "request_id": "req-db9dabbb-d002-40a2-8166-aaa24fdc344e"}]}
2026-05-12 12:35:34.167 9 INFO neutron.db.segments_db [None req-54716d46-ee12-43e9-a652-5c22df9b3497 2ce7e2edef364c42b06cdf2bc98b66f0 6dbdf5d786b74831b82d34a23f4ace84 - - default default] Added segment 7d6c0098-841c-42cb-b921-0be8fadc5690 of type geneve for network b4db9fa3-8349-497a-aa64-0e706362dda3
2026-05-12 12:35:34.176 10 INFO neutron.wsgi [None req-85abf0c2-bffd-4d9a-83cf-c962543c3878 7e738ba450074ab4a057d8144a5f2833 2a106714ace342a5b9e48235d9a3ff0b - - default default] 10.0.0.13 "DELETE /v2.0/networks/dc7c03ec-18cf-4e87-9124-08b4a003bbcb HTTP/1.1" status: 204 len: 168 time: 0.9701202
2026-05-12 12:35:34.194 10 INFO neutron.pecan_wsgi.hooks.translation [None req-87321f9a-32e0-4171-9b1e-26098a4b6272 7e738ba450074ab4a057d8144a5f2833 2a106714ace342a5b9e48235d9a3ff0b - - default default] DELETE failed (client error): The resource could not be found.
2026-05-12 12:35:34.196 10 INFO neutron.wsgi [None req-87321f9a-32e0-4171-9b1e-26098a4b6272 7e738ba450074ab4a057d8144a5f2833 2a106714ace342a5b9e48235d9a3ff0b - - default default] 10.0.0.13 "DELETE /v2.0/networks/dc7c03ec-18cf-4e87-9124-08b4a003bbcb HTTP/1.1" status: 404 len: 339 time: 0.0147390
2026-05-12 12:35:34.316 10 INFO neutron.wsgi [None req-8ef236f0-e39d-4794-9728-4baea2387df1 7e738ba450074ab4a057d8144a5f2833 2a106714ace342a5b9e48235d9a3ff0b - - default default] 10.0.0.13 "GET /v2.0/networks?router%3Aexternal=True HTTP/1.1" status: 200 len: 845 time: 0.1118672
2026-05-12 12:35:34.386 10 INFO neutron.wsgi [None req-63bdbb4c-20a1-419b-942f-aee0845ece72 7e738ba450074ab4a057d8144a5f2833 2a106714ace342a5b9e48235d9a3ff0b - - default default] 10.0.0.13 "GET /v2.0/subnets?network_id=457156cf-6ec7-4a27-af75-9a287a07bd04 HTTP/1.1" status: 200 len: 820 time: 0.0563538
2026-05-12 12:35:34.398 10 INFO neutron.wsgi [None req-c6b7ea13-56c2-4333-9dd2-f6b3379bf720 7e738ba450074ab4a057d8144a5f2833 2a106714ace342a5b9e48235d9a3ff0b - - default default] 10.0.0.13 "GET /v2.0/extensions HTTP/1.1" status: 200 len: 16975 time: 0.0065761
2026-05-12 12:35:34.462 9 INFO neutron.db.ovn_revision_numbers_db [None req-54716d46-ee12-43e9-a652-5c22df9b3497 2ce7e2edef364c42b06cdf2bc98b66f0 6dbdf5d786b74831b82d34a23f4ace84 - - default default] Successfully bumped revision number for resource b4db9fa3-8349-497a-aa64-0e706362dda3 (type: networks) to 1
2026-05-12 12:35:34.506 10 INFO neutron.wsgi [None req-bb689242-2dd8-4024-9fe1-55155d50d646 7e738ba450074ab4a057d8144a5f2833 2a106714ace342a5b9e48235d9a3ff0b - - default default] 10.0.0.13 "GET /v2.0/networks HTTP/1.1" status: 200 len: 1507 time: 0.0998809
2026-05-12 12:35:34.547 10 INFO neutron.wsgi [None req-89aef966-3d6b-435a-b593-ba7360ad7e01 7e738ba450074ab4a057d8144a5f2833 2a106714ace342a5b9e48235d9a3ff0b - - default default] 10.0.0.13 "GET /v2.0/subnets HTTP/1.1" status: 200 len: 1460 time: 0.0347862
2026-05-12 12:35:34.627 10 INFO neutron.wsgi [None req-ad747b2f-986d-4a95-a0fe-09dbd17fe692 7e738ba450074ab4a057d8144a5f2833 2a106714ace342a5b9e48235d9a3ff0b - - default default] 10.0.0.13 "GET /v2.0/networks/4304e2ce-bfd0-4c31-b7a7-f89e3ade9bb6 HTTP/1.1" status: 200 len: 866 time: 0.0731180
2026-05-12 12:35:34.660 9 INFO neutron.wsgi [None req-04a4c78b-9872-43c1-82ce-4001744ee5fc 9fcc52c85c06427b887795b80418a904 a18b4ef38d0340a6982f51b5a51162df - - default default] 10.0.0.13 "PUT /v2.0/routers/850dbd08-8a97-49c6-8d10-c019e6f6b2cb/remove_router_interface HTTP/1.1" status: 200 len: 503 time: 1.0803657
2026-05-12 12:35:34.699 10 INFO neutron.wsgi [None req-515e00c9-e5c3-499d-b69d-136396554547 7e738ba450074ab4a057d8144a5f2833 2a106714ace342a5b9e48235d9a3ff0b - - default default] 10.0.0.13 "GET /v2.0/subnets/36bb4f65-9a65-491a-a295-d29fde9e0017 HTTP/1.1" status: 200 len: 843 time: 0.0649316
2026-05-12 12:35:34.718 10 INFO neutron.wsgi [None req-c7a11083-c498-473f-b554-109006bf6d65 9fcc52c85c06427b887795b80418a904 a18b4ef38d0340a6982f51b5a51162df - - default default] 10.0.0.13 "GET /v2.0/ports/e454cf47-daf9-438f-98c5-64789e386431 HTTP/1.1" status: 200 len: 1137 time: 0.0512552
2026-05-12 12:35:34.726 10 INFO neutron.pecan_wsgi.hooks.translation [None req-3ec11c10-ac2f-4b57-8a96-9b5a33818a65 7e738ba450074ab4a057d8144a5f2833 2a106714ace342a5b9e48235d9a3ff0b - - default default] DELETE failed (client error): The resource could not be found.
2026-05-12 12:35:34.728 10 INFO neutron.wsgi [None req-3ec11c10-ac2f-4b57-8a96-9b5a33818a65 7e738ba450074ab4a057d8144a5f2833 2a106714ace342a5b9e48235d9a3ff0b - - default default] 10.0.0.13 "DELETE /v2.0/subnets/0a3c202e-644e-4da8-afe8-99ee7116effa HTTP/1.1" status: 404 len: 337 time: 0.0209382 /var/lib/openstack/lib/python3.10/site-packages/pycadf/identifier.py:71: UserWarning: Invalid uuid: neutron. To ensure interoperability, identifiers should be a valid uuid. warnings.warn(('Invalid uuid: %s. To ensure interoperability, '
2026-05-12 12:35:34.745 10 INFO neutron.pecan_wsgi.hooks.translation [None req-0401a7c1-e80a-42c8-a7c2-8011129ce052 7e738ba450074ab4a057d8144a5f2833 2a106714ace342a5b9e48235d9a3ff0b - - default default] DELETE failed (client error): The resource could not be found.
2026-05-12 12:35:34.747 10 INFO neutron.wsgi [None req-0401a7c1-e80a-42c8-a7c2-8011129ce052 7e738ba450074ab4a057d8144a5f2833 2a106714ace342a5b9e48235d9a3ff0b - - default default] 10.0.0.13 "DELETE /v2.0/networks/dc7c03ec-18cf-4e87-9124-08b4a003bbcb HTTP/1.1" status: 404 len: 339 time: 0.0146143
2026-05-12 12:35:34.828 9 WARNING neutron.scheduler.dhcp_agent_scheduler [None req-54716d46-ee12-43e9-a652-5c22df9b3497 2ce7e2edef364c42b06cdf2bc98b66f0 6dbdf5d786b74831b82d34a23f4ace84 - - default default] No more DHCP agents
2026-05-12 12:35:34.835 9 WARNING neutron.api.rpc.agentnotifiers.dhcp_rpc_agent_api [None req-54716d46-ee12-43e9-a652-5c22df9b3497 2ce7e2edef364c42b06cdf2bc98b66f0 6dbdf5d786b74831b82d34a23f4ace84 - - default default] Unable to schedule network b4db9fa3-8349-497a-aa64-0e706362dda3: no agents available; will retry on subsequent port and subnet creation events.
2026-05-12 12:35:34.918 9 INFO neutron.services.segments.plugin [-] Segment 967fe82d-dc7a-4153-93ae-c73cd3d3a115 resource provider aggregate not found
2026-05-12 12:35:34.926 9 INFO neutron.services.segments.plugin [-] Segment 967fe82d-dc7a-4153-93ae-c73cd3d3a115 resource provider aggregate not found
2026-05-12 12:35:34.929 10 INFO neutron.wsgi [None req-675836f1-6b21-49c2-97df-3c94c552c52b 7e738ba450074ab4a057d8144a5f2833 2a106714ace342a5b9e48235d9a3ff0b - - default default] 10.0.0.13 "DELETE /v2.0/subnets/36bb4f65-9a65-491a-a295-d29fde9e0017 HTTP/1.1" status: 204 len: 168 time: 0.1780038
2026-05-12 12:35:34.950 9 INFO neutron.services.segments.plugin [-] Segment 967fe82d-dc7a-4153-93ae-c73cd3d3a115 resource provider not found; error: Placement Client Error (4xx): {"errors": [{"status": 404, "title": "Not Found", "detail": "The resource could not be found.\n\n No resource provider with uuid 967fe82d-dc7a-4153-93ae-c73cd3d3a115 found for delete ", "request_id": "req-bfbd5dae-0975-47f7-9b8b-df373f64fb1c"}]}
2026-05-12 12:35:34.959 9 INFO neutron.services.segments.plugin [-] Segment 967fe82d-dc7a-4153-93ae-c73cd3d3a115 resource provider not found; error: Placement Client Error (4xx): {"errors": [{"status": 404, "title": "Not Found", "detail": "The resource could not be found.\n\n No resource provider with uuid 967fe82d-dc7a-4153-93ae-c73cd3d3a115 found for delete ", "request_id": "req-72c039f9-837f-410e-be64-649920eb4e0d"}]}
2026-05-12 12:35:35.019 9 INFO neutron.wsgi [None req-9e1fbb34-80c5-4558-b632-0ca663cbb6c8 c6b2c73309b04c5185d84fcfa176fef5 23d9791201bb445dabfab650ac606883 - - default default] 10.0.0.13 "DELETE /v2.0/networks/f582006c-7903-4af1-9503-664d6b8a6383 HTTP/1.1" status: 204 len: 168 time: 0.8701706
2026-05-12 12:35:35.048 9 INFO neutron.db.ovn_revision_numbers_db [None req-54716d46-ee12-43e9-a652-5c22df9b3497 2ce7e2edef364c42b06cdf2bc98b66f0 6dbdf5d786b74831b82d34a23f4ace84 - - default default] Successfully bumped revision number for resource f0ed638b-b69d-425d-b032-1516a99962a9 (type: ports) to 1
2026-05-12 12:35:35.098 9 INFO neutron.wsgi [None req-54716d46-ee12-43e9-a652-5c22df9b3497 2ce7e2edef364c42b06cdf2bc98b66f0 6dbdf5d786b74831b82d34a23f4ace84 - - default default] 10.0.0.13 "POST /v2.0/networks HTTP/1.1" status: 201 len: 947 time: 1.7295208
2026-05-12 12:35:35.542 10 INFO neutron.wsgi [None req-6d05f057-cde7-410c-9649-331facf7ed97 7e738ba450074ab4a057d8144a5f2833 2a106714ace342a5b9e48235d9a3ff0b - - default default] 10.0.0.13 "DELETE /v2.0/networks/4304e2ce-bfd0-4c31-b7a7-f89e3ade9bb6 HTTP/1.1" status: 204 len: 168 time: 0.6091037
2026-05-12 12:35:35.611 9 WARNING neutron.scheduler.dhcp_agent_scheduler [None req-3823e8a4-06b4-4095-8666-e4c577eedc1d 2ce7e2edef364c42b06cdf2bc98b66f0 6dbdf5d786b74831b82d34a23f4ace84 - - default default] No more DHCP agents
2026-05-12 12:35:35.614 9 WARNING neutron.api.rpc.agentnotifiers.dhcp_rpc_agent_api [None req-3823e8a4-06b4-4095-8666-e4c577eedc1d 2ce7e2edef364c42b06cdf2bc98b66f0 6dbdf5d786b74831b82d34a23f4ace84 - - default default] Unable to schedule network b4db9fa3-8349-497a-aa64-0e706362dda3: no agents available; will retry on subsequent port and subnet creation events.
2026-05-12 12:35:35.626 10 INFO neutron.wsgi [None req-79d3bb42-3c1b-470d-812f-c985afa67ecc 2ce7e2edef364c42b06cdf2bc98b66f0 6dbdf5d786b74831b82d34a23f4ace84 - - default default] 10.0.0.13 "GET /v2.0/security-groups?tenant_id=23d9791201bb445dabfab650ac606883&name=default HTTP/1.1" status: 200 len: 2996 time: 0.1470113
2026-05-12 12:35:35.827 10 INFO neutron.wsgi [None req-9419755c-ff2f-49ba-9dcf-063aae24e6e2 2ce7e2edef364c42b06cdf2bc98b66f0 6dbdf5d786b74831b82d34a23f4ace84 - - default default] 10.0.0.13 "DELETE /v2.0/security-groups/5374b13b-a0aa-4a27-971c-1b431ca92580 HTTP/1.1" status: 204 len: 168 time: 0.1945906
2026-05-12 12:35:35.932 9 INFO neutron.wsgi [None req-1d3f1f2e-9f70-4e6d-92a1-a991503ed117 9fcc52c85c06427b887795b80418a904 a18b4ef38d0340a6982f51b5a51162df - - default default] 10.0.0.13 "PUT /v2.0/routers/850dbd08-8a97-49c6-8d10-c019e6f6b2cb/remove_router_interface HTTP/1.1" status: 200 len: 503 time: 1.2064049 /var/lib/openstack/lib/python3.10/site-packages/pycadf/identifier.py:71: UserWarning: Invalid uuid: neutron. To ensure interoperability, identifiers should be a valid uuid. warnings.warn(('Invalid uuid: %s. To ensure interoperability, '
2026-05-12 12:35:35.961 9 INFO neutron.wsgi [None req-7985c0ea-90ab-4667-b0af-fca451eee23f 9fcc52c85c06427b887795b80418a904 a18b4ef38d0340a6982f51b5a51162df - - default default] 10.0.0.13 "GET /v2.0/ports?device_id=850dbd08-8a97-49c6-8d10-c019e6f6b2cb HTTP/1.1" status: 200 len: 205 time: 0.0247219
2026-05-12 12:35:36.115 10 WARNING neutron.plugins.ml2.drivers.ovn.mech_driver.ovsdb.ovn_client [None req-8479162a-4c9b-46bb-adc0-825076a643b3 - - - - - -] No port found with ID e454cf47-daf9-438f-98c5-64789e386431: RuntimeError: No port found with ID e454cf47-daf9-438f-98c5-64789e386431
2026-05-12 12:35:36.167 10 INFO neutron.services.segments.plugin [-] Segment 6ccb4a5a-4c81-4cb7-8ca4-2ad2b0a7f297 resource provider aggregate not found
2026-05-12 12:35:36.183 10 INFO neutron.wsgi [None req-d02f95b4-5124-4051-98a9-8b28865915c3 2ce7e2edef364c42b06cdf2bc98b66f0 6dbdf5d786b74831b82d34a23f4ace84 - - default default] 10.0.0.13 "GET /v2.0/security-groups?tenant_id=2a106714ace342a5b9e48235d9a3ff0b&name=default HTTP/1.1" status: 200 len: 2996 time: 0.2307916
2026-05-12 12:35:36.192 10 INFO neutron.services.segments.plugin [-] Segment 6ccb4a5a-4c81-4cb7-8ca4-2ad2b0a7f297 resource provider aggregate not found
2026-05-12 12:35:36.197 10 INFO neutron.services.segments.plugin [-] Segment 6ccb4a5a-4c81-4cb7-8ca4-2ad2b0a7f297 resource provider not found; error: Placement Client Error (4xx): {"errors": [{"status": 404, "title": "Not Found", "detail": "The resource could not be found.\n\n No resource provider with uuid 6ccb4a5a-4c81-4cb7-8ca4-2ad2b0a7f297 found for delete ", "request_id": "req-b3e78474-5366-4d48-b4bd-344b839607a8"}]}
2026-05-12 12:35:36.237 10 INFO neutron.services.segments.plugin [-] Segment 6ccb4a5a-4c81-4cb7-8ca4-2ad2b0a7f297 resource provider not found; error: Placement Client Error (4xx): {"errors": [{"status": 404, "title": "Not Found", "detail": "The resource could not be found.\n\n No resource provider with uuid 6ccb4a5a-4c81-4cb7-8ca4-2ad2b0a7f297 found for delete ", "request_id": "req-80de9adf-c570-4b92-90f6-48397a7223f7"}]}
2026-05-12 12:35:36.319 9 INFO neutron.wsgi [None req-4941bd54-b92b-46fa-a68a-c3f7bc345475 9fcc52c85c06427b887795b80418a904 a18b4ef38d0340a6982f51b5a51162df - - default default] 10.0.0.13 "DELETE /v2.0/routers/850dbd08-8a97-49c6-8d10-c019e6f6b2cb HTTP/1.1" status: 204 len: 168 time: 0.3515351
2026-05-12 12:35:36.385 10 INFO neutron.wsgi [None req-5338a082-5b89-4312-ad8e-75aa635d1e8e 2ce7e2edef364c42b06cdf2bc98b66f0 6dbdf5d786b74831b82d34a23f4ace84 - - default default] 10.0.0.13 "DELETE /v2.0/security-groups/9e694dcc-a37b-4b6f-b915-7e8beb5ee4e1 HTTP/1.1" status: 204 len: 168 time: 0.1979537
2026-05-12 12:35:36.489 9 INFO neutron.db.ovn_revision_numbers_db [None req-3823e8a4-06b4-4095-8666-e4c577eedc1d 2ce7e2edef364c42b06cdf2bc98b66f0 6dbdf5d786b74831b82d34a23f4ace84 - - default default] Successfully bumped revision number for resource f0ed638b-b69d-425d-b032-1516a99962a9 (type: ports) to 2
2026-05-12 12:35:36.548 9 INFO neutron.db.ovn_revision_numbers_db [None req-3823e8a4-06b4-4095-8666-e4c577eedc1d 2ce7e2edef364c42b06cdf2bc98b66f0 6dbdf5d786b74831b82d34a23f4ace84 - - default default] Successfully bumped revision number for resource 0960d0af-d7ba-4a11-80a5-5c680afa609b (type: subnets) to 0
2026-05-12 12:35:36.566 9 INFO neutron.wsgi [None req-3823e8a4-06b4-4095-8666-e4c577eedc1d 2ce7e2edef364c42b06cdf2bc98b66f0 6dbdf5d786b74831b82d34a23f4ace84 - - default default] 10.0.0.13 "POST /v2.0/subnets HTTP/1.1" status: 201 len: 867 time: 1.4596508
2026-05-12 12:35:36.617 9 INFO neutron.wsgi [None req-19063ce4-19dc-4f5c-8d2f-4f15ee497c83 9fcc52c85c06427b887795b80418a904 a18b4ef38d0340a6982f51b5a51162df - - default default] 10.0.0.13 "DELETE /v2.0/subnets/1b42c538-a2e4-42c1-b851-1d4f69baced4 HTTP/1.1" status: 204 len: 168 time: 0.2938056
2026-05-12 12:35:36.936 9 INFO neutron.wsgi [None req-7be8cf08-967f-477d-aa95-af52f7cdb35c 9fcc52c85c06427b887795b80418a904 a18b4ef38d0340a6982f51b5a51162df - - default default] 10.0.0.13 "DELETE /v2.0/subnets/83a1cebd-76bc-4d22-a500-dddd9c98e78f HTTP/1.1" status: 204 len: 168 time: 0.3127649
2026-05-12 12:35:37.100 9 WARNING neutron.scheduler.dhcp_agent_scheduler [None req-7774a183-45e3-439e-a9dc-aff483862f18 2ce7e2edef364c42b06cdf2bc98b66f0 6dbdf5d786b74831b82d34a23f4ace84 - - default default] No more DHCP agents
2026-05-12 12:35:37.103 9 WARNING neutron.api.rpc.agentnotifiers.dhcp_rpc_agent_api [None req-7774a183-45e3-439e-a9dc-aff483862f18 2ce7e2edef364c42b06cdf2bc98b66f0 6dbdf5d786b74831b82d34a23f4ace84 - - default default] Unable to schedule network 457156cf-6ec7-4a27-af75-9a287a07bd04: no agents available; will retry on subsequent port and subnet creation events.
2026-05-12 12:35:37.297 9 INFO neutron.db.ovn_revision_numbers_db [None req-7774a183-45e3-439e-a9dc-aff483862f18 2ce7e2edef364c42b06cdf2bc98b66f0 6dbdf5d786b74831b82d34a23f4ace84 - - default default] Successfully bumped revision number for resource f24e02fb-1fe3-411e-b1cb-b6da0c71f722 (type: ports) to 1
2026-05-12 12:35:37.298 10 INFO neutron.wsgi [None req-a7a874a8-af79-4fc9-82b4-d35a7cd0ff24 2ce7e2edef364c42b06cdf2bc98b66f0 6dbdf5d786b74831b82d34a23f4ace84 - - default default] 10.0.0.226 "GET /v2.0/subnets HTTP/1.1" status: 200 len: 2095 time: 0.2197881
2026-05-12 12:35:37.374 10 INFO neutron.wsgi [None req-26c5dd2d-fe02-4634-8942-3513f105e536 2ce7e2edef364c42b06cdf2bc98b66f0 6dbdf5d786b74831b82d34a23f4ace84 - - default default] 10.0.0.226 "GET /v2.0/ports HTTP/1.1" status: 200 len: 8277 time: 0.0737324
2026-05-12 12:35:37.464 10 INFO neutron.wsgi [None req-fe8bc9ee-4dc0-4714-817a-4dc360902934 9fcc52c85c06427b887795b80418a904 a18b4ef38d0340a6982f51b5a51162df - - default default] 10.0.0.13 "DELETE /v2.0/networks/9643310d-0653-47d0-870a-0e7a3f62d35a HTTP/1.1" status: 204 len: 168 time: 0.5217309
2026-05-12 12:35:37.515 10 INFO neutron.wsgi [None req-fb66fa15-9599-4a95-9742-a9fe6444fbf1 2ce7e2edef364c42b06cdf2bc98b66f0 6dbdf5d786b74831b82d34a23f4ace84 - - default default] 10.0.0.226 "GET /v2.0/networks HTTP/1.1" status: 200 len: 4516 time: 0.1310446
2026-05-12 12:35:37.540 10 INFO neutron.wsgi [None req-9ef7229e-0f26-433e-9991-86bafb905842 2ce7e2edef364c42b06cdf2bc98b66f0 6dbdf5d786b74831b82d34a23f4ace84 - - default default] 10.0.0.226 "GET /v2.0/network-ip-availabilities HTTP/1.1" status: 200 len: 2026 time: 0.0201142
2026-05-12 12:35:37.584 10 INFO neutron.wsgi [None req-bf1378d7-628f-40cf-822b-89f00cc335aa 2ce7e2edef364c42b06cdf2bc98b66f0 6dbdf5d786b74831b82d34a23f4ace84 - - default default] 10.0.0.226 "GET /v2.0/floatingips HTTP/1.1" status: 200 len: 193 time: 0.0427794
2026-05-12 12:35:37.702 10 INFO neutron.wsgi [None req-76058f95-b7b1-413a-9ea2-42df37a48bb1 2ce7e2edef364c42b06cdf2bc98b66f0 6dbdf5d786b74831b82d34a23f4ace84 - - default default] 10.0.0.226 "GET /v2.0/routers HTTP/1.1" status: 200 len: 857 time: 0.1144388
2026-05-12 12:35:37.736 10 INFO neutron.wsgi [None req-2faa30c7-cb33-4437-aa08-6558c5171233 2ce7e2edef364c42b06cdf2bc98b66f0 6dbdf5d786b74831b82d34a23f4ace84 - - default default] 10.0.0.226 "GET /v2.0/agents?binary=ovn-controller HTTP/1.1" status: 200 len: 591 time: 0.0332844
2026-05-12 12:35:37.750 10 INFO neutron.wsgi [None req-2d5f542e-0ea3-4b9f-b8d8-3e933b19c2a9 2ce7e2edef364c42b06cdf2bc98b66f0 6dbdf5d786b74831b82d34a23f4ace84 - - default default] 10.0.0.226 "GET /v2.0/agents HTTP/1.1" status: 200 len: 997 time: 0.0123680
2026-05-12 12:35:37.808 10 INFO neutron.wsgi [None req-bdb5ba37-d30d-4438-80ed-f06658572206 2ce7e2edef364c42b06cdf2bc98b66f0 6dbdf5d786b74831b82d34a23f4ace84 - - default default] 10.0.0.226 "GET /v2.0/security-groups HTTP/1.1" status: 200 len: 22363 time: 0.0566430
2026-05-12 12:35:37.851 10 INFO neutron.wsgi [None req-96324ec1-1e65-4fed-902b-76b8f0d70bf3 2ce7e2edef364c42b06cdf2bc98b66f0 6dbdf5d786b74831b82d34a23f4ace84 - - default default] 10.0.0.226 "GET /v2.0/subnets HTTP/1.1" status: 200 len: 2095 time: 0.0365067
2026-05-12 12:35:37.862 10 INFO neutron.wsgi [None req-8d8d3956-ca36-49ae-b66c-18acc795678e 2ce7e2edef364c42b06cdf2bc98b66f0 6dbdf5d786b74831b82d34a23f4ace84 - - default default] 10.0.0.226 "GET /v2.0/subnetpools HTTP/1.1" status: 200 len: 193 time: 0.0094993
2026-05-12 12:35:38.191 9 WARNING neutron_lib.context [None req-3159c2c7-36c9-497b-83e7-415df8bbd149 9b7a42ad08d740a99a8c466cbfa55b29 940b11226b054a0595fb97baea9d308b - - default default] Method 'is_advsvc' is deprecated since 2023.2 release (neutron-lib 3.8.0) and will be removed once support for the old RBAC API policies will be removed from Neutron. Please use method 'is_service_role' instead.
2026-05-12 12:35:38.209 9 WARNING neutron_lib.context [None req-df8f5b90-e12d-4696-b45d-615d28fd7b20 93dd6a8666c14deab558777a65e89ef2 d0240615c95d4dc2bc99aa6f17407685 - - default default] Method 'is_advsvc' is deprecated since 2023.2 release (neutron-lib 3.8.0) and will be removed once support for the old RBAC API policies will be removed from Neutron. Please use method 'is_service_role' instead.
2026-05-12 12:35:38.210 9 WARNING neutron_lib.context [None req-df8f5b90-e12d-4696-b45d-615d28fd7b20 93dd6a8666c14deab558777a65e89ef2 d0240615c95d4dc2bc99aa6f17407685 - - default default] Method 'is_advsvc' is deprecated since 2023.2 release (neutron-lib 3.8.0) and will be removed once support for the old RBAC API policies will be removed from Neutron. Please use method 'is_service_role' instead.
2026-05-12 12:35:38.220 10 INFO neutron.services.segments.plugin [-] Segment 47d545e6-4902-437b-8407-d37ea2212905 resource provider aggregate not found
2026-05-12 12:35:38.247 10 INFO neutron.services.segments.plugin [-] Segment 47d545e6-4902-437b-8407-d37ea2212905 resource provider not found; error: Placement Client Error (4xx): {"errors": [{"status": 404, "title": "Not Found", "detail": "The resource could not be found.\n\n No resource provider with uuid 47d545e6-4902-437b-8407-d37ea2212905 found for delete ", "request_id": "req-4d099142-7da5-41fd-bb69-fa1a88a20ef9"}]}
2026-05-12 12:35:38.261 10 INFO neutron.services.segments.plugin [-] Segment 47d545e6-4902-437b-8407-d37ea2212905 resource provider aggregate not found
2026-05-12 12:35:38.284 10 INFO neutron.services.segments.plugin [-] Segment 47d545e6-4902-437b-8407-d37ea2212905 resource provider not found; error: Placement Client Error (4xx): {"errors": [{"status": 404, "title": "Not Found", "detail": "The resource could not be found.\n\n No resource provider with uuid 47d545e6-4902-437b-8407-d37ea2212905 found for delete ", "request_id": "req-622d227a-e0cd-4f9f-9223-c9baabcefc17"}]}
