2026-05-12 12:34:05.471 10 INFO neutron.db.ovn_revision_numbers_db [req-646903cc-5882-4196-b815-9451a9bbbef6 req-2845b575-85f3-474f-b84e-ba5203aa2af7 7620a9a587904b0bb3c171728ee8cc88 b6cd003317d545479b2192ce7d3284ab - - default default] Successfully bumped revision number for resource 464ed992-fc4f-4253-83d9-d05abcb293e3 (type: security_groups) to 1
2026-05-12 12:34:05.579 9 WARNING neutron.scheduler.dhcp_agent_scheduler [None req-41f78a9d-6358-41bd-82d4-67fe6011c8b2 7a4ed342fa0840518b69f59947afba29 fe92eb34dcf04efc9a7da4b4e38072ef - - default default] No more DHCP agents
2026-05-12 12:34:05.581 9 WARNING neutron.api.rpc.agentnotifiers.dhcp_rpc_agent_api [None req-41f78a9d-6358-41bd-82d4-67fe6011c8b2 7a4ed342fa0840518b69f59947afba29 fe92eb34dcf04efc9a7da4b4e38072ef - - default default] Unable to schedule network 457156cf-6ec7-4a27-af75-9a287a07bd04: no agents available; will retry on subsequent port and subnet creation events.
2026-05-12 12:34:05.639 10 INFO neutron.db.ovn_revision_numbers_db [None req-f9c12975-7cff-4da4-885e-501b0b9a1b51 2ce7e2edef364c42b06cdf2bc98b66f0 6dbdf5d786b74831b82d34a23f4ace84 - - default default] Successfully bumped revision number for resource 922a3e99-eae7-4f6d-b66a-6403fc69a499 (type: ports) to 1
2026-05-12 12:34:05.654 10 INFO neutron.db.ovn_revision_numbers_db [req-646903cc-5882-4196-b815-9451a9bbbef6 req-2845b575-85f3-474f-b84e-ba5203aa2af7 7620a9a587904b0bb3c171728ee8cc88 b6cd003317d545479b2192ce7d3284ab - - default default] Successfully bumped revision number for resource 5a75525b-88d6-49d9-a2e4-9a0f7c6b05e1 (type: security_group_rules) to 0
2026-05-12 12:34:05.703 10 INFO neutron.db.ovn_revision_numbers_db [req-646903cc-5882-4196-b815-9451a9bbbef6 req-2845b575-85f3-474f-b84e-ba5203aa2af7 7620a9a587904b0bb3c171728ee8cc88 b6cd003317d545479b2192ce7d3284ab - - default default] Successfully bumped revision number for resource 8b313866-fb8e-4b69-96b0-aaba6c14c8d1 (type: security_group_rules) to 0
2026-05-12 12:34:05.758 10 INFO neutron.wsgi [req-646903cc-5882-4196-b815-9451a9bbbef6 req-2845b575-85f3-474f-b84e-ba5203aa2af7 7620a9a587904b0bb3c171728ee8cc88 b6cd003317d545479b2192ce7d3284ab - - default default] 10.0.0.175 "POST /v2.0/security-groups HTTP/1.1" status: 201 len: 1822 time: 0.6283779
2026-05-12 12:34:05.794 10 INFO neutron.db.ovn_revision_numbers_db [None req-908fc67f-1cf6-4841-a6af-41a0510d714b - - - - - -] Successfully bumped revision number for resource d85aaabf-4d43-4d89-b3e0-680fac6dab4b (type: ports) to 1
2026-05-12 12:34:05.800 10 WARNING neutron_lib.context [req-c9275b8f-31f1-4bcf-848c-95692cd58d4c req-dda8e79e-7248-41fa-a2c1-92aca12c2532 7620a9a587904b0bb3c171728ee8cc88 b6cd003317d545479b2192ce7d3284ab - - default default] Method 'is_advsvc' is deprecated since 2023.2 release (neutron-lib 3.8.0) and will be removed once support for the old RBAC API policies will be removed from Neutron. Please use method 'is_service_role' instead.
2026-05-12 12:34:05.898 10 INFO neutron.db.ovn_revision_numbers_db [req-c4ad06b3-8c7b-4ee1-b558-b1a3c4886d7c req-14b09d1c-9508-48ef-ae97-0cfc85601abb f63a9886297f48ffbd0adb8cb0f50594 400bbd97f9174180aba4266b7a2acf5d - - default default] Successfully bumped revision number for resource fde7bd96-91ce-43f6-b07f-8868c66ebbcd (type: security_groups) to 1
2026-05-12 12:34:05.905 9 INFO neutron.db.ovn_revision_numbers_db [None req-41f78a9d-6358-41bd-82d4-67fe6011c8b2 7a4ed342fa0840518b69f59947afba29 fe92eb34dcf04efc9a7da4b4e38072ef - - default default] Successfully bumped revision number for resource ad7a17f7-b86b-4c66-9b0e-ae88708d6f79 (type: floatingips) to 0
2026-05-12 12:34:05.923 9 INFO neutron.wsgi [None req-41f78a9d-6358-41bd-82d4-67fe6011c8b2 7a4ed342fa0840518b69f59947afba29 fe92eb34dcf04efc9a7da4b4e38072ef - - default default] 10.0.0.13 "POST /v2.0/floatingips HTTP/1.1" status: 201 len: 751 time: 0.8307834
2026-05-12 12:34:05.939 10 INFO neutron.db.ovn_revision_numbers_db [req-c4ad06b3-8c7b-4ee1-b558-b1a3c4886d7c req-14b09d1c-9508-48ef-ae97-0cfc85601abb f63a9886297f48ffbd0adb8cb0f50594 400bbd97f9174180aba4266b7a2acf5d - - default default] Successfully bumped revision number for resource 56dc837e-5aef-464b-9ae7-476f00bf2d04 (type: security_group_rules) to 0
2026-05-12 12:34:05.981 10 INFO neutron.db.ovn_revision_numbers_db [req-c4ad06b3-8c7b-4ee1-b558-b1a3c4886d7c req-14b09d1c-9508-48ef-ae97-0cfc85601abb f63a9886297f48ffbd0adb8cb0f50594 400bbd97f9174180aba4266b7a2acf5d - - default default] Successfully bumped revision number for resource ccb2d5fe-7b89-4f12-a921-6f3c1e968c50 (type: security_group_rules) to 0
2026-05-12 12:34:06.029 10 INFO neutron.wsgi [req-c4ad06b3-8c7b-4ee1-b558-b1a3c4886d7c req-14b09d1c-9508-48ef-ae97-0cfc85601abb f63a9886297f48ffbd0adb8cb0f50594 400bbd97f9174180aba4266b7a2acf5d - - default default] 10.0.0.175 "POST /v2.0/security-groups HTTP/1.1" status: 201 len: 1826 time: 0.6784992
2026-05-12 12:34:06.157 10 INFO neutron.db.ovn_revision_numbers_db [req-c9275b8f-31f1-4bcf-848c-95692cd58d4c req-dda8e79e-7248-41fa-a2c1-92aca12c2532 7620a9a587904b0bb3c171728ee8cc88 b6cd003317d545479b2192ce7d3284ab - - default default] Successfully bumped revision number for resource fd9c690a-191d-404c-9929-6201007bf4ac (type: security_groups) to 1
2026-05-12 12:34:06.233 10 INFO neutron.wsgi [req-92b439c2-2e71-4dbc-9190-a6b0331d8ddb req-53e580b8-2ee8-403f-ac46-103f3d336282 f63a9886297f48ffbd0adb8cb0f50594 400bbd97f9174180aba4266b7a2acf5d - - default default] 10.0.0.175 "GET /v2.0/security-groups/fde7bd96-91ce-43f6-b07f-8868c66ebbcd HTTP/1.1" status: 200 len: 1821 time: 0.1588650
2026-05-12 12:34:06.247 10 INFO neutron.db.ovn_revision_numbers_db [req-c9275b8f-31f1-4bcf-848c-95692cd58d4c req-dda8e79e-7248-41fa-a2c1-92aca12c2532 7620a9a587904b0bb3c171728ee8cc88 b6cd003317d545479b2192ce7d3284ab - - default default] Successfully bumped revision number for resource 24f8029b-06e3-4051-84f0-5c392a0cb4b2 (type: security_group_rules) to 0
2026-05-12 12:34:06.257 10 WARNING neutron_lib.context [req-92b439c2-2e71-4dbc-9190-a6b0331d8ddb req-1566fc89-9aa6-4e36-bed8-b4fe53d27c85 f63a9886297f48ffbd0adb8cb0f50594 400bbd97f9174180aba4266b7a2acf5d - - default default] Method 'is_advsvc' is deprecated since 2023.2 release (neutron-lib 3.8.0) and will be removed once support for the old RBAC API policies will be removed from Neutron. Please use method 'is_service_role' instead.
2026-05-12 12:34:06.319 10 INFO neutron.db.ovn_revision_numbers_db [req-c9275b8f-31f1-4bcf-848c-95692cd58d4c req-dda8e79e-7248-41fa-a2c1-92aca12c2532 7620a9a587904b0bb3c171728ee8cc88 b6cd003317d545479b2192ce7d3284ab - - default default] Successfully bumped revision number for resource f0f8bb8e-0722-439a-adb5-7bffa5b99909 (type: security_group_rules) to 0
2026-05-12 12:34:06.374 10 INFO neutron.wsgi [req-c9275b8f-31f1-4bcf-848c-95692cd58d4c req-dda8e79e-7248-41fa-a2c1-92aca12c2532 7620a9a587904b0bb3c171728ee8cc88 b6cd003317d545479b2192ce7d3284ab - - default default] 10.0.0.175 "POST /v2.0/security-groups HTTP/1.1" status: 201 len: 1823 time: 0.5850282
2026-05-12 12:34:06.442 10 INFO neutron.db.ovn_revision_numbers_db [None req-8479162a-4c9b-46bb-adc0-825076a643b3 - - - - - -] Successfully bumped revision number for resource e2f7b32d-e91d-4040-a593-bacc5474c5f2 (type: ports) to 2
2026-05-12 12:34:06.538 10 INFO neutron.db.ovn_revision_numbers_db [None req-908fc67f-1cf6-4841-a6af-41a0510d714b - - - - - -] Successfully bumped revision number for resource d85aaabf-4d43-4d89-b3e0-680fac6dab4b (type: router_ports) to 3
2026-05-12 12:34:06.595 10 INFO neutron.wsgi [req-b3ea680e-900f-4bd6-ba17-f5188b44127c req-9f07577e-4753-43a2-98d4-6d1dfdc0d231 7a4ed342fa0840518b69f59947afba29 fe92eb34dcf04efc9a7da4b4e38072ef - - default default] 10.0.0.175 "GET /v2.0/security-groups?name=tempest-securitygroup--883860528&fields=id&tenant_id=fe92eb34dcf04efc9a7da4b4e38072ef HTTP/1.1" status: 200 len: 267 time: 0.1329145
2026-05-12 12:34:06.659 10 INFO neutron.db.ovn_revision_numbers_db [None req-f9c12975-7cff-4da4-885e-501b0b9a1b51 2ce7e2edef364c42b06cdf2bc98b66f0 6dbdf5d786b74831b82d34a23f4ace84 - - default default] Successfully bumped revision number for resource 922a3e99-eae7-4f6d-b66a-6403fc69a499 (type: router_ports) to 1
2026-05-12 12:34:06.843 10 INFO neutron.db.ovn_revision_numbers_db [None req-8479162a-4c9b-46bb-adc0-825076a643b3 - - - - - -] Successfully bumped revision number for resource e2f7b32d-e91d-4040-a593-bacc5474c5f2 (type: router_ports) to 2
2026-05-12 12:34:06.908 10 INFO neutron.db.ovn_revision_numbers_db [req-92b439c2-2e71-4dbc-9190-a6b0331d8ddb req-1566fc89-9aa6-4e36-bed8-b4fe53d27c85 f63a9886297f48ffbd0adb8cb0f50594 400bbd97f9174180aba4266b7a2acf5d - - default default] Successfully bumped revision number for resource 77743240-f2e6-41bc-ab2b-34821c9c3af5 (type: security_group_rules) to 0
2026-05-12 12:34:06.918 10 INFO neutron.wsgi [req-b3ea680e-900f-4bd6-ba17-f5188b44127c req-e0eb36e3-dd7f-4e41-baa7-d0ea85c6b355 7a4ed342fa0840518b69f59947afba29 fe92eb34dcf04efc9a7da4b4e38072ef - - default default] 10.0.0.175 "GET /v2.0/networks?id=4ff5938b-76fa-463f-833a-e23fe8b7de2f HTTP/1.1" status: 200 len: 874 time: 0.3105459
2026-05-12 12:34:06.971 10 INFO neutron.wsgi [req-b3ea680e-900f-4bd6-ba17-f5188b44127c req-04f345b7-e676-48a2-9d51-22eb7b197de1 7a4ed342fa0840518b69f59947afba29 fe92eb34dcf04efc9a7da4b4e38072ef - - default default] 10.0.0.175 "GET /v2.0/quotas/fe92eb34dcf04efc9a7da4b4e38072ef HTTP/1.1" status: 200 len: 386 time: 0.0312655
2026-05-12 12:34:06.978 10 INFO neutron.wsgi [req-92b439c2-2e71-4dbc-9190-a6b0331d8ddb req-1566fc89-9aa6-4e36-bed8-b4fe53d27c85 f63a9886297f48ffbd0adb8cb0f50594 400bbd97f9174180aba4266b7a2acf5d - - default default] 10.0.0.175 "POST /v2.0/security-group-rules HTTP/1.1" status: 201 len: 786 time: 0.7379985
2026-05-12 12:34:07.023 10 WARNING neutron_lib.context [req-7b088027-80b8-4253-ab74-a52637e46c45 req-304d192b-64a1-4419-bb11-a5d591042081 7620a9a587904b0bb3c171728ee8cc88 b6cd003317d545479b2192ce7d3284ab - - default default] Method 'is_advsvc' is deprecated since 2023.2 release (neutron-lib 3.8.0) and will be removed once support for the old RBAC API policies will be removed from Neutron. Please use method 'is_service_role' instead.
2026-05-12 12:34:07.073 10 INFO neutron.db.ovn_revision_numbers_db [None req-908fc67f-1cf6-4841-a6af-41a0510d714b - - - - - -] Successfully bumped revision number for resource d85aaabf-4d43-4d89-b3e0-680fac6dab4b (type: ports) to 2
2026-05-12 12:34:07.160 10 INFO neutron.wsgi [req-b3ea680e-900f-4bd6-ba17-f5188b44127c req-ca84f598-eed3-47c0-96c8-672f3f1784bd 7a4ed342fa0840518b69f59947afba29 fe92eb34dcf04efc9a7da4b4e38072ef - - default default] 10.0.0.175 "GET /v2.0/ports?tenant_id=fe92eb34dcf04efc9a7da4b4e38072ef&fields=id HTTP/1.1" status: 200 len: 302 time: 0.1711624
2026-05-12 12:34:07.173 10 INFO neutron.db.ovn_revision_numbers_db [None req-f9c12975-7cff-4da4-885e-501b0b9a1b51 2ce7e2edef364c42b06cdf2bc98b66f0 6dbdf5d786b74831b82d34a23f4ace84 - - default default] Successfully bumped revision number for resource 922a3e99-eae7-4f6d-b66a-6403fc69a499 (type: ports) to 1
2026-05-12 12:34:07.312 10 INFO neutron.db.ovn_revision_numbers_db [req-7b088027-80b8-4253-ab74-a52637e46c45 req-304d192b-64a1-4419-bb11-a5d591042081 7620a9a587904b0bb3c171728ee8cc88 b6cd003317d545479b2192ce7d3284ab - - default default] Successfully bumped revision number for resource bb117b23-c883-4d2b-8097-d90c781c275e (type: security_groups) to 1
2026-05-12 12:34:07.325 10 WARNING neutron.scheduler.dhcp_agent_scheduler [None req-f9c12975-7cff-4da4-885e-501b0b9a1b51 2ce7e2edef364c42b06cdf2bc98b66f0 6dbdf5d786b74831b82d34a23f4ace84 - - default default] No more DHCP agents
2026-05-12 12:34:07.328 10 WARNING neutron.api.rpc.agentnotifiers.dhcp_rpc_agent_api [None req-f9c12975-7cff-4da4-885e-501b0b9a1b51 2ce7e2edef364c42b06cdf2bc98b66f0 6dbdf5d786b74831b82d34a23f4ace84 - - default default] Unable to schedule network f6836c0d-110b-4caf-919e-a3591d0662c6: no agents available; will retry on subsequent port and subnet creation events.
2026-05-12 12:34:07.333 10 INFO neutron.db.ovn_revision_numbers_db [req-7b088027-80b8-4253-ab74-a52637e46c45 req-304d192b-64a1-4419-bb11-a5d591042081 7620a9a587904b0bb3c171728ee8cc88 b6cd003317d545479b2192ce7d3284ab - - default default] Successfully bumped revision number for resource 5104b18b-75fa-476c-9291-7db81b06e07c (type: security_group_rules) to 0
2026-05-12 12:34:07.366 10 INFO neutron.db.ovn_revision_numbers_db [req-7b088027-80b8-4253-ab74-a52637e46c45 req-304d192b-64a1-4419-bb11-a5d591042081 7620a9a587904b0bb3c171728ee8cc88 b6cd003317d545479b2192ce7d3284ab - - default default] Successfully bumped revision number for resource c476aeb5-1e19-46e2-ba5d-dfac58d0088a (type: security_group_rules) to 0
2026-05-12 12:34:07.402 10 INFO neutron.wsgi [req-7b088027-80b8-4253-ab74-a52637e46c45 req-304d192b-64a1-4419-bb11-a5d591042081 7620a9a587904b0bb3c171728ee8cc88 b6cd003317d545479b2192ce7d3284ab - - default default] 10.0.0.175 "POST /v2.0/security-groups HTTP/1.1" status: 201 len: 1821 time: 0.4019074
2026-05-12 12:34:07.441 10 WARNING neutron_lib.context [req-97a44f65-c2e4-4a2e-91bb-40c7fd43b538 req-ec44f1aa-1a9f-4d2c-86aa-2959fd262558 f63a9886297f48ffbd0adb8cb0f50594 400bbd97f9174180aba4266b7a2acf5d - - default default] Method 'is_advsvc' is deprecated since 2023.2 release (neutron-lib 3.8.0) and will be removed once support for the old RBAC API policies will be removed from Neutron. Please use method 'is_service_role' instead.
2026-05-12 12:34:07.595 10 INFO neutron.db.ovn_revision_numbers_db [None req-908fc67f-1cf6-4841-a6af-41a0510d714b - - - - - -] Successfully bumped revision number for resource d85aaabf-4d43-4d89-b3e0-680fac6dab4b (type: ports) to 4
2026-05-12 12:34:07.606 10 INFO neutron.wsgi [req-b3ea680e-900f-4bd6-ba17-f5188b44127c req-2d55c898-4fdb-4922-a081-fe67a7a45ec9 fc29be8e7ecb4bd8bc93870ac5062f04 ee2d8ddb08214e70b9fb08d141b8b884 - - 80b0a9ab3f8643c882ac358e340d6954 80b0a9ab3f8643c882ac358e340d6954] 10.0.0.175 "GET /v2.0/extensions HTTP/1.1" status: 200 len: 16980 time: 0.0575466
2026-05-12 12:34:07.717 10 INFO neutron.db.ovn_revision_numbers_db [req-97a44f65-c2e4-4a2e-91bb-40c7fd43b538 req-ec44f1aa-1a9f-4d2c-86aa-2959fd262558 f63a9886297f48ffbd0adb8cb0f50594 400bbd97f9174180aba4266b7a2acf5d - - default default] Successfully bumped revision number for resource bf5833d0-f25e-4c1c-859a-8ff48c0a790d (type: security_groups) to 1
2026-05-12 12:34:07.780 10 INFO neutron.wsgi [req-b3ea680e-900f-4bd6-ba17-f5188b44127c req-03aa93d0-dee9-4cde-bc5e-b091d9f22705 fc29be8e7ecb4bd8bc93870ac5062f04 ee2d8ddb08214e70b9fb08d141b8b884 - - 80b0a9ab3f8643c882ac358e340d6954 80b0a9ab3f8643c882ac358e340d6954] 10.0.0.175 "GET /v2.0/networks/4ff5938b-76fa-463f-833a-e23fe8b7de2f?fields=segments HTTP/1.1" status: 200 len: 212 time: 0.1656439
2026-05-12 12:34:07.783 10 INFO neutron.db.ovn_revision_numbers_db [req-97a44f65-c2e4-4a2e-91bb-40c7fd43b538 req-ec44f1aa-1a9f-4d2c-86aa-2959fd262558 f63a9886297f48ffbd0adb8cb0f50594 400bbd97f9174180aba4266b7a2acf5d - - default default] Successfully bumped revision number for resource 4b09094f-ffef-41da-8fad-7e90af9fef9d (type: security_group_rules) to 0
2026-05-12 12:34:07.821 10 INFO neutron.db.ovn_revision_numbers_db [req-97a44f65-c2e4-4a2e-91bb-40c7fd43b538 req-ec44f1aa-1a9f-4d2c-86aa-2959fd262558 f63a9886297f48ffbd0adb8cb0f50594 400bbd97f9174180aba4266b7a2acf5d - - default default] Successfully bumped revision number for resource e98d5b61-27bf-4c03-b05b-66c481395bd4 (type: security_group_rules) to 0
2026-05-12 12:34:08.032 10 INFO neutron.wsgi [req-97a44f65-c2e4-4a2e-91bb-40c7fd43b538 req-ec44f1aa-1a9f-4d2c-86aa-2959fd262558 f63a9886297f48ffbd0adb8cb0f50594 400bbd97f9174180aba4266b7a2acf5d - - default default] 10.0.0.175 "POST /v2.0/security-groups HTTP/1.1" status: 201 len: 1827 time: 0.6066000
2026-05-12 12:34:08.090 10 INFO neutron.wsgi [req-b3ea680e-900f-4bd6-ba17-f5188b44127c req-373a42a1-86c6-490d-9862-38dc8a5f6a20 fc29be8e7ecb4bd8bc93870ac5062f04 ee2d8ddb08214e70b9fb08d141b8b884 - - 80b0a9ab3f8643c882ac358e340d6954 80b0a9ab3f8643c882ac358e340d6954] 10.0.0.175 "GET /v2.0/networks/4ff5938b-76fa-463f-833a-e23fe8b7de2f?fields=provider%3Aphysical_network&fields=provider%3Anetwork_type HTTP/1.1" status: 200 len: 277 time: 0.2922170
2026-05-12 12:34:08.137 10 INFO neutron.wsgi [req-24756f98-430f-4846-bc89-3fa6b0ba8a3a req-97d6b3d3-ef9a-416e-ba27-dadac23973ac 7620a9a587904b0bb3c171728ee8cc88 b6cd003317d545479b2192ce7d3284ab - - default default] 10.0.0.175 "GET /v2.0/security-groups?tenant_id=b6cd003317d545479b2192ce7d3284ab HTTP/1.1" status: 200 len: 7794 time: 0.0881402
2026-05-12 12:34:08.187 10 INFO neutron.db.ovn_revision_numbers_db [None req-908fc67f-1cf6-4841-a6af-41a0510d714b - - - - - -] Successfully bumped revision number for resource d85aaabf-4d43-4d89-b3e0-680fac6dab4b (type: router_ports) to 4
2026-05-12 12:34:08.207 10 INFO neutron.wsgi [req-24756f98-430f-4846-bc89-3fa6b0ba8a3a req-b94c63ee-7ecb-428d-a167-45136791b16c 7620a9a587904b0bb3c171728ee8cc88 b6cd003317d545479b2192ce7d3284ab - - default default] 10.0.0.175 "GET /v2.0/security-groups/fa62f0ac-d9f9-4d52-a782-6e22582024c7 HTTP/1.1" status: 200 len: 2994 time: 0.0525730
2026-05-12 12:34:08.263 10 INFO neutron.wsgi [req-24756f98-430f-4846-bc89-3fa6b0ba8a3a req-34c4916b-38fd-44d4-abd3-2be782667cdc 7620a9a587904b0bb3c171728ee8cc88 b6cd003317d545479b2192ce7d3284ab - - default default] 10.0.0.175 "GET /v2.0/security-groups/fa62f0ac-d9f9-4d52-a782-6e22582024c7 HTTP/1.1" status: 200 len: 2994 time: 0.0421879
2026-05-12 12:34:08.322 10 INFO neutron.wsgi [req-18b25c5e-2709-4c7e-9c7b-a4effdf4d91b req-13fe1434-5341-4f8b-89fb-e9ca51d53f0d f63a9886297f48ffbd0adb8cb0f50594 400bbd97f9174180aba4266b7a2acf5d - - default default] 10.0.0.175 "GET /v2.0/security-groups/bf5833d0-f25e-4c1c-859a-8ff48c0a790d HTTP/1.1" status: 200 len: 1822 time: 0.0424566
2026-05-12 12:34:08.335 10 WARNING neutron_lib.context [req-18b25c5e-2709-4c7e-9c7b-a4effdf4d91b req-d42fcc28-c4fb-4261-abc9-8255ddefb02d f63a9886297f48ffbd0adb8cb0f50594 400bbd97f9174180aba4266b7a2acf5d - - default default] Method 'is_advsvc' is deprecated since 2023.2 release (neutron-lib 3.8.0) and will be removed once support for the old RBAC API policies will be removed from Neutron. Please use method 'is_service_role' instead.
2026-05-12 12:34:08.551 10 INFO neutron.wsgi [req-2459e3d0-0ceb-47c7-bb12-c1480cd8336e req-d4ce7552-ca2f-462c-a6f5-63389ea812d8 7620a9a587904b0bb3c171728ee8cc88 b6cd003317d545479b2192ce7d3284ab - - default default] 10.0.0.175 "GET /v2.0/security-groups/464ed992-fc4f-4253-83d9-d05abcb293e3 HTTP/1.1" status: 200 len: 1817 time: 0.0643294
2026-05-12 12:34:08.588 10 INFO neutron.db.ovn_revision_numbers_db [req-18b25c5e-2709-4c7e-9c7b-a4effdf4d91b req-d42fcc28-c4fb-4261-abc9-8255ddefb02d f63a9886297f48ffbd0adb8cb0f50594 400bbd97f9174180aba4266b7a2acf5d - - default default] Successfully bumped revision number for resource bbf84cb2-a964-4ab4-a605-01ce81e3c9b2 (type: security_group_rules) to 0
2026-05-12 12:34:08.639 10 INFO neutron.wsgi [req-18b25c5e-2709-4c7e-9c7b-a4effdf4d91b req-d42fcc28-c4fb-4261-abc9-8255ddefb02d f63a9886297f48ffbd0adb8cb0f50594 400bbd97f9174180aba4266b7a2acf5d - - default default] 10.0.0.175 "POST /v2.0/security-group-rules HTTP/1.1" status: 201 len: 786 time: 0.3095891
2026-05-12 12:34:08.690 9 INFO neutron.wsgi [-] 10.0.0.208 "GET / HTTP/1.1" status: 200 len: 247 time: 0.0033629
2026-05-12 12:34:08.695 9 INFO neutron.wsgi [-] 10.0.0.208 "GET / HTTP/1.1" status: 200 len: 247 time: 0.0029662
2026-05-12 12:34:08.708 10 INFO neutron.wsgi [req-4522f000-813b-49a7-8f7b-51d2bb701c48 req-c81f6b6b-5cd6-4893-9680-8ae670986f5d 7a4ed342fa0840518b69f59947afba29 fe92eb34dcf04efc9a7da4b4e38072ef - - default default] 10.0.0.175 "GET /v2.0/ports?device_id=12258d94-4a9b-49ae-8740-9752f977a672 HTTP/1.1" status: 200 len: 210 time: 0.0376482
2026-05-12 12:34:08.751 10 INFO neutron.db.ovn_revision_numbers_db [None req-f9c12975-7cff-4da4-885e-501b0b9a1b51 2ce7e2edef364c42b06cdf2bc98b66f0 6dbdf5d786b74831b82d34a23f4ace84 - - default default] Successfully bumped revision number for resource 922a3e99-eae7-4f6d-b66a-6403fc69a499 (type: router_ports) to 1
2026-05-12 12:34:08.753 10 INFO neutron.wsgi [None req-f9c12975-7cff-4da4-885e-501b0b9a1b51 2ce7e2edef364c42b06cdf2bc98b66f0 6dbdf5d786b74831b82d34a23f4ace84 - - default default] 10.0.0.13 "PUT /v2.0/routers/803c8248-c7e5-45de-a8a0-a51a16765874/add_router_interface HTTP/1.1" status: 200 len: 503 time: 4.1177967
2026-05-12 12:34:08.784 10 INFO neutron.wsgi [req-2459e3d0-0ceb-47c7-bb12-c1480cd8336e req-4abc23ae-8213-4fbd-beed-947e95ded53f 7620a9a587904b0bb3c171728ee8cc88 b6cd003317d545479b2192ce7d3284ab - - default default] 10.0.0.175 "DELETE /v2.0/security-groups/464ed992-fc4f-4253-83d9-d05abcb293e3 HTTP/1.1" status: 204 len: 173 time: 0.2245617
2026-05-12 12:34:08.787 10 INFO neutron.wsgi [req-f8abd4f9-8f00-4af0-9f3c-be8cde33a122 req-0fc14a3d-f9b1-43d0-8095-45f3c5bad2e0 f63a9886297f48ffbd0adb8cb0f50594 400bbd97f9174180aba4266b7a2acf5d - - default default] 10.0.0.175 "GET /v2.0/security-groups/bf5833d0-f25e-4c1c-859a-8ff48c0a790d HTTP/1.1" status: 200 len: 2415 time: 0.0431535
2026-05-12 12:34:08.799 10 WARNING neutron_lib.context [req-f8abd4f9-8f00-4af0-9f3c-be8cde33a122 req-8746f874-4be9-41a3-9849-a326d8cfabef f63a9886297f48ffbd0adb8cb0f50594 400bbd97f9174180aba4266b7a2acf5d - - default default] Method 'is_advsvc' is deprecated since 2023.2 release (neutron-lib 3.8.0) and will be removed once support for the old RBAC API policies will be removed from Neutron. Please use method 'is_service_role' instead.
2026-05-12 12:34:08.822 10 INFO neutron.api.v2.resource [req-da66418c-db07-4c7e-9c19-ebeffcfe1020 req-ef1c95a2-c34b-45ff-8cd5-9d20c249360a 7620a9a587904b0bb3c171728ee8cc88 b6cd003317d545479b2192ce7d3284ab - - default default] show failed (client error): The resource could not be found.
2026-05-12 12:34:08.825 10 INFO neutron.wsgi [req-da66418c-db07-4c7e-9c19-ebeffcfe1020 req-ef1c95a2-c34b-45ff-8cd5-9d20c249360a 7620a9a587904b0bb3c171728ee8cc88 b6cd003317d545479b2192ce7d3284ab - - default default] 10.0.0.175 "GET /v2.0/security-groups/464ed992-fc4f-4253-83d9-d05abcb293e3 HTTP/1.1" status: 404 len: 352 time: 0.0205245
2026-05-12 12:34:08.899 10 INFO neutron.wsgi [req-82cbfe15-0aa4-4c4f-aea2-71d36da94c0a req-ef6cf933-c710-42ea-a493-3e4312cd26af 7620a9a587904b0bb3c171728ee8cc88 b6cd003317d545479b2192ce7d3284ab - - default default] 10.0.0.175 "GET /v2.0/security-groups/fd9c690a-191d-404c-9929-6201007bf4ac HTTP/1.1" status: 200 len: 1818 time: 0.0473711
2026-05-12 12:34:09.007 10 INFO neutron.db.ovn_revision_numbers_db [req-f8abd4f9-8f00-4af0-9f3c-be8cde33a122 req-8746f874-4be9-41a3-9849-a326d8cfabef f63a9886297f48ffbd0adb8cb0f50594 400bbd97f9174180aba4266b7a2acf5d - - default default] Successfully bumped revision number for resource 7f0ea1c1-c4a4-40fb-b37f-4754b28eb92e (type: security_group_rules) to 0
2026-05-12 12:34:09.013 9 WARNING neutron.plugins.ml2.drivers.ovn.mech_driver.ovsdb.ovn_client [None req-8908fcf6-b835-4043-84f0-6f9c6dbe4e19 - - - - - -] No hosting information found for port 65ae9b39-1cb1-4bd5-abbe-ebd699d5c484: RuntimeError: No hosting information found for port 65ae9b39-1cb1-4bd5-abbe-ebd699d5c484
2026-05-12 12:34:09.013 9 INFO neutron.plugins.ml2.drivers.ovn.mech_driver.mech_driver [None req-8908fcf6-b835-4043-84f0-6f9c6dbe4e19 - - - - - -] OVN reports status up for port: ab92aa82-ad0f-455c-9a7e-c2fac4e574a1
2026-05-12 12:34:09.021 9 INFO neutron.plugins.ml2.plugin [None req-8908fcf6-b835-4043-84f0-6f9c6dbe4e19 - - - - - -] Attempt 1 to provision port ab92aa82-ad0f-455c-9a7e-c2fac4e574a1
2026-05-12 12:34:09.038 10 INFO neutron.wsgi [req-f8abd4f9-8f00-4af0-9f3c-be8cde33a122 req-8746f874-4be9-41a3-9849-a326d8cfabef f63a9886297f48ffbd0adb8cb0f50594 400bbd97f9174180aba4266b7a2acf5d - - default default] 10.0.0.175 "POST /v2.0/security-group-rules HTTP/1.1" status: 201 len: 791 time: 0.2461181
2026-05-12 12:34:09.064 10 INFO neutron.wsgi [req-82cbfe15-0aa4-4c4f-aea2-71d36da94c0a req-a5527be0-1d0e-49d8-97e7-a2d3e2f6fdf7 7620a9a587904b0bb3c171728ee8cc88 b6cd003317d545479b2192ce7d3284ab - - default default] 10.0.0.175 "DELETE /v2.0/security-groups/fd9c690a-191d-404c-9929-6201007bf4ac HTTP/1.1" status: 204 len: 173 time: 0.1553590
2026-05-12 12:34:09.118 10 INFO neutron.api.v2.resource [req-ecb1f560-bf9b-4fd8-87f2-e4634a9418db req-c6b74c2e-fa1c-46c5-8974-78e1dc771f0f 7620a9a587904b0bb3c171728ee8cc88 b6cd003317d545479b2192ce7d3284ab - - default default] show failed (client error): The resource could not be found.
2026-05-12 12:34:09.120 10 INFO neutron.wsgi [req-ecb1f560-bf9b-4fd8-87f2-e4634a9418db req-c6b74c2e-fa1c-46c5-8974-78e1dc771f0f 7620a9a587904b0bb3c171728ee8cc88 b6cd003317d545479b2192ce7d3284ab - - default default] 10.0.0.175 "GET /v2.0/security-groups/fd9c690a-191d-404c-9929-6201007bf4ac HTTP/1.1" status: 404 len: 352 time: 0.0320954
2026-05-12 12:34:09.126 10 INFO neutron.wsgi [req-48e6b688-cb9c-4c8d-bc89-7918784eae60 req-c1cf72a4-f0cf-4067-a557-d9a6402bd757 f63a9886297f48ffbd0adb8cb0f50594 400bbd97f9174180aba4266b7a2acf5d - - default default] 10.0.0.175 "GET /v2.0/security-groups/bf5833d0-f25e-4c1c-859a-8ff48c0a790d HTTP/1.1" status: 200 len: 3013 time: 0.0607607
2026-05-12 12:34:09.205 10 INFO neutron.wsgi [req-13c1afb0-8591-4bca-900f-cc13de359f76 req-0d62ab27-9d05-4546-ad11-2a8dc360297a f63a9886297f48ffbd0adb8cb0f50594 400bbd97f9174180aba4266b7a2acf5d - - default default] 10.0.0.175 "GET /v2.0/security-group-rules/7f0ea1c1-c4a4-40fb-b37f-4754b28eb92e HTTP/1.1" status: 200 len: 783 time: 0.0470688
2026-05-12 12:34:09.226 10 INFO neutron.wsgi [req-ce1cd30b-78a9-4353-97ef-9bb5c4d38a75 req-6f8fc529-1fe2-4822-8efc-2aebc4859e06 7620a9a587904b0bb3c171728ee8cc88 b6cd003317d545479b2192ce7d3284ab - - default default] 10.0.0.175 "GET /v2.0/security-groups/bb117b23-c883-4d2b-8097-d90c781c275e HTTP/1.1" status: 200 len: 1816 time: 0.0698936
2026-05-12 12:34:09.261 10 INFO neutron.wsgi [req-13c1afb0-8591-4bca-900f-cc13de359f76 req-21616f45-943b-4c55-aeea-82b1a2145a41 f63a9886297f48ffbd0adb8cb0f50594 400bbd97f9174180aba4266b7a2acf5d - - default default] 10.0.0.175 "GET /v2.0/security-groups/bf5833d0-f25e-4c1c-859a-8ff48c0a790d HTTP/1.1" status: 200 len: 3013 time: 0.0458891
2026-05-12 12:34:09.360 9 INFO neutron.db.ovn_revision_numbers_db [None req-8908fcf6-b835-4043-84f0-6f9c6dbe4e19 - - - - - -] Successfully bumped revision number for resource ab92aa82-ad0f-455c-9a7e-c2fac4e574a1 (type: ports) to 2
2026-05-12 12:34:09.408 10 INFO neutron.wsgi [req-ce1cd30b-78a9-4353-97ef-9bb5c4d38a75 req-0fe8e2bf-fe9c-46bf-93e4-90464bb331e6 7620a9a587904b0bb3c171728ee8cc88 b6cd003317d545479b2192ce7d3284ab - - default default] 10.0.0.175 "DELETE /v2.0/security-groups/bb117b23-c883-4d2b-8097-d90c781c275e HTTP/1.1" status: 204 len: 173 time: 0.1738331
2026-05-12 12:34:09.451 10 INFO neutron.wsgi [req-13c1afb0-8591-4bca-900f-cc13de359f76 req-b0358f47-b02e-45ca-9f0e-6f864ed41726 f63a9886297f48ffbd0adb8cb0f50594 400bbd97f9174180aba4266b7a2acf5d - - default default] 10.0.0.175 "DELETE /v2.0/security-group-rules/7f0ea1c1-c4a4-40fb-b37f-4754b28eb92e HTTP/1.1" status: 204 len: 173 time: 0.1821713
2026-05-12 12:34:09.453 9 INFO neutron.db.ovn_revision_numbers_db [None req-8908fcf6-b835-4043-84f0-6f9c6dbe4e19 - - - - - -] Successfully bumped revision number for resource ab92aa82-ad0f-455c-9a7e-c2fac4e574a1 (type: router_ports) to 2
2026-05-12 12:34:09.480 10 INFO neutron.api.v2.resource [req-5df378ad-2229-4528-b16b-25fb86197689 req-efd98d43-7e19-47e2-8d72-0cf9a2a282fd 7620a9a587904b0bb3c171728ee8cc88 b6cd003317d545479b2192ce7d3284ab - - default default] show failed (client error): The resource could not be found.
2026-05-12 12:34:09.482 10 INFO neutron.wsgi [req-5df378ad-2229-4528-b16b-25fb86197689 req-efd98d43-7e19-47e2-8d72-0cf9a2a282fd 7620a9a587904b0bb3c171728ee8cc88 b6cd003317d545479b2192ce7d3284ab - - default default] 10.0.0.175 "GET /v2.0/security-groups/bb117b23-c883-4d2b-8097-d90c781c275e HTTP/1.1" status: 404 len: 352 time: 0.0169892
2026-05-12 12:34:09.537 10 INFO neutron.wsgi [req-acca2749-657a-438a-855c-c363efede30e req-a0198b30-ad0a-4653-aec0-b53e42e02ad9 f63a9886297f48ffbd0adb8cb0f50594 400bbd97f9174180aba4266b7a2acf5d - - default default] 10.0.0.175 "GET /v2.0/security-groups/bf5833d0-f25e-4c1c-859a-8ff48c0a790d HTTP/1.1" status: 200 len: 2415 time: 0.0363498
2026-05-12 12:34:09.544 9 WARNING neutron_lib.context [None req-733881e7-fae0-4e2d-9191-e13a599579e5 945f93fe992b405d98d17058495d3350 3c5f630c752f4184a037eae9f0632190 - - default default] Method 'is_advsvc' is deprecated since 2023.2 release (neutron-lib 3.8.0) and will be removed once support for the old RBAC API policies will be removed from Neutron. Please use method 'is_service_role' instead.
2026-05-12 12:34:09.597 10 INFO neutron.wsgi [req-9b1fba3c-1f9b-4477-8174-24233748257a req-b8d07b27-a053-423e-bb32-3a2b5369115d 7620a9a587904b0bb3c171728ee8cc88 b6cd003317d545479b2192ce7d3284ab - - default default] 10.0.0.175 "GET /v2.0/security-groups?tenant_id=b6cd003317d545479b2192ce7d3284ab HTTP/1.1" status: 200 len: 2997 time: 0.0517588
2026-05-12 12:34:09.652 10 INFO neutron.wsgi [req-9b1fba3c-1f9b-4477-8174-24233748257a req-92619332-caea-4d26-91e8-ca7d8e1739fc 7620a9a587904b0bb3c171728ee8cc88 b6cd003317d545479b2192ce7d3284ab - - default default] 10.0.0.175 "GET /v2.0/security-groups/fa62f0ac-d9f9-4d52-a782-6e22582024c7 HTTP/1.1" status: 200 len: 2994 time: 0.0455029
2026-05-12 12:34:09.711 9 INFO neutron.db.ovn_revision_numbers_db [None req-733881e7-fae0-4e2d-9191-e13a599579e5 945f93fe992b405d98d17058495d3350 3c5f630c752f4184a037eae9f0632190 - - default default] Successfully bumped revision number for resource 1ed8276b-99ff-41f6-b167-a519bc560bb3 (type: security_groups) to 1
2026-05-12 12:34:09.728 10 INFO neutron.wsgi [req-9b1fba3c-1f9b-4477-8174-24233748257a req-74e8691d-0c9c-4639-a76d-bfccdfff99b3 7620a9a587904b0bb3c171728ee8cc88 b6cd003317d545479b2192ce7d3284ab - - default default] 10.0.0.175 "GET /v2.0/security-groups/fa62f0ac-d9f9-4d52-a782-6e22582024c7 HTTP/1.1" status: 200 len: 2994 time: 0.0699756
2026-05-12 12:34:09.738 9 INFO neutron.db.ovn_revision_numbers_db [None req-733881e7-fae0-4e2d-9191-e13a599579e5 945f93fe992b405d98d17058495d3350 3c5f630c752f4184a037eae9f0632190 - - default default] Successfully bumped revision number for resource 1fe5ae85-c779-4f94-9559-f48731a3adb6 (type: security_group_rules) to 0
2026-05-12 12:34:09.750 10 INFO neutron.wsgi [req-acca2749-657a-438a-855c-c363efede30e req-a76592fd-8670-40e7-aa31-74abc56d5ee3 f63a9886297f48ffbd0adb8cb0f50594 400bbd97f9174180aba4266b7a2acf5d - - default default] 10.0.0.175 "DELETE /v2.0/security-groups/bf5833d0-f25e-4c1c-859a-8ff48c0a790d HTTP/1.1" status: 204 len: 173 time: 0.2030861
2026-05-12 12:34:09.758 9 INFO neutron.db.ovn_revision_numbers_db [None req-733881e7-fae0-4e2d-9191-e13a599579e5 945f93fe992b405d98d17058495d3350 3c5f630c752f4184a037eae9f0632190 - - default default] Successfully bumped revision number for resource f8671bcd-9fa9-4b4f-8e99-334f31ceec92 (type: security_group_rules) to 0
2026-05-12 12:34:09.782 10 INFO neutron.api.v2.resource [req-f70c1e14-be9e-4ae2-8e27-19baf6c6d4a7 req-adb2f5c5-3fec-4dbc-a679-c4a63e2d5fff 7620a9a587904b0bb3c171728ee8cc88 b6cd003317d545479b2192ce7d3284ab - - default default] show failed (client error): The resource could not be found.
2026-05-12 12:34:09.784 10 INFO neutron.wsgi [req-f70c1e14-be9e-4ae2-8e27-19baf6c6d4a7 req-adb2f5c5-3fec-4dbc-a679-c4a63e2d5fff 7620a9a587904b0bb3c171728ee8cc88 b6cd003317d545479b2192ce7d3284ab - - default default] 10.0.0.175 "GET /v2.0/security-groups/bb117b23-c883-4d2b-8097-d90c781c275e HTTP/1.1" status: 404 len: 352 time: 0.0256553
2026-05-12 12:34:09.796 9 INFO neutron.wsgi [None req-733881e7-fae0-4e2d-9191-e13a599579e5 945f93fe992b405d98d17058495d3350 3c5f630c752f4184a037eae9f0632190 - - default default] 10.0.0.13 "POST /v2.0/security-groups HTTP/1.1" status: 201 len: 1795 time: 0.2569571
2026-05-12 12:34:09.808 10 WARNING neutron_lib.context [None req-3ae04f8e-b371-4402-be1f-a7b81f9a106c 945f93fe992b405d98d17058495d3350 3c5f630c752f4184a037eae9f0632190 - - default default] Method 'is_advsvc' is deprecated since 2023.2 release (neutron-lib 3.8.0) and will be removed once support for the old RBAC API policies will be removed from Neutron. Please use method 'is_service_role' instead.
2026-05-12 12:34:09.891 10 INFO neutron.wsgi [req-a0653b02-b700-4be0-a064-3b6016c4b1d0 req-5f0ce704-9982-438c-806b-ffe4ca9df2d4 f63a9886297f48ffbd0adb8cb0f50594 400bbd97f9174180aba4266b7a2acf5d - - default default] 10.0.0.175 "GET /v2.0/security-groups/fde7bd96-91ce-43f6-b07f-8868c66ebbcd HTTP/1.1" status: 200 len: 2414 time: 0.0778780
2026-05-12 12:34:09.893 10 INFO neutron.wsgi [req-a6c70e1d-7029-4ef3-ad09-8140b2be9c11 req-86e3f91f-deba-4b76-93f5-3d6f87824015 7a4ed342fa0840518b69f59947afba29 fe92eb34dcf04efc9a7da4b4e38072ef - - default default] 10.0.0.175 "GET /v2.0/ports?device_id=12258d94-4a9b-49ae-8740-9752f977a672 HTTP/1.1" status: 200 len: 210 time: 0.0359135
2026-05-12 12:34:09.951 10 INFO neutron.api.v2.resource [req-8023732a-2526-40fb-990a-d608a9fd7436 req-52c0587d-3e17-480a-9d98-e6ab6b36ed94 7620a9a587904b0bb3c171728ee8cc88 b6cd003317d545479b2192ce7d3284ab - - default default] show failed (client error): The resource could not be found.
2026-05-12 12:34:09.952 10 INFO neutron.wsgi [req-8023732a-2526-40fb-990a-d608a9fd7436 req-52c0587d-3e17-480a-9d98-e6ab6b36ed94 7620a9a587904b0bb3c171728ee8cc88 b6cd003317d545479b2192ce7d3284ab - - default default] 10.0.0.175 "GET /v2.0/security-groups/fd9c690a-191d-404c-9929-6201007bf4ac HTTP/1.1" status: 404 len: 352 time: 0.0255849
2026-05-12 12:34:09.992 10 INFO neutron.api.v2.resource [req-e1a9636c-c8ad-4cb1-b2f6-2d7c0a11d818 req-86d3ca17-2326-40ee-bcd5-9369080cc975 7620a9a587904b0bb3c171728ee8cc88 b6cd003317d545479b2192ce7d3284ab - - default default] show failed (client error): The resource could not be found.
2026-05-12 12:34:09.994 10 INFO neutron.wsgi [req-e1a9636c-c8ad-4cb1-b2f6-2d7c0a11d818 req-86d3ca17-2326-40ee-bcd5-9369080cc975 7620a9a587904b0bb3c171728ee8cc88 b6cd003317d545479b2192ce7d3284ab - - default default] 10.0.0.175 "GET /v2.0/security-groups/464ed992-fc4f-4253-83d9-d05abcb293e3 HTTP/1.1" status: 404 len: 352 time: 0.0206604
2026-05-12 12:34:10.055 10 INFO neutron.db.ovn_revision_numbers_db [None req-3ae04f8e-b371-4402-be1f-a7b81f9a106c 945f93fe992b405d98d17058495d3350 3c5f630c752f4184a037eae9f0632190 - - default default] Successfully bumped revision number for resource f6ad6875-7a99-457f-9ef1-a068c06fe0e3 (type: security_group_rules) to 0
2026-05-12 12:34:10.080 10 INFO neutron.wsgi [req-a0653b02-b700-4be0-a064-3b6016c4b1d0 req-96b90d4c-14fb-4ba4-b970-88baa59f78c1 f63a9886297f48ffbd0adb8cb0f50594 400bbd97f9174180aba4266b7a2acf5d - - default default] 10.0.0.175 "DELETE /v2.0/security-groups/fde7bd96-91ce-43f6-b07f-8868c66ebbcd HTTP/1.1" status: 204 len: 173 time: 0.1797838
2026-05-12 12:34:10.100 10 INFO neutron.wsgi [None req-3ae04f8e-b371-4402-be1f-a7b81f9a106c 945f93fe992b405d98d17058495d3350 3c5f630c752f4184a037eae9f0632190 - - default default] 10.0.0.13 "POST /v2.0/security-group-rules HTTP/1.1" status: 201 len: 764 time: 0.2970107
2026-05-12 12:34:10.118 9 WARNING neutron_lib.context [None req-09e0305e-f342-4beb-98d3-989b1b0c0a83 945f93fe992b405d98d17058495d3350 3c5f630c752f4184a037eae9f0632190 - - default default] Method 'is_advsvc' is deprecated since 2023.2 release (neutron-lib 3.8.0) and will be removed once support for the old RBAC API policies will be removed from Neutron. Please use method 'is_service_role' instead.
2026-05-12 12:34:10.220 9 INFO neutron.wsgi [req-b3ea680e-900f-4bd6-ba17-f5188b44127c req-57542ff0-8953-4a35-9657-ea0b84420c3a 7a4ed342fa0840518b69f59947afba29 fe92eb34dcf04efc9a7da4b4e38072ef - - default default] 199.19.213.157 "GET /v2.0/networks?id=4ff5938b-76fa-463f-833a-e23fe8b7de2f HTTP/1.1" status: 200 len: 874 time: 0.2300212
2026-05-12 12:34:10.376 9 INFO neutron.wsgi [req-b3ea680e-900f-4bd6-ba17-f5188b44127c req-b1a4744e-3ac0-4b60-9a23-bb496a2cf674 7a4ed342fa0840518b69f59947afba29 fe92eb34dcf04efc9a7da4b4e38072ef - - default default] 199.19.213.157 "GET /v2.0/security-groups?fields=id&fields=name&tenant_id=fe92eb34dcf04efc9a7da4b4e38072ef HTTP/1.1" status: 200 len: 379 time: 0.1263316
2026-05-12 12:34:10.401 9 WARNING neutron_lib.context [req-b3ea680e-900f-4bd6-ba17-f5188b44127c req-4fe980c4-d9e2-4564-9e0c-f42777106709 7a4ed342fa0840518b69f59947afba29 fe92eb34dcf04efc9a7da4b4e38072ef - - default default] Method 'is_advsvc' is deprecated since 2023.2 release (neutron-lib 3.8.0) and will be removed once support for the old RBAC API policies will be removed from Neutron. Please use method 'is_service_role' instead.
2026-05-12 12:34:10.734 9 INFO neutron.db.ovn_revision_numbers_db [None req-09e0305e-f342-4beb-98d3-989b1b0c0a83 945f93fe992b405d98d17058495d3350 3c5f630c752f4184a037eae9f0632190 - - default default] Successfully bumped revision number for resource 281e8eaa-3880-4dfc-a8c6-7799067582ac (type: security_group_rules) to 0
2026-05-12 12:34:10.773 9 INFO neutron.wsgi [None req-09e0305e-f342-4beb-98d3-989b1b0c0a83 945f93fe992b405d98d17058495d3350 3c5f630c752f4184a037eae9f0632190 - - default default] 10.0.0.13 "POST /v2.0/security-group-rules HTTP/1.1" status: 201 len: 769 time: 0.6657691
2026-05-12 12:34:10.787 10 WARNING neutron_lib.context [None req-72c377ac-99c3-44fc-8af4-f8ef41899c11 945f93fe992b405d98d17058495d3350 3c5f630c752f4184a037eae9f0632190 - - default default] Method 'is_advsvc' is deprecated since 2023.2 release (neutron-lib 3.8.0) and will be removed once support for the old RBAC API policies will be removed from Neutron. Please use method 'is_service_role' instead.
2026-05-12 12:34:11.032 10 INFO neutron.wsgi [req-5d06c8cb-368a-4895-9f70-834e9a3e9cfd req-02f8b5e3-26a9-4f79-a44d-f0a48c2556fe 7a4ed342fa0840518b69f59947afba29 fe92eb34dcf04efc9a7da4b4e38072ef - - default default] 10.0.0.175 "GET /v2.0/ports?device_id=12258d94-4a9b-49ae-8740-9752f977a672 HTTP/1.1" status: 200 len: 210 time: 0.0334184
2026-05-12 12:34:11.131 9 WARNING neutron.scheduler.dhcp_agent_scheduler [req-b3ea680e-900f-4bd6-ba17-f5188b44127c req-4fe980c4-d9e2-4564-9e0c-f42777106709 7a4ed342fa0840518b69f59947afba29 fe92eb34dcf04efc9a7da4b4e38072ef - - default default] No more DHCP agents
2026-05-12 12:34:11.134 9 WARNING neutron.api.rpc.agentnotifiers.dhcp_rpc_agent_api [req-b3ea680e-900f-4bd6-ba17-f5188b44127c req-4fe980c4-d9e2-4564-9e0c-f42777106709 7a4ed342fa0840518b69f59947afba29 fe92eb34dcf04efc9a7da4b4e38072ef - - default default] Unable to schedule network 4ff5938b-76fa-463f-833a-e23fe8b7de2f: no agents available; will retry on subsequent port and subnet creation events.
2026-05-12 12:34:11.207 10 WARNING neutron.scheduler.dhcp_agent_scheduler [None req-72c377ac-99c3-44fc-8af4-f8ef41899c11 945f93fe992b405d98d17058495d3350 3c5f630c752f4184a037eae9f0632190 - - default default] No more DHCP agents
2026-05-12 12:34:11.219 10 WARNING neutron.api.rpc.agentnotifiers.dhcp_rpc_agent_api [None req-72c377ac-99c3-44fc-8af4-f8ef41899c11 945f93fe992b405d98d17058495d3350 3c5f630c752f4184a037eae9f0632190 - - default default] Unable to schedule network 457156cf-6ec7-4a27-af75-9a287a07bd04: no agents available; will retry on subsequent port and subnet creation events.
2026-05-12 12:34:11.319 9 INFO neutron.db.ovn_revision_numbers_db [req-b3ea680e-900f-4bd6-ba17-f5188b44127c req-4fe980c4-d9e2-4564-9e0c-f42777106709 7a4ed342fa0840518b69f59947afba29 fe92eb34dcf04efc9a7da4b4e38072ef - - default default] Successfully bumped revision number for resource 5ce5dbac-43e8-4287-8361-7fdf3be1c301 (type: ports) to 1
2026-05-12 12:34:11.352 9 INFO neutron.wsgi [req-b3ea680e-900f-4bd6-ba17-f5188b44127c req-4fe980c4-d9e2-4564-9e0c-f42777106709 7a4ed342fa0840518b69f59947afba29 fe92eb34dcf04efc9a7da4b4e38072ef - - default default] 199.19.213.157 "POST /v2.0/ports HTTP/1.1" status: 201 len: 1162 time: 0.9664340 /var/lib/openstack/lib/python3.10/site-packages/pycadf/identifier.py:71: UserWarning: Invalid uuid: neutron. To ensure interoperability, identifiers should be a valid uuid. warnings.warn(('Invalid uuid: %s. To ensure interoperability, '
2026-05-12 12:34:11.376 9 INFO neutron.wsgi [req-b3ea680e-900f-4bd6-ba17-f5188b44127c req-a170ee82-c237-4823-8faf-c40da685199d 7a4ed342fa0840518b69f59947afba29 fe92eb34dcf04efc9a7da4b4e38072ef - - default default] 199.19.213.157 "GET /v2.0/extensions HTTP/1.1" status: 200 len: 16980 time: 0.0077207
2026-05-12 12:34:11.688 10 WARNING neutron.plugins.ml2.drivers.ovn.mech_driver.ovsdb.ovn_client [None req-8479162a-4c9b-46bb-adc0-825076a643b3 - - - - - -] No hosting information found for port e2f7b32d-e91d-4040-a593-bacc5474c5f2: RuntimeError: No hosting information found for port e2f7b32d-e91d-4040-a593-bacc5474c5f2
2026-05-12 12:34:11.689 10 INFO neutron.plugins.ml2.drivers.ovn.mech_driver.mech_driver [None req-8479162a-4c9b-46bb-adc0-825076a643b3 - - - - - -] OVN reports status up for port: d85aaabf-4d43-4d89-b3e0-680fac6dab4b
2026-05-12 12:34:11.714 10 INFO neutron.plugins.ml2.plugin [None req-8479162a-4c9b-46bb-adc0-825076a643b3 - - - - - -] Attempt 1 to provision port d85aaabf-4d43-4d89-b3e0-680fac6dab4b
2026-05-12 12:34:11.967 10 INFO neutron.db.ovn_revision_numbers_db [None req-72c377ac-99c3-44fc-8af4-f8ef41899c11 945f93fe992b405d98d17058495d3350 3c5f630c752f4184a037eae9f0632190 - - default default] Successfully bumped revision number for resource bd2bc79e-0adb-4c56-9ff1-6dbc93389639 (type: floatingips) to 0
2026-05-12 12:34:11.994 10 INFO neutron.wsgi [None req-72c377ac-99c3-44fc-8af4-f8ef41899c11 945f93fe992b405d98d17058495d3350 3c5f630c752f4184a037eae9f0632190 - - default default] 10.0.0.13 "POST /v2.0/floatingips HTTP/1.1" status: 201 len: 751 time: 1.2136230
2026-05-12 12:34:12.348 9 INFO neutron.wsgi [None req-55e47c22-0062-46c6-915a-921c661d429a 2ce7e2edef364c42b06cdf2bc98b66f0 6dbdf5d786b74831b82d34a23f4ace84 - - default default] 10.0.0.13 "PUT /v2.0/routers/d4d67af4-a8ec-4cf5-b6cf-222d84de9b3c/remove_router_interface HTTP/1.1" status: 200 len: 503 time: 2.3429573 /var/lib/openstack/lib/python3.10/site-packages/pycadf/identifier.py:71: UserWarning: Invalid uuid: neutron. To ensure interoperability, identifiers should be a valid uuid. warnings.warn(('Invalid uuid: %s. To ensure interoperability, '
2026-05-12 12:34:12.385 10 INFO neutron.wsgi [None req-1083f493-0333-4fd8-a2c7-27b8145ac8ff 2ce7e2edef364c42b06cdf2bc98b66f0 6dbdf5d786b74831b82d34a23f4ace84 - - default default] 10.0.0.13 "PUT /v2.0/routers/91810003-f4ed-4445-b09d-31eb0d7f9022/remove_router_interface HTTP/1.1" status: 200 len: 503 time: 2.2946455
2026-05-12 12:34:12.405 10 INFO neutron.wsgi [req-f934bd5c-3d46-424f-a8a0-2f7a1ec1cf3d req-7f9ca9d1-1e2c-43bf-a107-c07c1103dbc2 7a4ed342fa0840518b69f59947afba29 fe92eb34dcf04efc9a7da4b4e38072ef - - default default] 10.0.0.175 "GET /v2.0/ports?device_id=12258d94-4a9b-49ae-8740-9752f977a672 HTTP/1.1" status: 200 len: 1172 time: 0.1924977 /var/lib/openstack/lib/python3.10/site-packages/pycadf/identifier.py:71: UserWarning: Invalid uuid: neutron. To ensure interoperability, identifiers should be a valid uuid. warnings.warn(('Invalid uuid: %s. To ensure interoperability, '
2026-05-12 12:34:12.474 10 INFO neutron.wsgi [req-f934bd5c-3d46-424f-a8a0-2f7a1ec1cf3d req-62378f7f-8737-4f85-b94f-967feaa47a25 7a4ed342fa0840518b69f59947afba29 fe92eb34dcf04efc9a7da4b4e38072ef - - default default] 10.0.0.175 "GET /v2.0/security-groups?id=81b5390e-4726-4ba7-a2e4-89ad9b127927&fields=id&fields=name HTTP/1.1" status: 200 len: 312 time: 0.0596545
2026-05-12 12:34:12.491 10 INFO neutron.wsgi [req-a5fbcb65-dd6f-4991-87f8-92197a1b50d6 req-8a2ee422-2d0c-46b3-a73d-52de100d7142 945f93fe992b405d98d17058495d3350 3c5f630c752f4184a037eae9f0632190 - - default default] 10.0.0.175 "GET /v2.0/security-groups?name=tempest-securitygroup--955665230&fields=id&tenant_id=3c5f630c752f4184a037eae9f0632190 HTTP/1.1" status: 200 len: 267 time: 0.0522654
2026-05-12 12:34:12.582 10 INFO neutron.wsgi [req-a5fbcb65-dd6f-4991-87f8-92197a1b50d6 req-7bedcdcb-e70f-4337-9b2a-636c4e32c886 945f93fe992b405d98d17058495d3350 3c5f630c752f4184a037eae9f0632190 - - default default] 10.0.0.175 "GET /v2.0/networks?id=f6836c0d-110b-4caf-919e-a3591d0662c6 HTTP/1.1" status: 200 len: 874 time: 0.0825057
2026-05-12 12:34:12.587 9 INFO neutron.db.ovn_revision_numbers_db [req-b3ea680e-900f-4bd6-ba17-f5188b44127c req-3998910c-2914-4e00-9bf0-f1bad56875c7 fc29be8e7ecb4bd8bc93870ac5062f04 ee2d8ddb08214e70b9fb08d141b8b884 - - 80b0a9ab3f8643c882ac358e340d6954 80b0a9ab3f8643c882ac358e340d6954] Successfully bumped revision number for resource 5ce5dbac-43e8-4287-8361-7fdf3be1c301 (type: ports) to 2
2026-05-12 12:34:12.601 10 INFO neutron.wsgi [req-a5fbcb65-dd6f-4991-87f8-92197a1b50d6 req-3a2343f8-a208-4d0a-960a-2caa3aeeb868 945f93fe992b405d98d17058495d3350 3c5f630c752f4184a037eae9f0632190 - - default default] 10.0.0.175 "GET /v2.0/quotas/3c5f630c752f4184a037eae9f0632190 HTTP/1.1" status: 200 len: 386 time: 0.0117178
2026-05-12 12:34:12.691 10 INFO neutron.wsgi [req-a5fbcb65-dd6f-4991-87f8-92197a1b50d6 req-f0e280af-46e6-4989-a9a4-f5a15aaddd17 945f93fe992b405d98d17058495d3350 3c5f630c752f4184a037eae9f0632190 - - default default] 10.0.0.175 "GET /v2.0/ports?tenant_id=3c5f630c752f4184a037eae9f0632190&fields=id HTTP/1.1" status: 200 len: 302 time: 0.0828569
2026-05-12 12:34:12.764 10 INFO neutron.wsgi [req-a5fbcb65-dd6f-4991-87f8-92197a1b50d6 req-ce1cbbb7-f8ea-42e5-bfe3-cb402ab48467 fc29be8e7ecb4bd8bc93870ac5062f04 ee2d8ddb08214e70b9fb08d141b8b884 - - 80b0a9ab3f8643c882ac358e340d6954 80b0a9ab3f8643c882ac358e340d6954] 10.0.0.175 "GET /v2.0/networks/f6836c0d-110b-4caf-919e-a3591d0662c6?fields=segments HTTP/1.1" status: 200 len: 212 time: 0.0616915
2026-05-12 12:34:12.852 10 INFO neutron.wsgi [req-a5fbcb65-dd6f-4991-87f8-92197a1b50d6 req-bee1069a-5686-4a2b-b02d-51973c95b70d fc29be8e7ecb4bd8bc93870ac5062f04 ee2d8ddb08214e70b9fb08d141b8b884 - - 80b0a9ab3f8643c882ac358e340d6954 80b0a9ab3f8643c882ac358e340d6954] 10.0.0.175 "GET /v2.0/networks/f6836c0d-110b-4caf-919e-a3591d0662c6?fields=provider%3Aphysical_network&fields=provider%3Anetwork_type HTTP/1.1" status: 200 len: 277 time: 0.0804210
2026-05-12 12:34:13.032 10 INFO neutron.wsgi [req-42aece1b-878f-46cc-aaf6-5d4eaf8176f5 req-8fb59146-a5f8-423d-b3f8-782522a579a9 945f93fe992b405d98d17058495d3350 3c5f630c752f4184a037eae9f0632190 - - default default] 10.0.0.175 "GET /v2.0/ports?device_id=3725b64b-2574-44b3-b1de-28bad702d487 HTTP/1.1" status: 200 len: 210 time: 0.0385141
2026-05-12 12:34:13.259 9 INFO neutron.db.ovn_revision_numbers_db [req-b3ea680e-900f-4bd6-ba17-f5188b44127c req-3998910c-2914-4e00-9bf0-f1bad56875c7 fc29be8e7ecb4bd8bc93870ac5062f04 ee2d8ddb08214e70b9fb08d141b8b884 - - 80b0a9ab3f8643c882ac358e340d6954 80b0a9ab3f8643c882ac358e340d6954] Successfully bumped revision number for resource 5ce5dbac-43e8-4287-8361-7fdf3be1c301 (type: ports) to 2
2026-05-12 12:34:13.285 9 INFO neutron.wsgi [req-b3ea680e-900f-4bd6-ba17-f5188b44127c req-3998910c-2914-4e00-9bf0-f1bad56875c7 fc29be8e7ecb4bd8bc93870ac5062f04 ee2d8ddb08214e70b9fb08d141b8b884 - - 80b0a9ab3f8643c882ac358e340d6954 80b0a9ab3f8643c882ac358e340d6954] 199.19.213.157 "PUT /v2.0/ports/5ce5dbac-43e8-4287-8361-7fdf3be1c301 HTTP/1.1" status: 200 len: 1380 time: 1.4703023 /var/lib/openstack/lib/python3.10/site-packages/pycadf/identifier.py:71: UserWarning: Invalid uuid: neutron. To ensure interoperability, identifiers should be a valid uuid. warnings.warn(('Invalid uuid: %s. To ensure interoperability, '
2026-05-12 12:34:13.464 9 INFO neutron.wsgi [req-b3ea680e-900f-4bd6-ba17-f5188b44127c req-5788123f-b3e9-4ff0-84ac-fec7bdb67132 fc29be8e7ecb4bd8bc93870ac5062f04 ee2d8ddb08214e70b9fb08d141b8b884 - - 80b0a9ab3f8643c882ac358e340d6954 80b0a9ab3f8643c882ac358e340d6954] 199.19.213.157 "GET /v2.0/ports?tenant_id=fe92eb34dcf04efc9a7da4b4e38072ef&device_id=12258d94-4a9b-49ae-8740-9752f977a672 HTTP/1.1" status: 200 len: 1411 time: 0.0890877
2026-05-12 12:34:13.526 9 INFO neutron.wsgi [req-b3ea680e-900f-4bd6-ba17-f5188b44127c req-e5814cbb-34c9-4dbb-93f4-fa1d037f0856 fc29be8e7ecb4bd8bc93870ac5062f04 ee2d8ddb08214e70b9fb08d141b8b884 - - 80b0a9ab3f8643c882ac358e340d6954 80b0a9ab3f8643c882ac358e340d6954] 199.19.213.157 "GET /v2.0/floatingips?fixed_ip_address=10.100.0.12&port_id=5ce5dbac-43e8-4287-8361-7fdf3be1c301 HTTP/1.1" status: 200 len: 217 time: 0.0575747
2026-05-12 12:34:13.598 9 INFO neutron.wsgi [req-b3ea680e-900f-4bd6-ba17-f5188b44127c req-84a32035-4784-49a1-b95a-f17c216d42d0 fc29be8e7ecb4bd8bc93870ac5062f04 ee2d8ddb08214e70b9fb08d141b8b884 - - 80b0a9ab3f8643c882ac358e340d6954 80b0a9ab3f8643c882ac358e340d6954] 199.19.213.157 "GET /v2.0/subnets?id=67ccfc40-caf9-43a7-a1c2-3266c4e3769e HTTP/1.1" status: 200 len: 868 time: 0.0661817
2026-05-12 12:34:13.608 10 INFO neutron.wsgi [req-8700bfb3-122e-4bd6-90fb-1c99c967a686 req-84099b24-68cc-483b-a158-4408338f8335 7a4ed342fa0840518b69f59947afba29 fe92eb34dcf04efc9a7da4b4e38072ef - - default default] 10.0.0.175 "GET /v2.0/ports?device_id=12258d94-4a9b-49ae-8740-9752f977a672 HTTP/1.1" status: 200 len: 1172 time: 0.0486257
2026-05-12 12:34:13.658 9 INFO neutron.wsgi [req-b3ea680e-900f-4bd6-ba17-f5188b44127c req-d7bc81fc-a68f-4be3-a27d-74aa658616bc fc29be8e7ecb4bd8bc93870ac5062f04 ee2d8ddb08214e70b9fb08d141b8b884 - - 80b0a9ab3f8643c882ac358e340d6954 80b0a9ab3f8643c882ac358e340d6954] 199.19.213.157 "GET /v2.0/ports?network_id=4ff5938b-76fa-463f-833a-e23fe8b7de2f&device_owner=network%3Adhcp HTTP/1.1" status: 200 len: 210 time: 0.0474510
2026-05-12 12:34:13.661 10 INFO neutron.wsgi [req-8700bfb3-122e-4bd6-90fb-1c99c967a686 req-0bcb914d-2b07-44b3-abd5-b6edbeab453e 7a4ed342fa0840518b69f59947afba29 fe92eb34dcf04efc9a7da4b4e38072ef - - default default] 10.0.0.175 "GET /v2.0/security-groups?id=81b5390e-4726-4ba7-a2e4-89ad9b127927&fields=id&fields=name HTTP/1.1" status: 200 len: 312 time: 0.0416353
