2026-05-12 12:34:59.997 9 INFO neutron.db.ovn_revision_numbers_db [None req-3356db06-eea5-4235-a5e6-722ddc7d3522 2ce7e2edef364c42b06cdf2bc98b66f0 6dbdf5d786b74831b82d34a23f4ace84 - - default default] Successfully bumped revision number for resource 3520d6eb-65d4-49eb-87ba-5f7549e6aa2e (type: security_group_rules) to 0
2026-05-12 12:35:00.017 9 INFO neutron.db.ovn_revision_numbers_db [None req-3356db06-eea5-4235-a5e6-722ddc7d3522 2ce7e2edef364c42b06cdf2bc98b66f0 6dbdf5d786b74831b82d34a23f4ace84 - - default default] Successfully bumped revision number for resource 81f5e569-2a77-44bb-ae87-bb39487f6d10 (type: security_group_rules) to 0
2026-05-12 12:35:00.037 9 INFO neutron.db.ovn_revision_numbers_db [None req-3356db06-eea5-4235-a5e6-722ddc7d3522 2ce7e2edef364c42b06cdf2bc98b66f0 6dbdf5d786b74831b82d34a23f4ace84 - - default default] Successfully bumped revision number for resource a3565b0e-8ea4-4dc0-9601-3b2b116f149b (type: security_group_rules) to 0
2026-05-12 12:35:00.068 9 INFO neutron.wsgi [None req-3356db06-eea5-4235-a5e6-722ddc7d3522 2ce7e2edef364c42b06cdf2bc98b66f0 6dbdf5d786b74831b82d34a23f4ace84 - - default default] 10.0.0.13 "GET /v2.0/security-groups?tenant_id=8a1c1de9b7014d6086bf109f9661dd06&name=default HTTP/1.1" status: 200 len: 2996 time: 0.4438555
2026-05-12 12:35:00.108 10 INFO neutron.db.ovn_revision_numbers_db [None req-f6491bc2-486d-499a-baf5-15e8a44cbf61 2ce7e2edef364c42b06cdf2bc98b66f0 6dbdf5d786b74831b82d34a23f4ace84 - - default default] Successfully bumped revision number for resource 897551bb-6548-4bf8-925c-91fbf9152bdb (type: security_groups) to 1
2026-05-12 12:35:00.125 10 INFO neutron.db.ovn_revision_numbers_db [None req-f6491bc2-486d-499a-baf5-15e8a44cbf61 2ce7e2edef364c42b06cdf2bc98b66f0 6dbdf5d786b74831b82d34a23f4ace84 - - default default] Successfully bumped revision number for resource 565b54b3-7723-4a47-8e37-3d1ed7574a64 (type: security_group_rules) to 0
2026-05-12 12:35:00.169 10 INFO neutron.db.ovn_revision_numbers_db [None req-f6491bc2-486d-499a-baf5-15e8a44cbf61 2ce7e2edef364c42b06cdf2bc98b66f0 6dbdf5d786b74831b82d34a23f4ace84 - - default default] Successfully bumped revision number for resource 6844224f-bea5-4bf2-b6a5-6d58edae837f (type: security_group_rules) to 0
2026-05-12 12:35:00.193 10 INFO neutron.db.ovn_revision_numbers_db [None req-f6491bc2-486d-499a-baf5-15e8a44cbf61 2ce7e2edef364c42b06cdf2bc98b66f0 6dbdf5d786b74831b82d34a23f4ace84 - - default default] Successfully bumped revision number for resource b5e87de3-d7b7-40e5-b57d-40572e0c0bdd (type: security_group_rules) to 0
2026-05-12 12:35:00.214 10 INFO neutron.db.ovn_revision_numbers_db [None req-f6491bc2-486d-499a-baf5-15e8a44cbf61 2ce7e2edef364c42b06cdf2bc98b66f0 6dbdf5d786b74831b82d34a23f4ace84 - - default default] Successfully bumped revision number for resource e185ae3e-17c4-4fb9-acae-c301b1436c31 (type: security_group_rules) to 0
2026-05-12 12:35:00.243 10 INFO neutron.wsgi [None req-f6491bc2-486d-499a-baf5-15e8a44cbf61 2ce7e2edef364c42b06cdf2bc98b66f0 6dbdf5d786b74831b82d34a23f4ace84 - - default default] 10.0.0.13 "GET /v2.0/security-groups?tenant_id=0fc77bf010474dd6bb1139122dbc6fd7&name=default HTTP/1.1" status: 200 len: 2996 time: 0.3110962
2026-05-12 12:35:00.342 9 INFO neutron.wsgi [None req-b409f082-e279-4a14-978b-24d07923e143 2ce7e2edef364c42b06cdf2bc98b66f0 6dbdf5d786b74831b82d34a23f4ace84 - - default default] 10.0.0.13 "DELETE /v2.0/security-groups/224cb546-358a-4a97-9584-f5cf31488616 HTTP/1.1" status: 204 len: 168 time: 0.2692585
2026-05-12 12:35:00.502 9 INFO neutron.wsgi [None req-50aa7c2e-2b2b-4927-9132-afc6a62d242c 2ce7e2edef364c42b06cdf2bc98b66f0 6dbdf5d786b74831b82d34a23f4ace84 - - default default] 10.0.0.13 "DELETE /v2.0/security-groups/897551bb-6548-4bf8-925c-91fbf9152bdb HTTP/1.1" status: 204 len: 168 time: 0.2533698
2026-05-12 12:35:00.577 10 INFO neutron.notifiers.nova [-] Nova event matching ['req-6eef839a-51e1-4f33-9a50-f10433e85377'] response: {'server_uuid': '12258d94-4a9b-49ae-8740-9752f977a672', 'name': 'network-vif-plugged', 'status': 'completed', 'tag': '5ce5dbac-43e8-4287-8361-7fdf3be1c301', 'code': 200}
2026-05-12 12:35:00.577 10 INFO neutron.notifiers.nova [-] Nova event matching ['req-6eef839a-51e1-4f33-9a50-f10433e85377'] response: {'server_uuid': '12258d94-4a9b-49ae-8740-9752f977a672', 'name': 'network-vif-deleted', 'tag': '5ce5dbac-43e8-4287-8361-7fdf3be1c301', 'status': 'completed', 'code': 200}
2026-05-12 12:35:00.785 10 INFO neutron.db.ovn_revision_numbers_db [None req-a610570e-5d5f-49cf-b98c-43099f7bdfe1 2ce7e2edef364c42b06cdf2bc98b66f0 6dbdf5d786b74831b82d34a23f4ace84 - - default default] Successfully bumped revision number for resource 9b10e900-c1f9-425d-ae58-f4c23a790ea6 (type: security_groups) to 1
2026-05-12 12:35:00.820 10 INFO neutron.db.ovn_revision_numbers_db [None req-a610570e-5d5f-49cf-b98c-43099f7bdfe1 2ce7e2edef364c42b06cdf2bc98b66f0 6dbdf5d786b74831b82d34a23f4ace84 - - default default] Successfully bumped revision number for resource 3f8f6336-4203-4951-a59c-b38bf05b65a6 (type: security_group_rules) to 0
2026-05-12 12:35:00.856 10 INFO neutron.db.ovn_revision_numbers_db [None req-a610570e-5d5f-49cf-b98c-43099f7bdfe1 2ce7e2edef364c42b06cdf2bc98b66f0 6dbdf5d786b74831b82d34a23f4ace84 - - default default] Successfully bumped revision number for resource 5684f284-4ede-447c-be57-6b64a246e1b9 (type: security_group_rules) to 0
2026-05-12 12:35:00.866 9 INFO neutron.wsgi [None req-df829b11-9c4a-4241-9fdf-f3a57855cc78 7a4ed342fa0840518b69f59947afba29 fe92eb34dcf04efc9a7da4b4e38072ef - - default default] 10.0.0.13 "DELETE /v2.0/security-groups/81b5390e-4726-4ba7-a2e4-89ad9b127927 HTTP/1.1" status: 204 len: 168 time: 0.1195121
2026-05-12 12:35:00.877 10 INFO neutron.db.ovn_revision_numbers_db [None req-a610570e-5d5f-49cf-b98c-43099f7bdfe1 2ce7e2edef364c42b06cdf2bc98b66f0 6dbdf5d786b74831b82d34a23f4ace84 - - default default] Successfully bumped revision number for resource 874fde64-5bb4-44a4-8557-0d7305a52d43 (type: security_group_rules) to 0
2026-05-12 12:35:00.889 9 INFO neutron.api.v2.resource [None req-71a3c9b1-5fb8-4550-a7b2-2ba669ee969c 7a4ed342fa0840518b69f59947afba29 fe92eb34dcf04efc9a7da4b4e38072ef - - default default] show failed (client error): The resource could not be found.
2026-05-12 12:35:00.890 9 INFO neutron.wsgi [None req-71a3c9b1-5fb8-4550-a7b2-2ba669ee969c 7a4ed342fa0840518b69f59947afba29 fe92eb34dcf04efc9a7da4b4e38072ef - - default default] 10.0.0.13 "GET /v2.0/security-groups/81b5390e-4726-4ba7-a2e4-89ad9b127927 HTTP/1.1" status: 404 len: 347 time: 0.0141652
2026-05-12 12:35:00.899 10 INFO neutron.db.ovn_revision_numbers_db [None req-a610570e-5d5f-49cf-b98c-43099f7bdfe1 2ce7e2edef364c42b06cdf2bc98b66f0 6dbdf5d786b74831b82d34a23f4ace84 - - default default] Successfully bumped revision number for resource a9f6e8b3-14f5-4568-81e9-11a9aff58abc (type: security_group_rules) to 0
2026-05-12 12:35:00.905 10 INFO neutron.wsgi [None req-e96816fb-23a6-4ee7-aaee-c6e3f7097343 2ce7e2edef364c42b06cdf2bc98b66f0 6dbdf5d786b74831b82d34a23f4ace84 - - default default] 10.0.0.13 "DELETE /v2.0/routers/7492d5b8-1390-4146-8beb-e6b0953d2a58 HTTP/1.1" status: 204 len: 168 time: 1.0633388
2026-05-12 12:35:00.923 10 INFO neutron.wsgi [None req-a610570e-5d5f-49cf-b98c-43099f7bdfe1 2ce7e2edef364c42b06cdf2bc98b66f0 6dbdf5d786b74831b82d34a23f4ace84 - - default default] 10.0.0.13 "GET /v2.0/security-groups?tenant_id=b126d4f7dabc49c2a083c2085063b3f4&name=default HTTP/1.1" status: 200 len: 2996 time: 0.3629138
2026-05-12 12:35:01.219 10 INFO neutron.wsgi [None req-617878f1-9c57-47b3-9d06-6145f9428d80 2ce7e2edef364c42b06cdf2bc98b66f0 6dbdf5d786b74831b82d34a23f4ace84 - - default default] 10.0.0.13 "DELETE /v2.0/security-groups/9b10e900-c1f9-425d-ae58-f4c23a790ea6 HTTP/1.1" status: 204 len: 168 time: 0.2919545
2026-05-12 12:35:01.241 9 INFO neutron.wsgi [None req-7bb2782f-ffc8-4fd4-9b60-8485cd5a269f 2ce7e2edef364c42b06cdf2bc98b66f0 6dbdf5d786b74831b82d34a23f4ace84 - - default default] 10.0.0.13 "DELETE /v2.0/subnets/38771d7e-68f4-4d5c-b16a-439d54d2cca6 HTTP/1.1" status: 204 len: 168 time: 0.3307106
2026-05-12 12:35:01.498 9 INFO neutron.wsgi [None req-5f2eec36-54be-4a8d-9b57-5c28947bc7b1 7a4ed342fa0840518b69f59947afba29 fe92eb34dcf04efc9a7da4b4e38072ef - - default default] 10.0.0.13 "DELETE /v2.0/floatingips/ad7a17f7-b86b-4c66-9b0e-ae88708d6f79 HTTP/1.1" status: 204 len: 168 time: 0.5981340
2026-05-12 12:35:01.993 9 INFO neutron.services.segments.plugin [-] Segment ab30881b-171b-4016-9b32-43b1fe0bcd53 resource provider aggregate not found
2026-05-12 12:35:01.998 9 INFO neutron.services.segments.plugin [-] Segment ab30881b-171b-4016-9b32-43b1fe0bcd53 resource provider aggregate not found
2026-05-12 12:35:02.020 9 INFO neutron.services.segments.plugin [-] Segment ab30881b-171b-4016-9b32-43b1fe0bcd53 resource provider not found; error: Placement Client Error (4xx): {"errors": [{"status": 404, "title": "Not Found", "detail": "The resource could not be found.\n\n No resource provider with uuid ab30881b-171b-4016-9b32-43b1fe0bcd53 found for delete ", "request_id": "req-9e22d87c-bd9d-4b14-9c4f-385e38ce2eeb"}]}
2026-05-12 12:35:02.021 9 INFO neutron.services.segments.plugin [-] Segment ab30881b-171b-4016-9b32-43b1fe0bcd53 resource provider not found; error: Placement Client Error (4xx): {"errors": [{"status": 404, "title": "Not Found", "detail": "The resource could not be found.\n\n No resource provider with uuid ab30881b-171b-4016-9b32-43b1fe0bcd53 found for delete ", "request_id": "req-65a6dfbe-e74f-47aa-b664-9f533c342bb0"}]}
2026-05-12 12:35:02.051 9 INFO neutron.wsgi [None req-203474a2-c654-445c-b13a-53972d021322 2ce7e2edef364c42b06cdf2bc98b66f0 6dbdf5d786b74831b82d34a23f4ace84 - - default default] 10.0.0.13 "DELETE /v2.0/networks/975da132-9e0e-4df2-9204-59a074921f23 HTTP/1.1" status: 204 len: 168 time: 0.8056619
2026-05-12 12:35:02.291 10 INFO neutron.wsgi [None req-8a262d00-2877-4d65-b048-2381b901c9de 2ce7e2edef364c42b06cdf2bc98b66f0 6dbdf5d786b74831b82d34a23f4ace84 - - default default] 10.0.0.13 "GET /v2.0/security-groups?tenant_id=08d973b8054f4cdc912b0a812ffc3383&name=default HTTP/1.1" status: 200 len: 2996 time: 0.0358319
2026-05-12 12:35:02.604 9 INFO neutron.wsgi [None req-f079709a-7a9d-4dcd-a8e7-e64968a9db48 2ce7e2edef364c42b06cdf2bc98b66f0 6dbdf5d786b74831b82d34a23f4ace84 - - default default] 10.0.0.13 "DELETE /v2.0/security-groups/3248eae7-be1d-40dc-b77b-e76f6cb301d4 HTTP/1.1" status: 204 len: 168 time: 0.3044186
2026-05-12 12:35:02.853 9 INFO neutron.wsgi [None req-e46f76fb-a830-41ed-8160-85d27cd9f86a 2ce7e2edef364c42b06cdf2bc98b66f0 6dbdf5d786b74831b82d34a23f4ace84 - - default default] 10.0.0.13 "PUT /v2.0/routers/e46307ca-5076-473c-8cf7-6109361a4ffc/remove_router_interface HTTP/1.1" status: 200 len: 503 time: 1.3483231 /var/lib/openstack/lib/python3.10/site-packages/pycadf/identifier.py:71: UserWarning: Invalid uuid: neutron. To ensure interoperability, identifiers should be a valid uuid. warnings.warn(('Invalid uuid: %s. To ensure interoperability, '
2026-05-12 12:35:03.523 9 INFO neutron.db.ovn_revision_numbers_db [None req-3b889f77-ce9f-4259-b0eb-3cadef9a0bdf 2ce7e2edef364c42b06cdf2bc98b66f0 6dbdf5d786b74831b82d34a23f4ace84 - - default default] Successfully bumped revision number for resource 540b7ad3-709b-47eb-9593-80675fd43970 (type: security_groups) to 1
2026-05-12 12:35:03.546 9 INFO neutron.db.ovn_revision_numbers_db [None req-3b889f77-ce9f-4259-b0eb-3cadef9a0bdf 2ce7e2edef364c42b06cdf2bc98b66f0 6dbdf5d786b74831b82d34a23f4ace84 - - default default] Successfully bumped revision number for resource 0a8380b5-ec7e-4593-8b24-6fa283aec544 (type: security_group_rules) to 0
2026-05-12 12:35:03.571 9 INFO neutron.db.ovn_revision_numbers_db [None req-3b889f77-ce9f-4259-b0eb-3cadef9a0bdf 2ce7e2edef364c42b06cdf2bc98b66f0 6dbdf5d786b74831b82d34a23f4ace84 - - default default] Successfully bumped revision number for resource 7fa7fdf6-cdd0-43e8-9e89-4701ff4e8ddf (type: security_group_rules) to 0
2026-05-12 12:35:03.599 9 INFO neutron.db.ovn_revision_numbers_db [None req-3b889f77-ce9f-4259-b0eb-3cadef9a0bdf 2ce7e2edef364c42b06cdf2bc98b66f0 6dbdf5d786b74831b82d34a23f4ace84 - - default default] Successfully bumped revision number for resource 901593cb-f14d-4207-8c4b-02f45b47cd18 (type: security_group_rules) to 0
2026-05-12 12:35:03.619 9 INFO neutron.db.ovn_revision_numbers_db [None req-3b889f77-ce9f-4259-b0eb-3cadef9a0bdf 2ce7e2edef364c42b06cdf2bc98b66f0 6dbdf5d786b74831b82d34a23f4ace84 - - default default] Successfully bumped revision number for resource eaba2f2e-8061-4326-904a-7f1698157b5e (type: security_group_rules) to 0
2026-05-12 12:35:03.644 9 INFO neutron.wsgi [None req-3b889f77-ce9f-4259-b0eb-3cadef9a0bdf 2ce7e2edef364c42b06cdf2bc98b66f0 6dbdf5d786b74831b82d34a23f4ace84 - - default default] 10.0.0.13 "GET /v2.0/security-groups?tenant_id=918434da9a02470da84e6333c8ec28d8&name=default HTTP/1.1" status: 200 len: 2996 time: 0.5327578
2026-05-12 12:35:03.935 9 INFO neutron.wsgi [None req-74426a82-bd17-48d4-ae33-42f30adcbb34 2ce7e2edef364c42b06cdf2bc98b66f0 6dbdf5d786b74831b82d34a23f4ace84 - - default default] 10.0.0.13 "DELETE /v2.0/routers/e46307ca-5076-473c-8cf7-6109361a4ffc HTTP/1.1" status: 204 len: 168 time: 1.0754437
2026-05-12 12:35:03.954 10 INFO neutron.wsgi [None req-754604c3-877c-4764-aa9e-b4c057cf0a8d 2ce7e2edef364c42b06cdf2bc98b66f0 6dbdf5d786b74831b82d34a23f4ace84 - - default default] 10.0.0.13 "DELETE /v2.0/security-groups/540b7ad3-709b-47eb-9593-80675fd43970 HTTP/1.1" status: 204 len: 168 time: 0.3041010
2026-05-12 12:35:04.184 9 INFO neutron.wsgi [None req-5730fbb5-6d8f-4a24-933b-097e3360f57a 2ce7e2edef364c42b06cdf2bc98b66f0 6dbdf5d786b74831b82d34a23f4ace84 - - default default] 10.0.0.13 "DELETE /v2.0/subnets/67ccfc40-caf9-43a7-a1c2-3266c4e3769e HTTP/1.1" status: 204 len: 168 time: 0.2426980
2026-05-12 12:35:04.218 10 INFO neutron.db.ovn_revision_numbers_db [None req-1feb89d1-7b9a-49d9-b50b-dfa071fd0ea0 2ce7e2edef364c42b06cdf2bc98b66f0 6dbdf5d786b74831b82d34a23f4ace84 - - default default] Successfully bumped revision number for resource 118e6098-0bce-4396-8b6a-6bc7cd74e791 (type: security_groups) to 1
2026-05-12 12:35:04.252 10 INFO neutron.db.ovn_revision_numbers_db [None req-1feb89d1-7b9a-49d9-b50b-dfa071fd0ea0 2ce7e2edef364c42b06cdf2bc98b66f0 6dbdf5d786b74831b82d34a23f4ace84 - - default default] Successfully bumped revision number for resource 127804ba-d43f-463d-be0f-9343bb3ef5b2 (type: security_group_rules) to 0
2026-05-12 12:35:04.269 10 INFO neutron.db.ovn_revision_numbers_db [None req-1feb89d1-7b9a-49d9-b50b-dfa071fd0ea0 2ce7e2edef364c42b06cdf2bc98b66f0 6dbdf5d786b74831b82d34a23f4ace84 - - default default] Successfully bumped revision number for resource 814aaad5-d9a8-4195-bfc0-f5df9c4f149c (type: security_group_rules) to 0
2026-05-12 12:35:04.281 10 INFO neutron.db.ovn_revision_numbers_db [None req-1feb89d1-7b9a-49d9-b50b-dfa071fd0ea0 2ce7e2edef364c42b06cdf2bc98b66f0 6dbdf5d786b74831b82d34a23f4ace84 - - default default] Successfully bumped revision number for resource 917b5af8-25a2-46fd-9381-c18aa175015c (type: security_group_rules) to 0
2026-05-12 12:35:04.292 10 INFO neutron.db.ovn_revision_numbers_db [None req-1feb89d1-7b9a-49d9-b50b-dfa071fd0ea0 2ce7e2edef364c42b06cdf2bc98b66f0 6dbdf5d786b74831b82d34a23f4ace84 - - default default] Successfully bumped revision number for resource cf08d4ba-0ceb-49b8-a965-f54f0f31ed7f (type: security_group_rules) to 0
2026-05-12 12:35:04.340 10 INFO neutron.wsgi [None req-1feb89d1-7b9a-49d9-b50b-dfa071fd0ea0 2ce7e2edef364c42b06cdf2bc98b66f0 6dbdf5d786b74831b82d34a23f4ace84 - - default default] 10.0.0.13 "GET /v2.0/security-groups?tenant_id=f497cb5cb0984a74905c377d6b56edb7&name=default HTTP/1.1" status: 200 len: 2996 time: 0.6007295
2026-05-12 12:35:04.654 9 INFO neutron.services.segments.plugin [-] Segment cdda23c6-40f4-4223-8025-e4d85785bd0b resource provider aggregate not found
2026-05-12 12:35:04.659 9 INFO neutron.services.segments.plugin [-] Segment cdda23c6-40f4-4223-8025-e4d85785bd0b resource provider aggregate not found
2026-05-12 12:35:04.680 9 INFO neutron.services.segments.plugin [-] Segment cdda23c6-40f4-4223-8025-e4d85785bd0b resource provider not found; error: Placement Client Error (4xx): {"errors": [{"status": 404, "title": "Not Found", "detail": "The resource could not be found.\n\n No resource provider with uuid cdda23c6-40f4-4223-8025-e4d85785bd0b found for delete ", "request_id": "req-f0322869-741d-4597-83b8-1e5739dc2387"}]}
2026-05-12 12:35:04.683 9 INFO neutron.services.segments.plugin [-] Segment cdda23c6-40f4-4223-8025-e4d85785bd0b resource provider not found; error: Placement Client Error (4xx): {"errors": [{"status": 404, "title": "Not Found", "detail": "The resource could not be found.\n\n No resource provider with uuid cdda23c6-40f4-4223-8025-e4d85785bd0b found for delete ", "request_id": "req-50274c53-7576-4731-be21-5dc8ab354ced"}]}
2026-05-12 12:35:04.716 9 INFO neutron.wsgi [None req-770f2635-0e18-4bff-9433-27613b189dc5 2ce7e2edef364c42b06cdf2bc98b66f0 6dbdf5d786b74831b82d34a23f4ace84 - - default default] 10.0.0.13 "DELETE /v2.0/networks/4ff5938b-76fa-463f-833a-e23fe8b7de2f HTTP/1.1" status: 204 len: 168 time: 0.5258274
2026-05-12 12:35:04.735 9 INFO neutron.wsgi [None req-b6fbf21a-9b37-4a02-a298-30de410dac93 2ce7e2edef364c42b06cdf2bc98b66f0 6dbdf5d786b74831b82d34a23f4ace84 - - default default] 10.0.0.13 "DELETE /v2.0/security-groups/118e6098-0bce-4396-8b6a-6bc7cd74e791 HTTP/1.1" status: 204 len: 168 time: 0.3798113
2026-05-12 12:35:04.837 9 INFO neutron.db.ovn_revision_numbers_db [None req-e51ec8ea-d2ab-405d-9571-b0dcfec9dbfe 2ce7e2edef364c42b06cdf2bc98b66f0 6dbdf5d786b74831b82d34a23f4ace84 - - default default] Successfully bumped revision number for resource 3a52557d-e059-439b-aa2c-acde3beca69d (type: security_groups) to 1
2026-05-12 12:35:04.856 9 INFO neutron.db.ovn_revision_numbers_db [None req-e51ec8ea-d2ab-405d-9571-b0dcfec9dbfe 2ce7e2edef364c42b06cdf2bc98b66f0 6dbdf5d786b74831b82d34a23f4ace84 - - default default] Successfully bumped revision number for resource 0fc65b23-43fb-4f43-affd-dbf659a43c67 (type: security_group_rules) to 0
2026-05-12 12:35:04.884 9 INFO neutron.db.ovn_revision_numbers_db [None req-e51ec8ea-d2ab-405d-9571-b0dcfec9dbfe 2ce7e2edef364c42b06cdf2bc98b66f0 6dbdf5d786b74831b82d34a23f4ace84 - - default default] Successfully bumped revision number for resource 16d6dc28-7cba-4a07-a236-0c0dccf4f33d (type: security_group_rules) to 0
2026-05-12 12:35:04.903 9 INFO neutron.db.ovn_revision_numbers_db [None req-e51ec8ea-d2ab-405d-9571-b0dcfec9dbfe 2ce7e2edef364c42b06cdf2bc98b66f0 6dbdf5d786b74831b82d34a23f4ace84 - - default default] Successfully bumped revision number for resource 2756ea4b-381f-4143-b27c-730e5004e2be (type: security_group_rules) to 0
2026-05-12 12:35:04.914 9 INFO neutron.db.ovn_revision_numbers_db [None req-e51ec8ea-d2ab-405d-9571-b0dcfec9dbfe 2ce7e2edef364c42b06cdf2bc98b66f0 6dbdf5d786b74831b82d34a23f4ace84 - - default default] Successfully bumped revision number for resource 677c8f9c-9c25-44c0-9d38-0a8d8bbb066d (type: security_group_rules) to 0
2026-05-12 12:35:04.923 10 INFO neutron.wsgi [None req-82ab3508-b2b3-4737-96c5-c1a1b9831202 2ce7e2edef364c42b06cdf2bc98b66f0 6dbdf5d786b74831b82d34a23f4ace84 - - default default] 10.0.0.13 "GET /v2.0/security-groups?tenant_id=fe92eb34dcf04efc9a7da4b4e38072ef&name=default HTTP/1.1" status: 200 len: 2992 time: 0.0565734
2026-05-12 12:35:04.978 9 INFO neutron.db.segments_db [None req-e51ec8ea-d2ab-405d-9571-b0dcfec9dbfe 2ce7e2edef364c42b06cdf2bc98b66f0 6dbdf5d786b74831b82d34a23f4ace84 - - default default] Added segment 35c434ee-3a41-4179-8d08-86e1af31e1df of type geneve for network 9acd6ba1-e1ad-46d4-8e98-848d3ee7ee9f
2026-05-12 12:35:05.139 9 INFO neutron.db.ovn_revision_numbers_db [None req-e51ec8ea-d2ab-405d-9571-b0dcfec9dbfe 2ce7e2edef364c42b06cdf2bc98b66f0 6dbdf5d786b74831b82d34a23f4ace84 - - default default] Successfully bumped revision number for resource 9acd6ba1-e1ad-46d4-8e98-848d3ee7ee9f (type: networks) to 1
2026-05-12 12:35:05.188 10 INFO neutron.wsgi [None req-b870be9e-6e10-4766-9f1f-9c5dbd47dc74 2ce7e2edef364c42b06cdf2bc98b66f0 6dbdf5d786b74831b82d34a23f4ace84 - - default default] 10.0.0.13 "DELETE /v2.0/security-groups/c0a8a3fb-7e26-4a72-8eb5-1f1c41bb2357 HTTP/1.1" status: 204 len: 168 time: 0.2602570
2026-05-12 12:35:05.394 9 WARNING neutron.scheduler.dhcp_agent_scheduler [None req-e51ec8ea-d2ab-405d-9571-b0dcfec9dbfe 2ce7e2edef364c42b06cdf2bc98b66f0 6dbdf5d786b74831b82d34a23f4ace84 - - default default] No more DHCP agents
2026-05-12 12:35:05.402 9 WARNING neutron.api.rpc.agentnotifiers.dhcp_rpc_agent_api [None req-e51ec8ea-d2ab-405d-9571-b0dcfec9dbfe 2ce7e2edef364c42b06cdf2bc98b66f0 6dbdf5d786b74831b82d34a23f4ace84 - - default default] Unable to schedule network 9acd6ba1-e1ad-46d4-8e98-848d3ee7ee9f: no agents available; will retry on subsequent port and subnet creation events.
2026-05-12 12:35:05.505 9 INFO neutron.db.ovn_revision_numbers_db [None req-e51ec8ea-d2ab-405d-9571-b0dcfec9dbfe 2ce7e2edef364c42b06cdf2bc98b66f0 6dbdf5d786b74831b82d34a23f4ace84 - - default default] Successfully bumped revision number for resource e850da73-3a1e-4bb8-8609-ad3721eef9ed (type: ports) to 1
2026-05-12 12:35:05.548 9 INFO neutron.wsgi [None req-e51ec8ea-d2ab-405d-9571-b0dcfec9dbfe 2ce7e2edef364c42b06cdf2bc98b66f0 6dbdf5d786b74831b82d34a23f4ace84 - - default default] 10.0.0.13 "POST /v2.0/networks HTTP/1.1" status: 201 len: 940 time: 1.0131464
2026-05-12 12:35:05.749 9 WARNING neutron.scheduler.dhcp_agent_scheduler [None req-3cdb72e2-f852-4b28-9221-1ff654f554fe 2ce7e2edef364c42b06cdf2bc98b66f0 6dbdf5d786b74831b82d34a23f4ace84 - - default default] No more DHCP agents
2026-05-12 12:35:05.752 9 WARNING neutron.api.rpc.agentnotifiers.dhcp_rpc_agent_api [None req-3cdb72e2-f852-4b28-9221-1ff654f554fe 2ce7e2edef364c42b06cdf2bc98b66f0 6dbdf5d786b74831b82d34a23f4ace84 - - default default] Unable to schedule network 9acd6ba1-e1ad-46d4-8e98-848d3ee7ee9f: no agents available; will retry on subsequent port and subnet creation events.
2026-05-12 12:35:06.235 10 WARNING neutron_lib.context [None req-9c524a1c-ed0a-4981-8c23-b97fe16e69a3 6175ff37fe204956bf913284fba337b0 f8dde5758b414a8ea48bfe7cea5312f0 - - default default] Method 'is_advsvc' is deprecated since 2023.2 release (neutron-lib 3.8.0) and will be removed once support for the old RBAC API policies will be removed from Neutron. Please use method 'is_service_role' instead.
2026-05-12 12:35:06.235 10 WARNING neutron_lib.context [None req-9c524a1c-ed0a-4981-8c23-b97fe16e69a3 6175ff37fe204956bf913284fba337b0 f8dde5758b414a8ea48bfe7cea5312f0 - - default default] Method 'is_advsvc' is deprecated since 2023.2 release (neutron-lib 3.8.0) and will be removed once support for the old RBAC API policies will be removed from Neutron. Please use method 'is_service_role' instead.
2026-05-12 12:35:06.348 9 INFO neutron.db.ovn_revision_numbers_db [None req-3cdb72e2-f852-4b28-9221-1ff654f554fe 2ce7e2edef364c42b06cdf2bc98b66f0 6dbdf5d786b74831b82d34a23f4ace84 - - default default] Successfully bumped revision number for resource e850da73-3a1e-4bb8-8609-ad3721eef9ed (type: ports) to 2
2026-05-12 12:35:06.395 10 INFO neutron.db.ovn_revision_numbers_db [None req-9c524a1c-ed0a-4981-8c23-b97fe16e69a3 6175ff37fe204956bf913284fba337b0 f8dde5758b414a8ea48bfe7cea5312f0 - - default default] Successfully bumped revision number for resource ea02fbec-66d4-426f-bd13-78b2b5969e90 (type: security_groups) to 1
2026-05-12 12:35:06.398 9 INFO neutron.db.ovn_revision_numbers_db [None req-3cdb72e2-f852-4b28-9221-1ff654f554fe 2ce7e2edef364c42b06cdf2bc98b66f0 6dbdf5d786b74831b82d34a23f4ace84 - - default default] Successfully bumped revision number for resource 66b8bf14-43e1-4ab5-9710-884f10e9f152 (type: subnets) to 0
2026-05-12 12:35:06.413 10 INFO neutron.db.ovn_revision_numbers_db [None req-9c524a1c-ed0a-4981-8c23-b97fe16e69a3 6175ff37fe204956bf913284fba337b0 f8dde5758b414a8ea48bfe7cea5312f0 - - default default] Successfully bumped revision number for resource 1440a6de-68c4-40eb-a22b-07c96a018fab (type: security_group_rules) to 0
2026-05-12 12:35:06.421 9 INFO neutron.wsgi [None req-3cdb72e2-f852-4b28-9221-1ff654f554fe 2ce7e2edef364c42b06cdf2bc98b66f0 6dbdf5d786b74831b82d34a23f4ace84 - - default default] 10.0.0.13 "POST /v2.0/subnets HTTP/1.1" status: 201 len: 860 time: 0.8667383
2026-05-12 12:35:06.442 10 INFO neutron.db.ovn_revision_numbers_db [None req-9c524a1c-ed0a-4981-8c23-b97fe16e69a3 6175ff37fe204956bf913284fba337b0 f8dde5758b414a8ea48bfe7cea5312f0 - - default default] Successfully bumped revision number for resource 7b53b5a6-1812-41cf-9580-821992eac460 (type: security_group_rules) to 0
2026-05-12 12:35:06.457 10 INFO neutron.db.ovn_revision_numbers_db [None req-9c524a1c-ed0a-4981-8c23-b97fe16e69a3 6175ff37fe204956bf913284fba337b0 f8dde5758b414a8ea48bfe7cea5312f0 - - default default] Successfully bumped revision number for resource 81ea122a-e461-48f7-a495-76a8dafdd1c3 (type: security_group_rules) to 0
2026-05-12 12:35:06.479 10 INFO neutron.db.ovn_revision_numbers_db [None req-9c524a1c-ed0a-4981-8c23-b97fe16e69a3 6175ff37fe204956bf913284fba337b0 f8dde5758b414a8ea48bfe7cea5312f0 - - default default] Successfully bumped revision number for resource b9dff6c8-415d-438d-8964-71aa129359bc (type: security_group_rules) to 0
2026-05-12 12:35:06.594 10 INFO neutron.db.segments_db [None req-9c524a1c-ed0a-4981-8c23-b97fe16e69a3 6175ff37fe204956bf913284fba337b0 f8dde5758b414a8ea48bfe7cea5312f0 - - default default] Added segment 3d8be2ed-4f37-4f24-8ebc-e5c319405d7f of type geneve for network 3df1de39-5ebb-4771-96f7-8b5adad62502
2026-05-12 12:35:07.050 10 INFO neutron.db.segments_db [None req-9c524a1c-ed0a-4981-8c23-b97fe16e69a3 6175ff37fe204956bf913284fba337b0 f8dde5758b414a8ea48bfe7cea5312f0 - - default default] Added segment f4294529-cd13-47a5-ab0a-bcbb47fa9adc of type geneve for network bb835004-16c5-4ecc-92e0-f1b99f1d132c
2026-05-12 12:35:07.234 10 INFO neutron.db.ovn_revision_numbers_db [None req-9c524a1c-ed0a-4981-8c23-b97fe16e69a3 6175ff37fe204956bf913284fba337b0 f8dde5758b414a8ea48bfe7cea5312f0 - - default default] Successfully bumped revision number for resource 3df1de39-5ebb-4771-96f7-8b5adad62502 (type: networks) to 1
2026-05-12 12:35:07.297 10 WARNING neutron.scheduler.dhcp_agent_scheduler [None req-1b17ff0a-ee1a-4a18-a981-9c68426ef14b 2ce7e2edef364c42b06cdf2bc98b66f0 6dbdf5d786b74831b82d34a23f4ace84 - - default default] No more DHCP agents
2026-05-12 12:35:07.301 10 WARNING neutron.api.rpc.agentnotifiers.dhcp_rpc_agent_api [None req-1b17ff0a-ee1a-4a18-a981-9c68426ef14b 2ce7e2edef364c42b06cdf2bc98b66f0 6dbdf5d786b74831b82d34a23f4ace84 - - default default] Unable to schedule network 457156cf-6ec7-4a27-af75-9a287a07bd04: no agents available; will retry on subsequent port and subnet creation events.
2026-05-12 12:35:07.479 10 WARNING neutron.scheduler.dhcp_agent_scheduler [None req-9c524a1c-ed0a-4981-8c23-b97fe16e69a3 6175ff37fe204956bf913284fba337b0 f8dde5758b414a8ea48bfe7cea5312f0 - - default default] No more DHCP agents
2026-05-12 12:35:07.486 10 WARNING neutron.api.rpc.agentnotifiers.dhcp_rpc_agent_api [None req-9c524a1c-ed0a-4981-8c23-b97fe16e69a3 6175ff37fe204956bf913284fba337b0 f8dde5758b414a8ea48bfe7cea5312f0 - - default default] Unable to schedule network 3df1de39-5ebb-4771-96f7-8b5adad62502: no agents available; will retry on subsequent port and subnet creation events.
2026-05-12 12:35:07.549 10 INFO neutron.db.ovn_revision_numbers_db [None req-1b17ff0a-ee1a-4a18-a981-9c68426ef14b 2ce7e2edef364c42b06cdf2bc98b66f0 6dbdf5d786b74831b82d34a23f4ace84 - - default default] Successfully bumped revision number for resource 1502ee68-3794-4b5d-a82f-0187ffeb1f34 (type: ports) to 1
2026-05-12 12:35:07.598 10 INFO neutron.db.ovn_revision_numbers_db [None req-9c524a1c-ed0a-4981-8c23-b97fe16e69a3 6175ff37fe204956bf913284fba337b0 f8dde5758b414a8ea48bfe7cea5312f0 - - default default] Successfully bumped revision number for resource 3f734c7e-1e85-4498-b267-8a3a331da570 (type: ports) to 1
2026-05-12 12:35:07.731 10 INFO neutron.db.ovn_revision_numbers_db [None req-9c524a1c-ed0a-4981-8c23-b97fe16e69a3 6175ff37fe204956bf913284fba337b0 f8dde5758b414a8ea48bfe7cea5312f0 - - default default] Successfully bumped revision number for resource bb835004-16c5-4ecc-92e0-f1b99f1d132c (type: networks) to 1
2026-05-12 12:35:08.009 10 WARNING neutron.scheduler.dhcp_agent_scheduler [None req-9c524a1c-ed0a-4981-8c23-b97fe16e69a3 6175ff37fe204956bf913284fba337b0 f8dde5758b414a8ea48bfe7cea5312f0 - - default default] No more DHCP agents
2026-05-12 12:35:08.012 10 WARNING neutron.api.rpc.agentnotifiers.dhcp_rpc_agent_api [None req-9c524a1c-ed0a-4981-8c23-b97fe16e69a3 6175ff37fe204956bf913284fba337b0 f8dde5758b414a8ea48bfe7cea5312f0 - - default default] Unable to schedule network bb835004-16c5-4ecc-92e0-f1b99f1d132c: no agents available; will retry on subsequent port and subnet creation events.
2026-05-12 12:35:08.148 10 INFO neutron.db.ovn_revision_numbers_db [None req-9c524a1c-ed0a-4981-8c23-b97fe16e69a3 6175ff37fe204956bf913284fba337b0 f8dde5758b414a8ea48bfe7cea5312f0 - - default default] Successfully bumped revision number for resource 0efd58c8-9fce-48c9-8664-7e933bfee01b (type: ports) to 1
2026-05-12 12:35:08.187 10 INFO neutron.wsgi [None req-9c524a1c-ed0a-4981-8c23-b97fe16e69a3 6175ff37fe204956bf913284fba337b0 f8dde5758b414a8ea48bfe7cea5312f0 - - default default] 10.0.0.13 "POST /v2.0/networks HTTP/1.1" status: 201 len: 1443 time: 2.1321397
2026-05-12 12:35:08.283 10 INFO neutron.plugins.ml2.drivers.ovn.mech_driver.mech_driver [None req-8479162a-4c9b-46bb-adc0-825076a643b3 - - - - - -] OVN reports status up for port: 1502ee68-3794-4b5d-a82f-0187ffeb1f34
2026-05-12 12:35:08.303 9 INFO neutron.plugins.ml2.drivers.ovn.mech_driver.ovsdb.ovsdb_monitor [None req-4b8bd246-bb0c-4a81-b195-e2d82a7c5340 - - - - - -] Router b0fdb524-bcfc-4ca8-8317-fd4569693d3a is bound to host instance
2026-05-12 12:35:08.314 10 INFO neutron.plugins.ml2.plugin [None req-8479162a-4c9b-46bb-adc0-825076a643b3 - - - - - -] Attempt 1 to provision port 1502ee68-3794-4b5d-a82f-0187ffeb1f34
2026-05-12 12:35:08.329 9 INFO neutron.wsgi [None req-7f7b716f-6dab-4d5d-96df-3c4c14936a0b 6175ff37fe204956bf913284fba337b0 f8dde5758b414a8ea48bfe7cea5312f0 - - default default] 10.0.0.13 "GET /v2.0/networks HTTP/1.1" status: 200 len: 2049 time: 0.1365929
2026-05-12 12:35:08.352 10 INFO neutron.db.ovn_revision_numbers_db [None req-1b17ff0a-ee1a-4a18-a981-9c68426ef14b 2ce7e2edef364c42b06cdf2bc98b66f0 6dbdf5d786b74831b82d34a23f4ace84 - - default default] Successfully bumped revision number for resource 1502ee68-3794-4b5d-a82f-0187ffeb1f34 (type: router_ports) to 1
2026-05-12 12:35:08.430 10 INFO neutron.db.ovn_revision_numbers_db [None req-69158c09-cb61-453d-b735-abae3cc2e1d9 2ce7e2edef364c42b06cdf2bc98b66f0 6dbdf5d786b74831b82d34a23f4ace84 - - default default] Successfully bumped revision number for resource a8232047-5e42-41a0-92e6-94136f7b599d (type: security_groups) to 1
2026-05-12 12:35:08.450 10 INFO neutron.db.ovn_revision_numbers_db [None req-69158c09-cb61-453d-b735-abae3cc2e1d9 2ce7e2edef364c42b06cdf2bc98b66f0 6dbdf5d786b74831b82d34a23f4ace84 - - default default] Successfully bumped revision number for resource 6cf8186a-d3f5-4828-9fe7-7712bd99c14d (type: security_group_rules) to 0
2026-05-12 12:35:08.452 10 INFO neutron.db.ovn_revision_numbers_db [None req-1b17ff0a-ee1a-4a18-a981-9c68426ef14b 2ce7e2edef364c42b06cdf2bc98b66f0 6dbdf5d786b74831b82d34a23f4ace84 - - default default] Successfully bumped revision number for resource b0fdb524-bcfc-4ca8-8317-fd4569693d3a (type: routers) to 2
2026-05-12 12:35:08.471 10 INFO neutron.wsgi [None req-1b17ff0a-ee1a-4a18-a981-9c68426ef14b 2ce7e2edef364c42b06cdf2bc98b66f0 6dbdf5d786b74831b82d34a23f4ace84 - - default default] 10.0.0.13 "POST /v2.0/routers HTTP/1.1" status: 201 len: 871 time: 2.0376165
2026-05-12 12:35:08.472 10 INFO neutron.db.ovn_revision_numbers_db [None req-69158c09-cb61-453d-b735-abae3cc2e1d9 2ce7e2edef364c42b06cdf2bc98b66f0 6dbdf5d786b74831b82d34a23f4ace84 - - default default] Successfully bumped revision number for resource 723ddd98-6998-4a61-b200-d8316dc4815d (type: security_group_rules) to 0
2026-05-12 12:35:08.509 10 INFO neutron.db.ovn_revision_numbers_db [None req-69158c09-cb61-453d-b735-abae3cc2e1d9 2ce7e2edef364c42b06cdf2bc98b66f0 6dbdf5d786b74831b82d34a23f4ace84 - - default default] Successfully bumped revision number for resource 89e10e3a-caba-41ee-a536-0b64a2eb0183 (type: security_group_rules) to 0
2026-05-12 12:35:08.535 10 INFO neutron.db.ovn_revision_numbers_db [None req-69158c09-cb61-453d-b735-abae3cc2e1d9 2ce7e2edef364c42b06cdf2bc98b66f0 6dbdf5d786b74831b82d34a23f4ace84 - - default default] Successfully bumped revision number for resource cad230a6-a921-4fe4-ad77-0193e93a930d (type: security_group_rules) to 0
2026-05-12 12:35:08.563 10 INFO neutron.wsgi [None req-69158c09-cb61-453d-b735-abae3cc2e1d9 2ce7e2edef364c42b06cdf2bc98b66f0 6dbdf5d786b74831b82d34a23f4ace84 - - default default] 10.0.0.13 "GET /v2.0/security-groups?tenant_id=cd1b9aa09fb145f5b1b4b328972a5855&name=default HTTP/1.1" status: 200 len: 2996 time: 0.5481970
2026-05-12 12:35:08.688 10 INFO neutron.wsgi [-] 10.0.0.208 "GET / HTTP/1.1" status: 200 len: 247 time: 0.0012033
2026-05-12 12:35:08.690 10 INFO neutron.wsgi [-] 10.0.0.208 "GET / HTTP/1.1" status: 200 len: 247 time: 0.0008836
2026-05-12 12:35:08.864 10 INFO neutron.wsgi [None req-fdf84de0-a95e-44a5-996c-c50ee7fe9585 2ce7e2edef364c42b06cdf2bc98b66f0 6dbdf5d786b74831b82d34a23f4ace84 - - default default] 10.0.0.13 "DELETE /v2.0/security-groups/a8232047-5e42-41a0-92e6-94136f7b599d HTTP/1.1" status: 204 len: 168 time: 0.2936633
2026-05-12 12:35:09.003 10 WARNING neutron.scheduler.dhcp_agent_scheduler [None req-0768aa64-0aef-4841-9d60-ed6ea341fe4b 2ce7e2edef364c42b06cdf2bc98b66f0 6dbdf5d786b74831b82d34a23f4ace84 - - default default] No more DHCP agents
2026-05-12 12:35:09.006 10 WARNING neutron.api.rpc.agentnotifiers.dhcp_rpc_agent_api [None req-0768aa64-0aef-4841-9d60-ed6ea341fe4b 2ce7e2edef364c42b06cdf2bc98b66f0 6dbdf5d786b74831b82d34a23f4ace84 - - default default] Unable to schedule network 9acd6ba1-e1ad-46d4-8e98-848d3ee7ee9f: no agents available; will retry on subsequent port and subnet creation events.
2026-05-12 12:35:09.097 9 INFO neutron.services.segments.plugin [-] Segment 3d8be2ed-4f37-4f24-8ebc-e5c319405d7f resource provider aggregate not found
2026-05-12 12:35:09.101 9 INFO neutron.services.segments.plugin [-] Segment 3d8be2ed-4f37-4f24-8ebc-e5c319405d7f resource provider aggregate not found
2026-05-12 12:35:09.120 9 INFO neutron.services.segments.plugin [-] Segment 3d8be2ed-4f37-4f24-8ebc-e5c319405d7f resource provider not found; error: Placement Client Error (4xx): {"errors": [{"status": 404, "title": "Not Found", "detail": "The resource could not be found.\n\n No resource provider with uuid 3d8be2ed-4f37-4f24-8ebc-e5c319405d7f found for delete ", "request_id": "req-ca0f78f0-aa17-4090-8c34-8c8bd9c3f541"}]}
2026-05-12 12:35:09.122 9 INFO neutron.services.segments.plugin [-] Segment 3d8be2ed-4f37-4f24-8ebc-e5c319405d7f resource provider not found; error: Placement Client Error (4xx): {"errors": [{"status": 404, "title": "Not Found", "detail": "The resource could not be found.\n\n No resource provider with uuid 3d8be2ed-4f37-4f24-8ebc-e5c319405d7f found for delete ", "request_id": "req-74ffafac-54c7-468e-ba46-ce8355ed37c8"}]}
2026-05-12 12:35:09.151 9 INFO neutron.wsgi [None req-2e07bd38-1b87-4aa0-beb7-3a41a48bc815 6175ff37fe204956bf913284fba337b0 f8dde5758b414a8ea48bfe7cea5312f0 - - default default] 10.0.0.13 "DELETE /v2.0/networks/3df1de39-5ebb-4771-96f7-8b5adad62502 HTTP/1.1" status: 204 len: 168 time: 0.8116534
2026-05-12 12:35:09.194 10 INFO neutron.db.ovn_revision_numbers_db [None req-0768aa64-0aef-4841-9d60-ed6ea341fe4b 2ce7e2edef364c42b06cdf2bc98b66f0 6dbdf5d786b74831b82d34a23f4ace84 - - default default] Successfully bumped revision number for resource 0ca9ba35-b3ab-468c-98df-512fb172ff64 (type: ports) to 1
2026-05-12 12:35:09.242 9 INFO neutron.db.ovn_revision_numbers_db [None req-4b8bd246-bb0c-4a81-b195-e2d82a7c5340 - - - - - -] Successfully bumped revision number for resource 1502ee68-3794-4b5d-a82f-0187ffeb1f34 (type: ports) to 1
2026-05-12 12:35:09.466 9 INFO neutron.db.ovn_revision_numbers_db [None req-4b8bd246-bb0c-4a81-b195-e2d82a7c5340 - - - - - -] Successfully bumped revision number for resource 1502ee68-3794-4b5d-a82f-0187ffeb1f34 (type: router_ports) to 3
2026-05-12 12:35:09.621 9 INFO neutron.db.ovn_revision_numbers_db [None req-4b8bd246-bb0c-4a81-b195-e2d82a7c5340 - - - - - -] Successfully bumped revision number for resource 1502ee68-3794-4b5d-a82f-0187ffeb1f34 (type: ports) to 2
2026-05-12 12:35:09.873 10 INFO neutron.services.segments.plugin [-] Segment f4294529-cd13-47a5-ab0a-bcbb47fa9adc resource provider aggregate not found
2026-05-12 12:35:09.882 10 INFO neutron.services.segments.plugin [-] Segment f4294529-cd13-47a5-ab0a-bcbb47fa9adc resource provider aggregate not found
2026-05-12 12:35:09.898 10 INFO neutron.services.segments.plugin [-] Segment f4294529-cd13-47a5-ab0a-bcbb47fa9adc resource provider not found; error: Placement Client Error (4xx): {"errors": [{"status": 404, "title": "Not Found", "detail": "The resource could not be found.\n\n No resource provider with uuid f4294529-cd13-47a5-ab0a-bcbb47fa9adc found for delete ", "request_id": "req-66980277-56c1-469a-95d1-fbe663388791"}]}
2026-05-12 12:35:09.900 9 INFO neutron.db.ovn_revision_numbers_db [None req-4b8bd246-bb0c-4a81-b195-e2d82a7c5340 - - - - - -] Successfully bumped revision number for resource 1502ee68-3794-4b5d-a82f-0187ffeb1f34 (type: ports) to 4
2026-05-12 12:35:09.908 10 INFO neutron.services.segments.plugin [-] Segment f4294529-cd13-47a5-ab0a-bcbb47fa9adc resource provider not found; error: Placement Client Error (4xx): {"errors": [{"status": 404, "title": "Not Found", "detail": "The resource could not be found.\n\n No resource provider with uuid f4294529-cd13-47a5-ab0a-bcbb47fa9adc found for delete ", "request_id": "req-4852fd7b-9a56-4d06-b2a3-5750bb6f6867"}]}
2026-05-12 12:35:09.961 10 INFO neutron.wsgi [None req-1925f745-924f-47bc-8ab0-be2d2b45ed2d 6175ff37fe204956bf913284fba337b0 f8dde5758b414a8ea48bfe7cea5312f0 - - default default] 10.0.0.13 "DELETE /v2.0/networks/bb835004-16c5-4ecc-92e0-f1b99f1d132c HTTP/1.1" status: 204 len: 168 time: 0.8027263
2026-05-12 12:35:09.990 9 INFO neutron.plugins.ml2.drivers.ovn.mech_driver.mech_driver [None req-8908fcf6-b835-4043-84f0-6f9c6dbe4e19 - - - - - -] OVN reports status up for port: 0ca9ba35-b3ab-468c-98df-512fb172ff64
2026-05-12 12:35:10.011 9 INFO neutron.plugins.ml2.plugin [None req-8908fcf6-b835-4043-84f0-6f9c6dbe4e19 - - - - - -] Attempt 1 to provision port 0ca9ba35-b3ab-468c-98df-512fb172ff64
2026-05-12 12:35:10.059 10 INFO neutron.db.ovn_revision_numbers_db [None req-0768aa64-0aef-4841-9d60-ed6ea341fe4b 2ce7e2edef364c42b06cdf2bc98b66f0 6dbdf5d786b74831b82d34a23f4ace84 - - default default] Successfully bumped revision number for resource 0ca9ba35-b3ab-468c-98df-512fb172ff64 (type: router_ports) to 1
2026-05-12 12:35:10.079 10 INFO neutron.wsgi [None req-2adb36fd-3e6d-4aa6-a5aa-7d01777279b4 6175ff37fe204956bf913284fba337b0 f8dde5758b414a8ea48bfe7cea5312f0 - - default default] 10.0.0.13 "GET /v2.0/networks HTTP/1.1" status: 200 len: 845 time: 0.1098249
2026-05-12 12:35:10.093 10 WARNING neutron_lib.context [None req-409d6833-1ae8-4497-85a6-9cf0b5b75095 6175ff37fe204956bf913284fba337b0 f8dde5758b414a8ea48bfe7cea5312f0 - - default default] Method 'is_advsvc' is deprecated since 2023.2 release (neutron-lib 3.8.0) and will be removed once support for the old RBAC API policies will be removed from Neutron. Please use method 'is_service_role' instead.
2026-05-12 12:35:10.119 10 INFO neutron.db.ovn_revision_numbers_db [None req-f0558e95-5e32-4d72-810f-a30b9608568b 2ce7e2edef364c42b06cdf2bc98b66f0 6dbdf5d786b74831b82d34a23f4ace84 - - default default] Successfully bumped revision number for resource 96ee4dcd-2503-4f34-a9f5-37413f671031 (type: security_groups) to 1
2026-05-12 12:35:10.141 10 INFO neutron.db.ovn_revision_numbers_db [None req-f0558e95-5e32-4d72-810f-a30b9608568b 2ce7e2edef364c42b06cdf2bc98b66f0 6dbdf5d786b74831b82d34a23f4ace84 - - default default] Successfully bumped revision number for resource 06f584fd-1014-4d68-b948-d439739e8fcf (type: security_group_rules) to 0
2026-05-12 12:35:10.172 10 INFO neutron.db.ovn_revision_numbers_db [None req-f0558e95-5e32-4d72-810f-a30b9608568b 2ce7e2edef364c42b06cdf2bc98b66f0 6dbdf5d786b74831b82d34a23f4ace84 - - default default] Successfully bumped revision number for resource a1fa56c0-0fbf-486f-bdf3-2ca50d87a98a (type: security_group_rules) to 0
2026-05-12 12:35:10.184 9 INFO neutron.db.ovn_revision_numbers_db [None req-4b8bd246-bb0c-4a81-b195-e2d82a7c5340 - - - - - -] Successfully bumped revision number for resource 1502ee68-3794-4b5d-a82f-0187ffeb1f34 (type: router_ports) to 4
2026-05-12 12:35:10.192 10 INFO neutron.db.ovn_revision_numbers_db [None req-f0558e95-5e32-4d72-810f-a30b9608568b 2ce7e2edef364c42b06cdf2bc98b66f0 6dbdf5d786b74831b82d34a23f4ace84 - - default default] Successfully bumped revision number for resource a2baa604-5939-40a8-878a-5acaa3519332 (type: security_group_rules) to 0
2026-05-12 12:35:10.212 10 INFO neutron.db.segments_db [None req-409d6833-1ae8-4497-85a6-9cf0b5b75095 6175ff37fe204956bf913284fba337b0 f8dde5758b414a8ea48bfe7cea5312f0 - - default default] Added segment f0662860-fc21-47a1-bdfb-acb227ca1056 of type geneve for network 4fd76706-28b5-4cb1-a6a1-8c0b3bfe9a52
2026-05-12 12:35:10.217 10 INFO neutron.db.ovn_revision_numbers_db [None req-f0558e95-5e32-4d72-810f-a30b9608568b 2ce7e2edef364c42b06cdf2bc98b66f0 6dbdf5d786b74831b82d34a23f4ace84 - - default default] Successfully bumped revision number for resource a57467be-c6a7-4ed3-98f6-e40fb2aa63d5 (type: security_group_rules) to 0
2026-05-12 12:35:10.261 10 INFO neutron.wsgi [None req-f0558e95-5e32-4d72-810f-a30b9608568b 2ce7e2edef364c42b06cdf2bc98b66f0 6dbdf5d786b74831b82d34a23f4ace84 - - default default] 10.0.0.13 "GET /v2.0/security-groups?tenant_id=5cdc50d20fce4e759bec1c0396a72d63&name=default HTTP/1.1" status: 200 len: 2996 time: 0.7010493
2026-05-12 12:35:10.319 10 INFO neutron.db.ovn_revision_numbers_db [None req-0768aa64-0aef-4841-9d60-ed6ea341fe4b 2ce7e2edef364c42b06cdf2bc98b66f0 6dbdf5d786b74831b82d34a23f4ace84 - - default default] Successfully bumped revision number for resource 0ca9ba35-b3ab-468c-98df-512fb172ff64 (type: ports) to 1
2026-05-12 12:35:10.341 9 INFO neutron.db.ovn_revision_numbers_db [None req-8908fcf6-b835-4043-84f0-6f9c6dbe4e19 - - - - - -] Successfully bumped revision number for resource 0ca9ba35-b3ab-468c-98df-512fb172ff64 (type: ports) to 2
2026-05-12 12:35:10.418 9 INFO neutron.db.ovn_revision_numbers_db [None req-8908fcf6-b835-4043-84f0-6f9c6dbe4e19 - - - - - -] Successfully bumped revision number for resource 0ca9ba35-b3ab-468c-98df-512fb172ff64 (type: router_ports) to 2
2026-05-12 12:35:10.436 10 INFO neutron.db.ovn_revision_numbers_db [None req-409d6833-1ae8-4497-85a6-9cf0b5b75095 6175ff37fe204956bf913284fba337b0 f8dde5758b414a8ea48bfe7cea5312f0 - - default default] Successfully bumped revision number for resource 4fd76706-28b5-4cb1-a6a1-8c0b3bfe9a52 (type: networks) to 1
2026-05-12 12:35:10.475 10 WARNING neutron.scheduler.dhcp_agent_scheduler [None req-0768aa64-0aef-4841-9d60-ed6ea341fe4b 2ce7e2edef364c42b06cdf2bc98b66f0 6dbdf5d786b74831b82d34a23f4ace84 - - default default] No more DHCP agents
2026-05-12 12:35:10.478 10 WARNING neutron.api.rpc.agentnotifiers.dhcp_rpc_agent_api [None req-0768aa64-0aef-4841-9d60-ed6ea341fe4b 2ce7e2edef364c42b06cdf2bc98b66f0 6dbdf5d786b74831b82d34a23f4ace84 - - default default] Unable to schedule network 9acd6ba1-e1ad-46d4-8e98-848d3ee7ee9f: no agents available; will retry on subsequent port and subnet creation events.
2026-05-12 12:35:10.691 10 WARNING neutron.scheduler.dhcp_agent_scheduler [None req-409d6833-1ae8-4497-85a6-9cf0b5b75095 6175ff37fe204956bf913284fba337b0 f8dde5758b414a8ea48bfe7cea5312f0 - - default default] No more DHCP agents
2026-05-12 12:35:10.698 10 WARNING neutron.api.rpc.agentnotifiers.dhcp_rpc_agent_api [None req-409d6833-1ae8-4497-85a6-9cf0b5b75095 6175ff37fe204956bf913284fba337b0 f8dde5758b414a8ea48bfe7cea5312f0 - - default default] Unable to schedule network 4fd76706-28b5-4cb1-a6a1-8c0b3bfe9a52: no agents available; will retry on subsequent port and subnet creation events.
2026-05-12 12:35:10.712 10 INFO neutron.wsgi [None req-7be7b482-db9a-4115-aca7-228d834b3af7 2ce7e2edef364c42b06cdf2bc98b66f0 6dbdf5d786b74831b82d34a23f4ace84 - - default default] 10.0.0.13 "DELETE /v2.0/security-groups/96ee4dcd-2503-4f34-a9f5-37413f671031 HTTP/1.1" status: 204 len: 168 time: 0.4404249
2026-05-12 12:35:10.835 10 INFO neutron.db.ovn_revision_numbers_db [None req-409d6833-1ae8-4497-85a6-9cf0b5b75095 6175ff37fe204956bf913284fba337b0 f8dde5758b414a8ea48bfe7cea5312f0 - - default default] Successfully bumped revision number for resource 5d98d9c9-9180-4d6d-af41-f6fea4281026 (type: ports) to 1
2026-05-12 12:35:10.861 10 INFO neutron.wsgi [None req-409d6833-1ae8-4497-85a6-9cf0b5b75095 6175ff37fe204956bf913284fba337b0 f8dde5758b414a8ea48bfe7cea5312f0 - - default default] 10.0.0.13 "POST /v2.0/networks HTTP/1.1" status: 201 len: 849 time: 0.7739120
2026-05-12 12:35:10.874 10 WARNING neutron_lib.context [None req-d6e508c9-6f94-4f6e-968e-6121e38d0dd9 6175ff37fe204956bf913284fba337b0 f8dde5758b414a8ea48bfe7cea5312f0 - - default default] Method 'is_advsvc' is deprecated since 2023.2 release (neutron-lib 3.8.0) and will be removed once support for the old RBAC API policies will be removed from Neutron. Please use method 'is_service_role' instead.
2026-05-12 12:35:10.976 10 INFO neutron.db.segments_db [None req-d6e508c9-6f94-4f6e-968e-6121e38d0dd9 6175ff37fe204956bf913284fba337b0 f8dde5758b414a8ea48bfe7cea5312f0 - - default default] Added segment 6786a5d7-729f-4e17-a025-5d30670bcbd1 of type geneve for network c26e62f0-1cca-463d-9cb4-1d2673c32282
2026-05-12 12:35:11.021 10 INFO neutron.db.ovn_revision_numbers_db [None req-0768aa64-0aef-4841-9d60-ed6ea341fe4b 2ce7e2edef364c42b06cdf2bc98b66f0 6dbdf5d786b74831b82d34a23f4ace84 - - default default] Successfully bumped revision number for resource 0ca9ba35-b3ab-468c-98df-512fb172ff64 (type: router_ports) to 2
2026-05-12 12:35:11.024 10 INFO neutron.wsgi [None req-0768aa64-0aef-4841-9d60-ed6ea341fe4b 2ce7e2edef364c42b06cdf2bc98b66f0 6dbdf5d786b74831b82d34a23f4ace84 - - default default] 10.0.0.13 "PUT /v2.0/routers/b0fdb524-bcfc-4ca8-8317-fd4569693d3a/add_router_interface HTTP/1.1" status: 200 len: 503 time: 2.5459073
2026-05-12 12:35:11.140 10 INFO neutron.db.ovn_revision_numbers_db [None req-d6e508c9-6f94-4f6e-968e-6121e38d0dd9 6175ff37fe204956bf913284fba337b0 f8dde5758b414a8ea48bfe7cea5312f0 - - default default] Successfully bumped revision number for resource c26e62f0-1cca-463d-9cb4-1d2673c32282 (type: networks) to 1
2026-05-12 12:35:11.307 10 WARNING neutron.scheduler.dhcp_agent_scheduler [None req-d6e508c9-6f94-4f6e-968e-6121e38d0dd9 6175ff37fe204956bf913284fba337b0 f8dde5758b414a8ea48bfe7cea5312f0 - - default default] No more DHCP agents
2026-05-12 12:35:11.309 10 WARNING neutron.api.rpc.agentnotifiers.dhcp_rpc_agent_api [None req-d6e508c9-6f94-4f6e-968e-6121e38d0dd9 6175ff37fe204956bf913284fba337b0 f8dde5758b414a8ea48bfe7cea5312f0 - - default default] Unable to schedule network c26e62f0-1cca-463d-9cb4-1d2673c32282: no agents available; will retry on subsequent port and subnet creation events.
2026-05-12 12:35:11.398 10 INFO neutron.db.ovn_revision_numbers_db [None req-d6e508c9-6f94-4f6e-968e-6121e38d0dd9 6175ff37fe204956bf913284fba337b0 f8dde5758b414a8ea48bfe7cea5312f0 - - default default] Successfully bumped revision number for resource 98b48d5c-5e1e-4c55-bdcb-197b036b8030 (type: ports) to 1
2026-05-12 12:35:11.422 10 INFO neutron.wsgi [None req-d6e508c9-6f94-4f6e-968e-6121e38d0dd9 6175ff37fe204956bf913284fba337b0 f8dde5758b414a8ea48bfe7cea5312f0 - - default default] 10.0.0.13 "POST /v2.0/networks HTTP/1.1" status: 201 len: 849 time: 0.5550072
2026-05-12 12:35:11.437 10 WARNING neutron_lib.context [None req-6a6987ae-973d-426f-b3c1-4cf49c8372a2 6175ff37fe204956bf913284fba337b0 f8dde5758b414a8ea48bfe7cea5312f0 - - default default] Method 'is_advsvc' is deprecated since 2023.2 release (neutron-lib 3.8.0) and will be removed once support for the old RBAC API policies will be removed from Neutron. Please use method 'is_service_role' instead.
2026-05-12 12:35:11.494 10 WARNING neutron_lib.context [None req-6a6987ae-973d-426f-b3c1-4cf49c8372a2 6175ff37fe204956bf913284fba337b0 f8dde5758b414a8ea48bfe7cea5312f0 - - default default] Method 'is_advsvc' is deprecated since 2023.2 release (neutron-lib 3.8.0) and will be removed once support for the old RBAC API policies will be removed from Neutron. Please use method 'is_service_role' instead.
2026-05-12 12:35:11.745 10 WARNING neutron_lib.context [None req-c21e60fd-ae34-466d-a66b-875957c0fb70 a9231985a95d4b35b17938484a74c5e6 d685075afbb747f386da6f9c0e5d0673 - - default default] Method 'is_advsvc' is deprecated since 2023.2 release (neutron-lib 3.8.0) and will be removed once support for the old RBAC API policies will be removed from Neutron. Please use method 'is_service_role' instead.
2026-05-12 12:35:11.889 10 INFO neutron.db.ovn_revision_numbers_db [None req-c21e60fd-ae34-466d-a66b-875957c0fb70 a9231985a95d4b35b17938484a74c5e6 d685075afbb747f386da6f9c0e5d0673 - - default default] Successfully bumped revision number for resource 465efb4b-1ec2-489f-b5a3-8983958ba337 (type: security_groups) to 1
