2026-05-12 12:41:48.091 10 INFO neutron.wsgi [req-629dfcbd-4ba6-4e1c-98ff-df8c3fa89234 req-a7bfb904-95e7-44a6-b4d8-d083e971a70f fc29be8e7ecb4bd8bc93870ac5062f04 ee2d8ddb08214e70b9fb08d141b8b884 - - 80b0a9ab3f8643c882ac358e340d6954 80b0a9ab3f8643c882ac358e340d6954] 199.19.213.157 "GET /v2.0/ports?network_id=5113d37d-6292-407d-8856-677034fb7170&device_owner=network%3Adhcp HTTP/1.1" status: 200 len: 210 time: 0.0218782
2026-05-12 12:41:48.159 10 INFO neutron.wsgi [req-629dfcbd-4ba6-4e1c-98ff-df8c3fa89234 req-2f9aa6e3-e6d2-4edc-b178-83b7335e1463 fc29be8e7ecb4bd8bc93870ac5062f04 ee2d8ddb08214e70b9fb08d141b8b884 - - 80b0a9ab3f8643c882ac358e340d6954 80b0a9ab3f8643c882ac358e340d6954] 199.19.213.157 "GET /v2.0/networks/5113d37d-6292-407d-8856-677034fb7170?fields=segments HTTP/1.1" status: 200 len: 212 time: 0.0606692
2026-05-12 12:41:48.234 10 INFO neutron.wsgi [req-629dfcbd-4ba6-4e1c-98ff-df8c3fa89234 req-79ba1445-4efd-4f16-abd3-dd8a4aa83d8c fc29be8e7ecb4bd8bc93870ac5062f04 ee2d8ddb08214e70b9fb08d141b8b884 - - 80b0a9ab3f8643c882ac358e340d6954 80b0a9ab3f8643c882ac358e340d6954] 199.19.213.157 "GET /v2.0/networks/5113d37d-6292-407d-8856-677034fb7170?fields=provider%3Aphysical_network&fields=provider%3Anetwork_type HTTP/1.1" status: 200 len: 277 time: 0.0664539
2026-05-12 12:41:53.689 10 INFO neutron.wsgi [-] 10.0.0.208 "GET / HTTP/1.1" status: 200 len: 247 time: 0.0018675
2026-05-12 12:41:53.691 9 INFO neutron.wsgi [-] 10.0.0.208 "GET / HTTP/1.1" status: 200 len: 247 time: 0.0037305
2026-05-12 12:41:55.291 10 INFO neutron.wsgi [None req-e636f183-cea7-4316-8e81-4a978cfede3c 2ce7e2edef364c42b06cdf2bc98b66f0 6dbdf5d786b74831b82d34a23f4ace84 - - default default] 199.19.213.157 "GET /v2.0/extensions/security-group HTTP/1.1" status: 200 len: 369 time: 0.0087569
2026-05-12 12:41:55.303 10 INFO neutron.wsgi [None req-040e31ec-a0df-4398-a2e2-59ba5b5b25a1 2ce7e2edef364c42b06cdf2bc98b66f0 6dbdf5d786b74831b82d34a23f4ace84 - - default default] 199.19.213.157 "GET /v2.0/extensions/dns-integration HTTP/1.1" status: 200 len: 371 time: 0.0046887
2026-05-12 12:41:55.314 10 INFO neutron.wsgi [None req-25df7718-3471-4fe7-86e6-6109fe84b432 2ce7e2edef364c42b06cdf2bc98b66f0 6dbdf5d786b74831b82d34a23f4ace84 - - default default] 199.19.213.157 "GET /v2.0/extensions/qos HTTP/1.1" status: 200 len: 365 time: 0.0060236
2026-05-12 12:41:55.325 10 INFO neutron.wsgi [None req-1b51ec7e-b244-4039-8ff5-c7e268dec39b 2ce7e2edef364c42b06cdf2bc98b66f0 6dbdf5d786b74831b82d34a23f4ace84 - - default default] 199.19.213.157 "GET /v2.0/extensions/allowed-address-pairs HTTP/1.1" status: 200 len: 383 time: 0.0058584
2026-05-12 12:41:55.382 10 INFO neutron.wsgi [None req-1d48f0a5-dd7b-45a7-aebe-dd45488221ad 2ce7e2edef364c42b06cdf2bc98b66f0 6dbdf5d786b74831b82d34a23f4ace84 - - default default] 199.19.213.157 "GET /v2.0/ports?device_id=2c30d0ac-6e2e-4822-8526-355a3dd77b7e HTTP/1.1" status: 200 len: 3926 time: 0.0495434
2026-05-12 12:41:55.544 10 INFO neutron.wsgi [None req-68e2d5ba-f5dd-4441-b725-8091a27fe6fa 2ce7e2edef364c42b06cdf2bc98b66f0 6dbdf5d786b74831b82d34a23f4ace84 - - default default] 199.19.213.157 "GET /v2.0/extensions/security-group HTTP/1.1" status: 200 len: 369 time: 0.0082793
2026-05-12 12:41:55.553 10 INFO neutron.wsgi [None req-0dff1841-35a4-4be9-9c16-26543c7eee97 2ce7e2edef364c42b06cdf2bc98b66f0 6dbdf5d786b74831b82d34a23f4ace84 - - default default] 199.19.213.157 "GET /v2.0/extensions/dns-integration HTTP/1.1" status: 200 len: 371 time: 0.0043728
2026-05-12 12:41:55.563 10 INFO neutron.wsgi [None req-486c1acc-460d-44d6-acbd-e9e8f20086ec 2ce7e2edef364c42b06cdf2bc98b66f0 6dbdf5d786b74831b82d34a23f4ace84 - - default default] 199.19.213.157 "GET /v2.0/extensions/qos HTTP/1.1" status: 200 len: 365 time: 0.0063541
2026-05-12 12:41:55.570 10 INFO neutron.wsgi [None req-61a39105-48c8-43d3-b82a-5992a95c95e4 2ce7e2edef364c42b06cdf2bc98b66f0 6dbdf5d786b74831b82d34a23f4ace84 - - default default] 199.19.213.157 "GET /v2.0/extensions/allowed-address-pairs HTTP/1.1" status: 200 len: 383 time: 0.0038455
2026-05-12 12:41:55.611 10 INFO neutron.wsgi [None req-1bde7711-e037-4aae-84ff-77ebab576db7 2ce7e2edef364c42b06cdf2bc98b66f0 6dbdf5d786b74831b82d34a23f4ace84 - - default default] 199.19.213.157 "GET /v2.0/ports/0603be7c-e27c-4de3-8fbb-7acb8fd523be HTTP/1.1" status: 200 len: 1406 time: 0.0365283
2026-05-12 12:41:56.088 10 INFO neutron.db.ovn_revision_numbers_db [None req-12034bd0-a863-4208-9292-90c91b17f1e7 2ce7e2edef364c42b06cdf2bc98b66f0 6dbdf5d786b74831b82d34a23f4ace84 - - default default] Successfully bumped revision number for resource 0603be7c-e27c-4de3-8fbb-7acb8fd523be (type: ports) to 6
2026-05-12 12:41:56.104 10 INFO neutron.wsgi [None req-12034bd0-a863-4208-9292-90c91b17f1e7 2ce7e2edef364c42b06cdf2bc98b66f0 6dbdf5d786b74831b82d34a23f4ace84 - - default default] 199.19.213.157 "PUT /v2.0/ports/0603be7c-e27c-4de3-8fbb-7acb8fd523be HTTP/1.1" status: 200 len: 1203 time: 0.4871690 /var/lib/openstack/lib/python3.10/site-packages/pycadf/identifier.py:71: UserWarning: Invalid uuid: neutron. To ensure interoperability, identifiers should be a valid uuid. warnings.warn(('Invalid uuid: %s. To ensure interoperability, '
2026-05-12 12:41:56.150 10 INFO neutron.notifiers.nova [-] Nova event matching ['req-8ab77a61-200a-4183-80f9-1551b701c7c6'] response: {'name': 'network-changed', 'server_uuid': '2c30d0ac-6e2e-4822-8526-355a3dd77b7e', 'tag': '0603be7c-e27c-4de3-8fbb-7acb8fd523be', 'status': 'completed', 'code': 200}
2026-05-12 12:41:56.196 10 INFO neutron.wsgi [None req-839f8763-2a3e-41cc-a9bf-0413cc67ba09 2ce7e2edef364c42b06cdf2bc98b66f0 6dbdf5d786b74831b82d34a23f4ace84 - - default default] 199.19.213.157 "GET /v2.0/networks/5113d37d-6292-407d-8856-677034fb7170 HTTP/1.1" status: 200 len: 999 time: 0.0828779
2026-05-12 12:41:56.239 10 INFO neutron.wsgi [req-8e684f61-ce01-428a-8396-6433e9ff7be1 req-9d132048-9e9c-42e9-b1af-c1ddbda9d057 fc29be8e7ecb4bd8bc93870ac5062f04 ee2d8ddb08214e70b9fb08d141b8b884 - - 80b0a9ab3f8643c882ac358e340d6954 80b0a9ab3f8643c882ac358e340d6954] 199.19.213.157 "GET /v2.0/ports?tenant_id=6dbdf5d786b74831b82d34a23f4ace84&device_id=2c30d0ac-6e2e-4822-8526-355a3dd77b7e HTTP/1.1" status: 200 len: 3751 time: 0.0726171
2026-05-12 12:41:56.275 10 INFO neutron.wsgi [None req-032de631-dbe1-4f9f-8cd9-28399cc2b017 2ce7e2edef364c42b06cdf2bc98b66f0 6dbdf5d786b74831b82d34a23f4ace84 - - default default] 199.19.213.157 "GET /v2.0/ports?device_id=2c30d0ac-6e2e-4822-8526-355a3dd77b7e HTTP/1.1" status: 200 len: 3751 time: 0.0732510
2026-05-12 12:41:56.326 10 INFO neutron.wsgi [req-8e684f61-ce01-428a-8396-6433e9ff7be1 req-0c07e2ab-3a1f-4230-a3f3-69933078d3db fc29be8e7ecb4bd8bc93870ac5062f04 ee2d8ddb08214e70b9fb08d141b8b884 - - 80b0a9ab3f8643c882ac358e340d6954 80b0a9ab3f8643c882ac358e340d6954] 199.19.213.157 "GET /v2.0/networks?id=5113d37d-6292-407d-8856-677034fb7170 HTTP/1.1" status: 200 len: 1002 time: 0.0797219
2026-05-12 12:41:56.448 10 INFO neutron.wsgi [None req-074fc0c1-4c1b-4f0f-8f65-0a6a79da7d53 2ce7e2edef364c42b06cdf2bc98b66f0 6dbdf5d786b74831b82d34a23f4ace84 - - default default] 199.19.213.157 "GET /v2.0/ports?device_id=2c30d0ac-6e2e-4822-8526-355a3dd77b7e HTTP/1.1" status: 200 len: 3751 time: 0.0697472
2026-05-12 12:41:56.454 10 INFO neutron.wsgi [req-8e684f61-ce01-428a-8396-6433e9ff7be1 req-7c5eea72-85ea-4436-a1a6-cdaea33fc5cf fc29be8e7ecb4bd8bc93870ac5062f04 ee2d8ddb08214e70b9fb08d141b8b884 - - 80b0a9ab3f8643c882ac358e340d6954 80b0a9ab3f8643c882ac358e340d6954] 199.19.213.157 "GET /v2.0/networks/5113d37d-6292-407d-8856-677034fb7170?fields=segments HTTP/1.1" status: 200 len: 212 time: 0.1204720
2026-05-12 12:41:56.525 10 INFO neutron.wsgi [req-8e684f61-ce01-428a-8396-6433e9ff7be1 req-c33a2b73-caf9-4baa-9483-952d9cbf04fe fc29be8e7ecb4bd8bc93870ac5062f04 ee2d8ddb08214e70b9fb08d141b8b884 - - 80b0a9ab3f8643c882ac358e340d6954 80b0a9ab3f8643c882ac358e340d6954] 199.19.213.157 "GET /v2.0/networks/5113d37d-6292-407d-8856-677034fb7170?fields=provider%3Aphysical_network&fields=provider%3Anetwork_type HTTP/1.1" status: 200 len: 277 time: 0.0642309
2026-05-12 12:41:56.696 9 INFO neutron.plugins.ml2.drivers.ovn.mech_driver.mech_driver [None req-8908fcf6-b835-4043-84f0-6f9c6dbe4e19 - - - - - -] OVN reports status down for port: 0603be7c-e27c-4de3-8fbb-7acb8fd523be
2026-05-12 12:41:56.770 10 INFO neutron.wsgi [req-fd9a6612-549f-49c9-a2f5-358f37cec724 req-2d3a22fa-9b46-4272-bfd0-de9829eb95f5 fc29be8e7ecb4bd8bc93870ac5062f04 ee2d8ddb08214e70b9fb08d141b8b884 - - 80b0a9ab3f8643c882ac358e340d6954 80b0a9ab3f8643c882ac358e340d6954] 199.19.213.157 "GET /v2.0/ports/0603be7c-e27c-4de3-8fbb-7acb8fd523be HTTP/1.1" status: 200 len: 1231 time: 0.0470030
2026-05-12 12:41:56.833 9 INFO neutron.notifiers.nova [-] Nova event matching ['req-8032c28f-2b37-4b1d-bed5-5e72224d9c92'] response: {'server_uuid': '2c30d0ac-6e2e-4822-8526-355a3dd77b7e', 'name': 'network-vif-unplugged', 'status': 'completed', 'tag': '0603be7c-e27c-4de3-8fbb-7acb8fd523be', 'code': 200}
2026-05-12 12:41:56.992 9 INFO neutron.db.ovn_revision_numbers_db [None req-8908fcf6-b835-4043-84f0-6f9c6dbe4e19 - - - - - -] Successfully bumped revision number for resource 0603be7c-e27c-4de3-8fbb-7acb8fd523be (type: ports) to 7
2026-05-12 12:41:57.075 10 INFO neutron.wsgi [req-fd9a6612-549f-49c9-a2f5-358f37cec724 req-0f5a9cd9-2ccc-47a1-880a-485762511167 2ce7e2edef364c42b06cdf2bc98b66f0 6dbdf5d786b74831b82d34a23f4ace84 - - default default] 199.19.213.157 "DELETE /v2.0/ports/0603be7c-e27c-4de3-8fbb-7acb8fd523be HTTP/1.1" status: 204 len: 173 time: 0.2974737
2026-05-12 12:41:57.193 10 INFO neutron.wsgi [req-fd9a6612-549f-49c9-a2f5-358f37cec724 req-26e44132-7416-48ab-b251-054e2b4c1223 fc29be8e7ecb4bd8bc93870ac5062f04 ee2d8ddb08214e70b9fb08d141b8b884 - - 80b0a9ab3f8643c882ac358e340d6954 80b0a9ab3f8643c882ac358e340d6954] 199.19.213.157 "GET /v2.0/ports?tenant_id=6dbdf5d786b74831b82d34a23f4ace84&device_id=2c30d0ac-6e2e-4822-8526-355a3dd77b7e HTTP/1.1" status: 200 len: 2728 time: 0.0494578
2026-05-12 12:41:57.292 10 INFO neutron.wsgi [req-fd9a6612-549f-49c9-a2f5-358f37cec724 req-3ad977a4-32d8-4535-9c12-5d9e650ab6d4 fc29be8e7ecb4bd8bc93870ac5062f04 ee2d8ddb08214e70b9fb08d141b8b884 - - 80b0a9ab3f8643c882ac358e340d6954 80b0a9ab3f8643c882ac358e340d6954] 199.19.213.157 "GET /v2.0/networks?id=cc8d9949-4f4e-405d-8f4a-916f24a5ba50&id=16176e36-82f6-4e3b-9736-fe419996c5e3&id=5113d37d-6292-407d-8856-677034fb7170 HTTP/1.1" status: 200 len: 2519 time: 0.0914743
2026-05-12 12:41:57.326 10 INFO neutron.wsgi [req-fd9a6612-549f-49c9-a2f5-358f37cec724 req-0adc654f-5784-4069-89cd-4c7f7dde95a0 fc29be8e7ecb4bd8bc93870ac5062f04 ee2d8ddb08214e70b9fb08d141b8b884 - - 80b0a9ab3f8643c882ac358e340d6954 80b0a9ab3f8643c882ac358e340d6954] 199.19.213.157 "GET /v2.0/floatingips?fixed_ip_address=172.24.0.229&port_id=be060395-f95c-452e-a4b9-8b5b2d74af76 HTTP/1.1" status: 200 len: 217 time: 0.0241330
2026-05-12 12:41:57.372 10 INFO neutron.wsgi [req-fd9a6612-549f-49c9-a2f5-358f37cec724 req-996a9975-9153-4776-9f25-8cb9e850b703 fc29be8e7ecb4bd8bc93870ac5062f04 ee2d8ddb08214e70b9fb08d141b8b884 - - 80b0a9ab3f8643c882ac358e340d6954 80b0a9ab3f8643c882ac358e340d6954] 199.19.213.157 "GET /v2.0/subnets?id=94ebfcce-697f-4317-8e40-f91790526769 HTTP/1.1" status: 200 len: 829 time: 0.0386004
2026-05-12 12:41:57.397 10 INFO neutron.wsgi [req-fd9a6612-549f-49c9-a2f5-358f37cec724 req-622c6a15-fb2f-4b3e-b245-637f926db543 fc29be8e7ecb4bd8bc93870ac5062f04 ee2d8ddb08214e70b9fb08d141b8b884 - - 80b0a9ab3f8643c882ac358e340d6954 80b0a9ab3f8643c882ac358e340d6954] 199.19.213.157 "GET /v2.0/ports?network_id=cc8d9949-4f4e-405d-8f4a-916f24a5ba50&device_owner=network%3Adhcp HTTP/1.1" status: 200 len: 210 time: 0.0201960
2026-05-12 12:41:57.466 10 INFO neutron.wsgi [req-fd9a6612-549f-49c9-a2f5-358f37cec724 req-082aae31-ec00-4e2d-bf46-6aff5e88f22b fc29be8e7ecb4bd8bc93870ac5062f04 ee2d8ddb08214e70b9fb08d141b8b884 - - 80b0a9ab3f8643c882ac358e340d6954 80b0a9ab3f8643c882ac358e340d6954] 199.19.213.157 "GET /v2.0/networks/cc8d9949-4f4e-405d-8f4a-916f24a5ba50?fields=segments HTTP/1.1" status: 200 len: 212 time: 0.0605106
2026-05-12 12:41:57.527 10 INFO neutron.wsgi [None req-bdfea959-81c8-415f-9404-1ea802514aa1 2ce7e2edef364c42b06cdf2bc98b66f0 6dbdf5d786b74831b82d34a23f4ace84 - - default default] 199.19.213.157 "GET /v2.0/ports?device_id=2c30d0ac-6e2e-4822-8526-355a3dd77b7e HTTP/1.1" status: 200 len: 2728 time: 0.0602756
2026-05-12 12:41:57.554 10 INFO neutron.pecan_wsgi.hooks.translation [None req-ac421805-22bb-4cf4-96ae-1c6a8c90c2d2 2ce7e2edef364c42b06cdf2bc98b66f0 6dbdf5d786b74831b82d34a23f4ace84 - - default default] DELETE failed (client error): The resource could not be found.
2026-05-12 12:41:57.557 10 INFO neutron.wsgi [None req-ac421805-22bb-4cf4-96ae-1c6a8c90c2d2 2ce7e2edef364c42b06cdf2bc98b66f0 6dbdf5d786b74831b82d34a23f4ace84 - - default default] 199.19.213.157 "DELETE /v2.0/ports/0603be7c-e27c-4de3-8fbb-7acb8fd523be HTTP/1.1" status: 404 len: 338 time: 0.0185862
2026-05-12 12:41:57.578 10 INFO neutron.wsgi [req-fd9a6612-549f-49c9-a2f5-358f37cec724 req-a905942a-5d09-4065-94e1-5e68a50b38f3 fc29be8e7ecb4bd8bc93870ac5062f04 ee2d8ddb08214e70b9fb08d141b8b884 - - 80b0a9ab3f8643c882ac358e340d6954 80b0a9ab3f8643c882ac358e340d6954] 199.19.213.157 "GET /v2.0/networks/cc8d9949-4f4e-405d-8f4a-916f24a5ba50?fields=provider%3Aphysical_network&fields=provider%3Anetwork_type HTTP/1.1" status: 200 len: 277 time: 0.1023567
2026-05-12 12:41:57.611 10 INFO neutron.wsgi [req-fd9a6612-549f-49c9-a2f5-358f37cec724 req-2c5b07f8-7360-4d0a-a8d0-30a9c424e0d8 fc29be8e7ecb4bd8bc93870ac5062f04 ee2d8ddb08214e70b9fb08d141b8b884 - - 80b0a9ab3f8643c882ac358e340d6954 80b0a9ab3f8643c882ac358e340d6954] 199.19.213.157 "GET /v2.0/floatingips?fixed_ip_address=10.1.1.131&port_id=30df20ca-cc9d-4c11-b83f-71a59ff44b28 HTTP/1.1" status: 200 len: 217 time: 0.0248563
2026-05-12 12:41:57.657 10 INFO neutron.wsgi [req-fd9a6612-549f-49c9-a2f5-358f37cec724 req-4dcd610c-9767-47ef-bcef-6eba07a8452c fc29be8e7ecb4bd8bc93870ac5062f04 ee2d8ddb08214e70b9fb08d141b8b884 - - 80b0a9ab3f8643c882ac358e340d6954 80b0a9ab3f8643c882ac358e340d6954] 199.19.213.157 "GET /v2.0/subnets?id=8492d8e2-3255-4c71-a44f-5cd93b8486a6 HTTP/1.1" status: 200 len: 853 time: 0.0387113
2026-05-12 12:41:57.683 10 INFO neutron.wsgi [None req-7af95d9d-596d-4a31-8b05-4bb6df66c21b 2ce7e2edef364c42b06cdf2bc98b66f0 6dbdf5d786b74831b82d34a23f4ace84 - - default default] 199.19.213.157 "GET /v2.0/extensions/security-group HTTP/1.1" status: 200 len: 369 time: 0.0112464
2026-05-12 12:41:57.703 10 INFO neutron.wsgi [None req-de9dd9c0-0cd1-409b-af8c-23b3b3e32dc6 2ce7e2edef364c42b06cdf2bc98b66f0 6dbdf5d786b74831b82d34a23f4ace84 - - default default] 199.19.213.157 "GET /v2.0/extensions/dns-integration HTTP/1.1" status: 200 len: 371 time: 0.0056241
2026-05-12 12:41:57.705 10 INFO neutron.wsgi [req-fd9a6612-549f-49c9-a2f5-358f37cec724 req-0beada9e-edb0-4f97-9fcb-c2412dd9ffc3 fc29be8e7ecb4bd8bc93870ac5062f04 ee2d8ddb08214e70b9fb08d141b8b884 - - 80b0a9ab3f8643c882ac358e340d6954 80b0a9ab3f8643c882ac358e340d6954] 199.19.213.157 "GET /v2.0/ports?network_id=16176e36-82f6-4e3b-9736-fe419996c5e3&device_owner=network%3Adhcp HTTP/1.1" status: 200 len: 210 time: 0.0439861
2026-05-12 12:41:57.714 10 INFO neutron.wsgi [None req-07108dba-8c40-4c69-8a64-a420c83db531 2ce7e2edef364c42b06cdf2bc98b66f0 6dbdf5d786b74831b82d34a23f4ace84 - - default default] 199.19.213.157 "GET /v2.0/extensions/qos HTTP/1.1" status: 200 len: 365 time: 0.0045309
2026-05-12 12:41:57.730 10 INFO neutron.wsgi [None req-0a141c1a-05a0-454f-b5e5-677709c9d099 2ce7e2edef364c42b06cdf2bc98b66f0 6dbdf5d786b74831b82d34a23f4ace84 - - default default] 199.19.213.157 "GET /v2.0/extensions/allowed-address-pairs HTTP/1.1" status: 200 len: 383 time: 0.0041780
2026-05-12 12:41:57.780 10 INFO neutron.wsgi [None req-c48e860f-9ecb-466c-81c6-acd8bef8cffc 2ce7e2edef364c42b06cdf2bc98b66f0 6dbdf5d786b74831b82d34a23f4ace84 - - default default] 199.19.213.157 "GET /v2.0/subnets/8492d8e2-3255-4c71-a44f-5cd93b8486a6 HTTP/1.1" status: 200 len: 850 time: 0.0434248
2026-05-12 12:41:57.797 10 INFO neutron.wsgi [req-fd9a6612-549f-49c9-a2f5-358f37cec724 req-c92e323c-908b-4fef-a037-c30dbdfdc314 fc29be8e7ecb4bd8bc93870ac5062f04 ee2d8ddb08214e70b9fb08d141b8b884 - - 80b0a9ab3f8643c882ac358e340d6954 80b0a9ab3f8643c882ac358e340d6954] 199.19.213.157 "GET /v2.0/networks/16176e36-82f6-4e3b-9736-fe419996c5e3?fields=segments HTTP/1.1" status: 200 len: 212 time: 0.0868909
2026-05-12 12:41:57.834 10 INFO neutron.wsgi [None req-47af0b33-7963-40b6-8339-cccecc3de9f5 2ce7e2edef364c42b06cdf2bc98b66f0 6dbdf5d786b74831b82d34a23f4ace84 - - default default] 199.19.213.157 "GET /v2.0/ports/cce04f03-5c43-4a93-a6ac-4bd2753e2fc8 HTTP/1.1" status: 200 len: 1340 time: 0.0461557
2026-05-12 12:41:57.887 10 INFO neutron.wsgi [None req-71c636e4-5d6e-49b2-b5be-a9a729e4b568 2ce7e2edef364c42b06cdf2bc98b66f0 6dbdf5d786b74831b82d34a23f4ace84 - - default default] 199.19.213.157 "GET /v2.0/ports/30df20ca-cc9d-4c11-b83f-71a59ff44b28 HTTP/1.1" status: 200 len: 1519 time: 0.0448022
2026-05-12 12:41:57.894 10 INFO neutron.wsgi [req-fd9a6612-549f-49c9-a2f5-358f37cec724 req-8452180b-8592-4d7d-8c73-b27e4b1704ad fc29be8e7ecb4bd8bc93870ac5062f04 ee2d8ddb08214e70b9fb08d141b8b884 - - 80b0a9ab3f8643c882ac358e340d6954 80b0a9ab3f8643c882ac358e340d6954] 199.19.213.157 "GET /v2.0/networks/16176e36-82f6-4e3b-9736-fe419996c5e3?fields=provider%3Aphysical_network&fields=provider%3Anetwork_type HTTP/1.1" status: 200 len: 277 time: 0.0877993
2026-05-12 12:41:57.934 10 INFO neutron.wsgi [None req-4b6a0385-51e8-4468-83a2-d9796ad26e05 2ce7e2edef364c42b06cdf2bc98b66f0 6dbdf5d786b74831b82d34a23f4ace84 - - default default] 199.19.213.157 "GET /v2.0/subnets/8492d8e2-3255-4c71-a44f-5cd93b8486a6 HTTP/1.1" status: 200 len: 850 time: 0.0376632
2026-05-12 12:41:58.010 10 INFO neutron.wsgi [None req-61fbaa75-94ed-4ed9-8ec4-788c966b227d 2ce7e2edef364c42b06cdf2bc98b66f0 6dbdf5d786b74831b82d34a23f4ace84 - - default default] 199.19.213.157 "GET /v2.0/networks/16176e36-82f6-4e3b-9736-fe419996c5e3 HTTP/1.1" status: 200 len: 1002 time: 0.0708032
2026-05-12 12:41:58.060 10 INFO neutron.wsgi [None req-0d846759-5fc5-4bd3-9e01-bb89b0117bf1 2ce7e2edef364c42b06cdf2bc98b66f0 6dbdf5d786b74831b82d34a23f4ace84 - - default default] 199.19.213.157 "GET /v2.0/ports/cce04f03-5c43-4a93-a6ac-4bd2753e2fc8 HTTP/1.1" status: 200 len: 1340 time: 0.0409513
2026-05-12 12:41:58.108 10 INFO neutron.wsgi [None req-2f33034b-ce8d-47d5-bd66-c72a5367efd9 2ce7e2edef364c42b06cdf2bc98b66f0 6dbdf5d786b74831b82d34a23f4ace84 - - default default] 199.19.213.157 "GET /v2.0/subnets/8492d8e2-3255-4c71-a44f-5cd93b8486a6 HTTP/1.1" status: 200 len: 850 time: 0.0368936
2026-05-12 12:41:58.196 10 INFO neutron.notifiers.nova [-] Nova event matching ['req-a545c4f2-4617-4dca-9d1f-612194e09172'] response: {'server_uuid': '2c30d0ac-6e2e-4822-8526-355a3dd77b7e', 'name': 'network-vif-deleted', 'tag': '0603be7c-e27c-4de3-8fbb-7acb8fd523be', 'status': 'completed', 'code': 200}
2026-05-12 12:41:58.872 9 INFO neutron.notifiers.nova [-] Nova event matching ['req-80dd5213-b9b9-487b-9fec-00df4dae2057'] response: {'server_uuid': '2c30d0ac-6e2e-4822-8526-355a3dd77b7e', 'name': 'network-vif-plugged', 'status': 'completed', 'tag': '0603be7c-e27c-4de3-8fbb-7acb8fd523be', 'code': 200}
2026-05-12 12:42:06.597 10 INFO neutron.wsgi [None req-217f57ab-6533-4c5b-961c-4b9cb0effc8f 2ce7e2edef364c42b06cdf2bc98b66f0 6dbdf5d786b74831b82d34a23f4ace84 - - default default] 199.19.213.157 "GET /v2.0/extensions/security-group HTTP/1.1" status: 200 len: 369 time: 0.0091660
2026-05-12 12:42:06.605 10 INFO neutron.wsgi [None req-edb8accd-1c6f-4dc7-b961-5d96572bb721 2ce7e2edef364c42b06cdf2bc98b66f0 6dbdf5d786b74831b82d34a23f4ace84 - - default default] 199.19.213.157 "GET /v2.0/extensions/dns-integration HTTP/1.1" status: 200 len: 371 time: 0.0034046
2026-05-12 12:42:06.613 10 INFO neutron.wsgi [None req-2cc79f8e-27c5-45b6-8b49-15b58f43003d 2ce7e2edef364c42b06cdf2bc98b66f0 6dbdf5d786b74831b82d34a23f4ace84 - - default default] 199.19.213.157 "GET /v2.0/extensions/qos HTTP/1.1" status: 200 len: 365 time: 0.0046504
2026-05-12 12:42:06.621 10 INFO neutron.wsgi [None req-f61833ad-a02c-4b7f-8d23-ae91c13b4a0a 2ce7e2edef364c42b06cdf2bc98b66f0 6dbdf5d786b74831b82d34a23f4ace84 - - default default] 199.19.213.157 "GET /v2.0/extensions/allowed-address-pairs HTTP/1.1" status: 200 len: 383 time: 0.0043821
2026-05-12 12:42:06.636 10 INFO neutron.api.v2.resource [None req-2b4bbac3-42ec-4682-a3a5-50ee3970d895 2ce7e2edef364c42b06cdf2bc98b66f0 6dbdf5d786b74831b82d34a23f4ace84 - - default default] show failed (client error): The resource could not be found.
2026-05-12 12:42:06.638 10 INFO neutron.wsgi [None req-2b4bbac3-42ec-4682-a3a5-50ee3970d895 2ce7e2edef364c42b06cdf2bc98b66f0 6dbdf5d786b74831b82d34a23f4ace84 - - default default] 199.19.213.157 "GET /v2.0/security-groups/lb-f5a4c8a2-87a2-45e1-adf5-eb7bf3ebdbbd HTTP/1.1" status: 404 len: 355 time: 0.0116446
2026-05-12 12:42:06.682 10 INFO neutron.wsgi [None req-c1f3972c-4f8f-4d8b-8c88-0eef6a6fd56d 2ce7e2edef364c42b06cdf2bc98b66f0 6dbdf5d786b74831b82d34a23f4ace84 - - default default] 199.19.213.157 "GET /v2.0/security-groups?name=lb-f5a4c8a2-87a2-45e1-adf5-eb7bf3ebdbbd HTTP/1.1" status: 200 len: 2941 time: 0.0371387
2026-05-12 12:42:06.724 10 INFO neutron.wsgi [None req-15446197-08e0-4b58-993a-daba521725a4 2ce7e2edef364c42b06cdf2bc98b66f0 6dbdf5d786b74831b82d34a23f4ace84 - - default default] 199.19.213.157 "GET /v2.0/security-group-rules?security_group_id=8af58679-cc73-4366-a9d2-b31f75be8d05 HTTP/1.1" status: 200 len: 2406 time: 0.0337453
2026-05-12 12:42:06.870 10 INFO neutron.wsgi [None req-d0934d79-c907-4a40-83a1-ee558132d52c 2ce7e2edef364c42b06cdf2bc98b66f0 6dbdf5d786b74831b82d34a23f4ace84 - - default default] 199.19.213.157 "DELETE /v2.0/security-group-rules/1ec43afa-68a4-4571-98fb-2b1868447512 HTTP/1.1" status: 204 len: 173 time: 0.1361077
2026-05-12 12:42:07.005 10 INFO neutron.wsgi [None req-659a799a-a6df-4bcc-9104-7a6ab8536f65 2ce7e2edef364c42b06cdf2bc98b66f0 6dbdf5d786b74831b82d34a23f4ace84 - - default default] 199.19.213.157 "DELETE /v2.0/security-group-rules/2c7671b1-07f8-4a9b-81ce-51904e3b9d74 HTTP/1.1" status: 204 len: 173 time: 0.1228797
2026-05-12 12:42:08.691 10 INFO neutron.wsgi [-] 10.0.0.208 "GET / HTTP/1.1" status: 200 len: 247 time: 0.0032194
2026-05-12 12:42:08.691 9 INFO neutron.wsgi [-] 10.0.0.208 "GET / HTTP/1.1" status: 200 len: 247 time: 0.0030191
2026-05-12 12:42:10.781 10 INFO neutron.db.l3_db [None req-07409d45-1bd9-4464-b8ef-e030b5fb8d27 b656bd948dfa464e88c48a008727e5d9 53473a0420034c18963b9974b5342f69 - - default default] Floating IP 7a464b92-cbc7-4dc7-9cac-1797b5fa6ac2 disassociated (deleted). External IP: 10.96.250.203, port: cce04f03-5c43-4a93-a6ac-4bd2753e2fc8.
2026-05-12 12:42:10.867 10 INFO neutron.wsgi [None req-07409d45-1bd9-4464-b8ef-e030b5fb8d27 b656bd948dfa464e88c48a008727e5d9 53473a0420034c18963b9974b5342f69 - - default default] 10.0.0.13 "DELETE /v2.0/floatingips/7a464b92-cbc7-4dc7-9cac-1797b5fa6ac2 HTTP/1.1" status: 204 len: 168 time: 0.4810266 /var/lib/openstack/lib/python3.10/site-packages/pycadf/identifier.py:71: UserWarning: Invalid uuid: neutron. To ensure interoperability, identifiers should be a valid uuid. warnings.warn(('Invalid uuid: %s. To ensure interoperability, '
2026-05-12 12:42:10.902 10 INFO neutron.api.v2.resource [None req-0f785c91-b933-4e67-b5fb-1a170923b5a3 b656bd948dfa464e88c48a008727e5d9 53473a0420034c18963b9974b5342f69 - - default default] show failed (client error): The resource could not be found.
2026-05-12 12:42:10.905 10 INFO neutron.wsgi [None req-0f785c91-b933-4e67-b5fb-1a170923b5a3 b656bd948dfa464e88c48a008727e5d9 53473a0420034c18963b9974b5342f69 - - default default] 10.0.0.13 "GET /v2.0/floatingips/7a464b92-cbc7-4dc7-9cac-1797b5fa6ac2 HTTP/1.1" status: 404 len: 345 time: 0.0314398 /var/lib/openstack/lib/python3.10/site-packages/pycadf/identifier.py:71: UserWarning: Invalid uuid: neutron. To ensure interoperability, identifiers should be a valid uuid. warnings.warn(('Invalid uuid: %s. To ensure interoperability, '
2026-05-12 12:42:11.602 9 INFO neutron.wsgi [None req-5e3b826f-fd71-43bc-9f7d-6f2a80473a07 2ce7e2edef364c42b06cdf2bc98b66f0 6dbdf5d786b74831b82d34a23f4ace84 - - default default] 199.19.213.157 "GET /v2.0/extensions/security-group HTTP/1.1" status: 200 len: 369 time: 0.0095570
2026-05-12 12:42:11.611 9 INFO neutron.wsgi [None req-13d86451-7e49-4246-bd42-8422e06b6630 2ce7e2edef364c42b06cdf2bc98b66f0 6dbdf5d786b74831b82d34a23f4ace84 - - default default] 199.19.213.157 "GET /v2.0/extensions/dns-integration HTTP/1.1" status: 200 len: 371 time: 0.0034075
2026-05-12 12:42:11.628 9 INFO neutron.wsgi [None req-8a910a6c-1e84-4964-9e34-77deeed8f6cc 2ce7e2edef364c42b06cdf2bc98b66f0 6dbdf5d786b74831b82d34a23f4ace84 - - default default] 199.19.213.157 "GET /v2.0/extensions/qos HTTP/1.1" status: 200 len: 365 time: 0.0095887
2026-05-12 12:42:11.647 9 INFO neutron.wsgi [None req-a8c79a22-147b-4668-a063-5dc281c68c75 2ce7e2edef364c42b06cdf2bc98b66f0 6dbdf5d786b74831b82d34a23f4ace84 - - default default] 199.19.213.157 "GET /v2.0/extensions/allowed-address-pairs HTTP/1.1" status: 200 len: 383 time: 0.0102689
2026-05-12 12:42:11.717 9 INFO neutron.wsgi [None req-a5c8e222-8567-43be-81f7-6c7dc455b86d 2ce7e2edef364c42b06cdf2bc98b66f0 6dbdf5d786b74831b82d34a23f4ace84 - - default default] 199.19.213.157 "GET /v2.0/subnets/8492d8e2-3255-4c71-a44f-5cd93b8486a6 HTTP/1.1" status: 200 len: 850 time: 0.0598719
2026-05-12 12:42:11.789 9 INFO neutron.wsgi [None req-2ff575eb-4c03-47d2-934a-cf067e246cec 2ce7e2edef364c42b06cdf2bc98b66f0 6dbdf5d786b74831b82d34a23f4ace84 - - default default] 199.19.213.157 "GET /v2.0/ports?device_id=2c30d0ac-6e2e-4822-8526-355a3dd77b7e HTTP/1.1" status: 200 len: 2728 time: 0.0634849
2026-05-12 12:42:11.843 9 INFO neutron.wsgi [None req-a6eb748b-c6e1-4826-afae-444ef5edd618 2ce7e2edef364c42b06cdf2bc98b66f0 6dbdf5d786b74831b82d34a23f4ace84 - - default default] 199.19.213.157 "GET /v2.0/ports?device_id=2c30d0ac-6e2e-4822-8526-355a3dd77b7e HTTP/1.1" status: 200 len: 2728 time: 0.0431838
2026-05-12 12:42:11.957 9 INFO neutron.wsgi [None req-4f4bcf21-ad94-462b-a8de-9e41066f5436 2ce7e2edef364c42b06cdf2bc98b66f0 6dbdf5d786b74831b82d34a23f4ace84 - - default default] 199.19.213.157 "GET /v2.0/ports?device_id=2c30d0ac-6e2e-4822-8526-355a3dd77b7e HTTP/1.1" status: 200 len: 2728 time: 0.0440598
2026-05-12 12:42:12.238 9 INFO neutron.plugins.ml2.drivers.ovn.mech_driver.mech_driver [None req-8908fcf6-b835-4043-84f0-6f9c6dbe4e19 - - - - - -] OVN reports status down for port: cce04f03-5c43-4a93-a6ac-4bd2753e2fc8
2026-05-12 12:42:12.300 10 INFO neutron.wsgi [req-0a5297da-1bf3-4026-9a95-8063b2a772f0 req-41384d7a-89a1-4722-99c3-33186a275fb6 fc29be8e7ecb4bd8bc93870ac5062f04 ee2d8ddb08214e70b9fb08d141b8b884 - - 80b0a9ab3f8643c882ac358e340d6954 80b0a9ab3f8643c882ac358e340d6954] 199.19.213.157 "GET /v2.0/ports/30df20ca-cc9d-4c11-b83f-71a59ff44b28 HTTP/1.1" status: 200 len: 1519 time: 0.0401418
2026-05-12 12:42:12.342 10 INFO neutron.wsgi [req-0a5297da-1bf3-4026-9a95-8063b2a772f0 req-25902661-d0dc-4f09-b73a-4bdb4e808984 2ce7e2edef364c42b06cdf2bc98b66f0 6dbdf5d786b74831b82d34a23f4ace84 - - default default] 199.19.213.157 "GET /v2.0/ports/30df20ca-cc9d-4c11-b83f-71a59ff44b28?fields=binding%3Aprofile&fields=network_id HTTP/1.1" status: 200 len: 281 time: 0.0360866
2026-05-12 12:42:12.387 9 INFO neutron.plugins.ml2.drivers.ovn.mech_driver.mech_driver [None req-8908fcf6-b835-4043-84f0-6f9c6dbe4e19 - - - - - -] OVN reports status down for port: 30df20ca-cc9d-4c11-b83f-71a59ff44b28
2026-05-12 12:42:12.415 9 INFO neutron.db.ovn_revision_numbers_db [None req-4b8bd246-bb0c-4a81-b195-e2d82a7c5340 - - - - - -] Successfully bumped revision number for resource cce04f03-5c43-4a93-a6ac-4bd2753e2fc8 (type: ports) to 6
2026-05-12 12:42:12.422 10 INFO neutron.wsgi [req-0a5297da-1bf3-4026-9a95-8063b2a772f0 req-9a0da6ee-b502-4a79-8cb8-8f165312968b 2ce7e2edef364c42b06cdf2bc98b66f0 6dbdf5d786b74831b82d34a23f4ace84 - - default default] 199.19.213.157 "GET /v2.0/networks/16176e36-82f6-4e3b-9736-fe419996c5e3?fields=dns_domain HTTP/1.1" status: 200 len: 227 time: 0.0742600
2026-05-12 12:42:12.541 9 INFO neutron.notifiers.nova [-] Nova event matching ['req-b4a4470b-7af6-4e1f-aa61-2495ca7afde8'] response: {'server_uuid': '2c30d0ac-6e2e-4822-8526-355a3dd77b7e', 'name': 'network-vif-unplugged', 'status': 'completed', 'tag': '30df20ca-cc9d-4c11-b83f-71a59ff44b28', 'code': 200}
2026-05-12 12:42:12.726 9 INFO neutron.db.ovn_revision_numbers_db [None req-8908fcf6-b835-4043-84f0-6f9c6dbe4e19 - - - - - -] Successfully bumped revision number for resource 30df20ca-cc9d-4c11-b83f-71a59ff44b28 (type: ports) to 7 /var/lib/openstack/lib/python3.10/site-packages/pycadf/identifier.py:71: UserWarning: Invalid uuid: neutron. To ensure interoperability, identifiers should be a valid uuid. warnings.warn(('Invalid uuid: %s. To ensure interoperability, '
2026-05-12 12:42:13.026 9 INFO neutron.wsgi [None req-b3cf9f5a-4066-49b4-aa3f-e5d1c616086a 2ce7e2edef364c42b06cdf2bc98b66f0 6dbdf5d786b74831b82d34a23f4ace84 - - default default] 199.19.213.157 "GET /v2.0/ports?device_id=2c30d0ac-6e2e-4822-8526-355a3dd77b7e HTTP/1.1" status: 200 len: 1417 time: 0.0562942
2026-05-12 12:42:13.335 10 INFO neutron.db.ovn_revision_numbers_db [req-0a5297da-1bf3-4026-9a95-8063b2a772f0 req-10c658f6-0999-46ee-a35b-a66c2e69e966 fc29be8e7ecb4bd8bc93870ac5062f04 ee2d8ddb08214e70b9fb08d141b8b884 - - 80b0a9ab3f8643c882ac358e340d6954 80b0a9ab3f8643c882ac358e340d6954] Successfully bumped revision number for resource 30df20ca-cc9d-4c11-b83f-71a59ff44b28 (type: ports) to 8
2026-05-12 12:42:13.382 10 INFO neutron.wsgi [req-0a5297da-1bf3-4026-9a95-8063b2a772f0 req-10c658f6-0999-46ee-a35b-a66c2e69e966 fc29be8e7ecb4bd8bc93870ac5062f04 ee2d8ddb08214e70b9fb08d141b8b884 - - 80b0a9ab3f8643c882ac358e340d6954 80b0a9ab3f8643c882ac358e340d6954] 199.19.213.157 "PUT /v2.0/ports/30df20ca-cc9d-4c11-b83f-71a59ff44b28 HTTP/1.1" status: 200 len: 1351 time: 0.9544146 /var/lib/openstack/lib/python3.10/site-packages/pycadf/identifier.py:71: UserWarning: Invalid uuid: neutron. To ensure interoperability, identifiers should be a valid uuid. warnings.warn(('Invalid uuid: %s. To ensure interoperability, '
2026-05-12 12:42:13.506 10 INFO neutron.wsgi [req-0a5297da-1bf3-4026-9a95-8063b2a772f0 req-a9ee19f3-b201-4f76-bee1-eb00a3b21156 fc29be8e7ecb4bd8bc93870ac5062f04 ee2d8ddb08214e70b9fb08d141b8b884 - - 80b0a9ab3f8643c882ac358e340d6954 80b0a9ab3f8643c882ac358e340d6954] 199.19.213.157 "GET /v2.0/ports?tenant_id=6dbdf5d786b74831b82d34a23f4ace84&device_id=2c30d0ac-6e2e-4822-8526-355a3dd77b7e HTTP/1.1" status: 200 len: 1417 time: 0.0498230
2026-05-12 12:42:13.538 9 INFO neutron.db.ovn_revision_numbers_db [None req-f507a3fc-22a2-4c78-8658-a01aa23b4850 2ce7e2edef364c42b06cdf2bc98b66f0 6dbdf5d786b74831b82d34a23f4ace84 - - default default] Successfully bumped revision number for resource 30df20ca-cc9d-4c11-b83f-71a59ff44b28 (type: ports) to 9
2026-05-12 12:42:13.573 9 INFO neutron.wsgi [None req-f507a3fc-22a2-4c78-8658-a01aa23b4850 2ce7e2edef364c42b06cdf2bc98b66f0 6dbdf5d786b74831b82d34a23f4ace84 - - default default] 199.19.213.157 "PUT /v2.0/ports/30df20ca-cc9d-4c11-b83f-71a59ff44b28 HTTP/1.1" status: 200 len: 1290 time: 0.5374980
2026-05-12 12:42:13.580 10 INFO neutron.wsgi [req-0a5297da-1bf3-4026-9a95-8063b2a772f0 req-2e910f85-761f-4236-bbb2-7a93292faee1 fc29be8e7ecb4bd8bc93870ac5062f04 ee2d8ddb08214e70b9fb08d141b8b884 - - 80b0a9ab3f8643c882ac358e340d6954 80b0a9ab3f8643c882ac358e340d6954] 199.19.213.157 "GET /v2.0/networks?id=cc8d9949-4f4e-405d-8f4a-916f24a5ba50&id=16176e36-82f6-4e3b-9736-fe419996c5e3 HTTP/1.1" status: 200 len: 1730 time: 0.0690045 /var/lib/openstack/lib/python3.10/site-packages/pycadf/identifier.py:71: UserWarning: Invalid uuid: neutron. To ensure interoperability, identifiers should be a valid uuid. warnings.warn(('Invalid uuid: %s. To ensure interoperability, '
2026-05-12 12:42:13.609 10 INFO neutron.wsgi [req-0a5297da-1bf3-4026-9a95-8063b2a772f0 req-2cde699c-6cfb-4b72-bd62-6d416f9a2bbf fc29be8e7ecb4bd8bc93870ac5062f04 ee2d8ddb08214e70b9fb08d141b8b884 - - 80b0a9ab3f8643c882ac358e340d6954 80b0a9ab3f8643c882ac358e340d6954] 199.19.213.157 "GET /v2.0/floatingips?fixed_ip_address=172.24.0.229&port_id=be060395-f95c-452e-a4b9-8b5b2d74af76 HTTP/1.1" status: 200 len: 217 time: 0.0222056
2026-05-12 12:42:13.635 9 INFO neutron.wsgi [None req-6faa31ac-cfef-4203-9df2-39e629dfa74a 2ce7e2edef364c42b06cdf2bc98b66f0 6dbdf5d786b74831b82d34a23f4ace84 - - default default] 199.19.213.157 "GET /v2.0/ports/30df20ca-cc9d-4c11-b83f-71a59ff44b28 HTTP/1.1" status: 200 len: 1290 time: 0.0515637
2026-05-12 12:42:13.642 10 INFO neutron.wsgi [req-0a5297da-1bf3-4026-9a95-8063b2a772f0 req-d137f7ec-9c96-42d3-86a0-a831617f31fe fc29be8e7ecb4bd8bc93870ac5062f04 ee2d8ddb08214e70b9fb08d141b8b884 - - 80b0a9ab3f8643c882ac358e340d6954 80b0a9ab3f8643c882ac358e340d6954] 199.19.213.157 "GET /v2.0/subnets?id=94ebfcce-697f-4317-8e40-f91790526769 HTTP/1.1" status: 200 len: 829 time: 0.0280776
2026-05-12 12:42:13.672 10 INFO neutron.wsgi [req-0a5297da-1bf3-4026-9a95-8063b2a772f0 req-278684bf-09b4-49c7-8aa2-c53748d857e8 fc29be8e7ecb4bd8bc93870ac5062f04 ee2d8ddb08214e70b9fb08d141b8b884 - - 80b0a9ab3f8643c882ac358e340d6954 80b0a9ab3f8643c882ac358e340d6954] 199.19.213.157 "GET /v2.0/ports?network_id=cc8d9949-4f4e-405d-8f4a-916f24a5ba50&device_owner=network%3Adhcp HTTP/1.1" status: 200 len: 210 time: 0.0229378
2026-05-12 12:42:13.712 9 INFO neutron.db.ovn_revision_numbers_db [None req-4b8bd246-bb0c-4a81-b195-e2d82a7c5340 - - - - - -] Successfully bumped revision number for resource cce04f03-5c43-4a93-a6ac-4bd2753e2fc8 (type: ports) to 8
2026-05-12 12:42:13.784 10 INFO neutron.wsgi [req-0a5297da-1bf3-4026-9a95-8063b2a772f0 req-18dfdfe8-8b33-4686-bc81-1d813b158824 fc29be8e7ecb4bd8bc93870ac5062f04 ee2d8ddb08214e70b9fb08d141b8b884 - - 80b0a9ab3f8643c882ac358e340d6954 80b0a9ab3f8643c882ac358e340d6954] 199.19.213.157 "GET /v2.0/networks/cc8d9949-4f4e-405d-8f4a-916f24a5ba50?fields=segments HTTP/1.1" status: 200 len: 212 time: 0.1038079
2026-05-12 12:42:13.866 10 INFO neutron.wsgi [req-0a5297da-1bf3-4026-9a95-8063b2a772f0 req-d18be3ab-da0b-4638-a4ab-02b6e3afa5b6 fc29be8e7ecb4bd8bc93870ac5062f04 ee2d8ddb08214e70b9fb08d141b8b884 - - 80b0a9ab3f8643c882ac358e340d6954 80b0a9ab3f8643c882ac358e340d6954] 199.19.213.157 "GET /v2.0/networks/cc8d9949-4f4e-405d-8f4a-916f24a5ba50?fields=provider%3Aphysical_network&fields=provider%3Anetwork_type HTTP/1.1" status: 200 len: 277 time: 0.0737715
2026-05-12 12:42:14.092 9 INFO neutron.wsgi [None req-e5cc5c22-5d17-465d-9814-1a3dec8179f3 2ce7e2edef364c42b06cdf2bc98b66f0 6dbdf5d786b74831b82d34a23f4ace84 - - default default] 199.19.213.157 "DELETE /v2.0/ports/30df20ca-cc9d-4c11-b83f-71a59ff44b28 HTTP/1.1" status: 204 len: 173 time: 0.4490440
2026-05-12 12:42:14.203 9 INFO neutron.wsgi [None req-dac57474-f33f-4cf7-8f1c-fa03ea28dff0 2ce7e2edef364c42b06cdf2bc98b66f0 6dbdf5d786b74831b82d34a23f4ace84 - - default default] 199.19.213.157 "GET /v2.0/extensions/security-group HTTP/1.1" status: 200 len: 369 time: 0.0094676
2026-05-12 12:42:14.214 9 INFO neutron.wsgi [None req-c20ce808-7c1a-4b35-9010-b144ce382f90 2ce7e2edef364c42b06cdf2bc98b66f0 6dbdf5d786b74831b82d34a23f4ace84 - - default default] 199.19.213.157 "GET /v2.0/extensions/dns-integration HTTP/1.1" status: 200 len: 371 time: 0.0044529
2026-05-12 12:42:14.221 9 INFO neutron.wsgi [None req-6603dd25-552c-4c3e-8d05-3fd61d9e5cbf 2ce7e2edef364c42b06cdf2bc98b66f0 6dbdf5d786b74831b82d34a23f4ace84 - - default default] 199.19.213.157 "GET /v2.0/extensions/qos HTTP/1.1" status: 200 len: 365 time: 0.0039575
2026-05-12 12:42:14.231 9 INFO neutron.wsgi [None req-9bb0e345-f3b7-4d54-ba1a-f2ea121134bc 2ce7e2edef364c42b06cdf2bc98b66f0 6dbdf5d786b74831b82d34a23f4ace84 - - default default] 199.19.213.157 "GET /v2.0/extensions/allowed-address-pairs HTTP/1.1" status: 200 len: 383 time: 0.0035577
2026-05-12 12:42:14.251 9 INFO neutron.pecan_wsgi.hooks.translation [None req-c1576bba-0441-4424-8144-a29c4f02b3a0 2ce7e2edef364c42b06cdf2bc98b66f0 6dbdf5d786b74831b82d34a23f4ace84 - - default default] DELETE failed (client error): The resource could not be found.
2026-05-12 12:42:14.253 9 INFO neutron.wsgi [None req-c1576bba-0441-4424-8144-a29c4f02b3a0 2ce7e2edef364c42b06cdf2bc98b66f0 6dbdf5d786b74831b82d34a23f4ace84 - - default default] 199.19.213.157 "DELETE /v2.0/ports/30df20ca-cc9d-4c11-b83f-71a59ff44b28 HTTP/1.1" status: 404 len: 338 time: 0.0182745
2026-05-12 12:42:14.299 9 INFO neutron.wsgi [None req-10c5c26a-b859-4fa2-bc02-901242a705e5 2ce7e2edef364c42b06cdf2bc98b66f0 6dbdf5d786b74831b82d34a23f4ace84 - - default default] 199.19.213.157 "GET /v2.0/ports/cce04f03-5c43-4a93-a6ac-4bd2753e2fc8 HTTP/1.1" status: 200 len: 1332 time: 0.0394425
2026-05-12 12:42:14.322 9 INFO neutron.api.v2.resource [None req-9e190163-d97b-4943-852c-a84877c1618f 2ce7e2edef364c42b06cdf2bc98b66f0 6dbdf5d786b74831b82d34a23f4ace84 - - default default] show failed (client error): The resource could not be found.
2026-05-12 12:42:14.323 9 INFO neutron.wsgi [None req-9e190163-d97b-4943-852c-a84877c1618f 2ce7e2edef364c42b06cdf2bc98b66f0 6dbdf5d786b74831b82d34a23f4ace84 - - default default] 199.19.213.157 "GET /v2.0/security-groups/lb-f5a4c8a2-87a2-45e1-adf5-eb7bf3ebdbbd HTTP/1.1" status: 404 len: 355 time: 0.0110745
2026-05-12 12:42:14.357 9 INFO neutron.wsgi [None req-d7bbff7c-f460-42fe-827a-35edae44f55a 2ce7e2edef364c42b06cdf2bc98b66f0 6dbdf5d786b74831b82d34a23f4ace84 - - default default] 199.19.213.157 "GET /v2.0/security-groups?name=lb-f5a4c8a2-87a2-45e1-adf5-eb7bf3ebdbbd HTTP/1.1" status: 200 len: 1777 time: 0.0287278
2026-05-12 12:42:14.410 9 INFO neutron.wsgi [None req-4b6cf1f8-4a31-4192-a5d8-30cf03ef6a82 2ce7e2edef364c42b06cdf2bc98b66f0 6dbdf5d786b74831b82d34a23f4ace84 - - default default] 199.19.213.157 "GET /v2.0/ports/cce04f03-5c43-4a93-a6ac-4bd2753e2fc8 HTTP/1.1" status: 200 len: 1332 time: 0.0451124
2026-05-12 12:42:14.589 9 INFO neutron.notifiers.nova [-] Nova event matching ['req-ec5eb3c0-d5e8-412b-9e45-aa6b5bc4eb92'] response: {'server_uuid': '2c30d0ac-6e2e-4822-8526-355a3dd77b7e', 'name': 'network-vif-plugged', 'status': 'completed', 'tag': '30df20ca-cc9d-4c11-b83f-71a59ff44b28', 'code': 200}
2026-05-12 12:42:14.844 9 INFO neutron.db.ovn_revision_numbers_db [None req-aa21d841-b886-4106-a68c-dcbbaf3d617a 2ce7e2edef364c42b06cdf2bc98b66f0 6dbdf5d786b74831b82d34a23f4ace84 - - default default] Successfully bumped revision number for resource cce04f03-5c43-4a93-a6ac-4bd2753e2fc8 (type: ports) to 9
2026-05-12 12:42:14.867 9 INFO neutron.wsgi [None req-aa21d841-b886-4106-a68c-dcbbaf3d617a 2ce7e2edef364c42b06cdf2bc98b66f0 6dbdf5d786b74831b82d34a23f4ace84 - - default default] 199.19.213.157 "PUT /v2.0/ports/cce04f03-5c43-4a93-a6ac-4bd2753e2fc8 HTTP/1.1" status: 200 len: 1294 time: 0.4470391
2026-05-12 12:42:15.000 9 INFO neutron.wsgi [None req-977bb4c0-9eda-4371-935a-835898f47092 2ce7e2edef364c42b06cdf2bc98b66f0 6dbdf5d786b74831b82d34a23f4ace84 - - default default] 199.19.213.157 "DELETE /v2.0/security-groups/8af58679-cc73-4366-a9d2-b31f75be8d05 HTTP/1.1" status: 204 len: 173 time: 0.1261091
2026-05-12 12:42:15.370 9 INFO neutron.wsgi [None req-b59342f0-6f3b-49ce-b8e3-df37593c2d46 2ce7e2edef364c42b06cdf2bc98b66f0 6dbdf5d786b74831b82d34a23f4ace84 - - default default] 199.19.213.157 "DELETE /v2.0/ports/cce04f03-5c43-4a93-a6ac-4bd2753e2fc8 HTTP/1.1" status: 204 len: 173 time: 0.3641753
2026-05-12 12:42:15.708 9 INFO neutron.plugins.ml2.drivers.ovn.mech_driver.mech_driver [None req-8908fcf6-b835-4043-84f0-6f9c6dbe4e19 - - - - - -] OVN reports status down for port: be060395-f95c-452e-a4b9-8b5b2d74af76
2026-05-12 12:42:16.031 10 INFO neutron.wsgi [req-c6eb4e79-6779-497c-96a4-b0bdc1263352 req-09974ac2-ccf9-4a66-8bbc-bfb165d43f51 2ce7e2edef364c42b06cdf2bc98b66f0 6dbdf5d786b74831b82d34a23f4ace84 - - default default] 199.19.213.157 "GET /v2.0/ports?device_id=2c30d0ac-6e2e-4822-8526-355a3dd77b7e HTTP/1.1" status: 200 len: 1415 time: 0.0477250
2026-05-12 12:42:16.063 9 INFO neutron.db.ovn_revision_numbers_db [None req-8908fcf6-b835-4043-84f0-6f9c6dbe4e19 - - - - - -] Successfully bumped revision number for resource be060395-f95c-452e-a4b9-8b5b2d74af76 (type: ports) to 5
2026-05-12 12:42:16.340 10 INFO neutron.wsgi [req-c6eb4e79-6779-497c-96a4-b0bdc1263352 req-e63ca31f-04b1-4b6c-b9ef-23a6eb1e15bd 2ce7e2edef364c42b06cdf2bc98b66f0 6dbdf5d786b74831b82d34a23f4ace84 - - default default] 199.19.213.157 "DELETE /v2.0/ports/be060395-f95c-452e-a4b9-8b5b2d74af76 HTTP/1.1" status: 204 len: 173 time: 0.3035972
2026-05-12 12:42:16.383 10 INFO neutron.notifiers.nova [-] Nova event matching ['req-21f0f160-14ff-4d84-9d54-d5f98883bfda'] response: {'server_uuid': '2c30d0ac-6e2e-4822-8526-355a3dd77b7e', 'name': 'network-vif-deleted', 'tag': 'be060395-f95c-452e-a4b9-8b5b2d74af76', 'status': 'completed', 'code': 200}
2026-05-12 12:42:16.551 9 INFO neutron.db.l3_db [None req-4ef7bfaf-b58b-48d0-8a9a-f71bda843f07 b656bd948dfa464e88c48a008727e5d9 53473a0420034c18963b9974b5342f69 - - default default] Floating IP 3179391b-41b6-488e-a22b-3d4a95413605 disassociated (deleted). External IP: 10.96.250.215, port: f01ec76d-aecb-4b65-8ae1-ca3c35507101.
2026-05-12 12:42:16.636 9 INFO neutron.notifiers.nova [-] Nova event matching ['req-4e5ac573-baee-40a5-88c4-9f27c24b489f'] response: {'server_uuid': '2c30d0ac-6e2e-4822-8526-355a3dd77b7e', 'name': 'network-vif-unplugged', 'status': 'completed', 'tag': 'be060395-f95c-452e-a4b9-8b5b2d74af76', 'code': 200}
2026-05-12 12:42:16.636 9 INFO neutron.notifiers.nova [-] Nova event matching ['req-4e5ac573-baee-40a5-88c4-9f27c24b489f'] response: {'server_uuid': '2c30d0ac-6e2e-4822-8526-355a3dd77b7e', 'name': 'network-vif-plugged', 'status': 'completed', 'tag': 'be060395-f95c-452e-a4b9-8b5b2d74af76', 'code': 200}
2026-05-12 12:42:16.645 9 INFO neutron.wsgi [None req-4ef7bfaf-b58b-48d0-8a9a-f71bda843f07 b656bd948dfa464e88c48a008727e5d9 53473a0420034c18963b9974b5342f69 - - default default] 10.0.0.13 "DELETE /v2.0/floatingips/3179391b-41b6-488e-a22b-3d4a95413605 HTTP/1.1" status: 204 len: 168 time: 0.5371628 /var/lib/openstack/lib/python3.10/site-packages/pycadf/identifier.py:71: UserWarning: Invalid uuid: neutron. To ensure interoperability, identifiers should be a valid uuid. warnings.warn(('Invalid uuid: %s. To ensure interoperability, '
2026-05-12 12:42:16.674 9 INFO neutron.api.v2.resource [None req-936f5c07-68bf-4cc8-baab-f8f71ebc8328 b656bd948dfa464e88c48a008727e5d9 53473a0420034c18963b9974b5342f69 - - default default] show failed (client error): The resource could not be found.
2026-05-12 12:42:16.675 9 INFO neutron.wsgi [None req-936f5c07-68bf-4cc8-baab-f8f71ebc8328 b656bd948dfa464e88c48a008727e5d9 53473a0420034c18963b9974b5342f69 - - default default] 10.0.0.13 "GET /v2.0/floatingips/3179391b-41b6-488e-a22b-3d4a95413605 HTTP/1.1" status: 404 len: 345 time: 0.0249765
2026-05-12 12:42:16.965 10 INFO neutron.wsgi [req-17ff1aff-0046-4792-a306-1865ed6c7dba req-7b21b705-5bae-488f-a8a7-c37fbc64cdf4 b656bd948dfa464e88c48a008727e5d9 53473a0420034c18963b9974b5342f69 - - default default] 10.0.0.175 "GET /v2.0/ports?device_id=4fa46653-36ab-40cd-9cfc-0cd1b7a8b762 HTTP/1.1" status: 200 len: 1404 time: 0.1052718
2026-05-12 12:42:17.030 10 INFO neutron.wsgi [req-17ff1aff-0046-4792-a306-1865ed6c7dba req-0fa1e027-2bea-403c-8fe5-c4d405d5b041 b656bd948dfa464e88c48a008727e5d9 53473a0420034c18963b9974b5342f69 - - default default] 10.0.0.175 "GET /v2.0/security-groups?id=2a4577ef-9a12-439c-b7e2-e49cc398ab74&fields=id&fields=name HTTP/1.1" status: 200 len: 311 time: 0.0441885
2026-05-12 12:42:17.158 10 INFO neutron.plugins.ml2.drivers.ovn.mech_driver.mech_driver [None req-8479162a-4c9b-46bb-adc0-825076a643b3 - - - - - -] OVN reports status down for port: f01ec76d-aecb-4b65-8ae1-ca3c35507101
2026-05-12 12:42:17.524 10 INFO neutron.db.ovn_revision_numbers_db [None req-8479162a-4c9b-46bb-adc0-825076a643b3 - - - - - -] Successfully bumped revision number for resource f01ec76d-aecb-4b65-8ae1-ca3c35507101 (type: ports) to 5
2026-05-12 12:42:17.532 10 INFO neutron.wsgi [req-1e71ca5a-b659-4f96-a8e3-7b984135c953 req-3d1c3747-5786-4618-b61e-965a4f069486 b656bd948dfa464e88c48a008727e5d9 53473a0420034c18963b9974b5342f69 - - default default] 199.19.213.157 "GET /v2.0/ports?device_id=4fa46653-36ab-40cd-9cfc-0cd1b7a8b762 HTTP/1.1" status: 200 len: 1402 time: 0.0415928
2026-05-12 12:42:17.845 10 INFO neutron.wsgi [req-1e71ca5a-b659-4f96-a8e3-7b984135c953 req-7e4ae1eb-c36c-4d93-9a0f-dc169da18337 b656bd948dfa464e88c48a008727e5d9 53473a0420034c18963b9974b5342f69 - - default default] 199.19.213.157 "DELETE /v2.0/ports/f01ec76d-aecb-4b65-8ae1-ca3c35507101 HTTP/1.1" status: 204 len: 173 time: 0.3058889
2026-05-12 12:42:18.437 10 INFO neutron.notifiers.nova [-] Nova event matching ['req-819d7901-24d1-462d-9543-b150b6b24a33'] response: {'server_uuid': '4fa46653-36ab-40cd-9cfc-0cd1b7a8b762', 'name': 'network-vif-unplugged', 'status': 'completed', 'tag': 'f01ec76d-aecb-4b65-8ae1-ca3c35507101', 'code': 200}
2026-05-12 12:42:18.437 10 INFO neutron.notifiers.nova [-] Nova event matching ['req-819d7901-24d1-462d-9543-b150b6b24a33'] response: {'server_uuid': '4fa46653-36ab-40cd-9cfc-0cd1b7a8b762', 'name': 'network-vif-plugged', 'status': 'completed', 'tag': 'f01ec76d-aecb-4b65-8ae1-ca3c35507101', 'code': 200}
2026-05-12 12:42:18.438 10 INFO neutron.notifiers.nova [-] Nova event matching ['req-819d7901-24d1-462d-9543-b150b6b24a33'] response: {'server_uuid': '4fa46653-36ab-40cd-9cfc-0cd1b7a8b762', 'name': 'network-vif-deleted', 'tag': 'f01ec76d-aecb-4b65-8ae1-ca3c35507101', 'status': 'completed', 'code': 200}
2026-05-12 12:42:18.683 9 INFO neutron.notifiers.nova [-] Nova event matching ['req-4a6cd162-3091-486d-b83b-7161f3e7c360'] response: {'name': 'network-changed', 'server_uuid': '4fa46653-36ab-40cd-9cfc-0cd1b7a8b762', 'tag': 'f01ec76d-aecb-4b65-8ae1-ca3c35507101', 'status': 'completed', 'code': 200} /var/lib/openstack/lib/python3.10/site-packages/pycadf/identifier.py:71: UserWarning: Invalid uuid: neutron. To ensure interoperability, identifiers should be a valid uuid. warnings.warn(('Invalid uuid: %s. To ensure interoperability, '
2026-05-12 12:42:18.716 10 INFO neutron.wsgi [req-54cea361-c0ac-499e-8dd3-8ad5d1917672 req-5bf06f97-f973-4794-9b73-30550fcce246 fc29be8e7ecb4bd8bc93870ac5062f04 ee2d8ddb08214e70b9fb08d141b8b884 - - 80b0a9ab3f8643c882ac358e340d6954 80b0a9ab3f8643c882ac358e340d6954] 199.19.213.157 "GET /v2.0/ports?tenant_id=53473a0420034c18963b9974b5342f69&device_id=4fa46653-36ab-40cd-9cfc-0cd1b7a8b762 HTTP/1.1" status: 200 len: 210 time: 0.0273583
2026-05-12 12:42:18.832 10 INFO neutron.wsgi [req-54cea361-c0ac-499e-8dd3-8ad5d1917672 req-964d1f4f-7db4-4657-aa4c-2905df46fcc2 fc29be8e7ecb4bd8bc93870ac5062f04 ee2d8ddb08214e70b9fb08d141b8b884 - - 80b0a9ab3f8643c882ac358e340d6954 80b0a9ab3f8643c882ac358e340d6954] 199.19.213.157 "GET /v2.0/networks?tenant_id=53473a0420034c18963b9974b5342f69&shared=False HTTP/1.1" status: 200 len: 2583 time: 0.1082239
2026-05-12 12:42:18.919 10 INFO neutron.wsgi [req-54cea361-c0ac-499e-8dd3-8ad5d1917672 req-37ae5aa0-b4ae-48ac-bfbf-bcce771637f6 fc29be8e7ecb4bd8bc93870ac5062f04 ee2d8ddb08214e70b9fb08d141b8b884 - - 80b0a9ab3f8643c882ac358e340d6954 80b0a9ab3f8643c882ac358e340d6954] 199.19.213.157 "GET /v2.0/networks?shared=True HTTP/1.1" status: 200 len: 952 time: 0.0797868
2026-05-12 12:42:22.434 10 INFO neutron.db.l3_db [None req-24f7e476-7b43-457b-a5bf-3b14574725cd b656bd948dfa464e88c48a008727e5d9 53473a0420034c18963b9974b5342f69 - - default default] Floating IP 6f1288ed-6ed4-4c20-aef3-42aab956eabf disassociated (deleted). External IP: 10.96.250.204, port: 837e53d0-6200-4cf5-9c13-189edde00a72.
2026-05-12 12:42:22.487 10 INFO neutron.wsgi [None req-24f7e476-7b43-457b-a5bf-3b14574725cd b656bd948dfa464e88c48a008727e5d9 53473a0420034c18963b9974b5342f69 - - default default] 10.0.0.13 "DELETE /v2.0/floatingips/6f1288ed-6ed4-4c20-aef3-42aab956eabf HTTP/1.1" status: 204 len: 168 time: 0.3943670 /var/lib/openstack/lib/python3.10/site-packages/pycadf/identifier.py:71: UserWarning: Invalid uuid: neutron. To ensure interoperability, identifiers should be a valid uuid. warnings.warn(('Invalid uuid: %s. To ensure interoperability, '
2026-05-12 12:42:22.530 10 INFO neutron.notifiers.nova [-] Nova event matching ['req-4b850dac-b85d-406d-8140-4b1481b585b9'] response: {'name': 'network-changed', 'server_uuid': 'cf9e269d-ba5f-41df-a2b6-7fdd74af641a', 'tag': '837e53d0-6200-4cf5-9c13-189edde00a72', 'status': 'completed', 'code': 200}
2026-05-12 12:42:22.537 9 INFO neutron.api.v2.resource [None req-0f58af5d-3bbd-4ee3-b74c-35733742d3ad b656bd948dfa464e88c48a008727e5d9 53473a0420034c18963b9974b5342f69 - - default default] show failed (client error): The resource could not be found.
2026-05-12 12:42:22.539 9 INFO neutron.wsgi [None req-0f58af5d-3bbd-4ee3-b74c-35733742d3ad b656bd948dfa464e88c48a008727e5d9 53473a0420034c18963b9974b5342f69 - - default default] 10.0.0.13 "GET /v2.0/floatingips/6f1288ed-6ed4-4c20-aef3-42aab956eabf HTTP/1.1" status: 404 len: 345 time: 0.0438788
2026-05-12 12:42:22.598 10 INFO neutron.wsgi [req-67f59459-2b93-4a00-a9ae-8b6a1a9dab92 req-426a147a-0253-4073-a5c9-63806f028b03 fc29be8e7ecb4bd8bc93870ac5062f04 ee2d8ddb08214e70b9fb08d141b8b884 - - 80b0a9ab3f8643c882ac358e340d6954 80b0a9ab3f8643c882ac358e340d6954] 199.19.213.157 "GET /v2.0/ports?tenant_id=53473a0420034c18963b9974b5342f69&device_id=cf9e269d-ba5f-41df-a2b6-7fdd74af641a HTTP/1.1" status: 200 len: 1630 time: 0.0415282
2026-05-12 12:42:22.682 10 INFO neutron.wsgi [req-67f59459-2b93-4a00-a9ae-8b6a1a9dab92 req-540207b3-57c0-4867-af77-88e5d820d237 fc29be8e7ecb4bd8bc93870ac5062f04 ee2d8ddb08214e70b9fb08d141b8b884 - - 80b0a9ab3f8643c882ac358e340d6954 80b0a9ab3f8643c882ac358e340d6954] 199.19.213.157 "GET /v2.0/networks?id=5113d37d-6292-407d-8856-677034fb7170 HTTP/1.1" status: 200 len: 1002 time: 0.0764058
