2026-05-12 12:37:51.198 10 WARNING neutron_lib.context [None req-8065d985-0168-4845-be20-07e45d2bdda6 0d1fa3c3d9884b06a36dbb149bb065ca d54223fc3379428b882a15010e01ce68 - - default default] Method 'is_advsvc' is deprecated since 2023.2 release (neutron-lib 3.8.0) and will be removed once support for the old RBAC API policies will be removed from Neutron. Please use method 'is_service_role' instead.
2026-05-12 12:37:51.218 10 INFO neutron.db.securitygroups_db [None req-8065d985-0168-4845-be20-07e45d2bdda6 0d1fa3c3d9884b06a36dbb149bb065ca d54223fc3379428b882a15010e01ce68 - - default default] Project d54223fc3379428b882a15010e01ce68 added a security group rule with legacy IPv6 ICMP protocol name icmp, ipv6-icmp should be used instead. It was automatically converted.
2026-05-12 12:37:51.262 9 INFO neutron.wsgi [None req-a03aefa4-0a8a-4497-ba33-294f56c2579e f0763cf30b1049aba4dd4b78724377a0 279e3bf7b2614e4b8a18c1b718e950ea - - default default] 10.0.0.13 "GET /v2.0/ports/5294394f-87af-4473-be45-4b1b9518f602 HTTP/1.1" status: 200 len: 1020 time: 0.1304564
2026-05-12 12:37:51.337 10 INFO neutron.db.ovn_revision_numbers_db [None req-8065d985-0168-4845-be20-07e45d2bdda6 0d1fa3c3d9884b06a36dbb149bb065ca d54223fc3379428b882a15010e01ce68 - - default default] Successfully bumped revision number for resource 9b5b3f8a-bf9b-4555-a97a-0a0383d85b40 (type: security_group_rules) to 0
2026-05-12 12:37:51.364 9 INFO neutron.wsgi [None req-7f6049c2-f51b-43fd-8636-bf25b8aec3a4 f0763cf30b1049aba4dd4b78724377a0 279e3bf7b2614e4b8a18c1b718e950ea - - default default] 10.0.0.13 "DELETE /v2.0/trunks/75b3e33a-5964-412a-a124-24ba8529e019 HTTP/1.1" status: 204 len: 168 time: 0.0950644
2026-05-12 12:37:51.367 10 INFO neutron.wsgi [None req-8065d985-0168-4845-be20-07e45d2bdda6 0d1fa3c3d9884b06a36dbb149bb065ca d54223fc3379428b882a15010e01ce68 - - default default] 10.0.0.13 "POST /v2.0/security-group-rules HTTP/1.1" status: 201 len: 774 time: 0.1755970
2026-05-12 12:37:51.383 10 WARNING neutron_lib.context [None req-6057ffcb-4fce-424b-ab80-90d9308737bc 0d1fa3c3d9884b06a36dbb149bb065ca d54223fc3379428b882a15010e01ce68 - - default default] Method 'is_advsvc' is deprecated since 2023.2 release (neutron-lib 3.8.0) and will be removed once support for the old RBAC API policies will be removed from Neutron. Please use method 'is_service_role' instead.
2026-05-12 12:37:51.405 10 INFO neutron.db.securitygroups_db [None req-6057ffcb-4fce-424b-ab80-90d9308737bc 0d1fa3c3d9884b06a36dbb149bb065ca d54223fc3379428b882a15010e01ce68 - - default default] Project d54223fc3379428b882a15010e01ce68 added a security group rule with legacy IPv6 ICMP protocol name icmp, ipv6-icmp should be used instead. It was automatically converted.
2026-05-12 12:37:51.528 10 INFO neutron.db.ovn_revision_numbers_db [None req-6057ffcb-4fce-424b-ab80-90d9308737bc 0d1fa3c3d9884b06a36dbb149bb065ca d54223fc3379428b882a15010e01ce68 - - default default] Successfully bumped revision number for resource a7cbfab9-0a5c-4ba2-a98e-de6c7027b2b7 (type: security_group_rules) to 0
2026-05-12 12:37:51.551 10 INFO neutron.wsgi [None req-6057ffcb-4fce-424b-ab80-90d9308737bc 0d1fa3c3d9884b06a36dbb149bb065ca d54223fc3379428b882a15010e01ce68 - - default default] 10.0.0.13 "POST /v2.0/security-group-rules HTTP/1.1" status: 201 len: 773 time: 0.1764510
2026-05-12 12:37:51.632 9 INFO neutron.wsgi [None req-98776658-08cd-4027-b749-5b32a0e3cbc3 f0763cf30b1049aba4dd4b78724377a0 279e3bf7b2614e4b8a18c1b718e950ea - - default default] 10.0.0.13 "DELETE /v2.0/ports/5294394f-87af-4473-be45-4b1b9518f602 HTTP/1.1" status: 204 len: 168 time: 0.2615392
2026-05-12 12:37:52.026 9 INFO neutron.services.segments.plugin [-] Segment f1041cc7-118e-44f0-b4e1-2dc12c4ef2b7 resource provider aggregate not found
2026-05-12 12:37:52.030 9 INFO neutron.services.segments.plugin [-] Segment f1041cc7-118e-44f0-b4e1-2dc12c4ef2b7 resource provider aggregate not found
2026-05-12 12:37:52.046 9 INFO neutron.services.segments.plugin [-] Segment f1041cc7-118e-44f0-b4e1-2dc12c4ef2b7 resource provider not found; error: Placement Client Error (4xx): {"errors": [{"status": 404, "title": "Not Found", "detail": "The resource could not be found.\n\n No resource provider with uuid f1041cc7-118e-44f0-b4e1-2dc12c4ef2b7 found for delete ", "request_id": "req-da2667cf-32ba-447c-b0f7-19268b69ecf4"}]}
2026-05-12 12:37:52.057 9 INFO neutron.services.segments.plugin [-] Segment f1041cc7-118e-44f0-b4e1-2dc12c4ef2b7 resource provider not found; error: Placement Client Error (4xx): {"errors": [{"status": 404, "title": "Not Found", "detail": "The resource could not be found.\n\n No resource provider with uuid f1041cc7-118e-44f0-b4e1-2dc12c4ef2b7 found for delete ", "request_id": "req-47ff0fe2-ec06-4ffa-83c5-06d03ae138e7"}]}
2026-05-12 12:37:52.061 10 INFO neutron.wsgi [None req-548bda42-1dff-47a9-81cb-bce6a48a2d23 0d1fa3c3d9884b06a36dbb149bb065ca d54223fc3379428b882a15010e01ce68 - - default default] 10.0.0.13 "GET /v2.0/networks HTTP/1.1" status: 200 len: 1493 time: 0.1346841
2026-05-12 12:37:52.093 9 INFO neutron.wsgi [None req-a4de98d7-dd46-400c-9882-dcd4001282dc f0763cf30b1049aba4dd4b78724377a0 279e3bf7b2614e4b8a18c1b718e950ea - - default default] 10.0.0.13 "DELETE /v2.0/networks/4d04e39e-0304-43a7-a051-0819f0663160 HTTP/1.1" status: 204 len: 168 time: 0.4543006
2026-05-12 12:37:52.194 10 INFO neutron.wsgi [req-10e35294-7a82-4832-9f8e-66d1223c6810 req-3d186a7c-1edd-4882-ba91-1d5a10131a1d 0d1fa3c3d9884b06a36dbb149bb065ca d54223fc3379428b882a15010e01ce68 - - default default] 10.0.0.175 "GET /v2.0/security-groups?name=tempest-secgroup-smoke-1835600647&fields=id&tenant_id=d54223fc3379428b882a15010e01ce68 HTTP/1.1" status: 200 len: 267 time: 0.0502002
2026-05-12 12:37:52.263 10 INFO neutron.wsgi [req-10e35294-7a82-4832-9f8e-66d1223c6810 req-096fa403-3103-45a4-b557-6f149838b8bd 0d1fa3c3d9884b06a36dbb149bb065ca d54223fc3379428b882a15010e01ce68 - - default default] 10.0.0.175 "GET /v2.0/networks?id=786ebe23-febb-479e-9d61-1899573bc152 HTTP/1.1" status: 200 len: 860 time: 0.0640709
2026-05-12 12:37:52.280 10 INFO neutron.wsgi [req-10e35294-7a82-4832-9f8e-66d1223c6810 req-18cd60a1-9918-448e-965e-e605ea88a8c3 0d1fa3c3d9884b06a36dbb149bb065ca d54223fc3379428b882a15010e01ce68 - - default default] 10.0.0.175 "GET /v2.0/quotas/d54223fc3379428b882a15010e01ce68 HTTP/1.1" status: 200 len: 386 time: 0.0105975
2026-05-12 12:37:52.385 10 INFO neutron.wsgi [req-10e35294-7a82-4832-9f8e-66d1223c6810 req-44d232d9-f4cc-4608-93a7-8aa47aea586d 0d1fa3c3d9884b06a36dbb149bb065ca d54223fc3379428b882a15010e01ce68 - - default default] 10.0.0.175 "GET /v2.0/ports?tenant_id=d54223fc3379428b882a15010e01ce68&fields=id HTTP/1.1" status: 200 len: 348 time: 0.0956967
2026-05-12 12:37:52.488 10 INFO neutron.wsgi [req-10e35294-7a82-4832-9f8e-66d1223c6810 req-eadcc125-9f09-4a5c-ac64-caf5444b805a fc29be8e7ecb4bd8bc93870ac5062f04 ee2d8ddb08214e70b9fb08d141b8b884 - - 80b0a9ab3f8643c882ac358e340d6954 80b0a9ab3f8643c882ac358e340d6954] 10.0.0.175 "GET /v2.0/networks/786ebe23-febb-479e-9d61-1899573bc152?fields=segments HTTP/1.1" status: 200 len: 212 time: 0.0893509
2026-05-12 12:37:52.869 10 INFO neutron.wsgi [req-10e35294-7a82-4832-9f8e-66d1223c6810 req-4716f18a-f903-4f69-9a5e-41b50e6c38f0 fc29be8e7ecb4bd8bc93870ac5062f04 ee2d8ddb08214e70b9fb08d141b8b884 - - 80b0a9ab3f8643c882ac358e340d6954 80b0a9ab3f8643c882ac358e340d6954] 10.0.0.175 "GET /v2.0/networks/786ebe23-febb-479e-9d61-1899573bc152?fields=provider%3Aphysical_network&fields=provider%3Anetwork_type HTTP/1.1" status: 200 len: 277 time: 0.3717997
2026-05-12 12:37:53.092 9 INFO neutron.plugins.ml2.drivers.ovn.mech_driver.mech_driver [None req-8908fcf6-b835-4043-84f0-6f9c6dbe4e19 - - - - - -] OVN reports status down for port: c23dc57c-964c-4dfc-82bc-2ae24f7c64eb
2026-05-12 12:37:53.107 10 INFO neutron.wsgi [req-dccdd6c3-573d-48f4-b425-e3a9a99ae2b2 req-7b902c50-70b1-4365-9b8f-a02a5060bb45 0d1fa3c3d9884b06a36dbb149bb065ca d54223fc3379428b882a15010e01ce68 - - default default] 10.0.0.175 "GET /v2.0/ports?device_id=d2473624-062f-4e22-b4f4-cab291786754 HTTP/1.1" status: 200 len: 210 time: 0.0309050
2026-05-12 12:37:53.132 10 INFO neutron.wsgi [req-77ea3b3d-0dc2-42b3-b3fa-5f690e188f37 req-0bae464e-8e6a-4e0e-8037-b13fc5320fe2 5fc713da3a4248988770a015fe4cd78f cfc13d12338f4b96bdb9458482e81270 - - default default] 10.0.0.175 "GET /v2.0/ports?device_id=ef175b95-a209-4f09-accb-fb18ff9b90bf HTTP/1.1" status: 200 len: 1214 time: 0.0771315
2026-05-12 12:37:53.184 9 INFO neutron.db.ovn_revision_numbers_db [None req-905ed001-52de-4696-a179-e28476ba99bb 2ce7e2edef364c42b06cdf2bc98b66f0 6dbdf5d786b74831b82d34a23f4ace84 - - default default] Successfully bumped revision number for resource 946553a0-426e-40b9-a28b-4b1979eaa0d9 (type: security_groups) to 1
2026-05-12 12:37:53.198 10 INFO neutron.wsgi [req-77ea3b3d-0dc2-42b3-b3fa-5f690e188f37 req-45058295-ca4e-418c-960d-b1829c693190 5fc713da3a4248988770a015fe4cd78f cfc13d12338f4b96bdb9458482e81270 - - default default] 10.0.0.175 "GET /v2.0/security-groups?id=8278c3d3-a728-4e29-bd90-a25be44035e7&id=c3fbacfb-190a-4e79-a8a9-5fb7787dc044&fields=id&fields=name HTTP/1.1" status: 200 len: 406 time: 0.0569992
2026-05-12 12:37:53.223 9 INFO neutron.db.ovn_revision_numbers_db [None req-905ed001-52de-4696-a179-e28476ba99bb 2ce7e2edef364c42b06cdf2bc98b66f0 6dbdf5d786b74831b82d34a23f4ace84 - - default default] Successfully bumped revision number for resource 51b57db7-a367-4e71-ac72-edf73b53155a (type: security_group_rules) to 0
2026-05-12 12:37:53.247 9 INFO neutron.db.ovn_revision_numbers_db [None req-905ed001-52de-4696-a179-e28476ba99bb 2ce7e2edef364c42b06cdf2bc98b66f0 6dbdf5d786b74831b82d34a23f4ace84 - - default default] Successfully bumped revision number for resource 53bbc2b4-8ef7-443b-bca6-d98ef5e0d506 (type: security_group_rules) to 0
2026-05-12 12:37:53.275 9 INFO neutron.db.ovn_revision_numbers_db [None req-905ed001-52de-4696-a179-e28476ba99bb 2ce7e2edef364c42b06cdf2bc98b66f0 6dbdf5d786b74831b82d34a23f4ace84 - - default default] Successfully bumped revision number for resource 59838224-746e-4320-8359-aadb4740fa3c (type: security_group_rules) to 0
2026-05-12 12:37:53.285 9 INFO neutron.notifiers.nova [-] Nova event matching ['req-aaa01c79-5e53-4bd1-aec8-eee7d9c25ac6'] response: {'server_uuid': 'ef175b95-a209-4f09-accb-fb18ff9b90bf', 'name': 'network-vif-unplugged', 'status': 'completed', 'tag': 'c23dc57c-964c-4dfc-82bc-2ae24f7c64eb', 'code': 200}
2026-05-12 12:37:53.336 9 INFO neutron.db.ovn_revision_numbers_db [None req-905ed001-52de-4696-a179-e28476ba99bb 2ce7e2edef364c42b06cdf2bc98b66f0 6dbdf5d786b74831b82d34a23f4ace84 - - default default] Successfully bumped revision number for resource eec4643d-7350-4939-8ab3-cbc6c53ba60b (type: security_group_rules) to 0
2026-05-12 12:37:53.376 9 INFO neutron.wsgi [None req-905ed001-52de-4696-a179-e28476ba99bb 2ce7e2edef364c42b06cdf2bc98b66f0 6dbdf5d786b74831b82d34a23f4ace84 - - default default] 10.0.0.13 "GET /v2.0/security-groups?tenant_id=db0de73eb4074b85973ae04602979c9b&name=default HTTP/1.1" status: 200 len: 2996 time: 0.4839911
2026-05-12 12:37:53.447 10 INFO neutron.wsgi [req-406129f1-9f33-4981-a159-8147ff054b91 req-7efc8d1b-deca-4552-a5df-11636a2c15a7 5fc713da3a4248988770a015fe4cd78f cfc13d12338f4b96bdb9458482e81270 - - default default] 199.19.213.157 "GET /v2.0/ports?device_id=ef175b95-a209-4f09-accb-fb18ff9b90bf HTTP/1.1" status: 200 len: 1212 time: 0.0580311
2026-05-12 12:37:53.520 9 INFO neutron.db.ovn_revision_numbers_db [None req-8908fcf6-b835-4043-84f0-6f9c6dbe4e19 - - - - - -] Successfully bumped revision number for resource c23dc57c-964c-4dfc-82bc-2ae24f7c64eb (type: ports) to 5
2026-05-12 12:37:53.685 9 INFO neutron.wsgi [None req-bc3e4809-b96a-4cf5-993e-0a50df63ecb4 2ce7e2edef364c42b06cdf2bc98b66f0 6dbdf5d786b74831b82d34a23f4ace84 - - default default] 10.0.0.13 "DELETE /v2.0/security-groups/946553a0-426e-40b9-a28b-4b1979eaa0d9 HTTP/1.1" status: 204 len: 168 time: 0.3025823
2026-05-12 12:37:53.688 9 INFO neutron.wsgi [-] 10.0.0.208 "GET / HTTP/1.1" status: 200 len: 247 time: 0.0015001
2026-05-12 12:37:53.690 9 INFO neutron.wsgi [-] 10.0.0.208 "GET / HTTP/1.1" status: 200 len: 247 time: 0.0009701
2026-05-12 12:37:53.883 10 INFO neutron.wsgi [None req-eea7ac9e-15a8-470b-8410-e8e1435d1ae3 2ce7e2edef364c42b06cdf2bc98b66f0 6dbdf5d786b74831b82d34a23f4ace84 - - default default] 10.0.0.13 "GET /v2.0/security-groups?tenant_id=279e3bf7b2614e4b8a18c1b718e950ea&name=default HTTP/1.1" status: 200 len: 2996 time: 0.0764244
2026-05-12 12:37:53.904 10 INFO neutron.db.l3_db [req-406129f1-9f33-4981-a159-8147ff054b91 req-6abfd039-c3ce-4a13-9eb2-e0e5c0013373 5fc713da3a4248988770a015fe4cd78f cfc13d12338f4b96bdb9458482e81270 - - default default] Floating IP 1067cd8e-e8cb-47bc-be0f-a1b53d64c39d disassociated. External IP: 10.96.250.213, port: c23dc57c-964c-4dfc-82bc-2ae24f7c64eb. /var/lib/openstack/lib/python3.10/site-packages/pycadf/identifier.py:71: UserWarning: Invalid uuid: neutron. To ensure interoperability, identifiers should be a valid uuid. warnings.warn(('Invalid uuid: %s. To ensure interoperability, '
2026-05-12 12:37:54.167 10 INFO neutron.wsgi [req-406129f1-9f33-4981-a159-8147ff054b91 req-6abfd039-c3ce-4a13-9eb2-e0e5c0013373 5fc713da3a4248988770a015fe4cd78f cfc13d12338f4b96bdb9458482e81270 - - default default] 199.19.213.157 "DELETE /v2.0/ports/c23dc57c-964c-4dfc-82bc-2ae24f7c64eb HTTP/1.1" status: 204 len: 173 time: 0.7150364
2026-05-12 12:37:54.223 10 INFO neutron.notifiers.nova [-] Nova event matching ['req-aedf6493-635a-4de8-b14a-2320db858b40'] response: {'server_uuid': 'ef175b95-a209-4f09-accb-fb18ff9b90bf', 'name': 'network-vif-deleted', 'tag': 'c23dc57c-964c-4dfc-82bc-2ae24f7c64eb', 'status': 'completed', 'code': 200}
2026-05-12 12:37:54.226 10 INFO neutron.wsgi [None req-e55efefd-5da7-439c-be42-f0180923c0ea 2ce7e2edef364c42b06cdf2bc98b66f0 6dbdf5d786b74831b82d34a23f4ace84 - - default default] 10.0.0.13 "DELETE /v2.0/security-groups/ab91cb5a-dd5c-453d-a63b-b3095e135322 HTTP/1.1" status: 204 len: 168 time: 0.3382657
2026-05-12 12:37:54.239 10 INFO neutron.wsgi [req-fa8c4f87-d116-4458-aadf-1e18a1f4eeec req-62a42842-758d-41f3-b0aa-a2cea6f15ee2 0d1fa3c3d9884b06a36dbb149bb065ca d54223fc3379428b882a15010e01ce68 - - default default] 10.0.0.175 "GET /v2.0/ports?device_id=d2473624-062f-4e22-b4f4-cab291786754 HTTP/1.1" status: 200 len: 210 time: 0.0345569
2026-05-12 12:37:54.348 10 INFO neutron.wsgi [req-87b98ff8-8f0c-498b-8ba9-919a17977bfa req-10b006c3-16c9-4088-a812-d849c8ae9197 5fc713da3a4248988770a015fe4cd78f cfc13d12338f4b96bdb9458482e81270 - - default default] 10.0.0.175 "GET /v2.0/ports?device_id=ef175b95-a209-4f09-accb-fb18ff9b90bf HTTP/1.1" status: 200 len: 210 time: 0.0447667
2026-05-12 12:37:54.523 9 INFO neutron.wsgi [req-10e35294-7a82-4832-9f8e-66d1223c6810 req-8289788f-eee4-45f8-9043-526a2af535f1 0d1fa3c3d9884b06a36dbb149bb065ca d54223fc3379428b882a15010e01ce68 - - default default] 199.19.213.157 "GET /v2.0/networks?id=786ebe23-febb-479e-9d61-1899573bc152 HTTP/1.1" status: 200 len: 860 time: 0.5515995
2026-05-12 12:37:54.581 9 INFO neutron.wsgi [req-10e35294-7a82-4832-9f8e-66d1223c6810 req-a9a842ef-96bf-4ce2-9c56-c707cb1d3d9e 0d1fa3c3d9884b06a36dbb149bb065ca d54223fc3379428b882a15010e01ce68 - - default default] 199.19.213.157 "GET /v2.0/security-groups?fields=id&fields=name&tenant_id=d54223fc3379428b882a15010e01ce68 HTTP/1.1" status: 200 len: 473 time: 0.0539174
2026-05-12 12:37:54.595 9 WARNING neutron_lib.context [req-10e35294-7a82-4832-9f8e-66d1223c6810 req-6bd3c29d-9832-414c-a320-fcc52dae9b0d 0d1fa3c3d9884b06a36dbb149bb065ca d54223fc3379428b882a15010e01ce68 - - default default] Method 'is_advsvc' is deprecated since 2023.2 release (neutron-lib 3.8.0) and will be removed once support for the old RBAC API policies will be removed from Neutron. Please use method 'is_service_role' instead.
2026-05-12 12:37:54.949 9 WARNING neutron.scheduler.dhcp_agent_scheduler [req-10e35294-7a82-4832-9f8e-66d1223c6810 req-6bd3c29d-9832-414c-a320-fcc52dae9b0d 0d1fa3c3d9884b06a36dbb149bb065ca d54223fc3379428b882a15010e01ce68 - - default default] No more DHCP agents
2026-05-12 12:37:54.951 9 WARNING neutron.api.rpc.agentnotifiers.dhcp_rpc_agent_api [req-10e35294-7a82-4832-9f8e-66d1223c6810 req-6bd3c29d-9832-414c-a320-fcc52dae9b0d 0d1fa3c3d9884b06a36dbb149bb065ca d54223fc3379428b882a15010e01ce68 - - default default] Unable to schedule network 786ebe23-febb-479e-9d61-1899573bc152: no agents available; will retry on subsequent port and subnet creation events.
2026-05-12 12:37:55.129 9 INFO neutron.db.ovn_revision_numbers_db [req-10e35294-7a82-4832-9f8e-66d1223c6810 req-6bd3c29d-9832-414c-a320-fcc52dae9b0d 0d1fa3c3d9884b06a36dbb149bb065ca d54223fc3379428b882a15010e01ce68 - - default default] Successfully bumped revision number for resource 56b0f8aa-2c50-413c-ab4f-032e72ebfb24 (type: ports) to 1
2026-05-12 12:37:55.149 9 INFO neutron.wsgi [req-10e35294-7a82-4832-9f8e-66d1223c6810 req-6bd3c29d-9832-414c-a320-fcc52dae9b0d 0d1fa3c3d9884b06a36dbb149bb065ca d54223fc3379428b882a15010e01ce68 - - default default] 199.19.213.157 "POST /v2.0/ports HTTP/1.1" status: 201 len: 1158 time: 0.5595894 /var/lib/openstack/lib/python3.10/site-packages/pycadf/identifier.py:71: UserWarning: Invalid uuid: neutron. To ensure interoperability, identifiers should be a valid uuid. warnings.warn(('Invalid uuid: %s. To ensure interoperability, '
2026-05-12 12:37:55.341 9 INFO neutron.notifiers.nova [-] Nova event matching ['req-3cde4708-a2af-46e2-9ab7-de98f3225c68'] response: {'server_uuid': 'ef175b95-a209-4f09-accb-fb18ff9b90bf', 'name': 'network-vif-plugged', 'status': 'completed', 'tag': 'c23dc57c-964c-4dfc-82bc-2ae24f7c64eb', 'code': 200}
2026-05-12 12:37:55.375 10 INFO neutron.wsgi [req-18948c86-ca04-40fb-af67-3bc332f84ba6 req-a6a8f529-b8d8-4b23-ae54-5f87e43a7076 0d1fa3c3d9884b06a36dbb149bb065ca d54223fc3379428b882a15010e01ce68 - - default default] 10.0.0.175 "GET /v2.0/ports?device_id=d2473624-062f-4e22-b4f4-cab291786754 HTTP/1.1" status: 200 len: 1156 time: 0.0449617
2026-05-12 12:37:55.443 10 INFO neutron.wsgi [req-18948c86-ca04-40fb-af67-3bc332f84ba6 req-eabad4b7-008f-413a-a5f5-29ecc1fb9392 0d1fa3c3d9884b06a36dbb149bb065ca d54223fc3379428b882a15010e01ce68 - - default default] 10.0.0.175 "GET /v2.0/security-groups?id=432056d5-350e-4087-b4f8-a3f9152ca046&fields=id&fields=name HTTP/1.1" status: 200 len: 313 time: 0.0557363
2026-05-12 12:37:55.601 9 INFO neutron.db.ovn_revision_numbers_db [req-10e35294-7a82-4832-9f8e-66d1223c6810 req-3fdf319a-f2e5-4479-9546-f3809d0fe7c9 fc29be8e7ecb4bd8bc93870ac5062f04 ee2d8ddb08214e70b9fb08d141b8b884 - - 80b0a9ab3f8643c882ac358e340d6954 80b0a9ab3f8643c882ac358e340d6954] Successfully bumped revision number for resource 56b0f8aa-2c50-413c-ab4f-032e72ebfb24 (type: ports) to 2
2026-05-12 12:37:55.651 10 INFO neutron.wsgi [None req-cbff9aa6-a538-4cb4-a4e5-46b88fbb1331 5fc713da3a4248988770a015fe4cd78f cfc13d12338f4b96bdb9458482e81270 - - default default] 10.0.0.13 "DELETE /v2.0/security-groups/c3fbacfb-190a-4e79-a8a9-5fb7787dc044 HTTP/1.1" status: 204 len: 168 time: 0.1468337
2026-05-12 12:37:55.671 10 INFO neutron.api.v2.resource [None req-0fccd342-63ca-4a5c-96e9-fa4ed0c15216 5fc713da3a4248988770a015fe4cd78f cfc13d12338f4b96bdb9458482e81270 - - default default] show failed (client error): The resource could not be found.
2026-05-12 12:37:55.673 10 INFO neutron.wsgi [None req-0fccd342-63ca-4a5c-96e9-fa4ed0c15216 5fc713da3a4248988770a015fe4cd78f cfc13d12338f4b96bdb9458482e81270 - - default default] 10.0.0.13 "GET /v2.0/security-groups/c3fbacfb-190a-4e79-a8a9-5fb7787dc044 HTTP/1.1" status: 404 len: 347 time: 0.0151513
2026-05-12 12:37:55.789 9 INFO neutron.db.ovn_revision_numbers_db [req-10e35294-7a82-4832-9f8e-66d1223c6810 req-3fdf319a-f2e5-4479-9546-f3809d0fe7c9 fc29be8e7ecb4bd8bc93870ac5062f04 ee2d8ddb08214e70b9fb08d141b8b884 - - 80b0a9ab3f8643c882ac358e340d6954 80b0a9ab3f8643c882ac358e340d6954] Successfully bumped revision number for resource 56b0f8aa-2c50-413c-ab4f-032e72ebfb24 (type: ports) to 2
2026-05-12 12:37:55.809 9 INFO neutron.wsgi [req-10e35294-7a82-4832-9f8e-66d1223c6810 req-3fdf319a-f2e5-4479-9546-f3809d0fe7c9 fc29be8e7ecb4bd8bc93870ac5062f04 ee2d8ddb08214e70b9fb08d141b8b884 - - 80b0a9ab3f8643c882ac358e340d6954 80b0a9ab3f8643c882ac358e340d6954] 199.19.213.157 "PUT /v2.0/ports/56b0f8aa-2c50-413c-ab4f-032e72ebfb24 HTTP/1.1" status: 200 len: 1376 time: 0.6523740 /var/lib/openstack/lib/python3.10/site-packages/pycadf/identifier.py:71: UserWarning: Invalid uuid: neutron. To ensure interoperability, identifiers should be a valid uuid. warnings.warn(('Invalid uuid: %s. To ensure interoperability, '
2026-05-12 12:37:55.922 9 INFO neutron.wsgi [req-10e35294-7a82-4832-9f8e-66d1223c6810 req-1e04d1c4-0d4d-401f-9595-23aa1308438c fc29be8e7ecb4bd8bc93870ac5062f04 ee2d8ddb08214e70b9fb08d141b8b884 - - 80b0a9ab3f8643c882ac358e340d6954 80b0a9ab3f8643c882ac358e340d6954] 199.19.213.157 "GET /v2.0/ports?tenant_id=d54223fc3379428b882a15010e01ce68&device_id=d2473624-062f-4e22-b4f4-cab291786754 HTTP/1.1" status: 200 len: 1407 time: 0.0766377
2026-05-12 12:37:55.966 9 INFO neutron.wsgi [req-10e35294-7a82-4832-9f8e-66d1223c6810 req-714c6227-db74-4134-8d39-0864edf57c2e fc29be8e7ecb4bd8bc93870ac5062f04 ee2d8ddb08214e70b9fb08d141b8b884 - - 80b0a9ab3f8643c882ac358e340d6954 80b0a9ab3f8643c882ac358e340d6954] 199.19.213.157 "GET /v2.0/floatingips?fixed_ip_address=10.100.0.8&port_id=56b0f8aa-2c50-413c-ab4f-032e72ebfb24 HTTP/1.1" status: 200 len: 217 time: 0.0347776
2026-05-12 12:37:56.010 9 INFO neutron.wsgi [req-10e35294-7a82-4832-9f8e-66d1223c6810 req-5fdc0996-ffc6-4c39-a453-ffe0e667bbb4 fc29be8e7ecb4bd8bc93870ac5062f04 ee2d8ddb08214e70b9fb08d141b8b884 - - 80b0a9ab3f8643c882ac358e340d6954 80b0a9ab3f8643c882ac358e340d6954] 199.19.213.157 "GET /v2.0/subnets?id=f4fdf85f-d4ae-4fd0-9b88-f5714bcf0a3d HTTP/1.1" status: 200 len: 852 time: 0.0360205
2026-05-12 12:37:56.025 10 INFO neutron.wsgi [None req-2a3557af-10f9-43b6-b3b1-2c4d429a9c09 5fc713da3a4248988770a015fe4cd78f cfc13d12338f4b96bdb9458482e81270 - - default default] 10.0.0.13 "DELETE /v2.0/floatingips/1067cd8e-e8cb-47bc-be0f-a1b53d64c39d HTTP/1.1" status: 204 len: 168 time: 0.3472011
2026-05-12 12:37:56.056 9 INFO neutron.wsgi [req-10e35294-7a82-4832-9f8e-66d1223c6810 req-261efe3d-02ef-4f3c-b6e0-8650b1cda0db fc29be8e7ecb4bd8bc93870ac5062f04 ee2d8ddb08214e70b9fb08d141b8b884 - - 80b0a9ab3f8643c882ac358e340d6954 80b0a9ab3f8643c882ac358e340d6954] 199.19.213.157 "GET /v2.0/ports?network_id=786ebe23-febb-479e-9d61-1899573bc152&device_owner=network%3Adhcp HTTP/1.1" status: 200 len: 210 time: 0.0383492
2026-05-12 12:37:56.130 9 INFO neutron.wsgi [req-10e35294-7a82-4832-9f8e-66d1223c6810 req-e0a2e39f-5d05-4f5e-9b7a-b8c2571efce5 fc29be8e7ecb4bd8bc93870ac5062f04 ee2d8ddb08214e70b9fb08d141b8b884 - - 80b0a9ab3f8643c882ac358e340d6954 80b0a9ab3f8643c882ac358e340d6954] 199.19.213.157 "GET /v2.0/networks/786ebe23-febb-479e-9d61-1899573bc152?fields=segments HTTP/1.1" status: 200 len: 212 time: 0.0651960
2026-05-12 12:37:56.160 10 INFO neutron.wsgi [None req-63587b0e-2563-409e-ac52-d67d4d7c950d 5fc713da3a4248988770a015fe4cd78f cfc13d12338f4b96bdb9458482e81270 - - default default] 10.0.0.13 "DELETE /v2.0/security-groups/8278c3d3-a728-4e29-bd90-a25be44035e7 HTTP/1.1" status: 204 len: 168 time: 0.1272731
2026-05-12 12:37:56.202 9 INFO neutron.wsgi [req-10e35294-7a82-4832-9f8e-66d1223c6810 req-2aa09504-6851-4173-88d0-b31530fb1c94 fc29be8e7ecb4bd8bc93870ac5062f04 ee2d8ddb08214e70b9fb08d141b8b884 - - 80b0a9ab3f8643c882ac358e340d6954 80b0a9ab3f8643c882ac358e340d6954] 199.19.213.157 "GET /v2.0/networks/786ebe23-febb-479e-9d61-1899573bc152?fields=provider%3Aphysical_network&fields=provider%3Anetwork_type HTTP/1.1" status: 200 len: 277 time: 0.0638471
2026-05-12 12:37:56.413 10 INFO neutron.plugins.ml2.drivers.ovn.mech_driver.mech_driver [None req-8479162a-4c9b-46bb-adc0-825076a643b3 - - - - - -] OVN reports status up for port: 56b0f8aa-2c50-413c-ab4f-032e72ebfb24
2026-05-12 12:37:56.448 10 INFO neutron.plugins.ml2.plugin [None req-8479162a-4c9b-46bb-adc0-825076a643b3 - - - - - -] Attempt 1 to provision port 56b0f8aa-2c50-413c-ab4f-032e72ebfb24
2026-05-12 12:37:56.589 10 INFO neutron.wsgi [req-f0e83a96-2312-4432-b6c2-66a4e736e23c req-d3d3de52-a029-43b1-a32d-b540fb7e0375 0d1fa3c3d9884b06a36dbb149bb065ca d54223fc3379428b882a15010e01ce68 - - default default] 10.0.0.175 "GET /v2.0/ports?device_id=d2473624-062f-4e22-b4f4-cab291786754 HTTP/1.1" status: 200 len: 1168 time: 0.0667787
2026-05-12 12:37:56.654 10 INFO neutron.notifiers.nova [-] Nova event matching ['req-5efc0426-9bb3-4a1f-83c6-4968a5b4d62a'] response: {'server_uuid': 'd2473624-062f-4e22-b4f4-cab291786754', 'name': 'network-vif-plugged', 'status': 'completed', 'tag': '56b0f8aa-2c50-413c-ab4f-032e72ebfb24', 'code': 200}
2026-05-12 12:37:56.686 10 INFO neutron.wsgi [req-f0e83a96-2312-4432-b6c2-66a4e736e23c req-90802e28-f462-48d6-a4b0-bdb21e19596b 0d1fa3c3d9884b06a36dbb149bb065ca d54223fc3379428b882a15010e01ce68 - - default default] 10.0.0.175 "GET /v2.0/security-groups?id=432056d5-350e-4087-b4f8-a3f9152ca046&fields=id&fields=name HTTP/1.1" status: 200 len: 313 time: 0.0843387
2026-05-12 12:37:56.903 10 INFO neutron.db.ovn_revision_numbers_db [None req-8479162a-4c9b-46bb-adc0-825076a643b3 - - - - - -] Successfully bumped revision number for resource 56b0f8aa-2c50-413c-ab4f-032e72ebfb24 (type: ports) to 4
2026-05-12 12:37:57.390 9 INFO neutron.notifiers.nova [-] Nova event matching ['req-a09a6ed3-5d63-4591-9078-867d8bf405c6'] response: {'name': 'network-changed', 'server_uuid': 'd2473624-062f-4e22-b4f4-cab291786754', 'tag': '56b0f8aa-2c50-413c-ab4f-032e72ebfb24', 'status': 'completed', 'code': 200}
2026-05-12 12:37:57.480 9 INFO neutron.wsgi [req-ddfe10e3-bcf4-4d25-b43b-a56c33974f2a req-150851e8-254d-4e52-87f6-09c52a665388 fc29be8e7ecb4bd8bc93870ac5062f04 ee2d8ddb08214e70b9fb08d141b8b884 - - 80b0a9ab3f8643c882ac358e340d6954 80b0a9ab3f8643c882ac358e340d6954] 199.19.213.157 "GET /v2.0/ports?tenant_id=d54223fc3379428b882a15010e01ce68&device_id=d2473624-062f-4e22-b4f4-cab291786754 HTTP/1.1" status: 200 len: 1409 time: 0.0674362
2026-05-12 12:37:57.564 9 INFO neutron.wsgi [req-ddfe10e3-bcf4-4d25-b43b-a56c33974f2a req-13ba8951-30b7-4388-b1c7-460da2ac541a fc29be8e7ecb4bd8bc93870ac5062f04 ee2d8ddb08214e70b9fb08d141b8b884 - - 80b0a9ab3f8643c882ac358e340d6954 80b0a9ab3f8643c882ac358e340d6954] 199.19.213.157 "GET /v2.0/networks?id=786ebe23-febb-479e-9d61-1899573bc152 HTTP/1.1" status: 200 len: 959 time: 0.0752256
2026-05-12 12:37:57.615 9 INFO neutron.wsgi [req-ddfe10e3-bcf4-4d25-b43b-a56c33974f2a req-85d58242-6e6d-4af3-bef9-8f5bae57a731 fc29be8e7ecb4bd8bc93870ac5062f04 ee2d8ddb08214e70b9fb08d141b8b884 - - 80b0a9ab3f8643c882ac358e340d6954 80b0a9ab3f8643c882ac358e340d6954] 199.19.213.157 "GET /v2.0/floatingips?fixed_ip_address=10.100.0.8&port_id=56b0f8aa-2c50-413c-ab4f-032e72ebfb24 HTTP/1.1" status: 200 len: 217 time: 0.0322146
2026-05-12 12:37:57.667 9 INFO neutron.wsgi [req-ddfe10e3-bcf4-4d25-b43b-a56c33974f2a req-58f0342f-978c-4d06-9ec6-ae290be1f279 fc29be8e7ecb4bd8bc93870ac5062f04 ee2d8ddb08214e70b9fb08d141b8b884 - - 80b0a9ab3f8643c882ac358e340d6954 80b0a9ab3f8643c882ac358e340d6954] 199.19.213.157 "GET /v2.0/subnets?id=f4fdf85f-d4ae-4fd0-9b88-f5714bcf0a3d HTTP/1.1" status: 200 len: 852 time: 0.0435801
2026-05-12 12:37:57.696 9 INFO neutron.wsgi [req-ddfe10e3-bcf4-4d25-b43b-a56c33974f2a req-42b87df5-436a-4bff-b0e1-8712247ec0e8 fc29be8e7ecb4bd8bc93870ac5062f04 ee2d8ddb08214e70b9fb08d141b8b884 - - 80b0a9ab3f8643c882ac358e340d6954 80b0a9ab3f8643c882ac358e340d6954] 199.19.213.157 "GET /v2.0/ports?network_id=786ebe23-febb-479e-9d61-1899573bc152&device_owner=network%3Adhcp HTTP/1.1" status: 200 len: 210 time: 0.0223484
2026-05-12 12:37:57.776 9 INFO neutron.wsgi [req-ddfe10e3-bcf4-4d25-b43b-a56c33974f2a req-eda0b79a-8fab-44c2-9319-4c868bea43e5 fc29be8e7ecb4bd8bc93870ac5062f04 ee2d8ddb08214e70b9fb08d141b8b884 - - 80b0a9ab3f8643c882ac358e340d6954 80b0a9ab3f8643c882ac358e340d6954] 199.19.213.157 "GET /v2.0/networks/786ebe23-febb-479e-9d61-1899573bc152?fields=segments HTTP/1.1" status: 200 len: 212 time: 0.0723219 /var/lib/openstack/lib/python3.10/site-packages/pycadf/identifier.py:71: UserWarning: Invalid uuid: neutron. To ensure interoperability, identifiers should be a valid uuid. warnings.warn(('Invalid uuid: %s. To ensure interoperability, '
2026-05-12 12:37:57.851 9 INFO neutron.wsgi [req-ddfe10e3-bcf4-4d25-b43b-a56c33974f2a req-4b63495a-5475-477a-a202-bca9c4774a39 fc29be8e7ecb4bd8bc93870ac5062f04 ee2d8ddb08214e70b9fb08d141b8b884 - - 80b0a9ab3f8643c882ac358e340d6954 80b0a9ab3f8643c882ac358e340d6954] 199.19.213.157 "GET /v2.0/networks/786ebe23-febb-479e-9d61-1899573bc152?fields=provider%3Aphysical_network&fields=provider%3Anetwork_type HTTP/1.1" status: 200 len: 277 time: 0.0677350
2026-05-12 12:37:57.901 10 INFO neutron.wsgi [req-028cf6e2-5bd5-4993-a993-fa02b1271306 req-63056ce4-ae55-4ba6-b0c4-2f8002561780 0d1fa3c3d9884b06a36dbb149bb065ca d54223fc3379428b882a15010e01ce68 - - default default] 10.0.0.175 "GET /v2.0/ports?device_id=d2473624-062f-4e22-b4f4-cab291786754 HTTP/1.1" status: 200 len: 1170 time: 0.1197844
2026-05-12 12:37:57.976 10 INFO neutron.wsgi [req-028cf6e2-5bd5-4993-a993-fa02b1271306 req-f87f91bf-1011-4367-af2f-01d566d39b1a 0d1fa3c3d9884b06a36dbb149bb065ca d54223fc3379428b882a15010e01ce68 - - default default] 10.0.0.175 "GET /v2.0/security-groups?id=432056d5-350e-4087-b4f8-a3f9152ca046&fields=id&fields=name HTTP/1.1" status: 200 len: 313 time: 0.0677855
2026-05-12 12:37:58.110 10 INFO neutron.wsgi [req-48296616-e9f4-4f3d-8cb7-a7b942b7a4da req-7ed914af-aad4-4a40-b071-72460b6d4be8 0d1fa3c3d9884b06a36dbb149bb065ca d54223fc3379428b882a15010e01ce68 - - default default] 10.0.0.175 "GET /v2.0/ports?device_id=d2473624-062f-4e22-b4f4-cab291786754 HTTP/1.1" status: 200 len: 1170 time: 0.0493567
2026-05-12 12:37:58.198 10 INFO neutron.wsgi [None req-9baa389b-afaa-4fb5-bdd0-0c713588a99e 2ce7e2edef364c42b06cdf2bc98b66f0 6dbdf5d786b74831b82d34a23f4ace84 - - default default] 10.0.0.13 "PUT /v2.0/routers/b38af3d4-b55e-4775-a2eb-d69b5006caa2/remove_router_interface HTTP/1.1" status: 200 len: 503 time: 1.9887712
2026-05-12 12:37:58.202 10 INFO neutron.wsgi [req-48296616-e9f4-4f3d-8cb7-a7b942b7a4da req-252fbc76-bb00-47d8-b6ed-bab4dcada7e3 0d1fa3c3d9884b06a36dbb149bb065ca d54223fc3379428b882a15010e01ce68 - - default default] 10.0.0.175 "GET /v2.0/security-groups?id=432056d5-350e-4087-b4f8-a3f9152ca046&fields=id&fields=name HTTP/1.1" status: 200 len: 313 time: 0.0855958 /var/lib/openstack/lib/python3.10/site-packages/pycadf/identifier.py:71: UserWarning: Invalid uuid: neutron. To ensure interoperability, identifiers should be a valid uuid. warnings.warn(('Invalid uuid: %s. To ensure interoperability, '
2026-05-12 12:37:58.276 9 INFO neutron.wsgi [None req-f2ca3edc-52e4-4098-89b7-a488a30b09ea 59a6914e13a047d19ad7f00afb195256 23d801445fd24ca591cfa3ca8f712595 - - default default] 10.0.0.13 "GET /v2.0/ports?device_id=d2473624-062f-4e22-b4f4-cab291786754 HTTP/1.1" status: 200 len: 1404 time: 0.0462043
2026-05-12 12:37:58.568 9 INFO neutron.db.l3_db [None req-9222f52d-87f2-479f-af0e-79b6a485ce3c 0d1fa3c3d9884b06a36dbb149bb065ca d54223fc3379428b882a15010e01ce68 - - default default] Floating IP 612a6d4d-417c-4b19-b771-811d80122f65 associated. External IP: 10.96.250.207, port: 56b0f8aa-2c50-413c-ab4f-032e72ebfb24.
2026-05-12 12:37:58.697 10 INFO neutron.notifiers.nova [-] Nova event matching ['req-9272906b-2348-4c6d-a986-f8ba70ae4d37'] response: {'server_uuid': 'd2473624-062f-4e22-b4f4-cab291786754', 'name': 'network-vif-plugged', 'status': 'completed', 'tag': '56b0f8aa-2c50-413c-ab4f-032e72ebfb24', 'code': 200}
2026-05-12 12:37:58.832 9 INFO neutron.db.ovn_revision_numbers_db [None req-9222f52d-87f2-479f-af0e-79b6a485ce3c 0d1fa3c3d9884b06a36dbb149bb065ca d54223fc3379428b882a15010e01ce68 - - default default] Successfully bumped revision number for resource 612a6d4d-417c-4b19-b771-811d80122f65 (type: floatingips) to 4
2026-05-12 12:37:58.948 9 INFO neutron.db.ovn_revision_numbers_db [None req-9222f52d-87f2-479f-af0e-79b6a485ce3c 0d1fa3c3d9884b06a36dbb149bb065ca d54223fc3379428b882a15010e01ce68 - - default default] Successfully bumped revision number for resource 612a6d4d-417c-4b19-b771-811d80122f65 (type: floatingips) to 5
2026-05-12 12:37:58.985 9 INFO neutron.wsgi [None req-9222f52d-87f2-479f-af0e-79b6a485ce3c 0d1fa3c3d9884b06a36dbb149bb065ca d54223fc3379428b882a15010e01ce68 - - default default] 10.0.0.13 "PUT /v2.0/floatingips/612a6d4d-417c-4b19-b771-811d80122f65 HTTP/1.1" status: 200 len: 1049 time: 0.7023563 /var/lib/openstack/lib/python3.10/site-packages/pycadf/identifier.py:71: UserWarning: Invalid uuid: neutron. To ensure interoperability, identifiers should be a valid uuid. warnings.warn(('Invalid uuid: %s. To ensure interoperability, '
2026-05-12 12:37:59.046 9 INFO neutron.wsgi [None req-25d6a245-71bd-493c-85bc-664825a62891 0d1fa3c3d9884b06a36dbb149bb065ca d54223fc3379428b882a15010e01ce68 - - default default] 10.0.0.13 "GET /v2.0/floatingips/612a6d4d-417c-4b19-b771-811d80122f65 HTTP/1.1" status: 200 len: 1051 time: 0.0534050
2026-05-12 12:37:59.105 10 INFO neutron.wsgi [None req-c2c91d3a-87f5-418b-9119-e4adb796aa2c 2ce7e2edef364c42b06cdf2bc98b66f0 6dbdf5d786b74831b82d34a23f4ace84 - - default default] 10.0.0.13 "DELETE /v2.0/routers/b38af3d4-b55e-4775-a2eb-d69b5006caa2 HTTP/1.1" status: 204 len: 168 time: 0.8984640
2026-05-12 12:37:59.372 9 INFO neutron.wsgi [None req-e8ab0b04-5422-4d78-899f-5e98a68efd88 2ce7e2edef364c42b06cdf2bc98b66f0 6dbdf5d786b74831b82d34a23f4ace84 - - default default] 10.0.0.13 "DELETE /v2.0/subnets/a4c0eba8-1d5a-4b52-ad79-7881fb5ded8d HTTP/1.1" status: 204 len: 168 time: 0.2615926
2026-05-12 12:37:59.442 9 INFO neutron.notifiers.nova [-] Nova event matching ['req-d8d3dc75-1484-48a3-b6a9-5fe4ea6d3da1'] response: {'name': 'network-changed', 'server_uuid': 'd2473624-062f-4e22-b4f4-cab291786754', 'tag': '56b0f8aa-2c50-413c-ab4f-032e72ebfb24', 'status': 'completed', 'code': 200}
2026-05-12 12:37:59.864 9 INFO neutron.wsgi [req-21e724bd-ccb5-4c54-a2b6-dcd84fa1161c req-30b2bcb8-7a0b-40b4-8380-4a1b8767e965 fc29be8e7ecb4bd8bc93870ac5062f04 ee2d8ddb08214e70b9fb08d141b8b884 - - 80b0a9ab3f8643c882ac358e340d6954 80b0a9ab3f8643c882ac358e340d6954] 199.19.213.157 "GET /v2.0/ports?tenant_id=d54223fc3379428b882a15010e01ce68&device_id=d2473624-062f-4e22-b4f4-cab291786754 HTTP/1.1" status: 200 len: 1409 time: 0.4031012
2026-05-12 12:38:00.003 9 INFO neutron.wsgi [req-21e724bd-ccb5-4c54-a2b6-dcd84fa1161c req-49ca325a-10ca-4f44-b188-8dd17a38572c fc29be8e7ecb4bd8bc93870ac5062f04 ee2d8ddb08214e70b9fb08d141b8b884 - - 80b0a9ab3f8643c882ac358e340d6954 80b0a9ab3f8643c882ac358e340d6954] 199.19.213.157 "GET /v2.0/networks?id=786ebe23-febb-479e-9d61-1899573bc152 HTTP/1.1" status: 200 len: 959 time: 0.1299915
2026-05-12 12:38:00.114 9 INFO neutron.wsgi [req-21e724bd-ccb5-4c54-a2b6-dcd84fa1161c req-dce443da-2bc3-43a7-872f-5e5b664cc7d8 fc29be8e7ecb4bd8bc93870ac5062f04 ee2d8ddb08214e70b9fb08d141b8b884 - - 80b0a9ab3f8643c882ac358e340d6954 80b0a9ab3f8643c882ac358e340d6954] 199.19.213.157 "GET /v2.0/floatingips?fixed_ip_address=10.100.0.8&port_id=56b0f8aa-2c50-413c-ab4f-032e72ebfb24 HTTP/1.1" status: 200 len: 1059 time: 0.1008899
2026-05-12 12:38:00.188 9 INFO neutron.wsgi [req-21e724bd-ccb5-4c54-a2b6-dcd84fa1161c req-30c2a9b4-8ca0-4847-8d92-4ef62938f3b9 fc29be8e7ecb4bd8bc93870ac5062f04 ee2d8ddb08214e70b9fb08d141b8b884 - - 80b0a9ab3f8643c882ac358e340d6954 80b0a9ab3f8643c882ac358e340d6954] 199.19.213.157 "GET /v2.0/subnets?id=f4fdf85f-d4ae-4fd0-9b88-f5714bcf0a3d HTTP/1.1" status: 200 len: 852 time: 0.0668085
2026-05-12 12:38:00.228 9 INFO neutron.wsgi [req-21e724bd-ccb5-4c54-a2b6-dcd84fa1161c req-2eaff709-0684-4565-aaac-7519dcdf84c3 fc29be8e7ecb4bd8bc93870ac5062f04 ee2d8ddb08214e70b9fb08d141b8b884 - - 80b0a9ab3f8643c882ac358e340d6954 80b0a9ab3f8643c882ac358e340d6954] 199.19.213.157 "GET /v2.0/ports?network_id=786ebe23-febb-479e-9d61-1899573bc152&device_owner=network%3Adhcp HTTP/1.1" status: 200 len: 210 time: 0.0319989
2026-05-12 12:38:00.333 9 INFO neutron.services.segments.plugin [-] Segment c86ea685-d9a2-403d-8ac6-de397db52f3d resource provider aggregate not found
2026-05-12 12:38:00.340 9 INFO neutron.services.segments.plugin [-] Segment c86ea685-d9a2-403d-8ac6-de397db52f3d resource provider aggregate not found
2026-05-12 12:38:00.365 9 INFO neutron.services.segments.plugin [-] Segment c86ea685-d9a2-403d-8ac6-de397db52f3d resource provider not found; error: Placement Client Error (4xx): {"errors": [{"status": 404, "title": "Not Found", "detail": "The resource could not be found.\n\n No resource provider with uuid c86ea685-d9a2-403d-8ac6-de397db52f3d found for delete ", "request_id": "req-6a15443e-49ac-4fc7-8902-e9bf3a8fd5da"}]}
2026-05-12 12:38:00.367 9 INFO neutron.services.segments.plugin [-] Segment c86ea685-d9a2-403d-8ac6-de397db52f3d resource provider not found; error: Placement Client Error (4xx): {"errors": [{"status": 404, "title": "Not Found", "detail": "The resource could not be found.\n\n No resource provider with uuid c86ea685-d9a2-403d-8ac6-de397db52f3d found for delete ", "request_id": "req-7eca5a04-5110-4a03-8724-99db13fbfdb4"}]}
2026-05-12 12:38:00.375 9 INFO neutron.wsgi [req-21e724bd-ccb5-4c54-a2b6-dcd84fa1161c req-29ff8ad3-06fb-45da-a216-91a6ccec5c4a fc29be8e7ecb4bd8bc93870ac5062f04 ee2d8ddb08214e70b9fb08d141b8b884 - - 80b0a9ab3f8643c882ac358e340d6954 80b0a9ab3f8643c882ac358e340d6954] 199.19.213.157 "GET /v2.0/networks/786ebe23-febb-479e-9d61-1899573bc152?fields=segments HTTP/1.1" status: 200 len: 212 time: 0.1390469
2026-05-12 12:38:00.409 9 INFO neutron.wsgi [None req-6c667b18-d927-41af-94d7-6b37ab8ad9b2 2ce7e2edef364c42b06cdf2bc98b66f0 6dbdf5d786b74831b82d34a23f4ace84 - - default default] 10.0.0.13 "DELETE /v2.0/networks/938947fe-bbbf-4f67-a813-46a2aaf1785b HTTP/1.1" status: 204 len: 168 time: 1.0323133
2026-05-12 12:38:00.466 9 INFO neutron.wsgi [req-21e724bd-ccb5-4c54-a2b6-dcd84fa1161c req-c797f781-f4ef-41b2-b562-db388d524edc fc29be8e7ecb4bd8bc93870ac5062f04 ee2d8ddb08214e70b9fb08d141b8b884 - - 80b0a9ab3f8643c882ac358e340d6954 80b0a9ab3f8643c882ac358e340d6954] 199.19.213.157 "GET /v2.0/networks/786ebe23-febb-479e-9d61-1899573bc152?fields=provider%3Aphysical_network&fields=provider%3Anetwork_type HTTP/1.1" status: 200 len: 277 time: 0.0840795
2026-05-12 12:38:01.558 10 INFO neutron.wsgi [None req-579ccbfd-0f1e-4524-97c1-6b3d2fffb319 2ce7e2edef364c42b06cdf2bc98b66f0 6dbdf5d786b74831b82d34a23f4ace84 - - default default] 10.0.0.13 "PUT /v2.0/routers/bb08353c-6d4c-4019-af2d-13feae0caf9d/remove_router_interface HTTP/1.1" status: 200 len: 503 time: 1.1397331 /var/lib/openstack/lib/python3.10/site-packages/pycadf/identifier.py:71: UserWarning: Invalid uuid: neutron. To ensure interoperability, identifiers should be a valid uuid. warnings.warn(('Invalid uuid: %s. To ensure interoperability, '
2026-05-12 12:38:02.832 10 INFO neutron.wsgi [None req-7eae3603-46b1-4e2f-9ea1-d02af9e2d88d 2ce7e2edef364c42b06cdf2bc98b66f0 6dbdf5d786b74831b82d34a23f4ace84 - - default default] 10.0.0.13 "DELETE /v2.0/routers/bb08353c-6d4c-4019-af2d-13feae0caf9d HTTP/1.1" status: 204 len: 168 time: 1.2670643
2026-05-12 12:38:03.074 9 INFO neutron.wsgi [None req-e70c58aa-1a38-4a3f-b212-7516db66638c 2ce7e2edef364c42b06cdf2bc98b66f0 6dbdf5d786b74831b82d34a23f4ace84 - - default default] 10.0.0.13 "DELETE /v2.0/subnets/4fe48959-56b4-4479-8c8e-01ccd39ce8d5 HTTP/1.1" status: 204 len: 168 time: 0.2336810
2026-05-12 12:38:03.457 10 INFO neutron.services.segments.plugin [-] Segment 8e3b60da-929a-4cc4-bc44-7231ee6419c7 resource provider aggregate not found
2026-05-12 12:38:03.467 10 INFO neutron.services.segments.plugin [-] Segment 8e3b60da-929a-4cc4-bc44-7231ee6419c7 resource provider aggregate not found
2026-05-12 12:38:03.493 10 INFO neutron.services.segments.plugin [-] Segment 8e3b60da-929a-4cc4-bc44-7231ee6419c7 resource provider not found; error: Placement Client Error (4xx): {"errors": [{"status": 404, "title": "Not Found", "detail": "The resource could not be found.\n\n No resource provider with uuid 8e3b60da-929a-4cc4-bc44-7231ee6419c7 found for delete ", "request_id": "req-b3268973-10c9-4b52-914d-3eaeb024918c"}]}
2026-05-12 12:38:03.509 10 INFO neutron.wsgi [None req-fbd55f26-aef1-40ed-abe7-d29cde4b3cbc 2ce7e2edef364c42b06cdf2bc98b66f0 6dbdf5d786b74831b82d34a23f4ace84 - - default default] 10.0.0.13 "DELETE /v2.0/networks/a9cd3bd5-0ea3-45f2-aada-0e46581e3bf4 HTTP/1.1" status: 204 len: 168 time: 0.4299681
2026-05-12 12:38:03.557 10 INFO neutron.services.segments.plugin [-] Segment 8e3b60da-929a-4cc4-bc44-7231ee6419c7 resource provider not found; error: Placement Client Error (4xx): {"errors": [{"status": 404, "title": "Not Found", "detail": "The resource could not be found.\n\n No resource provider with uuid 8e3b60da-929a-4cc4-bc44-7231ee6419c7 found for delete ", "request_id": "req-7b864d1e-32c8-4c11-8768-4762607f07bd"}]}
2026-05-12 12:38:03.900 9 INFO neutron.wsgi [None req-3e4535dd-2115-4023-86af-22a7316ce55b 2ce7e2edef364c42b06cdf2bc98b66f0 6dbdf5d786b74831b82d34a23f4ace84 - - default default] 10.0.0.13 "GET /v2.0/security-groups?tenant_id=cfc13d12338f4b96bdb9458482e81270&name=default HTTP/1.1" status: 200 len: 2996 time: 0.0440722
2026-05-12 12:38:04.146 9 INFO neutron.wsgi [None req-2d0b88c7-2dad-4779-863e-7e0bb708d467 2ce7e2edef364c42b06cdf2bc98b66f0 6dbdf5d786b74831b82d34a23f4ace84 - - default default] 10.0.0.13 "DELETE /v2.0/security-groups/89553072-7270-44ba-9ee9-774bb2542415 HTTP/1.1" status: 204 len: 168 time: 0.2352209
2026-05-12 12:38:04.330 10 INFO neutron.wsgi [None req-acbabe54-1904-47d3-9ac2-9ed123771156 2ce7e2edef364c42b06cdf2bc98b66f0 6dbdf5d786b74831b82d34a23f4ace84 - - default default] 10.0.0.13 "GET /v2.0/security-groups?tenant_id=d7596083cac34a989605180b78583c79&name=default HTTP/1.1" status: 200 len: 2996 time: 0.0400248
2026-05-12 12:38:04.567 10 INFO neutron.wsgi [None req-3021a83b-7aa0-4d88-b5c8-2b3cd02b69bc 2ce7e2edef364c42b06cdf2bc98b66f0 6dbdf5d786b74831b82d34a23f4ace84 - - default default] 10.0.0.13 "DELETE /v2.0/security-groups/5cf71a7b-db81-4aee-8dad-912f51324d10 HTTP/1.1" status: 204 len: 168 time: 0.2319143
2026-05-12 12:38:07.089 9 INFO neutron.wsgi [req-6cef862f-8eb8-4ded-9312-bcc47640dba5 req-a977a74d-3d11-4c9a-8d7b-5c5148df753e fc29be8e7ecb4bd8bc93870ac5062f04 ee2d8ddb08214e70b9fb08d141b8b884 - - 80b0a9ab3f8643c882ac358e340d6954 80b0a9ab3f8643c882ac358e340d6954] 10.0.0.190 "GET /v2.0/ports?device_id=d2473624-062f-4e22-b4f4-cab291786754 HTTP/1.1" status: 200 len: 1409 time: 0.0657887
2026-05-12 12:38:07.144 9 INFO neutron.wsgi [req-6cef862f-8eb8-4ded-9312-bcc47640dba5 req-438ee9bc-c9d9-46d0-96ec-2ee1eb76b39d fc29be8e7ecb4bd8bc93870ac5062f04 ee2d8ddb08214e70b9fb08d141b8b884 - - 80b0a9ab3f8643c882ac358e340d6954 80b0a9ab3f8643c882ac358e340d6954] 10.0.0.190 "GET /v2.0/security-groups?id=432056d5-350e-4087-b4f8-a3f9152ca046&fields=id&fields=name HTTP/1.1" status: 200 len: 313 time: 0.0492787
2026-05-12 12:38:08.694 10 INFO neutron.wsgi [-] 10.0.0.208 "GET / HTTP/1.1" status: 200 len: 247 time: 0.0022984
2026-05-12 12:38:08.695 9 INFO neutron.wsgi [-] 10.0.0.208 "GET / HTTP/1.1" status: 200 len: 247 time: 0.0033154
2026-05-12 12:38:08.956 10 WARNING neutron_lib.context [None req-ebd90909-970a-4d11-aea4-018bb47e2d32 1dd13de293a2461ebd68d9bdf73436db 36345623c088403091b8adfb0fd51d2e - - default default] Method 'is_advsvc' is deprecated since 2023.2 release (neutron-lib 3.8.0) and will be removed once support for the old RBAC API policies will be removed from Neutron. Please use method 'is_service_role' instead.
2026-05-12 12:38:09.090 10 INFO neutron.db.ovn_revision_numbers_db [None req-ebd90909-970a-4d11-aea4-018bb47e2d32 1dd13de293a2461ebd68d9bdf73436db 36345623c088403091b8adfb0fd51d2e - - default default] Successfully bumped revision number for resource 5c380249-91b2-4a93-bc03-5ad9c868c981 (type: security_groups) to 1
2026-05-12 12:38:09.105 10 INFO neutron.db.ovn_revision_numbers_db [None req-ebd90909-970a-4d11-aea4-018bb47e2d32 1dd13de293a2461ebd68d9bdf73436db 36345623c088403091b8adfb0fd51d2e - - default default] Successfully bumped revision number for resource 66e832ba-b440-4b20-bafc-d83a9aa4b2bb (type: security_group_rules) to 0
2026-05-12 12:38:09.120 10 INFO neutron.db.ovn_revision_numbers_db [None req-ebd90909-970a-4d11-aea4-018bb47e2d32 1dd13de293a2461ebd68d9bdf73436db 36345623c088403091b8adfb0fd51d2e - - default default] Successfully bumped revision number for resource aace2d7a-e0fb-4e11-ae2a-db9bb4a72c09 (type: security_group_rules) to 0
2026-05-12 12:38:09.137 10 INFO neutron.db.ovn_revision_numbers_db [None req-ebd90909-970a-4d11-aea4-018bb47e2d32 1dd13de293a2461ebd68d9bdf73436db 36345623c088403091b8adfb0fd51d2e - - default default] Successfully bumped revision number for resource de08dfb0-f63c-4b2f-9c33-a4648fa84980 (type: security_group_rules) to 0
2026-05-12 12:38:09.154 10 INFO neutron.db.ovn_revision_numbers_db [None req-ebd90909-970a-4d11-aea4-018bb47e2d32 1dd13de293a2461ebd68d9bdf73436db 36345623c088403091b8adfb0fd51d2e - - default default] Successfully bumped revision number for resource e6799a7b-e268-4c8b-9a2e-65cb065d2d88 (type: security_group_rules) to 0
2026-05-12 12:38:09.207 10 INFO neutron.db.segments_db [None req-ebd90909-970a-4d11-aea4-018bb47e2d32 1dd13de293a2461ebd68d9bdf73436db 36345623c088403091b8adfb0fd51d2e - - default default] Added segment 703a2a34-4b67-4164-9d96-29d6f350b4b0 of type geneve for network 75ed5f63-cc4e-401b-8198-f66cdbafa53f
2026-05-12 12:38:09.375 10 INFO neutron.db.ovn_revision_numbers_db [None req-ebd90909-970a-4d11-aea4-018bb47e2d32 1dd13de293a2461ebd68d9bdf73436db 36345623c088403091b8adfb0fd51d2e - - default default] Successfully bumped revision number for resource 75ed5f63-cc4e-401b-8198-f66cdbafa53f (type: networks) to 1
2026-05-12 12:38:09.585 10 WARNING neutron.scheduler.dhcp_agent_scheduler [None req-ebd90909-970a-4d11-aea4-018bb47e2d32 1dd13de293a2461ebd68d9bdf73436db 36345623c088403091b8adfb0fd51d2e - - default default] No more DHCP agents
2026-05-12 12:38:09.587 10 WARNING neutron.api.rpc.agentnotifiers.dhcp_rpc_agent_api [None req-ebd90909-970a-4d11-aea4-018bb47e2d32 1dd13de293a2461ebd68d9bdf73436db 36345623c088403091b8adfb0fd51d2e - - default default] Unable to schedule network 75ed5f63-cc4e-401b-8198-f66cdbafa53f: no agents available; will retry on subsequent port and subnet creation events.
2026-05-12 12:38:09.680 10 INFO neutron.db.ovn_revision_numbers_db [None req-ebd90909-970a-4d11-aea4-018bb47e2d32 1dd13de293a2461ebd68d9bdf73436db 36345623c088403091b8adfb0fd51d2e - - default default] Successfully bumped revision number for resource ac63449e-2a2c-4c67-9576-e7caf70089bf (type: ports) to 1
2026-05-12 12:38:09.704 10 INFO neutron.wsgi [None req-ebd90909-970a-4d11-aea4-018bb47e2d32 1dd13de293a2461ebd68d9bdf73436db 36345623c088403091b8adfb0fd51d2e - - default default] 10.0.0.13 "POST /v2.0/networks HTTP/1.1" status: 201 len: 830 time: 0.9217927
2026-05-12 12:38:09.717 10 WARNING neutron_lib.context [None req-37978f2f-778c-417b-a52d-8246312e3165 1dd13de293a2461ebd68d9bdf73436db 36345623c088403091b8adfb0fd51d2e - - default default] Method 'is_advsvc' is deprecated since 2023.2 release (neutron-lib 3.8.0) and will be removed once support for the old RBAC API policies will be removed from Neutron. Please use method 'is_service_role' instead.
2026-05-12 12:38:10.033 10 WARNING neutron.scheduler.dhcp_agent_scheduler [None req-37978f2f-778c-417b-a52d-8246312e3165 1dd13de293a2461ebd68d9bdf73436db 36345623c088403091b8adfb0fd51d2e - - default default] No more DHCP agents
2026-05-12 12:38:10.039 10 INFO neutron.plugins.ml2.drivers.ovn.mech_driver.mech_driver [None req-8479162a-4c9b-46bb-adc0-825076a643b3 - - - - - -] OVN reports status down for port: 56b0f8aa-2c50-413c-ab4f-032e72ebfb24
2026-05-12 12:38:10.044 10 WARNING neutron.api.rpc.agentnotifiers.dhcp_rpc_agent_api [None req-37978f2f-778c-417b-a52d-8246312e3165 1dd13de293a2461ebd68d9bdf73436db 36345623c088403091b8adfb0fd51d2e - - default default] Unable to schedule network 75ed5f63-cc4e-401b-8198-f66cdbafa53f: no agents available; will retry on subsequent port and subnet creation events.
2026-05-12 12:38:10.132 10 INFO neutron.wsgi [req-5d5c4a1f-fa63-43e8-ba25-c93b4e7eec3b req-2b11b1ee-cc9f-4242-8232-5297b0448845 0d1fa3c3d9884b06a36dbb149bb065ca d54223fc3379428b882a15010e01ce68 - - default default] 10.0.0.175 "GET /v2.0/ports?device_id=d2473624-062f-4e22-b4f4-cab291786754 HTTP/1.1" status: 200 len: 1170 time: 0.1787422 /var/lib/openstack/lib/python3.10/site-packages/pycadf/identifier.py:71: UserWarning: Invalid uuid: neutron. To ensure interoperability, identifiers should be a valid uuid. warnings.warn(('Invalid uuid: %s. To ensure interoperability, '
2026-05-12 12:38:10.224 10 INFO neutron.wsgi [req-5d5c4a1f-fa63-43e8-ba25-c93b4e7eec3b req-88db7113-90ef-4de6-bf95-ceb945674543 0d1fa3c3d9884b06a36dbb149bb065ca d54223fc3379428b882a15010e01ce68 - - default default] 10.0.0.175 "GET /v2.0/security-groups?id=432056d5-350e-4087-b4f8-a3f9152ca046&fields=id&fields=name HTTP/1.1" status: 200 len: 313 time: 0.0811791
2026-05-12 12:38:10.288 10 INFO neutron.db.ovn_revision_numbers_db [None req-37978f2f-778c-417b-a52d-8246312e3165 1dd13de293a2461ebd68d9bdf73436db 36345623c088403091b8adfb0fd51d2e - - default default] Successfully bumped revision number for resource e0f60a08-1bf4-4818-84a8-5774137579e2 (type: ports) to 1
2026-05-12 12:38:10.331 10 INFO neutron.notifiers.nova [-] Nova event matching ['req-864ebc13-3da0-4ed0-b860-19a027487a07'] response: {'server_uuid': 'd2473624-062f-4e22-b4f4-cab291786754', 'name': 'network-vif-unplugged', 'status': 'completed', 'tag': '56b0f8aa-2c50-413c-ab4f-032e72ebfb24', 'code': 200}
2026-05-12 12:38:10.337 10 INFO neutron.wsgi [None req-37978f2f-778c-417b-a52d-8246312e3165 1dd13de293a2461ebd68d9bdf73436db 36345623c088403091b8adfb0fd51d2e - - default default] 10.0.0.13 "POST /v2.0/ports HTTP/1.1" status: 201 len: 942 time: 0.6263440
