2026-05-12 12:35:38.533 9 INFO neutron.services.segments.plugin [-] Segment 7f9728fe-99e8-4ae6-aafd-8e3b1532ea7c resource provider aggregate not found
2026-05-12 12:35:38.537 9 INFO neutron.services.segments.plugin [-] Segment 7f9728fe-99e8-4ae6-aafd-8e3b1532ea7c resource provider aggregate not found
2026-05-12 12:35:38.563 9 INFO neutron.services.segments.plugin [-] Segment 7f9728fe-99e8-4ae6-aafd-8e3b1532ea7c resource provider not found; error: Placement Client Error (4xx): {"errors": [{"status": 404, "title": "Not Found", "detail": "The resource could not be found.\n\n No resource provider with uuid 7f9728fe-99e8-4ae6-aafd-8e3b1532ea7c found for delete ", "request_id": "req-fad5e964-53b2-49ac-826f-e87b6f548361"}]}
2026-05-12 12:35:38.569 9 INFO neutron.services.segments.plugin [-] Segment 7f9728fe-99e8-4ae6-aafd-8e3b1532ea7c resource provider not found; error: Placement Client Error (4xx): {"errors": [{"status": 404, "title": "Not Found", "detail": "The resource could not be found.\n\n No resource provider with uuid 7f9728fe-99e8-4ae6-aafd-8e3b1532ea7c found for delete ", "request_id": "req-263aefc8-240e-4c14-8268-860f0eb7501a"}]}
2026-05-12 12:35:38.587 9 INFO neutron.db.ovn_revision_numbers_db [None req-df8f5b90-e12d-4696-b45d-615d28fd7b20 93dd6a8666c14deab558777a65e89ef2 d0240615c95d4dc2bc99aa6f17407685 - - default default] Successfully bumped revision number for resource e2f85cf0-3d54-4140-8cb8-f2345fbde8b0 (type: security_groups) to 1
2026-05-12 12:35:38.602 9 INFO neutron.db.ovn_revision_numbers_db [None req-3159c2c7-36c9-497b-83e7-415df8bbd149 9b7a42ad08d740a99a8c466cbfa55b29 940b11226b054a0595fb97baea9d308b - - default default] Successfully bumped revision number for resource 330fb3cd-a1aa-4957-920d-04c08537629d (type: security_groups) to 1
2026-05-12 12:35:38.614 9 INFO neutron.wsgi [None req-748a3533-44a8-4f79-bfbc-0ad5cfeb730f 9fcc52c85c06427b887795b80418a904 a18b4ef38d0340a6982f51b5a51162df - - default default] 10.0.0.13 "DELETE /v2.0/networks/f5d9b695-2144-4c9f-bf93-4a96a198f9eb HTTP/1.1" status: 204 len: 168 time: 1.1403551
2026-05-12 12:35:38.619 9 INFO neutron.db.ovn_revision_numbers_db [None req-df8f5b90-e12d-4696-b45d-615d28fd7b20 93dd6a8666c14deab558777a65e89ef2 d0240615c95d4dc2bc99aa6f17407685 - - default default] Successfully bumped revision number for resource 41227f8d-53b8-4ea2-b4bd-46d98cdea3b5 (type: security_group_rules) to 0
2026-05-12 12:35:38.636 10 WARNING neutron_lib.context [None req-a949d539-7155-402f-98cf-ba712344f2f1 9fcc52c85c06427b887795b80418a904 a18b4ef38d0340a6982f51b5a51162df - - default default] Method 'is_advsvc' is deprecated since 2023.2 release (neutron-lib 3.8.0) and will be removed once support for the old RBAC API policies will be removed from Neutron. Please use method 'is_service_role' instead.
2026-05-12 12:35:38.639 9 INFO neutron.plugins.ml2.drivers.ovn.mech_driver.ovsdb.ovsdb_monitor [None req-4b8bd246-bb0c-4a81-b195-e2d82a7c5340 - - - - - -] Router 0d077c18-190a-4492-bd34-3fefe20b29b2 is bound to host instance
2026-05-12 12:35:38.644 10 INFO neutron.plugins.ml2.drivers.ovn.mech_driver.mech_driver [None req-8479162a-4c9b-46bb-adc0-825076a643b3 - - - - - -] OVN reports status up for port: f24e02fb-1fe3-411e-b1cb-b6da0c71f722
2026-05-12 12:35:38.658 9 INFO neutron.db.ovn_revision_numbers_db [None req-3159c2c7-36c9-497b-83e7-415df8bbd149 9b7a42ad08d740a99a8c466cbfa55b29 940b11226b054a0595fb97baea9d308b - - default default] Successfully bumped revision number for resource 0f55a307-d1a5-421f-a28a-ef4c4535d260 (type: security_group_rules) to 0
2026-05-12 12:35:38.661 10 INFO neutron.plugins.ml2.plugin [None req-8479162a-4c9b-46bb-adc0-825076a643b3 - - - - - -] Attempt 1 to provision port f24e02fb-1fe3-411e-b1cb-b6da0c71f722
2026-05-12 12:35:38.663 9 INFO neutron.db.ovn_revision_numbers_db [None req-df8f5b90-e12d-4696-b45d-615d28fd7b20 93dd6a8666c14deab558777a65e89ef2 d0240615c95d4dc2bc99aa6f17407685 - - default default] Successfully bumped revision number for resource 577c3797-9741-4eda-9b8a-9628155f4800 (type: security_group_rules) to 0
2026-05-12 12:35:38.683 9 INFO neutron.db.ovn_revision_numbers_db [None req-3159c2c7-36c9-497b-83e7-415df8bbd149 9b7a42ad08d740a99a8c466cbfa55b29 940b11226b054a0595fb97baea9d308b - - default default] Successfully bumped revision number for resource 24629dec-00bf-4d85-a0b9-fcb4b4c6366a (type: security_group_rules) to 0
2026-05-12 12:35:38.685 9 INFO neutron.db.ovn_revision_numbers_db [None req-df8f5b90-e12d-4696-b45d-615d28fd7b20 93dd6a8666c14deab558777a65e89ef2 d0240615c95d4dc2bc99aa6f17407685 - - default default] Successfully bumped revision number for resource d16cdc79-960d-4a50-ac65-3164d91088b2 (type: security_group_rules) to 0
2026-05-12 12:35:38.689 9 INFO neutron.wsgi [-] 10.0.0.208 "GET / HTTP/1.1" status: 200 len: 247 time: 0.0013394
2026-05-12 12:35:38.693 9 INFO neutron.wsgi [-] 10.0.0.208 "GET / HTTP/1.1" status: 200 len: 247 time: 0.0035813
2026-05-12 12:35:38.695 9 INFO neutron.db.ovn_revision_numbers_db [None req-7774a183-45e3-439e-a9dc-aff483862f18 2ce7e2edef364c42b06cdf2bc98b66f0 6dbdf5d786b74831b82d34a23f4ace84 - - default default] Successfully bumped revision number for resource f24e02fb-1fe3-411e-b1cb-b6da0c71f722 (type: router_ports) to 1
2026-05-12 12:35:38.738 9 INFO neutron.db.ovn_revision_numbers_db [None req-df8f5b90-e12d-4696-b45d-615d28fd7b20 93dd6a8666c14deab558777a65e89ef2 d0240615c95d4dc2bc99aa6f17407685 - - default default] Successfully bumped revision number for resource f6da2d16-a18c-4013-ab72-eec049d025d5 (type: security_group_rules) to 0
2026-05-12 12:35:38.743 9 INFO neutron.db.ovn_revision_numbers_db [None req-3159c2c7-36c9-497b-83e7-415df8bbd149 9b7a42ad08d740a99a8c466cbfa55b29 940b11226b054a0595fb97baea9d308b - - default default] Successfully bumped revision number for resource b79dd0e9-2a04-43af-9baf-ab836af663be (type: security_group_rules) to 0
2026-05-12 12:35:38.761 10 INFO neutron.db.segments_db [None req-a949d539-7155-402f-98cf-ba712344f2f1 9fcc52c85c06427b887795b80418a904 a18b4ef38d0340a6982f51b5a51162df - - default default] Added segment 3f307d5d-8b5b-48e9-aa21-5bd918546d0c of type geneve for network 84900ef7-960c-423c-b8c0-7117fb3cd366
2026-05-12 12:35:38.780 9 INFO neutron.db.ovn_revision_numbers_db [None req-3159c2c7-36c9-497b-83e7-415df8bbd149 9b7a42ad08d740a99a8c466cbfa55b29 940b11226b054a0595fb97baea9d308b - - default default] Successfully bumped revision number for resource c4d58c81-c974-4725-9196-5fd33d6b2c05 (type: security_group_rules) to 0
2026-05-12 12:35:38.829 9 INFO neutron.db.ovn_revision_numbers_db [None req-7774a183-45e3-439e-a9dc-aff483862f18 2ce7e2edef364c42b06cdf2bc98b66f0 6dbdf5d786b74831b82d34a23f4ace84 - - default default] Successfully bumped revision number for resource 0d077c18-190a-4492-bd34-3fefe20b29b2 (type: routers) to 2
2026-05-12 12:35:38.852 9 INFO neutron.db.segments_db [None req-3159c2c7-36c9-497b-83e7-415df8bbd149 9b7a42ad08d740a99a8c466cbfa55b29 940b11226b054a0595fb97baea9d308b - - default default] Added segment c6d52593-b657-474d-8296-df371628aa04 of type geneve for network 2e81cb99-4e7d-42d8-a0f5-e8f168f0e0f5
2026-05-12 12:35:38.865 9 INFO neutron.wsgi [None req-7774a183-45e3-439e-a9dc-aff483862f18 2ce7e2edef364c42b06cdf2bc98b66f0 6dbdf5d786b74831b82d34a23f4ace84 - - default default] 10.0.0.13 "POST /v2.0/routers HTTP/1.1" status: 201 len: 878 time: 2.2868314
2026-05-12 12:35:38.874 9 INFO neutron.db.segments_db [None req-df8f5b90-e12d-4696-b45d-615d28fd7b20 93dd6a8666c14deab558777a65e89ef2 d0240615c95d4dc2bc99aa6f17407685 - - default default] Added segment 0917d19d-bc1d-4ba3-8e29-c59be99aeff7 of type geneve for network 60c88dc9-8917-4c3e-a769-4476d2e9b5ba
2026-05-12 12:35:38.948 10 INFO neutron.db.ovn_revision_numbers_db [None req-a949d539-7155-402f-98cf-ba712344f2f1 9fcc52c85c06427b887795b80418a904 a18b4ef38d0340a6982f51b5a51162df - - default default] Successfully bumped revision number for resource 84900ef7-960c-423c-b8c0-7117fb3cd366 (type: networks) to 1
2026-05-12 12:35:39.063 9 INFO neutron.db.segments_db [None req-df8f5b90-e12d-4696-b45d-615d28fd7b20 93dd6a8666c14deab558777a65e89ef2 d0240615c95d4dc2bc99aa6f17407685 - - default default] Added segment 07301bb9-216f-4c1a-90b5-bd0920144aea of type geneve for network 5833b87b-e02f-4f4e-912a-79e24ea498c1
2026-05-12 12:35:39.118 9 INFO neutron.db.ovn_revision_numbers_db [None req-3159c2c7-36c9-497b-83e7-415df8bbd149 9b7a42ad08d740a99a8c466cbfa55b29 940b11226b054a0595fb97baea9d308b - - default default] Successfully bumped revision number for resource 2e81cb99-4e7d-42d8-a0f5-e8f168f0e0f5 (type: networks) to 1
2026-05-12 12:35:39.193 10 WARNING neutron.scheduler.dhcp_agent_scheduler [None req-a949d539-7155-402f-98cf-ba712344f2f1 9fcc52c85c06427b887795b80418a904 a18b4ef38d0340a6982f51b5a51162df - - default default] No more DHCP agents
2026-05-12 12:35:39.200 10 WARNING neutron.api.rpc.agentnotifiers.dhcp_rpc_agent_api [None req-a949d539-7155-402f-98cf-ba712344f2f1 9fcc52c85c06427b887795b80418a904 a18b4ef38d0340a6982f51b5a51162df - - default default] Unable to schedule network 84900ef7-960c-423c-b8c0-7117fb3cd366: no agents available; will retry on subsequent port and subnet creation events.
2026-05-12 12:35:39.338 10 INFO neutron.db.ovn_revision_numbers_db [None req-a949d539-7155-402f-98cf-ba712344f2f1 9fcc52c85c06427b887795b80418a904 a18b4ef38d0340a6982f51b5a51162df - - default default] Successfully bumped revision number for resource ab5a2b78-fb33-4c05-bc89-f3a29f962c70 (type: ports) to 1
2026-05-12 12:35:39.372 9 INFO neutron.db.ovn_revision_numbers_db [None req-df8f5b90-e12d-4696-b45d-615d28fd7b20 93dd6a8666c14deab558777a65e89ef2 d0240615c95d4dc2bc99aa6f17407685 - - default default] Successfully bumped revision number for resource 60c88dc9-8917-4c3e-a769-4476d2e9b5ba (type: networks) to 1
2026-05-12 12:35:39.507 9 WARNING neutron.plugins.ml2.drivers.ovn.mech_driver.ovsdb.ovn_client [None req-8908fcf6-b835-4043-84f0-6f9c6dbe4e19 - - - - - -] No port found with ID dbd9940c-0d15-43b3-a0f2-fac95ce33fbb: RuntimeError: No port found with ID dbd9940c-0d15-43b3-a0f2-fac95ce33fbb
2026-05-12 12:35:39.546 9 WARNING neutron.scheduler.dhcp_agent_scheduler [None req-3159c2c7-36c9-497b-83e7-415df8bbd149 9b7a42ad08d740a99a8c466cbfa55b29 940b11226b054a0595fb97baea9d308b - - default default] No more DHCP agents
2026-05-12 12:35:39.552 9 WARNING neutron.api.rpc.agentnotifiers.dhcp_rpc_agent_api [None req-3159c2c7-36c9-497b-83e7-415df8bbd149 9b7a42ad08d740a99a8c466cbfa55b29 940b11226b054a0595fb97baea9d308b - - default default] Unable to schedule network 2e81cb99-4e7d-42d8-a0f5-e8f168f0e0f5: no agents available; will retry on subsequent port and subnet creation events.
2026-05-12 12:35:39.641 10 INFO neutron.wsgi [None req-a949d539-7155-402f-98cf-ba712344f2f1 9fcc52c85c06427b887795b80418a904 a18b4ef38d0340a6982f51b5a51162df - - default default] 10.0.0.13 "POST /v2.0/networks HTTP/1.1" status: 201 len: 829 time: 1.0137343
2026-05-12 12:35:39.672 10 WARNING neutron_lib.context [None req-25b09428-1caf-4420-bdde-253b17d0928d 9fcc52c85c06427b887795b80418a904 a18b4ef38d0340a6982f51b5a51162df - - default default] Method 'is_advsvc' is deprecated since 2023.2 release (neutron-lib 3.8.0) and will be removed once support for the old RBAC API policies will be removed from Neutron. Please use method 'is_service_role' instead.
2026-05-12 12:35:39.705 9 INFO neutron.db.ovn_revision_numbers_db [None req-4b8bd246-bb0c-4a81-b195-e2d82a7c5340 - - - - - -] Successfully bumped revision number for resource f24e02fb-1fe3-411e-b1cb-b6da0c71f722 (type: ports) to 1
2026-05-12 12:35:39.731 9 INFO neutron.db.ovn_revision_numbers_db [None req-3159c2c7-36c9-497b-83e7-415df8bbd149 9b7a42ad08d740a99a8c466cbfa55b29 940b11226b054a0595fb97baea9d308b - - default default] Successfully bumped revision number for resource 656e3fab-9ef2-433c-b59b-4479408962d4 (type: ports) to 1
2026-05-12 12:35:39.751 9 WARNING neutron.scheduler.dhcp_agent_scheduler [None req-df8f5b90-e12d-4696-b45d-615d28fd7b20 93dd6a8666c14deab558777a65e89ef2 d0240615c95d4dc2bc99aa6f17407685 - - default default] No more DHCP agents
2026-05-12 12:35:39.761 9 WARNING neutron.api.rpc.agentnotifiers.dhcp_rpc_agent_api [None req-df8f5b90-e12d-4696-b45d-615d28fd7b20 93dd6a8666c14deab558777a65e89ef2 d0240615c95d4dc2bc99aa6f17407685 - - default default] Unable to schedule network 60c88dc9-8917-4c3e-a769-4476d2e9b5ba: no agents available; will retry on subsequent port and subnet creation events.
2026-05-12 12:35:39.793 9 INFO neutron.wsgi [None req-3159c2c7-36c9-497b-83e7-415df8bbd149 9b7a42ad08d740a99a8c466cbfa55b29 940b11226b054a0595fb97baea9d308b - - default default] 10.0.0.13 "POST /v2.0/networks HTTP/1.1" status: 201 len: 847 time: 1.6509414
2026-05-12 12:35:39.807 9 WARNING neutron_lib.context [None req-8b649eba-fb31-498e-a899-cd7756a0d67d 9b7a42ad08d740a99a8c466cbfa55b29 940b11226b054a0595fb97baea9d308b - - default default] Method 'is_advsvc' is deprecated since 2023.2 release (neutron-lib 3.8.0) and will be removed once support for the old RBAC API policies will be removed from Neutron. Please use method 'is_service_role' instead.
2026-05-12 12:35:39.827 10 WARNING neutron.scheduler.dhcp_agent_scheduler [None req-13e25cc7-17b3-4a9f-9e17-910528d4ee47 2ce7e2edef364c42b06cdf2bc98b66f0 6dbdf5d786b74831b82d34a23f4ace84 - - default default] No more DHCP agents
2026-05-12 12:35:39.831 10 WARNING neutron.api.rpc.agentnotifiers.dhcp_rpc_agent_api [None req-13e25cc7-17b3-4a9f-9e17-910528d4ee47 2ce7e2edef364c42b06cdf2bc98b66f0 6dbdf5d786b74831b82d34a23f4ace84 - - default default] Unable to schedule network b4db9fa3-8349-497a-aa64-0e706362dda3: no agents available; will retry on subsequent port and subnet creation events.
2026-05-12 12:35:39.939 9 INFO neutron.db.ovn_revision_numbers_db [None req-df8f5b90-e12d-4696-b45d-615d28fd7b20 93dd6a8666c14deab558777a65e89ef2 d0240615c95d4dc2bc99aa6f17407685 - - default default] Successfully bumped revision number for resource 34696429-3f32-4762-8ea9-3178f7117320 (type: ports) to 1
2026-05-12 12:35:39.972 10 WARNING neutron.scheduler.dhcp_agent_scheduler [None req-25b09428-1caf-4420-bdde-253b17d0928d 9fcc52c85c06427b887795b80418a904 a18b4ef38d0340a6982f51b5a51162df - - default default] No more DHCP agents
2026-05-12 12:35:39.978 10 WARNING neutron.api.rpc.agentnotifiers.dhcp_rpc_agent_api [None req-25b09428-1caf-4420-bdde-253b17d0928d 9fcc52c85c06427b887795b80418a904 a18b4ef38d0340a6982f51b5a51162df - - default default] Unable to schedule network 84900ef7-960c-423c-b8c0-7117fb3cd366: no agents available; will retry on subsequent port and subnet creation events.
2026-05-12 12:35:40.046 10 INFO neutron.db.ovn_revision_numbers_db [None req-13e25cc7-17b3-4a9f-9e17-910528d4ee47 2ce7e2edef364c42b06cdf2bc98b66f0 6dbdf5d786b74831b82d34a23f4ace84 - - default default] Successfully bumped revision number for resource 41e0407d-65a6-42fb-ad1f-3fb4c168f999 (type: ports) to 1
2026-05-12 12:35:40.406 9 INFO neutron.db.ovn_revision_numbers_db [None req-df8f5b90-e12d-4696-b45d-615d28fd7b20 93dd6a8666c14deab558777a65e89ef2 d0240615c95d4dc2bc99aa6f17407685 - - default default] Successfully bumped revision number for resource 5833b87b-e02f-4f4e-912a-79e24ea498c1 (type: networks) to 1
2026-05-12 12:35:40.558 9 INFO neutron.db.ovn_revision_numbers_db [None req-4b8bd246-bb0c-4a81-b195-e2d82a7c5340 - - - - - -] Successfully bumped revision number for resource f24e02fb-1fe3-411e-b1cb-b6da0c71f722 (type: router_ports) to 3
2026-05-12 12:35:40.628 9 WARNING neutron.scheduler.dhcp_agent_scheduler [None req-8b649eba-fb31-498e-a899-cd7756a0d67d 9b7a42ad08d740a99a8c466cbfa55b29 940b11226b054a0595fb97baea9d308b - - default default] No more DHCP agents
2026-05-12 12:35:40.649 10 INFO neutron.db.ovn_revision_numbers_db [None req-13e25cc7-17b3-4a9f-9e17-910528d4ee47 2ce7e2edef364c42b06cdf2bc98b66f0 6dbdf5d786b74831b82d34a23f4ace84 - - default default] Successfully bumped revision number for resource 41e0407d-65a6-42fb-ad1f-3fb4c168f999 (type: router_ports) to 1
2026-05-12 12:35:40.652 9 WARNING neutron.api.rpc.agentnotifiers.dhcp_rpc_agent_api [None req-8b649eba-fb31-498e-a899-cd7756a0d67d 9b7a42ad08d740a99a8c466cbfa55b29 940b11226b054a0595fb97baea9d308b - - default default] Unable to schedule network 2e81cb99-4e7d-42d8-a0f5-e8f168f0e0f5: no agents available; will retry on subsequent port and subnet creation events.
2026-05-12 12:35:40.709 10 INFO neutron.db.ovn_revision_numbers_db [None req-25b09428-1caf-4420-bdde-253b17d0928d 9fcc52c85c06427b887795b80418a904 a18b4ef38d0340a6982f51b5a51162df - - default default] Successfully bumped revision number for resource ab5a2b78-fb33-4c05-bc89-f3a29f962c70 (type: ports) to 2
2026-05-12 12:35:40.749 10 INFO neutron.db.ovn_revision_numbers_db [None req-25b09428-1caf-4420-bdde-253b17d0928d 9fcc52c85c06427b887795b80418a904 a18b4ef38d0340a6982f51b5a51162df - - default default] Successfully bumped revision number for resource bea90779-8403-4337-b619-a378e4284581 (type: subnets) to 0
2026-05-12 12:35:40.779 10 INFO neutron.wsgi [None req-25b09428-1caf-4420-bdde-253b17d0928d 9fcc52c85c06427b887795b80418a904 a18b4ef38d0340a6982f51b5a51162df - - default default] 10.0.0.13 "POST /v2.0/subnets HTTP/1.1" status: 201 len: 801 time: 1.1128831
2026-05-12 12:35:40.792 10 WARNING neutron_lib.context [None req-98dc1c55-3551-405b-9cee-b582b764960e 9fcc52c85c06427b887795b80418a904 a18b4ef38d0340a6982f51b5a51162df - - default default] Method 'is_advsvc' is deprecated since 2023.2 release (neutron-lib 3.8.0) and will be removed once support for the old RBAC API policies will be removed from Neutron. Please use method 'is_service_role' instead.
2026-05-12 12:35:40.829 9 WARNING neutron.scheduler.dhcp_agent_scheduler [None req-df8f5b90-e12d-4696-b45d-615d28fd7b20 93dd6a8666c14deab558777a65e89ef2 d0240615c95d4dc2bc99aa6f17407685 - - default default] No more DHCP agents
2026-05-12 12:35:40.833 9 WARNING neutron.api.rpc.agentnotifiers.dhcp_rpc_agent_api [None req-df8f5b90-e12d-4696-b45d-615d28fd7b20 93dd6a8666c14deab558777a65e89ef2 d0240615c95d4dc2bc99aa6f17407685 - - default default] Unable to schedule network 5833b87b-e02f-4f4e-912a-79e24ea498c1: no agents available; will retry on subsequent port and subnet creation events.
2026-05-12 12:35:40.845 9 INFO neutron.db.ovn_revision_numbers_db [None req-8b649eba-fb31-498e-a899-cd7756a0d67d 9b7a42ad08d740a99a8c466cbfa55b29 940b11226b054a0595fb97baea9d308b - - default default] Successfully bumped revision number for resource 99e1cf5c-fa2a-40be-a2c4-b19993ecf8b4 (type: ports) to 1
2026-05-12 12:35:40.850 10 INFO neutron.plugins.ml2.drivers.ovn.mech_driver.mech_driver [None req-8479162a-4c9b-46bb-adc0-825076a643b3 - - - - - -] OVN reports status up for port: 41e0407d-65a6-42fb-ad1f-3fb4c168f999
2026-05-12 12:35:40.854 10 INFO neutron.db.ovn_revision_numbers_db [None req-13e25cc7-17b3-4a9f-9e17-910528d4ee47 2ce7e2edef364c42b06cdf2bc98b66f0 6dbdf5d786b74831b82d34a23f4ace84 - - default default] Successfully bumped revision number for resource 41e0407d-65a6-42fb-ad1f-3fb4c168f999 (type: ports) to 1
2026-05-12 12:35:40.871 10 INFO neutron.plugins.ml2.plugin [None req-8479162a-4c9b-46bb-adc0-825076a643b3 - - - - - -] Attempt 1 to provision port 41e0407d-65a6-42fb-ad1f-3fb4c168f999
2026-05-12 12:35:40.889 9 INFO neutron.wsgi [None req-8b649eba-fb31-498e-a899-cd7756a0d67d 9b7a42ad08d740a99a8c466cbfa55b29 940b11226b054a0595fb97baea9d308b - - default default] 10.0.0.13 "POST /v2.0/ports HTTP/1.1" status: 201 len: 975 time: 1.0874383
2026-05-12 12:35:40.926 10 WARNING neutron_lib.context [None req-bf4c5906-396f-49fb-b105-9b691572895f 9b7a42ad08d740a99a8c466cbfa55b29 940b11226b054a0595fb97baea9d308b - - default default] Method 'is_advsvc' is deprecated since 2023.2 release (neutron-lib 3.8.0) and will be removed once support for the old RBAC API policies will be removed from Neutron. Please use method 'is_service_role' instead.
2026-05-12 12:35:40.938 9 INFO neutron.db.ovn_revision_numbers_db [None req-4b8bd246-bb0c-4a81-b195-e2d82a7c5340 - - - - - -] Successfully bumped revision number for resource f24e02fb-1fe3-411e-b1cb-b6da0c71f722 (type: ports) to 2
2026-05-12 12:35:40.949 9 INFO neutron.db.ovn_revision_numbers_db [None req-df8f5b90-e12d-4696-b45d-615d28fd7b20 93dd6a8666c14deab558777a65e89ef2 d0240615c95d4dc2bc99aa6f17407685 - - default default] Successfully bumped revision number for resource 4242f0d4-1a19-47b8-9eff-6c945ecd35d0 (type: ports) to 1
2026-05-12 12:35:40.979 9 INFO neutron.wsgi [None req-df8f5b90-e12d-4696-b45d-615d28fd7b20 93dd6a8666c14deab558777a65e89ef2 d0240615c95d4dc2bc99aa6f17407685 - - default default] 10.0.0.13 "POST /v2.0/networks HTTP/1.1" status: 201 len: 1445 time: 3.3406310 /var/lib/openstack/lib/python3.10/site-packages/pycadf/identifier.py:71: UserWarning: Invalid uuid: neutron. To ensure interoperability, identifiers should be a valid uuid. warnings.warn(('Invalid uuid: %s. To ensure interoperability, '
2026-05-12 12:35:41.072 10 WARNING neutron.scheduler.dhcp_agent_scheduler [None req-13e25cc7-17b3-4a9f-9e17-910528d4ee47 2ce7e2edef364c42b06cdf2bc98b66f0 6dbdf5d786b74831b82d34a23f4ace84 - - default default] No more DHCP agents
2026-05-12 12:35:41.080 10 INFO neutron.db.ovn_revision_numbers_db [None req-98dc1c55-3551-405b-9cee-b582b764960e 9fcc52c85c06427b887795b80418a904 a18b4ef38d0340a6982f51b5a51162df - - default default] Successfully bumped revision number for resource 653b836b-aa8c-4a61-909f-cae79cef75d7 (type: routers) to 1
2026-05-12 12:35:41.083 9 INFO neutron.wsgi [None req-ccec976d-916a-4606-8057-0052796c509d 93dd6a8666c14deab558777a65e89ef2 d0240615c95d4dc2bc99aa6f17407685 - - default default] 10.0.0.13 "GET /v2.0/networks HTTP/1.1" status: 200 len: 2051 time: 0.0914989
2026-05-12 12:35:41.083 10 WARNING neutron.api.rpc.agentnotifiers.dhcp_rpc_agent_api [None req-13e25cc7-17b3-4a9f-9e17-910528d4ee47 2ce7e2edef364c42b06cdf2bc98b66f0 6dbdf5d786b74831b82d34a23f4ace84 - - default default] Unable to schedule network b4db9fa3-8349-497a-aa64-0e706362dda3: no agents available; will retry on subsequent port and subnet creation events.
2026-05-12 12:35:41.261 9 INFO neutron.db.ovn_revision_numbers_db [None req-4b8bd246-bb0c-4a81-b195-e2d82a7c5340 - - - - - -] Successfully bumped revision number for resource f24e02fb-1fe3-411e-b1cb-b6da0c71f722 (type: ports) to 4
2026-05-12 12:35:41.455 10 INFO neutron.wsgi [None req-98dc1c55-3551-405b-9cee-b582b764960e 9fcc52c85c06427b887795b80418a904 a18b4ef38d0340a6982f51b5a51162df - - default default] 10.0.0.13 "POST /v2.0/routers HTTP/1.1" status: 201 len: 687 time: 0.6688044
2026-05-12 12:35:41.466 10 INFO neutron.db.segments_db [None req-bf4c5906-396f-49fb-b105-9b691572895f 9b7a42ad08d740a99a8c466cbfa55b29 940b11226b054a0595fb97baea9d308b - - default default] Added segment 4939ce35-6173-4bed-b519-687a11b6c29a of type geneve for network 95093f51-1786-4943-afd7-29c3d4fcca02
2026-05-12 12:35:41.469 9 WARNING neutron_lib.context [None req-0c930335-866c-4dd6-8ac4-32d61cb0686d 9fcc52c85c06427b887795b80418a904 a18b4ef38d0340a6982f51b5a51162df - - default default] Method 'is_advsvc' is deprecated since 2023.2 release (neutron-lib 3.8.0) and will be removed once support for the old RBAC API policies will be removed from Neutron. Please use method 'is_service_role' instead.
2026-05-12 12:35:41.579 9 INFO neutron.db.ovn_revision_numbers_db [None req-4b8bd246-bb0c-4a81-b195-e2d82a7c5340 - - - - - -] Successfully bumped revision number for resource f24e02fb-1fe3-411e-b1cb-b6da0c71f722 (type: router_ports) to 4
2026-05-12 12:35:41.634 9 INFO neutron.services.segments.plugin [-] Segment 0917d19d-bc1d-4ba3-8e29-c59be99aeff7 resource provider aggregate not found
2026-05-12 12:35:41.661 9 INFO neutron.services.segments.plugin [-] Segment 0917d19d-bc1d-4ba3-8e29-c59be99aeff7 resource provider aggregate not found
2026-05-12 12:35:41.685 9 INFO neutron.services.segments.plugin [-] Segment 0917d19d-bc1d-4ba3-8e29-c59be99aeff7 resource provider not found; error: Placement Client Error (4xx): {"errors": [{"status": 404, "title": "Not Found", "detail": "The resource could not be found.\n\n No resource provider with uuid 0917d19d-bc1d-4ba3-8e29-c59be99aeff7 found for delete ", "request_id": "req-a6f96812-bbad-4e7f-bea2-6aeb24f62814"}]}
2026-05-12 12:35:41.694 9 INFO neutron.services.segments.plugin [-] Segment 0917d19d-bc1d-4ba3-8e29-c59be99aeff7 resource provider not found; error: Placement Client Error (4xx): {"errors": [{"status": 404, "title": "Not Found", "detail": "The resource could not be found.\n\n No resource provider with uuid 0917d19d-bc1d-4ba3-8e29-c59be99aeff7 found for delete ", "request_id": "req-0ebf1858-fda6-49a4-8e65-d701e96949e0"}]}
2026-05-12 12:35:41.699 10 INFO neutron.db.ovn_revision_numbers_db [None req-bf4c5906-396f-49fb-b105-9b691572895f 9b7a42ad08d740a99a8c466cbfa55b29 940b11226b054a0595fb97baea9d308b - - default default] Successfully bumped revision number for resource 95093f51-1786-4943-afd7-29c3d4fcca02 (type: networks) to 1
2026-05-12 12:35:41.764 9 INFO neutron.wsgi [None req-3236b381-ce13-4447-8d40-e051b09cedfd 93dd6a8666c14deab558777a65e89ef2 d0240615c95d4dc2bc99aa6f17407685 - - default default] 10.0.0.13 "DELETE /v2.0/networks/60c88dc9-8917-4c3e-a769-4476d2e9b5ba HTTP/1.1" status: 204 len: 168 time: 0.6761553
2026-05-12 12:35:41.975 9 WARNING neutron.scheduler.dhcp_agent_scheduler [None req-0c930335-866c-4dd6-8ac4-32d61cb0686d 9fcc52c85c06427b887795b80418a904 a18b4ef38d0340a6982f51b5a51162df - - default default] No more DHCP agents
2026-05-12 12:35:41.976 9 WARNING neutron.api.rpc.agentnotifiers.dhcp_rpc_agent_api [None req-0c930335-866c-4dd6-8ac4-32d61cb0686d 9fcc52c85c06427b887795b80418a904 a18b4ef38d0340a6982f51b5a51162df - - default default] Unable to schedule network 84900ef7-960c-423c-b8c0-7117fb3cd366: no agents available; will retry on subsequent port and subnet creation events.
2026-05-12 12:35:42.041 10 INFO neutron.db.ovn_revision_numbers_db [None req-8479162a-4c9b-46bb-adc0-825076a643b3 - - - - - -] Successfully bumped revision number for resource 41e0407d-65a6-42fb-ad1f-3fb4c168f999 (type: ports) to 2
2026-05-12 12:35:42.138 9 INFO neutron.db.ovn_revision_numbers_db [None req-0c930335-866c-4dd6-8ac4-32d61cb0686d 9fcc52c85c06427b887795b80418a904 a18b4ef38d0340a6982f51b5a51162df - - default default] Successfully bumped revision number for resource 26442510-0b6a-4297-9732-7504a9d26410 (type: ports) to 1
2026-05-12 12:35:42.160 9 INFO neutron.wsgi [None req-0c930335-866c-4dd6-8ac4-32d61cb0686d 9fcc52c85c06427b887795b80418a904 a18b4ef38d0340a6982f51b5a51162df - - default default] 10.0.0.13 "POST /v2.0/ports HTTP/1.1" status: 201 len: 1151 time: 0.6978927 /var/lib/openstack/lib/python3.10/site-packages/pycadf/identifier.py:71: UserWarning: Invalid uuid: neutron. To ensure interoperability, identifiers should be a valid uuid. warnings.warn(('Invalid uuid: %s. To ensure interoperability, '
2026-05-12 12:35:42.244 10 WARNING neutron.scheduler.dhcp_agent_scheduler [None req-bf4c5906-396f-49fb-b105-9b691572895f 9b7a42ad08d740a99a8c466cbfa55b29 940b11226b054a0595fb97baea9d308b - - default default] No more DHCP agents
2026-05-12 12:35:42.252 10 WARNING neutron.api.rpc.agentnotifiers.dhcp_rpc_agent_api [None req-bf4c5906-396f-49fb-b105-9b691572895f 9b7a42ad08d740a99a8c466cbfa55b29 940b11226b054a0595fb97baea9d308b - - default default] Unable to schedule network 95093f51-1786-4943-afd7-29c3d4fcca02: no agents available; will retry on subsequent port and subnet creation events.
2026-05-12 12:35:42.312 10 INFO neutron.db.ovn_revision_numbers_db [None req-8479162a-4c9b-46bb-adc0-825076a643b3 - - - - - -] Successfully bumped revision number for resource 41e0407d-65a6-42fb-ad1f-3fb4c168f999 (type: router_ports) to 2
2026-05-12 12:35:42.481 10 INFO neutron.db.ovn_revision_numbers_db [None req-bf4c5906-396f-49fb-b105-9b691572895f 9b7a42ad08d740a99a8c466cbfa55b29 940b11226b054a0595fb97baea9d308b - - default default] Successfully bumped revision number for resource 738b5e2e-72d3-45d4-b3e8-42f1a6800c9a (type: ports) to 1
2026-05-12 12:35:42.484 10 INFO neutron.wsgi [None req-13e25cc7-17b3-4a9f-9e17-910528d4ee47 2ce7e2edef364c42b06cdf2bc98b66f0 6dbdf5d786b74831b82d34a23f4ace84 - - default default] 10.0.0.13 "PUT /v2.0/routers/0d077c18-190a-4492-bd34-3fefe20b29b2/add_router_interface HTTP/1.1" status: 200 len: 503 time: 3.6127372
2026-05-12 12:35:42.521 10 INFO neutron.wsgi [None req-bf4c5906-396f-49fb-b105-9b691572895f 9b7a42ad08d740a99a8c466cbfa55b29 940b11226b054a0595fb97baea9d308b - - default default] 10.0.0.13 "POST /v2.0/networks HTTP/1.1" status: 201 len: 835 time: 1.6187928
2026-05-12 12:35:42.542 9 WARNING neutron_lib.context [None req-5cb5c4c2-1060-49c3-9531-e20fec277c32 9b7a42ad08d740a99a8c466cbfa55b29 940b11226b054a0595fb97baea9d308b - - default default] Method 'is_advsvc' is deprecated since 2023.2 release (neutron-lib 3.8.0) and will be removed once support for the old RBAC API policies will be removed from Neutron. Please use method 'is_service_role' instead.
2026-05-12 12:35:42.633 10 INFO neutron.services.segments.plugin [-] Segment 07301bb9-216f-4c1a-90b5-bd0920144aea resource provider aggregate not found
2026-05-12 12:35:42.633 9 INFO neutron.db.ovn_revision_numbers_db [None req-89f009ed-66ae-44e9-b99e-61a82e3e5d4a 9fcc52c85c06427b887795b80418a904 a18b4ef38d0340a6982f51b5a51162df - - default default] Successfully bumped revision number for resource 26442510-0b6a-4297-9732-7504a9d26410 (type: router_ports) to 2
2026-05-12 12:35:42.638 10 INFO neutron.services.segments.plugin [-] Segment 07301bb9-216f-4c1a-90b5-bd0920144aea resource provider aggregate not found
2026-05-12 12:35:42.655 10 INFO neutron.services.segments.plugin [-] Segment 07301bb9-216f-4c1a-90b5-bd0920144aea resource provider not found; error: Placement Client Error (4xx): {"errors": [{"status": 404, "title": "Not Found", "detail": "The resource could not be found.\n\n No resource provider with uuid 07301bb9-216f-4c1a-90b5-bd0920144aea found for delete ", "request_id": "req-6d960ddc-1ace-417c-a000-179e5adcf197"}]}
2026-05-12 12:35:42.656 10 INFO neutron.services.segments.plugin [-] Segment 07301bb9-216f-4c1a-90b5-bd0920144aea resource provider not found; error: Placement Client Error (4xx): {"errors": [{"status": 404, "title": "Not Found", "detail": "The resource could not be found.\n\n No resource provider with uuid 07301bb9-216f-4c1a-90b5-bd0920144aea found for delete ", "request_id": "req-555f5fae-a78f-4e87-b37c-6896a3ee3c78"}]}
2026-05-12 12:35:42.680 10 INFO neutron.wsgi [None req-084b6fb6-1619-4bd6-84f8-a1c6583db500 93dd6a8666c14deab558777a65e89ef2 d0240615c95d4dc2bc99aa6f17407685 - - default default] 10.0.0.13 "DELETE /v2.0/networks/5833b87b-e02f-4f4e-912a-79e24ea498c1 HTTP/1.1" status: 204 len: 168 time: 0.9061637 /var/lib/openstack/lib/python3.10/site-packages/pycadf/identifier.py:71: UserWarning: Invalid uuid: neutron. To ensure interoperability, identifiers should be a valid uuid. warnings.warn(('Invalid uuid: %s. To ensure interoperability, '
2026-05-12 12:35:42.792 9 INFO neutron.wsgi [None req-7dea3ea8-6a8f-48bc-879e-0e05d3e177f5 93dd6a8666c14deab558777a65e89ef2 d0240615c95d4dc2bc99aa6f17407685 - - default default] 10.0.0.13 "GET /v2.0/networks HTTP/1.1" status: 200 len: 845 time: 0.1034443
2026-05-12 12:35:42.805 10 WARNING neutron_lib.context [None req-b00e6bc2-0031-4c45-9c94-0fc74333dc74 93dd6a8666c14deab558777a65e89ef2 d0240615c95d4dc2bc99aa6f17407685 - - default default] Method 'is_advsvc' is deprecated since 2023.2 release (neutron-lib 3.8.0) and will be removed once support for the old RBAC API policies will be removed from Neutron. Please use method 'is_service_role' instead.
2026-05-12 12:35:42.895 10 INFO neutron.db.segments_db [None req-b00e6bc2-0031-4c45-9c94-0fc74333dc74 93dd6a8666c14deab558777a65e89ef2 d0240615c95d4dc2bc99aa6f17407685 - - default default] Added segment 3722d00a-1507-4a8f-8d12-39b6ec113e31 of type geneve for network c6ddd843-3509-44a0-9fc6-bbe21efc753d
2026-05-12 12:35:42.922 9 WARNING neutron.scheduler.dhcp_agent_scheduler [None req-5cb5c4c2-1060-49c3-9531-e20fec277c32 9b7a42ad08d740a99a8c466cbfa55b29 940b11226b054a0595fb97baea9d308b - - default default] No more DHCP agents
2026-05-12 12:35:42.925 9 WARNING neutron.api.rpc.agentnotifiers.dhcp_rpc_agent_api [None req-5cb5c4c2-1060-49c3-9531-e20fec277c32 9b7a42ad08d740a99a8c466cbfa55b29 940b11226b054a0595fb97baea9d308b - - default default] Unable to schedule network 95093f51-1786-4943-afd7-29c3d4fcca02: no agents available; will retry on subsequent port and subnet creation events.
2026-05-12 12:35:43.041 10 INFO neutron.db.ovn_revision_numbers_db [None req-b00e6bc2-0031-4c45-9c94-0fc74333dc74 93dd6a8666c14deab558777a65e89ef2 d0240615c95d4dc2bc99aa6f17407685 - - default default] Successfully bumped revision number for resource c6ddd843-3509-44a0-9fc6-bbe21efc753d (type: networks) to 1
2026-05-12 12:35:43.220 10 WARNING neutron.scheduler.dhcp_agent_scheduler [None req-b00e6bc2-0031-4c45-9c94-0fc74333dc74 93dd6a8666c14deab558777a65e89ef2 d0240615c95d4dc2bc99aa6f17407685 - - default default] No more DHCP agents
2026-05-12 12:35:43.222 10 WARNING neutron.api.rpc.agentnotifiers.dhcp_rpc_agent_api [None req-b00e6bc2-0031-4c45-9c94-0fc74333dc74 93dd6a8666c14deab558777a65e89ef2 d0240615c95d4dc2bc99aa6f17407685 - - default default] Unable to schedule network c6ddd843-3509-44a0-9fc6-bbe21efc753d: no agents available; will retry on subsequent port and subnet creation events.
2026-05-12 12:35:43.230 9 INFO neutron.db.ovn_revision_numbers_db [None req-5cb5c4c2-1060-49c3-9531-e20fec277c32 9b7a42ad08d740a99a8c466cbfa55b29 940b11226b054a0595fb97baea9d308b - - default default] Successfully bumped revision number for resource 26c72dc7-739c-4691-8dc2-1cfa8c659d0c (type: subnets) to 0
2026-05-12 12:35:43.234 9 INFO neutron.db.ovn_revision_numbers_db [None req-89f009ed-66ae-44e9-b99e-61a82e3e5d4a 9fcc52c85c06427b887795b80418a904 a18b4ef38d0340a6982f51b5a51162df - - default default] Successfully bumped revision number for resource 26442510-0b6a-4297-9732-7504a9d26410 (type: ports) to 2
2026-05-12 12:35:43.248 9 INFO neutron.wsgi [None req-5cb5c4c2-1060-49c3-9531-e20fec277c32 9b7a42ad08d740a99a8c466cbfa55b29 940b11226b054a0595fb97baea9d308b - - default default] 10.0.0.13 "POST /v2.0/subnets HTTP/1.1" status: 201 len: 821 time: 0.7202275
2026-05-12 12:35:43.261 9 WARNING neutron_lib.context [None req-5a759fbf-b8d2-4955-94dc-abaa26b2cc3d 9b7a42ad08d740a99a8c466cbfa55b29 940b11226b054a0595fb97baea9d308b - - default default] Method 'is_advsvc' is deprecated since 2023.2 release (neutron-lib 3.8.0) and will be removed once support for the old RBAC API policies will be removed from Neutron. Please use method 'is_service_role' instead.
2026-05-12 12:35:43.307 10 INFO neutron.db.ovn_revision_numbers_db [None req-b00e6bc2-0031-4c45-9c94-0fc74333dc74 93dd6a8666c14deab558777a65e89ef2 d0240615c95d4dc2bc99aa6f17407685 - - default default] Successfully bumped revision number for resource 15a582c4-97ac-4475-b591-e1fc318ac80a (type: ports) to 1
2026-05-12 12:35:43.346 10 INFO neutron.wsgi [None req-b00e6bc2-0031-4c45-9c94-0fc74333dc74 93dd6a8666c14deab558777a65e89ef2 d0240615c95d4dc2bc99aa6f17407685 - - default default] 10.0.0.13 "POST /v2.0/networks HTTP/1.1" status: 201 len: 852 time: 0.5468121
2026-05-12 12:35:43.359 10 WARNING neutron_lib.context [None req-d3bc97c2-dc81-4961-80e0-f7f9886da969 93dd6a8666c14deab558777a65e89ef2 d0240615c95d4dc2bc99aa6f17407685 - - default default] Method 'is_advsvc' is deprecated since 2023.2 release (neutron-lib 3.8.0) and will be removed once support for the old RBAC API policies will be removed from Neutron. Please use method 'is_service_role' instead.
2026-05-12 12:35:43.488 10 INFO neutron.db.segments_db [None req-d3bc97c2-dc81-4961-80e0-f7f9886da969 93dd6a8666c14deab558777a65e89ef2 d0240615c95d4dc2bc99aa6f17407685 - - default default] Added segment db347412-23d8-4576-9fa4-48083d945ed8 of type geneve for network 0136466e-e8a3-441d-9c1f-f9f011c054ec
2026-05-12 12:35:43.519 10 INFO neutron.wsgi [req-70976443-7aa5-471d-aff5-40d17e9ed685 req-16914da6-9a0f-4201-9672-7d863799c771 e585a930103e40178781336357881e4d 151b8bb81ca74794bc98a04b84638a52 - - default default] 10.0.0.175 "GET /v2.0/networks?id=b4db9fa3-8349-497a-aa64-0e706362dda3 HTTP/1.1" status: 200 len: 876 time: 0.1283967
2026-05-12 12:35:43.543 10 INFO neutron.wsgi [req-70976443-7aa5-471d-aff5-40d17e9ed685 req-bfde37c2-1fc6-482c-ba49-a1c4926e1ec4 e585a930103e40178781336357881e4d 151b8bb81ca74794bc98a04b84638a52 - - default default] 10.0.0.175 "GET /v2.0/quotas/151b8bb81ca74794bc98a04b84638a52 HTTP/1.1" status: 200 len: 386 time: 0.0169122
2026-05-12 12:35:43.706 9 WARNING neutron.scheduler.dhcp_agent_scheduler [None req-5a759fbf-b8d2-4955-94dc-abaa26b2cc3d 9b7a42ad08d740a99a8c466cbfa55b29 940b11226b054a0595fb97baea9d308b - - default default] No more DHCP agents
2026-05-12 12:35:43.706 10 INFO neutron.wsgi [req-70976443-7aa5-471d-aff5-40d17e9ed685 req-0f7629c3-b696-41f1-a51c-a97c6a6c07a1 e585a930103e40178781336357881e4d 151b8bb81ca74794bc98a04b84638a52 - - default default] 10.0.0.175 "GET /v2.0/ports?tenant_id=151b8bb81ca74794bc98a04b84638a52&fields=id HTTP/1.1" status: 200 len: 302 time: 0.1483960
2026-05-12 12:35:43.708 9 WARNING neutron.api.rpc.agentnotifiers.dhcp_rpc_agent_api [None req-5a759fbf-b8d2-4955-94dc-abaa26b2cc3d 9b7a42ad08d740a99a8c466cbfa55b29 940b11226b054a0595fb97baea9d308b - - default default] Unable to schedule network 95093f51-1786-4943-afd7-29c3d4fcca02: no agents available; will retry on subsequent port and subnet creation events.
2026-05-12 12:35:43.727 10 INFO neutron.db.ovn_revision_numbers_db [None req-d3bc97c2-dc81-4961-80e0-f7f9886da969 93dd6a8666c14deab558777a65e89ef2 d0240615c95d4dc2bc99aa6f17407685 - - default default] Successfully bumped revision number for resource 0136466e-e8a3-441d-9c1f-f9f011c054ec (type: networks) to 1
2026-05-12 12:35:43.799 9 INFO neutron.db.ovn_revision_numbers_db [None req-89f009ed-66ae-44e9-b99e-61a82e3e5d4a 9fcc52c85c06427b887795b80418a904 a18b4ef38d0340a6982f51b5a51162df - - default default] Successfully bumped revision number for resource 26442510-0b6a-4297-9732-7504a9d26410 (type: router_ports) to 2
2026-05-12 12:35:43.862 9 INFO neutron.db.ovn_revision_numbers_db [None req-5a759fbf-b8d2-4955-94dc-abaa26b2cc3d 9b7a42ad08d740a99a8c466cbfa55b29 940b11226b054a0595fb97baea9d308b - - default default] Successfully bumped revision number for resource c6a91fed-8fcb-44e6-adff-1514eac194ab (type: ports) to 1
2026-05-12 12:35:43.890 9 INFO neutron.wsgi [None req-5a759fbf-b8d2-4955-94dc-abaa26b2cc3d 9b7a42ad08d740a99a8c466cbfa55b29 940b11226b054a0595fb97baea9d308b - - default default] 10.0.0.13 "POST /v2.0/ports HTTP/1.1" status: 201 len: 1164 time: 0.6336353 /var/lib/openstack/lib/python3.10/site-packages/pycadf/identifier.py:71: UserWarning: Invalid uuid: neutron. To ensure interoperability, identifiers should be a valid uuid. warnings.warn(('Invalid uuid: %s. To ensure interoperability, '
2026-05-12 12:35:44.012 9 INFO neutron.db.ovn_revision_numbers_db [None req-89f009ed-66ae-44e9-b99e-61a82e3e5d4a 9fcc52c85c06427b887795b80418a904 a18b4ef38d0340a6982f51b5a51162df - - default default] Successfully bumped revision number for resource 26442510-0b6a-4297-9732-7504a9d26410 (type: ports) to 2
2026-05-12 12:35:44.088 10 INFO neutron.wsgi [req-70976443-7aa5-471d-aff5-40d17e9ed685 req-80a7c0e2-dc39-40c5-b57c-f3ca866cf8ac fc29be8e7ecb4bd8bc93870ac5062f04 ee2d8ddb08214e70b9fb08d141b8b884 - - 80b0a9ab3f8643c882ac358e340d6954 80b0a9ab3f8643c882ac358e340d6954] 10.0.0.175 "GET /v2.0/networks/b4db9fa3-8349-497a-aa64-0e706362dda3?fields=segments HTTP/1.1" status: 200 len: 212 time: 0.3733156
2026-05-12 12:35:44.102 9 WARNING neutron.scheduler.dhcp_agent_scheduler [None req-89f009ed-66ae-44e9-b99e-61a82e3e5d4a 9fcc52c85c06427b887795b80418a904 a18b4ef38d0340a6982f51b5a51162df - - default default] No more DHCP agents
2026-05-12 12:35:44.104 9 WARNING neutron.api.rpc.agentnotifiers.dhcp_rpc_agent_api [None req-89f009ed-66ae-44e9-b99e-61a82e3e5d4a 9fcc52c85c06427b887795b80418a904 a18b4ef38d0340a6982f51b5a51162df - - default default] Unable to schedule network 84900ef7-960c-423c-b8c0-7117fb3cd366: no agents available; will retry on subsequent port and subnet creation events.
2026-05-12 12:35:44.185 10 INFO neutron.wsgi [req-70976443-7aa5-471d-aff5-40d17e9ed685 req-dceb4103-6e58-4837-a4a0-862ac037a0b7 fc29be8e7ecb4bd8bc93870ac5062f04 ee2d8ddb08214e70b9fb08d141b8b884 - - 80b0a9ab3f8643c882ac358e340d6954 80b0a9ab3f8643c882ac358e340d6954] 10.0.0.175 "GET /v2.0/networks/b4db9fa3-8349-497a-aa64-0e706362dda3?fields=provider%3Aphysical_network&fields=provider%3Anetwork_type HTTP/1.1" status: 200 len: 277 time: 0.0872824
2026-05-12 12:35:44.245 10 WARNING neutron.scheduler.dhcp_agent_scheduler [None req-d3bc97c2-dc81-4961-80e0-f7f9886da969 93dd6a8666c14deab558777a65e89ef2 d0240615c95d4dc2bc99aa6f17407685 - - default default] No more DHCP agents
2026-05-12 12:35:44.247 10 WARNING neutron.api.rpc.agentnotifiers.dhcp_rpc_agent_api [None req-d3bc97c2-dc81-4961-80e0-f7f9886da969 93dd6a8666c14deab558777a65e89ef2 d0240615c95d4dc2bc99aa6f17407685 - - default default] Unable to schedule network 0136466e-e8a3-441d-9c1f-f9f011c054ec: no agents available; will retry on subsequent port and subnet creation events.
2026-05-12 12:35:44.271 9 INFO neutron.db.ovn_revision_numbers_db [None req-89f009ed-66ae-44e9-b99e-61a82e3e5d4a 9fcc52c85c06427b887795b80418a904 a18b4ef38d0340a6982f51b5a51162df - - default default] Successfully bumped revision number for resource 26442510-0b6a-4297-9732-7504a9d26410 (type: router_ports) to 2
2026-05-12 12:35:44.273 9 INFO neutron.wsgi [None req-89f009ed-66ae-44e9-b99e-61a82e3e5d4a 9fcc52c85c06427b887795b80418a904 a18b4ef38d0340a6982f51b5a51162df - - default default] 10.0.0.13 "PUT /v2.0/routers/653b836b-aa8c-4a61-909f-cae79cef75d7/add_router_interface HTTP/1.1" status: 200 len: 503 time: 2.1081941
2026-05-12 12:35:44.277 9 INFO neutron.wsgi [None req-a0539f84-15c2-47f5-a9c0-c52e150873ee 9b7a42ad08d740a99a8c466cbfa55b29 940b11226b054a0595fb97baea9d308b - - default default] 10.0.0.13 "DELETE /v2.0/ports/c6a91fed-8fcb-44e6-adff-1514eac194ab HTTP/1.1" status: 204 len: 168 time: 0.3804455
2026-05-12 12:35:44.305 10 INFO neutron.pecan_wsgi.hooks.translation [None req-433d9a11-051e-4661-a4a1-56071cd72e10 9b7a42ad08d740a99a8c466cbfa55b29 940b11226b054a0595fb97baea9d308b - - default default] DELETE failed (client error): The resource could not be found.
2026-05-12 12:35:44.307 10 INFO neutron.wsgi [None req-433d9a11-051e-4661-a4a1-56071cd72e10 9b7a42ad08d740a99a8c466cbfa55b29 940b11226b054a0595fb97baea9d308b - - default default] 10.0.0.13 "DELETE /v2.0/ports/c6a91fed-8fcb-44e6-adff-1514eac194ab HTTP/1.1" status: 404 len: 333 time: 0.0233517
2026-05-12 12:35:44.342 10 INFO neutron.pecan_wsgi.hooks.translation [None req-9192e6fd-b8a4-4593-95ef-5b3fafc2df1d 9b7a42ad08d740a99a8c466cbfa55b29 940b11226b054a0595fb97baea9d308b - - default default] GET failed (client error): The resource could not be found.
2026-05-12 12:35:44.343 10 INFO neutron.wsgi [None req-9192e6fd-b8a4-4593-95ef-5b3fafc2df1d 9b7a42ad08d740a99a8c466cbfa55b29 940b11226b054a0595fb97baea9d308b - - default default] 10.0.0.13 "GET /v2.0/ports/c6a91fed-8fcb-44e6-adff-1514eac194ab HTTP/1.1" status: 404 len: 333 time: 0.0311480
2026-05-12 12:35:44.357 9 INFO neutron.wsgi [None req-5ac8c3f3-29c7-433f-937e-d19349270bbd 9fcc52c85c06427b887795b80418a904 a18b4ef38d0340a6982f51b5a51162df - - default default] 10.0.0.13 "GET /v2.0/ports/26442510-0b6a-4297-9732-7504a9d26410 HTTP/1.1" status: 200 len: 1207 time: 0.0789447
2026-05-12 12:35:44.374 10 INFO neutron.wsgi [req-66605f05-9076-44e3-af07-d5d9a2e88398 req-2a55f53b-78bb-4124-975f-14013fafce1a e585a930103e40178781336357881e4d 151b8bb81ca74794bc98a04b84638a52 - - default default] 10.0.0.175 "GET /v2.0/ports?device_id=dde5cc15-a0c2-4094-ac18-91ca9c9f566d HTTP/1.1" status: 200 len: 210 time: 0.0237811
2026-05-12 12:35:44.379 10 INFO neutron.db.ovn_revision_numbers_db [None req-d3bc97c2-dc81-4961-80e0-f7f9886da969 93dd6a8666c14deab558777a65e89ef2 d0240615c95d4dc2bc99aa6f17407685 - - default default] Successfully bumped revision number for resource 64af75e7-cc52-4bb1-a1e6-f415008c5212 (type: ports) to 1
2026-05-12 12:35:44.402 10 INFO neutron.wsgi [None req-d3bc97c2-dc81-4961-80e0-f7f9886da969 93dd6a8666c14deab558777a65e89ef2 d0240615c95d4dc2bc99aa6f17407685 - - default default] 10.0.0.13 "POST /v2.0/networks HTTP/1.1" status: 201 len: 852 time: 1.0500994
2026-05-12 12:35:44.412 10 WARNING neutron_lib.context [None req-a992e580-43af-4828-b5a9-737cae485365 93dd6a8666c14deab558777a65e89ef2 d0240615c95d4dc2bc99aa6f17407685 - - default default] Method 'is_advsvc' is deprecated since 2023.2 release (neutron-lib 3.8.0) and will be removed once support for the old RBAC API policies will be removed from Neutron. Please use method 'is_service_role' instead.
2026-05-12 12:35:44.461 10 WARNING neutron_lib.context [None req-a992e580-43af-4828-b5a9-737cae485365 93dd6a8666c14deab558777a65e89ef2 d0240615c95d4dc2bc99aa6f17407685 - - default default] Method 'is_advsvc' is deprecated since 2023.2 release (neutron-lib 3.8.0) and will be removed once support for the old RBAC API policies will be removed from Neutron. Please use method 'is_service_role' instead.
2026-05-12 12:35:44.671 9 INFO neutron.wsgi [None req-aef6cdf4-0889-4679-ae0f-d75e1ff76243 9b7a42ad08d740a99a8c466cbfa55b29 940b11226b054a0595fb97baea9d308b - - default default] 10.0.0.13 "DELETE /v2.0/subnets/26c72dc7-739c-4691-8dc2-1cfa8c659d0c HTTP/1.1" status: 204 len: 168 time: 0.3190982 /var/lib/openstack/lib/python3.10/site-packages/pycadf/identifier.py:71: UserWarning: Invalid uuid: neutron. To ensure interoperability, identifiers should be a valid uuid. warnings.warn(('Invalid uuid: %s. To ensure interoperability, '
2026-05-12 12:35:45.119 10 WARNING neutron.scheduler.dhcp_agent_scheduler [None req-a992e580-43af-4828-b5a9-737cae485365 93dd6a8666c14deab558777a65e89ef2 d0240615c95d4dc2bc99aa6f17407685 - - default default] No more DHCP agents
2026-05-12 12:35:45.127 10 WARNING neutron.api.rpc.agentnotifiers.dhcp_rpc_agent_api [None req-a992e580-43af-4828-b5a9-737cae485365 93dd6a8666c14deab558777a65e89ef2 d0240615c95d4dc2bc99aa6f17407685 - - default default] Unable to schedule network c6ddd843-3509-44a0-9fc6-bbe21efc753d: no agents available; will retry on subsequent port and subnet creation events.
2026-05-12 12:35:45.182 9 INFO neutron.wsgi [None req-3cd58a87-0cf7-4ef7-861f-93b117758b42 9fcc52c85c06427b887795b80418a904 a18b4ef38d0340a6982f51b5a51162df - - default default] 10.0.0.13 "PUT /v2.0/routers/653b836b-aa8c-4a61-909f-cae79cef75d7/remove_router_interface HTTP/1.1" status: 200 len: 503 time: 0.8194177
2026-05-12 12:35:45.184 10 INFO neutron.wsgi [req-70976443-7aa5-471d-aff5-40d17e9ed685 req-f9d29428-3e21-48a9-a36b-e6b6eb5d8169 e585a930103e40178781336357881e4d 151b8bb81ca74794bc98a04b84638a52 - - default default] 199.19.213.157 "GET /v2.0/networks?id=b4db9fa3-8349-497a-aa64-0e706362dda3 HTTP/1.1" status: 200 len: 876 time: 0.1374159 /var/lib/openstack/lib/python3.10/site-packages/pycadf/identifier.py:71: UserWarning: Invalid uuid: neutron. To ensure interoperability, identifiers should be a valid uuid. warnings.warn(('Invalid uuid: %s. To ensure interoperability, ' /var/lib/openstack/lib/python3.10/site-packages/pycadf/identifier.py:71: UserWarning: Invalid uuid: neutron. To ensure interoperability, identifiers should be a valid uuid. warnings.warn(('Invalid uuid: %s. To ensure interoperability, '
2026-05-12 12:35:45.200 10 WARNING neutron_lib.context [req-70976443-7aa5-471d-aff5-40d17e9ed685 req-3a234f5f-1976-4ea8-9e99-f5d161e17fed e585a930103e40178781336357881e4d 151b8bb81ca74794bc98a04b84638a52 - - default default] Method 'is_advsvc' is deprecated since 2023.2 release (neutron-lib 3.8.0) and will be removed once support for the old RBAC API policies will be removed from Neutron. Please use method 'is_service_role' instead.
2026-05-12 12:35:45.237 10 INFO neutron.services.segments.plugin [-] Segment 4939ce35-6173-4bed-b519-687a11b6c29a resource provider aggregate not found
2026-05-12 12:35:45.257 9 INFO neutron.api.v2.resource [None req-efc84df8-a5ef-4f36-a02b-0377d38b5ff8 9fcc52c85c06427b887795b80418a904 a18b4ef38d0340a6982f51b5a51162df - - default default] remove_router_interface failed (client error): The resource could not be found.
2026-05-12 12:35:45.259 9 INFO neutron.wsgi [None req-efc84df8-a5ef-4f36-a02b-0377d38b5ff8 9fcc52c85c06427b887795b80418a904 a18b4ef38d0340a6982f51b5a51162df - - default default] 10.0.0.13 "PUT /v2.0/routers/653b836b-aa8c-4a61-909f-cae79cef75d7/remove_router_interface HTTP/1.1" status: 404 len: 398 time: 0.0709777
2026-05-12 12:35:45.266 10 INFO neutron.services.segments.plugin [-] Segment 4939ce35-6173-4bed-b519-687a11b6c29a resource provider aggregate not found
2026-05-12 12:35:45.274 10 INFO neutron.services.segments.plugin [-] Segment 4939ce35-6173-4bed-b519-687a11b6c29a resource provider not found; error: Placement Client Error (4xx): {"errors": [{"status": 404, "title": "Not Found", "detail": "The resource could not be found.\n\n No resource provider with uuid 4939ce35-6173-4bed-b519-687a11b6c29a found for delete ", "request_id": "req-1756c1b0-fdfb-4f20-b885-1b6d222fb736"}]}
2026-05-12 12:35:45.287 9 INFO neutron.wsgi [None req-84233729-5485-4a39-a8ce-efd2efcb03da 9fcc52c85c06427b887795b80418a904 a18b4ef38d0340a6982f51b5a51162df - - default default] 10.0.0.13 "GET /v2.0/ports?device_id=653b836b-aa8c-4a61-909f-cae79cef75d7 HTTP/1.1" status: 200 len: 205 time: 0.0214629
