2026-07-01 08:36:20.368 7 INFO placement.requestlog [None req-c2911f23-aec9-49ab-b274-1e1f775cf10b - - - - - -] 10.0.0.7 "GET /" status: 200 len: 136 microversion: 1.0
2026-07-01 08:36:30.368 8 INFO placement.requestlog [None req-d462f0ab-2d8d-4dba-92e4-aadbf0bc0448 - - - - - -] 10.0.0.7 "GET /" status: 200 len: 136 microversion: 1.0
2026-07-01 08:36:30.368 7 INFO placement.requestlog [None req-745f434c-670e-4ed9-a11f-abe89e36dde4 - - - - - -] 10.0.0.7 "GET /" status: 200 len: 136 microversion: 1.0
2026-07-01 08:36:40.368 7 INFO placement.requestlog [None req-91a4eae0-f244-4bab-b715-e64770f53ca6 - - - - - -] 10.0.0.7 "GET /" status: 200 len: 136 microversion: 1.0
2026-07-01 08:36:40.368 8 INFO placement.requestlog [None req-133e758a-e67b-42ef-aef7-a66b51b669b8 - - - - - -] 10.0.0.7 "GET /" status: 200 len: 136 microversion: 1.0
2026-07-01 08:36:50.368 7 INFO placement.requestlog [None req-5045ed96-1bc9-41bc-a1b0-24a06e14c0a8 - - - - - -] 10.0.0.7 "GET /" status: 200 len: 136 microversion: 1.0
2026-07-01 08:36:50.368 8 INFO placement.requestlog [None req-122c954b-7570-4243-8fd5-f3d25a0fd5ca - - - - - -] 10.0.0.7 "GET /" status: 200 len: 136 microversion: 1.0
2026-07-01 08:37:00.367 7 INFO placement.requestlog [None req-017e724e-6c2c-4c70-8b9a-abf956e35378 - - - - - -] 10.0.0.7 "GET /" status: 200 len: 136 microversion: 1.0
2026-07-01 08:37:00.368 8 INFO placement.requestlog [None req-baa7210b-d7ce-483c-afdc-c8813dc330bc - - - - - -] 10.0.0.7 "GET /" status: 200 len: 136 microversion: 1.0
2026-07-01 08:37:10.368 8 INFO placement.requestlog [None req-3d432e25-edcc-43a1-9221-a05f013bc456 - - - - - -] 10.0.0.7 "GET /" status: 200 len: 136 microversion: 1.0
2026-07-01 08:37:10.368 7 INFO placement.requestlog [None req-81223269-08c0-483b-80e9-e0aae0a5444c - - - - - -] 10.0.0.7 "GET /" status: 200 len: 136 microversion: 1.0
2026-07-01 08:37:20.367 7 INFO placement.requestlog [None req-17576b4a-8a61-4fad-be17-ff3ce3e6816e - - - - - -] 10.0.0.7 "GET /" status: 200 len: 136 microversion: 1.0
2026-07-01 08:37:20.367 8 INFO placement.requestlog [None req-41e8cc64-2acf-40a3-9f4f-6d01860312be - - - - - -] 10.0.0.7 "GET /" status: 200 len: 136 microversion: 1.0
2026-07-01 08:37:21.178 7 INFO placement.requestlog [req-b47e0919-9c16-47d5-8b0d-d73ebbac2b68 req-56801971-9e9d-4e13-bdcf-00c5ba813417 1259c536ed1444b5a3f01a99707902bd 0d5668df106849e79b0c48c428379ce6 - - 7e0e901a20284d658e8fa6a5a29d5040 7e0e901a20284d658e8fa6a5a29d5040] 199.204.45.115 "GET /resource_providers/f187e68b-1a8d-486e-bdf4-464fd092de27/allocations" status: 200 len: 54 microversion: 1.0 [pid: 7|app: 0|req: 298/595] 199.204.45.115 () {32 vars in 857 bytes} [Wed Jul 1 08:37:21 2026] GET /resource_providers/f187e68b-1a8d-486e-bdf4-464fd092de27/allocations => generated 54 bytes in 138 msecs (HTTP/1.1 200) 6 headers in 223 bytes (1 switches on core 0)
2026-07-01 08:37:21.210 8 INFO placement.requestlog [req-b47e0919-9c16-47d5-8b0d-d73ebbac2b68 req-89330373-4792-4710-9571-8ed8ccc9e39e 1259c536ed1444b5a3f01a99707902bd 0d5668df106849e79b0c48c428379ce6 - - 7e0e901a20284d658e8fa6a5a29d5040 7e0e901a20284d658e8fa6a5a29d5040] 199.204.45.115 "GET /resource_providers?in_tree=f187e68b-1a8d-486e-bdf4-464fd092de27" status: 200 len: 797 microversion: 1.14 [pid: 8|app: 0|req: 298/596] 199.204.45.115 () {34 vars in 892 bytes} [Wed Jul 1 08:37:21 2026] GET /resource_providers?in_tree=f187e68b-1a8d-486e-bdf4-464fd092de27 => generated 797 bytes in 23 msecs (HTTP/1.1 200) 6 headers in 225 bytes (1 switches on core 0)
2026-07-01 08:37:21.231 7 INFO placement.requestlog [req-b47e0919-9c16-47d5-8b0d-d73ebbac2b68 req-1575bc1e-4a38-4b15-b26d-89bb14c7aa09 1259c536ed1444b5a3f01a99707902bd 0d5668df106849e79b0c48c428379ce6 - - 7e0e901a20284d658e8fa6a5a29d5040 7e0e901a20284d658e8fa6a5a29d5040] 199.204.45.115 "GET /resource_providers/f187e68b-1a8d-486e-bdf4-464fd092de27/inventories" status: 200 len: 400 microversion: 1.0 [pid: 7|app: 0|req: 299/597] 199.204.45.115 () {32 vars in 857 bytes} [Wed Jul 1 08:37:21 2026] GET /resource_providers/f187e68b-1a8d-486e-bdf4-464fd092de27/inventories => generated 400 bytes in 14 msecs (HTTP/1.1 200) 6 headers in 224 bytes (1 switches on core 0)
2026-07-01 08:37:21.253 8 INFO placement.requestlog [req-b47e0919-9c16-47d5-8b0d-d73ebbac2b68 req-82171d03-bb2b-4b6e-b8b2-923c15826083 1259c536ed1444b5a3f01a99707902bd 0d5668df106849e79b0c48c428379ce6 - - 7e0e901a20284d658e8fa6a5a29d5040 7e0e901a20284d658e8fa6a5a29d5040] 199.204.45.115 "GET /resource_providers/f187e68b-1a8d-486e-bdf4-464fd092de27/aggregates" status: 200 len: 53 microversion: 1.19 [pid: 8|app: 0|req: 299/598] 199.204.45.115 () {34 vars in 899 bytes} [Wed Jul 1 08:37:21 2026] GET /resource_providers/f187e68b-1a8d-486e-bdf4-464fd092de27/aggregates => generated 53 bytes in 17 msecs (HTTP/1.1 200) 8 headers in 295 bytes (1 switches on core 0)
2026-07-01 08:37:21.277 7 INFO placement.requestlog [req-b47e0919-9c16-47d5-8b0d-d73ebbac2b68 req-e9e5ca62-1639-4a55-ba22-0c949b74e437 1259c536ed1444b5a3f01a99707902bd 0d5668df106849e79b0c48c428379ce6 - - 7e0e901a20284d658e8fa6a5a29d5040 7e0e901a20284d658e8fa6a5a29d5040] 199.204.45.115 "GET /resource_providers/f187e68b-1a8d-486e-bdf4-464fd092de27/traits" status: 200 len: 2175 microversion: 1.6 [pid: 7|app: 0|req: 300/599] 199.204.45.115 () {34 vars in 890 bytes} [Wed Jul 1 08:37:21 2026] GET /resource_providers/f187e68b-1a8d-486e-bdf4-464fd092de27/traits => generated 2175 bytes in 20 msecs (HTTP/1.1 200) 6 headers in 225 bytes (1 switches on core 0)
2026-07-01 08:37:21.300 8 INFO placement.requestlog [req-b47e0919-9c16-47d5-8b0d-d73ebbac2b68 req-13bb879f-4855-4491-9c48-c4724047024b 1259c536ed1444b5a3f01a99707902bd 0d5668df106849e79b0c48c428379ce6 - - 7e0e901a20284d658e8fa6a5a29d5040 7e0e901a20284d658e8fa6a5a29d5040] 199.204.45.115 "GET /resource_providers/f187e68b-1a8d-486e-bdf4-464fd092de27/allocations" status: 200 len: 54 microversion: 1.0 [pid: 8|app: 0|req: 300/600] 199.204.45.115 () {32 vars in 857 bytes} [Wed Jul 1 08:37:21 2026] GET /resource_providers/f187e68b-1a8d-486e-bdf4-464fd092de27/allocations => generated 54 bytes in 16 msecs (HTTP/1.1 200) 6 headers in 223 bytes (1 switches on core 0)
2026-07-01 08:37:30.367 7 INFO placement.requestlog [None req-30668629-6508-42f3-89f5-87507e2f2179 - - - - - -] 10.0.0.7 "GET /" status: 200 len: 136 microversion: 1.0
2026-07-01 08:37:30.367 8 INFO placement.requestlog [None req-a001e1e5-fbc0-40f6-a4eb-280709dd294c - - - - - -] 10.0.0.7 "GET /" status: 200 len: 136 microversion: 1.0
2026-07-01 08:37:34.972 7 INFO placement.requestlog [None req-2c45e47f-5928-4a99-8165-3ee7c2f9fd61 c666e4262d8a4dbda8e1999e18e47793 0d5668df106849e79b0c48c428379ce6 - - 7e0e901a20284d658e8fa6a5a29d5040 7e0e901a20284d658e8fa6a5a29d5040] 10.0.0.96 "GET /resource_providers/73f9f6e2-b610-4a09-bd02-6de3d5dad7a8/aggregates" status: 404 len: 235 microversion: 1.1 [pid: 7|app: 0|req: 302/603] 10.0.0.96 () {32 vars in 815 bytes} [Wed Jul 1 08:37:34 2026] GET /resource_providers/73f9f6e2-b610-4a09-bd02-6de3d5dad7a8/aggregates => generated 235 bytes in 139 msecs (HTTP/1.1 404) 5 headers in 202 bytes (1 switches on core 0)
2026-07-01 08:37:34.994 7 INFO placement.requestlog [None req-b96104c8-e492-40b5-87fa-8e7dd6f7dfe7 c666e4262d8a4dbda8e1999e18e47793 0d5668df106849e79b0c48c428379ce6 - - 7e0e901a20284d658e8fa6a5a29d5040 7e0e901a20284d658e8fa6a5a29d5040] 10.0.0.96 "DELETE /resource_providers/73f9f6e2-b610-4a09-bd02-6de3d5dad7a8" status: 404 len: 246 microversion: 1.1 [pid: 7|app: 0|req: 303/604] 10.0.0.96 () {34 vars in 815 bytes} [Wed Jul 1 08:37:34 2026] DELETE /resource_providers/73f9f6e2-b610-4a09-bd02-6de3d5dad7a8 => generated 246 bytes in 10 msecs (HTTP/1.1 404) 6 headers in 231 bytes (1 switches on core 0)
2026-07-01 08:37:34.995 8 INFO placement.requestlog [None req-8db060cf-8bab-4d05-bb76-9e9c70c11e37 c666e4262d8a4dbda8e1999e18e47793 0d5668df106849e79b0c48c428379ce6 - - 7e0e901a20284d658e8fa6a5a29d5040 7e0e901a20284d658e8fa6a5a29d5040] 10.0.0.96 "GET /resource_providers/73f9f6e2-b610-4a09-bd02-6de3d5dad7a8/aggregates" status: 404 len: 235 microversion: 1.1 [pid: 8|app: 0|req: 302/605] 10.0.0.96 () {32 vars in 815 bytes} [Wed Jul 1 08:37:34 2026] GET /resource_providers/73f9f6e2-b610-4a09-bd02-6de3d5dad7a8/aggregates => generated 235 bytes in 130 msecs (HTTP/1.1 404) 5 headers in 202 bytes (1 switches on core 0)
2026-07-01 08:37:35.020 7 INFO placement.requestlog [None req-8f7c1e94-3b1f-4fc3-85de-e818a2637a01 c666e4262d8a4dbda8e1999e18e47793 0d5668df106849e79b0c48c428379ce6 - - 7e0e901a20284d658e8fa6a5a29d5040 7e0e901a20284d658e8fa6a5a29d5040] 10.0.0.96 "DELETE /resource_providers/73f9f6e2-b610-4a09-bd02-6de3d5dad7a8" status: 404 len: 246 microversion: 1.1 [pid: 7|app: 0|req: 304/606] 10.0.0.96 () {34 vars in 815 bytes} [Wed Jul 1 08:37:35 2026] DELETE /resource_providers/73f9f6e2-b610-4a09-bd02-6de3d5dad7a8 => generated 246 bytes in 12 msecs (HTTP/1.1 404) 6 headers in 231 bytes (1 switches on core 0)
2026-07-01 08:37:35.624 8 INFO placement.requestlog [None req-f6fedd97-7ed6-4ae1-8b85-a1e271f45fef c666e4262d8a4dbda8e1999e18e47793 0d5668df106849e79b0c48c428379ce6 - - 7e0e901a20284d658e8fa6a5a29d5040 7e0e901a20284d658e8fa6a5a29d5040] 10.0.0.96 "GET /resource_providers/6d4bbe53-85c0-4acc-a428-98f98d2caa07/aggregates" status: 404 len: 235 microversion: 1.1 [pid: 8|app: 0|req: 303/607] 10.0.0.96 () {32 vars in 815 bytes} [Wed Jul 1 08:37:35 2026] GET /resource_providers/6d4bbe53-85c0-4acc-a428-98f98d2caa07/aggregates => generated 235 bytes in 128 msecs (HTTP/1.1 404) 5 headers in 202 bytes (1 switches on core 0)
2026-07-01 08:37:35.643 8 INFO placement.requestlog [None req-a3016f23-ce29-4587-908b-268dd2041986 c666e4262d8a4dbda8e1999e18e47793 0d5668df106849e79b0c48c428379ce6 - - 7e0e901a20284d658e8fa6a5a29d5040 7e0e901a20284d658e8fa6a5a29d5040] 10.0.0.96 "DELETE /resource_providers/6d4bbe53-85c0-4acc-a428-98f98d2caa07" status: 404 len: 246 microversion: 1.1 [pid: 8|app: 0|req: 304/608] 10.0.0.96 () {34 vars in 815 bytes} [Wed Jul 1 08:37:35 2026] DELETE /resource_providers/6d4bbe53-85c0-4acc-a428-98f98d2caa07 => generated 246 bytes in 9 msecs (HTTP/1.1 404) 6 headers in 231 bytes (1 switches on core 0)
2026-07-01 08:37:35.789 7 INFO placement.requestlog [None req-b955805e-6bd9-4143-bdc9-b8780d4e9dab c666e4262d8a4dbda8e1999e18e47793 0d5668df106849e79b0c48c428379ce6 - - 7e0e901a20284d658e8fa6a5a29d5040 7e0e901a20284d658e8fa6a5a29d5040] 10.0.0.96 "GET /resource_providers/6d4bbe53-85c0-4acc-a428-98f98d2caa07/aggregates" status: 404 len: 235 microversion: 1.1 [pid: 7|app: 0|req: 305/609] 10.0.0.96 () {32 vars in 815 bytes} [Wed Jul 1 08:37:35 2026] GET /resource_providers/6d4bbe53-85c0-4acc-a428-98f98d2caa07/aggregates => generated 235 bytes in 273 msecs (HTTP/1.1 404) 5 headers in 202 bytes (1 switches on core 0)
2026-07-01 08:37:35.808 8 INFO placement.requestlog [None req-2599360e-aaf4-4933-892e-3cd644326eb0 c666e4262d8a4dbda8e1999e18e47793 0d5668df106849e79b0c48c428379ce6 - - 7e0e901a20284d658e8fa6a5a29d5040 7e0e901a20284d658e8fa6a5a29d5040] 10.0.0.96 "DELETE /resource_providers/6d4bbe53-85c0-4acc-a428-98f98d2caa07" status: 404 len: 246 microversion: 1.1 [pid: 8|app: 0|req: 305/610] 10.0.0.96 () {34 vars in 815 bytes} [Wed Jul 1 08:37:35 2026] DELETE /resource_providers/6d4bbe53-85c0-4acc-a428-98f98d2caa07 => generated 246 bytes in 10 msecs (HTTP/1.1 404) 6 headers in 231 bytes (1 switches on core 0)
2026-07-01 08:37:36.552 7 INFO placement.requestlog [req-9dc87802-24dc-4198-89b1-b9860c46966f req-f9e23033-c8f7-48ef-a6b9-082e3bdea571 1259c536ed1444b5a3f01a99707902bd 0d5668df106849e79b0c48c428379ce6 - - 7e0e901a20284d658e8fa6a5a29d5040 7e0e901a20284d658e8fa6a5a29d5040] 10.0.0.159 "GET /allocation_candidates?limit=1000&resources=MEMORY_MB%3A512%2CVCPU%3A1&root_required=%21COMPUTE_STATUS_DISABLED" status: 200 len: 2626 microversion: 1.36 [pid: 7|app: 0|req: 306/611] 10.0.0.159 () {34 vars in 984 bytes} [Wed Jul 1 08:37:36 2026] GET /allocation_candidates?limit=1000&resources=MEMORY_MB%3A512%2CVCPU%3A1&root_required=%21COMPUTE_STATUS_DISABLED => generated 2626 bytes in 256 msecs (HTTP/1.1 200) 8 headers in 297 bytes (1 switches on core 0)
2026-07-01 08:37:36.597 8 INFO placement.requestlog [req-9dc87802-24dc-4198-89b1-b9860c46966f req-7ee5928c-8222-44c9-9a77-7a3f1a37942a 1259c536ed1444b5a3f01a99707902bd 0d5668df106849e79b0c48c428379ce6 - - 7e0e901a20284d658e8fa6a5a29d5040 7e0e901a20284d658e8fa6a5a29d5040] 10.0.0.159 "GET /allocations/b2b72acb-121c-421d-998a-927802a83d80" status: 200 len: 19 microversion: 1.28 [pid: 8|app: 0|req: 306/612] 10.0.0.159 () {34 vars in 861 bytes} [Wed Jul 1 08:37:36 2026] GET /allocations/b2b72acb-121c-421d-998a-927802a83d80 => generated 19 bytes in 11 msecs (HTTP/1.1 200) 8 headers in 295 bytes (1 switches on core 0)
2026-07-01 08:37:36.697 7 INFO placement.requestlog [req-9dc87802-24dc-4198-89b1-b9860c46966f req-661a21b4-ddaa-49df-8216-363747321ae0 1259c536ed1444b5a3f01a99707902bd 0d5668df106849e79b0c48c428379ce6 - - 7e0e901a20284d658e8fa6a5a29d5040 7e0e901a20284d658e8fa6a5a29d5040] 10.0.0.159 "PUT /allocations/b2b72acb-121c-421d-998a-927802a83d80" status: 204 len: 0 microversion: 1.36 [pid: 7|app: 0|req: 307/613] 10.0.0.159 () {38 vars in 914 bytes} [Wed Jul 1 08:37:36 2026] PUT /allocations/b2b72acb-121c-421d-998a-927802a83d80 => generated 0 bytes in 91 msecs (HTTP/1.1 204) 5 headers in 199 bytes (1 switches on core 0)
2026-07-01 08:37:37.253 8 INFO placement.requestlog [req-3f2bda06-2d47-4381-94fb-21999836f7ca req-412258ec-edcb-47ae-a223-9764f45b8fa8 1259c536ed1444b5a3f01a99707902bd 0d5668df106849e79b0c48c428379ce6 - - 7e0e901a20284d658e8fa6a5a29d5040 7e0e901a20284d658e8fa6a5a29d5040] 10.0.0.159 "GET /allocation_candidates?limit=1000&resources=DISK_GB%3A1%2CMEMORY_MB%3A512%2CVCPU%3A1&root_required=%21COMPUTE_STATUS_DISABLED" status: 200 len: 2642 microversion: 1.36 [pid: 8|app: 0|req: 307/614] 10.0.0.159 () {34 vars in 1012 bytes} [Wed Jul 1 08:37:37 2026] GET /allocation_candidates?limit=1000&resources=DISK_GB%3A1%2CMEMORY_MB%3A512%2CVCPU%3A1&root_required=%21COMPUTE_STATUS_DISABLED => generated 2642 bytes in 56 msecs (HTTP/1.1 200) 8 headers in 297 bytes (1 switches on core 0)
2026-07-01 08:37:37.305 7 INFO placement.requestlog [req-3f2bda06-2d47-4381-94fb-21999836f7ca req-70565e86-416c-49d5-b1d7-ad0c09622345 1259c536ed1444b5a3f01a99707902bd 0d5668df106849e79b0c48c428379ce6 - - 7e0e901a20284d658e8fa6a5a29d5040 7e0e901a20284d658e8fa6a5a29d5040] 10.0.0.159 "GET /allocations/73f10884-b04b-4398-8060-98070cbd8446" status: 200 len: 19 microversion: 1.28 [pid: 7|app: 0|req: 308/615] 10.0.0.159 () {34 vars in 861 bytes} [Wed Jul 1 08:37:37 2026] GET /allocations/73f10884-b04b-4398-8060-98070cbd8446 => generated 19 bytes in 24 msecs (HTTP/1.1 200) 8 headers in 295 bytes (1 switches on core 0)
2026-07-01 08:37:37.400 8 INFO placement.requestlog [req-3f2bda06-2d47-4381-94fb-21999836f7ca req-03ba90fb-e6ae-4020-8c5f-95135e07c42d 1259c536ed1444b5a3f01a99707902bd 0d5668df106849e79b0c48c428379ce6 - - 7e0e901a20284d658e8fa6a5a29d5040 7e0e901a20284d658e8fa6a5a29d5040] 10.0.0.159 "PUT /allocations/73f10884-b04b-4398-8060-98070cbd8446" status: 204 len: 0 microversion: 1.36 [pid: 8|app: 0|req: 308/616] 10.0.0.159 () {38 vars in 914 bytes} [Wed Jul 1 08:37:37 2026] PUT /allocations/73f10884-b04b-4398-8060-98070cbd8446 => generated 0 bytes in 89 msecs (HTTP/1.1 204) 5 headers in 199 bytes (1 switches on core 0)
2026-07-01 08:37:38.189 7 INFO placement.requestlog [req-9dc87802-24dc-4198-89b1-b9860c46966f req-f2dfbe2d-c86a-4f98-9342-d8093a6c5a6c 1259c536ed1444b5a3f01a99707902bd 0d5668df106849e79b0c48c428379ce6 - - 7e0e901a20284d658e8fa6a5a29d5040 7e0e901a20284d658e8fa6a5a29d5040] 199.204.45.115 "GET /allocations/b2b72acb-121c-421d-998a-927802a83d80" status: 200 len: 243 microversion: 1.28 [pid: 7|app: 0|req: 309/617] 199.204.45.115 () {34 vars in 863 bytes} [Wed Jul 1 08:37:38 2026] GET /allocations/b2b72acb-121c-421d-998a-927802a83d80 => generated 243 bytes in 12 msecs (HTTP/1.1 200) 8 headers in 296 bytes (1 switches on core 0)
2026-07-01 08:37:39.050 8 INFO placement.requestlog [req-3f2bda06-2d47-4381-94fb-21999836f7ca req-f7dc44ed-6b13-4067-ae9f-633c9976b5bc 1259c536ed1444b5a3f01a99707902bd 0d5668df106849e79b0c48c428379ce6 - - 7e0e901a20284d658e8fa6a5a29d5040 7e0e901a20284d658e8fa6a5a29d5040] 199.204.45.115 "GET /allocations/73f10884-b04b-4398-8060-98070cbd8446" status: 200 len: 257 microversion: 1.28 [pid: 8|app: 0|req: 309/618] 199.204.45.115 () {34 vars in 863 bytes} [Wed Jul 1 08:37:39 2026] GET /allocations/73f10884-b04b-4398-8060-98070cbd8446 => generated 257 bytes in 21 msecs (HTTP/1.1 200) 8 headers in 296 bytes (1 switches on core 0)
2026-07-01 08:37:39.236 7 INFO placement.requestlog [req-9dc87802-24dc-4198-89b1-b9860c46966f req-83dcb0c0-f494-40f6-a419-bd98789d6bfb 1259c536ed1444b5a3f01a99707902bd 0d5668df106849e79b0c48c428379ce6 - - 7e0e901a20284d658e8fa6a5a29d5040 7e0e901a20284d658e8fa6a5a29d5040] 199.204.45.115 "GET /resource_providers/f187e68b-1a8d-486e-bdf4-464fd092de27/allocations" status: 200 len: 238 microversion: 1.0 [pid: 7|app: 0|req: 310/619] 199.204.45.115 () {32 vars in 857 bytes} [Wed Jul 1 08:37:39 2026] GET /resource_providers/f187e68b-1a8d-486e-bdf4-464fd092de27/allocations => generated 238 bytes in 22 msecs (HTTP/1.1 200) 6 headers in 224 bytes (1 switches on core 0)
2026-07-01 08:37:39.255 8 INFO placement.requestlog [req-9dc87802-24dc-4198-89b1-b9860c46966f req-dc804a3b-0b89-4a1f-b584-7aac83bca31b 1259c536ed1444b5a3f01a99707902bd 0d5668df106849e79b0c48c428379ce6 - - 7e0e901a20284d658e8fa6a5a29d5040 7e0e901a20284d658e8fa6a5a29d5040] 199.204.45.115 "GET /allocations/b2b72acb-121c-421d-998a-927802a83d80" status: 200 len: 243 microversion: 1.28 [pid: 8|app: 0|req: 310/620] 199.204.45.115 () {34 vars in 863 bytes} [Wed Jul 1 08:37:39 2026] GET /allocations/b2b72acb-121c-421d-998a-927802a83d80 => generated 243 bytes in 15 msecs (HTTP/1.1 200) 8 headers in 296 bytes (1 switches on core 0)
2026-07-01 08:37:39.275 7 INFO placement.requestlog [req-9dc87802-24dc-4198-89b1-b9860c46966f req-39973e3d-dd73-45c7-81fe-c2af77fc29be 1259c536ed1444b5a3f01a99707902bd 0d5668df106849e79b0c48c428379ce6 - - 7e0e901a20284d658e8fa6a5a29d5040 7e0e901a20284d658e8fa6a5a29d5040] 199.204.45.115 "GET /allocations/73f10884-b04b-4398-8060-98070cbd8446" status: 200 len: 257 microversion: 1.28 [pid: 7|app: 0|req: 311/621] 199.204.45.115 () {34 vars in 863 bytes} [Wed Jul 1 08:37:39 2026] GET /allocations/73f10884-b04b-4398-8060-98070cbd8446 => generated 257 bytes in 15 msecs (HTTP/1.1 200) 8 headers in 296 bytes (1 switches on core 0)
2026-07-01 08:37:40.368 8 INFO placement.requestlog [None req-61324782-fa5b-4d02-b252-d6a912a3ee7f - - - - - -] 10.0.0.7 "GET /" status: 200 len: 136 microversion: 1.0
2026-07-01 08:37:40.368 7 INFO placement.requestlog [None req-7252ca82-01eb-490f-907d-06dfceb92c7c - - - - - -] 10.0.0.7 "GET /" status: 200 len: 136 microversion: 1.0
2026-07-01 08:37:41.350 8 INFO placement.requestlog [req-3f2bda06-2d47-4381-94fb-21999836f7ca req-9ec985b1-a3c4-4dcb-9ad8-1eb69f4f4218 1259c536ed1444b5a3f01a99707902bd 0d5668df106849e79b0c48c428379ce6 - - 7e0e901a20284d658e8fa6a5a29d5040 7e0e901a20284d658e8fa6a5a29d5040] 199.204.45.115 "GET /resource_providers/f187e68b-1a8d-486e-bdf4-464fd092de27/allocations" status: 200 len: 238 microversion: 1.0 [pid: 8|app: 0|req: 312/624] 199.204.45.115 () {32 vars in 857 bytes} [Wed Jul 1 08:37:41 2026] GET /resource_providers/f187e68b-1a8d-486e-bdf4-464fd092de27/allocations => generated 238 bytes in 25 msecs (HTTP/1.1 200) 6 headers in 224 bytes (1 switches on core 0)
2026-07-01 08:37:41.371 7 INFO placement.requestlog [req-3f2bda06-2d47-4381-94fb-21999836f7ca req-bbf58314-391b-4219-9842-8d883619f2a1 1259c536ed1444b5a3f01a99707902bd 0d5668df106849e79b0c48c428379ce6 - - 7e0e901a20284d658e8fa6a5a29d5040 7e0e901a20284d658e8fa6a5a29d5040] 199.204.45.115 "GET /allocations/b2b72acb-121c-421d-998a-927802a83d80" status: 200 len: 243 microversion: 1.28 [pid: 7|app: 0|req: 313/625] 199.204.45.115 () {34 vars in 863 bytes} [Wed Jul 1 08:37:41 2026] GET /allocations/b2b72acb-121c-421d-998a-927802a83d80 => generated 243 bytes in 15 msecs (HTTP/1.1 200) 8 headers in 296 bytes (1 switches on core 0)
2026-07-01 08:37:41.393 8 INFO placement.requestlog [req-3f2bda06-2d47-4381-94fb-21999836f7ca req-f26ff115-fcfb-41f1-8c6e-97ac06163666 1259c536ed1444b5a3f01a99707902bd 0d5668df106849e79b0c48c428379ce6 - - 7e0e901a20284d658e8fa6a5a29d5040 7e0e901a20284d658e8fa6a5a29d5040] 199.204.45.115 "GET /allocations/73f10884-b04b-4398-8060-98070cbd8446" status: 200 len: 257 microversion: 1.28 [pid: 8|app: 0|req: 313/626] 199.204.45.115 () {34 vars in 863 bytes} [Wed Jul 1 08:37:41 2026] GET /allocations/73f10884-b04b-4398-8060-98070cbd8446 => generated 257 bytes in 16 msecs (HTTP/1.1 200) 8 headers in 296 bytes (1 switches on core 0)
2026-07-01 08:37:47.171 8 INFO placement.requestlog [None req-e4b6b34e-a8b7-4fe9-9686-97a713edd97d c666e4262d8a4dbda8e1999e18e47793 0d5668df106849e79b0c48c428379ce6 - - 7e0e901a20284d658e8fa6a5a29d5040 7e0e901a20284d658e8fa6a5a29d5040] 10.0.0.96 "GET /resource_providers/e5363665-0792-48f0-b0d0-4581df8b9f86/aggregates" status: 404 len: 235 microversion: 1.1 [pid: 8|app: 0|req: 314/627] 10.0.0.96 () {32 vars in 815 bytes} [Wed Jul 1 08:37:47 2026] GET /resource_providers/e5363665-0792-48f0-b0d0-4581df8b9f86/aggregates => generated 235 bytes in 13 msecs (HTTP/1.1 404) 5 headers in 202 bytes (1 switches on core 0)
2026-07-01 08:37:47.173 7 INFO placement.requestlog [None req-75c10ecc-1a41-4f6c-82f2-f8fee8346579 c666e4262d8a4dbda8e1999e18e47793 0d5668df106849e79b0c48c428379ce6 - - 7e0e901a20284d658e8fa6a5a29d5040 7e0e901a20284d658e8fa6a5a29d5040] 10.0.0.96 "GET /resource_providers/e5363665-0792-48f0-b0d0-4581df8b9f86/aggregates" status: 404 len: 235 microversion: 1.1 [pid: 7|app: 0|req: 314/628] 10.0.0.96 () {32 vars in 815 bytes} [Wed Jul 1 08:37:47 2026] GET /resource_providers/e5363665-0792-48f0-b0d0-4581df8b9f86/aggregates => generated 235 bytes in 21 msecs (HTTP/1.1 404) 5 headers in 202 bytes (1 switches on core 0)
2026-07-01 08:37:47.193 8 INFO placement.requestlog [None req-b560e40e-dde3-4eb5-a87f-ec5560f5869f c666e4262d8a4dbda8e1999e18e47793 0d5668df106849e79b0c48c428379ce6 - - 7e0e901a20284d658e8fa6a5a29d5040 7e0e901a20284d658e8fa6a5a29d5040] 10.0.0.96 "DELETE /resource_providers/e5363665-0792-48f0-b0d0-4581df8b9f86" status: 404 len: 246 microversion: 1.1 [pid: 8|app: 0|req: 315/629] 10.0.0.96 () {34 vars in 815 bytes} [Wed Jul 1 08:37:47 2026] DELETE /resource_providers/e5363665-0792-48f0-b0d0-4581df8b9f86 => generated 246 bytes in 10 msecs (HTTP/1.1 404) 6 headers in 231 bytes (1 switches on core 0)
2026-07-01 08:37:47.203 7 INFO placement.requestlog [None req-ce30c94c-4bbf-4f53-bd6c-89a828085ea7 c666e4262d8a4dbda8e1999e18e47793 0d5668df106849e79b0c48c428379ce6 - - 7e0e901a20284d658e8fa6a5a29d5040 7e0e901a20284d658e8fa6a5a29d5040] 10.0.0.96 "DELETE /resource_providers/e5363665-0792-48f0-b0d0-4581df8b9f86" status: 404 len: 246 microversion: 1.1 [pid: 7|app: 0|req: 315/630] 10.0.0.96 () {34 vars in 815 bytes} [Wed Jul 1 08:37:47 2026] DELETE /resource_providers/e5363665-0792-48f0-b0d0-4581df8b9f86 => generated 246 bytes in 14 msecs (HTTP/1.1 404) 6 headers in 231 bytes (1 switches on core 0)
2026-07-01 08:37:47.740 7 INFO placement.requestlog [None req-a6a673b8-d323-4378-b1f5-33b8670c7fd3 c666e4262d8a4dbda8e1999e18e47793 0d5668df106849e79b0c48c428379ce6 - - 7e0e901a20284d658e8fa6a5a29d5040 7e0e901a20284d658e8fa6a5a29d5040] 10.0.0.96 "GET /resource_providers/845f605d-52d1-4b90-9ea2-d3c825dbd176/aggregates" status: 404 len: 235 microversion: 1.1 [pid: 7|app: 0|req: 316/631] 10.0.0.96 () {32 vars in 815 bytes} [Wed Jul 1 08:37:47 2026] GET /resource_providers/845f605d-52d1-4b90-9ea2-d3c825dbd176/aggregates => generated 235 bytes in 12 msecs (HTTP/1.1 404) 5 headers in 202 bytes (1 switches on core 0)
2026-07-01 08:37:47.741 8 INFO placement.requestlog [None req-d26c3abe-a51e-4154-922b-71bfa6cdd223 c666e4262d8a4dbda8e1999e18e47793 0d5668df106849e79b0c48c428379ce6 - - 7e0e901a20284d658e8fa6a5a29d5040 7e0e901a20284d658e8fa6a5a29d5040] 10.0.0.96 "GET /resource_providers/845f605d-52d1-4b90-9ea2-d3c825dbd176/aggregates" status: 404 len: 235 microversion: 1.1 [pid: 8|app: 0|req: 316/632] 10.0.0.96 () {32 vars in 815 bytes} [Wed Jul 1 08:37:47 2026] GET /resource_providers/845f605d-52d1-4b90-9ea2-d3c825dbd176/aggregates => generated 235 bytes in 16 msecs (HTTP/1.1 404) 5 headers in 202 bytes (1 switches on core 0)
2026-07-01 08:37:47.775 7 INFO placement.requestlog [None req-955bdc73-fda6-4e73-bfc2-f78d3703efe1 c666e4262d8a4dbda8e1999e18e47793 0d5668df106849e79b0c48c428379ce6 - - 7e0e901a20284d658e8fa6a5a29d5040 7e0e901a20284d658e8fa6a5a29d5040] 10.0.0.96 "DELETE /resource_providers/845f605d-52d1-4b90-9ea2-d3c825dbd176" status: 404 len: 246 microversion: 1.1 [pid: 7|app: 0|req: 317/633] 10.0.0.96 () {34 vars in 815 bytes} [Wed Jul 1 08:37:47 2026] DELETE /resource_providers/845f605d-52d1-4b90-9ea2-d3c825dbd176 => generated 246 bytes in 18 msecs (HTTP/1.1 404) 6 headers in 231 bytes (1 switches on core 0)
2026-07-01 08:37:47.782 8 INFO placement.requestlog [None req-8651376f-8895-4f4a-aa28-c83a563db008 c666e4262d8a4dbda8e1999e18e47793 0d5668df106849e79b0c48c428379ce6 - - 7e0e901a20284d658e8fa6a5a29d5040 7e0e901a20284d658e8fa6a5a29d5040] 10.0.0.96 "DELETE /resource_providers/845f605d-52d1-4b90-9ea2-d3c825dbd176" status: 404 len: 246 microversion: 1.1 [pid: 8|app: 0|req: 317/634] 10.0.0.96 () {34 vars in 815 bytes} [Wed Jul 1 08:37:47 2026] DELETE /resource_providers/845f605d-52d1-4b90-9ea2-d3c825dbd176 => generated 246 bytes in 23 msecs (HTTP/1.1 404) 6 headers in 231 bytes (1 switches on core 0)
2026-07-01 08:37:50.367 7 INFO placement.requestlog [None req-9ca71144-97cb-4fa3-be55-c42a8aab8cbe - - - - - -] 10.0.0.7 "GET /" status: 200 len: 136 microversion: 1.0
2026-07-01 08:37:50.369 8 INFO placement.requestlog [None req-cc614c01-ee8c-4ed8-809c-534ff69f3033 - - - - - -] 10.0.0.7 "GET /" status: 200 len: 136 microversion: 1.0
2026-07-01 08:37:55.756 7 INFO placement.requestlog [None req-ca2d9dcd-73fc-45d0-a996-07c54010dcc7 c666e4262d8a4dbda8e1999e18e47793 0d5668df106849e79b0c48c428379ce6 - - 7e0e901a20284d658e8fa6a5a29d5040 7e0e901a20284d658e8fa6a5a29d5040] 10.0.0.96 "GET /resource_providers/76bf3bf9-d3f2-4872-b683-2b846089f750/aggregates" status: 404 len: 235 microversion: 1.1 [pid: 7|app: 0|req: 319/637] 10.0.0.96 () {32 vars in 815 bytes} [Wed Jul 1 08:37:55 2026] GET /resource_providers/76bf3bf9-d3f2-4872-b683-2b846089f750/aggregates => generated 235 bytes in 10 msecs (HTTP/1.1 404) 5 headers in 202 bytes (1 switches on core 0)
2026-07-01 08:37:55.762 8 INFO placement.requestlog [None req-642bf1ee-781a-4150-acfe-35a82733b63d c666e4262d8a4dbda8e1999e18e47793 0d5668df106849e79b0c48c428379ce6 - - 7e0e901a20284d658e8fa6a5a29d5040 7e0e901a20284d658e8fa6a5a29d5040] 10.0.0.96 "GET /resource_providers/76bf3bf9-d3f2-4872-b683-2b846089f750/aggregates" status: 404 len: 235 microversion: 1.1 [pid: 8|app: 0|req: 319/638] 10.0.0.96 () {32 vars in 815 bytes} [Wed Jul 1 08:37:55 2026] GET /resource_providers/76bf3bf9-d3f2-4872-b683-2b846089f750/aggregates => generated 235 bytes in 15 msecs (HTTP/1.1 404) 5 headers in 202 bytes (1 switches on core 0)
2026-07-01 08:37:55.778 7 INFO placement.requestlog [None req-7b829aff-e945-4400-9b61-311cecfe8201 c666e4262d8a4dbda8e1999e18e47793 0d5668df106849e79b0c48c428379ce6 - - 7e0e901a20284d658e8fa6a5a29d5040 7e0e901a20284d658e8fa6a5a29d5040] 10.0.0.96 "DELETE /resource_providers/76bf3bf9-d3f2-4872-b683-2b846089f750" status: 404 len: 246 microversion: 1.1 [pid: 7|app: 0|req: 320/639] 10.0.0.96 () {34 vars in 815 bytes} [Wed Jul 1 08:37:55 2026] DELETE /resource_providers/76bf3bf9-d3f2-4872-b683-2b846089f750 => generated 246 bytes in 10 msecs (HTTP/1.1 404) 6 headers in 231 bytes (1 switches on core 0)
2026-07-01 08:37:55.779 8 INFO placement.requestlog [None req-e74398fb-22bc-44e8-83a3-e33c3647d1c8 c666e4262d8a4dbda8e1999e18e47793 0d5668df106849e79b0c48c428379ce6 - - 7e0e901a20284d658e8fa6a5a29d5040 7e0e901a20284d658e8fa6a5a29d5040] 10.0.0.96 "DELETE /resource_providers/76bf3bf9-d3f2-4872-b683-2b846089f750" status: 404 len: 246 microversion: 1.1 [pid: 8|app: 0|req: 320/640] 10.0.0.96 () {34 vars in 815 bytes} [Wed Jul 1 08:37:55 2026] DELETE /resource_providers/76bf3bf9-d3f2-4872-b683-2b846089f750 => generated 246 bytes in 8 msecs (HTTP/1.1 404) 6 headers in 231 bytes (1 switches on core 0)
2026-07-01 08:37:56.074 7 INFO placement.requestlog [None req-d4d3c1b8-df8d-48cc-9c62-e87c2cc1ce6c c666e4262d8a4dbda8e1999e18e47793 0d5668df106849e79b0c48c428379ce6 - - 7e0e901a20284d658e8fa6a5a29d5040 7e0e901a20284d658e8fa6a5a29d5040] 10.0.0.96 "GET /resource_providers/0eb10d3a-c406-4911-92b0-427601762b55/aggregates" status: 404 len: 235 microversion: 1.1 [pid: 7|app: 0|req: 321/641] 10.0.0.96 () {32 vars in 815 bytes} [Wed Jul 1 08:37:56 2026] GET /resource_providers/0eb10d3a-c406-4911-92b0-427601762b55/aggregates => generated 235 bytes in 7 msecs (HTTP/1.1 404) 5 headers in 202 bytes (1 switches on core 0)
2026-07-01 08:37:56.078 8 INFO placement.requestlog [None req-0b46252a-459e-41dd-862d-ca1c4c0ac51b c666e4262d8a4dbda8e1999e18e47793 0d5668df106849e79b0c48c428379ce6 - - 7e0e901a20284d658e8fa6a5a29d5040 7e0e901a20284d658e8fa6a5a29d5040] 10.0.0.96 "GET /resource_providers/0eb10d3a-c406-4911-92b0-427601762b55/aggregates" status: 404 len: 235 microversion: 1.1 [pid: 8|app: 0|req: 321/642] 10.0.0.96 () {32 vars in 815 bytes} [Wed Jul 1 08:37:56 2026] GET /resource_providers/0eb10d3a-c406-4911-92b0-427601762b55/aggregates => generated 235 bytes in 10 msecs (HTTP/1.1 404) 5 headers in 202 bytes (1 switches on core 0)
2026-07-01 08:37:56.108 7 INFO placement.requestlog [None req-bd4ac2fc-1723-4d59-85bf-0e15b98c9409 c666e4262d8a4dbda8e1999e18e47793 0d5668df106849e79b0c48c428379ce6 - - 7e0e901a20284d658e8fa6a5a29d5040 7e0e901a20284d658e8fa6a5a29d5040] 10.0.0.96 "DELETE /resource_providers/0eb10d3a-c406-4911-92b0-427601762b55" status: 404 len: 246 microversion: 1.1 [pid: 7|app: 0|req: 322/643] 10.0.0.96 () {34 vars in 815 bytes} [Wed Jul 1 08:37:56 2026] DELETE /resource_providers/0eb10d3a-c406-4911-92b0-427601762b55 => generated 246 bytes in 16 msecs (HTTP/1.1 404) 6 headers in 231 bytes (1 switches on core 0)
2026-07-01 08:37:56.116 8 INFO placement.requestlog [None req-8eaef4d0-0c6f-4b96-a8d3-4466421d109c c666e4262d8a4dbda8e1999e18e47793 0d5668df106849e79b0c48c428379ce6 - - 7e0e901a20284d658e8fa6a5a29d5040 7e0e901a20284d658e8fa6a5a29d5040] 10.0.0.96 "DELETE /resource_providers/0eb10d3a-c406-4911-92b0-427601762b55" status: 404 len: 246 microversion: 1.1 [pid: 8|app: 0|req: 322/644] 10.0.0.96 () {34 vars in 815 bytes} [Wed Jul 1 08:37:56 2026] DELETE /resource_providers/0eb10d3a-c406-4911-92b0-427601762b55 => generated 246 bytes in 13 msecs (HTTP/1.1 404) 6 headers in 231 bytes (1 switches on core 0)
2026-07-01 08:37:59.930 7 INFO placement.requestlog [None req-4f8d3742-46c0-49e6-b449-fca3bac940cb c666e4262d8a4dbda8e1999e18e47793 0d5668df106849e79b0c48c428379ce6 - - 7e0e901a20284d658e8fa6a5a29d5040 7e0e901a20284d658e8fa6a5a29d5040] 10.0.0.96 "GET /resource_providers/9532e075-657e-45aa-8dba-07a08f4722ca/aggregates" status: 404 len: 235 microversion: 1.1 [pid: 7|app: 0|req: 323/645] 10.0.0.96 () {32 vars in 815 bytes} [Wed Jul 1 08:37:59 2026] GET /resource_providers/9532e075-657e-45aa-8dba-07a08f4722ca/aggregates => generated 235 bytes in 19 msecs (HTTP/1.1 404) 5 headers in 202 bytes (1 switches on core 0)
2026-07-01 08:37:59.932 8 INFO placement.requestlog [None req-b75e8395-8f09-44df-a37e-fd773ddbe1fb c666e4262d8a4dbda8e1999e18e47793 0d5668df106849e79b0c48c428379ce6 - - 7e0e901a20284d658e8fa6a5a29d5040 7e0e901a20284d658e8fa6a5a29d5040] 10.0.0.96 "GET /resource_providers/9532e075-657e-45aa-8dba-07a08f4722ca/aggregates" status: 404 len: 235 microversion: 1.1 [pid: 8|app: 0|req: 323/646] 10.0.0.96 () {32 vars in 815 bytes} [Wed Jul 1 08:37:59 2026] GET /resource_providers/9532e075-657e-45aa-8dba-07a08f4722ca/aggregates => generated 235 bytes in 17 msecs (HTTP/1.1 404) 5 headers in 202 bytes (1 switches on core 0)
2026-07-01 08:37:59.957 7 INFO placement.requestlog [None req-e93e3812-aac2-46d3-b45c-152b5589ac4a c666e4262d8a4dbda8e1999e18e47793 0d5668df106849e79b0c48c428379ce6 - - 7e0e901a20284d658e8fa6a5a29d5040 7e0e901a20284d658e8fa6a5a29d5040] 10.0.0.96 "DELETE /resource_providers/9532e075-657e-45aa-8dba-07a08f4722ca" status: 404 len: 246 microversion: 1.1 [pid: 7|app: 0|req: 324/647] 10.0.0.96 () {34 vars in 815 bytes} [Wed Jul 1 08:37:59 2026] DELETE /resource_providers/9532e075-657e-45aa-8dba-07a08f4722ca => generated 246 bytes in 15 msecs (HTTP/1.1 404) 6 headers in 231 bytes (1 switches on core 0)
2026-07-01 08:37:59.959 8 INFO placement.requestlog [None req-ec33b42d-2682-4a3e-bf4d-6314b822c297 c666e4262d8a4dbda8e1999e18e47793 0d5668df106849e79b0c48c428379ce6 - - 7e0e901a20284d658e8fa6a5a29d5040 7e0e901a20284d658e8fa6a5a29d5040] 10.0.0.96 "DELETE /resource_providers/9532e075-657e-45aa-8dba-07a08f4722ca" status: 404 len: 246 microversion: 1.1 [pid: 8|app: 0|req: 324/648] 10.0.0.96 () {34 vars in 815 bytes} [Wed Jul 1 08:37:59 2026] DELETE /resource_providers/9532e075-657e-45aa-8dba-07a08f4722ca => generated 246 bytes in 12 msecs (HTTP/1.1 404) 6 headers in 231 bytes (1 switches on core 0)
2026-07-01 08:38:00.367 7 INFO placement.requestlog [None req-5700d7e8-dea9-4f77-86bd-c026adfa69df - - - - - -] 10.0.0.7 "GET /" status: 200 len: 136 microversion: 1.0
2026-07-01 08:38:00.368 8 INFO placement.requestlog [None req-db1da19e-90e6-4b43-a71c-1b249e4b5caf - - - - - -] 10.0.0.7 "GET /" status: 200 len: 136 microversion: 1.0
2026-07-01 08:38:02.001 7 INFO placement.requestlog [None req-d8661161-cb34-4fd4-bd9e-e85a3507c38d c666e4262d8a4dbda8e1999e18e47793 0d5668df106849e79b0c48c428379ce6 - - 7e0e901a20284d658e8fa6a5a29d5040 7e0e901a20284d658e8fa6a5a29d5040] 10.0.0.96 "GET /resource_providers/98ab1c80-f770-4220-aa36-9eb850a15c72/aggregates" status: 404 len: 235 microversion: 1.1 [pid: 7|app: 0|req: 326/651] 10.0.0.96 () {32 vars in 815 bytes} [Wed Jul 1 08:38:01 2026] GET /resource_providers/98ab1c80-f770-4220-aa36-9eb850a15c72/aggregates => generated 235 bytes in 13 msecs (HTTP/1.1 404) 5 headers in 202 bytes (1 switches on core 0)
2026-07-01 08:38:02.004 8 INFO placement.requestlog [None req-5e75c254-a25c-486e-9ac0-dd7291b1063d c666e4262d8a4dbda8e1999e18e47793 0d5668df106849e79b0c48c428379ce6 - - 7e0e901a20284d658e8fa6a5a29d5040 7e0e901a20284d658e8fa6a5a29d5040] 10.0.0.96 "GET /resource_providers/98ab1c80-f770-4220-aa36-9eb850a15c72/aggregates" status: 404 len: 235 microversion: 1.1 [pid: 8|app: 0|req: 326/652] 10.0.0.96 () {32 vars in 815 bytes} [Wed Jul 1 08:38:01 2026] GET /resource_providers/98ab1c80-f770-4220-aa36-9eb850a15c72/aggregates => generated 235 bytes in 15 msecs (HTTP/1.1 404) 5 headers in 202 bytes (1 switches on core 0)
2026-07-01 08:38:02.030 8 INFO placement.requestlog [None req-b34b6a8a-037d-432d-a104-52406af57473 c666e4262d8a4dbda8e1999e18e47793 0d5668df106849e79b0c48c428379ce6 - - 7e0e901a20284d658e8fa6a5a29d5040 7e0e901a20284d658e8fa6a5a29d5040] 10.0.0.96 "DELETE /resource_providers/98ab1c80-f770-4220-aa36-9eb850a15c72" status: 404 len: 246 microversion: 1.1 [pid: 8|app: 0|req: 327/653] 10.0.0.96 () {34 vars in 815 bytes} [Wed Jul 1 08:38:02 2026] DELETE /resource_providers/98ab1c80-f770-4220-aa36-9eb850a15c72 => generated 246 bytes in 19 msecs (HTTP/1.1 404) 6 headers in 231 bytes (1 switches on core 0)
2026-07-01 08:38:02.033 7 INFO placement.requestlog [None req-a6060a21-b55e-4952-8c00-2486ed8ac3b3 c666e4262d8a4dbda8e1999e18e47793 0d5668df106849e79b0c48c428379ce6 - - 7e0e901a20284d658e8fa6a5a29d5040 7e0e901a20284d658e8fa6a5a29d5040] 10.0.0.96 "DELETE /resource_providers/98ab1c80-f770-4220-aa36-9eb850a15c72" status: 404 len: 246 microversion: 1.1 [pid: 7|app: 0|req: 327/654] 10.0.0.96 () {34 vars in 815 bytes} [Wed Jul 1 08:38:02 2026] DELETE /resource_providers/98ab1c80-f770-4220-aa36-9eb850a15c72 => generated 246 bytes in 22 msecs (HTTP/1.1 404) 6 headers in 231 bytes (1 switches on core 0)
2026-07-01 08:38:03.553 8 INFO placement.requestlog [None req-7efdd504-c20c-49c0-b5fb-7d67bc599bb4 c666e4262d8a4dbda8e1999e18e47793 0d5668df106849e79b0c48c428379ce6 - - 7e0e901a20284d658e8fa6a5a29d5040 7e0e901a20284d658e8fa6a5a29d5040] 10.0.0.96 "GET /resource_providers/854c2c87-d81e-4f7f-93b7-864f440fa01b/aggregates" status: 404 len: 235 microversion: 1.1 [pid: 8|app: 0|req: 328/655] 10.0.0.96 () {32 vars in 815 bytes} [Wed Jul 1 08:38:03 2026] GET /resource_providers/854c2c87-d81e-4f7f-93b7-864f440fa01b/aggregates => generated 235 bytes in 21 msecs (HTTP/1.1 404) 5 headers in 202 bytes (1 switches on core 0)
2026-07-01 08:38:03.563 7 INFO placement.requestlog [None req-6b9e0ef5-7231-49ce-b653-97433f10a9d5 c666e4262d8a4dbda8e1999e18e47793 0d5668df106849e79b0c48c428379ce6 - - 7e0e901a20284d658e8fa6a5a29d5040 7e0e901a20284d658e8fa6a5a29d5040] 10.0.0.96 "GET /resource_providers/854c2c87-d81e-4f7f-93b7-864f440fa01b/aggregates" status: 404 len: 235 microversion: 1.1 [pid: 7|app: 0|req: 328/656] 10.0.0.96 () {32 vars in 815 bytes} [Wed Jul 1 08:38:03 2026] GET /resource_providers/854c2c87-d81e-4f7f-93b7-864f440fa01b/aggregates => generated 235 bytes in 25 msecs (HTTP/1.1 404) 5 headers in 202 bytes (1 switches on core 0)
2026-07-01 08:38:03.584 7 INFO placement.requestlog [None req-8ff13aed-f8c7-4be3-815c-9c83d40b8f07 c666e4262d8a4dbda8e1999e18e47793 0d5668df106849e79b0c48c428379ce6 - - 7e0e901a20284d658e8fa6a5a29d5040 7e0e901a20284d658e8fa6a5a29d5040] 10.0.0.96 "DELETE /resource_providers/854c2c87-d81e-4f7f-93b7-864f440fa01b" status: 404 len: 246 microversion: 1.1 [pid: 7|app: 0|req: 329/657] 10.0.0.96 () {34 vars in 815 bytes} [Wed Jul 1 08:38:03 2026] DELETE /resource_providers/854c2c87-d81e-4f7f-93b7-864f440fa01b => generated 246 bytes in 11 msecs (HTTP/1.1 404) 6 headers in 231 bytes (1 switches on core 0)
2026-07-01 08:38:03.589 8 INFO placement.requestlog [None req-67dbed52-7db3-40fb-acce-a329d4aec4dc c666e4262d8a4dbda8e1999e18e47793 0d5668df106849e79b0c48c428379ce6 - - 7e0e901a20284d658e8fa6a5a29d5040 7e0e901a20284d658e8fa6a5a29d5040] 10.0.0.96 "DELETE /resource_providers/854c2c87-d81e-4f7f-93b7-864f440fa01b" status: 404 len: 246 microversion: 1.1 [pid: 8|app: 0|req: 329/658] 10.0.0.96 () {34 vars in 815 bytes} [Wed Jul 1 08:38:03 2026] DELETE /resource_providers/854c2c87-d81e-4f7f-93b7-864f440fa01b => generated 246 bytes in 17 msecs (HTTP/1.1 404) 6 headers in 231 bytes (1 switches on core 0)
2026-07-01 08:38:04.051 7 INFO placement.requestlog [None req-bf65fccf-7c44-4837-9b09-15584832c73c c666e4262d8a4dbda8e1999e18e47793 0d5668df106849e79b0c48c428379ce6 - - 7e0e901a20284d658e8fa6a5a29d5040 7e0e901a20284d658e8fa6a5a29d5040] 10.0.0.96 "GET /resource_providers/c1201a4e-3c71-4745-b747-eca2043aed1c/aggregates" status: 404 len: 235 microversion: 1.1 [pid: 7|app: 0|req: 330/659] 10.0.0.96 () {32 vars in 815 bytes} [Wed Jul 1 08:38:04 2026] GET /resource_providers/c1201a4e-3c71-4745-b747-eca2043aed1c/aggregates => generated 235 bytes in 11 msecs (HTTP/1.1 404) 5 headers in 202 bytes (1 switches on core 0)
2026-07-01 08:38:04.055 8 INFO placement.requestlog [None req-6be3b58f-7bfd-476e-8fc8-43ac0b09bddd c666e4262d8a4dbda8e1999e18e47793 0d5668df106849e79b0c48c428379ce6 - - 7e0e901a20284d658e8fa6a5a29d5040 7e0e901a20284d658e8fa6a5a29d5040] 10.0.0.96 "GET /resource_providers/c1201a4e-3c71-4745-b747-eca2043aed1c/aggregates" status: 404 len: 235 microversion: 1.1 [pid: 8|app: 0|req: 330/660] 10.0.0.96 () {32 vars in 815 bytes} [Wed Jul 1 08:38:04 2026] GET /resource_providers/c1201a4e-3c71-4745-b747-eca2043aed1c/aggregates => generated 235 bytes in 13 msecs (HTTP/1.1 404) 5 headers in 202 bytes (1 switches on core 0)
2026-07-01 08:38:04.070 8 INFO placement.requestlog [None req-7109d158-0ebb-463f-9740-7e26a7939a0f c666e4262d8a4dbda8e1999e18e47793 0d5668df106849e79b0c48c428379ce6 - - 7e0e901a20284d658e8fa6a5a29d5040 7e0e901a20284d658e8fa6a5a29d5040] 10.0.0.96 "DELETE /resource_providers/c1201a4e-3c71-4745-b747-eca2043aed1c" status: 404 len: 246 microversion: 1.1
2026-07-01 08:38:04.070 7 INFO placement.requestlog [None req-bbf2c806-c50d-4523-8b27-e6b3af6161cb c666e4262d8a4dbda8e1999e18e47793 0d5668df106849e79b0c48c428379ce6 - - 7e0e901a20284d658e8fa6a5a29d5040 7e0e901a20284d658e8fa6a5a29d5040] 10.0.0.96 "DELETE /resource_providers/c1201a4e-3c71-4745-b747-eca2043aed1c" status: 404 len: 246 microversion: 1.1 [pid: 8|app: 0|req: 331/661] 10.0.0.96 () {34 vars in 815 bytes} [Wed Jul 1 08:38:04 2026] DELETE /resource_providers/c1201a4e-3c71-4745-b747-eca2043aed1c => generated 246 bytes in 7 msecs (HTTP/1.1 404) 6 headers in 231 bytes (1 switches on core 0) [pid: 7|app: 0|req: 331/662] 10.0.0.96 () {34 vars in 815 bytes} [Wed Jul 1 08:38:04 2026] DELETE /resource_providers/c1201a4e-3c71-4745-b747-eca2043aed1c => generated 246 bytes in 9 msecs (HTTP/1.1 404) 6 headers in 231 bytes (1 switches on core 0)
2026-07-01 08:38:05.609 7 INFO placement.requestlog [None req-ec37b4aa-c174-4e4e-b06b-3b5565389369 c666e4262d8a4dbda8e1999e18e47793 0d5668df106849e79b0c48c428379ce6 - - 7e0e901a20284d658e8fa6a5a29d5040 7e0e901a20284d658e8fa6a5a29d5040] 10.0.0.96 "GET /resource_providers/c7da17bf-2a79-443d-b016-acc9b0cd4d1b/aggregates" status: 404 len: 235 microversion: 1.1 [pid: 7|app: 0|req: 332/663] 10.0.0.96 () {32 vars in 815 bytes} [Wed Jul 1 08:38:05 2026] GET /resource_providers/c7da17bf-2a79-443d-b016-acc9b0cd4d1b/aggregates => generated 235 bytes in 9 msecs (HTTP/1.1 404) 5 headers in 202 bytes (1 switches on core 0)
2026-07-01 08:38:05.618 8 INFO placement.requestlog [None req-1ca10b23-029e-4a85-b247-2e40aa8bd108 c666e4262d8a4dbda8e1999e18e47793 0d5668df106849e79b0c48c428379ce6 - - 7e0e901a20284d658e8fa6a5a29d5040 7e0e901a20284d658e8fa6a5a29d5040] 10.0.0.96 "GET /resource_providers/c7da17bf-2a79-443d-b016-acc9b0cd4d1b/aggregates" status: 404 len: 235 microversion: 1.1 [pid: 8|app: 0|req: 332/664] 10.0.0.96 () {32 vars in 815 bytes} [Wed Jul 1 08:38:05 2026] GET /resource_providers/c7da17bf-2a79-443d-b016-acc9b0cd4d1b/aggregates => generated 235 bytes in 19 msecs (HTTP/1.1 404) 5 headers in 202 bytes (1 switches on core 0)
2026-07-01 08:38:05.634 7 INFO placement.requestlog [None req-1602c765-f200-4a4d-a0f0-655aa92f2623 c666e4262d8a4dbda8e1999e18e47793 0d5668df106849e79b0c48c428379ce6 - - 7e0e901a20284d658e8fa6a5a29d5040 7e0e901a20284d658e8fa6a5a29d5040] 10.0.0.96 "DELETE /resource_providers/c7da17bf-2a79-443d-b016-acc9b0cd4d1b" status: 404 len: 246 microversion: 1.1 [pid: 7|app: 0|req: 333/665] 10.0.0.96 () {34 vars in 815 bytes} [Wed Jul 1 08:38:05 2026] DELETE /resource_providers/c7da17bf-2a79-443d-b016-acc9b0cd4d1b => generated 246 bytes in 16 msecs (HTTP/1.1 404) 6 headers in 231 bytes (1 switches on core 0)
2026-07-01 08:38:05.642 8 INFO placement.requestlog [None req-7c8031b5-1c79-45de-b954-cc00897ba046 c666e4262d8a4dbda8e1999e18e47793 0d5668df106849e79b0c48c428379ce6 - - 7e0e901a20284d658e8fa6a5a29d5040 7e0e901a20284d658e8fa6a5a29d5040] 10.0.0.96 "DELETE /resource_providers/c7da17bf-2a79-443d-b016-acc9b0cd4d1b" status: 404 len: 246 microversion: 1.1 [pid: 8|app: 0|req: 333/666] 10.0.0.96 () {34 vars in 815 bytes} [Wed Jul 1 08:38:05 2026] DELETE /resource_providers/c7da17bf-2a79-443d-b016-acc9b0cd4d1b => generated 246 bytes in 10 msecs (HTTP/1.1 404) 6 headers in 231 bytes (1 switches on core 0)
2026-07-01 08:38:05.656 7 INFO placement.requestlog [None req-0184668e-1a10-40e7-b81b-2bc8112e5cdc c666e4262d8a4dbda8e1999e18e47793 0d5668df106849e79b0c48c428379ce6 - - 7e0e901a20284d658e8fa6a5a29d5040 7e0e901a20284d658e8fa6a5a29d5040] 10.0.0.96 "GET /resource_providers/7e2defe4-cca9-4d9a-834e-dfa9413784bb/aggregates" status: 404 len: 235 microversion: 1.1 [pid: 7|app: 0|req: 334/667] 10.0.0.96 () {32 vars in 815 bytes} [Wed Jul 1 08:38:05 2026] GET /resource_providers/7e2defe4-cca9-4d9a-834e-dfa9413784bb/aggregates => generated 235 bytes in 14 msecs (HTTP/1.1 404) 5 headers in 202 bytes (1 switches on core 0)
2026-07-01 08:38:05.666 8 INFO placement.requestlog [None req-db22a813-5991-4e47-afd2-38f7c94e186e c666e4262d8a4dbda8e1999e18e47793 0d5668df106849e79b0c48c428379ce6 - - 7e0e901a20284d658e8fa6a5a29d5040 7e0e901a20284d658e8fa6a5a29d5040] 10.0.0.96 "GET /resource_providers/7e2defe4-cca9-4d9a-834e-dfa9413784bb/aggregates" status: 404 len: 235 microversion: 1.1 [pid: 8|app: 0|req: 334/668] 10.0.0.96 () {32 vars in 815 bytes} [Wed Jul 1 08:38:05 2026] GET /resource_providers/7e2defe4-cca9-4d9a-834e-dfa9413784bb/aggregates => generated 235 bytes in 13 msecs (HTTP/1.1 404) 5 headers in 202 bytes (1 switches on core 0)
2026-07-01 08:38:05.679 7 INFO placement.requestlog [None req-7a9472b1-cf2e-4cda-a210-7682baaddbab c666e4262d8a4dbda8e1999e18e47793 0d5668df106849e79b0c48c428379ce6 - - 7e0e901a20284d658e8fa6a5a29d5040 7e0e901a20284d658e8fa6a5a29d5040] 10.0.0.96 "DELETE /resource_providers/7e2defe4-cca9-4d9a-834e-dfa9413784bb" status: 404 len: 246 microversion: 1.1 [pid: 7|app: 0|req: 335/669] 10.0.0.96 () {34 vars in 815 bytes} [Wed Jul 1 08:38:05 2026] DELETE /resource_providers/7e2defe4-cca9-4d9a-834e-dfa9413784bb => generated 246 bytes in 9 msecs (HTTP/1.1 404) 6 headers in 231 bytes (1 switches on core 0)
2026-07-01 08:38:05.694 8 INFO placement.requestlog [None req-29814d53-3918-499f-8ce2-3e621c8441fe c666e4262d8a4dbda8e1999e18e47793 0d5668df106849e79b0c48c428379ce6 - - 7e0e901a20284d658e8fa6a5a29d5040 7e0e901a20284d658e8fa6a5a29d5040] 10.0.0.96 "DELETE /resource_providers/7e2defe4-cca9-4d9a-834e-dfa9413784bb" status: 404 len: 246 microversion: 1.1 [pid: 8|app: 0|req: 335/670] 10.0.0.96 () {34 vars in 815 bytes} [Wed Jul 1 08:38:05 2026] DELETE /resource_providers/7e2defe4-cca9-4d9a-834e-dfa9413784bb => generated 246 bytes in 12 msecs (HTTP/1.1 404) 6 headers in 231 bytes (1 switches on core 0)
2026-07-01 08:38:05.963 7 INFO placement.requestlog [req-84fa044d-a2ce-45e5-9866-39397af545f4 req-2116e04c-776c-4366-88c7-9556cb0d5c17 1259c536ed1444b5a3f01a99707902bd 0d5668df106849e79b0c48c428379ce6 - - 7e0e901a20284d658e8fa6a5a29d5040 7e0e901a20284d658e8fa6a5a29d5040] 199.204.45.115 "GET /resource_providers/f187e68b-1a8d-486e-bdf4-464fd092de27/allocations" status: 200 len: 238 microversion: 1.0 [pid: 7|app: 0|req: 336/671] 199.204.45.115 () {32 vars in 857 bytes} [Wed Jul 1 08:38:05 2026] GET /resource_providers/f187e68b-1a8d-486e-bdf4-464fd092de27/allocations => generated 238 bytes in 15 msecs (HTTP/1.1 200) 6 headers in 224 bytes (1 switches on core 0)
2026-07-01 08:38:05.990 8 INFO placement.requestlog [req-84fa044d-a2ce-45e5-9866-39397af545f4 req-8d131f3f-4171-4a21-909d-57391a4668a0 1259c536ed1444b5a3f01a99707902bd 0d5668df106849e79b0c48c428379ce6 - - 7e0e901a20284d658e8fa6a5a29d5040 7e0e901a20284d658e8fa6a5a29d5040] 199.204.45.115 "GET /allocations/b2b72acb-121c-421d-998a-927802a83d80" status: 200 len: 243 microversion: 1.28 [pid: 8|app: 0|req: 336/672] 199.204.45.115 () {34 vars in 863 bytes} [Wed Jul 1 08:38:05 2026] GET /allocations/b2b72acb-121c-421d-998a-927802a83d80 => generated 243 bytes in 18 msecs (HTTP/1.1 200) 8 headers in 296 bytes (1 switches on core 0)
2026-07-01 08:38:06.009 7 INFO placement.requestlog [req-84fa044d-a2ce-45e5-9866-39397af545f4 req-1a963e29-d751-4be5-83dc-e850afa052b9 1259c536ed1444b5a3f01a99707902bd 0d5668df106849e79b0c48c428379ce6 - - 7e0e901a20284d658e8fa6a5a29d5040 7e0e901a20284d658e8fa6a5a29d5040] 199.204.45.115 "GET /allocations/73f10884-b04b-4398-8060-98070cbd8446" status: 200 len: 257 microversion: 1.28 [pid: 7|app: 0|req: 337/673] 199.204.45.115 () {34 vars in 863 bytes} [Wed Jul 1 08:38:05 2026] GET /allocations/73f10884-b04b-4398-8060-98070cbd8446 => generated 257 bytes in 15 msecs (HTTP/1.1 200) 8 headers in 296 bytes (1 switches on core 0)
2026-07-01 08:38:07.076 8 INFO placement.requestlog [req-84fa044d-a2ce-45e5-9866-39397af545f4 req-53eed1cd-11a7-42fd-bfe1-77902f2396e6 1259c536ed1444b5a3f01a99707902bd 0d5668df106849e79b0c48c428379ce6 - - 7e0e901a20284d658e8fa6a5a29d5040 7e0e901a20284d658e8fa6a5a29d5040] 199.204.45.115 "DELETE /allocations/b2b72acb-121c-421d-998a-927802a83d80" status: 204 len: 0 microversion: 1.0 [pid: 8|app: 0|req: 337/674] 199.204.45.115 () {34 vars in 841 bytes} [Wed Jul 1 08:38:07 2026] DELETE /allocations/b2b72acb-121c-421d-998a-927802a83d80 => generated 0 bytes in 37 msecs (HTTP/1.1 204) 5 headers in 198 bytes (1 switches on core 0)
2026-07-01 08:38:10.367 7 INFO placement.requestlog [None req-f365580e-08f5-440a-86bd-f8832f85ee09 - - - - - -] 10.0.0.7 "GET /" status: 200 len: 136 microversion: 1.0
2026-07-01 08:38:10.368 8 INFO placement.requestlog [None req-c680e2f9-99fd-45f4-ad50-b5ff56b74197 - - - - - -] 10.0.0.7 "GET /" status: 200 len: 136 microversion: 1.0
2026-07-01 08:38:10.379 7 INFO placement.requestlog [None req-426e7206-f87c-44ad-8ffb-83f90d7b2162 c666e4262d8a4dbda8e1999e18e47793 0d5668df106849e79b0c48c428379ce6 - - 7e0e901a20284d658e8fa6a5a29d5040 7e0e901a20284d658e8fa6a5a29d5040] 10.0.0.96 "GET /resource_providers/f70d70eb-85df-4ef1-8e58-c16f7b9c6e81/aggregates" status: 404 len: 235 microversion: 1.1 [pid: 7|app: 0|req: 339/677] 10.0.0.96 () {32 vars in 815 bytes} [Wed Jul 1 08:38:10 2026] GET /resource_providers/f70d70eb-85df-4ef1-8e58-c16f7b9c6e81/aggregates => generated 235 bytes in 7 msecs (HTTP/1.1 404) 5 headers in 202 bytes (1 switches on core 0)
