2026-06-16 02:24:39.641 8 INFO neutron.notifiers.nova [-] Nova event matching ['req-2cdee237-a8bd-40b1-a56c-95df0f71cc0e'] response: {'name': 'network-changed', 'server_uuid': '50933cf2-cadd-4f6d-b510-768157c9ddb1', 'tag': '42994547-4030-4849-b4b2-319c0686f0de', 'status': 'completed', 'code': 200} /var/lib/openstack/lib/python3.12/site-packages/pycadf/identifier.py:70: UserWarning: Invalid uuid: neutron. To ensure interoperability, identifiers should be a valid uuid. warnings.warn(('Invalid uuid: %s. To ensure interoperability, ' [pid: 8|app: 0|req: 1774/3602] 10.0.0.232 () {34 vars in 990 bytes} [Tue Jun 16 02:24:39 2026] GET /v2.0/ports?device_id=50933cf2-cadd-4f6d-b510-768157c9ddb1 => generated 1196 bytes in 83 msecs (HTTP/1.1 200) 4 headers in 158 bytes (1 switches on core 0) [pid: 7|app: 0|req: 1829/3603] 10.0.0.232 () {34 vars in 1040 bytes} [Tue Jun 16 02:24:39 2026] GET /v2.0/security-groups?id=8b91e02f-9ff6-4f92-b845-d2df1a707860&fields=id&fields=name => generated 111 bytes in 33 msecs (HTTP/1.1 200) 4 headers in 157 bytes (1 switches on core 0) [pid: 8|app: 0|req: 1775/3604] 199.204.45.235 () {34 vars in 1080 bytes} [Tue Jun 16 02:24:40 2026] GET /v2.0/ports?tenant_id=0eae9032437b4fb3999856620180d787&device_id=50933cf2-cadd-4f6d-b510-768157c9ddb1 => generated 1434 bytes in 38 msecs (HTTP/1.1 200) 4 headers in 158 bytes (1 switches on core 0) [pid: 7|app: 0|req: 1830/3605] 199.204.45.235 () {34 vars in 986 bytes} [Tue Jun 16 02:24:40 2026] GET /v2.0/networks?id=2d520f86-a3dd-4d2c-8f77-76b67d367eea => generated 842 bytes in 45 msecs (HTTP/1.1 200) 4 headers in 157 bytes (1 switches on core 0) [pid: 8|app: 0|req: 1776/3606] 199.204.45.235 () {34 vars in 1056 bytes} [Tue Jun 16 02:24:40 2026] GET /v2.0/floatingips?fixed_ip_address=10.2.1.75&port_id=42994547-4030-4849-b4b2-319c0686f0de => generated 19 bytes in 22 msecs (HTTP/1.1 200) 4 headers in 156 bytes (1 switches on core 0) [pid: 7|app: 0|req: 1831/3607] 199.204.45.235 () {34 vars in 1104 bytes} [Tue Jun 16 02:24:40 2026] GET /v2.0/floatingips?fixed_ip_address=fd7b%3Af9f7%3Afff%3A4eca%3A%3A242&port_id=42994547-4030-4849-b4b2-319c0686f0de => generated 19 bytes in 21 msecs (HTTP/1.1 200) 4 headers in 156 bytes (1 switches on core 0) [pid: 8|app: 0|req: 1777/3608] 199.204.45.235 () {34 vars in 1064 bytes} [Tue Jun 16 02:24:40 2026] GET /v2.0/subnets?id=267b7d81-7fce-4920-9ed7-9283b3be4e14&id=2e85c1cc-f903-46ec-8bfa-e4c1be44ea7a => generated 1411 bytes in 28 msecs (HTTP/1.1 200) 4 headers in 158 bytes (1 switches on core 0) [pid: 7|app: 0|req: 1832/3609] 199.204.45.235 () {34 vars in 1052 bytes} [Tue Jun 16 02:24:40 2026] GET /v2.0/ports?network_id=2d520f86-a3dd-4d2c-8f77-76b67d367eea&device_owner=network%3Adhcp => generated 12 bytes in 21 msecs (HTTP/1.1 200) 4 headers in 156 bytes (1 switches on core 0) [pid: 8|app: 0|req: 1778/3610] 199.204.45.235 () {34 vars in 1052 bytes} [Tue Jun 16 02:24:40 2026] GET /v2.0/ports?network_id=2d520f86-a3dd-4d2c-8f77-76b67d367eea&device_owner=network%3Adhcp => generated 12 bytes in 24 msecs (HTTP/1.1 200) 4 headers in 156 bytes (1 switches on core 0) [pid: 7|app: 0|req: 1833/3611] 199.204.45.235 () {34 vars in 1012 bytes} [Tue Jun 16 02:24:40 2026] GET /v2.0/networks/2d520f86-a3dd-4d2c-8f77-76b67d367eea?fields=segments => generated 14 bytes in 41 msecs (HTTP/1.1 200) 4 headers in 156 bytes (1 switches on core 0) [pid: 8|app: 0|req: 1779/3612] 199.204.45.235 () {34 vars in 1112 bytes} [Tue Jun 16 02:24:40 2026] GET /v2.0/networks/2d520f86-a3dd-4d2c-8f77-76b67d367eea?fields=provider%3Aphysical_network&fields=provider%3Anetwork_type => generated 79 bytes in 42 msecs (HTTP/1.1 200) 4 headers in 156 bytes (1 switches on core 0)
2026-06-16 02:24:40.832 7 INFO neutron.plugins.ml2.drivers.ovn.mech_driver.mech_driver [None req-d1f28d23-23f1-41e8-a789-0895087d0584 - - - - - -] OVN reports status down for port: 42994547-4030-4849-b4b2-319c0686f0de
2026-06-16 02:24:40.953 7 INFO neutron.notifiers.nova [-] Nova event matching ['req-70d4a418-77f4-43f7-8acc-fc4e1afbb979'] response: {'server_uuid': '50933cf2-cadd-4f6d-b510-768157c9ddb1', 'name': 'network-vif-unplugged', 'status': 'completed', 'tag': '42994547-4030-4849-b4b2-319c0686f0de', 'code': 200}
2026-06-16 02:24:41.075 7 INFO neutron.db.ovn_revision_numbers_db [None req-d1f28d23-23f1-41e8-a789-0895087d0584 - - - - - -] Successfully bumped revision number for resource 42994547-4030-4849-b4b2-319c0686f0de (type: ports) to 6 /var/lib/openstack/lib/python3.12/site-packages/pycadf/identifier.py:70: UserWarning: Invalid uuid: neutron. To ensure interoperability, identifiers should be a valid uuid. warnings.warn(('Invalid uuid: %s. To ensure interoperability, ' [pid: 7|app: 0|req: 1834/3613] 199.204.45.235 () {34 vars in 994 bytes} [Tue Jun 16 02:24:42 2026] GET /v2.0/ports?device_id=50933cf2-cadd-4f6d-b510-768157c9ddb1 => generated 1194 bytes in 79 msecs (HTTP/1.1 200) 4 headers in 158 bytes (1 switches on core 0)
2026-06-16 02:24:42.229 8 INFO neutron_taas.services.taas.taas_plugin [req-ec725be6-aac4-44cf-8b39-c103e90f1a39 req-62f0fb82-4fee-42eb-b06c-c0419b66f1f1 7bf6831122944f81bc0ac3f5e7a170ba 0eae9032437b4fb3999856620180d787 - - default default] TaaS: Handle Delete Port: 42994547-4030-4849-b4b2-319c0686f0de
2026-06-16 02:24:42.233 8 INFO neutron_taas.services.taas.tap_mirror_plugin [req-ec725be6-aac4-44cf-8b39-c103e90f1a39 req-62f0fb82-4fee-42eb-b06c-c0419b66f1f1 7bf6831122944f81bc0ac3f5e7a170ba 0eae9032437b4fb3999856620180d787 - - default default] Tap Mirror: Handle Delete Port: 42994547-4030-4849-b4b2-319c0686f0de [pid: 8|app: 0|req: 1780/3614] 199.204.45.235 () {36 vars in 997 bytes} [Tue Jun 16 02:24:42 2026] DELETE /v2.0/ports/42994547-4030-4849-b4b2-319c0686f0de => generated 0 bytes in 297 msecs (HTTP/1.1 204) 3 headers in 131 bytes (1 switches on core 0)
2026-06-16 02:24:42.420 8 INFO neutron.notifiers.nova [-] Nova event matching ['req-78e38bc3-0338-44c2-85b3-6a7c27057a94'] response: {'server_uuid': '50933cf2-cadd-4f6d-b510-768157c9ddb1', 'name': 'network-vif-deleted', 'tag': '42994547-4030-4849-b4b2-319c0686f0de', 'status': 'completed', 'code': 200}
2026-06-16 02:24:42.995 7 INFO neutron.notifiers.nova [-] Nova event matching ['req-0d292e84-5dba-4866-be8d-a5cfa3223d97'] response: {'server_uuid': '50933cf2-cadd-4f6d-b510-768157c9ddb1', 'name': 'network-vif-unplugged', 'status': 'completed', 'tag': '42994547-4030-4849-b4b2-319c0686f0de', 'code': 200} [pid: 7|app: 0|req: 1835/3615] 10.0.0.232 () {34 vars in 990 bytes} [Tue Jun 16 02:24:44 2026] GET /v2.0/ports?device_id=50933cf2-cadd-4f6d-b510-768157c9ddb1 => generated 12 bytes in 20 msecs (HTTP/1.1 200) 4 headers in 156 bytes (1 switches on core 0) [pid: 7|app: 0|req: 1837/3618] 10.0.0.97 () {32 vars in 749 bytes} [Tue Jun 16 02:24:50 2026] DELETE /v2.0/security-group-rules/2d509bb9-7e8b-49c2-a5e7-f3ec9d0a3b5c => generated 0 bytes in 152 msecs (HTTP/1.1 204) 2 headers in 112 bytes (1 switches on core 0)
2026-06-16 02:24:50.212 8 INFO neutron.api.v2.resource [None req-0fc05b89-d276-404e-a89c-85a96e15ab03 7bf6831122944f81bc0ac3f5e7a170ba 0eae9032437b4fb3999856620180d787 - - default default] show failed (client error): The resource could not be found. [pid: 8|app: 0|req: 1782/3619] 10.0.0.97 () {32 vars in 746 bytes} [Tue Jun 16 02:24:50 2026] GET /v2.0/security-group-rules/2d509bb9-7e8b-49c2-a5e7-f3ec9d0a3b5c => generated 155 bytes in 13 msecs (HTTP/1.1 404) 4 headers in 164 bytes (1 switches on core 0) [pid: 7|app: 0|req: 1838/3620] 10.0.0.97 () {32 vars in 749 bytes} [Tue Jun 16 02:24:50 2026] DELETE /v2.0/security-group-rules/c9459b18-218f-4946-b10f-846fb6056e89 => generated 0 bytes in 116 msecs (HTTP/1.1 204) 2 headers in 112 bytes (1 switches on core 0)
2026-06-16 02:24:50.350 8 INFO neutron.api.v2.resource [None req-019e5bcb-5502-4fa7-a432-4f8477c9ec76 7bf6831122944f81bc0ac3f5e7a170ba 0eae9032437b4fb3999856620180d787 - - default default] show failed (client error): The resource could not be found. [pid: 8|app: 0|req: 1783/3621] 10.0.0.97 () {32 vars in 746 bytes} [Tue Jun 16 02:24:50 2026] GET /v2.0/security-group-rules/c9459b18-218f-4946-b10f-846fb6056e89 => generated 155 bytes in 13 msecs (HTTP/1.1 404) 4 headers in 164 bytes (1 switches on core 0) [pid: 7|app: 0|req: 1839/3622] 10.0.0.97 () {32 vars in 749 bytes} [Tue Jun 16 02:24:50 2026] DELETE /v2.0/security-group-rules/c93854f0-82fc-47f8-92c9-ef217e0c4f5a => generated 0 bytes in 116 msecs (HTTP/1.1 204) 2 headers in 112 bytes (1 switches on core 0)
2026-06-16 02:24:50.490 8 INFO neutron.api.v2.resource [None req-e7e141a6-6118-4359-b6d7-640048c743a7 7bf6831122944f81bc0ac3f5e7a170ba 0eae9032437b4fb3999856620180d787 - - default default] show failed (client error): The resource could not be found. [pid: 8|app: 0|req: 1784/3623] 10.0.0.97 () {32 vars in 746 bytes} [Tue Jun 16 02:24:50 2026] GET /v2.0/security-group-rules/c93854f0-82fc-47f8-92c9-ef217e0c4f5a => generated 155 bytes in 13 msecs (HTTP/1.1 404) 4 headers in 164 bytes (1 switches on core 0) [pid: 7|app: 0|req: 1840/3624] 10.0.0.97 () {32 vars in 749 bytes} [Tue Jun 16 02:24:50 2026] DELETE /v2.0/security-group-rules/56543e40-14b3-4ebd-bb99-fa6f78c52667 => generated 0 bytes in 158 msecs (HTTP/1.1 204) 2 headers in 112 bytes (1 switches on core 0)
2026-06-16 02:24:50.666 8 INFO neutron.api.v2.resource [None req-ac5e99ca-aba8-4031-bc77-b88a3b145174 7bf6831122944f81bc0ac3f5e7a170ba 0eae9032437b4fb3999856620180d787 - - default default] show failed (client error): The resource could not be found. [pid: 8|app: 0|req: 1785/3625] 10.0.0.97 () {32 vars in 746 bytes} [Tue Jun 16 02:24:50 2026] GET /v2.0/security-group-rules/56543e40-14b3-4ebd-bb99-fa6f78c52667 => generated 155 bytes in 10 msecs (HTTP/1.1 404) 4 headers in 164 bytes (1 switches on core 0) [pid: 7|app: 0|req: 1841/3626] 10.0.0.97 () {32 vars in 749 bytes} [Tue Jun 16 02:24:50 2026] DELETE /v2.0/security-group-rules/a161645a-f3b6-4161-83c1-64cda4987be0 => generated 0 bytes in 127 msecs (HTTP/1.1 204) 2 headers in 112 bytes (1 switches on core 0)
2026-06-16 02:24:50.814 8 INFO neutron.api.v2.resource [None req-834c5312-ef59-4a83-9862-c4a686a2f8c7 7bf6831122944f81bc0ac3f5e7a170ba 0eae9032437b4fb3999856620180d787 - - default default] show failed (client error): The resource could not be found. [pid: 8|app: 0|req: 1786/3627] 10.0.0.97 () {32 vars in 746 bytes} [Tue Jun 16 02:24:50 2026] GET /v2.0/security-group-rules/a161645a-f3b6-4161-83c1-64cda4987be0 => generated 155 bytes in 14 msecs (HTTP/1.1 404) 4 headers in 164 bytes (1 switches on core 0) [pid: 7|app: 0|req: 1842/3628] 10.0.0.97 () {32 vars in 749 bytes} [Tue Jun 16 02:24:50 2026] DELETE /v2.0/security-group-rules/bf25c607-a1fa-4be2-ae44-42899e84b188 => generated 0 bytes in 115 msecs (HTTP/1.1 204) 2 headers in 112 bytes (1 switches on core 0)
2026-06-16 02:24:50.954 8 INFO neutron.api.v2.resource [None req-21674b6f-c4f2-484d-b674-63aa1feab8df 7bf6831122944f81bc0ac3f5e7a170ba 0eae9032437b4fb3999856620180d787 - - default default] show failed (client error): The resource could not be found. [pid: 8|app: 0|req: 1787/3629] 10.0.0.97 () {32 vars in 746 bytes} [Tue Jun 16 02:24:50 2026] GET /v2.0/security-group-rules/bf25c607-a1fa-4be2-ae44-42899e84b188 => generated 155 bytes in 15 msecs (HTTP/1.1 404) 4 headers in 164 bytes (1 switches on core 0) [pid: 7|app: 0|req: 1843/3630] 10.0.0.97 () {32 vars in 749 bytes} [Tue Jun 16 02:24:50 2026] DELETE /v2.0/security-group-rules/831c782b-6405-4b48-b235-d4674a958073 => generated 0 bytes in 120 msecs (HTTP/1.1 204) 2 headers in 112 bytes (1 switches on core 0)
2026-06-16 02:24:51.094 8 INFO neutron.api.v2.resource [None req-37a7dae1-51bb-4974-bcbb-7b250828012b 7bf6831122944f81bc0ac3f5e7a170ba 0eae9032437b4fb3999856620180d787 - - default default] show failed (client error): The resource could not be found. [pid: 8|app: 0|req: 1788/3631] 10.0.0.97 () {32 vars in 746 bytes} [Tue Jun 16 02:24:51 2026] GET /v2.0/security-group-rules/831c782b-6405-4b48-b235-d4674a958073 => generated 155 bytes in 11 msecs (HTTP/1.1 404) 4 headers in 164 bytes (1 switches on core 0) [pid: 7|app: 0|req: 1844/3632] 10.0.0.97 () {32 vars in 749 bytes} [Tue Jun 16 02:24:51 2026] DELETE /v2.0/security-group-rules/b035b2fa-1b43-4641-bbf4-430bfe46a9f5 => generated 0 bytes in 126 msecs (HTTP/1.1 204) 2 headers in 112 bytes (1 switches on core 0)
2026-06-16 02:24:51.244 8 INFO neutron.api.v2.resource [None req-20b799e4-fd34-49ca-be4f-f8fe7ec822cb 7bf6831122944f81bc0ac3f5e7a170ba 0eae9032437b4fb3999856620180d787 - - default default] show failed (client error): The resource could not be found. [pid: 8|app: 0|req: 1789/3633] 10.0.0.97 () {32 vars in 746 bytes} [Tue Jun 16 02:24:51 2026] GET /v2.0/security-group-rules/b035b2fa-1b43-4641-bbf4-430bfe46a9f5 => generated 155 bytes in 13 msecs (HTTP/1.1 404) 4 headers in 164 bytes (1 switches on core 0) [pid: 7|app: 0|req: 1845/3634] 10.0.0.97 () {32 vars in 749 bytes} [Tue Jun 16 02:24:51 2026] DELETE /v2.0/security-group-rules/1233303c-bda6-4e5f-8069-17f187f8dca7 => generated 0 bytes in 149 msecs (HTTP/1.1 204) 2 headers in 112 bytes (1 switches on core 0)
2026-06-16 02:24:51.422 8 INFO neutron.api.v2.resource [None req-5e2dd386-1dd8-41ee-8d67-2cebd7e61168 7bf6831122944f81bc0ac3f5e7a170ba 0eae9032437b4fb3999856620180d787 - - default default] show failed (client error): The resource could not be found. [pid: 8|app: 0|req: 1790/3635] 10.0.0.97 () {32 vars in 746 bytes} [Tue Jun 16 02:24:51 2026] GET /v2.0/security-group-rules/1233303c-bda6-4e5f-8069-17f187f8dca7 => generated 155 bytes in 19 msecs (HTTP/1.1 404) 4 headers in 164 bytes (1 switches on core 0) [pid: 7|app: 0|req: 1846/3636] 10.0.0.97 () {32 vars in 749 bytes} [Tue Jun 16 02:24:51 2026] DELETE /v2.0/security-group-rules/221d43ed-8d1f-4301-af32-07e1bee07963 => generated 0 bytes in 112 msecs (HTTP/1.1 204) 2 headers in 112 bytes (1 switches on core 0)
2026-06-16 02:24:51.563 8 INFO neutron.api.v2.resource [None req-4404c417-438a-4e55-9b8d-a763e91bf47f 7bf6831122944f81bc0ac3f5e7a170ba 0eae9032437b4fb3999856620180d787 - - default default] show failed (client error): The resource could not be found. [pid: 8|app: 0|req: 1791/3637] 10.0.0.97 () {32 vars in 746 bytes} [Tue Jun 16 02:24:51 2026] GET /v2.0/security-group-rules/221d43ed-8d1f-4301-af32-07e1bee07963 => generated 155 bytes in 20 msecs (HTTP/1.1 404) 4 headers in 164 bytes (1 switches on core 0) [pid: 7|app: 0|req: 1847/3638] 10.0.0.97 () {32 vars in 749 bytes} [Tue Jun 16 02:24:51 2026] DELETE /v2.0/security-group-rules/9eb90276-7b36-49c8-92d0-a3de2f97ad52 => generated 0 bytes in 116 msecs (HTTP/1.1 204) 2 headers in 112 bytes (1 switches on core 0)
2026-06-16 02:24:51.702 8 INFO neutron.api.v2.resource [None req-89aabf2b-1b84-4abf-83d3-55ea2f930bbc 7bf6831122944f81bc0ac3f5e7a170ba 0eae9032437b4fb3999856620180d787 - - default default] show failed (client error): The resource could not be found. [pid: 8|app: 0|req: 1792/3639] 10.0.0.97 () {32 vars in 746 bytes} [Tue Jun 16 02:24:51 2026] GET /v2.0/security-group-rules/9eb90276-7b36-49c8-92d0-a3de2f97ad52 => generated 155 bytes in 12 msecs (HTTP/1.1 404) 4 headers in 164 bytes (1 switches on core 0) [pid: 7|app: 0|req: 1848/3640] 10.0.0.97 () {32 vars in 739 bytes} [Tue Jun 16 02:24:51 2026] DELETE /v2.0/security-groups/8b91e02f-9ff6-4f92-b845-d2df1a707860 => generated 0 bytes in 101 msecs (HTTP/1.1 204) 2 headers in 112 bytes (1 switches on core 0)
2026-06-16 02:24:51.825 8 INFO neutron.api.v2.resource [None req-2c307a5c-870b-426d-99f4-e86127d88e36 7bf6831122944f81bc0ac3f5e7a170ba 0eae9032437b4fb3999856620180d787 - - default default] show failed (client error): The resource could not be found. [pid: 8|app: 0|req: 1793/3641] 10.0.0.97 () {32 vars in 736 bytes} [Tue Jun 16 02:24:51 2026] GET /v2.0/security-groups/8b91e02f-9ff6-4f92-b845-d2df1a707860 => generated 146 bytes in 14 msecs (HTTP/1.1 404) 4 headers in 164 bytes (1 switches on core 0)
2026-06-16 02:24:52.111 7 INFO neutron_taas.services.taas.taas_plugin [None req-6ef0b42a-5631-44c5-a0dd-d9a3510c997f 7bf6831122944f81bc0ac3f5e7a170ba 0eae9032437b4fb3999856620180d787 - - default default] TaaS: Handle Delete Port: 2698d288-a9df-4981-bd8b-e82925ad72a3
2026-06-16 02:24:52.114 7 INFO neutron_taas.services.taas.tap_mirror_plugin [None req-6ef0b42a-5631-44c5-a0dd-d9a3510c997f 7bf6831122944f81bc0ac3f5e7a170ba 0eae9032437b4fb3999856620180d787 - - default default] Tap Mirror: Handle Delete Port: 2698d288-a9df-4981-bd8b-e82925ad72a3 [pid: 7|app: 0|req: 1849/3642] 10.0.0.97 () {34 vars in 788 bytes} [Tue Jun 16 02:24:51 2026] PUT /v2.0/routers/1d17dd55-91b9-4370-aade-5c5acdadfc80/remove_router_interface => generated 309 bytes in 709 msecs (HTTP/1.1 200) 4 headers in 157 bytes (1 switches on core 0)
2026-06-16 02:24:52.703 8 INFO neutron.api.v2.resource [None req-def09738-90d5-4f67-8677-b0b1dfa2424a 7bf6831122944f81bc0ac3f5e7a170ba 0eae9032437b4fb3999856620180d787 - - default default] remove_router_interface failed (client error): The resource could not be found. [pid: 8|app: 0|req: 1794/3643] 10.0.0.97 () {34 vars in 788 bytes} [Tue Jun 16 02:24:52 2026] PUT /v2.0/routers/1d17dd55-91b9-4370-aade-5c5acdadfc80/remove_router_interface => generated 198 bytes in 125 msecs (HTTP/1.1 404) 4 headers in 164 bytes (1 switches on core 0) /var/lib/openstack/lib/python3.12/site-packages/pycadf/identifier.py:70: UserWarning: Invalid uuid: neutron. To ensure interoperability, identifiers should be a valid uuid. warnings.warn(('Invalid uuid: %s. To ensure interoperability, '
2026-06-16 02:24:52.987 7 INFO neutron_taas.services.taas.taas_plugin [None req-efc58f6c-ebb0-4e5a-b5c2-af6cbb51ab6c 7bf6831122944f81bc0ac3f5e7a170ba 0eae9032437b4fb3999856620180d787 - - default default] TaaS: Handle Delete Port: 1f90fa8e-d341-4a8d-8c4d-886fe884b3fe
2026-06-16 02:24:52.991 7 INFO neutron_taas.services.taas.tap_mirror_plugin [None req-efc58f6c-ebb0-4e5a-b5c2-af6cbb51ab6c 7bf6831122944f81bc0ac3f5e7a170ba 0eae9032437b4fb3999856620180d787 - - default default] Tap Mirror: Handle Delete Port: 1f90fa8e-d341-4a8d-8c4d-886fe884b3fe [pid: 7|app: 0|req: 1850/3644] 10.0.0.97 () {34 vars in 788 bytes} [Tue Jun 16 02:24:52 2026] PUT /v2.0/routers/1d17dd55-91b9-4370-aade-5c5acdadfc80/remove_router_interface => generated 309 bytes in 778 msecs (HTTP/1.1 200) 4 headers in 157 bytes (1 switches on core 0)
2026-06-16 02:24:53.603 8 INFO neutron.api.v2.resource [None req-3be8b58e-7357-4109-bfb8-34415fdfdad7 7bf6831122944f81bc0ac3f5e7a170ba 0eae9032437b4fb3999856620180d787 - - default default] remove_router_interface failed (client error): The resource could not be found. [pid: 8|app: 0|req: 1795/3645] 10.0.0.97 () {34 vars in 788 bytes} [Tue Jun 16 02:24:53 2026] PUT /v2.0/routers/1d17dd55-91b9-4370-aade-5c5acdadfc80/remove_router_interface => generated 198 bytes in 113 msecs (HTTP/1.1 404) 4 headers in 164 bytes (1 switches on core 0) /var/lib/openstack/lib/python3.12/site-packages/pycadf/identifier.py:70: UserWarning: Invalid uuid: neutron. To ensure interoperability, identifiers should be a valid uuid. warnings.warn(('Invalid uuid: %s. To ensure interoperability, '
2026-06-16 02:24:53.905 7 INFO neutron_taas.services.taas.taas_plugin [None req-e8566014-288a-4950-99f2-09461fb29c84 7bf6831122944f81bc0ac3f5e7a170ba 0eae9032437b4fb3999856620180d787 - - default default] TaaS: Handle Delete Port: e543c585-ade4-41e1-be4c-aefc030bb946
2026-06-16 02:24:53.909 7 INFO neutron_taas.services.taas.tap_mirror_plugin [None req-e8566014-288a-4950-99f2-09461fb29c84 7bf6831122944f81bc0ac3f5e7a170ba 0eae9032437b4fb3999856620180d787 - - default default] Tap Mirror: Handle Delete Port: e543c585-ade4-41e1-be4c-aefc030bb946 [pid: 7|app: 0|req: 1851/3646] 10.0.0.97 () {34 vars in 788 bytes} [Tue Jun 16 02:24:53 2026] PUT /v2.0/routers/1d17dd55-91b9-4370-aade-5c5acdadfc80/remove_router_interface => generated 309 bytes in 815 msecs (HTTP/1.1 200) 4 headers in 157 bytes (1 switches on core 0)
2026-06-16 02:24:54.531 8 INFO neutron.api.v2.resource [None req-79c51c9b-31b1-4e00-a9bd-2d6150a66543 7bf6831122944f81bc0ac3f5e7a170ba 0eae9032437b4fb3999856620180d787 - - default default] remove_router_interface failed (client error): The resource could not be found. [pid: 8|app: 0|req: 1796/3647] 10.0.0.97 () {34 vars in 788 bytes} [Tue Jun 16 02:24:54 2026] PUT /v2.0/routers/1d17dd55-91b9-4370-aade-5c5acdadfc80/remove_router_interface => generated 198 bytes in 107 msecs (HTTP/1.1 404) 4 headers in 164 bytes (1 switches on core 0) /var/lib/openstack/lib/python3.12/site-packages/pycadf/identifier.py:70: UserWarning: Invalid uuid: neutron. To ensure interoperability, identifiers should be a valid uuid. warnings.warn(('Invalid uuid: %s. To ensure interoperability, '
2026-06-16 02:24:54.861 7 INFO neutron_taas.services.taas.taas_plugin [None req-df42b489-bef0-4040-9414-17b9e91e934e 7bf6831122944f81bc0ac3f5e7a170ba 0eae9032437b4fb3999856620180d787 - - default default] TaaS: Handle Delete Port: bbe43dd8-4cfd-459f-abf7-0d2ecbd761e9
2026-06-16 02:24:54.865 7 INFO neutron_taas.services.taas.tap_mirror_plugin [None req-df42b489-bef0-4040-9414-17b9e91e934e 7bf6831122944f81bc0ac3f5e7a170ba 0eae9032437b4fb3999856620180d787 - - default default] Tap Mirror: Handle Delete Port: bbe43dd8-4cfd-459f-abf7-0d2ecbd761e9 [pid: 7|app: 0|req: 1852/3648] 10.0.0.97 () {32 vars in 723 bytes} [Tue Jun 16 02:24:54 2026] DELETE /v2.0/routers/1d17dd55-91b9-4370-aade-5c5acdadfc80 => generated 0 bytes in 680 msecs (HTTP/1.1 204) 2 headers in 112 bytes (1 switches on core 0)
2026-06-16 02:24:55.238 8 INFO neutron.api.v2.resource [None req-90423628-4b1f-4986-af7e-b90ac929ab36 7bf6831122944f81bc0ac3f5e7a170ba 0eae9032437b4fb3999856620180d787 - - default default] show failed (client error): The resource could not be found. [pid: 8|app: 0|req: 1797/3649] 10.0.0.97 () {32 vars in 720 bytes} [Tue Jun 16 02:24:55 2026] GET /v2.0/routers/1d17dd55-91b9-4370-aade-5c5acdadfc80 => generated 135 bytes in 17 msecs (HTTP/1.1 404) 4 headers in 164 bytes (1 switches on core 0) [pid: 7|app: 0|req: 1853/3650] 10.0.0.97 () {32 vars in 723 bytes} [Tue Jun 16 02:24:55 2026] DELETE /v2.0/subnets/7ad730cd-491e-488e-8046-9398984d4321 => generated 0 bytes in 132 msecs (HTTP/1.1 204) 3 headers in 131 bytes (1 switches on core 0)
2026-06-16 02:24:55.396 8 INFO neutron.pecan_wsgi.hooks.translation [None req-76527984-593e-43f6-9f74-f61e57a8432b 7bf6831122944f81bc0ac3f5e7a170ba 0eae9032437b4fb3999856620180d787 - - default default] GET failed (client error): The resource could not be found. [pid: 8|app: 0|req: 1798/3651] 10.0.0.97 () {32 vars in 720 bytes} [Tue Jun 16 02:24:55 2026] GET /v2.0/subnets/7ad730cd-491e-488e-8046-9398984d4321 => generated 136 bytes in 17 msecs (HTTP/1.1 404) 4 headers in 164 bytes (1 switches on core 0) [pid: 7|app: 0|req: 1854/3652] 10.0.0.97 () {32 vars in 723 bytes} [Tue Jun 16 02:24:55 2026] DELETE /v2.0/subnets/dae18fc5-b4ea-4404-aa31-e5078bf84334 => generated 0 bytes in 184 msecs (HTTP/1.1 204) 3 headers in 131 bytes (1 switches on core 0)
2026-06-16 02:24:55.604 8 INFO neutron.pecan_wsgi.hooks.translation [None req-b364b2f0-a38f-4b1a-a68d-07df31a16b15 7bf6831122944f81bc0ac3f5e7a170ba 0eae9032437b4fb3999856620180d787 - - default default] GET failed (client error): The resource could not be found. [pid: 8|app: 0|req: 1799/3653] 10.0.0.97 () {32 vars in 720 bytes} [Tue Jun 16 02:24:55 2026] GET /v2.0/subnets/dae18fc5-b4ea-4404-aa31-e5078bf84334 => generated 136 bytes in 14 msecs (HTTP/1.1 404) 4 headers in 164 bytes (1 switches on core 0)
2026-06-16 02:24:55.725 7 INFO neutron_taas.services.taas.taas_plugin [None req-d61181cf-74d0-460c-ba3a-278827294b2f 7bf6831122944f81bc0ac3f5e7a170ba 0eae9032437b4fb3999856620180d787 - - default default] TaaS: Handle Delete Port: 43ea846d-3d71-4b8f-95e1-9f9ea36a9ac0
2026-06-16 02:24:55.728 7 INFO neutron_taas.services.taas.tap_mirror_plugin [None req-d61181cf-74d0-460c-ba3a-278827294b2f 7bf6831122944f81bc0ac3f5e7a170ba 0eae9032437b4fb3999856620180d787 - - default default] Tap Mirror: Handle Delete Port: 43ea846d-3d71-4b8f-95e1-9f9ea36a9ac0
2026-06-16 02:24:55.899 7 INFO neutron.services.segments.plugin [-] Segment d9c4e01b-bb75-41b6-9e2c-55facb80cef6 resource provider aggregate not found
2026-06-16 02:24:55.900 7 INFO neutron.services.segments.plugin [-] Segment d9c4e01b-bb75-41b6-9e2c-55facb80cef6 resource provider aggregate not found
2026-06-16 02:24:55.918 7 INFO neutron.services.segments.plugin [-] Segment d9c4e01b-bb75-41b6-9e2c-55facb80cef6 resource provider not found; error: Placement Client Error (4xx): {"errors": [{"status": 404, "title": "Not Found", "detail": "The resource could not be found.\n\n No resource provider with uuid d9c4e01b-bb75-41b6-9e2c-55facb80cef6 found for delete ", "request_id": "req-2ec1a831-4273-40f3-8107-25597425ffad"}]}
2026-06-16 02:24:55.923 7 INFO neutron.services.segments.plugin [-] Segment d9c4e01b-bb75-41b6-9e2c-55facb80cef6 resource provider not found; error: Placement Client Error (4xx): {"errors": [{"status": 404, "title": "Not Found", "detail": "The resource could not be found.\n\n No resource provider with uuid d9c4e01b-bb75-41b6-9e2c-55facb80cef6 found for delete ", "request_id": "req-b81cc963-736e-4064-a806-ff8a09914f6e"}]} [pid: 7|app: 0|req: 1855/3654] 10.0.0.97 () {32 vars in 725 bytes} [Tue Jun 16 02:24:55 2026] DELETE /v2.0/networks/dc1dd161-cedd-46db-975b-13844a7ef2eb => generated 0 bytes in 339 msecs (HTTP/1.1 204) 3 headers in 131 bytes (1 switches on core 0)
2026-06-16 02:24:55.966 8 INFO neutron.pecan_wsgi.hooks.translation [None req-9c3729df-0d8c-4f25-af36-c73bffc463a1 7bf6831122944f81bc0ac3f5e7a170ba 0eae9032437b4fb3999856620180d787 - - default default] GET failed (client error): The resource could not be found. [pid: 8|app: 0|req: 1800/3655] 10.0.0.97 () {32 vars in 722 bytes} [Tue Jun 16 02:24:55 2026] GET /v2.0/networks/dc1dd161-cedd-46db-975b-13844a7ef2eb => generated 138 bytes in 15 msecs (HTTP/1.1 404) 4 headers in 164 bytes (1 switches on core 0) [pid: 7|app: 0|req: 1856/3656] 10.0.0.97 () {32 vars in 723 bytes} [Tue Jun 16 02:24:55 2026] DELETE /v2.0/subnets/267b7d81-7fce-4920-9ed7-9283b3be4e14 => generated 0 bytes in 130 msecs (HTTP/1.1 204) 3 headers in 131 bytes (1 switches on core 0)
2026-06-16 02:24:56.120 8 INFO neutron.pecan_wsgi.hooks.translation [None req-d881f579-61f7-4180-81f0-710b1d680778 7bf6831122944f81bc0ac3f5e7a170ba 0eae9032437b4fb3999856620180d787 - - default default] GET failed (client error): The resource could not be found. [pid: 8|app: 0|req: 1801/3657] 10.0.0.97 () {32 vars in 720 bytes} [Tue Jun 16 02:24:56 2026] GET /v2.0/subnets/267b7d81-7fce-4920-9ed7-9283b3be4e14 => generated 136 bytes in 14 msecs (HTTP/1.1 404) 4 headers in 164 bytes (1 switches on core 0) [pid: 7|app: 0|req: 1857/3658] 10.0.0.97 () {32 vars in 723 bytes} [Tue Jun 16 02:24:56 2026] DELETE /v2.0/subnets/2e85c1cc-f903-46ec-8bfa-e4c1be44ea7a => generated 0 bytes in 123 msecs (HTTP/1.1 204) 3 headers in 131 bytes (1 switches on core 0)
2026-06-16 02:24:56.269 8 INFO neutron.pecan_wsgi.hooks.translation [None req-9f8ce78c-bd08-4771-bf01-277e0dcee3d1 7bf6831122944f81bc0ac3f5e7a170ba 0eae9032437b4fb3999856620180d787 - - default default] GET failed (client error): The resource could not be found. [pid: 8|app: 0|req: 1802/3659] 10.0.0.97 () {32 vars in 720 bytes} [Tue Jun 16 02:24:56 2026] GET /v2.0/subnets/2e85c1cc-f903-46ec-8bfa-e4c1be44ea7a => generated 136 bytes in 18 msecs (HTTP/1.1 404) 4 headers in 164 bytes (1 switches on core 0)
2026-06-16 02:24:56.364 7 INFO neutron_taas.services.taas.taas_plugin [None req-d0da6ea5-5714-4d83-a33f-66174125b0c7 7bf6831122944f81bc0ac3f5e7a170ba 0eae9032437b4fb3999856620180d787 - - default default] TaaS: Handle Delete Port: 00dce49b-7b91-4150-bfc4-38837eb160e7
2026-06-16 02:24:56.366 7 INFO neutron_taas.services.taas.tap_mirror_plugin [None req-d0da6ea5-5714-4d83-a33f-66174125b0c7 7bf6831122944f81bc0ac3f5e7a170ba 0eae9032437b4fb3999856620180d787 - - default default] Tap Mirror: Handle Delete Port: 00dce49b-7b91-4150-bfc4-38837eb160e7 [pid: 7|app: 0|req: 1858/3660] 10.0.0.97 () {32 vars in 725 bytes} [Tue Jun 16 02:24:56 2026] DELETE /v2.0/networks/2d520f86-a3dd-4d2c-8f77-76b67d367eea => generated 0 bytes in 279 msecs (HTTP/1.1 204) 3 headers in 131 bytes (1 switches on core 0)
2026-06-16 02:24:56.574 8 INFO neutron.pecan_wsgi.hooks.translation [None req-640638df-f273-44ac-ac92-867b6e829b77 7bf6831122944f81bc0ac3f5e7a170ba 0eae9032437b4fb3999856620180d787 - - default default] GET failed (client error): The resource could not be found. [pid: 8|app: 0|req: 1803/3661] 10.0.0.97 () {32 vars in 722 bytes} [Tue Jun 16 02:24:56 2026] GET /v2.0/networks/2d520f86-a3dd-4d2c-8f77-76b67d367eea => generated 138 bytes in 19 msecs (HTTP/1.1 404) 4 headers in 164 bytes (1 switches on core 0) [pid: 7|app: 0|req: 1859/3662] 10.0.0.97 () {32 vars in 723 bytes} [Tue Jun 16 02:24:56 2026] DELETE /v2.0/subnets/d1016ee6-6cda-45ac-b466-6d8aa727215c => generated 0 bytes in 130 msecs (HTTP/1.1 204) 3 headers in 131 bytes (1 switches on core 0)
2026-06-16 02:24:56.729 8 INFO neutron.pecan_wsgi.hooks.translation [None req-0919ad00-d3f7-4f60-9550-7af91a08ef77 7bf6831122944f81bc0ac3f5e7a170ba 0eae9032437b4fb3999856620180d787 - - default default] GET failed (client error): The resource could not be found. [pid: 8|app: 0|req: 1804/3663] 10.0.0.97 () {32 vars in 720 bytes} [Tue Jun 16 02:24:56 2026] GET /v2.0/subnets/d1016ee6-6cda-45ac-b466-6d8aa727215c => generated 136 bytes in 15 msecs (HTTP/1.1 404) 4 headers in 164 bytes (1 switches on core 0) [pid: 7|app: 0|req: 1860/3664] 10.0.0.97 () {32 vars in 723 bytes} [Tue Jun 16 02:24:56 2026] DELETE /v2.0/subnets/2a3138a4-462d-4ba0-8511-edf1aacb85da => generated 0 bytes in 122 msecs (HTTP/1.1 204) 3 headers in 131 bytes (1 switches on core 0)
2026-06-16 02:24:56.877 8 INFO neutron.pecan_wsgi.hooks.translation [None req-b257ea7c-6f0e-4ead-980d-e554be4f2507 7bf6831122944f81bc0ac3f5e7a170ba 0eae9032437b4fb3999856620180d787 - - default default] GET failed (client error): The resource could not be found. [pid: 8|app: 0|req: 1805/3665] 10.0.0.97 () {32 vars in 720 bytes} [Tue Jun 16 02:24:56 2026] GET /v2.0/subnets/2a3138a4-462d-4ba0-8511-edf1aacb85da => generated 136 bytes in 17 msecs (HTTP/1.1 404) 4 headers in 164 bytes (1 switches on core 0)
2026-06-16 02:24:56.985 7 INFO neutron_taas.services.taas.taas_plugin [None req-ca466d1d-064d-427d-b6c3-471a77f0c106 7bf6831122944f81bc0ac3f5e7a170ba 0eae9032437b4fb3999856620180d787 - - default default] TaaS: Handle Delete Port: b60922aa-1903-48c6-abbd-2c90ba35c50d
2026-06-16 02:24:56.988 7 INFO neutron_taas.services.taas.tap_mirror_plugin [None req-ca466d1d-064d-427d-b6c3-471a77f0c106 7bf6831122944f81bc0ac3f5e7a170ba 0eae9032437b4fb3999856620180d787 - - default default] Tap Mirror: Handle Delete Port: b60922aa-1903-48c6-abbd-2c90ba35c50d [pid: 7|app: 0|req: 1861/3666] 10.0.0.97 () {32 vars in 725 bytes} [Tue Jun 16 02:24:56 2026] DELETE /v2.0/networks/bf0ae6da-06a8-4d55-bd39-464555335208 => generated 0 bytes in 293 msecs (HTTP/1.1 204) 3 headers in 131 bytes (1 switches on core 0)
2026-06-16 02:24:57.193 8 INFO neutron.pecan_wsgi.hooks.translation [None req-d95f454f-eb3f-4b62-9789-5d699e990b8a 7bf6831122944f81bc0ac3f5e7a170ba 0eae9032437b4fb3999856620180d787 - - default default] GET failed (client error): The resource could not be found. [pid: 8|app: 0|req: 1806/3667] 10.0.0.97 () {32 vars in 722 bytes} [Tue Jun 16 02:24:57 2026] GET /v2.0/networks/bf0ae6da-06a8-4d55-bd39-464555335208 => generated 138 bytes in 15 msecs (HTTP/1.1 404) 4 headers in 164 bytes (1 switches on core 0)
2026-06-16 02:24:57.956 7 INFO neutron.services.segments.plugin [-] Segment c23dd555-383e-4902-ad5a-aef84d6a0d3f resource provider aggregate not found
2026-06-16 02:24:57.961 7 INFO neutron.services.segments.plugin [-] Segment c23dd555-383e-4902-ad5a-aef84d6a0d3f resource provider aggregate not found
2026-06-16 02:24:57.973 7 INFO neutron.services.segments.plugin [-] Segment c23dd555-383e-4902-ad5a-aef84d6a0d3f resource provider not found; error: Placement Client Error (4xx): {"errors": [{"status": 404, "title": "Not Found", "detail": "The resource could not be found.\n\n No resource provider with uuid c23dd555-383e-4902-ad5a-aef84d6a0d3f found for delete ", "request_id": "req-8957585a-a0dd-455a-b519-c71f63984941"}]}
2026-06-16 02:24:57.979 7 INFO neutron.services.segments.plugin [-] Segment c23dd555-383e-4902-ad5a-aef84d6a0d3f resource provider not found; error: Placement Client Error (4xx): {"errors": [{"status": 404, "title": "Not Found", "detail": "The resource could not be found.\n\n No resource provider with uuid c23dd555-383e-4902-ad5a-aef84d6a0d3f found for delete ", "request_id": "req-f2d19c80-b804-40fc-a862-9b9eb850529b"}]}
2026-06-16 02:24:57.982 7 INFO neutron.services.segments.plugin [-] Segment f5f7f465-8ca7-4bf3-9bc7-cfb0819399e3 resource provider aggregate not found
2026-06-16 02:24:57.993 7 INFO neutron.services.segments.plugin [-] Segment f5f7f465-8ca7-4bf3-9bc7-cfb0819399e3 resource provider not found; error: Placement Client Error (4xx): {"errors": [{"status": 404, "title": "Not Found", "detail": "The resource could not be found.\n\n No resource provider with uuid f5f7f465-8ca7-4bf3-9bc7-cfb0819399e3 found for delete ", "request_id": "req-6ceff1a5-9440-4078-b839-1ce4ce97a463"}]}
2026-06-16 02:24:57.994 7 INFO neutron.services.segments.plugin [-] Segment f5f7f465-8ca7-4bf3-9bc7-cfb0819399e3 resource provider aggregate not found
2026-06-16 02:24:58.009 7 INFO neutron.services.segments.plugin [-] Segment f5f7f465-8ca7-4bf3-9bc7-cfb0819399e3 resource provider not found; error: Placement Client Error (4xx): {"errors": [{"status": 404, "title": "Not Found", "detail": "The resource could not be found.\n\n No resource provider with uuid f5f7f465-8ca7-4bf3-9bc7-cfb0819399e3 found for delete ", "request_id": "req-cf8f1aa0-91d5-4a3d-8669-24d8b89ee7a4"}]}
2026-06-16 02:24:59.390 7 INFO neutron.db.ovn_revision_numbers_db [None req-014de9f2-9e6c-4bea-ad90-200ee8f5fecc 032cd43bb29e417a88c0c1a1cec2ef01 16127bffa9f442c09090589db22ef135 - - default default] Successfully bumped revision number for resource 51223a93-86ca-4a0c-a020-02f06007bb8a (type: security_groups) to 1
2026-06-16 02:24:59.399 7 INFO neutron.db.ovn_revision_numbers_db [None req-014de9f2-9e6c-4bea-ad90-200ee8f5fecc 032cd43bb29e417a88c0c1a1cec2ef01 16127bffa9f442c09090589db22ef135 - - default default] Successfully bumped revision number for resource 064b039d-73b2-4179-bb27-ad0570817633 (type: security_group_rules) to 0
2026-06-16 02:24:59.408 7 INFO neutron.db.ovn_revision_numbers_db [None req-014de9f2-9e6c-4bea-ad90-200ee8f5fecc 032cd43bb29e417a88c0c1a1cec2ef01 16127bffa9f442c09090589db22ef135 - - default default] Successfully bumped revision number for resource 3aea6f5d-5432-470a-8955-0791a42d8677 (type: security_group_rules) to 0
2026-06-16 02:24:59.416 7 INFO neutron.db.ovn_revision_numbers_db [None req-014de9f2-9e6c-4bea-ad90-200ee8f5fecc 032cd43bb29e417a88c0c1a1cec2ef01 16127bffa9f442c09090589db22ef135 - - default default] Successfully bumped revision number for resource 76ff61f3-c385-4cb2-b000-7def7d41f9ae (type: security_group_rules) to 0
2026-06-16 02:24:59.425 7 INFO neutron.db.ovn_revision_numbers_db [None req-014de9f2-9e6c-4bea-ad90-200ee8f5fecc 032cd43bb29e417a88c0c1a1cec2ef01 16127bffa9f442c09090589db22ef135 - - default default] Successfully bumped revision number for resource efb745d7-c03e-4057-9c87-22a474005d97 (type: security_group_rules) to 0 [pid: 7|app: 0|req: 1862/3668] 10.0.0.97 () {32 vars in 773 bytes} [Tue Jun 16 02:24:59 2026] GET /v2.0/security-groups?tenant_id=9168ee8f9b854464b6a598b0e2348788&name=default => generated 2929 bytes in 324 msecs (HTTP/1.1 200) 4 headers in 158 bytes (1 switches on core 0) [pid: 8|app: 0|req: 1807/3669] 10.0.0.97 () {32 vars in 739 bytes} [Tue Jun 16 02:24:59 2026] DELETE /v2.0/security-groups/51223a93-86ca-4a0c-a020-02f06007bb8a => generated 0 bytes in 251 msecs (HTTP/1.1 204) 2 headers in 112 bytes (1 switches on core 0)
2026-06-16 02:24:59.942 7 INFO neutron.db.ovn_revision_numbers_db [None req-0e9638d9-dc27-497f-9ad5-004937904b4d 032cd43bb29e417a88c0c1a1cec2ef01 16127bffa9f442c09090589db22ef135 - - default default] Successfully bumped revision number for resource c5b9d966-3c27-4417-9f82-7c5a03794d6d (type: security_groups) to 1
2026-06-16 02:24:59.957 7 INFO neutron.db.ovn_revision_numbers_db [None req-0e9638d9-dc27-497f-9ad5-004937904b4d 032cd43bb29e417a88c0c1a1cec2ef01 16127bffa9f442c09090589db22ef135 - - default default] Successfully bumped revision number for resource 275ffab5-5c3b-4f25-8c74-77036d097118 (type: security_group_rules) to 0
2026-06-16 02:24:59.971 7 INFO neutron.db.ovn_revision_numbers_db [None req-0e9638d9-dc27-497f-9ad5-004937904b4d 032cd43bb29e417a88c0c1a1cec2ef01 16127bffa9f442c09090589db22ef135 - - default default] Successfully bumped revision number for resource 40f9c788-9416-4580-a91d-b2d4faa1612e (type: security_group_rules) to 0
2026-06-16 02:24:59.984 7 INFO neutron.db.ovn_revision_numbers_db [None req-0e9638d9-dc27-497f-9ad5-004937904b4d 032cd43bb29e417a88c0c1a1cec2ef01 16127bffa9f442c09090589db22ef135 - - default default] Successfully bumped revision number for resource 6f597294-354d-4e46-8fe5-75fdf51ac6a1 (type: security_group_rules) to 0
2026-06-16 02:24:59.996 7 INFO neutron.db.ovn_revision_numbers_db [None req-0e9638d9-dc27-497f-9ad5-004937904b4d 032cd43bb29e417a88c0c1a1cec2ef01 16127bffa9f442c09090589db22ef135 - - default default] Successfully bumped revision number for resource 9508dc60-7d02-422e-867a-3c3e20bbdb0c (type: security_group_rules) to 0 [pid: 7|app: 0|req: 1863/3670] 10.0.0.97 () {32 vars in 773 bytes} [Tue Jun 16 02:24:59 2026] GET /v2.0/security-groups?tenant_id=68c7791d4b2c455da129ebda4c26ba15&name=default => generated 2929 bytes in 221 msecs (HTTP/1.1 200) 4 headers in 158 bytes (1 switches on core 0) [pid: 8|app: 0|req: 1808/3671] 10.0.0.97 () {32 vars in 739 bytes} [Tue Jun 16 02:25:00 2026] DELETE /v2.0/security-groups/c5b9d966-3c27-4417-9f82-7c5a03794d6d => generated 0 bytes in 214 msecs (HTTP/1.1 204) 2 headers in 112 bytes (1 switches on core 0)
2026-06-16 02:25:00.507 7 INFO neutron.db.ovn_revision_numbers_db [None req-9b6dc0a5-fa0b-437d-893f-d26a65258948 032cd43bb29e417a88c0c1a1cec2ef01 16127bffa9f442c09090589db22ef135 - - default default] Successfully bumped revision number for resource 48a1af56-4f68-4659-89fb-1f0643d6c97e (type: security_groups) to 1
2026-06-16 02:25:00.521 7 INFO neutron.db.ovn_revision_numbers_db [None req-9b6dc0a5-fa0b-437d-893f-d26a65258948 032cd43bb29e417a88c0c1a1cec2ef01 16127bffa9f442c09090589db22ef135 - - default default] Successfully bumped revision number for resource 517e3d00-4bff-412f-82a1-8cb346c48bed (type: security_group_rules) to 0
2026-06-16 02:25:00.532 7 INFO neutron.db.ovn_revision_numbers_db [None req-9b6dc0a5-fa0b-437d-893f-d26a65258948 032cd43bb29e417a88c0c1a1cec2ef01 16127bffa9f442c09090589db22ef135 - - default default] Successfully bumped revision number for resource 5c5e06a5-f61d-4b07-832d-b1bbd1aae403 (type: security_group_rules) to 0
2026-06-16 02:25:00.547 7 INFO neutron.db.ovn_revision_numbers_db [None req-9b6dc0a5-fa0b-437d-893f-d26a65258948 032cd43bb29e417a88c0c1a1cec2ef01 16127bffa9f442c09090589db22ef135 - - default default] Successfully bumped revision number for resource ddeae3ba-b7b3-46f0-8d2a-dee1daf6d83d (type: security_group_rules) to 0
2026-06-16 02:25:00.574 7 INFO neutron.db.ovn_revision_numbers_db [None req-9b6dc0a5-fa0b-437d-893f-d26a65258948 032cd43bb29e417a88c0c1a1cec2ef01 16127bffa9f442c09090589db22ef135 - - default default] Successfully bumped revision number for resource e250be41-f5c0-4610-bd4d-159dea697e78 (type: security_group_rules) to 0 [pid: 7|app: 0|req: 1864/3672] 10.0.0.97 () {32 vars in 773 bytes} [Tue Jun 16 02:25:00 2026] GET /v2.0/security-groups?tenant_id=464daff762114eafa502e4ddc7e01c76&name=default => generated 2929 bytes in 227 msecs (HTTP/1.1 200) 4 headers in 158 bytes (1 switches on core 0) [pid: 8|app: 0|req: 1809/3673] 10.0.0.97 () {32 vars in 739 bytes} [Tue Jun 16 02:25:00 2026] DELETE /v2.0/security-groups/48a1af56-4f68-4659-89fb-1f0643d6c97e => generated 0 bytes in 193 msecs (HTTP/1.1 204) 2 headers in 112 bytes (1 switches on core 0) [pid: 8|app: 0|req: 1811/3676] 10.0.0.97 () {32 vars in 773 bytes} [Tue Jun 16 02:25:00 2026] GET /v2.0/security-groups?tenant_id=0eae9032437b4fb3999856620180d787&name=default => generated 2929 bytes in 27 msecs (HTTP/1.1 200) 4 headers in 158 bytes (1 switches on core 0) [pid: 7|app: 0|req: 1866/3677] 10.0.0.97 () {32 vars in 739 bytes} [Tue Jun 16 02:25:00 2026] DELETE /v2.0/security-groups/c4ad7e8a-f152-4611-acff-264658a832dd => generated 0 bytes in 200 msecs (HTTP/1.1 204) 2 headers in 112 bytes (1 switches on core 0)
2026-06-16 02:25:01.459 8 INFO neutron.db.ovn_revision_numbers_db [None req-4a8e31a9-4f27-4d32-a79a-859a067876e7 032cd43bb29e417a88c0c1a1cec2ef01 16127bffa9f442c09090589db22ef135 - - default default] Successfully bumped revision number for resource fba9be15-940f-4d0b-bafd-51a80fab1d3b (type: security_groups) to 1
2026-06-16 02:25:01.470 8 INFO neutron.db.ovn_revision_numbers_db [None req-4a8e31a9-4f27-4d32-a79a-859a067876e7 032cd43bb29e417a88c0c1a1cec2ef01 16127bffa9f442c09090589db22ef135 - - default default] Successfully bumped revision number for resource 05b69a8a-e71a-45fc-8f2c-a47e1960f410 (type: security_group_rules) to 0
2026-06-16 02:25:01.482 8 INFO neutron.db.ovn_revision_numbers_db [None req-4a8e31a9-4f27-4d32-a79a-859a067876e7 032cd43bb29e417a88c0c1a1cec2ef01 16127bffa9f442c09090589db22ef135 - - default default] Successfully bumped revision number for resource 5a1950dc-42a4-4c5c-a54f-e49979ecfa53 (type: security_group_rules) to 0
2026-06-16 02:25:01.497 8 INFO neutron.db.ovn_revision_numbers_db [None req-4a8e31a9-4f27-4d32-a79a-859a067876e7 032cd43bb29e417a88c0c1a1cec2ef01 16127bffa9f442c09090589db22ef135 - - default default] Successfully bumped revision number for resource 88033928-7512-477a-95a2-6ad0d66b5aa1 (type: security_group_rules) to 0
2026-06-16 02:25:01.509 8 INFO neutron.db.ovn_revision_numbers_db [None req-4a8e31a9-4f27-4d32-a79a-859a067876e7 032cd43bb29e417a88c0c1a1cec2ef01 16127bffa9f442c09090589db22ef135 - - default default] Successfully bumped revision number for resource c49bf5f5-5b64-4e6a-9a76-30fa77584848 (type: security_group_rules) to 0 [pid: 8|app: 0|req: 1812/3678] 10.0.0.97 () {32 vars in 773 bytes} [Tue Jun 16 02:25:01 2026] GET /v2.0/security-groups?tenant_id=8cfeff145c81453ea5ed73d8cef0cab7&name=default => generated 2929 bytes in 251 msecs (HTTP/1.1 200) 4 headers in 158 bytes (1 switches on core 0) [pid: 7|app: 0|req: 1867/3679] 10.0.0.97 () {32 vars in 739 bytes} [Tue Jun 16 02:25:01 2026] DELETE /v2.0/security-groups/fba9be15-940f-4d0b-bafd-51a80fab1d3b => generated 0 bytes in 235 msecs (HTTP/1.1 204) 2 headers in 112 bytes (1 switches on core 0)
2026-06-16 02:25:02.043 8 INFO neutron.db.ovn_revision_numbers_db [None req-d13708bc-2cf6-4213-ab63-8796054707cf 032cd43bb29e417a88c0c1a1cec2ef01 16127bffa9f442c09090589db22ef135 - - default default] Successfully bumped revision number for resource 30bcd20c-ef64-4c5b-97f8-972d167fbfe2 (type: security_groups) to 1
2026-06-16 02:25:02.054 8 INFO neutron.db.ovn_revision_numbers_db [None req-d13708bc-2cf6-4213-ab63-8796054707cf 032cd43bb29e417a88c0c1a1cec2ef01 16127bffa9f442c09090589db22ef135 - - default default] Successfully bumped revision number for resource 3e5bc314-42e8-48ba-ad96-338000785f28 (type: security_group_rules) to 0
2026-06-16 02:25:02.068 8 INFO neutron.db.ovn_revision_numbers_db [None req-d13708bc-2cf6-4213-ab63-8796054707cf 032cd43bb29e417a88c0c1a1cec2ef01 16127bffa9f442c09090589db22ef135 - - default default] Successfully bumped revision number for resource 83a65565-0b44-4458-ac9d-66556cecd216 (type: security_group_rules) to 0
2026-06-16 02:25:02.079 8 INFO neutron.db.ovn_revision_numbers_db [None req-d13708bc-2cf6-4213-ab63-8796054707cf 032cd43bb29e417a88c0c1a1cec2ef01 16127bffa9f442c09090589db22ef135 - - default default] Successfully bumped revision number for resource 8b85b73a-6e7e-4097-99d3-8319ffcef6d5 (type: security_group_rules) to 0
2026-06-16 02:25:02.090 8 INFO neutron.db.ovn_revision_numbers_db [None req-d13708bc-2cf6-4213-ab63-8796054707cf 032cd43bb29e417a88c0c1a1cec2ef01 16127bffa9f442c09090589db22ef135 - - default default] Successfully bumped revision number for resource 9aa985dd-6eba-4979-a274-24a2bd53fc92 (type: security_group_rules) to 0 [pid: 8|app: 0|req: 1813/3680] 10.0.0.97 () {32 vars in 773 bytes} [Tue Jun 16 02:25:01 2026] GET /v2.0/security-groups?tenant_id=001b34a8d47742639f068663a3f8e6ef&name=default => generated 2929 bytes in 192 msecs (HTTP/1.1 200) 4 headers in 158 bytes (1 switches on core 0) [pid: 7|app: 0|req: 1868/3681] 10.0.0.97 () {32 vars in 739 bytes} [Tue Jun 16 02:25:02 2026] DELETE /v2.0/security-groups/30bcd20c-ef64-4c5b-97f8-972d167fbfe2 => generated 0 bytes in 197 msecs (HTTP/1.1 204) 2 headers in 112 bytes (1 switches on core 0)
2026-06-16 02:25:02.614 8 INFO neutron.db.ovn_revision_numbers_db [None req-f97d1db1-edd2-44d0-b7c7-cede626347a3 032cd43bb29e417a88c0c1a1cec2ef01 16127bffa9f442c09090589db22ef135 - - default default] Successfully bumped revision number for resource c632e4d5-7bc7-4253-879a-25c3a4e09e3b (type: security_groups) to 1
2026-06-16 02:25:02.628 8 INFO neutron.db.ovn_revision_numbers_db [None req-f97d1db1-edd2-44d0-b7c7-cede626347a3 032cd43bb29e417a88c0c1a1cec2ef01 16127bffa9f442c09090589db22ef135 - - default default] Successfully bumped revision number for resource bf60fccf-7d2b-44c7-8c6c-a7f093f2411a (type: security_group_rules) to 0
2026-06-16 02:25:02.640 8 INFO neutron.db.ovn_revision_numbers_db [None req-f97d1db1-edd2-44d0-b7c7-cede626347a3 032cd43bb29e417a88c0c1a1cec2ef01 16127bffa9f442c09090589db22ef135 - - default default] Successfully bumped revision number for resource d439b4aa-d03a-4b46-beaf-15072d47b7de (type: security_group_rules) to 0
2026-06-16 02:25:02.655 8 INFO neutron.db.ovn_revision_numbers_db [None req-f97d1db1-edd2-44d0-b7c7-cede626347a3 032cd43bb29e417a88c0c1a1cec2ef01 16127bffa9f442c09090589db22ef135 - - default default] Successfully bumped revision number for resource e0ea3c72-37ea-4586-9a94-f332573da529 (type: security_group_rules) to 0
