2026-06-16 02:21:03.358 8 INFO cinder.api.openstack.wsgi [None req-aa21ba4e-242d-460a-9dee-87f4d85094f0 032cd43bb29e417a88c0c1a1cec2ef01 16127bffa9f442c09090589db22ef135 - - default default] GET http://10.0.0.144:8776/
2026-06-16 02:21:03.359 7 INFO cinder.api.openstack.wsgi [None req-8f1a5e72-558c-4c17-9085-5450b8dc1af6 032cd43bb29e417a88c0c1a1cec2ef01 16127bffa9f442c09090589db22ef135 - - default default] http://10.0.0.144:8776/ returned with HTTP 300
2026-06-16 02:21:03.359 8 INFO cinder.api.openstack.wsgi [None req-aa21ba4e-242d-460a-9dee-87f4d85094f0 032cd43bb29e417a88c0c1a1cec2ef01 16127bffa9f442c09090589db22ef135 - - default default] http://10.0.0.144:8776/ returned with HTTP 300
2026-06-16 02:21:13.358 7 INFO cinder.api.openstack.wsgi [None req-8f1a5e72-558c-4c17-9085-5450b8dc1af6 032cd43bb29e417a88c0c1a1cec2ef01 16127bffa9f442c09090589db22ef135 - - default default] GET http://10.0.0.144:8776/
2026-06-16 02:21:13.358 8 INFO cinder.api.openstack.wsgi [None req-aa21ba4e-242d-460a-9dee-87f4d85094f0 032cd43bb29e417a88c0c1a1cec2ef01 16127bffa9f442c09090589db22ef135 - - default default] GET http://10.0.0.144:8776/
2026-06-16 02:21:13.359 7 INFO cinder.api.openstack.wsgi [None req-8f1a5e72-558c-4c17-9085-5450b8dc1af6 032cd43bb29e417a88c0c1a1cec2ef01 16127bffa9f442c09090589db22ef135 - - default default] http://10.0.0.144:8776/ returned with HTTP 300
2026-06-16 02:21:13.359 8 INFO cinder.api.openstack.wsgi [None req-aa21ba4e-242d-460a-9dee-87f4d85094f0 032cd43bb29e417a88c0c1a1cec2ef01 16127bffa9f442c09090589db22ef135 - - default default] http://10.0.0.144:8776/ returned with HTTP 300
2026-06-16 02:21:23.358 7 INFO cinder.api.openstack.wsgi [None req-8f1a5e72-558c-4c17-9085-5450b8dc1af6 032cd43bb29e417a88c0c1a1cec2ef01 16127bffa9f442c09090589db22ef135 - - default default] GET http://10.0.0.144:8776/
2026-06-16 02:21:23.359 8 INFO cinder.api.openstack.wsgi [None req-aa21ba4e-242d-460a-9dee-87f4d85094f0 032cd43bb29e417a88c0c1a1cec2ef01 16127bffa9f442c09090589db22ef135 - - default default] GET http://10.0.0.144:8776/
2026-06-16 02:21:23.359 8 INFO cinder.api.openstack.wsgi [None req-aa21ba4e-242d-460a-9dee-87f4d85094f0 032cd43bb29e417a88c0c1a1cec2ef01 16127bffa9f442c09090589db22ef135 - - default default] http://10.0.0.144:8776/ returned with HTTP 300
2026-06-16 02:21:23.360 7 INFO cinder.api.openstack.wsgi [None req-8f1a5e72-558c-4c17-9085-5450b8dc1af6 032cd43bb29e417a88c0c1a1cec2ef01 16127bffa9f442c09090589db22ef135 - - default default] http://10.0.0.144:8776/ returned with HTTP 300
2026-06-16 02:21:33.358 7 INFO cinder.api.openstack.wsgi [None req-8f1a5e72-558c-4c17-9085-5450b8dc1af6 032cd43bb29e417a88c0c1a1cec2ef01 16127bffa9f442c09090589db22ef135 - - default default] GET http://10.0.0.144:8776/
2026-06-16 02:21:33.359 8 INFO cinder.api.openstack.wsgi [None req-aa21ba4e-242d-460a-9dee-87f4d85094f0 032cd43bb29e417a88c0c1a1cec2ef01 16127bffa9f442c09090589db22ef135 - - default default] GET http://10.0.0.144:8776/
2026-06-16 02:21:33.360 7 INFO cinder.api.openstack.wsgi [None req-8f1a5e72-558c-4c17-9085-5450b8dc1af6 032cd43bb29e417a88c0c1a1cec2ef01 16127bffa9f442c09090589db22ef135 - - default default] http://10.0.0.144:8776/ returned with HTTP 300
2026-06-16 02:21:33.361 8 INFO cinder.api.openstack.wsgi [None req-aa21ba4e-242d-460a-9dee-87f4d85094f0 032cd43bb29e417a88c0c1a1cec2ef01 16127bffa9f442c09090589db22ef135 - - default default] http://10.0.0.144:8776/ returned with HTTP 300
2026-06-16 02:21:34.105 7 INFO cinder.api.openstack.wsgi [None req-4ce57b36-416a-442c-aea8-fb4a1a179e73 032cd43bb29e417a88c0c1a1cec2ef01 16127bffa9f442c09090589db22ef135 - - default default] GET http://cinder-api.openstack.svc.cluster.local:8776/v3/16127bffa9f442c09090589db22ef135/scheduler-stats/get_pools?detail=true
2026-06-16 02:21:34.143 8 INFO cinder.api.openstack.wsgi [None req-a4e89cea-fa76-4564-a3c3-bf38a0d271d6 032cd43bb29e417a88c0c1a1cec2ef01 16127bffa9f442c09090589db22ef135 - - default default] POST http://cinder-api.openstack.svc.cluster.local:8776/v3/16127bffa9f442c09090589db22ef135/volumes
2026-06-16 02:21:34.329 8 INFO cinder.api.v3.volumes [None req-a4e89cea-fa76-4564-a3c3-bf38a0d271d6 032cd43bb29e417a88c0c1a1cec2ef01 16127bffa9f442c09090589db22ef135 - - default default] Create volume of 16 GB
2026-06-16 02:21:34.335 8 INFO cinder.volume.api [None req-a4e89cea-fa76-4564-a3c3-bf38a0d271d6 032cd43bb29e417a88c0c1a1cec2ef01 16127bffa9f442c09090589db22ef135 - - default default] Availability Zones retrieved successfully.
2026-06-16 02:21:34.537 8 INFO cinder.volume.api [None req-a4e89cea-fa76-4564-a3c3-bf38a0d271d6 032cd43bb29e417a88c0c1a1cec2ef01 16127bffa9f442c09090589db22ef135 - - default default] Create volume request issued successfully.
2026-06-16 02:21:34.538 8 INFO cinder.api.openstack.wsgi [None req-a4e89cea-fa76-4564-a3c3-bf38a0d271d6 032cd43bb29e417a88c0c1a1cec2ef01 16127bffa9f442c09090589db22ef135 - - default default] http://cinder-api.openstack.svc.cluster.local:8776/v3/16127bffa9f442c09090589db22ef135/volumes returned with HTTP 202 [pid: 8|app: 0|req: 455/906] 199.204.45.235 () {34 vars in 734 bytes} [Tue Jun 16 02:21:34 2026] POST /v3/16127bffa9f442c09090589db22ef135/volumes => generated 846 bytes in 442 msecs (HTTP/1.1 202) 7 headers in 291 bytes (1 switches on core 0) /var/lib/openstack/lib/python3.12/site-packages/pycadf/identifier.py:70: UserWarning: Invalid uuid: cinderv3. To ensure interoperability, identifiers should be a valid uuid. warnings.warn(('Invalid uuid: %s. To ensure interoperability, '
2026-06-16 02:21:34.549 8 INFO cinder.api.openstack.wsgi [req-a4e89cea-fa76-4564-a3c3-bf38a0d271d6 req-526a1247-832e-4752-a086-c3f73191a877 032cd43bb29e417a88c0c1a1cec2ef01 16127bffa9f442c09090589db22ef135 - - default default] GET http://cinder-api.openstack.svc.cluster.local:8776/v3/16127bffa9f442c09090589db22ef135/volumes/19855b96-e655-48f1-b968-2c5cc6db597b /var/lib/openstack/lib/python3.12/site-packages/oslo_context/context.py:101: DeprecationWarning: Policy enforcement is depending on the value of is_admin. This key is deprecated. Please update your policy file to use the standard policy values. warnings.warn(
2026-06-16 02:21:34.571 8 INFO cinder.volume.api [req-a4e89cea-fa76-4564-a3c3-bf38a0d271d6 req-526a1247-832e-4752-a086-c3f73191a877 032cd43bb29e417a88c0c1a1cec2ef01 16127bffa9f442c09090589db22ef135 - - default default] Volume info retrieved successfully.
2026-06-16 02:21:34.575 8 INFO cinder.api.openstack.wsgi [req-a4e89cea-fa76-4564-a3c3-bf38a0d271d6 req-526a1247-832e-4752-a086-c3f73191a877 032cd43bb29e417a88c0c1a1cec2ef01 16127bffa9f442c09090589db22ef135 - - default default] http://cinder-api.openstack.svc.cluster.local:8776/v3/16127bffa9f442c09090589db22ef135/volumes/19855b96-e655-48f1-b968-2c5cc6db597b returned with HTTP 200 [pid: 8|app: 0|req: 456/907] 199.204.45.235 () {32 vars in 825 bytes} [Tue Jun 16 02:21:34 2026] GET /v3/16127bffa9f442c09090589db22ef135/volumes/19855b96-e655-48f1-b968-2c5cc6db597b => generated 1025 bytes in 30 msecs (HTTP/1.1 200) 7 headers in 286 bytes (1 switches on core 0)
2026-06-16 02:21:34.609 7 INFO cinder.api.openstack.wsgi [None req-4ce57b36-416a-442c-aea8-fb4a1a179e73 032cd43bb29e417a88c0c1a1cec2ef01 16127bffa9f442c09090589db22ef135 - - default default] http://cinder-api.openstack.svc.cluster.local:8776/v3/16127bffa9f442c09090589db22ef135/scheduler-stats/get_pools?detail=true returned with HTTP 200 [pid: 7|app: 0|req: 452/908] 10.0.0.203 () {28 vars in 696 bytes} [Tue Jun 16 02:21:33 2026] GET /v3/16127bffa9f442c09090589db22ef135/scheduler-stats/get_pools?detail=true => generated 670 bytes in 731 msecs (HTTP/1.1 200) 7 headers in 285 bytes (1 switches on core 0) /var/lib/openstack/lib/python3.12/site-packages/pycadf/identifier.py:70: UserWarning: Invalid uuid: cinderv3. To ensure interoperability, identifiers should be a valid uuid. warnings.warn(('Invalid uuid: %s. To ensure interoperability, '
2026-06-16 02:21:34.723 8 INFO cinder.api.openstack.wsgi [None req-5cd88cda-ad63-406e-a098-ea80ab80ce2c 032cd43bb29e417a88c0c1a1cec2ef01 16127bffa9f442c09090589db22ef135 - - default default] GET http://cinder-api.openstack.svc.cluster.local:8776/v3/16127bffa9f442c09090589db22ef135/os-quota-sets/001b34a8d47742639f068663a3f8e6ef?usage=true
2026-06-16 02:21:34.745 8 INFO cinder.api.openstack.wsgi [None req-5cd88cda-ad63-406e-a098-ea80ab80ce2c 032cd43bb29e417a88c0c1a1cec2ef01 16127bffa9f442c09090589db22ef135 - - default default] http://cinder-api.openstack.svc.cluster.local:8776/v3/16127bffa9f442c09090589db22ef135/os-quota-sets/001b34a8d47742639f068663a3f8e6ef?usage=true returned with HTTP 200 [pid: 8|app: 0|req: 457/909] 10.0.0.203 () {28 vars in 736 bytes} [Tue Jun 16 02:21:34 2026] GET /v3/16127bffa9f442c09090589db22ef135/os-quota-sets/001b34a8d47742639f068663a3f8e6ef?usage=true => generated 847 bytes in 30 msecs (HTTP/1.1 200) 7 headers in 285 bytes (1 switches on core 0)
2026-06-16 02:21:34.766 7 INFO cinder.api.openstack.wsgi [None req-63fd98a4-199c-46f4-a5c7-01c4ef90f840 032cd43bb29e417a88c0c1a1cec2ef01 16127bffa9f442c09090589db22ef135 - - default default] GET http://cinder-api.openstack.svc.cluster.local:8776/v3/16127bffa9f442c09090589db22ef135/os-quota-sets/0eae9032437b4fb3999856620180d787?usage=true
2026-06-16 02:21:34.786 7 INFO cinder.api.openstack.wsgi [None req-63fd98a4-199c-46f4-a5c7-01c4ef90f840 032cd43bb29e417a88c0c1a1cec2ef01 16127bffa9f442c09090589db22ef135 - - default default] http://cinder-api.openstack.svc.cluster.local:8776/v3/16127bffa9f442c09090589db22ef135/os-quota-sets/0eae9032437b4fb3999856620180d787?usage=true returned with HTTP 200 [pid: 7|app: 0|req: 453/910] 10.0.0.203 () {28 vars in 736 bytes} [Tue Jun 16 02:21:34 2026] GET /v3/16127bffa9f442c09090589db22ef135/os-quota-sets/0eae9032437b4fb3999856620180d787?usage=true => generated 847 bytes in 28 msecs (HTTP/1.1 200) 7 headers in 285 bytes (1 switches on core 0)
2026-06-16 02:21:34.799 8 INFO cinder.api.openstack.wsgi [None req-9e336ab1-2ef6-405e-9f84-ab42afcff17f 032cd43bb29e417a88c0c1a1cec2ef01 16127bffa9f442c09090589db22ef135 - - default default] GET http://cinder-api.openstack.svc.cluster.local:8776/v3/16127bffa9f442c09090589db22ef135/os-quota-sets/16127bffa9f442c09090589db22ef135?usage=true
2026-06-16 02:21:34.825 8 INFO cinder.api.openstack.wsgi [None req-9e336ab1-2ef6-405e-9f84-ab42afcff17f 032cd43bb29e417a88c0c1a1cec2ef01 16127bffa9f442c09090589db22ef135 - - default default] http://cinder-api.openstack.svc.cluster.local:8776/v3/16127bffa9f442c09090589db22ef135/os-quota-sets/16127bffa9f442c09090589db22ef135?usage=true returned with HTTP 200 [pid: 8|app: 0|req: 458/911] 10.0.0.203 () {28 vars in 736 bytes} [Tue Jun 16 02:21:34 2026] GET /v3/16127bffa9f442c09090589db22ef135/os-quota-sets/16127bffa9f442c09090589db22ef135?usage=true => generated 847 bytes in 33 msecs (HTTP/1.1 200) 7 headers in 285 bytes (1 switches on core 0)
2026-06-16 02:21:34.838 7 INFO cinder.api.openstack.wsgi [None req-ec09208a-08c5-4069-84e2-18b6db9300de 032cd43bb29e417a88c0c1a1cec2ef01 16127bffa9f442c09090589db22ef135 - - default default] GET http://cinder-api.openstack.svc.cluster.local:8776/v3/16127bffa9f442c09090589db22ef135/os-quota-sets/3406a4df506e41ae857c158ab66cbdf8?usage=true
2026-06-16 02:21:34.860 7 INFO cinder.api.openstack.wsgi [None req-ec09208a-08c5-4069-84e2-18b6db9300de 032cd43bb29e417a88c0c1a1cec2ef01 16127bffa9f442c09090589db22ef135 - - default default] http://cinder-api.openstack.svc.cluster.local:8776/v3/16127bffa9f442c09090589db22ef135/os-quota-sets/3406a4df506e41ae857c158ab66cbdf8?usage=true returned with HTTP 200 [pid: 7|app: 0|req: 454/912] 10.0.0.203 () {28 vars in 736 bytes} [Tue Jun 16 02:21:34 2026] GET /v3/16127bffa9f442c09090589db22ef135/os-quota-sets/3406a4df506e41ae857c158ab66cbdf8?usage=true => generated 847 bytes in 31 msecs (HTTP/1.1 200) 7 headers in 285 bytes (1 switches on core 0)
2026-06-16 02:21:34.871 8 INFO cinder.api.openstack.wsgi [None req-acb38363-e32c-4f83-aa6a-f5b77aca9248 032cd43bb29e417a88c0c1a1cec2ef01 16127bffa9f442c09090589db22ef135 - - default default] GET http://cinder-api.openstack.svc.cluster.local:8776/v3/16127bffa9f442c09090589db22ef135/os-quota-sets/464daff762114eafa502e4ddc7e01c76?usage=true
2026-06-16 02:21:34.889 8 INFO cinder.api.openstack.wsgi [None req-acb38363-e32c-4f83-aa6a-f5b77aca9248 032cd43bb29e417a88c0c1a1cec2ef01 16127bffa9f442c09090589db22ef135 - - default default] http://cinder-api.openstack.svc.cluster.local:8776/v3/16127bffa9f442c09090589db22ef135/os-quota-sets/464daff762114eafa502e4ddc7e01c76?usage=true returned with HTTP 200 [pid: 8|app: 0|req: 459/913] 10.0.0.203 () {28 vars in 736 bytes} [Tue Jun 16 02:21:34 2026] GET /v3/16127bffa9f442c09090589db22ef135/os-quota-sets/464daff762114eafa502e4ddc7e01c76?usage=true => generated 847 bytes in 26 msecs (HTTP/1.1 200) 7 headers in 285 bytes (1 switches on core 0)
2026-06-16 02:21:34.901 7 INFO cinder.api.openstack.wsgi [None req-0e4c1254-4bd0-4fe3-b426-a76c87dec0f2 032cd43bb29e417a88c0c1a1cec2ef01 16127bffa9f442c09090589db22ef135 - - default default] GET http://cinder-api.openstack.svc.cluster.local:8776/v3/16127bffa9f442c09090589db22ef135/os-quota-sets/68c7791d4b2c455da129ebda4c26ba15?usage=true
2026-06-16 02:21:34.922 7 INFO cinder.api.openstack.wsgi [None req-0e4c1254-4bd0-4fe3-b426-a76c87dec0f2 032cd43bb29e417a88c0c1a1cec2ef01 16127bffa9f442c09090589db22ef135 - - default default] http://cinder-api.openstack.svc.cluster.local:8776/v3/16127bffa9f442c09090589db22ef135/os-quota-sets/68c7791d4b2c455da129ebda4c26ba15?usage=true returned with HTTP 200 [pid: 7|app: 0|req: 455/914] 10.0.0.203 () {28 vars in 736 bytes} [Tue Jun 16 02:21:34 2026] GET /v3/16127bffa9f442c09090589db22ef135/os-quota-sets/68c7791d4b2c455da129ebda4c26ba15?usage=true => generated 847 bytes in 29 msecs (HTTP/1.1 200) 7 headers in 285 bytes (1 switches on core 0)
2026-06-16 02:21:34.934 8 INFO cinder.api.openstack.wsgi [None req-ec1dfdc1-2cd1-4a7e-b2fe-ed65551d560e 032cd43bb29e417a88c0c1a1cec2ef01 16127bffa9f442c09090589db22ef135 - - default default] GET http://cinder-api.openstack.svc.cluster.local:8776/v3/16127bffa9f442c09090589db22ef135/os-quota-sets/70d833d349d24a32a43327275e8f582d?usage=true
2026-06-16 02:21:34.958 8 INFO cinder.api.openstack.wsgi [None req-ec1dfdc1-2cd1-4a7e-b2fe-ed65551d560e 032cd43bb29e417a88c0c1a1cec2ef01 16127bffa9f442c09090589db22ef135 - - default default] http://cinder-api.openstack.svc.cluster.local:8776/v3/16127bffa9f442c09090589db22ef135/os-quota-sets/70d833d349d24a32a43327275e8f582d?usage=true returned with HTTP 200 [pid: 8|app: 0|req: 460/915] 10.0.0.203 () {28 vars in 736 bytes} [Tue Jun 16 02:21:34 2026] GET /v3/16127bffa9f442c09090589db22ef135/os-quota-sets/70d833d349d24a32a43327275e8f582d?usage=true => generated 845 bytes in 32 msecs (HTTP/1.1 200) 7 headers in 285 bytes (1 switches on core 0)
2026-06-16 02:21:34.969 7 INFO cinder.api.openstack.wsgi [None req-af4ed80c-f862-4404-8c4b-241b6ff7b2d7 032cd43bb29e417a88c0c1a1cec2ef01 16127bffa9f442c09090589db22ef135 - - default default] GET http://cinder-api.openstack.svc.cluster.local:8776/v3/16127bffa9f442c09090589db22ef135/os-quota-sets/8cfeff145c81453ea5ed73d8cef0cab7?usage=true
2026-06-16 02:21:35.001 7 INFO cinder.api.openstack.wsgi [None req-af4ed80c-f862-4404-8c4b-241b6ff7b2d7 032cd43bb29e417a88c0c1a1cec2ef01 16127bffa9f442c09090589db22ef135 - - default default] http://cinder-api.openstack.svc.cluster.local:8776/v3/16127bffa9f442c09090589db22ef135/os-quota-sets/8cfeff145c81453ea5ed73d8cef0cab7?usage=true returned with HTTP 200 [pid: 7|app: 0|req: 456/916] 10.0.0.203 () {28 vars in 736 bytes} [Tue Jun 16 02:21:34 2026] GET /v3/16127bffa9f442c09090589db22ef135/os-quota-sets/8cfeff145c81453ea5ed73d8cef0cab7?usage=true => generated 847 bytes in 39 msecs (HTTP/1.1 200) 7 headers in 285 bytes (1 switches on core 0)
2026-06-16 02:21:35.011 8 INFO cinder.api.openstack.wsgi [None req-6f44f5db-5c4b-4dcb-98e7-abdf789f7948 032cd43bb29e417a88c0c1a1cec2ef01 16127bffa9f442c09090589db22ef135 - - default default] GET http://cinder-api.openstack.svc.cluster.local:8776/v3/16127bffa9f442c09090589db22ef135/os-quota-sets/9168ee8f9b854464b6a598b0e2348788?usage=true
2026-06-16 02:21:35.026 8 INFO cinder.api.openstack.wsgi [None req-6f44f5db-5c4b-4dcb-98e7-abdf789f7948 032cd43bb29e417a88c0c1a1cec2ef01 16127bffa9f442c09090589db22ef135 - - default default] http://cinder-api.openstack.svc.cluster.local:8776/v3/16127bffa9f442c09090589db22ef135/os-quota-sets/9168ee8f9b854464b6a598b0e2348788?usage=true returned with HTTP 200 [pid: 8|app: 0|req: 461/917] 10.0.0.203 () {28 vars in 736 bytes} [Tue Jun 16 02:21:35 2026] GET /v3/16127bffa9f442c09090589db22ef135/os-quota-sets/9168ee8f9b854464b6a598b0e2348788?usage=true => generated 847 bytes in 21 msecs (HTTP/1.1 200) 7 headers in 285 bytes (1 switches on core 0)
2026-06-16 02:21:35.036 7 INFO cinder.api.openstack.wsgi [None req-a3c90892-d5fe-4dd3-9ef3-7cc0799aeec6 032cd43bb29e417a88c0c1a1cec2ef01 16127bffa9f442c09090589db22ef135 - - default default] GET http://cinder-api.openstack.svc.cluster.local:8776/v3/16127bffa9f442c09090589db22ef135/os-quota-sets/f11403768cd247bfab1b1e45fd191075?usage=true
2026-06-16 02:21:35.056 7 INFO cinder.api.openstack.wsgi [None req-a3c90892-d5fe-4dd3-9ef3-7cc0799aeec6 032cd43bb29e417a88c0c1a1cec2ef01 16127bffa9f442c09090589db22ef135 - - default default] http://cinder-api.openstack.svc.cluster.local:8776/v3/16127bffa9f442c09090589db22ef135/os-quota-sets/f11403768cd247bfab1b1e45fd191075?usage=true returned with HTTP 200 [pid: 7|app: 0|req: 457/918] 10.0.0.203 () {28 vars in 736 bytes} [Tue Jun 16 02:21:35 2026] GET /v3/16127bffa9f442c09090589db22ef135/os-quota-sets/f11403768cd247bfab1b1e45fd191075?usage=true => generated 847 bytes in 27 msecs (HTTP/1.1 200) 7 headers in 285 bytes (1 switches on core 0)
2026-06-16 02:21:35.072 8 INFO cinder.api.openstack.wsgi [None req-cb56f900-5e95-488d-acda-780fb29f1a73 032cd43bb29e417a88c0c1a1cec2ef01 16127bffa9f442c09090589db22ef135 - - default default] GET http://cinder-api.openstack.svc.cluster.local:8776/v3/16127bffa9f442c09090589db22ef135/os-quota-sets/fad373e4f8d74cbab0a1dd6fa01deaae?usage=true
2026-06-16 02:21:35.091 8 INFO cinder.api.openstack.wsgi [None req-cb56f900-5e95-488d-acda-780fb29f1a73 032cd43bb29e417a88c0c1a1cec2ef01 16127bffa9f442c09090589db22ef135 - - default default] http://cinder-api.openstack.svc.cluster.local:8776/v3/16127bffa9f442c09090589db22ef135/os-quota-sets/fad373e4f8d74cbab0a1dd6fa01deaae?usage=true returned with HTTP 200 [pid: 8|app: 0|req: 462/919] 10.0.0.203 () {28 vars in 736 bytes} [Tue Jun 16 02:21:35 2026] GET /v3/16127bffa9f442c09090589db22ef135/os-quota-sets/fad373e4f8d74cbab0a1dd6fa01deaae?usage=true => generated 847 bytes in 31 msecs (HTTP/1.1 200) 7 headers in 285 bytes (1 switches on core 0)
2026-06-16 02:21:35.100 7 INFO cinder.api.openstack.wsgi [None req-b7798128-b453-4f34-93c2-ee37448e7c9e 032cd43bb29e417a88c0c1a1cec2ef01 16127bffa9f442c09090589db22ef135 - - default default] GET http://cinder-api.openstack.svc.cluster.local:8776/v3/16127bffa9f442c09090589db22ef135/volumes/detail?all_tenants=true
2026-06-16 02:21:35.109 7 INFO cinder.volume.api [None req-b7798128-b453-4f34-93c2-ee37448e7c9e 032cd43bb29e417a88c0c1a1cec2ef01 16127bffa9f442c09090589db22ef135 - - default default] Get all volumes completed successfully. /var/lib/openstack/lib/python3.12/site-packages/oslo_context/context.py:101: DeprecationWarning: Policy enforcement is depending on the value of is_admin. This key is deprecated. Please update your policy file to use the standard policy values. warnings.warn(
2026-06-16 02:21:35.112 7 INFO cinder.api.openstack.wsgi [None req-b7798128-b453-4f34-93c2-ee37448e7c9e 032cd43bb29e417a88c0c1a1cec2ef01 16127bffa9f442c09090589db22ef135 - - default default] http://cinder-api.openstack.svc.cluster.local:8776/v3/16127bffa9f442c09090589db22ef135/volumes/detail?all_tenants=true returned with HTTP 200 [pid: 7|app: 0|req: 458/920] 10.0.0.203 () {28 vars in 684 bytes} [Tue Jun 16 02:21:35 2026] GET /v3/16127bffa9f442c09090589db22ef135/volumes/detail?all_tenants=true => generated 1080 bytes in 16 msecs (HTTP/1.1 200) 7 headers in 286 bytes (1 switches on core 0)
2026-06-16 02:21:35.124 8 INFO cinder.api.openstack.wsgi [None req-b5d91cbc-0d98-4d72-b0dd-df37227e7809 032cd43bb29e417a88c0c1a1cec2ef01 16127bffa9f442c09090589db22ef135 - - default default] GET http://cinder-api.openstack.svc.cluster.local:8776/v3/16127bffa9f442c09090589db22ef135/volumes/detail?all_tenants=true
2026-06-16 02:21:35.133 8 INFO cinder.volume.api [None req-b5d91cbc-0d98-4d72-b0dd-df37227e7809 032cd43bb29e417a88c0c1a1cec2ef01 16127bffa9f442c09090589db22ef135 - - default default] Get all volumes completed successfully. /var/lib/openstack/lib/python3.12/site-packages/oslo_context/context.py:101: DeprecationWarning: Policy enforcement is depending on the value of is_admin. This key is deprecated. Please update your policy file to use the standard policy values. warnings.warn(
2026-06-16 02:21:35.140 8 INFO cinder.api.openstack.wsgi [None req-b5d91cbc-0d98-4d72-b0dd-df37227e7809 032cd43bb29e417a88c0c1a1cec2ef01 16127bffa9f442c09090589db22ef135 - - default default] http://cinder-api.openstack.svc.cluster.local:8776/v3/16127bffa9f442c09090589db22ef135/volumes/detail?all_tenants=true returned with HTTP 200 [pid: 8|app: 0|req: 463/921] 10.0.0.203 () {28 vars in 684 bytes} [Tue Jun 16 02:21:35 2026] GET /v3/16127bffa9f442c09090589db22ef135/volumes/detail?all_tenants=true => generated 1080 bytes in 22 msecs (HTTP/1.1 200) 7 headers in 286 bytes (1 switches on core 0) /var/lib/openstack/lib/python3.12/site-packages/pycadf/identifier.py:70: UserWarning: Invalid uuid: cinderv3. To ensure interoperability, identifiers should be a valid uuid. warnings.warn(('Invalid uuid: %s. To ensure interoperability, '
2026-06-16 02:21:35.147 7 INFO cinder.api.openstack.wsgi [None req-27d2311f-4810-480a-8818-13aa6e63e9ac 032cd43bb29e417a88c0c1a1cec2ef01 16127bffa9f442c09090589db22ef135 - - default default] GET http://cinder-api.openstack.svc.cluster.local:8776/v3/16127bffa9f442c09090589db22ef135/snapshots?all_tenants=true
2026-06-16 02:21:35.152 7 INFO cinder.volume.api [None req-27d2311f-4810-480a-8818-13aa6e63e9ac 032cd43bb29e417a88c0c1a1cec2ef01 16127bffa9f442c09090589db22ef135 - - default default] Get all snapshots completed successfully.
2026-06-16 02:21:35.153 7 INFO cinder.api.openstack.wsgi [None req-27d2311f-4810-480a-8818-13aa6e63e9ac 032cd43bb29e417a88c0c1a1cec2ef01 16127bffa9f442c09090589db22ef135 - - default default] http://cinder-api.openstack.svc.cluster.local:8776/v3/16127bffa9f442c09090589db22ef135/snapshots?all_tenants=true returned with HTTP 200 [pid: 7|app: 0|req: 459/922] 10.0.0.203 () {28 vars in 674 bytes} [Tue Jun 16 02:21:35 2026] GET /v3/16127bffa9f442c09090589db22ef135/snapshots?all_tenants=true => generated 17 bytes in 9 msecs (HTTP/1.1 200) 7 headers in 284 bytes (1 switches on core 0) /var/lib/openstack/lib/python3.12/site-packages/pycadf/identifier.py:70: UserWarning: Invalid uuid: cinderv3. To ensure interoperability, identifiers should be a valid uuid. warnings.warn(('Invalid uuid: %s. To ensure interoperability, '
2026-06-16 02:21:35.164 8 INFO cinder.api.openstack.wsgi [None req-fc8eaf21-fe81-45f9-8555-67e598a95239 032cd43bb29e417a88c0c1a1cec2ef01 16127bffa9f442c09090589db22ef135 - - default default] GET http://cinder-api.openstack.svc.cluster.local:8776/v3/16127bffa9f442c09090589db22ef135/os-services
2026-06-16 02:21:35.171 8 INFO cinder.api.openstack.wsgi [None req-fc8eaf21-fe81-45f9-8555-67e598a95239 032cd43bb29e417a88c0c1a1cec2ef01 16127bffa9f442c09090589db22ef135 - - default default] http://cinder-api.openstack.svc.cluster.local:8776/v3/16127bffa9f442c09090589db22ef135/os-services returned with HTTP 200 [pid: 8|app: 0|req: 464/923] 10.0.0.203 () {28 vars in 645 bytes} [Tue Jun 16 02:21:35 2026] GET /v3/16127bffa9f442c09090589db22ef135/os-services => generated 646 bytes in 15 msecs (HTTP/1.1 200) 7 headers in 285 bytes (1 switches on core 0)
2026-06-16 02:21:39.592 7 INFO cinder.api.openstack.wsgi [req-a4e89cea-fa76-4564-a3c3-bf38a0d271d6 req-1d52d3eb-5696-48f6-9f8a-624109a0391d 032cd43bb29e417a88c0c1a1cec2ef01 16127bffa9f442c09090589db22ef135 - - default default] GET http://cinder-api.openstack.svc.cluster.local:8776/v3/16127bffa9f442c09090589db22ef135/volumes/19855b96-e655-48f1-b968-2c5cc6db597b /var/lib/openstack/lib/python3.12/site-packages/oslo_context/context.py:101: DeprecationWarning: Policy enforcement is depending on the value of is_admin. This key is deprecated. Please update your policy file to use the standard policy values. warnings.warn(
2026-06-16 02:21:39.633 7 INFO cinder.volume.api [req-a4e89cea-fa76-4564-a3c3-bf38a0d271d6 req-1d52d3eb-5696-48f6-9f8a-624109a0391d 032cd43bb29e417a88c0c1a1cec2ef01 16127bffa9f442c09090589db22ef135 - - default default] Volume info retrieved successfully.
2026-06-16 02:21:39.639 7 INFO cinder.api.openstack.wsgi [req-a4e89cea-fa76-4564-a3c3-bf38a0d271d6 req-1d52d3eb-5696-48f6-9f8a-624109a0391d 032cd43bb29e417a88c0c1a1cec2ef01 16127bffa9f442c09090589db22ef135 - - default default] http://cinder-api.openstack.svc.cluster.local:8776/v3/16127bffa9f442c09090589db22ef135/volumes/19855b96-e655-48f1-b968-2c5cc6db597b returned with HTTP 200 [pid: 7|app: 0|req: 460/924] 199.204.45.235 () {32 vars in 825 bytes} [Tue Jun 16 02:21:39 2026] GET /v3/16127bffa9f442c09090589db22ef135/volumes/19855b96-e655-48f1-b968-2c5cc6db597b => generated 1675 bytes in 55 msecs (HTTP/1.1 200) 7 headers in 286 bytes (1 switches on core 0)
2026-06-16 02:21:40.100 8 INFO cinder.api.openstack.wsgi [req-28a3cea7-bdbe-4f22-b647-b79d74c125a1 req-7829ed3f-2bed-47ea-bd57-cf7f657cb92b 032cd43bb29e417a88c0c1a1cec2ef01 16127bffa9f442c09090589db22ef135 - - default default] GET http://cinder-api.openstack.svc.cluster.local:8776/v3/16127bffa9f442c09090589db22ef135/volumes/19855b96-e655-48f1-b968-2c5cc6db597b /var/lib/openstack/lib/python3.12/site-packages/oslo_context/context.py:101: DeprecationWarning: Policy enforcement is depending on the value of is_admin. This key is deprecated. Please update your policy file to use the standard policy values. warnings.warn(
2026-06-16 02:21:40.117 8 INFO cinder.volume.api [req-28a3cea7-bdbe-4f22-b647-b79d74c125a1 req-7829ed3f-2bed-47ea-bd57-cf7f657cb92b 032cd43bb29e417a88c0c1a1cec2ef01 16127bffa9f442c09090589db22ef135 - - default default] Volume info retrieved successfully.
2026-06-16 02:21:40.124 8 INFO cinder.api.openstack.wsgi [req-28a3cea7-bdbe-4f22-b647-b79d74c125a1 req-7829ed3f-2bed-47ea-bd57-cf7f657cb92b 032cd43bb29e417a88c0c1a1cec2ef01 16127bffa9f442c09090589db22ef135 - - default default] http://cinder-api.openstack.svc.cluster.local:8776/v3/16127bffa9f442c09090589db22ef135/volumes/19855b96-e655-48f1-b968-2c5cc6db597b returned with HTTP 200 [pid: 8|app: 0|req: 465/925] 10.0.0.232 () {34 vars in 1028 bytes} [Tue Jun 16 02:21:40 2026] GET /v3/16127bffa9f442c09090589db22ef135/volumes/19855b96-e655-48f1-b968-2c5cc6db597b => generated 1675 bytes in 31 msecs (HTTP/1.1 200) 7 headers in 286 bytes (1 switches on core 0) /var/lib/openstack/lib/python3.12/site-packages/pycadf/identifier.py:70: UserWarning: Invalid uuid: cinderv3. To ensure interoperability, identifiers should be a valid uuid. warnings.warn(('Invalid uuid: %s. To ensure interoperability, '
2026-06-16 02:21:40.519 7 INFO cinder.api.openstack.wsgi [req-28a3cea7-bdbe-4f22-b647-b79d74c125a1 req-1f4990ae-0e72-42f0-a154-827cf972d115 032cd43bb29e417a88c0c1a1cec2ef01 16127bffa9f442c09090589db22ef135 - - default default] GET http://cinder-api.openstack.svc.cluster.local:8776/v3/16127bffa9f442c09090589db22ef135/volumes/19855b96-e655-48f1-b968-2c5cc6db597b /var/lib/openstack/lib/python3.12/site-packages/oslo_context/context.py:101: DeprecationWarning: Policy enforcement is depending on the value of is_admin. This key is deprecated. Please update your policy file to use the standard policy values. warnings.warn(
2026-06-16 02:21:40.532 7 INFO cinder.volume.api [req-28a3cea7-bdbe-4f22-b647-b79d74c125a1 req-1f4990ae-0e72-42f0-a154-827cf972d115 032cd43bb29e417a88c0c1a1cec2ef01 16127bffa9f442c09090589db22ef135 - - default default] Volume info retrieved successfully.
2026-06-16 02:21:40.539 7 INFO cinder.api.openstack.wsgi [req-28a3cea7-bdbe-4f22-b647-b79d74c125a1 req-1f4990ae-0e72-42f0-a154-827cf972d115 032cd43bb29e417a88c0c1a1cec2ef01 16127bffa9f442c09090589db22ef135 - - default default] http://cinder-api.openstack.svc.cluster.local:8776/v3/16127bffa9f442c09090589db22ef135/volumes/19855b96-e655-48f1-b968-2c5cc6db597b returned with HTTP 200 [pid: 7|app: 0|req: 461/926] 10.0.0.232 () {34 vars in 1028 bytes} [Tue Jun 16 02:21:40 2026] GET /v3/16127bffa9f442c09090589db22ef135/volumes/19855b96-e655-48f1-b968-2c5cc6db597b => generated 1675 bytes in 26 msecs (HTTP/1.1 200) 7 headers in 286 bytes (1 switches on core 0)
2026-06-16 02:21:40.549 8 INFO cinder.api.openstack.wsgi [req-28a3cea7-bdbe-4f22-b647-b79d74c125a1 req-7829ed3f-2bed-47ea-bd57-cf7f657cb92b 032cd43bb29e417a88c0c1a1cec2ef01 16127bffa9f442c09090589db22ef135 - - default default] GET http://cinder-api.openstack.svc.cluster.local:8776/
2026-06-16 02:21:40.549 8 INFO cinder.api.openstack.wsgi [req-28a3cea7-bdbe-4f22-b647-b79d74c125a1 req-7829ed3f-2bed-47ea-bd57-cf7f657cb92b 032cd43bb29e417a88c0c1a1cec2ef01 16127bffa9f442c09090589db22ef135 - - default default] http://cinder-api.openstack.svc.cluster.local:8776/ returned with HTTP 300 [pid: 8|app: 0|req: 466/927] 10.0.0.232 () {32 vars in 829 bytes} [Tue Jun 16 02:21:40 2026] GET / => generated 411 bytes in 2 msecs (HTTP/1.1 300) 5 headers in 169 bytes (1 switches on core 0) /var/lib/openstack/lib/python3.12/site-packages/pycadf/identifier.py:70: UserWarning: Invalid uuid: cinderv3. To ensure interoperability, identifiers should be a valid uuid. warnings.warn(('Invalid uuid: %s. To ensure interoperability, '
2026-06-16 02:21:40.563 7 INFO cinder.api.openstack.wsgi [req-28a3cea7-bdbe-4f22-b647-b79d74c125a1 req-9ba43573-059c-477f-9740-c10ecc822689 032cd43bb29e417a88c0c1a1cec2ef01 16127bffa9f442c09090589db22ef135 - - default default] POST http://cinder-api.openstack.svc.cluster.local:8776/v3/16127bffa9f442c09090589db22ef135/attachments /var/lib/openstack/lib/python3.12/site-packages/oslo_context/context.py:101: DeprecationWarning: Policy enforcement is depending on the value of is_admin. This key is deprecated. Please update your policy file to use the standard policy values. warnings.warn(
2026-06-16 02:21:40.620 7 INFO cinder.api.openstack.wsgi [req-28a3cea7-bdbe-4f22-b647-b79d74c125a1 req-9ba43573-059c-477f-9740-c10ecc822689 032cd43bb29e417a88c0c1a1cec2ef01 16127bffa9f442c09090589db22ef135 - - default default] http://cinder-api.openstack.svc.cluster.local:8776/v3/16127bffa9f442c09090589db22ef135/attachments returned with HTTP 200 [pid: 7|app: 0|req: 462/928] 10.0.0.232 () {40 vars in 1057 bytes} [Tue Jun 16 02:21:40 2026] POST /v3/16127bffa9f442c09090589db22ef135/attachments => generated 273 bytes in 64 msecs (HTTP/1.1 200) 7 headers in 286 bytes (1 switches on core 0)
2026-06-16 02:21:43.358 7 INFO cinder.api.openstack.wsgi [req-28a3cea7-bdbe-4f22-b647-b79d74c125a1 req-9ba43573-059c-477f-9740-c10ecc822689 032cd43bb29e417a88c0c1a1cec2ef01 16127bffa9f442c09090589db22ef135 - - default default] GET http://10.0.0.144:8776/
2026-06-16 02:21:43.358 8 INFO cinder.api.openstack.wsgi [req-28a3cea7-bdbe-4f22-b647-b79d74c125a1 req-7829ed3f-2bed-47ea-bd57-cf7f657cb92b 032cd43bb29e417a88c0c1a1cec2ef01 16127bffa9f442c09090589db22ef135 - - default default] GET http://10.0.0.144:8776/
2026-06-16 02:21:43.359 7 INFO cinder.api.openstack.wsgi [req-28a3cea7-bdbe-4f22-b647-b79d74c125a1 req-9ba43573-059c-477f-9740-c10ecc822689 032cd43bb29e417a88c0c1a1cec2ef01 16127bffa9f442c09090589db22ef135 - - default default] http://10.0.0.144:8776/ returned with HTTP 300
2026-06-16 02:21:43.360 8 INFO cinder.api.openstack.wsgi [req-28a3cea7-bdbe-4f22-b647-b79d74c125a1 req-7829ed3f-2bed-47ea-bd57-cf7f657cb92b 032cd43bb29e417a88c0c1a1cec2ef01 16127bffa9f442c09090589db22ef135 - - default default] http://10.0.0.144:8776/ returned with HTTP 300 /var/lib/openstack/lib/python3.12/site-packages/pycadf/identifier.py:70: UserWarning: Invalid uuid: cinderv3. To ensure interoperability, identifiers should be a valid uuid. warnings.warn(('Invalid uuid: %s. To ensure interoperability, '
2026-06-16 02:21:43.958 7 INFO cinder.api.openstack.wsgi [req-a4e89cea-fa76-4564-a3c3-bf38a0d271d6 req-42d63784-0428-4a7e-8cf2-31d1c0e8015c 032cd43bb29e417a88c0c1a1cec2ef01 16127bffa9f442c09090589db22ef135 - - default default] GET http://cinder-api.openstack.svc.cluster.local:8776/v3/16127bffa9f442c09090589db22ef135/volumes/19855b96-e655-48f1-b968-2c5cc6db597b /var/lib/openstack/lib/python3.12/site-packages/oslo_context/context.py:101: DeprecationWarning: Policy enforcement is depending on the value of is_admin. This key is deprecated. Please update your policy file to use the standard policy values. warnings.warn(
2026-06-16 02:21:43.974 7 INFO cinder.volume.api [req-a4e89cea-fa76-4564-a3c3-bf38a0d271d6 req-42d63784-0428-4a7e-8cf2-31d1c0e8015c 032cd43bb29e417a88c0c1a1cec2ef01 16127bffa9f442c09090589db22ef135 - - default default] Volume info retrieved successfully.
2026-06-16 02:21:43.979 7 INFO cinder.api.openstack.wsgi [req-a4e89cea-fa76-4564-a3c3-bf38a0d271d6 req-42d63784-0428-4a7e-8cf2-31d1c0e8015c 032cd43bb29e417a88c0c1a1cec2ef01 16127bffa9f442c09090589db22ef135 - - default default] http://cinder-api.openstack.svc.cluster.local:8776/v3/16127bffa9f442c09090589db22ef135/volumes/19855b96-e655-48f1-b968-2c5cc6db597b returned with HTTP 200 [pid: 7|app: 0|req: 464/931] 199.204.45.235 () {32 vars in 825 bytes} [Tue Jun 16 02:21:43 2026] GET /v3/16127bffa9f442c09090589db22ef135/volumes/19855b96-e655-48f1-b968-2c5cc6db597b => generated 1674 bytes in 29 msecs (HTTP/1.1 200) 7 headers in 286 bytes (1 switches on core 0)
2026-06-16 02:21:45.962 8 INFO cinder.api.openstack.wsgi [req-28a3cea7-bdbe-4f22-b647-b79d74c125a1 req-7829ed3f-2bed-47ea-bd57-cf7f657cb92b 032cd43bb29e417a88c0c1a1cec2ef01 16127bffa9f442c09090589db22ef135 - - default default] GET http://cinder-api.openstack.svc.cluster.local:8776/
2026-06-16 02:21:45.963 8 INFO cinder.api.openstack.wsgi [req-28a3cea7-bdbe-4f22-b647-b79d74c125a1 req-7829ed3f-2bed-47ea-bd57-cf7f657cb92b 032cd43bb29e417a88c0c1a1cec2ef01 16127bffa9f442c09090589db22ef135 - - default default] http://cinder-api.openstack.svc.cluster.local:8776/ returned with HTTP 300 [pid: 8|app: 0|req: 468/932] 199.204.45.235 () {32 vars in 840 bytes} [Tue Jun 16 02:21:45 2026] GET / => generated 411 bytes in 3 msecs (HTTP/1.1 300) 5 headers in 169 bytes (1 switches on core 0) /var/lib/openstack/lib/python3.12/site-packages/pycadf/identifier.py:70: UserWarning: Invalid uuid: cinderv3. To ensure interoperability, identifiers should be a valid uuid. warnings.warn(('Invalid uuid: %s. To ensure interoperability, '
2026-06-16 02:21:45.978 7 INFO cinder.api.openstack.wsgi [req-28a3cea7-bdbe-4f22-b647-b79d74c125a1 req-acc917bc-cbdb-4f52-b9da-ea2e7de54834 032cd43bb29e417a88c0c1a1cec2ef01 16127bffa9f442c09090589db22ef135 - - default default] GET http://cinder-api.openstack.svc.cluster.local:8776/v3/16127bffa9f442c09090589db22ef135/volumes/19855b96-e655-48f1-b968-2c5cc6db597b /var/lib/openstack/lib/python3.12/site-packages/oslo_context/context.py:101: DeprecationWarning: Policy enforcement is depending on the value of is_admin. This key is deprecated. Please update your policy file to use the standard policy values. warnings.warn(
2026-06-16 02:21:45.993 7 INFO cinder.volume.api [req-28a3cea7-bdbe-4f22-b647-b79d74c125a1 req-acc917bc-cbdb-4f52-b9da-ea2e7de54834 032cd43bb29e417a88c0c1a1cec2ef01 16127bffa9f442c09090589db22ef135 - - default default] Volume info retrieved successfully.
2026-06-16 02:21:45.999 7 INFO cinder.api.openstack.wsgi [req-28a3cea7-bdbe-4f22-b647-b79d74c125a1 req-acc917bc-cbdb-4f52-b9da-ea2e7de54834 032cd43bb29e417a88c0c1a1cec2ef01 16127bffa9f442c09090589db22ef135 - - default default] http://cinder-api.openstack.svc.cluster.local:8776/v3/16127bffa9f442c09090589db22ef135/volumes/19855b96-e655-48f1-b968-2c5cc6db597b returned with HTTP 200 [pid: 7|app: 0|req: 465/933] 199.204.45.235 () {36 vars in 1073 bytes} [Tue Jun 16 02:21:45 2026] GET /v3/16127bffa9f442c09090589db22ef135/volumes/19855b96-e655-48f1-b968-2c5cc6db597b => generated 1898 bytes in 29 msecs (HTTP/1.1 200) 7 headers in 287 bytes (1 switches on core 0) /var/lib/openstack/lib/python3.12/site-packages/pycadf/identifier.py:70: UserWarning: Invalid uuid: cinderv3. To ensure interoperability, identifiers should be a valid uuid. warnings.warn(('Invalid uuid: %s. To ensure interoperability, '
2026-06-16 02:21:46.072 8 INFO cinder.api.openstack.wsgi [req-28a3cea7-bdbe-4f22-b647-b79d74c125a1 req-ff2c62a9-0286-4066-8449-799f8a987144 032cd43bb29e417a88c0c1a1cec2ef01 16127bffa9f442c09090589db22ef135 - - default default] PUT http://cinder-api.openstack.svc.cluster.local:8776/v3/16127bffa9f442c09090589db22ef135/attachments/8496fafc-76b6-479b-8b29-060016e7b62a /var/lib/openstack/lib/python3.12/site-packages/oslo_context/context.py:101: DeprecationWarning: Policy enforcement is depending on the value of is_admin. This key is deprecated. Please update your policy file to use the standard policy values. warnings.warn( /var/lib/openstack/lib/python3.12/site-packages/pycadf/identifier.py:70: UserWarning: Invalid uuid: cinderv3. To ensure interoperability, identifiers should be a valid uuid. warnings.warn(('Invalid uuid: %s. To ensure interoperability, '
2026-06-16 02:21:47.066 7 INFO cinder.api.openstack.wsgi [req-a4e89cea-fa76-4564-a3c3-bf38a0d271d6 req-5ab13143-a590-4df1-a812-818c1a317121 032cd43bb29e417a88c0c1a1cec2ef01 16127bffa9f442c09090589db22ef135 - - default default] GET http://cinder-api.openstack.svc.cluster.local:8776/v3/16127bffa9f442c09090589db22ef135/volumes/19855b96-e655-48f1-b968-2c5cc6db597b /var/lib/openstack/lib/python3.12/site-packages/oslo_context/context.py:101: DeprecationWarning: Policy enforcement is depending on the value of is_admin. This key is deprecated. Please update your policy file to use the standard policy values. warnings.warn(
2026-06-16 02:21:47.096 7 INFO cinder.volume.api [req-a4e89cea-fa76-4564-a3c3-bf38a0d271d6 req-5ab13143-a590-4df1-a812-818c1a317121 032cd43bb29e417a88c0c1a1cec2ef01 16127bffa9f442c09090589db22ef135 - - default default] Volume info retrieved successfully.
2026-06-16 02:21:47.104 7 INFO cinder.api.openstack.wsgi [req-a4e89cea-fa76-4564-a3c3-bf38a0d271d6 req-5ab13143-a590-4df1-a812-818c1a317121 032cd43bb29e417a88c0c1a1cec2ef01 16127bffa9f442c09090589db22ef135 - - default default] http://cinder-api.openstack.svc.cluster.local:8776/v3/16127bffa9f442c09090589db22ef135/volumes/19855b96-e655-48f1-b968-2c5cc6db597b returned with HTTP 200 [pid: 7|app: 0|req: 466/934] 199.204.45.235 () {32 vars in 825 bytes} [Tue Jun 16 02:21:47 2026] GET /v3/16127bffa9f442c09090589db22ef135/volumes/19855b96-e655-48f1-b968-2c5cc6db597b => generated 1675 bytes in 43 msecs (HTTP/1.1 200) 7 headers in 286 bytes (1 switches on core 0)
2026-06-16 02:21:47.120 8 INFO cinder.api.openstack.wsgi [req-28a3cea7-bdbe-4f22-b647-b79d74c125a1 req-ff2c62a9-0286-4066-8449-799f8a987144 032cd43bb29e417a88c0c1a1cec2ef01 16127bffa9f442c09090589db22ef135 - - default default] http://cinder-api.openstack.svc.cluster.local:8776/v3/16127bffa9f442c09090589db22ef135/attachments/8496fafc-76b6-479b-8b29-060016e7b62a returned with HTTP 200 [pid: 8|app: 0|req: 469/935] 199.204.45.235 () {40 vars in 1135 bytes} [Tue Jun 16 02:21:46 2026] PUT /v3/16127bffa9f442c09090589db22ef135/attachments/8496fafc-76b6-479b-8b29-060016e7b62a => generated 802 bytes in 1057 msecs (HTTP/1.1 200) 7 headers in 286 bytes (1 switches on core 0) /var/lib/openstack/lib/python3.12/site-packages/pycadf/identifier.py:70: UserWarning: Invalid uuid: cinderv3. To ensure interoperability, identifiers should be a valid uuid. warnings.warn(('Invalid uuid: %s. To ensure interoperability, '
2026-06-16 02:21:47.642 7 INFO cinder.api.openstack.wsgi [req-28a3cea7-bdbe-4f22-b647-b79d74c125a1 req-825559b4-3f4c-4d16-93c9-f08f50ac5496 032cd43bb29e417a88c0c1a1cec2ef01 16127bffa9f442c09090589db22ef135 - - default default] POST http://cinder-api.openstack.svc.cluster.local:8776/v3/16127bffa9f442c09090589db22ef135/attachments/8496fafc-76b6-479b-8b29-060016e7b62a/action /var/lib/openstack/lib/python3.12/site-packages/oslo_context/context.py:101: DeprecationWarning: Policy enforcement is depending on the value of is_admin. This key is deprecated. Please update your policy file to use the standard policy values. warnings.warn(
2026-06-16 02:21:47.678 7 INFO cinder.api.openstack.wsgi [req-28a3cea7-bdbe-4f22-b647-b79d74c125a1 req-825559b4-3f4c-4d16-93c9-f08f50ac5496 032cd43bb29e417a88c0c1a1cec2ef01 16127bffa9f442c09090589db22ef135 - - default default] http://cinder-api.openstack.svc.cluster.local:8776/v3/16127bffa9f442c09090589db22ef135/attachments/8496fafc-76b6-479b-8b29-060016e7b62a/action returned with HTTP 204 [pid: 7|app: 0|req: 467/936] 199.204.45.235 () {40 vars in 1148 bytes} [Tue Jun 16 02:21:47 2026] POST /v3/16127bffa9f442c09090589db22ef135/attachments/8496fafc-76b6-479b-8b29-060016e7b62a/action => generated 0 bytes in 44 msecs (HTTP/1.1 204) 7 headers in 292 bytes (1 switches on core 0) /var/lib/openstack/lib/python3.12/site-packages/pycadf/identifier.py:70: UserWarning: Invalid uuid: cinderv3. To ensure interoperability, identifiers should be a valid uuid. warnings.warn(('Invalid uuid: %s. To ensure interoperability, '
2026-06-16 02:21:49.995 8 INFO cinder.api.openstack.wsgi [req-a4e89cea-fa76-4564-a3c3-bf38a0d271d6 req-5b465254-5a7c-400b-b55c-7a53ba20b290 032cd43bb29e417a88c0c1a1cec2ef01 16127bffa9f442c09090589db22ef135 - - default default] GET http://cinder-api.openstack.svc.cluster.local:8776/v3/16127bffa9f442c09090589db22ef135/volumes/19855b96-e655-48f1-b968-2c5cc6db597b /var/lib/openstack/lib/python3.12/site-packages/oslo_context/context.py:101: DeprecationWarning: Policy enforcement is depending on the value of is_admin. This key is deprecated. Please update your policy file to use the standard policy values. warnings.warn(
2026-06-16 02:21:50.012 8 INFO cinder.volume.api [req-a4e89cea-fa76-4564-a3c3-bf38a0d271d6 req-5b465254-5a7c-400b-b55c-7a53ba20b290 032cd43bb29e417a88c0c1a1cec2ef01 16127bffa9f442c09090589db22ef135 - - default default] Volume info retrieved successfully.
2026-06-16 02:21:50.022 8 INFO cinder.api.openstack.wsgi [req-a4e89cea-fa76-4564-a3c3-bf38a0d271d6 req-5b465254-5a7c-400b-b55c-7a53ba20b290 032cd43bb29e417a88c0c1a1cec2ef01 16127bffa9f442c09090589db22ef135 - - default default] http://cinder-api.openstack.svc.cluster.local:8776/v3/16127bffa9f442c09090589db22ef135/volumes/19855b96-e655-48f1-b968-2c5cc6db597b returned with HTTP 200 [pid: 8|app: 0|req: 470/937] 199.204.45.235 () {32 vars in 825 bytes} [Tue Jun 16 02:21:49 2026] GET /v3/16127bffa9f442c09090589db22ef135/volumes/19855b96-e655-48f1-b968-2c5cc6db597b => generated 1973 bytes in 35 msecs (HTTP/1.1 200) 7 headers in 286 bytes (1 switches on core 0) /var/lib/openstack/lib/python3.12/site-packages/pycadf/identifier.py:70: UserWarning: Invalid uuid: cinderv3. To ensure interoperability, identifiers should be a valid uuid. warnings.warn(('Invalid uuid: %s. To ensure interoperability, '
2026-06-16 02:21:53.194 7 INFO cinder.api.openstack.wsgi [req-a4e89cea-fa76-4564-a3c3-bf38a0d271d6 req-736832e9-67c9-4133-88b7-4691bbcaa605 032cd43bb29e417a88c0c1a1cec2ef01 16127bffa9f442c09090589db22ef135 - - default default] GET http://cinder-api.openstack.svc.cluster.local:8776/v3/16127bffa9f442c09090589db22ef135/volumes/19855b96-e655-48f1-b968-2c5cc6db597b /var/lib/openstack/lib/python3.12/site-packages/oslo_context/context.py:101: DeprecationWarning: Policy enforcement is depending on the value of is_admin. This key is deprecated. Please update your policy file to use the standard policy values. warnings.warn(
2026-06-16 02:21:53.216 7 INFO cinder.volume.api [req-a4e89cea-fa76-4564-a3c3-bf38a0d271d6 req-736832e9-67c9-4133-88b7-4691bbcaa605 032cd43bb29e417a88c0c1a1cec2ef01 16127bffa9f442c09090589db22ef135 - - default default] Volume info retrieved successfully.
2026-06-16 02:21:53.222 7 INFO cinder.api.openstack.wsgi [req-a4e89cea-fa76-4564-a3c3-bf38a0d271d6 req-736832e9-67c9-4133-88b7-4691bbcaa605 032cd43bb29e417a88c0c1a1cec2ef01 16127bffa9f442c09090589db22ef135 - - default default] http://cinder-api.openstack.svc.cluster.local:8776/v3/16127bffa9f442c09090589db22ef135/volumes/19855b96-e655-48f1-b968-2c5cc6db597b returned with HTTP 200 [pid: 7|app: 0|req: 468/938] 199.204.45.235 () {32 vars in 825 bytes} [Tue Jun 16 02:21:53 2026] GET /v3/16127bffa9f442c09090589db22ef135/volumes/19855b96-e655-48f1-b968-2c5cc6db597b => generated 1973 bytes in 36 msecs (HTTP/1.1 200) 7 headers in 286 bytes (1 switches on core 0)
2026-06-16 02:21:53.357 8 INFO cinder.api.openstack.wsgi [req-a4e89cea-fa76-4564-a3c3-bf38a0d271d6 req-5b465254-5a7c-400b-b55c-7a53ba20b290 032cd43bb29e417a88c0c1a1cec2ef01 16127bffa9f442c09090589db22ef135 - - default default] GET http://10.0.0.144:8776/
2026-06-16 02:21:53.357 7 INFO cinder.api.openstack.wsgi [req-a4e89cea-fa76-4564-a3c3-bf38a0d271d6 req-736832e9-67c9-4133-88b7-4691bbcaa605 032cd43bb29e417a88c0c1a1cec2ef01 16127bffa9f442c09090589db22ef135 - - default default] GET http://10.0.0.144:8776/
2026-06-16 02:21:53.358 8 INFO cinder.api.openstack.wsgi [req-a4e89cea-fa76-4564-a3c3-bf38a0d271d6 req-5b465254-5a7c-400b-b55c-7a53ba20b290 032cd43bb29e417a88c0c1a1cec2ef01 16127bffa9f442c09090589db22ef135 - - default default] http://10.0.0.144:8776/ returned with HTTP 300
2026-06-16 02:21:53.358 7 INFO cinder.api.openstack.wsgi [req-a4e89cea-fa76-4564-a3c3-bf38a0d271d6 req-736832e9-67c9-4133-88b7-4691bbcaa605 032cd43bb29e417a88c0c1a1cec2ef01 16127bffa9f442c09090589db22ef135 - - default default] http://10.0.0.144:8776/ returned with HTTP 300 /var/lib/openstack/lib/python3.12/site-packages/pycadf/identifier.py:70: UserWarning: Invalid uuid: cinderv3. To ensure interoperability, identifiers should be a valid uuid. warnings.warn(('Invalid uuid: %s. To ensure interoperability, '
2026-06-16 02:21:56.095 7 INFO cinder.api.openstack.wsgi [req-a4e89cea-fa76-4564-a3c3-bf38a0d271d6 req-8d6536b3-ab49-41b4-a012-7b020a16cdbd 032cd43bb29e417a88c0c1a1cec2ef01 16127bffa9f442c09090589db22ef135 - - default default] GET http://cinder-api.openstack.svc.cluster.local:8776/v3/16127bffa9f442c09090589db22ef135/volumes/19855b96-e655-48f1-b968-2c5cc6db597b /var/lib/openstack/lib/python3.12/site-packages/oslo_context/context.py:101: DeprecationWarning: Policy enforcement is depending on the value of is_admin. This key is deprecated. Please update your policy file to use the standard policy values. warnings.warn(
2026-06-16 02:21:56.114 7 INFO cinder.volume.api [req-a4e89cea-fa76-4564-a3c3-bf38a0d271d6 req-8d6536b3-ab49-41b4-a012-7b020a16cdbd 032cd43bb29e417a88c0c1a1cec2ef01 16127bffa9f442c09090589db22ef135 - - default default] Volume info retrieved successfully.
2026-06-16 02:21:56.119 7 INFO cinder.api.openstack.wsgi [req-a4e89cea-fa76-4564-a3c3-bf38a0d271d6 req-8d6536b3-ab49-41b4-a012-7b020a16cdbd 032cd43bb29e417a88c0c1a1cec2ef01 16127bffa9f442c09090589db22ef135 - - default default] http://cinder-api.openstack.svc.cluster.local:8776/v3/16127bffa9f442c09090589db22ef135/volumes/19855b96-e655-48f1-b968-2c5cc6db597b returned with HTTP 200 [pid: 7|app: 0|req: 470/941] 199.204.45.235 () {32 vars in 825 bytes} [Tue Jun 16 02:21:56 2026] GET /v3/16127bffa9f442c09090589db22ef135/volumes/19855b96-e655-48f1-b968-2c5cc6db597b => generated 1973 bytes in 28 msecs (HTTP/1.1 200) 7 headers in 286 bytes (1 switches on core 0)
2026-06-16 02:22:03.358 8 INFO cinder.api.openstack.wsgi [req-a4e89cea-fa76-4564-a3c3-bf38a0d271d6 req-5b465254-5a7c-400b-b55c-7a53ba20b290 032cd43bb29e417a88c0c1a1cec2ef01 16127bffa9f442c09090589db22ef135 - - default default] GET http://10.0.0.144:8776/
2026-06-16 02:22:03.358 7 INFO cinder.api.openstack.wsgi [req-a4e89cea-fa76-4564-a3c3-bf38a0d271d6 req-8d6536b3-ab49-41b4-a012-7b020a16cdbd 032cd43bb29e417a88c0c1a1cec2ef01 16127bffa9f442c09090589db22ef135 - - default default] GET http://10.0.0.144:8776/
2026-06-16 02:22:03.359 8 INFO cinder.api.openstack.wsgi [req-a4e89cea-fa76-4564-a3c3-bf38a0d271d6 req-5b465254-5a7c-400b-b55c-7a53ba20b290 032cd43bb29e417a88c0c1a1cec2ef01 16127bffa9f442c09090589db22ef135 - - default default] http://10.0.0.144:8776/ returned with HTTP 300
2026-06-16 02:22:03.359 7 INFO cinder.api.openstack.wsgi [req-a4e89cea-fa76-4564-a3c3-bf38a0d271d6 req-8d6536b3-ab49-41b4-a012-7b020a16cdbd 032cd43bb29e417a88c0c1a1cec2ef01 16127bffa9f442c09090589db22ef135 - - default default] http://10.0.0.144:8776/ returned with HTTP 300
2026-06-16 02:22:13.358 7 INFO cinder.api.openstack.wsgi [req-a4e89cea-fa76-4564-a3c3-bf38a0d271d6 req-8d6536b3-ab49-41b4-a012-7b020a16cdbd 032cd43bb29e417a88c0c1a1cec2ef01 16127bffa9f442c09090589db22ef135 - - default default] GET http://10.0.0.144:8776/
2026-06-16 02:22:13.358 8 INFO cinder.api.openstack.wsgi [req-a4e89cea-fa76-4564-a3c3-bf38a0d271d6 req-5b465254-5a7c-400b-b55c-7a53ba20b290 032cd43bb29e417a88c0c1a1cec2ef01 16127bffa9f442c09090589db22ef135 - - default default] GET http://10.0.0.144:8776/
2026-06-16 02:22:13.360 8 INFO cinder.api.openstack.wsgi [req-a4e89cea-fa76-4564-a3c3-bf38a0d271d6 req-5b465254-5a7c-400b-b55c-7a53ba20b290 032cd43bb29e417a88c0c1a1cec2ef01 16127bffa9f442c09090589db22ef135 - - default default] http://10.0.0.144:8776/ returned with HTTP 300
2026-06-16 02:22:13.360 7 INFO cinder.api.openstack.wsgi [req-a4e89cea-fa76-4564-a3c3-bf38a0d271d6 req-8d6536b3-ab49-41b4-a012-7b020a16cdbd 032cd43bb29e417a88c0c1a1cec2ef01 16127bffa9f442c09090589db22ef135 - - default default] http://10.0.0.144:8776/ returned with HTTP 300
