2026-07-08 06:17:48.138 8 INFO placement.requestlog [None req-969826ba-a366-484e-98af-ca2b3ae775d5 5c9cca3eddd0407192efce96f92e44ea 918395b0b8a34e74a5a56604e02c4b25 - - 8f24a65c5a6048378b9f470f94807b23 8f24a65c5a6048378b9f470f94807b23] 10.0.0.244 "GET /resource_providers/224632f1-1a08-495c-b199-5200623e60b1/aggregates" status: 404 len: 235 microversion: 1.1 [pid: 8|app: 0|req: 337/673] 10.0.0.244 () {32 vars in 816 bytes} [Wed Jul 8 06:17:48 2026] GET /resource_providers/224632f1-1a08-495c-b199-5200623e60b1/aggregates => generated 235 bytes in 13 msecs (HTTP/1.1 404) 5 headers in 202 bytes (1 switches on core 0)
2026-07-08 06:17:48.153 7 INFO placement.requestlog [None req-8c43ccd3-8afb-45b4-b66e-735d75431ea7 5c9cca3eddd0407192efce96f92e44ea 918395b0b8a34e74a5a56604e02c4b25 - - 8f24a65c5a6048378b9f470f94807b23 8f24a65c5a6048378b9f470f94807b23] 10.0.0.244 "DELETE /resource_providers/224632f1-1a08-495c-b199-5200623e60b1" status: 404 len: 246 microversion: 1.1 [pid: 7|app: 0|req: 337/674] 10.0.0.244 () {34 vars in 816 bytes} [Wed Jul 8 06:17:48 2026] DELETE /resource_providers/224632f1-1a08-495c-b199-5200623e60b1 => generated 246 bytes in 8 msecs (HTTP/1.1 404) 6 headers in 231 bytes (1 switches on core 0)
2026-07-08 06:17:49.447 8 INFO placement.requestlog [req-47011abb-4427-4346-a5a8-a970e0ec0b35 req-d1d3d0bb-d5c1-4b21-91a8-03aada8e5b14 62fc073cd8354613a26df0804f47860f 918395b0b8a34e74a5a56604e02c4b25 - - 8f24a65c5a6048378b9f470f94807b23 8f24a65c5a6048378b9f470f94807b23] 199.204.45.109 "GET /resource_providers/731493a4-4f41-400e-bb6d-a5423bd25590/allocations" status: 200 len: 152 microversion: 1.0 [pid: 8|app: 0|req: 338/675] 199.204.45.109 () {32 vars in 857 bytes} [Wed Jul 8 06:17:49 2026] GET /resource_providers/731493a4-4f41-400e-bb6d-a5423bd25590/allocations => generated 152 bytes in 19 msecs (HTTP/1.1 200) 6 headers in 224 bytes (1 switches on core 0)
2026-07-08 06:17:49.467 7 INFO placement.requestlog [req-47011abb-4427-4346-a5a8-a970e0ec0b35 req-d9424043-793e-4060-b631-cf029356aeaa 62fc073cd8354613a26df0804f47860f 918395b0b8a34e74a5a56604e02c4b25 - - 8f24a65c5a6048378b9f470f94807b23 8f24a65c5a6048378b9f470f94807b23] 199.204.45.109 "GET /allocations/60434418-d3d3-48cf-89e8-3ba1f206ae06" status: 200 len: 257 microversion: 1.28 [pid: 7|app: 0|req: 338/676] 199.204.45.109 () {34 vars in 863 bytes} [Wed Jul 8 06:17:49 2026] GET /allocations/60434418-d3d3-48cf-89e8-3ba1f206ae06 => generated 257 bytes in 14 msecs (HTTP/1.1 200) 8 headers in 296 bytes (1 switches on core 0)
2026-07-08 06:17:49.549 8 INFO placement.requestlog [req-47011abb-4427-4346-a5a8-a970e0ec0b35 req-80a1cf10-f897-46ee-9c07-d79a0b5e152a 62fc073cd8354613a26df0804f47860f 918395b0b8a34e74a5a56604e02c4b25 - - 8f24a65c5a6048378b9f470f94807b23 8f24a65c5a6048378b9f470f94807b23] 199.204.45.109 "DELETE /allocations/60434418-d3d3-48cf-89e8-3ba1f206ae06" status: 204 len: 0 microversion: 1.0 [pid: 8|app: 0|req: 339/677] 199.204.45.109 () {34 vars in 841 bytes} [Wed Jul 8 06:17:49 2026] DELETE /allocations/60434418-d3d3-48cf-89e8-3ba1f206ae06 => generated 0 bytes in 21 msecs (HTTP/1.1 204) 5 headers in 198 bytes (1 switches on core 0)
2026-07-08 06:17:50.433 7 INFO placement.requestlog [None req-9c379d81-9d0b-4d0a-98dc-b5a9813fecc4 - - - - - -] 10.0.0.213 "GET /" status: 200 len: 136 microversion: 1.0
2026-07-08 06:17:50.433 8 INFO placement.requestlog [None req-d7ddba2d-c4a8-46a6-8da4-c69e45b6986d - - - - - -] 10.0.0.213 "GET /" status: 200 len: 136 microversion: 1.0
2026-07-08 06:17:52.982 7 INFO placement.requestlog [None req-00c1d83d-7203-4074-80ef-635c9c4d424c 5c9cca3eddd0407192efce96f92e44ea 918395b0b8a34e74a5a56604e02c4b25 - - 8f24a65c5a6048378b9f470f94807b23 8f24a65c5a6048378b9f470f94807b23] 10.0.0.244 "GET /resource_providers/12234efb-f69b-47d1-867d-19d000f04bb8/aggregates" status: 404 len: 235 microversion: 1.1 [pid: 7|app: 0|req: 340/680] 10.0.0.244 () {32 vars in 816 bytes} [Wed Jul 8 06:17:52 2026] GET /resource_providers/12234efb-f69b-47d1-867d-19d000f04bb8/aggregates => generated 235 bytes in 11 msecs (HTTP/1.1 404) 5 headers in 202 bytes (1 switches on core 0)
2026-07-08 06:17:52.989 8 INFO placement.requestlog [None req-f6187c50-1224-4c0d-aa3b-9c9fc083b17a 5c9cca3eddd0407192efce96f92e44ea 918395b0b8a34e74a5a56604e02c4b25 - - 8f24a65c5a6048378b9f470f94807b23 8f24a65c5a6048378b9f470f94807b23] 10.0.0.244 "GET /resource_providers/12234efb-f69b-47d1-867d-19d000f04bb8/aggregates" status: 404 len: 235 microversion: 1.1 [pid: 8|app: 0|req: 341/681] 10.0.0.244 () {32 vars in 816 bytes} [Wed Jul 8 06:17:52 2026] GET /resource_providers/12234efb-f69b-47d1-867d-19d000f04bb8/aggregates => generated 235 bytes in 17 msecs (HTTP/1.1 404) 5 headers in 202 bytes (1 switches on core 0)
2026-07-08 06:17:53.001 7 INFO placement.requestlog [None req-472387be-b947-4179-a981-31faa5a0ae51 5c9cca3eddd0407192efce96f92e44ea 918395b0b8a34e74a5a56604e02c4b25 - - 8f24a65c5a6048378b9f470f94807b23 8f24a65c5a6048378b9f470f94807b23] 10.0.0.244 "DELETE /resource_providers/12234efb-f69b-47d1-867d-19d000f04bb8" status: 404 len: 246 microversion: 1.1 [pid: 7|app: 0|req: 341/682] 10.0.0.244 () {34 vars in 816 bytes} [Wed Jul 8 06:17:52 2026] DELETE /resource_providers/12234efb-f69b-47d1-867d-19d000f04bb8 => generated 246 bytes in 11 msecs (HTTP/1.1 404) 6 headers in 231 bytes (1 switches on core 0)
2026-07-08 06:17:53.008 8 INFO placement.requestlog [None req-375912d2-b86e-407f-8fd6-dc859abc991b 5c9cca3eddd0407192efce96f92e44ea 918395b0b8a34e74a5a56604e02c4b25 - - 8f24a65c5a6048378b9f470f94807b23 8f24a65c5a6048378b9f470f94807b23] 10.0.0.244 "DELETE /resource_providers/12234efb-f69b-47d1-867d-19d000f04bb8" status: 404 len: 246 microversion: 1.1 [pid: 8|app: 0|req: 342/683] 10.0.0.244 () {34 vars in 816 bytes} [Wed Jul 8 06:17:52 2026] DELETE /resource_providers/12234efb-f69b-47d1-867d-19d000f04bb8 => generated 246 bytes in 12 msecs (HTTP/1.1 404) 6 headers in 231 bytes (1 switches on core 0)
2026-07-08 06:17:53.977 7 INFO placement.requestlog [None req-ebb81f8b-c7a7-4366-9fb6-af9c9fbbaa78 5c9cca3eddd0407192efce96f92e44ea 918395b0b8a34e74a5a56604e02c4b25 - - 8f24a65c5a6048378b9f470f94807b23 8f24a65c5a6048378b9f470f94807b23] 10.0.0.244 "GET /resource_providers/f16ce956-50b9-4033-90d6-a9bd7cefabc0/aggregates" status: 404 len: 235 microversion: 1.1 [pid: 7|app: 0|req: 342/684] 10.0.0.244 () {32 vars in 816 bytes} [Wed Jul 8 06:17:53 2026] GET /resource_providers/f16ce956-50b9-4033-90d6-a9bd7cefabc0/aggregates => generated 235 bytes in 11 msecs (HTTP/1.1 404) 5 headers in 202 bytes (1 switches on core 0)
2026-07-08 06:17:53.989 8 INFO placement.requestlog [None req-fda735fc-5345-488c-99dd-441daab26f0d 5c9cca3eddd0407192efce96f92e44ea 918395b0b8a34e74a5a56604e02c4b25 - - 8f24a65c5a6048378b9f470f94807b23 8f24a65c5a6048378b9f470f94807b23] 10.0.0.244 "GET /resource_providers/f16ce956-50b9-4033-90d6-a9bd7cefabc0/aggregates" status: 404 len: 235 microversion: 1.1 [pid: 8|app: 0|req: 343/685] 10.0.0.244 () {32 vars in 816 bytes} [Wed Jul 8 06:17:53 2026] GET /resource_providers/f16ce956-50b9-4033-90d6-a9bd7cefabc0/aggregates => generated 235 bytes in 18 msecs (HTTP/1.1 404) 5 headers in 202 bytes (1 switches on core 0)
2026-07-08 06:17:54.003 8 INFO placement.requestlog [None req-f28fadc3-78ed-44a5-baeb-4211864ded73 5c9cca3eddd0407192efce96f92e44ea 918395b0b8a34e74a5a56604e02c4b25 - - 8f24a65c5a6048378b9f470f94807b23 8f24a65c5a6048378b9f470f94807b23] 10.0.0.244 "DELETE /resource_providers/f16ce956-50b9-4033-90d6-a9bd7cefabc0" status: 404 len: 246 microversion: 1.1 [pid: 8|app: 0|req: 344/686] 10.0.0.244 () {34 vars in 816 bytes} [Wed Jul 8 06:17:53 2026] DELETE /resource_providers/f16ce956-50b9-4033-90d6-a9bd7cefabc0 => generated 246 bytes in 9 msecs (HTTP/1.1 404) 6 headers in 231 bytes (1 switches on core 0)
2026-07-08 06:17:54.006 7 INFO placement.requestlog [None req-d7cf81a7-6687-42b8-a53d-d02f4cecd771 5c9cca3eddd0407192efce96f92e44ea 918395b0b8a34e74a5a56604e02c4b25 - - 8f24a65c5a6048378b9f470f94807b23 8f24a65c5a6048378b9f470f94807b23] 10.0.0.244 "DELETE /resource_providers/f16ce956-50b9-4033-90d6-a9bd7cefabc0" status: 404 len: 246 microversion: 1.1 [pid: 7|app: 0|req: 343/687] 10.0.0.244 () {34 vars in 816 bytes} [Wed Jul 8 06:17:53 2026] DELETE /resource_providers/f16ce956-50b9-4033-90d6-a9bd7cefabc0 => generated 246 bytes in 15 msecs (HTTP/1.1 404) 6 headers in 231 bytes (1 switches on core 0)
2026-07-08 06:17:55.035 7 INFO placement.requestlog [None req-2742c719-ccee-45ae-80a0-daf4aeac3b60 5c9cca3eddd0407192efce96f92e44ea 918395b0b8a34e74a5a56604e02c4b25 - - 8f24a65c5a6048378b9f470f94807b23 8f24a65c5a6048378b9f470f94807b23] 10.0.0.244 "GET /resource_providers/64e17014-1230-4b0d-8148-1bded23516fe/aggregates" status: 404 len: 235 microversion: 1.1 [pid: 7|app: 0|req: 344/688] 10.0.0.244 () {32 vars in 816 bytes} [Wed Jul 8 06:17:55 2026] GET /resource_providers/64e17014-1230-4b0d-8148-1bded23516fe/aggregates => generated 235 bytes in 10 msecs (HTTP/1.1 404) 5 headers in 202 bytes (1 switches on core 0)
2026-07-08 06:17:55.036 8 INFO placement.requestlog [None req-016124c9-f60f-4f76-aadd-9b548d7a7451 5c9cca3eddd0407192efce96f92e44ea 918395b0b8a34e74a5a56604e02c4b25 - - 8f24a65c5a6048378b9f470f94807b23 8f24a65c5a6048378b9f470f94807b23] 10.0.0.244 "GET /resource_providers/64e17014-1230-4b0d-8148-1bded23516fe/aggregates" status: 404 len: 235 microversion: 1.1 [pid: 8|app: 0|req: 345/689] 10.0.0.244 () {32 vars in 816 bytes} [Wed Jul 8 06:17:55 2026] GET /resource_providers/64e17014-1230-4b0d-8148-1bded23516fe/aggregates => generated 235 bytes in 11 msecs (HTTP/1.1 404) 5 headers in 202 bytes (1 switches on core 0)
2026-07-08 06:17:55.059 7 INFO placement.requestlog [None req-8ec1ef0a-0bbd-4186-b46e-cf1f4ac93901 5c9cca3eddd0407192efce96f92e44ea 918395b0b8a34e74a5a56604e02c4b25 - - 8f24a65c5a6048378b9f470f94807b23 8f24a65c5a6048378b9f470f94807b23] 10.0.0.244 "DELETE /resource_providers/64e17014-1230-4b0d-8148-1bded23516fe" status: 404 len: 246 microversion: 1.1 [pid: 7|app: 0|req: 345/690] 10.0.0.244 () {34 vars in 816 bytes} [Wed Jul 8 06:17:55 2026] DELETE /resource_providers/64e17014-1230-4b0d-8148-1bded23516fe => generated 246 bytes in 12 msecs (HTTP/1.1 404) 6 headers in 231 bytes (1 switches on core 0)
2026-07-08 06:17:55.073 8 INFO placement.requestlog [None req-98a103f8-eff7-40a0-a59d-ea5bc36e4c15 5c9cca3eddd0407192efce96f92e44ea 918395b0b8a34e74a5a56604e02c4b25 - - 8f24a65c5a6048378b9f470f94807b23 8f24a65c5a6048378b9f470f94807b23] 10.0.0.244 "DELETE /resource_providers/64e17014-1230-4b0d-8148-1bded23516fe" status: 404 len: 246 microversion: 1.1 [pid: 8|app: 0|req: 346/691] 10.0.0.244 () {34 vars in 816 bytes} [Wed Jul 8 06:17:55 2026] DELETE /resource_providers/64e17014-1230-4b0d-8148-1bded23516fe => generated 246 bytes in 22 msecs (HTTP/1.1 404) 6 headers in 231 bytes (1 switches on core 0)
2026-07-08 06:17:57.088 7 INFO placement.requestlog [None req-710de69f-49cf-40d6-82b8-c67f91a769d0 5c9cca3eddd0407192efce96f92e44ea 918395b0b8a34e74a5a56604e02c4b25 - - 8f24a65c5a6048378b9f470f94807b23 8f24a65c5a6048378b9f470f94807b23] 10.0.0.244 "GET /resource_providers/7e341393-75e9-410d-9ac2-92522de16f9e/aggregates" status: 404 len: 235 microversion: 1.1 [pid: 7|app: 0|req: 346/692] 10.0.0.244 () {32 vars in 816 bytes} [Wed Jul 8 06:17:57 2026] GET /resource_providers/7e341393-75e9-410d-9ac2-92522de16f9e/aggregates => generated 235 bytes in 20 msecs (HTTP/1.1 404) 5 headers in 202 bytes (1 switches on core 0)
2026-07-08 06:17:57.095 8 INFO placement.requestlog [None req-7af2cba8-58b8-44b9-b1e3-68da9b315f4f 5c9cca3eddd0407192efce96f92e44ea 918395b0b8a34e74a5a56604e02c4b25 - - 8f24a65c5a6048378b9f470f94807b23 8f24a65c5a6048378b9f470f94807b23] 10.0.0.244 "GET /resource_providers/7e341393-75e9-410d-9ac2-92522de16f9e/aggregates" status: 404 len: 235 microversion: 1.1 [pid: 8|app: 0|req: 347/693] 10.0.0.244 () {32 vars in 816 bytes} [Wed Jul 8 06:17:57 2026] GET /resource_providers/7e341393-75e9-410d-9ac2-92522de16f9e/aggregates => generated 235 bytes in 14 msecs (HTTP/1.1 404) 5 headers in 202 bytes (1 switches on core 0)
2026-07-08 06:17:57.105 7 INFO placement.requestlog [None req-1c1e8b7d-dcae-402b-86e7-cdc9e3a05f83 5c9cca3eddd0407192efce96f92e44ea 918395b0b8a34e74a5a56604e02c4b25 - - 8f24a65c5a6048378b9f470f94807b23 8f24a65c5a6048378b9f470f94807b23] 10.0.0.244 "DELETE /resource_providers/7e341393-75e9-410d-9ac2-92522de16f9e" status: 404 len: 246 microversion: 1.1 [pid: 7|app: 0|req: 347/694] 10.0.0.244 () {34 vars in 816 bytes} [Wed Jul 8 06:17:57 2026] DELETE /resource_providers/7e341393-75e9-410d-9ac2-92522de16f9e => generated 246 bytes in 11 msecs (HTTP/1.1 404) 6 headers in 231 bytes (1 switches on core 0)
2026-07-08 06:17:57.109 8 INFO placement.requestlog [None req-7aee060e-71e0-4dcb-907c-0a2e7a166071 5c9cca3eddd0407192efce96f92e44ea 918395b0b8a34e74a5a56604e02c4b25 - - 8f24a65c5a6048378b9f470f94807b23 8f24a65c5a6048378b9f470f94807b23] 10.0.0.244 "DELETE /resource_providers/7e341393-75e9-410d-9ac2-92522de16f9e" status: 404 len: 246 microversion: 1.1 [pid: 8|app: 0|req: 348/695] 10.0.0.244 () {34 vars in 816 bytes} [Wed Jul 8 06:17:57 2026] DELETE /resource_providers/7e341393-75e9-410d-9ac2-92522de16f9e => generated 246 bytes in 8 msecs (HTTP/1.1 404) 6 headers in 231 bytes (1 switches on core 0)
2026-07-08 06:18:00.430 7 INFO placement.requestlog [None req-50ffce2e-4ae4-44e3-b106-54d016dc2df2 - - - - - -] 10.0.0.213 "GET /" status: 200 len: 136 microversion: 1.0
2026-07-08 06:18:00.430 8 INFO placement.requestlog [None req-0d7af72b-b81a-45cd-9edb-f138588c1846 - - - - - -] 10.0.0.213 "GET /" status: 200 len: 136 microversion: 1.0
2026-07-08 06:18:00.983 8 INFO placement.requestlog [None req-94ca56fd-cec2-460d-a30f-113f0beb15fe 5c9cca3eddd0407192efce96f92e44ea 918395b0b8a34e74a5a56604e02c4b25 - - 8f24a65c5a6048378b9f470f94807b23 8f24a65c5a6048378b9f470f94807b23] 10.0.0.244 "GET /resource_providers/463b8705-1c7d-43c5-b91e-805b62f35579/aggregates" status: 404 len: 235 microversion: 1.1 [pid: 8|app: 0|req: 350/698] 10.0.0.244 () {32 vars in 816 bytes} [Wed Jul 8 06:18:00 2026] GET /resource_providers/463b8705-1c7d-43c5-b91e-805b62f35579/aggregates => generated 235 bytes in 7 msecs (HTTP/1.1 404) 5 headers in 202 bytes (1 switches on core 0)
2026-07-08 06:18:00.989 7 INFO placement.requestlog [None req-54700473-594a-4f64-a0a6-6752d60bf3b1 5c9cca3eddd0407192efce96f92e44ea 918395b0b8a34e74a5a56604e02c4b25 - - 8f24a65c5a6048378b9f470f94807b23 8f24a65c5a6048378b9f470f94807b23] 10.0.0.244 "GET /resource_providers/463b8705-1c7d-43c5-b91e-805b62f35579/aggregates" status: 404 len: 235 microversion: 1.1 [pid: 7|app: 0|req: 349/699] 10.0.0.244 () {32 vars in 816 bytes} [Wed Jul 8 06:18:00 2026] GET /resource_providers/463b8705-1c7d-43c5-b91e-805b62f35579/aggregates => generated 235 bytes in 14 msecs (HTTP/1.1 404) 5 headers in 202 bytes (1 switches on core 0)
2026-07-08 06:18:01.012 7 INFO placement.requestlog [None req-a8e5e153-fb63-4e36-9492-fb8cdaa87729 5c9cca3eddd0407192efce96f92e44ea 918395b0b8a34e74a5a56604e02c4b25 - - 8f24a65c5a6048378b9f470f94807b23 8f24a65c5a6048378b9f470f94807b23] 10.0.0.244 "DELETE /resource_providers/463b8705-1c7d-43c5-b91e-805b62f35579" status: 404 len: 246 microversion: 1.1 [pid: 7|app: 0|req: 350/700] 10.0.0.244 () {34 vars in 816 bytes} [Wed Jul 8 06:18:01 2026] DELETE /resource_providers/463b8705-1c7d-43c5-b91e-805b62f35579 => generated 246 bytes in 10 msecs (HTTP/1.1 404) 6 headers in 231 bytes (1 switches on core 0)
2026-07-08 06:18:01.035 8 INFO placement.requestlog [None req-9264b125-effc-4ad7-b1ff-83a84300b2d7 5c9cca3eddd0407192efce96f92e44ea 918395b0b8a34e74a5a56604e02c4b25 - - 8f24a65c5a6048378b9f470f94807b23 8f24a65c5a6048378b9f470f94807b23] 10.0.0.244 "DELETE /resource_providers/463b8705-1c7d-43c5-b91e-805b62f35579" status: 404 len: 246 microversion: 1.1 [pid: 8|app: 0|req: 351/701] 10.0.0.244 () {34 vars in 816 bytes} [Wed Jul 8 06:18:00 2026] DELETE /resource_providers/463b8705-1c7d-43c5-b91e-805b62f35579 => generated 246 bytes in 37 msecs (HTTP/1.1 404) 6 headers in 231 bytes (1 switches on core 0)
2026-07-08 06:18:03.964 7 INFO placement.requestlog [None req-6f37c257-c259-482e-b02c-27ae6f8f8dce 5c9cca3eddd0407192efce96f92e44ea 918395b0b8a34e74a5a56604e02c4b25 - - 8f24a65c5a6048378b9f470f94807b23 8f24a65c5a6048378b9f470f94807b23] 10.0.0.244 "GET /resource_providers/711b6103-368e-4ac7-811d-41bd30197616/aggregates" status: 404 len: 235 microversion: 1.1 [pid: 7|app: 0|req: 351/702] 10.0.0.244 () {32 vars in 816 bytes} [Wed Jul 8 06:18:03 2026] GET /resource_providers/711b6103-368e-4ac7-811d-41bd30197616/aggregates => generated 235 bytes in 23 msecs (HTTP/1.1 404) 5 headers in 202 bytes (1 switches on core 0)
2026-07-08 06:18:03.966 8 INFO placement.requestlog [None req-a18198a0-006d-442a-9ddd-db3ccb7c9a9f 5c9cca3eddd0407192efce96f92e44ea 918395b0b8a34e74a5a56604e02c4b25 - - 8f24a65c5a6048378b9f470f94807b23 8f24a65c5a6048378b9f470f94807b23] 10.0.0.244 "GET /resource_providers/711b6103-368e-4ac7-811d-41bd30197616/aggregates" status: 404 len: 235 microversion: 1.1 [pid: 8|app: 0|req: 352/703] 10.0.0.244 () {32 vars in 816 bytes} [Wed Jul 8 06:18:03 2026] GET /resource_providers/711b6103-368e-4ac7-811d-41bd30197616/aggregates => generated 235 bytes in 25 msecs (HTTP/1.1 404) 5 headers in 202 bytes (1 switches on core 0)
2026-07-08 06:18:03.996 7 INFO placement.requestlog [None req-2e04d20e-87f0-48a4-bf7b-12bd44963e1a 5c9cca3eddd0407192efce96f92e44ea 918395b0b8a34e74a5a56604e02c4b25 - - 8f24a65c5a6048378b9f470f94807b23 8f24a65c5a6048378b9f470f94807b23] 10.0.0.244 "DELETE /resource_providers/711b6103-368e-4ac7-811d-41bd30197616" status: 404 len: 246 microversion: 1.1 [pid: 7|app: 0|req: 352/704] 10.0.0.244 () {34 vars in 816 bytes} [Wed Jul 8 06:18:03 2026] DELETE /resource_providers/711b6103-368e-4ac7-811d-41bd30197616 => generated 246 bytes in 16 msecs (HTTP/1.1 404) 6 headers in 231 bytes (1 switches on core 0)
2026-07-08 06:18:04.001 8 INFO placement.requestlog [None req-1d3e6656-fbf1-408a-a958-634d02c9debe 5c9cca3eddd0407192efce96f92e44ea 918395b0b8a34e74a5a56604e02c4b25 - - 8f24a65c5a6048378b9f470f94807b23 8f24a65c5a6048378b9f470f94807b23] 10.0.0.244 "DELETE /resource_providers/711b6103-368e-4ac7-811d-41bd30197616" status: 404 len: 246 microversion: 1.1 [pid: 8|app: 0|req: 353/705] 10.0.0.244 () {34 vars in 816 bytes} [Wed Jul 8 06:18:03 2026] DELETE /resource_providers/711b6103-368e-4ac7-811d-41bd30197616 => generated 246 bytes in 18 msecs (HTTP/1.1 404) 6 headers in 231 bytes (1 switches on core 0)
2026-07-08 06:18:05.836 8 INFO placement.requestlog [None req-0e704eae-59c8-4c0a-9a72-fece8aa319b8 5c9cca3eddd0407192efce96f92e44ea 918395b0b8a34e74a5a56604e02c4b25 - - 8f24a65c5a6048378b9f470f94807b23 8f24a65c5a6048378b9f470f94807b23] 10.0.0.244 "GET /resource_providers/c78e6ba7-f16c-4460-8c14-f48bca5c45f9/aggregates" status: 404 len: 235 microversion: 1.1 [pid: 8|app: 0|req: 354/706] 10.0.0.244 () {32 vars in 816 bytes} [Wed Jul 8 06:18:05 2026] GET /resource_providers/c78e6ba7-f16c-4460-8c14-f48bca5c45f9/aggregates => generated 235 bytes in 10 msecs (HTTP/1.1 404) 5 headers in 202 bytes (1 switches on core 0)
2026-07-08 06:18:05.845 7 INFO placement.requestlog [None req-aa1337a6-7be0-4157-a0f3-c5f27ce75fe9 5c9cca3eddd0407192efce96f92e44ea 918395b0b8a34e74a5a56604e02c4b25 - - 8f24a65c5a6048378b9f470f94807b23 8f24a65c5a6048378b9f470f94807b23] 10.0.0.244 "GET /resource_providers/c78e6ba7-f16c-4460-8c14-f48bca5c45f9/aggregates" status: 404 len: 235 microversion: 1.1 [pid: 7|app: 0|req: 353/707] 10.0.0.244 () {32 vars in 816 bytes} [Wed Jul 8 06:18:05 2026] GET /resource_providers/c78e6ba7-f16c-4460-8c14-f48bca5c45f9/aggregates => generated 235 bytes in 19 msecs (HTTP/1.1 404) 5 headers in 202 bytes (1 switches on core 0)
2026-07-08 06:18:05.858 8 INFO placement.requestlog [None req-d49c38e4-cac5-4b23-a0e6-f8a9186028fc 5c9cca3eddd0407192efce96f92e44ea 918395b0b8a34e74a5a56604e02c4b25 - - 8f24a65c5a6048378b9f470f94807b23 8f24a65c5a6048378b9f470f94807b23] 10.0.0.244 "DELETE /resource_providers/c78e6ba7-f16c-4460-8c14-f48bca5c45f9" status: 404 len: 246 microversion: 1.1 [pid: 8|app: 0|req: 355/708] 10.0.0.244 () {34 vars in 816 bytes} [Wed Jul 8 06:18:05 2026] DELETE /resource_providers/c78e6ba7-f16c-4460-8c14-f48bca5c45f9 => generated 246 bytes in 16 msecs (HTTP/1.1 404) 6 headers in 231 bytes (1 switches on core 0)
2026-07-08 06:18:05.860 7 INFO placement.requestlog [None req-2d6fd5ea-42f4-4ed6-b7c7-85fe0f870f54 5c9cca3eddd0407192efce96f92e44ea 918395b0b8a34e74a5a56604e02c4b25 - - 8f24a65c5a6048378b9f470f94807b23 8f24a65c5a6048378b9f470f94807b23] 10.0.0.244 "DELETE /resource_providers/c78e6ba7-f16c-4460-8c14-f48bca5c45f9" status: 404 len: 246 microversion: 1.1 [pid: 7|app: 0|req: 354/709] 10.0.0.244 () {34 vars in 816 bytes} [Wed Jul 8 06:18:05 2026] DELETE /resource_providers/c78e6ba7-f16c-4460-8c14-f48bca5c45f9 => generated 246 bytes in 11 msecs (HTTP/1.1 404) 6 headers in 231 bytes (1 switches on core 0)
2026-07-08 06:18:06.016 8 INFO placement.requestlog [None req-bd213722-da3d-4fd3-be01-2b6f5230b672 5c9cca3eddd0407192efce96f92e44ea 918395b0b8a34e74a5a56604e02c4b25 - - 8f24a65c5a6048378b9f470f94807b23 8f24a65c5a6048378b9f470f94807b23] 10.0.0.244 "GET /resource_providers/bc5d72ac-e5cb-4f0a-811f-b493c8281a30/aggregates" status: 404 len: 235 microversion: 1.1 [pid: 8|app: 0|req: 356/710] 10.0.0.244 () {32 vars in 816 bytes} [Wed Jul 8 06:18:06 2026] GET /resource_providers/bc5d72ac-e5cb-4f0a-811f-b493c8281a30/aggregates => generated 235 bytes in 12 msecs (HTTP/1.1 404) 5 headers in 202 bytes (1 switches on core 0)
2026-07-08 06:18:06.040 7 INFO placement.requestlog [None req-9f417a9a-e6f4-45c9-99ce-03aa139f730e 5c9cca3eddd0407192efce96f92e44ea 918395b0b8a34e74a5a56604e02c4b25 - - 8f24a65c5a6048378b9f470f94807b23 8f24a65c5a6048378b9f470f94807b23] 10.0.0.244 "GET /resource_providers/bc5d72ac-e5cb-4f0a-811f-b493c8281a30/aggregates" status: 404 len: 235 microversion: 1.1 [pid: 7|app: 0|req: 355/711] 10.0.0.244 () {32 vars in 816 bytes} [Wed Jul 8 06:18:06 2026] GET /resource_providers/bc5d72ac-e5cb-4f0a-811f-b493c8281a30/aggregates => generated 235 bytes in 17 msecs (HTTP/1.1 404) 5 headers in 202 bytes (1 switches on core 0)
2026-07-08 06:18:06.041 8 INFO placement.requestlog [None req-206d0f26-4ff4-405f-a70d-b3d1cb259944 5c9cca3eddd0407192efce96f92e44ea 918395b0b8a34e74a5a56604e02c4b25 - - 8f24a65c5a6048378b9f470f94807b23 8f24a65c5a6048378b9f470f94807b23] 10.0.0.244 "DELETE /resource_providers/bc5d72ac-e5cb-4f0a-811f-b493c8281a30" status: 404 len: 246 microversion: 1.1 [pid: 8|app: 0|req: 357/712] 10.0.0.244 () {34 vars in 816 bytes} [Wed Jul 8 06:18:06 2026] DELETE /resource_providers/bc5d72ac-e5cb-4f0a-811f-b493c8281a30 => generated 246 bytes in 18 msecs (HTTP/1.1 404) 6 headers in 231 bytes (1 switches on core 0)
2026-07-08 06:18:06.069 7 INFO placement.requestlog [None req-89dd97ab-aa30-4e17-afb3-7f340300dece 5c9cca3eddd0407192efce96f92e44ea 918395b0b8a34e74a5a56604e02c4b25 - - 8f24a65c5a6048378b9f470f94807b23 8f24a65c5a6048378b9f470f94807b23] 10.0.0.244 "DELETE /resource_providers/bc5d72ac-e5cb-4f0a-811f-b493c8281a30" status: 404 len: 246 microversion: 1.1 [pid: 7|app: 0|req: 356/713] 10.0.0.244 () {34 vars in 816 bytes} [Wed Jul 8 06:18:06 2026] DELETE /resource_providers/bc5d72ac-e5cb-4f0a-811f-b493c8281a30 => generated 246 bytes in 21 msecs (HTTP/1.1 404) 6 headers in 231 bytes (1 switches on core 0)
2026-07-08 06:18:06.079 8 INFO placement.requestlog [None req-a73d15bc-1985-4ae0-ac00-6f75e6736ab0 5c9cca3eddd0407192efce96f92e44ea 918395b0b8a34e74a5a56604e02c4b25 - - 8f24a65c5a6048378b9f470f94807b23 8f24a65c5a6048378b9f470f94807b23] 10.0.0.244 "GET /resource_providers/0219ff73-2479-4925-938b-92a13ef38de9/aggregates" status: 404 len: 235 microversion: 1.1 [pid: 8|app: 0|req: 358/714] 10.0.0.244 () {32 vars in 816 bytes} [Wed Jul 8 06:18:06 2026] GET /resource_providers/0219ff73-2479-4925-938b-92a13ef38de9/aggregates => generated 235 bytes in 23 msecs (HTTP/1.1 404) 5 headers in 202 bytes (1 switches on core 0)
2026-07-08 06:18:06.105 7 INFO placement.requestlog [None req-a53c5988-37e8-4fe3-89ab-09c9fd6e481a 5c9cca3eddd0407192efce96f92e44ea 918395b0b8a34e74a5a56604e02c4b25 - - 8f24a65c5a6048378b9f470f94807b23 8f24a65c5a6048378b9f470f94807b23] 10.0.0.244 "GET /resource_providers/0219ff73-2479-4925-938b-92a13ef38de9/aggregates" status: 404 len: 235 microversion: 1.1 [pid: 7|app: 0|req: 357/715] 10.0.0.244 () {32 vars in 816 bytes} [Wed Jul 8 06:18:06 2026] GET /resource_providers/0219ff73-2479-4925-938b-92a13ef38de9/aggregates => generated 235 bytes in 26 msecs (HTTP/1.1 404) 5 headers in 202 bytes (1 switches on core 0)
2026-07-08 06:18:06.109 8 INFO placement.requestlog [None req-c66735d5-05da-42c6-891e-6faf6d4d4476 5c9cca3eddd0407192efce96f92e44ea 918395b0b8a34e74a5a56604e02c4b25 - - 8f24a65c5a6048378b9f470f94807b23 8f24a65c5a6048378b9f470f94807b23] 10.0.0.244 "DELETE /resource_providers/0219ff73-2479-4925-938b-92a13ef38de9" status: 404 len: 246 microversion: 1.1 [pid: 8|app: 0|req: 359/716] 10.0.0.244 () {34 vars in 816 bytes} [Wed Jul 8 06:18:06 2026] DELETE /resource_providers/0219ff73-2479-4925-938b-92a13ef38de9 => generated 246 bytes in 18 msecs (HTTP/1.1 404) 6 headers in 231 bytes (1 switches on core 0)
2026-07-08 06:18:06.128 7 INFO placement.requestlog [None req-34493a02-0dfd-4406-849b-6a8b2ebcd0a8 5c9cca3eddd0407192efce96f92e44ea 918395b0b8a34e74a5a56604e02c4b25 - - 8f24a65c5a6048378b9f470f94807b23 8f24a65c5a6048378b9f470f94807b23] 10.0.0.244 "DELETE /resource_providers/0219ff73-2479-4925-938b-92a13ef38de9" status: 404 len: 246 microversion: 1.1 [pid: 7|app: 0|req: 358/717] 10.0.0.244 () {34 vars in 816 bytes} [Wed Jul 8 06:18:06 2026] DELETE /resource_providers/0219ff73-2479-4925-938b-92a13ef38de9 => generated 246 bytes in 15 msecs (HTTP/1.1 404) 6 headers in 231 bytes (1 switches on core 0)
2026-07-08 06:18:06.135 8 INFO placement.requestlog [None req-707f1530-ed7d-4153-b573-268fc28d470f 5c9cca3eddd0407192efce96f92e44ea 918395b0b8a34e74a5a56604e02c4b25 - - 8f24a65c5a6048378b9f470f94807b23 8f24a65c5a6048378b9f470f94807b23] 10.0.0.244 "GET /resource_providers/ea142b06-8f9c-42a6-a84b-2ce84afa0b3e/aggregates" status: 404 len: 235 microversion: 1.1 [pid: 8|app: 0|req: 360/718] 10.0.0.244 () {32 vars in 816 bytes} [Wed Jul 8 06:18:06 2026] GET /resource_providers/ea142b06-8f9c-42a6-a84b-2ce84afa0b3e/aggregates => generated 235 bytes in 13 msecs (HTTP/1.1 404) 5 headers in 202 bytes (1 switches on core 0)
2026-07-08 06:18:06.150 7 INFO placement.requestlog [None req-b6544c6c-6fa5-4bc5-b232-0de49fe2c780 5c9cca3eddd0407192efce96f92e44ea 918395b0b8a34e74a5a56604e02c4b25 - - 8f24a65c5a6048378b9f470f94807b23 8f24a65c5a6048378b9f470f94807b23] 10.0.0.244 "GET /resource_providers/ea142b06-8f9c-42a6-a84b-2ce84afa0b3e/aggregates" status: 404 len: 235 microversion: 1.1 [pid: 7|app: 0|req: 359/719] 10.0.0.244 () {32 vars in 816 bytes} [Wed Jul 8 06:18:06 2026] GET /resource_providers/ea142b06-8f9c-42a6-a84b-2ce84afa0b3e/aggregates => generated 235 bytes in 13 msecs (HTTP/1.1 404) 5 headers in 202 bytes (1 switches on core 0)
2026-07-08 06:18:06.154 8 INFO placement.requestlog [None req-65a9ab29-025f-484e-a318-1b284ec6d32e 5c9cca3eddd0407192efce96f92e44ea 918395b0b8a34e74a5a56604e02c4b25 - - 8f24a65c5a6048378b9f470f94807b23 8f24a65c5a6048378b9f470f94807b23] 10.0.0.244 "DELETE /resource_providers/ea142b06-8f9c-42a6-a84b-2ce84afa0b3e" status: 404 len: 246 microversion: 1.1 [pid: 8|app: 0|req: 361/720] 10.0.0.244 () {34 vars in 816 bytes} [Wed Jul 8 06:18:06 2026] DELETE /resource_providers/ea142b06-8f9c-42a6-a84b-2ce84afa0b3e => generated 246 bytes in 8 msecs (HTTP/1.1 404) 6 headers in 231 bytes (1 switches on core 0)
2026-07-08 06:18:06.175 7 INFO placement.requestlog [None req-c0027478-9d55-4d3c-9f62-dcc112ff3d3d 5c9cca3eddd0407192efce96f92e44ea 918395b0b8a34e74a5a56604e02c4b25 - - 8f24a65c5a6048378b9f470f94807b23 8f24a65c5a6048378b9f470f94807b23] 10.0.0.244 "DELETE /resource_providers/ea142b06-8f9c-42a6-a84b-2ce84afa0b3e" status: 404 len: 246 microversion: 1.1 [pid: 7|app: 0|req: 360/721] 10.0.0.244 () {34 vars in 816 bytes} [Wed Jul 8 06:18:06 2026] DELETE /resource_providers/ea142b06-8f9c-42a6-a84b-2ce84afa0b3e => generated 246 bytes in 20 msecs (HTTP/1.1 404) 6 headers in 231 bytes (1 switches on core 0)
2026-07-08 06:18:07.889 7 INFO placement.requestlog [None req-7d45bf59-6e37-4d72-8f33-bfd5109fbb93 5c9cca3eddd0407192efce96f92e44ea 918395b0b8a34e74a5a56604e02c4b25 - - 8f24a65c5a6048378b9f470f94807b23 8f24a65c5a6048378b9f470f94807b23] 10.0.0.244 "GET /resource_providers/0a76b2c8-50d2-42b9-9224-34de1ea540a7/aggregates" status: 404 len: 235 microversion: 1.1 [pid: 7|app: 0|req: 361/722] 10.0.0.244 () {32 vars in 816 bytes} [Wed Jul 8 06:18:07 2026] GET /resource_providers/0a76b2c8-50d2-42b9-9224-34de1ea540a7/aggregates => generated 235 bytes in 11 msecs (HTTP/1.1 404) 5 headers in 202 bytes (1 switches on core 0)
2026-07-08 06:18:07.907 8 INFO placement.requestlog [None req-ed60e143-714a-48c9-8dbb-5f549e2586dc 5c9cca3eddd0407192efce96f92e44ea 918395b0b8a34e74a5a56604e02c4b25 - - 8f24a65c5a6048378b9f470f94807b23 8f24a65c5a6048378b9f470f94807b23] 10.0.0.244 "GET /resource_providers/0a76b2c8-50d2-42b9-9224-34de1ea540a7/aggregates" status: 404 len: 235 microversion: 1.1 [pid: 8|app: 0|req: 362/723] 10.0.0.244 () {32 vars in 816 bytes} [Wed Jul 8 06:18:07 2026] GET /resource_providers/0a76b2c8-50d2-42b9-9224-34de1ea540a7/aggregates => generated 235 bytes in 27 msecs (HTTP/1.1 404) 5 headers in 202 bytes (1 switches on core 0)
2026-07-08 06:18:07.923 7 INFO placement.requestlog [None req-eac0d1bb-18ae-4985-9f86-554367678696 5c9cca3eddd0407192efce96f92e44ea 918395b0b8a34e74a5a56604e02c4b25 - - 8f24a65c5a6048378b9f470f94807b23 8f24a65c5a6048378b9f470f94807b23] 10.0.0.244 "DELETE /resource_providers/0a76b2c8-50d2-42b9-9224-34de1ea540a7" status: 404 len: 246 microversion: 1.1 [pid: 7|app: 0|req: 362/724] 10.0.0.244 () {34 vars in 816 bytes} [Wed Jul 8 06:18:07 2026] DELETE /resource_providers/0a76b2c8-50d2-42b9-9224-34de1ea540a7 => generated 246 bytes in 14 msecs (HTTP/1.1 404) 6 headers in 231 bytes (1 switches on core 0)
2026-07-08 06:18:07.932 8 INFO placement.requestlog [None req-fa7fedba-d384-4873-83d4-fae5a277b083 5c9cca3eddd0407192efce96f92e44ea 918395b0b8a34e74a5a56604e02c4b25 - - 8f24a65c5a6048378b9f470f94807b23 8f24a65c5a6048378b9f470f94807b23] 10.0.0.244 "DELETE /resource_providers/0a76b2c8-50d2-42b9-9224-34de1ea540a7" status: 404 len: 246 microversion: 1.1 [pid: 8|app: 0|req: 363/725] 10.0.0.244 () {34 vars in 816 bytes} [Wed Jul 8 06:18:07 2026] DELETE /resource_providers/0a76b2c8-50d2-42b9-9224-34de1ea540a7 => generated 246 bytes in 17 msecs (HTTP/1.1 404) 6 headers in 231 bytes (1 switches on core 0)
2026-07-08 06:18:08.279 7 INFO placement.requestlog [req-a42bf148-e630-4e36-9ea2-753a9c2de97b req-fbfe2cfb-1364-43ff-b165-e37b9959b7e1 62fc073cd8354613a26df0804f47860f 918395b0b8a34e74a5a56604e02c4b25 - - 8f24a65c5a6048378b9f470f94807b23 8f24a65c5a6048378b9f470f94807b23] 10.0.0.252 "GET /allocation_candidates?limit=1000&resources=DISK_GB%3A1%2CMEMORY_MB%3A512%2CVCPU%3A1&root_required=%21COMPUTE_STATUS_DISABLED" status: 200 len: 2147 microversion: 1.36 [pid: 7|app: 0|req: 363/726] 10.0.0.252 () {34 vars in 1012 bytes} [Wed Jul 8 06:18:08 2026] GET /allocation_candidates?limit=1000&resources=DISK_GB%3A1%2CMEMORY_MB%3A512%2CVCPU%3A1&root_required=%21COMPUTE_STATUS_DISABLED => generated 2147 bytes in 53 msecs (HTTP/1.1 200) 8 headers in 297 bytes (1 switches on core 0)
2026-07-08 06:18:08.330 8 INFO placement.requestlog [req-a42bf148-e630-4e36-9ea2-753a9c2de97b req-4202aec5-df43-4c40-862e-414a326aa429 62fc073cd8354613a26df0804f47860f 918395b0b8a34e74a5a56604e02c4b25 - - 8f24a65c5a6048378b9f470f94807b23 8f24a65c5a6048378b9f470f94807b23] 10.0.0.252 "GET /allocations/3bd86f0a-abd8-49f0-ab4e-57a3eebc30a1" status: 200 len: 19 microversion: 1.28 [pid: 8|app: 0|req: 364/727] 10.0.0.252 () {34 vars in 861 bytes} [Wed Jul 8 06:18:08 2026] GET /allocations/3bd86f0a-abd8-49f0-ab4e-57a3eebc30a1 => generated 19 bytes in 17 msecs (HTTP/1.1 200) 8 headers in 295 bytes (1 switches on core 0)
2026-07-08 06:18:08.410 7 INFO placement.requestlog [req-a42bf148-e630-4e36-9ea2-753a9c2de97b req-8cea4b6c-8171-4eef-b4ca-4499b32b7875 62fc073cd8354613a26df0804f47860f 918395b0b8a34e74a5a56604e02c4b25 - - 8f24a65c5a6048378b9f470f94807b23 8f24a65c5a6048378b9f470f94807b23] 10.0.0.252 "PUT /allocations/3bd86f0a-abd8-49f0-ab4e-57a3eebc30a1" status: 204 len: 0 microversion: 1.36 [pid: 7|app: 0|req: 364/728] 10.0.0.252 () {38 vars in 914 bytes} [Wed Jul 8 06:18:08 2026] PUT /allocations/3bd86f0a-abd8-49f0-ab4e-57a3eebc30a1 => generated 0 bytes in 70 msecs (HTTP/1.1 204) 5 headers in 199 bytes (1 switches on core 0)
2026-07-08 06:18:08.721 8 INFO placement.requestlog [req-a42bf148-e630-4e36-9ea2-753a9c2de97b req-47207b98-6015-4e4c-9f04-36477db3a33e 62fc073cd8354613a26df0804f47860f 918395b0b8a34e74a5a56604e02c4b25 - - 8f24a65c5a6048378b9f470f94807b23 8f24a65c5a6048378b9f470f94807b23] 199.204.45.109 "GET /allocations/3bd86f0a-abd8-49f0-ab4e-57a3eebc30a1" status: 200 len: 257 microversion: 1.28 [pid: 8|app: 0|req: 365/729] 199.204.45.109 () {34 vars in 863 bytes} [Wed Jul 8 06:18:08 2026] GET /allocations/3bd86f0a-abd8-49f0-ab4e-57a3eebc30a1 => generated 257 bytes in 16 msecs (HTTP/1.1 200) 8 headers in 296 bytes (1 switches on core 0)
2026-07-08 06:18:08.842 7 INFO placement.requestlog [req-a42bf148-e630-4e36-9ea2-753a9c2de97b req-189ec0c2-3138-4aec-8dd8-acccfa67b3e4 62fc073cd8354613a26df0804f47860f 918395b0b8a34e74a5a56604e02c4b25 - - 8f24a65c5a6048378b9f470f94807b23 8f24a65c5a6048378b9f470f94807b23] 199.204.45.109 "GET /resource_providers/731493a4-4f41-400e-bb6d-a5423bd25590/allocations" status: 200 len: 152 microversion: 1.0 [pid: 7|app: 0|req: 365/730] 199.204.45.109 () {32 vars in 857 bytes} [Wed Jul 8 06:18:08 2026] GET /resource_providers/731493a4-4f41-400e-bb6d-a5423bd25590/allocations => generated 152 bytes in 13 msecs (HTTP/1.1 200) 6 headers in 224 bytes (1 switches on core 0)
2026-07-08 06:18:08.866 8 INFO placement.requestlog [req-a42bf148-e630-4e36-9ea2-753a9c2de97b req-8187a981-e79e-4c5e-8899-35d59acf7583 62fc073cd8354613a26df0804f47860f 918395b0b8a34e74a5a56604e02c4b25 - - 8f24a65c5a6048378b9f470f94807b23 8f24a65c5a6048378b9f470f94807b23] 199.204.45.109 "GET /allocations/3bd86f0a-abd8-49f0-ab4e-57a3eebc30a1" status: 200 len: 257 microversion: 1.28 [pid: 8|app: 0|req: 366/731] 199.204.45.109 () {34 vars in 863 bytes} [Wed Jul 8 06:18:08 2026] GET /allocations/3bd86f0a-abd8-49f0-ab4e-57a3eebc30a1 => generated 257 bytes in 15 msecs (HTTP/1.1 200) 8 headers in 296 bytes (1 switches on core 0)
2026-07-08 06:18:10.431 7 INFO placement.requestlog [None req-020167bc-2279-4806-ae1d-f8162b07a664 - - - - - -] 10.0.0.213 "GET /" status: 200 len: 136 microversion: 1.0
2026-07-08 06:18:10.431 8 INFO placement.requestlog [None req-e90fd0aa-aaec-470e-9396-16a4f15e590c - - - - - -] 10.0.0.213 "GET /" status: 200 len: 136 microversion: 1.0
2026-07-08 06:18:10.539 7 INFO placement.requestlog [None req-89caf159-7240-4558-a520-0f2bdb1eee0a 5c9cca3eddd0407192efce96f92e44ea 918395b0b8a34e74a5a56604e02c4b25 - - 8f24a65c5a6048378b9f470f94807b23 8f24a65c5a6048378b9f470f94807b23] 10.0.0.244 "GET /resource_providers/e0175449-587a-4651-b28a-024fda5cacaf/aggregates" status: 404 len: 235 microversion: 1.1 [pid: 7|app: 0|req: 367/734] 10.0.0.244 () {32 vars in 816 bytes} [Wed Jul 8 06:18:10 2026] GET /resource_providers/e0175449-587a-4651-b28a-024fda5cacaf/aggregates => generated 235 bytes in 10 msecs (HTTP/1.1 404) 5 headers in 202 bytes (1 switches on core 0)
2026-07-08 06:18:10.542 8 INFO placement.requestlog [None req-db99eea3-21d0-44a1-b438-0e0577fd923d 5c9cca3eddd0407192efce96f92e44ea 918395b0b8a34e74a5a56604e02c4b25 - - 8f24a65c5a6048378b9f470f94807b23 8f24a65c5a6048378b9f470f94807b23] 10.0.0.244 "GET /resource_providers/e0175449-587a-4651-b28a-024fda5cacaf/aggregates" status: 404 len: 235 microversion: 1.1 [pid: 8|app: 0|req: 368/735] 10.0.0.244 () {32 vars in 816 bytes} [Wed Jul 8 06:18:10 2026] GET /resource_providers/e0175449-587a-4651-b28a-024fda5cacaf/aggregates => generated 235 bytes in 12 msecs (HTTP/1.1 404) 5 headers in 202 bytes (1 switches on core 0)
2026-07-08 06:18:10.563 7 INFO placement.requestlog [None req-505ed460-6aee-4a47-b37f-df123733cf98 5c9cca3eddd0407192efce96f92e44ea 918395b0b8a34e74a5a56604e02c4b25 - - 8f24a65c5a6048378b9f470f94807b23 8f24a65c5a6048378b9f470f94807b23] 10.0.0.244 "DELETE /resource_providers/e0175449-587a-4651-b28a-024fda5cacaf" status: 404 len: 246 microversion: 1.1 [pid: 7|app: 0|req: 368/736] 10.0.0.244 () {34 vars in 816 bytes} [Wed Jul 8 06:18:10 2026] DELETE /resource_providers/e0175449-587a-4651-b28a-024fda5cacaf => generated 246 bytes in 8 msecs (HTTP/1.1 404) 6 headers in 231 bytes (1 switches on core 0)
2026-07-08 06:18:10.566 8 INFO placement.requestlog [None req-7ea5d5bd-b15c-4c3c-854d-d10416b665c2 5c9cca3eddd0407192efce96f92e44ea 918395b0b8a34e74a5a56604e02c4b25 - - 8f24a65c5a6048378b9f470f94807b23 8f24a65c5a6048378b9f470f94807b23] 10.0.0.244 "DELETE /resource_providers/e0175449-587a-4651-b28a-024fda5cacaf" status: 404 len: 246 microversion: 1.1 [pid: 8|app: 0|req: 369/737] 10.0.0.244 () {34 vars in 816 bytes} [Wed Jul 8 06:18:10 2026] DELETE /resource_providers/e0175449-587a-4651-b28a-024fda5cacaf => generated 246 bytes in 10 msecs (HTTP/1.1 404) 6 headers in 231 bytes (1 switches on core 0)
2026-07-08 06:18:12.304 7 INFO placement.requestlog [None req-405cc064-e5cc-4011-9e2a-53e948300c1e 5c9cca3eddd0407192efce96f92e44ea 918395b0b8a34e74a5a56604e02c4b25 - - 8f24a65c5a6048378b9f470f94807b23 8f24a65c5a6048378b9f470f94807b23] 10.0.0.244 "GET /resource_providers/6da9f92a-a8d4-498c-af9a-06d339c45082/aggregates" status: 404 len: 235 microversion: 1.1 [pid: 7|app: 0|req: 369/738] 10.0.0.244 () {32 vars in 816 bytes} [Wed Jul 8 06:18:12 2026] GET /resource_providers/6da9f92a-a8d4-498c-af9a-06d339c45082/aggregates => generated 235 bytes in 11 msecs (HTTP/1.1 404) 5 headers in 202 bytes (1 switches on core 0)
2026-07-08 06:18:12.305 8 INFO placement.requestlog [None req-a5e39e3a-415b-4fb8-b687-939a92098df0 5c9cca3eddd0407192efce96f92e44ea 918395b0b8a34e74a5a56604e02c4b25 - - 8f24a65c5a6048378b9f470f94807b23 8f24a65c5a6048378b9f470f94807b23] 10.0.0.244 "GET /resource_providers/6da9f92a-a8d4-498c-af9a-06d339c45082/aggregates" status: 404 len: 235 microversion: 1.1 [pid: 8|app: 0|req: 370/739] 10.0.0.244 () {32 vars in 816 bytes} [Wed Jul 8 06:18:12 2026] GET /resource_providers/6da9f92a-a8d4-498c-af9a-06d339c45082/aggregates => generated 235 bytes in 12 msecs (HTTP/1.1 404) 5 headers in 202 bytes (1 switches on core 0)
2026-07-08 06:18:12.331 7 INFO placement.requestlog [None req-725ffe26-af99-43af-a982-20d50dd00eda 5c9cca3eddd0407192efce96f92e44ea 918395b0b8a34e74a5a56604e02c4b25 - - 8f24a65c5a6048378b9f470f94807b23 8f24a65c5a6048378b9f470f94807b23] 10.0.0.244 "DELETE /resource_providers/6da9f92a-a8d4-498c-af9a-06d339c45082" status: 404 len: 246 microversion: 1.1 [pid: 7|app: 0|req: 370/740] 10.0.0.244 () {34 vars in 816 bytes} [Wed Jul 8 06:18:12 2026] DELETE /resource_providers/6da9f92a-a8d4-498c-af9a-06d339c45082 => generated 246 bytes in 13 msecs (HTTP/1.1 404) 6 headers in 231 bytes (1 switches on core 0)
2026-07-08 06:18:12.335 8 INFO placement.requestlog [None req-99be76f5-2080-4f7e-b9cc-56d75c4d9bfe 5c9cca3eddd0407192efce96f92e44ea 918395b0b8a34e74a5a56604e02c4b25 - - 8f24a65c5a6048378b9f470f94807b23 8f24a65c5a6048378b9f470f94807b23] 10.0.0.244 "DELETE /resource_providers/6da9f92a-a8d4-498c-af9a-06d339c45082" status: 404 len: 246 microversion: 1.1 [pid: 8|app: 0|req: 371/741] 10.0.0.244 () {34 vars in 816 bytes} [Wed Jul 8 06:18:12 2026] DELETE /resource_providers/6da9f92a-a8d4-498c-af9a-06d339c45082 => generated 246 bytes in 12 msecs (HTTP/1.1 404) 6 headers in 231 bytes (1 switches on core 0)
2026-07-08 06:18:12.595 7 INFO placement.requestlog [None req-6f41fcc5-91d0-4cf7-ab23-2b69c20f0c81 5c9cca3eddd0407192efce96f92e44ea 918395b0b8a34e74a5a56604e02c4b25 - - 8f24a65c5a6048378b9f470f94807b23 8f24a65c5a6048378b9f470f94807b23] 10.0.0.244 "GET /resource_providers/d25fa43c-119e-40df-8b32-3017eb53ceb7/aggregates" status: 404 len: 235 microversion: 1.1 [pid: 7|app: 0|req: 371/742] 10.0.0.244 () {32 vars in 816 bytes} [Wed Jul 8 06:18:12 2026] GET /resource_providers/d25fa43c-119e-40df-8b32-3017eb53ceb7/aggregates => generated 235 bytes in 13 msecs (HTTP/1.1 404) 5 headers in 202 bytes (1 switches on core 0)
2026-07-08 06:18:12.598 8 INFO placement.requestlog [None req-42e309f4-8ef3-47f9-acac-9a76d02cc438 5c9cca3eddd0407192efce96f92e44ea 918395b0b8a34e74a5a56604e02c4b25 - - 8f24a65c5a6048378b9f470f94807b23 8f24a65c5a6048378b9f470f94807b23] 10.0.0.244 "GET /resource_providers/d25fa43c-119e-40df-8b32-3017eb53ceb7/aggregates" status: 404 len: 235 microversion: 1.1 [pid: 8|app: 0|req: 372/743] 10.0.0.244 () {32 vars in 816 bytes} [Wed Jul 8 06:18:12 2026] GET /resource_providers/d25fa43c-119e-40df-8b32-3017eb53ceb7/aggregates => generated 235 bytes in 16 msecs (HTTP/1.1 404) 5 headers in 202 bytes (1 switches on core 0)
2026-07-08 06:18:12.612 7 INFO placement.requestlog [None req-bfe97254-4382-4ad1-8f4c-ca5762d421dd 5c9cca3eddd0407192efce96f92e44ea 918395b0b8a34e74a5a56604e02c4b25 - - 8f24a65c5a6048378b9f470f94807b23 8f24a65c5a6048378b9f470f94807b23] 10.0.0.244 "DELETE /resource_providers/d25fa43c-119e-40df-8b32-3017eb53ceb7" status: 404 len: 246 microversion: 1.1 [pid: 7|app: 0|req: 372/744] 10.0.0.244 () {34 vars in 816 bytes} [Wed Jul 8 06:18:12 2026] DELETE /resource_providers/d25fa43c-119e-40df-8b32-3017eb53ceb7 => generated 246 bytes in 11 msecs (HTTP/1.1 404) 6 headers in 231 bytes (1 switches on core 0)
2026-07-08 06:18:12.623 8 INFO placement.requestlog [None req-a1b378a7-8cc4-49d7-8f25-e53a3fc6bb38 5c9cca3eddd0407192efce96f92e44ea 918395b0b8a34e74a5a56604e02c4b25 - - 8f24a65c5a6048378b9f470f94807b23 8f24a65c5a6048378b9f470f94807b23] 10.0.0.244 "DELETE /resource_providers/d25fa43c-119e-40df-8b32-3017eb53ceb7" status: 404 len: 246 microversion: 1.1 [pid: 8|app: 0|req: 373/745] 10.0.0.244 () {34 vars in 816 bytes} [Wed Jul 8 06:18:12 2026] DELETE /resource_providers/d25fa43c-119e-40df-8b32-3017eb53ceb7 => generated 246 bytes in 11 msecs (HTTP/1.1 404) 6 headers in 231 bytes (1 switches on core 0)
2026-07-08 06:18:14.323 7 INFO placement.requestlog [req-6551d215-3d06-4da3-9774-34d2613b25ac req-c69520ab-4e72-4c47-afa1-6459d51dab03 62fc073cd8354613a26df0804f47860f 918395b0b8a34e74a5a56604e02c4b25 - - 8f24a65c5a6048378b9f470f94807b23 8f24a65c5a6048378b9f470f94807b23] 10.0.0.252 "GET /allocation_candidates?limit=1000&resources=MEMORY_MB%3A512%2CVCPU%3A1&root_required=%21COMPUTE_STATUS_DISABLED" status: 200 len: 2135 microversion: 1.36 [pid: 7|app: 0|req: 373/746] 10.0.0.252 () {34 vars in 984 bytes} [Wed Jul 8 06:18:14 2026] GET /allocation_candidates?limit=1000&resources=MEMORY_MB%3A512%2CVCPU%3A1&root_required=%21COMPUTE_STATUS_DISABLED => generated 2135 bytes in 78 msecs (HTTP/1.1 200) 8 headers in 297 bytes (1 switches on core 0)
2026-07-08 06:18:14.361 8 INFO placement.requestlog [req-6551d215-3d06-4da3-9774-34d2613b25ac req-5b972dd7-1d95-481c-92b5-2f85cfe45fad 62fc073cd8354613a26df0804f47860f 918395b0b8a34e74a5a56604e02c4b25 - - 8f24a65c5a6048378b9f470f94807b23 8f24a65c5a6048378b9f470f94807b23] 10.0.0.252 "GET /allocations/f24b1e65-c72e-4313-8faf-05e194433ca1" status: 200 len: 19 microversion: 1.28 [pid: 8|app: 0|req: 374/747] 10.0.0.252 () {34 vars in 861 bytes} [Wed Jul 8 06:18:14 2026] GET /allocations/f24b1e65-c72e-4313-8faf-05e194433ca1 => generated 19 bytes in 13 msecs (HTTP/1.1 200) 8 headers in 295 bytes (1 switches on core 0)
2026-07-08 06:18:14.465 7 INFO placement.requestlog [req-6551d215-3d06-4da3-9774-34d2613b25ac req-50ad7629-f840-4c3f-95e2-dfbe4d89c24f 62fc073cd8354613a26df0804f47860f 918395b0b8a34e74a5a56604e02c4b25 - - 8f24a65c5a6048378b9f470f94807b23 8f24a65c5a6048378b9f470f94807b23] 10.0.0.252 "PUT /allocations/f24b1e65-c72e-4313-8faf-05e194433ca1" status: 204 len: 0 microversion: 1.36 [pid: 7|app: 0|req: 374/748] 10.0.0.252 () {38 vars in 914 bytes} [Wed Jul 8 06:18:14 2026] PUT /allocations/f24b1e65-c72e-4313-8faf-05e194433ca1 => generated 0 bytes in 94 msecs (HTTP/1.1 204) 5 headers in 199 bytes (1 switches on core 0)
2026-07-08 06:18:14.631 8 INFO placement.requestlog [None req-60845227-dc40-41cc-8df5-c7b82bfbb438 5c9cca3eddd0407192efce96f92e44ea 918395b0b8a34e74a5a56604e02c4b25 - - 8f24a65c5a6048378b9f470f94807b23 8f24a65c5a6048378b9f470f94807b23] 10.0.0.244 "GET /resource_providers/ed9515f6-4e00-467f-b73a-f8b9c51d565c/aggregates" status: 404 len: 235 microversion: 1.1 [pid: 8|app: 0|req: 375/749] 10.0.0.244 () {32 vars in 816 bytes} [Wed Jul 8 06:18:14 2026] GET /resource_providers/ed9515f6-4e00-467f-b73a-f8b9c51d565c/aggregates => generated 235 bytes in 11 msecs (HTTP/1.1 404) 5 headers in 202 bytes (1 switches on core 0)
2026-07-08 06:18:14.651 8 INFO placement.requestlog [None req-0c720d09-4065-4158-9366-b6d9c686772f 5c9cca3eddd0407192efce96f92e44ea 918395b0b8a34e74a5a56604e02c4b25 - - 8f24a65c5a6048378b9f470f94807b23 8f24a65c5a6048378b9f470f94807b23] 10.0.0.244 "DELETE /resource_providers/ed9515f6-4e00-467f-b73a-f8b9c51d565c" status: 404 len: 246 microversion: 1.1 [pid: 8|app: 0|req: 376/750] 10.0.0.244 () {34 vars in 816 bytes} [Wed Jul 8 06:18:14 2026] DELETE /resource_providers/ed9515f6-4e00-467f-b73a-f8b9c51d565c => generated 246 bytes in 9 msecs (HTTP/1.1 404) 6 headers in 231 bytes (1 switches on core 0)
2026-07-08 06:18:14.651 7 INFO placement.requestlog [None req-49df653d-afec-4ace-a1b6-9142217d7d8c 5c9cca3eddd0407192efce96f92e44ea 918395b0b8a34e74a5a56604e02c4b25 - - 8f24a65c5a6048378b9f470f94807b23 8f24a65c5a6048378b9f470f94807b23] 10.0.0.244 "GET /resource_providers/ed9515f6-4e00-467f-b73a-f8b9c51d565c/aggregates" status: 404 len: 235 microversion: 1.1 [pid: 7|app: 0|req: 375/751] 10.0.0.244 () {32 vars in 816 bytes} [Wed Jul 8 06:18:14 2026] GET /resource_providers/ed9515f6-4e00-467f-b73a-f8b9c51d565c/aggregates => generated 235 bytes in 18 msecs (HTTP/1.1 404) 5 headers in 202 bytes (1 switches on core 0)
2026-07-08 06:18:14.669 8 INFO placement.requestlog [None req-7ffcb430-18b2-4fb0-8c01-5d40be27a7ac 5c9cca3eddd0407192efce96f92e44ea 918395b0b8a34e74a5a56604e02c4b25 - - 8f24a65c5a6048378b9f470f94807b23 8f24a65c5a6048378b9f470f94807b23] 10.0.0.244 "DELETE /resource_providers/ed9515f6-4e00-467f-b73a-f8b9c51d565c" status: 404 len: 246 microversion: 1.1 [pid: 8|app: 0|req: 377/752] 10.0.0.244 () {34 vars in 816 bytes} [Wed Jul 8 06:18:14 2026] DELETE /resource_providers/ed9515f6-4e00-467f-b73a-f8b9c51d565c => generated 246 bytes in 11 msecs (HTTP/1.1 404) 6 headers in 231 bytes (1 switches on core 0)
2026-07-08 06:18:14.796 7 INFO placement.requestlog [req-6551d215-3d06-4da3-9774-34d2613b25ac req-f9092390-6cb3-4d3f-99a0-593e1e2de363 62fc073cd8354613a26df0804f47860f 918395b0b8a34e74a5a56604e02c4b25 - - 8f24a65c5a6048378b9f470f94807b23 8f24a65c5a6048378b9f470f94807b23] 199.204.45.109 "GET /allocations/f24b1e65-c72e-4313-8faf-05e194433ca1" status: 200 len: 243 microversion: 1.28 [pid: 7|app: 0|req: 376/753] 199.204.45.109 () {34 vars in 863 bytes} [Wed Jul 8 06:18:14 2026] GET /allocations/f24b1e65-c72e-4313-8faf-05e194433ca1 => generated 243 bytes in 23 msecs (HTTP/1.1 200) 8 headers in 296 bytes (1 switches on core 0)
2026-07-08 06:18:14.946 8 INFO placement.requestlog [req-6551d215-3d06-4da3-9774-34d2613b25ac req-34a15102-6bb0-4b06-be9c-f288074ea7c1 62fc073cd8354613a26df0804f47860f 918395b0b8a34e74a5a56604e02c4b25 - - 8f24a65c5a6048378b9f470f94807b23 8f24a65c5a6048378b9f470f94807b23] 199.204.45.109 "GET /resource_providers/731493a4-4f41-400e-bb6d-a5423bd25590/allocations" status: 200 len: 238 microversion: 1.0 [pid: 8|app: 0|req: 378/754] 199.204.45.109 () {32 vars in 857 bytes} [Wed Jul 8 06:18:14 2026] GET /resource_providers/731493a4-4f41-400e-bb6d-a5423bd25590/allocations => generated 238 bytes in 38 msecs (HTTP/1.1 200) 6 headers in 224 bytes (1 switches on core 0)
2026-07-08 06:18:14.975 7 INFO placement.requestlog [req-6551d215-3d06-4da3-9774-34d2613b25ac req-ae794be9-5173-4c02-85ae-e8f0bc3213ea 62fc073cd8354613a26df0804f47860f 918395b0b8a34e74a5a56604e02c4b25 - - 8f24a65c5a6048378b9f470f94807b23 8f24a65c5a6048378b9f470f94807b23] 199.204.45.109 "GET /allocations/3bd86f0a-abd8-49f0-ab4e-57a3eebc30a1" status: 200 len: 257 microversion: 1.28 [pid: 7|app: 0|req: 377/755] 199.204.45.109 () {34 vars in 863 bytes} [Wed Jul 8 06:18:14 2026] GET /allocations/3bd86f0a-abd8-49f0-ab4e-57a3eebc30a1 => generated 257 bytes in 13 msecs (HTTP/1.1 200) 8 headers in 296 bytes (1 switches on core 0)
2026-07-08 06:18:14.998 8 INFO placement.requestlog [req-6551d215-3d06-4da3-9774-34d2613b25ac req-65f95ac0-cb79-41f5-87e2-18ccbb4785e8 62fc073cd8354613a26df0804f47860f 918395b0b8a34e74a5a56604e02c4b25 - - 8f24a65c5a6048378b9f470f94807b23 8f24a65c5a6048378b9f470f94807b23] 199.204.45.109 "GET /allocations/f24b1e65-c72e-4313-8faf-05e194433ca1" status: 200 len: 243 microversion: 1.28 [pid: 8|app: 0|req: 379/756] 199.204.45.109 () {34 vars in 863 bytes} [Wed Jul 8 06:18:14 2026] GET /allocations/f24b1e65-c72e-4313-8faf-05e194433ca1 => generated 243 bytes in 15 msecs (HTTP/1.1 200) 8 headers in 296 bytes (1 switches on core 0)
2026-07-08 06:18:15.927 7 INFO placement.requestlog [None req-836c26d2-88f1-430b-8ca1-695c353234a8 5c9cca3eddd0407192efce96f92e44ea 918395b0b8a34e74a5a56604e02c4b25 - - 8f24a65c5a6048378b9f470f94807b23 8f24a65c5a6048378b9f470f94807b23] 10.0.0.244 "GET /resource_providers/6ef7e51f-b866-4e5a-bde3-304b7ced09e4/aggregates" status: 404 len: 235 microversion: 1.1
