Apr 06 19:48:52.687611 np0000163583 devstack@neutron-api.service[102151]: DEBUG neutron.api.extensions [None req-a58f1db8-4837-42e6-afb7-59998bdeca2e None None] Loading extension file: fip_port_details.py {{(pid=102151) _load_all_extensions_from_path /opt/stack/neutron/neutron/api/extensions.py:449}}
Apr 06 19:48:52.687666 np0000163583 devstack@neutron-api.service[102148]: DEBUG neutron_lib.callbacks.manager [None req-1627cf61-fb41-4fd3-90a3-5a05d2671ed9 None None] Subscribe: > logging-plugin after_init 55550000, False {{(pid=102148) subscribe /opt/stack/data/venv/lib/python3.12/site-packages/neutron_lib/callbacks/manager.py:52}}
Apr 06 19:48:52.687730 np0000163583 devstack@neutron-api.service[102149]: DEBUG neutron.manager [None req-026b19b0-7e7e-4384-a402-f2b50701b62e None None] Loading services supported by the core plugin {{(pid=102149) _load_services_from_core_plugin /opt/stack/neutron/neutron/manager.py:170}}
Apr 06 19:48:52.687886 np0000163583 devstack@neutron-api.service[102151]: DEBUG neutron.api.extensions [None req-a58f1db8-4837-42e6-afb7-59998bdeca2e None None] Ext name="Floating IP Port Details Extension" alias="fip-port-details" description="Add port_details attribute to Floating IP resource" updated="2018-04-09T10:00:00-00:00" {{(pid=102151) _check_extension /opt/stack/neutron/neutron/api/extensions.py:415}}
Apr 06 19:48:52.687930 np0000163583 devstack@neutron-api.service[102149]: INFO neutron.plugins.ml2.managers [None req-026b19b0-7e7e-4384-a402-f2b50701b62e None None] Got port-security extension from driver 'port_security'
Apr 06 19:48:52.688063 np0000163583 devstack@neutron-api.service[102151]: INFO neutron.api.extensions [None req-a58f1db8-4837-42e6-afb7-59998bdeca2e None None] Loaded extension: fip-port-details
Apr 06 19:48:52.688124 np0000163583 devstack@neutron-api.service[102148]: INFO neutron.services.logapi.drivers.ovn.driver [None req-1627cf61-fb41-4fd3-90a3-5a05d2671ed9 None None] OVN logging driver registered
Apr 06 19:48:52.688182 np0000163583 devstack@neutron-api.service[102151]: DEBUG neutron.api.extensions [None req-a58f1db8-4837-42e6-afb7-59998bdeca2e None None] Loading extension file: flavors.py {{(pid=102151) _load_all_extensions_from_path /opt/stack/neutron/neutron/api/extensions.py:449}}
Apr 06 19:48:52.688307 np0000163583 devstack@neutron-api.service[102149]: DEBUG neutron.manager [None req-026b19b0-7e7e-4384-a402-f2b50701b62e None None] Loading service plugins: ['ovn-router', 'auto_allocate', 'tag', 'timestamp', 'network_ip_availability', 'flavors', 'revisions'] {{(pid=102149) _load_service_plugins /opt/stack/neutron/neutron/manager.py:195}}
Apr 06 19:48:52.688436 np0000163583 devstack@neutron-api.service[102149]: INFO neutron.manager [None req-026b19b0-7e7e-4384-a402-f2b50701b62e None None] Loading Plugin: ovn-router
Apr 06 19:48:52.688644 np0000163583 devstack@neutron-api.service[102151]: DEBUG neutron.api.extensions [None req-a58f1db8-4837-42e6-afb7-59998bdeca2e None None] Ext name="Neutron Service Flavors" alias="flavors" description="Flavor specification for Neutron advanced services." updated="2015-09-17T10:00:00-00:00" {{(pid=102151) _check_extension /opt/stack/neutron/neutron/api/extensions.py:415}}
Apr 06 19:48:52.688827 np0000163583 devstack@neutron-api.service[102151]: INFO neutron.api.extensions [None req-a58f1db8-4837-42e6-afb7-59998bdeca2e None None] Loaded extension: flavors
Apr 06 19:48:52.688920 np0000163583 devstack@neutron-api.service[102151]: DEBUG neutron.api.extensions [None req-a58f1db8-4837-42e6-afb7-59998bdeca2e None None] Loading extension file: floating_ip_port_forwarding.py {{(pid=102151) _load_all_extensions_from_path /opt/stack/neutron/neutron/api/extensions.py:449}}
Apr 06 19:48:52.689273 np0000163583 devstack@neutron-api.service[102151]: DEBUG neutron.api.extensions [None req-a58f1db8-4837-42e6-afb7-59998bdeca2e None None] Ext name="Floating IP Port Forwarding" alias="floating-ip-port-forwarding" description="Allow port forwarding from floating IP port to an internal port" updated="2018-01-19T10:00:00-00:00" {{(pid=102151) _check_extension /opt/stack/neutron/neutron/api/extensions.py:415}}
Apr 06 19:48:52.689448 np0000163583 devstack@neutron-api.service[102151]: INFO neutron.api.extensions [None req-a58f1db8-4837-42e6-afb7-59998bdeca2e None None] Extension floating-ip-port-forwarding not supported by any of loaded plugins
Apr 06 19:48:52.689551 np0000163583 devstack@neutron-api.service[102151]: DEBUG neutron.api.extensions [None req-a58f1db8-4837-42e6-afb7-59998bdeca2e None None] Loading extension file: floatingip_pools.py {{(pid=102151) _load_all_extensions_from_path /opt/stack/neutron/neutron/api/extensions.py:449}}
Apr 06 19:48:52.689700 np0000163583 devstack@neutron-api.service[102148]: DEBUG neutron.plugins.ml2.plugin [None req-1627cf61-fb41-4fd3-90a3-5a05d2671ed9 None None] neutron.plugins.ml2.plugin.Ml2Plugin method _start_rpc_notifiers called with arguments () {} {{(pid=102148) wrapper /opt/stack/data/venv/lib/python3.12/site-packages/oslo_log/helpers.py:77}}
Apr 06 19:48:52.689831 np0000163583 devstack@neutron-api.service[102151]: DEBUG neutron.api.extensions [None req-a58f1db8-4837-42e6-afb7-59998bdeca2e None None] Ext name="Floating IP Pools Extension" alias="floatingip-pools" description="Provides a floating IP pools API." updated="2018-03-21T10:00:00-00:00" {{(pid=102151) _check_extension /opt/stack/neutron/neutron/api/extensions.py:415}}
Apr 06 19:48:52.689961 np0000163583 devstack@neutron-api.service[102148]: DEBUG neutron_lib.callbacks.manager [None req-1627cf61-fb41-4fd3-90a3-5a05d2671ed9 None None] Subscribe: > port after_create 55550000, False {{(pid=102148) subscribe /opt/stack/data/venv/lib/python3.12/site-packages/neutron_lib/callbacks/manager.py:52}}
Apr 06 19:48:52.690034 np0000163583 devstack@neutron-api.service[102151]: INFO neutron.api.extensions [None req-a58f1db8-4837-42e6-afb7-59998bdeca2e None None] Loaded extension: floatingip-pools
Apr 06 19:48:52.690083 np0000163583 devstack@neutron-api.service[102148]: DEBUG neutron_lib.callbacks.manager [None req-1627cf61-fb41-4fd3-90a3-5a05d2671ed9 None None] Subscribe: > port after_update 55550000, False {{(pid=102148) subscribe /opt/stack/data/venv/lib/python3.12/site-packages/neutron_lib/callbacks/manager.py:52}}
Apr 06 19:48:52.690156 np0000163583 devstack@neutron-api.service[102151]: DEBUG neutron.api.extensions [None req-a58f1db8-4837-42e6-afb7-59998bdeca2e None None] Loading extension file: ip_allocation.py {{(pid=102151) _load_all_extensions_from_path /opt/stack/neutron/neutron/api/extensions.py:449}}
Apr 06 19:48:52.690192 np0000163583 devstack@neutron-api.service[102148]: DEBUG neutron_lib.callbacks.manager [None req-1627cf61-fb41-4fd3-90a3-5a05d2671ed9 None None] Subscribe: > port after_delete 55550000, False {{(pid=102148) subscribe /opt/stack/data/venv/lib/python3.12/site-packages/neutron_lib/callbacks/manager.py:52}}
Apr 06 19:48:52.690296 np0000163583 devstack@neutron-api.service[102148]: DEBUG neutron_lib.callbacks.manager [None req-1627cf61-fb41-4fd3-90a3-5a05d2671ed9 None None] Subscribe: > subnet after_create 55550000, False {{(pid=102148) subscribe /opt/stack/data/venv/lib/python3.12/site-packages/neutron_lib/callbacks/manager.py:52}}
Apr 06 19:48:52.690409 np0000163583 devstack@neutron-api.service[102151]: DEBUG neutron.api.extensions [None req-a58f1db8-4837-42e6-afb7-59998bdeca2e None None] Ext name="IP Allocation" alias="ip_allocation" description="IP allocation extension." updated="2016-06-10T23:00:00-00:00" {{(pid=102151) _check_extension /opt/stack/neutron/neutron/api/extensions.py:415}}
Apr 06 19:48:52.690455 np0000163583 devstack@neutron-api.service[102148]: DEBUG neutron_lib.callbacks.manager [None req-1627cf61-fb41-4fd3-90a3-5a05d2671ed9 None None] Subscribe: > subnet after_update 55550000, False {{(pid=102148) subscribe /opt/stack/data/venv/lib/python3.12/site-packages/neutron_lib/callbacks/manager.py:52}}
Apr 06 19:48:52.690549 np0000163583 devstack@neutron-api.service[102148]: DEBUG neutron_lib.callbacks.manager [None req-1627cf61-fb41-4fd3-90a3-5a05d2671ed9 None None] Subscribe: > subnet after_delete 55550000, False {{(pid=102148) subscribe /opt/stack/data/venv/lib/python3.12/site-packages/neutron_lib/callbacks/manager.py:52}}
Apr 06 19:48:52.690598 np0000163583 devstack@neutron-api.service[102151]: INFO neutron.api.extensions [None req-a58f1db8-4837-42e6-afb7-59998bdeca2e None None] Extension ip_allocation not supported by any of loaded plugins
Apr 06 19:48:52.690655 np0000163583 devstack@neutron-api.service[102148]: DEBUG neutron_lib.callbacks.manager [None req-1627cf61-fb41-4fd3-90a3-5a05d2671ed9 None None] Subscribe: > network after_create 55550000, False {{(pid=102148) subscribe /opt/stack/data/venv/lib/python3.12/site-packages/neutron_lib/callbacks/manager.py:52}}
Apr 06 19:48:52.690690 np0000163583 devstack@neutron-api.service[102151]: DEBUG neutron.api.extensions [None req-a58f1db8-4837-42e6-afb7-59998bdeca2e None None] Loading extension file: ip_substring_port_filtering.py {{(pid=102151) _load_all_extensions_from_path /opt/stack/neutron/neutron/api/extensions.py:449}}
Apr 06 19:48:52.690759 np0000163583 devstack@neutron-api.service[102148]: DEBUG neutron_lib.callbacks.manager [None req-1627cf61-fb41-4fd3-90a3-5a05d2671ed9 None None] Subscribe: > network after_update 55550000, False {{(pid=102148) subscribe /opt/stack/data/venv/lib/python3.12/site-packages/neutron_lib/callbacks/manager.py:52}}
Apr 06 19:48:52.690865 np0000163583 devstack@neutron-api.service[102148]: DEBUG neutron_lib.callbacks.manager [None req-1627cf61-fb41-4fd3-90a3-5a05d2671ed9 None None] Subscribe: > network after_delete 55550000, False {{(pid=102148) subscribe /opt/stack/data/venv/lib/python3.12/site-packages/neutron_lib/callbacks/manager.py:52}}
Apr 06 19:48:52.690960 np0000163583 devstack@neutron-api.service[102151]: DEBUG neutron.api.extensions [None req-a58f1db8-4837-42e6-afb7-59998bdeca2e None None] Ext name="IP address substring filtering" alias="ip-substring-filtering" description="Provides IP address substring filtering when listing ports" updated="2017-11-28T09:00:00-00:00" {{(pid=102151) _check_extension /opt/stack/neutron/neutron/api/extensions.py:415}}
Apr 06 19:48:52.691001 np0000163583 devstack@neutron-api.service[102148]: DEBUG neutron_lib.callbacks.manager [None req-1627cf61-fb41-4fd3-90a3-5a05d2671ed9 None None] Subscribe: > security_group after_create 55550000, False {{(pid=102148) subscribe /opt/stack/data/venv/lib/python3.12/site-packages/neutron_lib/callbacks/manager.py:52}}
Apr 06 19:48:52.691066 np0000163583 devstack@neutron-api.service[102148]: DEBUG neutron_lib.callbacks.manager [None req-1627cf61-fb41-4fd3-90a3-5a05d2671ed9 None None] Subscribe: > security_group after_update 55550000, False {{(pid=102148) subscribe /opt/stack/data/venv/lib/python3.12/site-packages/neutron_lib/callbacks/manager.py:52}}
Apr 06 19:48:52.691155 np0000163583 devstack@neutron-api.service[102151]: INFO neutron.api.extensions [None req-a58f1db8-4837-42e6-afb7-59998bdeca2e None None] Extension ip-substring-filtering not supported by any of loaded plugins
Apr 06 19:48:52.691192 np0000163583 devstack@neutron-api.service[102148]: DEBUG neutron_lib.callbacks.manager [None req-1627cf61-fb41-4fd3-90a3-5a05d2671ed9 None None] Subscribe: > security_group after_delete 55550000, False {{(pid=102148) subscribe /opt/stack/data/venv/lib/python3.12/site-packages/neutron_lib/callbacks/manager.py:52}}
Apr 06 19:48:52.691266 np0000163583 devstack@neutron-api.service[102148]: DEBUG neutron_lib.callbacks.manager [None req-1627cf61-fb41-4fd3-90a3-5a05d2671ed9 None None] Subscribe: > security_group_rule after_create 55550000, False {{(pid=102148) subscribe /opt/stack/data/venv/lib/python3.12/site-packages/neutron_lib/callbacks/manager.py:52}}
Apr 06 19:48:52.691305 np0000163583 devstack@neutron-api.service[102151]: DEBUG neutron.api.extensions [None req-a58f1db8-4837-42e6-afb7-59998bdeca2e None None] Loading extension file: l2_adjacency.py {{(pid=102151) _load_all_extensions_from_path /opt/stack/neutron/neutron/api/extensions.py:449}}
Apr 06 19:48:52.691376 np0000163583 devstack@neutron-api.service[102148]: DEBUG neutron_lib.callbacks.manager [None req-1627cf61-fb41-4fd3-90a3-5a05d2671ed9 None None] Subscribe: > security_group_rule after_update 55550000, False {{(pid=102148) subscribe /opt/stack/data/venv/lib/python3.12/site-packages/neutron_lib/callbacks/manager.py:52}}
Apr 06 19:48:52.691513 np0000163583 devstack@neutron-api.service[102148]: DEBUG neutron_lib.callbacks.manager [None req-1627cf61-fb41-4fd3-90a3-5a05d2671ed9 None None] Subscribe: > security_group_rule after_delete 55550000, False {{(pid=102148) subscribe /opt/stack/data/venv/lib/python3.12/site-packages/neutron_lib/callbacks/manager.py:52}}
Apr 06 19:48:52.691556 np0000163583 devstack@neutron-api.service[102151]: DEBUG neutron.api.extensions [None req-a58f1db8-4837-42e6-afb7-59998bdeca2e None None] Ext name="L2 Adjacency" alias="l2_adjacency" description="Display L2 Adjacency for Neutron Networks." updated="2016-04-12T16:00:00-00:00" {{(pid=102151) _check_extension /opt/stack/neutron/neutron/api/extensions.py:415}}
Apr 06 19:48:52.691619 np0000163583 devstack@neutron-api.service[102148]: DEBUG neutron_lib.callbacks.manager [None req-1627cf61-fb41-4fd3-90a3-5a05d2671ed9 None None] Subscribe: > address_group after_create 55550000, False {{(pid=102148) subscribe /opt/stack/data/venv/lib/python3.12/site-packages/neutron_lib/callbacks/manager.py:52}}
Apr 06 19:48:52.691694 np0000163583 devstack@neutron-api.service[102151]: INFO neutron.api.extensions [None req-a58f1db8-4837-42e6-afb7-59998bdeca2e None None] Extension l2_adjacency not supported by any of loaded plugins
Apr 06 19:48:52.691733 np0000163583 devstack@neutron-api.service[102148]: DEBUG neutron_lib.callbacks.manager [None req-1627cf61-fb41-4fd3-90a3-5a05d2671ed9 None None] Subscribe: > address_group after_update 55550000, False {{(pid=102148) subscribe /opt/stack/data/venv/lib/python3.12/site-packages/neutron_lib/callbacks/manager.py:52}}
Apr 06 19:48:52.691787 np0000163583 devstack@neutron-api.service[102151]: DEBUG neutron.api.extensions [None req-a58f1db8-4837-42e6-afb7-59998bdeca2e None None] Loading extension file: l3.py {{(pid=102151) _load_all_extensions_from_path /opt/stack/neutron/neutron/api/extensions.py:449}}
Apr 06 19:48:52.691825 np0000163583 devstack@neutron-api.service[102148]: DEBUG neutron_lib.callbacks.manager [None req-1627cf61-fb41-4fd3-90a3-5a05d2671ed9 None None] Subscribe: > address_group after_delete 55550000, False {{(pid=102148) subscribe /opt/stack/data/venv/lib/python3.12/site-packages/neutron_lib/callbacks/manager.py:52}}
Apr 06 19:48:52.691955 np0000163583 devstack@neutron-api.service[102148]: DEBUG neutron.plugins.ml2.ovo_rpc [None req-1627cf61-fb41-4fd3-90a3-5a05d2671ed9 None None] ML2 OVO RPC backend initialized. {{(pid=102148) __init__ /opt/stack/neutron/neutron/plugins/ml2/ovo_rpc.py:117}}
Apr 06 19:48:52.692356 np0000163583 devstack@neutron-api.service[102151]: DEBUG neutron.api.extensions [None req-a58f1db8-4837-42e6-afb7-59998bdeca2e None None] Ext name="Neutron L3 Router" alias="router" description="Router abstraction for basic L3 forwarding between L2 Neutron networks and access to external networks via a NAT gateway." updated="2012-07-20T10:00:00-00:00" {{(pid=102151) _check_extension /opt/stack/neutron/neutron/api/extensions.py:415}}
Apr 06 19:48:52.692571 np0000163583 devstack@neutron-api.service[102151]: INFO neutron.api.extensions [None req-a58f1db8-4837-42e6-afb7-59998bdeca2e None None] Loaded extension: router
Apr 06 19:48:52.692668 np0000163583 devstack@neutron-api.service[102151]: DEBUG neutron.api.extensions [None req-a58f1db8-4837-42e6-afb7-59998bdeca2e None None] Loading extension file: l3_conntrack_helper.py {{(pid=102151) _load_all_extensions_from_path /opt/stack/neutron/neutron/api/extensions.py:449}}
Apr 06 19:48:52.692768 np0000163583 devstack@neutron-api.service[102148]: INFO neutron.quota [None req-1627cf61-fb41-4fd3-90a3-5a05d2671ed9 None None] Loaded quota_driver: .
Apr 06 19:48:52.692891 np0000163583 devstack@neutron-api.service[102148]: INFO neutron.plugins.ml2.plugin [None req-1627cf61-fb41-4fd3-90a3-5a05d2671ed9 None None] Modular L2 Plugin initialization complete
Apr 06 19:48:52.693030 np0000163583 devstack@neutron-api.service[102148]: DEBUG neutron.manager [None req-1627cf61-fb41-4fd3-90a3-5a05d2671ed9 None None] Loading services supported by the core plugin {{(pid=102148) _load_services_from_core_plugin /opt/stack/neutron/neutron/manager.py:170}}
Apr 06 19:48:52.693187 np0000163583 devstack@neutron-api.service[102148]: INFO neutron.plugins.ml2.managers [None req-1627cf61-fb41-4fd3-90a3-5a05d2671ed9 None None] Got port-security extension from driver 'port_security'
Apr 06 19:48:52.693300 np0000163583 devstack@neutron-api.service[102151]: DEBUG neutron.api.extensions [None req-a58f1db8-4837-42e6-afb7-59998bdeca2e None None] Ext name="L3 Conntrack helper" alias="l3-conntrack-helper" description="Allow adding CT target rules for conntrack helper" updated="2019-04-04T10:00:00-00:00" {{(pid=102151) _check_extension /opt/stack/neutron/neutron/api/extensions.py:415}}
Apr 06 19:48:52.693399 np0000163583 devstack@neutron-api.service[102148]: DEBUG neutron.manager [None req-1627cf61-fb41-4fd3-90a3-5a05d2671ed9 None None] Loading service plugins: ['ovn-router', 'auto_allocate', 'tag', 'timestamp', 'network_ip_availability', 'flavors', 'revisions'] {{(pid=102148) _load_service_plugins /opt/stack/neutron/neutron/manager.py:195}}
Apr 06 19:48:52.693498 np0000163583 devstack@neutron-api.service[102151]: INFO neutron.api.extensions [None req-a58f1db8-4837-42e6-afb7-59998bdeca2e None None] Extension l3-conntrack-helper not supported by any of loaded plugins
Apr 06 19:48:52.693541 np0000163583 devstack@neutron-api.service[102148]: INFO neutron.manager [None req-1627cf61-fb41-4fd3-90a3-5a05d2671ed9 None None] Loading Plugin: ovn-router
Apr 06 19:48:52.693597 np0000163583 devstack@neutron-api.service[102151]: DEBUG neutron.api.extensions [None req-a58f1db8-4837-42e6-afb7-59998bdeca2e None None] Loading extension file: l3_enable_default_route_bfd.py {{(pid=102151) _load_all_extensions_from_path /opt/stack/neutron/neutron/api/extensions.py:449}}
Apr 06 19:48:52.693857 np0000163583 devstack@neutron-api.service[102151]: DEBUG neutron.api.extensions [None req-a58f1db8-4837-42e6-afb7-59998bdeca2e None None] Ext name="Enable Default Route BFD" alias="enable-default-route-bfd" description="Enables configurable BFD behavior for default routes" updated="2023-02-27T00:00:00-00:00" {{(pid=102151) _check_extension /opt/stack/neutron/neutron/api/extensions.py:415}}
Apr 06 19:48:52.694034 np0000163583 devstack@neutron-api.service[102151]: INFO neutron.api.extensions [None req-a58f1db8-4837-42e6-afb7-59998bdeca2e None None] Loaded extension: enable-default-route-bfd
Apr 06 19:48:52.694130 np0000163583 devstack@neutron-api.service[102151]: DEBUG neutron.api.extensions [None req-a58f1db8-4837-42e6-afb7-59998bdeca2e None None] Loading extension file: l3_enable_default_route_ecmp.py {{(pid=102151) _load_all_extensions_from_path /opt/stack/neutron/neutron/api/extensions.py:449}}
Apr 06 19:48:52.694380 np0000163583 devstack@neutron-api.service[102151]: DEBUG neutron.api.extensions [None req-a58f1db8-4837-42e6-afb7-59998bdeca2e None None] Ext name="Enable Default Route ECMP" alias="enable-default-route-ecmp" description="Enables configurable ECMP behavior for default routes" updated="2023-02-27T00:00:00-00:00" {{(pid=102151) _check_extension /opt/stack/neutron/neutron/api/extensions.py:415}}
Apr 06 19:48:52.694579 np0000163583 devstack@neutron-api.service[102151]: INFO neutron.api.extensions [None req-a58f1db8-4837-42e6-afb7-59998bdeca2e None None] Loaded extension: enable-default-route-ecmp
Apr 06 19:48:52.694663 np0000163583 devstack@neutron-api.service[102151]: DEBUG neutron.api.extensions [None req-a58f1db8-4837-42e6-afb7-59998bdeca2e None None] Loading extension file: l3_ext_gw_mode.py {{(pid=102151) _load_all_extensions_from_path /opt/stack/neutron/neutron/api/extensions.py:449}}
Apr 06 19:48:52.694905 np0000163583 devstack@neutron-api.service[102151]: DEBUG neutron.api.extensions [None req-a58f1db8-4837-42e6-afb7-59998bdeca2e None None] Ext name="Neutron L3 Configurable external gateway mode" alias="ext-gw-mode" description="Extension of the router abstraction for specifying whether SNAT should occur on the external gateway" updated="2013-03-28T10:00:00-00:00" {{(pid=102151) _check_extension /opt/stack/neutron/neutron/api/extensions.py:415}}
Apr 06 19:48:52.695119 np0000163583 devstack@neutron-api.service[102151]: INFO neutron.api.extensions [None req-a58f1db8-4837-42e6-afb7-59998bdeca2e None None] Loaded extension: ext-gw-mode
Apr 06 19:48:52.695248 np0000163583 devstack@neutron-api.service[102151]: DEBUG neutron.api.extensions [None req-a58f1db8-4837-42e6-afb7-59998bdeca2e None None] Loading extension file: l3_ext_ha_mode.py {{(pid=102151) _load_all_extensions_from_path /opt/stack/neutron/neutron/api/extensions.py:449}}
Apr 06 19:48:52.695510 np0000163583 devstack@neutron-api.service[102151]: DEBUG neutron.api.extensions [None req-a58f1db8-4837-42e6-afb7-59998bdeca2e None None] Ext name="HA Router extension" alias="l3-ha" description="Adds HA capability to routers." updated="2014-04-26T00:00:00-00:00" {{(pid=102151) _check_extension /opt/stack/neutron/neutron/api/extensions.py:415}}
Apr 06 19:48:52.695715 np0000163583 devstack@neutron-api.service[102151]: INFO neutron.api.extensions [None req-a58f1db8-4837-42e6-afb7-59998bdeca2e None None] Loaded extension: l3-ha
Apr 06 19:48:52.695811 np0000163583 devstack@neutron-api.service[102151]: DEBUG neutron.api.extensions [None req-a58f1db8-4837-42e6-afb7-59998bdeca2e None None] Loading extension file: l3_ext_ndp_proxy.py {{(pid=102151) _load_all_extensions_from_path /opt/stack/neutron/neutron/api/extensions.py:449}}
Apr 06 19:48:52.696056 np0000163583 devstack@neutron-api.service[102151]: DEBUG neutron.api.extensions [None req-a58f1db8-4837-42e6-afb7-59998bdeca2e None None] Ext name="Router support to enable NDP proxy" alias="l3-ext-ndp-proxy" description="Router extension to enable ndp proxy" updated="2020-08-25T00:00:00-00:00" {{(pid=102151) _check_extension /opt/stack/neutron/neutron/api/extensions.py:415}}
Apr 06 19:48:52.696254 np0000163583 devstack@neutron-api.service[102151]: INFO neutron.api.extensions [None req-a58f1db8-4837-42e6-afb7-59998bdeca2e None None] Extension l3-ext-ndp-proxy not supported by any of loaded plugins
Apr 06 19:48:52.696417 np0000163583 devstack@neutron-api.service[102151]: DEBUG neutron.api.extensions [None req-a58f1db8-4837-42e6-afb7-59998bdeca2e None None] Loading extension file: l3_extra_gws.py {{(pid=102151) _load_all_extensions_from_path /opt/stack/neutron/neutron/api/extensions.py:449}}
Apr 06 19:48:52.696677 np0000163583 devstack@neutron-api.service[102151]: DEBUG neutron.api.extensions [None req-a58f1db8-4837-42e6-afb7-59998bdeca2e None None] Ext name="Neutron L3 External Gateway Multihoming" alias="external-gateway-multihoming" description="Allow multiple external gateway ports per router" updated="2023-01-18T00:00:00-00:00" {{(pid=102151) _check_extension /opt/stack/neutron/neutron/api/extensions.py:415}}
Apr 06 19:48:52.696901 np0000163583 devstack@neutron-api.service[102151]: INFO neutron.api.extensions [None req-a58f1db8-4837-42e6-afb7-59998bdeca2e None None] Loaded extension: external-gateway-multihoming
Apr 06 19:48:52.697002 np0000163583 devstack@neutron-api.service[102151]: DEBUG neutron.api.extensions [None req-a58f1db8-4837-42e6-afb7-59998bdeca2e None None] Loading extension file: l3_flavors.py {{(pid=102151) _load_all_extensions_from_path /opt/stack/neutron/neutron/api/extensions.py:449}}
Apr 06 19:48:52.697271 np0000163583 devstack@neutron-api.service[102151]: DEBUG neutron.api.extensions [None req-a58f1db8-4837-42e6-afb7-59998bdeca2e None None] Ext name="Router Flavor Extension" alias="l3-flavors" description="Flavor support for routers." updated="2016-05-17T00:00:00-00:00" {{(pid=102151) _check_extension /opt/stack/neutron/neutron/api/extensions.py:415}}
Apr 06 19:48:52.697447 np0000163583 devstack@neutron-api.service[102151]: INFO neutron.api.extensions [None req-a58f1db8-4837-42e6-afb7-59998bdeca2e None None] Loaded extension: l3-flavors
Apr 06 19:48:52.697560 np0000163583 devstack@neutron-api.service[102151]: DEBUG neutron.api.extensions [None req-a58f1db8-4837-42e6-afb7-59998bdeca2e None None] Loading extension file: l3_ndp_proxy.py {{(pid=102151) _load_all_extensions_from_path /opt/stack/neutron/neutron/api/extensions.py:449}}
Apr 06 19:48:52.697875 np0000163583 devstack@neutron-api.service[102151]: DEBUG neutron.api.extensions [None req-a58f1db8-4837-42e6-afb7-59998bdeca2e None None] Ext name="name" alias="l3-ndp-proxy" description="description" updated="2021-06-29T10:00:00-00:00" {{(pid=102151) _check_extension /opt/stack/neutron/neutron/api/extensions.py:415}}
Apr 06 19:48:52.698045 np0000163583 devstack@neutron-api.service[102151]: INFO neutron.api.extensions [None req-a58f1db8-4837-42e6-afb7-59998bdeca2e None None] Extension l3-ndp-proxy not supported by any of loaded plugins
Apr 06 19:48:52.698144 np0000163583 devstack@neutron-api.service[102151]: DEBUG neutron.api.extensions [None req-a58f1db8-4837-42e6-afb7-59998bdeca2e None None] Loading extension file: l3_port_ip_change_not_allowed.py {{(pid=102151) _load_all_extensions_from_path /opt/stack/neutron/neutron/api/extensions.py:449}}
Apr 06 19:48:52.698409 np0000163583 devstack@neutron-api.service[102151]: DEBUG neutron.api.extensions [None req-a58f1db8-4837-42e6-afb7-59998bdeca2e None None] Ext name="Prevent L3 router ports IP address change extension" alias="l3-port-ip-change-not-allowed" description="Prevent change of IP address for some L3 router ports" updated="2018-10-09T10:00:00-00:00" {{(pid=102151) _check_extension /opt/stack/neutron/neutron/api/extensions.py:415}}
Apr 06 19:48:52.698591 np0000163583 devstack@neutron-api.service[102151]: INFO neutron.api.extensions [None req-a58f1db8-4837-42e6-afb7-59998bdeca2e None None] Extension l3-port-ip-change-not-allowed not supported by any of loaded plugins
Apr 06 19:48:52.698679 np0000163583 devstack@neutron-api.service[102151]: DEBUG neutron.api.extensions [None req-a58f1db8-4837-42e6-afb7-59998bdeca2e None None] Loading extension file: l3agentscheduler.py {{(pid=102151) _load_all_extensions_from_path /opt/stack/neutron/neutron/api/extensions.py:449}}
Apr 06 19:48:52.699279 np0000163583 devstack@neutron-api.service[102151]: DEBUG neutron.api.extensions [None req-a58f1db8-4837-42e6-afb7-59998bdeca2e None None] Ext name="L3 Agent Scheduler" alias="l3_agent_scheduler" description="Schedule routers among l3 agents" updated="2013-02-07T10:00:00-00:00" {{(pid=102151) _check_extension /opt/stack/neutron/neutron/api/extensions.py:415}}
Apr 06 19:48:52.699437 np0000163583 devstack@neutron-api.service[102151]: INFO neutron.api.extensions [None req-a58f1db8-4837-42e6-afb7-59998bdeca2e None None] Extension l3_agent_scheduler not supported by any of loaded plugins
Apr 06 19:48:52.699549 np0000163583 devstack@neutron-api.service[102151]: DEBUG neutron.api.extensions [None req-a58f1db8-4837-42e6-afb7-59998bdeca2e None None] Loading extension file: local_ip.py {{(pid=102151) _load_all_extensions_from_path /opt/stack/neutron/neutron/api/extensions.py:449}}
Apr 06 19:48:52.699889 np0000163583 devstack@neutron-api.service[102151]: DEBUG neutron.api.extensions [None req-a58f1db8-4837-42e6-afb7-59998bdeca2e None None] Ext name="Local IP" alias="local_ip" description="Support Node Local Virtual IP" updated="2021-07-26T10:00:00-00:00" {{(pid=102151) _check_extension /opt/stack/neutron/neutron/api/extensions.py:415}}
Apr 06 19:48:52.700085 np0000163583 devstack@neutron-api.service[102151]: INFO neutron.api.extensions [None req-a58f1db8-4837-42e6-afb7-59998bdeca2e None None] Extension local_ip not supported by any of loaded plugins
Apr 06 19:48:52.700211 np0000163583 devstack@neutron-api.service[102151]: DEBUG neutron.api.extensions [None req-a58f1db8-4837-42e6-afb7-59998bdeca2e None None] Loading extension file: logging.py {{(pid=102151) _load_all_extensions_from_path /opt/stack/neutron/neutron/api/extensions.py:449}}
Apr 06 19:48:52.700262 np0000163583 devstack@neutron-api.service[102149]: DEBUG neutron_lib.callbacks.manager [None req-026b19b0-7e7e-4384-a402-f2b50701b62e None None] Subscribe: > router before_delete 55550000, False {{(pid=102149) subscribe /opt/stack/data/venv/lib/python3.12/site-packages/neutron_lib/callbacks/manager.py:52}}
Apr 06 19:48:52.700499 np0000163583 devstack@neutron-api.service[102149]: DEBUG neutron_lib.callbacks.manager [None req-026b19b0-7e7e-4384-a402-f2b50701b62e None None] Subscribe: port after_update 55550000, False {{(pid=102149) subscribe /opt/stack/data/venv/lib/python3.12/site-packages/neutron_lib/callbacks/manager.py:52}}
Apr 06 19:48:52.700594 np0000163583 devstack@neutron-api.service[102151]: DEBUG neutron.api.extensions [None req-a58f1db8-4837-42e6-afb7-59998bdeca2e None None] Ext name="Logging API Extension" alias="logging" description="Provides a logging API for resources such as security group and firewall." updated="2017-01-01T10:00:00-00:00" {{(pid=102151) _check_extension /opt/stack/neutron/neutron/api/extensions.py:415}}
Apr 06 19:48:52.700655 np0000163583 devstack@neutron-api.service[102149]: DEBUG neutron_lib.callbacks.manager [None req-026b19b0-7e7e-4384-a402-f2b50701b62e None None] Subscribe: port after_delete 55550000, False {{(pid=102149) subscribe /opt/stack/data/venv/lib/python3.12/site-packages/neutron_lib/callbacks/manager.py:52}}
Apr 06 19:48:52.700779 np0000163583 devstack@neutron-api.service[102151]: INFO neutron.api.extensions [None req-a58f1db8-4837-42e6-afb7-59998bdeca2e None None] Extension logging not supported by any of loaded plugins
Apr 06 19:48:52.700831 np0000163583 devstack@neutron-api.service[102149]: DEBUG neutron_lib.callbacks.manager [None req-026b19b0-7e7e-4384-a402-f2b50701b62e None None] Subscribe: subnet after_update 55550000, False {{(pid=102149) subscribe /opt/stack/data/venv/lib/python3.12/site-packages/neutron_lib/callbacks/manager.py:52}}
Apr 06 19:48:52.700881 np0000163583 devstack@neutron-api.service[102151]: DEBUG neutron.api.extensions [None req-a58f1db8-4837-42e6-afb7-59998bdeca2e None None] Loading extension file: metering.py {{(pid=102151) _load_all_extensions_from_path /opt/stack/neutron/neutron/api/extensions.py:449}}
Apr 06 19:48:52.700928 np0000163583 devstack@neutron-api.service[102149]: DEBUG neutron_lib.callbacks.manager [None req-026b19b0-7e7e-4384-a402-f2b50701b62e None None] Subscribe: subnetpool_address_scope after_update 55550000, False {{(pid=102149) subscribe /opt/stack/data/venv/lib/python3.12/site-packages/neutron_lib/callbacks/manager.py:52}}
Apr 06 19:48:52.701095 np0000163583 devstack@neutron-api.service[102149]: DEBUG neutron_lib.callbacks.manager [None req-026b19b0-7e7e-4384-a402-f2b50701b62e None None] Subscribe: port before_update 55550000, False {{(pid=102149) subscribe /opt/stack/data/venv/lib/python3.12/site-packages/neutron_lib/callbacks/manager.py:52}}
Apr 06 19:48:52.701232 np0000163583 devstack@neutron-api.service[102149]: DEBUG neutron_lib.callbacks.manager [None req-026b19b0-7e7e-4384-a402-f2b50701b62e None None] Subscribe: port after_update 55550000, False {{(pid=102149) subscribe /opt/stack/data/venv/lib/python3.12/site-packages/neutron_lib/callbacks/manager.py:52}}
Apr 06 19:48:52.701333 np0000163583 devstack@neutron-api.service[102151]: DEBUG neutron.api.extensions [None req-a58f1db8-4837-42e6-afb7-59998bdeca2e None None] Ext name="Neutron Metering" alias="metering" description="Neutron Metering extension." updated="2013-06-12T10:00:00-00:00" {{(pid=102151) _check_extension /opt/stack/neutron/neutron/api/extensions.py:415}}
Apr 06 19:48:52.701382 np0000163583 devstack@neutron-api.service[102149]: DEBUG neutron_lib.callbacks.manager [None req-026b19b0-7e7e-4384-a402-f2b50701b62e None None] Subscribe: > port precommit_delete 55550000, False {{(pid=102149) subscribe /opt/stack/data/venv/lib/python3.12/site-packages/neutron_lib/callbacks/manager.py:52}}
Apr 06 19:48:52.701534 np0000163583 devstack@neutron-api.service[102151]: INFO neutron.api.extensions [None req-a58f1db8-4837-42e6-afb7-59998bdeca2e None None] Extension metering not supported by any of loaded plugins
Apr 06 19:48:52.701587 np0000163583 devstack@neutron-api.service[102149]: DEBUG neutron_lib.callbacks.manager [None req-026b19b0-7e7e-4384-a402-f2b50701b62e None None] Subscribe: port before_update 55550000, False {{(pid=102149) subscribe /opt/stack/data/venv/lib/python3.12/site-packages/neutron_lib/callbacks/manager.py:52}}
Apr 06 19:48:52.701627 np0000163583 devstack@neutron-api.service[102151]: DEBUG neutron.api.extensions [None req-a58f1db8-4837-42e6-afb7-59998bdeca2e None None] Loading extension file: metering_source_and_destination_fields.py {{(pid=102151) _load_all_extensions_from_path /opt/stack/neutron/neutron/api/extensions.py:449}}
Apr 06 19:48:52.701694 np0000163583 devstack@neutron-api.service[102149]: DEBUG neutron_lib.callbacks.manager [None req-026b19b0-7e7e-4384-a402-f2b50701b62e None None] Subscribe: port before_delete 55550000, False {{(pid=102149) subscribe /opt/stack/data/venv/lib/python3.12/site-packages/neutron_lib/callbacks/manager.py:52}}
Apr 06 19:48:52.701823 np0000163583 devstack@neutron-api.service[102149]: DEBUG neutron_lib.callbacks.manager [None req-026b19b0-7e7e-4384-a402-f2b50701b62e None None] Subscribe: > router precommit_create 55550000, False {{(pid=102149) subscribe /opt/stack/data/venv/lib/python3.12/site-packages/neutron_lib/callbacks/manager.py:52}}
Apr 06 19:48:52.701880 np0000163583 devstack@neutron-api.service[102151]: DEBUG neutron.api.extensions [None req-a58f1db8-4837-42e6-afb7-59998bdeca2e None None] Ext name="Neutron Metering with source and destination filtering" alias="metering_source_and_destination_fields" description="Neutron Metering extension that enables the use of source and destination IP prefixes to create metering label rules." updated="2020-08-21T08:12:00-00:00" {{(pid=102151) _check_extension /opt/stack/neutron/neutron/api/extensions.py:415}}
Apr 06 19:48:52.701980 np0000163583 devstack@neutron-api.service[102149]: DEBUG neutron_lib.callbacks.manager [None req-026b19b0-7e7e-4384-a402-f2b50701b62e None None] Subscribe: > router precommit_create 55550000, False {{(pid=102149) subscribe /opt/stack/data/venv/lib/python3.12/site-packages/neutron_lib/callbacks/manager.py:52}}
Apr 06 19:48:52.702036 np0000163583 devstack@neutron-api.service[102151]: INFO neutron.api.extensions [None req-a58f1db8-4837-42e6-afb7-59998bdeca2e None None] Extension metering_source_and_destination_fields not supported by any of loaded plugins
Apr 06 19:48:52.702122 np0000163583 devstack@neutron-api.service[102149]: DEBUG neutron_lib.callbacks.manager [None req-026b19b0-7e7e-4384-a402-f2b50701b62e None None] Subscribe: > router precommit_update 55550000, False {{(pid=102149) subscribe /opt/stack/data/venv/lib/python3.12/site-packages/neutron_lib/callbacks/manager.py:52}}
Apr 06 19:48:52.702292 np0000163583 devstack@neutron-api.service[102151]: DEBUG neutron.api.extensions [None req-a58f1db8-4837-42e6-afb7-59998bdeca2e None None] Loading extension file: multiprovidernet.py {{(pid=102151) _load_all_extensions_from_path /opt/stack/neutron/neutron/api/extensions.py:449}}
Apr 06 19:48:52.702339 np0000163583 devstack@neutron-api.service[102149]: DEBUG neutron_lib.callbacks.manager [None req-026b19b0-7e7e-4384-a402-f2b50701b62e None None] Subscribe: subnet after_update 55550000, False {{(pid=102149) subscribe /opt/stack/data/venv/lib/python3.12/site-packages/neutron_lib/callbacks/manager.py:52}}
Apr 06 19:48:52.702392 np0000163583 devstack@neutron-api.service[102151]: DEBUG neutron.api.extensions [None req-a58f1db8-4837-42e6-afb7-59998bdeca2e None None] Ext name="Multi Provider Network" alias="multi-provider" description="Expose mapping of virtual networks to multiple physical networks" updated="2013-06-27T10:00:00-00:00" {{(pid=102151) _check_extension /opt/stack/neutron/neutron/api/extensions.py:415}}
Apr 06 19:48:52.702433 np0000163583 devstack@neutron-api.service[102148]: DEBUG neutron_lib.callbacks.manager [None req-1627cf61-fb41-4fd3-90a3-5a05d2671ed9 None None] Subscribe: > router before_delete 55550000, False {{(pid=102148) subscribe /opt/stack/data/venv/lib/python3.12/site-packages/neutron_lib/callbacks/manager.py:52}}
Apr 06 19:48:52.702591 np0000163583 devstack@neutron-api.service[102151]: INFO neutron.api.extensions [None req-a58f1db8-4837-42e6-afb7-59998bdeca2e None None] Loaded extension: multi-provider
Apr 06 19:48:52.702644 np0000163583 devstack@neutron-api.service[102148]: DEBUG neutron_lib.callbacks.manager [None req-1627cf61-fb41-4fd3-90a3-5a05d2671ed9 None None] Subscribe: port after_update 55550000, False {{(pid=102148) subscribe /opt/stack/data/venv/lib/python3.12/site-packages/neutron_lib/callbacks/manager.py:52}}
Apr 06 19:48:52.702681 np0000163583 devstack@neutron-api.service[102151]: DEBUG neutron.api.extensions [None req-a58f1db8-4837-42e6-afb7-59998bdeca2e None None] Loading extension file: netmtu.py {{(pid=102151) _load_all_extensions_from_path /opt/stack/neutron/neutron/api/extensions.py:449}}
Apr 06 19:48:52.702719 np0000163583 devstack@neutron-api.service[102148]: DEBUG neutron_lib.callbacks.manager [None req-1627cf61-fb41-4fd3-90a3-5a05d2671ed9 None None] Subscribe: port after_delete 55550000, False {{(pid=102148) subscribe /opt/stack/data/venv/lib/python3.12/site-packages/neutron_lib/callbacks/manager.py:52}}
Apr 06 19:48:52.702810 np0000163583 devstack@neutron-api.service[102148]: DEBUG neutron_lib.callbacks.manager [None req-1627cf61-fb41-4fd3-90a3-5a05d2671ed9 None None] Subscribe: subnet after_update 55550000, False {{(pid=102148) subscribe /opt/stack/data/venv/lib/python3.12/site-packages/neutron_lib/callbacks/manager.py:52}}
Apr 06 19:48:52.702913 np0000163583 devstack@neutron-api.service[102148]: DEBUG neutron_lib.callbacks.manager [None req-1627cf61-fb41-4fd3-90a3-5a05d2671ed9 None None] Subscribe: subnetpool_address_scope after_update 55550000, False {{(pid=102148) subscribe /opt/stack/data/venv/lib/python3.12/site-packages/neutron_lib/callbacks/manager.py:52}}
Apr 06 19:48:52.702954 np0000163583 devstack@neutron-api.service[102151]: DEBUG neutron.api.extensions [None req-a58f1db8-4837-42e6-afb7-59998bdeca2e None None] Ext name="Network MTU" alias="net-mtu" description="Provides MTU attribute for a network resource." updated="2015-03-25T10:00:00-00:00" {{(pid=102151) _check_extension /opt/stack/neutron/neutron/api/extensions.py:415}}
Apr 06 19:48:52.703023 np0000163583 devstack@neutron-api.service[102148]: DEBUG neutron_lib.callbacks.manager [None req-1627cf61-fb41-4fd3-90a3-5a05d2671ed9 None None] Subscribe: port before_update 55550000, False {{(pid=102148) subscribe /opt/stack/data/venv/lib/python3.12/site-packages/neutron_lib/callbacks/manager.py:52}}
Apr 06 19:48:52.703090 np0000163583 devstack@neutron-api.service[102151]: INFO neutron.api.extensions [None req-a58f1db8-4837-42e6-afb7-59998bdeca2e None None] Loaded extension: net-mtu
Apr 06 19:48:52.703135 np0000163583 devstack@neutron-api.service[102148]: DEBUG neutron_lib.callbacks.manager [None req-1627cf61-fb41-4fd3-90a3-5a05d2671ed9 None None] Subscribe: port after_update 55550000, False {{(pid=102148) subscribe /opt/stack/data/venv/lib/python3.12/site-packages/neutron_lib/callbacks/manager.py:52}}
Apr 06 19:48:52.703210 np0000163583 devstack@neutron-api.service[102151]: DEBUG neutron.api.extensions [None req-a58f1db8-4837-42e6-afb7-59998bdeca2e None None] Loading extension file: netmtu_writable.py {{(pid=102151) _load_all_extensions_from_path /opt/stack/neutron/neutron/api/extensions.py:449}}
Apr 06 19:48:52.703263 np0000163583 devstack@neutron-api.service[102148]: DEBUG neutron_lib.callbacks.manager [None req-1627cf61-fb41-4fd3-90a3-5a05d2671ed9 None None] Subscribe: > port precommit_delete 55550000, False {{(pid=102148) subscribe /opt/stack/data/venv/lib/python3.12/site-packages/neutron_lib/callbacks/manager.py:52}}
Apr 06 19:48:52.703321 np0000163583 devstack@neutron-api.service[102149]: DEBUG neutron.quota.resource_registry [None req-026b19b0-7e7e-4384-a402-f2b50701b62e None None] Tracking information for resource: router configured {{(pid=102149) set_tracked_resource /opt/stack/neutron/neutron/quota/resource_registry.py:203}}
Apr 06 19:48:52.703414 np0000163583 devstack@neutron-api.service[102149]: DEBUG neutron.quota.resource_registry [None req-026b19b0-7e7e-4384-a402-f2b50701b62e None None] Tracking information for resource: floatingip configured {{(pid=102149) set_tracked_resource /opt/stack/neutron/neutron/quota/resource_registry.py:203}}
Apr 06 19:48:52.703479 np0000163583 devstack@neutron-api.service[102148]: DEBUG neutron_lib.callbacks.manager [None req-1627cf61-fb41-4fd3-90a3-5a05d2671ed9 None None] Subscribe: port before_update 55550000, False {{(pid=102148) subscribe /opt/stack/data/venv/lib/python3.12/site-packages/neutron_lib/callbacks/manager.py:52}}
Apr 06 19:48:52.703535 np0000163583 devstack@neutron-api.service[102151]: DEBUG neutron.api.extensions [None req-a58f1db8-4837-42e6-afb7-59998bdeca2e None None] Ext name="Network MTU (writable)" alias="net-mtu-writable" description="Provides a writable MTU attribute for a network resource." updated="2017-07-12T00:00:00-00:00" {{(pid=102151) _check_extension /opt/stack/neutron/neutron/api/extensions.py:415}}
Apr 06 19:48:52.703580 np0000163583 devstack@neutron-api.service[102149]: INFO neutron.services.ovn_l3.plugin [None req-026b19b0-7e7e-4384-a402-f2b50701b62e None None] Starting OVNL3RouterPlugin
Apr 06 19:48:52.703615 np0000163583 devstack@neutron-api.service[102148]: DEBUG neutron_lib.callbacks.manager [None req-1627cf61-fb41-4fd3-90a3-5a05d2671ed9 None None] Subscribe: port before_delete 55550000, False {{(pid=102148) subscribe /opt/stack/data/venv/lib/python3.12/site-packages/neutron_lib/callbacks/manager.py:52}}
Apr 06 19:48:52.703664 np0000163583 devstack@neutron-api.service[102151]: INFO neutron.api.extensions [None req-a58f1db8-4837-42e6-afb7-59998bdeca2e None None] Loaded extension: net-mtu-writable
Apr 06 19:48:52.703740 np0000163583 devstack@neutron-api.service[102148]: DEBUG neutron_lib.callbacks.manager [None req-1627cf61-fb41-4fd3-90a3-5a05d2671ed9 None None] Subscribe: > router precommit_create 55550000, False {{(pid=102148) subscribe /opt/stack/data/venv/lib/python3.12/site-packages/neutron_lib/callbacks/manager.py:52}}
Apr 06 19:48:52.703797 np0000163583 devstack@neutron-api.service[102151]: DEBUG neutron.api.extensions [None req-a58f1db8-4837-42e6-afb7-59998bdeca2e None None] Loading extension file: network_availability_zone.py {{(pid=102151) _load_all_extensions_from_path /opt/stack/neutron/neutron/api/extensions.py:449}}
Apr 06 19:48:52.703873 np0000163583 devstack@neutron-api.service[102148]: DEBUG neutron_lib.callbacks.manager [None req-1627cf61-fb41-4fd3-90a3-5a05d2671ed9 None None] Subscribe: > router precommit_create 55550000, False {{(pid=102148) subscribe /opt/stack/data/venv/lib/python3.12/site-packages/neutron_lib/callbacks/manager.py:52}}
Apr 06 19:48:52.703923 np0000163583 devstack@neutron-api.service[102149]: DEBUG neutron_lib.callbacks.manager [None req-026b19b0-7e7e-4384-a402-f2b50701b62e None None] Subscribe: > port_forwarding_plugin after_init 55550000, False {{(pid=102149) subscribe /opt/stack/data/venv/lib/python3.12/site-packages/neutron_lib/callbacks/manager.py:52}}
Apr 06 19:48:52.703984 np0000163583 devstack@neutron-api.service[102151]: DEBUG neutron.api.extensions [None req-a58f1db8-4837-42e6-afb7-59998bdeca2e None None] Ext name="Network Availability Zone" alias="network_availability_zone" description="Availability zone support for network." updated="2015-01-01T10:00:00-00:00" {{(pid=102151) _check_extension /opt/stack/neutron/neutron/api/extensions.py:415}}
Apr 06 19:48:52.704044 np0000163583 devstack@neutron-api.service[102148]: DEBUG neutron_lib.callbacks.manager [None req-1627cf61-fb41-4fd3-90a3-5a05d2671ed9 None None] Subscribe: > router precommit_update 55550000, False {{(pid=102148) subscribe /opt/stack/data/venv/lib/python3.12/site-packages/neutron_lib/callbacks/manager.py:52}}
Apr 06 19:48:52.704156 np0000163583 devstack@neutron-api.service[102148]: DEBUG neutron_lib.callbacks.manager [None req-1627cf61-fb41-4fd3-90a3-5a05d2671ed9 None None] Subscribe: subnet after_update 55550000, False {{(pid=102148) subscribe /opt/stack/data/venv/lib/python3.12/site-packages/neutron_lib/callbacks/manager.py:52}}
Apr 06 19:48:52.704209 np0000163583 devstack@neutron-api.service[102149]: DEBUG neutron_lib.callbacks.manager [None req-026b19b0-7e7e-4384-a402-f2b50701b62e None None] Subscribe: > router before_create 55550100, False {{(pid=102149) subscribe /opt/stack/data/venv/lib/python3.12/site-packages/neutron_lib/callbacks/manager.py:52}}
Apr 06 19:48:52.704247 np0000163583 devstack@neutron-api.service[102151]: INFO neutron.api.extensions [None req-a58f1db8-4837-42e6-afb7-59998bdeca2e None None] Loaded extension: network_availability_zone
Apr 06 19:48:52.704247 np0000163583 devstack@neutron-api.service[102151]: DEBUG neutron.api.extensions [None req-a58f1db8-4837-42e6-afb7-59998bdeca2e None None] Loading extension file: network_ha.py {{(pid=102151) _load_all_extensions_from_path /opt/stack/neutron/neutron/api/extensions.py:449}}
Apr 06 19:48:52.704328 np0000163583 devstack@neutron-api.service[102149]: DEBUG neutron_lib.callbacks.manager [None req-026b19b0-7e7e-4384-a402-f2b50701b62e None None] Subscribe: > router precommit_delete 55550100, False {{(pid=102149) subscribe /opt/stack/data/venv/lib/python3.12/site-packages/neutron_lib/callbacks/manager.py:52}}
Apr 06 19:48:52.704529 np0000163583 devstack@neutron-api.service[102149]: DEBUG neutron_lib.callbacks.manager [None req-026b19b0-7e7e-4384-a402-f2b50701b62e None None] Subscribe: > router precommit_create 55550100, False {{(pid=102149) subscribe /opt/stack/data/venv/lib/python3.12/site-packages/neutron_lib/callbacks/manager.py:52}}
Apr 06 19:48:52.704595 np0000163583 devstack@neutron-api.service[102151]: DEBUG neutron.api.extensions [None req-a58f1db8-4837-42e6-afb7-59998bdeca2e None None] Ext name="Network HA creation flag" alias="network_ha" description="Network high availability creation flag." updated="2023-04-27T10:00:00-00:00" {{(pid=102151) _check_extension /opt/stack/neutron/neutron/api/extensions.py:415}}
Apr 06 19:48:52.704692 np0000163583 devstack@neutron-api.service[102149]: DEBUG neutron_lib.callbacks.manager [None req-026b19b0-7e7e-4384-a402-f2b50701b62e None None] Subscribe: > router precommit_update 55550100, False {{(pid=102149) subscribe /opt/stack/data/venv/lib/python3.12/site-packages/neutron_lib/callbacks/manager.py:52}}
Apr 06 19:48:52.704766 np0000163583 devstack@neutron-api.service[102151]: INFO neutron.api.extensions [None req-a58f1db8-4837-42e6-afb7-59998bdeca2e None None] Extension network_ha not supported by any of loaded plugins
Apr 06 19:48:52.704858 np0000163583 devstack@neutron-api.service[102151]: DEBUG neutron.api.extensions [None req-a58f1db8-4837-42e6-afb7-59998bdeca2e None None] Loading extension file: network_ip_availability.py {{(pid=102151) _load_all_extensions_from_path /opt/stack/neutron/neutron/api/extensions.py:449}}
Apr 06 19:48:52.705057 np0000163583 devstack@neutron-api.service[102148]: DEBUG neutron.quota.resource_registry [None req-1627cf61-fb41-4fd3-90a3-5a05d2671ed9 None None] Tracking information for resource: router configured {{(pid=102148) set_tracked_resource /opt/stack/neutron/neutron/quota/resource_registry.py:203}}
Apr 06 19:48:52.705108 np0000163583 devstack@neutron-api.service[102151]: DEBUG neutron.api.extensions [None req-a58f1db8-4837-42e6-afb7-59998bdeca2e None None] Ext name="Network IP Availability" alias="network-ip-availability" description="Provides IP availability data for each network and subnet." updated="2015-09-24T00:00:00-00:00" {{(pid=102151) _check_extension /opt/stack/neutron/neutron/api/extensions.py:415}}
Apr 06 19:48:52.705165 np0000163583 devstack@neutron-api.service[102148]: DEBUG neutron.quota.resource_registry [None req-1627cf61-fb41-4fd3-90a3-5a05d2671ed9 None None] Tracking information for resource: floatingip configured {{(pid=102148) set_tracked_resource /opt/stack/neutron/neutron/quota/resource_registry.py:203}}
Apr 06 19:48:52.705256 np0000163583 devstack@neutron-api.service[102148]: INFO neutron.services.ovn_l3.plugin [None req-1627cf61-fb41-4fd3-90a3-5a05d2671ed9 None None] Starting OVNL3RouterPlugin
Apr 06 19:48:52.705326 np0000163583 devstack@neutron-api.service[102151]: INFO neutron.api.extensions [None req-a58f1db8-4837-42e6-afb7-59998bdeca2e None None] Loaded extension: network-ip-availability
Apr 06 19:48:52.705423 np0000163583 devstack@neutron-api.service[102151]: DEBUG neutron.api.extensions [None req-a58f1db8-4837-42e6-afb7-59998bdeca2e None None] Loading extension file: network_ip_availability_details.py {{(pid=102151) _load_all_extensions_from_path /opt/stack/neutron/neutron/api/extensions.py:449}}
Apr 06 19:48:52.705493 np0000163583 devstack@neutron-api.service[102148]: DEBUG neutron_lib.callbacks.manager [None req-1627cf61-fb41-4fd3-90a3-5a05d2671ed9 None None] Subscribe: > port_forwarding_plugin after_init 55550000, False {{(pid=102148) subscribe /opt/stack/data/venv/lib/python3.12/site-packages/neutron_lib/callbacks/manager.py:52}}
