Jun 25 20:06:23.630996 np0000182850 devstack@neutron-api.service[103378]: DEBUG ovsdbapp.backend.ovs_idl [None req-301dae06-20eb-40d8-a73e-dfecc299a337 None None] Created schema index Copp.name {{(pid=103378) autocreate_indices /opt/stack/data/venv/lib/python3.12/site-packages/ovsdbapp/backend/ovs_idl/__init__.py:106}}
Jun 25 20:06:23.631111 np0000182850 devstack@neutron-api.service[103378]: DEBUG ovsdbapp.backend.ovs_idl [None req-301dae06-20eb-40d8-a73e-dfecc299a337 None None] Created schema index Meter.name {{(pid=103378) autocreate_indices /opt/stack/data/venv/lib/python3.12/site-packages/ovsdbapp/backend/ovs_idl/__init__.py:106}}
Jun 25 20:06:23.631191 np0000182850 devstack@neutron-api.service[103378]: DEBUG ovsdbapp.backend.ovs_idl [None req-301dae06-20eb-40d8-a73e-dfecc299a337 None None] Created schema index Load_Balancer_Group.name {{(pid=103378) autocreate_indices /opt/stack/data/venv/lib/python3.12/site-packages/ovsdbapp/backend/ovs_idl/__init__.py:106}}
Jun 25 20:06:23.631287 np0000182850 devstack@neutron-api.service[103378]: DEBUG ovsdbapp.backend.ovs_idl [None req-301dae06-20eb-40d8-a73e-dfecc299a337 None None] Created schema index HA_Chassis_Group.name {{(pid=103378) autocreate_indices /opt/stack/data/venv/lib/python3.12/site-packages/ovsdbapp/backend/ovs_idl/__init__.py:106}}
Jun 25 20:06:23.631368 np0000182850 devstack@neutron-api.service[103378]: DEBUG ovsdbapp.backend.ovs_idl [None req-301dae06-20eb-40d8-a73e-dfecc299a337 None None] Created schema index Address_Set.name {{(pid=103378) autocreate_indices /opt/stack/data/venv/lib/python3.12/site-packages/ovsdbapp/backend/ovs_idl/__init__.py:106}}
Jun 25 20:06:23.631472 np0000182850 devstack@neutron-api.service[103378]: DEBUG ovsdbapp.backend.ovs_idl [None req-301dae06-20eb-40d8-a73e-dfecc299a337 None None] Created schema index Connection.target {{(pid=103378) autocreate_indices /opt/stack/data/venv/lib/python3.12/site-packages/ovsdbapp/backend/ovs_idl/__init__.py:106}}
Jun 25 20:06:23.631555 np0000182850 devstack@neutron-api.service[103378]: DEBUG ovsdbapp.backend.ovs_idl [None req-301dae06-20eb-40d8-a73e-dfecc299a337 None None] Created schema index Gateway_Chassis.name {{(pid=103378) autocreate_indices /opt/stack/data/venv/lib/python3.12/site-packages/ovsdbapp/backend/ovs_idl/__init__.py:106}}
Jun 25 20:06:23.631643 np0000182850 devstack@neutron-api.service[103378]: DEBUG ovsdbapp.backend.ovs_idl [None req-301dae06-20eb-40d8-a73e-dfecc299a337 None None] Created schema index Mirror.name {{(pid=103378) autocreate_indices /opt/stack/data/venv/lib/python3.12/site-packages/ovsdbapp/backend/ovs_idl/__init__.py:106}}
Jun 25 20:06:23.631733 np0000182850 devstack@neutron-api.service[103378]: DEBUG ovsdbapp.backend.ovs_idl [None req-301dae06-20eb-40d8-a73e-dfecc299a337 None None] Created schema index Chassis_Template_Var.chassis {{(pid=103378) autocreate_indices /opt/stack/data/venv/lib/python3.12/site-packages/ovsdbapp/backend/ovs_idl/__init__.py:106}}
Jun 25 20:06:23.631909 np0000182850 devstack@neutron-api.service[103378]: DEBUG ovsdbapp.backend.ovs_idl [None req-301dae06-20eb-40d8-a73e-dfecc299a337 None None] Created schema index Logical_Router_Port.name {{(pid=103378) autocreate_indices /opt/stack/data/venv/lib/python3.12/site-packages/ovsdbapp/backend/ovs_idl/__init__.py:106}}
Jun 25 20:06:23.632014 np0000182850 devstack@neutron-api.service[103378]: DEBUG ovsdbapp.backend.ovs_idl [None req-301dae06-20eb-40d8-a73e-dfecc299a337 None None] Created schema index Port_Group.name {{(pid=103378) autocreate_indices /opt/stack/data/venv/lib/python3.12/site-packages/ovsdbapp/backend/ovs_idl/__init__.py:106}}
Jun 25 20:06:23.632105 np0000182850 devstack@neutron-api.service[103378]: DEBUG ovsdbapp.backend.ovs_idl [None req-301dae06-20eb-40d8-a73e-dfecc299a337 None None] Created schema index Logical_Switch_Port.name {{(pid=103378) autocreate_indices /opt/stack/data/venv/lib/python3.12/site-packages/ovsdbapp/backend/ovs_idl/__init__.py:106}}
Jun 25 20:06:23.634684 np0000182850 devstack@neutron-api.service[103378]: INFO ovsdbapp.backend.ovs_idl.vlog [None req-301dae06-20eb-40d8-a73e-dfecc299a337 None None] ssl:199.19.213.244:6641: connecting...
Jun 25 20:06:23.639644 np0000182850 devstack@neutron-api.service[103378]: INFO ovsdbapp.backend.ovs_idl.vlog [None req-301dae06-20eb-40d8-a73e-dfecc299a337 None None] ssl:199.19.213.244:6641: connected
Jun 25 20:06:23.678326 np0000182850 devstack@neutron-api.service[103378]: DEBUG neutron.common.ovn.hash_ring_manager [None req-301dae06-20eb-40d8-a73e-dfecc299a337 None None] Disallow caching, nodes 1<4 {{(pid=103378) _wait_startup_before_caching /opt/stack/neutron/neutron/common/ovn/hash_ring_manager.py:79}}
Jun 25 20:06:23.684675 np0000182850 devstack@neutron-api.service[103378]: DEBUG neutron.common.ovn.hash_ring_manager [None req-301dae06-20eb-40d8-a73e-dfecc299a337 None None] Hash Ring loaded. 1 active nodes. 0 offline nodes {{(pid=103378) _load_hash_ring /opt/stack/neutron/neutron/common/ovn/hash_ring_manager.py:110}}
Jun 25 20:06:23.684939 np0000182850 devstack@neutron-api.service[103378]: DEBUG neutron.plugins.ml2.drivers.ovn.mech_driver.ovsdb.ovsdb_monitor [None req-301dae06-20eb-40d8-a73e-dfecc299a337 None None] Hash Ring: Node e29dd28fc0ce5110b34700c0bb0caad8 (host: np0000182850) handling event "create" for row 3c6d05d5-e853-4d27-97cc-bae3708bf625 (table: ACL) {{(pid=103378) notify /opt/stack/neutron/neutron/plugins/ml2/drivers/ovn/mech_driver/ovsdb/ovsdb_monitor.py:1015}}
Jun 25 20:06:23.692329 np0000182850 devstack@neutron-api.service[103378]: DEBUG neutron.common.ovn.hash_ring_manager [None req-301dae06-20eb-40d8-a73e-dfecc299a337 None None] Hash Ring loaded. 1 active nodes. 0 offline nodes {{(pid=103378) _load_hash_ring /opt/stack/neutron/neutron/common/ovn/hash_ring_manager.py:110}}
Jun 25 20:06:23.692563 np0000182850 devstack@neutron-api.service[103378]: DEBUG neutron.plugins.ml2.drivers.ovn.mech_driver.ovsdb.ovsdb_monitor [None req-301dae06-20eb-40d8-a73e-dfecc299a337 None None] Hash Ring: Node e29dd28fc0ce5110b34700c0bb0caad8 (host: np0000182850) handling event "create" for row e987ef98-212d-4573-8b7d-aa4e1ead4b6b (table: ACL) {{(pid=103378) notify /opt/stack/neutron/neutron/plugins/ml2/drivers/ovn/mech_driver/ovsdb/ovsdb_monitor.py:1015}}
Jun 25 20:06:23.700315 np0000182850 devstack@neutron-api.service[103378]: DEBUG neutron.common.ovn.hash_ring_manager [None req-301dae06-20eb-40d8-a73e-dfecc299a337 None None] Hash Ring loaded. 1 active nodes. 0 offline nodes {{(pid=103378) _load_hash_ring /opt/stack/neutron/neutron/common/ovn/hash_ring_manager.py:110}}
Jun 25 20:06:23.700428 np0000182850 devstack@neutron-api.service[103378]: DEBUG neutron.plugins.ml2.drivers.ovn.mech_driver.ovsdb.ovsdb_monitor [None req-301dae06-20eb-40d8-a73e-dfecc299a337 None None] Hash Ring: Node e29dd28fc0ce5110b34700c0bb0caad8 (host: np0000182850) handling event "create" for row d1ebcb1e-5d02-4f4f-8236-9da476f7e2ec (table: Connection) {{(pid=103378) notify /opt/stack/neutron/neutron/plugins/ml2/drivers/ovn/mech_driver/ovsdb/ovsdb_monitor.py:1015}}
Jun 25 20:06:23.707125 np0000182850 devstack@neutron-api.service[103378]: DEBUG neutron.common.ovn.hash_ring_manager [None req-301dae06-20eb-40d8-a73e-dfecc299a337 None None] Hash Ring loaded. 1 active nodes. 0 offline nodes {{(pid=103378) _load_hash_ring /opt/stack/neutron/neutron/common/ovn/hash_ring_manager.py:110}}
Jun 25 20:06:23.707337 np0000182850 devstack@neutron-api.service[103378]: DEBUG neutron.plugins.ml2.drivers.ovn.mech_driver.ovsdb.ovsdb_monitor [None req-301dae06-20eb-40d8-a73e-dfecc299a337 None None] Hash Ring: Node e29dd28fc0ce5110b34700c0bb0caad8 (host: np0000182850) handling event "create" for row d2215335-21ca-4b86-bddb-6846299f6990 (table: NB_Global) {{(pid=103378) notify /opt/stack/neutron/neutron/plugins/ml2/drivers/ovn/mech_driver/ovsdb/ovsdb_monitor.py:1015}}
Jun 25 20:06:23.713765 np0000182850 devstack@neutron-api.service[103378]: DEBUG neutron.common.ovn.hash_ring_manager [None req-301dae06-20eb-40d8-a73e-dfecc299a337 None None] Hash Ring loaded. 1 active nodes. 0 offline nodes {{(pid=103378) _load_hash_ring /opt/stack/neutron/neutron/common/ovn/hash_ring_manager.py:110}}
Jun 25 20:06:23.713905 np0000182850 devstack@neutron-api.service[103378]: DEBUG neutron.plugins.ml2.drivers.ovn.mech_driver.ovsdb.ovsdb_monitor [None req-301dae06-20eb-40d8-a73e-dfecc299a337 None None] Hash Ring: Node e29dd28fc0ce5110b34700c0bb0caad8 (host: np0000182850) handling event "create" for row d2fd7947-17b6-4af1-9982-f660773fd679 (table: Port_Group) {{(pid=103378) notify /opt/stack/neutron/neutron/plugins/ml2/drivers/ovn/mech_driver/ovsdb/ovsdb_monitor.py:1015}}
Jun 25 20:06:23.720272 np0000182850 devstack@neutron-api.service[103378]: DEBUG neutron.common.ovn.hash_ring_manager [None req-301dae06-20eb-40d8-a73e-dfecc299a337 None None] Hash Ring loaded. 1 active nodes. 0 offline nodes {{(pid=103378) _load_hash_ring /opt/stack/neutron/neutron/common/ovn/hash_ring_manager.py:110}}
Jun 25 20:06:23.720466 np0000182850 devstack@neutron-api.service[103378]: DEBUG neutron.plugins.ml2.drivers.ovn.mech_driver.ovsdb.ovsdb_monitor [None req-301dae06-20eb-40d8-a73e-dfecc299a337 None None] Hash Ring: Node e29dd28fc0ce5110b34700c0bb0caad8 (host: np0000182850) handling event "create" for row fc0cb8a0-4a12-447c-87fe-2edd3a9fd05d (table: SSL) {{(pid=103378) notify /opt/stack/neutron/neutron/plugins/ml2/drivers/ovn/mech_driver/ovsdb/ovsdb_monitor.py:1015}}
Jun 25 20:06:23.721733 np0000182850 devstack@neutron-api.service[103378]: INFO neutron.plugins.ml2.drivers.ovn.mech_driver.ovsdb.impl_idl_ovn [None req-301dae06-20eb-40d8-a73e-dfecc299a337 None None] Getting OvsdbSbOvnIdl for WorkerService with retry
Jun 25 20:06:23.754145 np0000182850 devstack@neutron-api.service[103378]: DEBUG ovsdbapp.backend.ovs_idl [None req-301dae06-20eb-40d8-a73e-dfecc299a337 None None] Created lookup_table index Chassis.name {{(pid=103378) autocreate_indices /opt/stack/data/venv/lib/python3.12/site-packages/ovsdbapp/backend/ovs_idl/__init__.py:87}}
Jun 25 20:06:23.754361 np0000182850 devstack@neutron-api.service[103378]: DEBUG ovsdbapp.backend.ovs_idl [None req-301dae06-20eb-40d8-a73e-dfecc299a337 None None] Created lookup_table index Port_Binding.logical_port {{(pid=103378) autocreate_indices /opt/stack/data/venv/lib/python3.12/site-packages/ovsdbapp/backend/ovs_idl/__init__.py:87}}
Jun 25 20:06:23.754361 np0000182850 devstack@neutron-api.service[103378]: DEBUG ovsdbapp.backend.ovs_idl [None req-301dae06-20eb-40d8-a73e-dfecc299a337 None None] Created schema index Chassis_Private.name {{(pid=103378) autocreate_indices /opt/stack/data/venv/lib/python3.12/site-packages/ovsdbapp/backend/ovs_idl/__init__.py:106}}
Jun 25 20:06:23.754481 np0000182850 devstack@neutron-api.service[103378]: DEBUG ovsdbapp.backend.ovs_idl [None req-301dae06-20eb-40d8-a73e-dfecc299a337 None None] Created schema index Datapath_Binding.tunnel_key {{(pid=103378) autocreate_indices /opt/stack/data/venv/lib/python3.12/site-packages/ovsdbapp/backend/ovs_idl/__init__.py:106}}
Jun 25 20:06:23.759651 np0000182850 devstack@neutron-api.service[103378]: INFO ovsdbapp.backend.ovs_idl.vlog [None req-301dae06-20eb-40d8-a73e-dfecc299a337 None None] ssl:199.19.213.244:6642: connecting...
Jun 25 20:06:23.765233 np0000182850 devstack@neutron-api.service[103378]: INFO ovsdbapp.backend.ovs_idl.vlog [None req-301dae06-20eb-40d8-a73e-dfecc299a337 None None] ssl:199.19.213.244:6642: connected
Jun 25 20:06:23.802249 np0000182850 devstack@neutron-api.service[103378]: DEBUG neutron.common.ovn.hash_ring_manager [None req-301dae06-20eb-40d8-a73e-dfecc299a337 None None] Disallow caching, nodes 1<4 {{(pid=103378) _wait_startup_before_caching /opt/stack/neutron/neutron/common/ovn/hash_ring_manager.py:79}}
Jun 25 20:06:23.807701 np0000182850 devstack@neutron-api.service[103378]: DEBUG neutron.common.ovn.hash_ring_manager [None req-301dae06-20eb-40d8-a73e-dfecc299a337 None None] Hash Ring loaded. 1 active nodes. 0 offline nodes {{(pid=103378) _load_hash_ring /opt/stack/neutron/neutron/common/ovn/hash_ring_manager.py:110}}
Jun 25 20:06:23.807968 np0000182850 devstack@neutron-api.service[103378]: DEBUG neutron.plugins.ml2.drivers.ovn.mech_driver.ovsdb.ovsdb_monitor [None req-301dae06-20eb-40d8-a73e-dfecc299a337 None None] Hash Ring: Node e29dd28fc0ce5110b34700c0bb0caad8 (host: np0000182850) handling event "create" for row 5938e2a4-b11e-4eac-a972-d6f42495568d (table: Chassis) {{(pid=103378) notify /opt/stack/neutron/neutron/plugins/ml2/drivers/ovn/mech_driver/ovsdb/ovsdb_monitor.py:1015}}
Jun 25 20:06:23.809251 np0000182850 devstack@neutron-api.service[103378]: DEBUG ovsdbapp.backend.ovs_idl.event [None req-301dae06-20eb-40d8-a73e-dfecc299a337 None None] Matched CREATE: ChassisBandwidthConfigEvent(events=('create', 'update'), table='Chassis', conditions=None, old_conditions=None), priority=20 to row=Chassis(uuid=5938e2a4-b11e-4eac-a972-d6f42495568d, encaps=[f6bbff76-8ca0-462a-8e05-f14d3a2905de], external_ids={}, hostname='np0000182850', name='e3958ba3-344d-4595-9e45-76f9bbe26cf7', nb_cfg=0, other_config={'ct-commit-nat-v2': 'true', 'ct-commit-to-zone': 'true', 'ct-next-zone': 'true', 'ct-no-masked-label': 'true', 'ct-state-save': 'true', 'datapath-type': 'system', 'fdb-timestamp': 'true', 'iface-types': 'afxdp,afxdp-nonpmd,bareudp,erspan,geneve,gre,gtpu,internal,ip6erspan,ip6gre,lisp,patch,srv6,stt,system,tap,vxlan', 'is-interconn': 'false', 'ls-dpg-column': 'true', 'mac-binding-timestamp': 'true', 'ovn-bridge-mappings': 'public:br-ex', 'ovn-chassis-mac-mappings': '', 'ovn-cms-options': 'enable-chassis-as-gw', 'ovn-ct-lb-related': 'true', 'ovn-enable-lflow-cache': 'true', 'ovn-limit-lflow-cache': '', 'ovn-memlimit-lflow-cache-kb': '', 'ovn-monitor-all': 'false', 'ovn-trim-limit-lflow-cache': '', 'ovn-trim-timeout-ms': '', 'ovn-trim-wmark-perc-lflow-cache': '', 'port-up-notif': 'true'}, transport_zones=[], vtep_logical_switches=[]) old= {{(pid=103378) matches /opt/stack/data/venv/lib/python3.12/site-packages/ovsdbapp/backend/ovs_idl/event.py:55}}
Jun 25 20:06:23.810080 np0000182850 devstack@neutron-api.service[103378]: DEBUG neutron.plugins.ml2.drivers.ovn.mech_driver.ovsdb.ovsdb_monitor [None req-301dae06-20eb-40d8-a73e-dfecc299a337 None None] ChassisAgentWriteEvent : Matched Chassis_Private, create, None None {{(pid=103378) matches /opt/stack/neutron/neutron/plugins/ml2/drivers/ovn/mech_driver/ovsdb/ovsdb_monitor.py:64}}
Jun 25 20:06:23.810291 np0000182850 devstack@neutron-api.service[103378]: DEBUG neutron.plugins.ml2.drivers.ovn.mech_driver.ovsdb.ovsdb_monitor [None req-301dae06-20eb-40d8-a73e-dfecc299a337 None None] ChassisOVNAgentWriteEvent : Matched Chassis_Private, create, None None {{(pid=103378) matches /opt/stack/neutron/neutron/plugins/ml2/drivers/ovn/mech_driver/ovsdb/ovsdb_monitor.py:64}}
Jun 25 20:06:23.816855 np0000182850 devstack@neutron-api.service[103378]: DEBUG neutron.common.ovn.hash_ring_manager [None req-301dae06-20eb-40d8-a73e-dfecc299a337 None None] Hash Ring loaded. 1 active nodes. 0 offline nodes {{(pid=103378) _load_hash_ring /opt/stack/neutron/neutron/common/ovn/hash_ring_manager.py:110}}
Jun 25 20:06:23.817008 np0000182850 devstack@neutron-api.service[103378]: DEBUG neutron.plugins.ml2.drivers.ovn.mech_driver.ovsdb.ovsdb_monitor [None req-301dae06-20eb-40d8-a73e-dfecc299a337 None None] Hash Ring: Node e29dd28fc0ce5110b34700c0bb0caad8 (host: np0000182850) handling event "create" for row 906b6b92-d553-44a2-80c1-3262556ab60c (table: Chassis_Private) {{(pid=103378) notify /opt/stack/neutron/neutron/plugins/ml2/drivers/ovn/mech_driver/ovsdb/ovsdb_monitor.py:1015}}
Jun 25 20:06:23.822353 np0000182850 devstack@neutron-api.service[103378]: DEBUG neutron.common.ovn.hash_ring_manager [None req-301dae06-20eb-40d8-a73e-dfecc299a337 None None] Hash Ring loaded. 1 active nodes. 0 offline nodes {{(pid=103378) _load_hash_ring /opt/stack/neutron/neutron/common/ovn/hash_ring_manager.py:110}}
Jun 25 20:06:23.822454 np0000182850 devstack@neutron-api.service[103378]: DEBUG neutron.plugins.ml2.drivers.ovn.mech_driver.ovsdb.ovsdb_monitor [None req-301dae06-20eb-40d8-a73e-dfecc299a337 None None] Hash Ring: Node e29dd28fc0ce5110b34700c0bb0caad8 (host: np0000182850) handling event "create" for row f6bbff76-8ca0-462a-8e05-f14d3a2905de (table: Encap) {{(pid=103378) notify /opt/stack/neutron/neutron/plugins/ml2/drivers/ovn/mech_driver/ovsdb/ovsdb_monitor.py:1015}}
Jun 25 20:06:23.823572 np0000182850 devstack@neutron-api.service[103378]: INFO neutron.plugins.ml2.drivers.ovn.mech_driver.mech_driver [None req-301dae06-20eb-40d8-a73e-dfecc299a337 None None] WorkerService process has finished the post initialization
Jun 25 20:06:23.823854 np0000182850 devstack@neutron-api.service[103378]: DEBUG oslo_concurrency.processutils [None req-301dae06-20eb-40d8-a73e-dfecc299a337 None None] Running cmd (subprocess): ovsdb-client transact ssl:199.19.213.244:6641 --timeout 180 -p /opt/stack/data/CA/int-ca/private/devstack-cert.key -c /opt/stack/data/CA/int-ca/devstack-cert.crt -C /opt/stack/data/CA/int-ca/ca-chain.pem ["OVN_Northbound", {"op": "wait", "timeout": 0, "table": "Port_Group", "where": [["name", "==", "pvlan_pg_drop"]], "until": "==", "rows": []}, {"op": "insert", "table": "ACL", "row": {"action": "drop", "direction": "to-lport", "match": "outport == @pvlan_pg_drop && ip", "priority": 1010}, "uuid-name": "pvlandroptoport"}, {"op": "insert", "table": "ACL", "row": {"action": "drop", "direction": "from-lport", "match": "inport == @pvlan_pg_drop && ip", "priority": 1010}, "uuid-name": "pvlandropfromport"}, {"op": "insert", "table": "Port_Group", "row": {"name": "pvlan_pg_drop", "acls": ["set", [["named-uuid", "pvlandroptoport"], ["named-uuid", "pvlandropfromport"]]]}}] {{(pid=103378) execute /opt/stack/data/venv/lib/python3.12/site-packages/oslo_concurrency/processutils.py:440}}
Jun 25 20:06:23.824353 np0000182850 devstack@neutron-api.service[103378]: INFO neutron.plugins.ml2.drivers.ovn.mech_driver.ovsdb.extensions.qos [-] Starting OVNClientQosExtension
Jun 25 20:06:23.824549 np0000182850 devstack@neutron-api.service[103378]: INFO neutron.plugins.ml2.drivers.ovn.mech_driver.ovsdb.extensions.placement [-] Starting OVNClientPlacementExtension
Jun 25 20:06:23.862176 np0000182850 devstack@neutron-api.service[103378]: DEBUG oslo_concurrency.processutils [None req-301dae06-20eb-40d8-a73e-dfecc299a337 None None] CMD "ovsdb-client transact ssl:199.19.213.244:6641 --timeout 180 -p /opt/stack/data/CA/int-ca/private/devstack-cert.key -c /opt/stack/data/CA/int-ca/devstack-cert.crt -C /opt/stack/data/CA/int-ca/ca-chain.pem ["OVN_Northbound", {"op": "wait", "timeout": 0, "table": "Port_Group", "where": [["name", "==", "pvlan_pg_drop"]], "until": "==", "rows": []}, {"op": "insert", "table": "ACL", "row": {"action": "drop", "direction": "to-lport", "match": "outport == @pvlan_pg_drop && ip", "priority": 1010}, "uuid-name": "pvlandroptoport"}, {"op": "insert", "table": "ACL", "row": {"action": "drop", "direction": "from-lport", "match": "inport == @pvlan_pg_drop && ip", "priority": 1010}, "uuid-name": "pvlandropfromport"}, {"op": "insert", "table": "Port_Group", "row": {"name": "pvlan_pg_drop", "acls": ["set", [["named-uuid", "pvlandroptoport"], ["named-uuid", "pvlandropfromport"]]]}}]" returned: 0 in 0.038s {{(pid=103378) execute /opt/stack/data/venv/lib/python3.12/site-packages/oslo_concurrency/processutils.py:468}}
Jun 25 20:06:23.869760 np0000182850 devstack@neutron-api.service[103378]: WSGI app 0 (mountpoint='') ready in 6 seconds on interpreter 0x76642c0a3668 pid: 103378 (default app)
Jun 25 20:06:23.876086 np0000182850 devstack@neutron-api.service[103378]: DEBUG neutron.common.ovn.hash_ring_manager [-] Hash Ring loaded. 1 active nodes. 0 offline nodes {{(pid=103378) _load_hash_ring /opt/stack/neutron/neutron/common/ovn/hash_ring_manager.py:110}}
Jun 25 20:06:23.876340 np0000182850 devstack@neutron-api.service[103378]: DEBUG neutron.plugins.ml2.drivers.ovn.mech_driver.ovsdb.ovsdb_monitor [-] Hash Ring: Node e29dd28fc0ce5110b34700c0bb0caad8 (host: np0000182850) handling event "create" for row 3b24fe4d-02d9-49e3-a36d-380be1f4ca5f (table: ACL) {{(pid=103378) notify /opt/stack/neutron/neutron/plugins/ml2/drivers/ovn/mech_driver/ovsdb/ovsdb_monitor.py:1015}}
Jun 25 20:06:23.883200 np0000182850 devstack@neutron-api.service[103378]: DEBUG neutron.common.ovn.hash_ring_manager [-] Hash Ring loaded. 1 active nodes. 0 offline nodes {{(pid=103378) _load_hash_ring /opt/stack/neutron/neutron/common/ovn/hash_ring_manager.py:110}}
Jun 25 20:06:23.883309 np0000182850 devstack@neutron-api.service[103378]: DEBUG neutron.plugins.ml2.drivers.ovn.mech_driver.ovsdb.ovsdb_monitor [-] Hash Ring: Node e29dd28fc0ce5110b34700c0bb0caad8 (host: np0000182850) handling event "create" for row d2b7f9ac-4b2e-4c73-8877-90be8922fcbf (table: ACL) {{(pid=103378) notify /opt/stack/neutron/neutron/plugins/ml2/drivers/ovn/mech_driver/ovsdb/ovsdb_monitor.py:1015}}
Jun 25 20:06:23.892078 np0000182850 devstack@neutron-api.service[103378]: DEBUG neutron.common.ovn.hash_ring_manager [-] Hash Ring loaded. 1 active nodes. 0 offline nodes {{(pid=103378) _load_hash_ring /opt/stack/neutron/neutron/common/ovn/hash_ring_manager.py:110}}
Jun 25 20:06:23.892399 np0000182850 devstack@neutron-api.service[103378]: DEBUG neutron.plugins.ml2.drivers.ovn.mech_driver.ovsdb.ovsdb_monitor [-] Hash Ring: Node e29dd28fc0ce5110b34700c0bb0caad8 (host: np0000182850) handling event "create" for row dd33e9d5-d6cb-4a11-89f4-2c4ab3f47dd6 (table: Port_Group) {{(pid=103378) notify /opt/stack/neutron/neutron/plugins/ml2/drivers/ovn/mech_driver/ovsdb/ovsdb_monitor.py:1015}}
Jun 25 20:06:23.898129 np0000182850 devstack@neutron-api.service[103378]: DEBUG neutron.common.ovn.hash_ring_manager [-] Hash Ring loaded. 1 active nodes. 0 offline nodes {{(pid=103378) _load_hash_ring /opt/stack/neutron/neutron/common/ovn/hash_ring_manager.py:110}}
Jun 25 20:06:23.898234 np0000182850 devstack@neutron-api.service[103378]: DEBUG neutron.plugins.ml2.drivers.ovn.mech_driver.ovsdb.ovsdb_monitor [-] Hash Ring: Node e29dd28fc0ce5110b34700c0bb0caad8 (host: np0000182850) handling event "update" for row d1ebcb1e-5d02-4f4f-8236-9da476f7e2ec (table: Connection) {{(pid=103378) notify /opt/stack/neutron/neutron/plugins/ml2/drivers/ovn/mech_driver/ovsdb/ovsdb_monitor.py:1015}}
Jun 25 20:06:23.924441 np0000182850 devstack@neutron-api.service[103376]: INFO neutron.plugins.ml2.managers [None req-d4760ace-79f2-4da1-9112-78bf77013182 None None] Initializing driver for type 'local'
Jun 25 20:06:23.924441 np0000182850 devstack@neutron-api.service[103376]: INFO neutron.plugins.ml2.managers [None req-d4760ace-79f2-4da1-9112-78bf77013182 None None] Initializing driver for type 'vlan'
Jun 25 20:06:23.932331 np0000182850 devstack@neutron-api.service[103375]: INFO neutron.plugins.ml2.managers [None req-89ffe47d-3a59-4289-8a1f-a219372c3b51 None None] Initializing driver for type 'local'
Jun 25 20:06:23.932544 np0000182850 devstack@neutron-api.service[103375]: INFO neutron.plugins.ml2.managers [None req-89ffe47d-3a59-4289-8a1f-a219372c3b51 None None] Initializing driver for type 'vlan'
Jun 25 20:06:23.942636 np0000182850 devstack@neutron-api.service[103377]: INFO neutron.plugins.ml2.managers [None req-8c72913e-5f49-4e37-9755-27bbbb6f49a0 None None] Initializing driver for type 'local'
Jun 25 20:06:23.942918 np0000182850 devstack@neutron-api.service[103377]: INFO neutron.plugins.ml2.managers [None req-8c72913e-5f49-4e37-9755-27bbbb6f49a0 None None] Initializing driver for type 'vlan'
Jun 25 20:06:24.109198 np0000182850 devstack@neutron-api.service[103375]: INFO neutron.plugins.ml2.drivers.type_vlan [None req-89ffe47d-3a59-4289-8a1f-a219372c3b51 None None] VlanTypeDriver initialization complete
Jun 25 20:06:24.109441 np0000182850 devstack@neutron-api.service[103375]: INFO neutron.plugins.ml2.managers [None req-89ffe47d-3a59-4289-8a1f-a219372c3b51 None None] Initializing extension driver 'port_security'
Jun 25 20:06:24.109532 np0000182850 devstack@neutron-api.service[103375]: INFO neutron.plugins.ml2.extensions.port_security [None req-89ffe47d-3a59-4289-8a1f-a219372c3b51 None None] PortSecurityExtensionDriver initialization complete
Jun 25 20:06:24.109625 np0000182850 devstack@neutron-api.service[103375]: INFO neutron.plugins.ml2.managers [None req-89ffe47d-3a59-4289-8a1f-a219372c3b51 None None] Initializing extension driver 'qos'
Jun 25 20:06:24.109759 np0000182850 devstack@neutron-api.service[103375]: DEBUG neutron.plugins.ml2.extensions.qos [None req-89ffe47d-3a59-4289-8a1f-a219372c3b51 None None] QosExtensionDriver initialization complete {{(pid=103375) initialize /opt/stack/neutron/neutron/plugins/ml2/extensions/qos.py:31}}
Jun 25 20:06:24.109864 np0000182850 devstack@neutron-api.service[103375]: INFO neutron.plugins.ml2.managers [None req-89ffe47d-3a59-4289-8a1f-a219372c3b51 None None] Initializing mechanism driver 'ovn'
Jun 25 20:06:24.110039 np0000182850 devstack@neutron-api.service[103375]: INFO neutron.plugins.ml2.drivers.ovn.mech_driver.mech_driver [None req-89ffe47d-3a59-4289-8a1f-a219372c3b51 None None] Starting OVNMechanismDriver
Jun 25 20:06:24.112017 np0000182850 devstack@neutron-api.service[103375]: DEBUG neutron_lib.callbacks.manager [None req-89ffe47d-3a59-4289-8a1f-a219372c3b51 None None] Subscribe: > process before_spawn 55550000, False {{(pid=103375) subscribe /opt/stack/data/venv/lib/python3.12/site-packages/neutron_lib/callbacks/manager.py:52}}
Jun 25 20:06:24.112017 np0000182850 devstack@neutron-api.service[103375]: DEBUG neutron_lib.callbacks.manager [None req-89ffe47d-3a59-4289-8a1f-a219372c3b51 None None] Subscribe: > process after_init 55550000, True {{(pid=103375) subscribe /opt/stack/data/venv/lib/python3.12/site-packages/neutron_lib/callbacks/manager.py:52}}
Jun 25 20:06:24.112017 np0000182850 devstack@neutron-api.service[103375]: DEBUG neutron_lib.callbacks.manager [None req-89ffe47d-3a59-4289-8a1f-a219372c3b51 None None] Subscribe: > segment after_create 55550000, False {{(pid=103375) subscribe /opt/stack/data/venv/lib/python3.12/site-packages/neutron_lib/callbacks/manager.py:52}}
Jun 25 20:06:24.112236 np0000182850 devstack@neutron-api.service[103375]: DEBUG neutron_lib.callbacks.manager [None req-89ffe47d-3a59-4289-8a1f-a219372c3b51 None None] Subscribe: > segment after_create 55550000, False {{(pid=103375) subscribe /opt/stack/data/venv/lib/python3.12/site-packages/neutron_lib/callbacks/manager.py:52}}
Jun 25 20:06:24.112311 np0000182850 devstack@neutron-api.service[103375]: DEBUG neutron_lib.callbacks.manager [None req-89ffe47d-3a59-4289-8a1f-a219372c3b51 None None] Subscribe: > segment after_delete 55550000, False {{(pid=103375) subscribe /opt/stack/data/venv/lib/python3.12/site-packages/neutron_lib/callbacks/manager.py:52}}
Jun 25 20:06:24.112424 np0000182850 devstack@neutron-api.service[103375]: DEBUG neutron_lib.callbacks.manager [None req-89ffe47d-3a59-4289-8a1f-a219372c3b51 None None] Subscribe: > allowed_address_pair before_create 55550000, False {{(pid=103375) subscribe /opt/stack/data/venv/lib/python3.12/site-packages/neutron_lib/callbacks/manager.py:52}}
Jun 25 20:06:24.112537 np0000182850 devstack@neutron-api.service[103375]: DEBUG neutron_lib.callbacks.manager [None req-89ffe47d-3a59-4289-8a1f-a219372c3b51 None None] Subscribe: > security_group precommit_create 55550000, False {{(pid=103375) subscribe /opt/stack/data/venv/lib/python3.12/site-packages/neutron_lib/callbacks/manager.py:52}}
Jun 25 20:06:24.112675 np0000182850 devstack@neutron-api.service[103375]: DEBUG neutron_lib.callbacks.manager [None req-89ffe47d-3a59-4289-8a1f-a219372c3b51 None None] Subscribe: > security_group after_update 55550000, False {{(pid=103375) subscribe /opt/stack/data/venv/lib/python3.12/site-packages/neutron_lib/callbacks/manager.py:52}}
Jun 25 20:06:24.112788 np0000182850 devstack@neutron-api.service[103375]: DEBUG neutron_lib.callbacks.manager [None req-89ffe47d-3a59-4289-8a1f-a219372c3b51 None None] Subscribe: > security_group after_create 55550000, False {{(pid=103375) subscribe /opt/stack/data/venv/lib/python3.12/site-packages/neutron_lib/callbacks/manager.py:52}}
Jun 25 20:06:24.112897 np0000182850 devstack@neutron-api.service[103375]: DEBUG neutron_lib.callbacks.manager [None req-89ffe47d-3a59-4289-8a1f-a219372c3b51 None None] Subscribe: > security_group precommit_delete 55550000, False {{(pid=103375) subscribe /opt/stack/data/venv/lib/python3.12/site-packages/neutron_lib/callbacks/manager.py:52}}
Jun 25 20:06:24.113066 np0000182850 devstack@neutron-api.service[103375]: DEBUG neutron_lib.callbacks.manager [None req-89ffe47d-3a59-4289-8a1f-a219372c3b51 None None] Subscribe: > security_group after_delete 55550000, False {{(pid=103375) subscribe /opt/stack/data/venv/lib/python3.12/site-packages/neutron_lib/callbacks/manager.py:52}}
Jun 25 20:06:24.113125 np0000182850 devstack@neutron-api.service[103375]: DEBUG neutron_lib.callbacks.manager [None req-89ffe47d-3a59-4289-8a1f-a219372c3b51 None None] Subscribe: > security_group_rule precommit_create 55550000, False {{(pid=103375) subscribe /opt/stack/data/venv/lib/python3.12/site-packages/neutron_lib/callbacks/manager.py:52}}
Jun 25 20:06:24.113248 np0000182850 devstack@neutron-api.service[103375]: DEBUG neutron_lib.callbacks.manager [None req-89ffe47d-3a59-4289-8a1f-a219372c3b51 None None] Subscribe: > security_group_rule after_create 55550000, False {{(pid=103375) subscribe /opt/stack/data/venv/lib/python3.12/site-packages/neutron_lib/callbacks/manager.py:52}}
Jun 25 20:06:24.113387 np0000182850 devstack@neutron-api.service[103375]: DEBUG neutron_lib.callbacks.manager [None req-89ffe47d-3a59-4289-8a1f-a219372c3b51 None None] Subscribe: > security_group_rule before_delete 55550000, False {{(pid=103375) subscribe /opt/stack/data/venv/lib/python3.12/site-packages/neutron_lib/callbacks/manager.py:52}}
Jun 25 20:06:24.113518 np0000182850 devstack@neutron-api.service[103375]: DEBUG neutron_lib.callbacks.manager [None req-89ffe47d-3a59-4289-8a1f-a219372c3b51 None None] Subscribe: > address_group after_create 55550000, False {{(pid=103375) subscribe /opt/stack/data/venv/lib/python3.12/site-packages/neutron_lib/callbacks/manager.py:52}}
Jun 25 20:06:24.113627 np0000182850 devstack@neutron-api.service[103375]: DEBUG neutron_lib.callbacks.manager [None req-89ffe47d-3a59-4289-8a1f-a219372c3b51 None None] Subscribe: > address_group after_update 55550000, False {{(pid=103375) subscribe /opt/stack/data/venv/lib/python3.12/site-packages/neutron_lib/callbacks/manager.py:52}}
Jun 25 20:06:24.113731 np0000182850 devstack@neutron-api.service[103375]: DEBUG neutron_lib.callbacks.manager [None req-89ffe47d-3a59-4289-8a1f-a219372c3b51 None None] Subscribe: > address_group after_delete 55550000, False {{(pid=103375) subscribe /opt/stack/data/venv/lib/python3.12/site-packages/neutron_lib/callbacks/manager.py:52}}
Jun 25 20:06:24.113917 np0000182850 devstack@neutron-api.service[103375]: DEBUG neutron_lib.callbacks.manager [None req-89ffe47d-3a59-4289-8a1f-a219372c3b51 None None] Subscribe: > qos_plugin after_init 55550000, False {{(pid=103375) subscribe /opt/stack/data/venv/lib/python3.12/site-packages/neutron_lib/callbacks/manager.py:52}}
Jun 25 20:06:24.114145 np0000182850 devstack@neutron-api.service[103375]: DEBUG neutron_lib.callbacks.manager [None req-89ffe47d-3a59-4289-8a1f-a219372c3b51 None None] Subscribe: > trunk_plugin after_init 55550000, False {{(pid=103375) subscribe /opt/stack/data/venv/lib/python3.12/site-packages/neutron_lib/callbacks/manager.py:52}}
Jun 25 20:06:24.115278 np0000182850 devstack@neutron-api.service[103375]: DEBUG neutron_lib.callbacks.manager [None req-89ffe47d-3a59-4289-8a1f-a219372c3b51 None None] Subscribe: > logging-plugin after_init 55550000, False {{(pid=103375) subscribe /opt/stack/data/venv/lib/python3.12/site-packages/neutron_lib/callbacks/manager.py:52}}
Jun 25 20:06:24.115278 np0000182850 devstack@neutron-api.service[103375]: INFO neutron.services.logapi.drivers.ovn.driver [None req-89ffe47d-3a59-4289-8a1f-a219372c3b51 None None] OVN logging driver registered
Jun 25 20:06:24.115278 np0000182850 devstack@neutron-api.service[103375]: DEBUG neutron_lib.callbacks.manager [None req-89ffe47d-3a59-4289-8a1f-a219372c3b51 None None] Subscribe: ._register_pvlan_driver at 0x7664241fa8e0> pvlan_plugin before_spawn 55550000, False {{(pid=103375) subscribe /opt/stack/data/venv/lib/python3.12/site-packages/neutron_lib/callbacks/manager.py:52}}
Jun 25 20:06:24.115278 np0000182850 devstack@neutron-api.service[103375]: DEBUG neutron_lib.callbacks.manager [None req-89ffe47d-3a59-4289-8a1f-a219372c3b51 None None] Subscribe: process after_init 55550000, False {{(pid=103375) subscribe /opt/stack/data/venv/lib/python3.12/site-packages/neutron_lib/callbacks/manager.py:52}}
Jun 25 20:06:24.116587 np0000182850 devstack@neutron-api.service[103375]: DEBUG neutron.plugins.ml2.plugin [None req-89ffe47d-3a59-4289-8a1f-a219372c3b51 None None] neutron.plugins.ml2.plugin.Ml2Plugin method _start_rpc_notifiers called with arguments () {} {{(pid=103375) wrapper /opt/stack/data/venv/lib/python3.12/site-packages/oslo_log/helpers.py:77}}
Jun 25 20:06:24.116864 np0000182850 devstack@neutron-api.service[103375]: DEBUG neutron_lib.callbacks.manager [None req-89ffe47d-3a59-4289-8a1f-a219372c3b51 None None] Subscribe: > port after_create 55550000, False {{(pid=103375) subscribe /opt/stack/data/venv/lib/python3.12/site-packages/neutron_lib/callbacks/manager.py:52}}
Jun 25 20:06:24.117039 np0000182850 devstack@neutron-api.service[103375]: DEBUG neutron_lib.callbacks.manager [None req-89ffe47d-3a59-4289-8a1f-a219372c3b51 None None] Subscribe: > port after_update 55550000, False {{(pid=103375) subscribe /opt/stack/data/venv/lib/python3.12/site-packages/neutron_lib/callbacks/manager.py:52}}
Jun 25 20:06:24.117067 np0000182850 devstack@neutron-api.service[103377]: INFO neutron.plugins.ml2.drivers.type_vlan [None req-8c72913e-5f49-4e37-9755-27bbbb6f49a0 None None] VlanTypeDriver initialization complete
Jun 25 20:06:24.117259 np0000182850 devstack@neutron-api.service[103375]: DEBUG neutron_lib.callbacks.manager [None req-89ffe47d-3a59-4289-8a1f-a219372c3b51 None None] Subscribe: > port after_delete 55550000, False {{(pid=103375) subscribe /opt/stack/data/venv/lib/python3.12/site-packages/neutron_lib/callbacks/manager.py:52}}
Jun 25 20:06:24.117323 np0000182850 devstack@neutron-api.service[103377]: INFO neutron.plugins.ml2.managers [None req-8c72913e-5f49-4e37-9755-27bbbb6f49a0 None None] Initializing extension driver 'port_security'
Jun 25 20:06:24.117383 np0000182850 devstack@neutron-api.service[103375]: DEBUG neutron_lib.callbacks.manager [None req-89ffe47d-3a59-4289-8a1f-a219372c3b51 None None] Subscribe: > subnet after_create 55550000, False {{(pid=103375) subscribe /opt/stack/data/venv/lib/python3.12/site-packages/neutron_lib/callbacks/manager.py:52}}
Jun 25 20:06:24.117438 np0000182850 devstack@neutron-api.service[103377]: INFO neutron.plugins.ml2.extensions.port_security [None req-8c72913e-5f49-4e37-9755-27bbbb6f49a0 None None] PortSecurityExtensionDriver initialization complete
Jun 25 20:06:24.117482 np0000182850 devstack@neutron-api.service[103375]: DEBUG neutron_lib.callbacks.manager [None req-89ffe47d-3a59-4289-8a1f-a219372c3b51 None None] Subscribe: > subnet after_update 55550000, False {{(pid=103375) subscribe /opt/stack/data/venv/lib/python3.12/site-packages/neutron_lib/callbacks/manager.py:52}}
Jun 25 20:06:24.117482 np0000182850 devstack@neutron-api.service[103375]: DEBUG neutron_lib.callbacks.manager [None req-89ffe47d-3a59-4289-8a1f-a219372c3b51 None None] Subscribe: > subnet after_delete 55550000, False {{(pid=103375) subscribe /opt/stack/data/venv/lib/python3.12/site-packages/neutron_lib/callbacks/manager.py:52}}
Jun 25 20:06:24.117534 np0000182850 devstack@neutron-api.service[103377]: INFO neutron.plugins.ml2.managers [None req-8c72913e-5f49-4e37-9755-27bbbb6f49a0 None None] Initializing extension driver 'qos'
Jun 25 20:06:24.117559 np0000182850 devstack@neutron-api.service[103375]: DEBUG neutron_lib.callbacks.manager [None req-89ffe47d-3a59-4289-8a1f-a219372c3b51 None None] Subscribe: > network after_create 55550000, False {{(pid=103375) subscribe /opt/stack/data/venv/lib/python3.12/site-packages/neutron_lib/callbacks/manager.py:52}}
Jun 25 20:06:24.117585 np0000182850 devstack@neutron-api.service[103377]: DEBUG neutron.plugins.ml2.extensions.qos [None req-8c72913e-5f49-4e37-9755-27bbbb6f49a0 None None] QosExtensionDriver initialization complete {{(pid=103377) initialize /opt/stack/neutron/neutron/plugins/ml2/extensions/qos.py:31}}
Jun 25 20:06:24.117699 np0000182850 devstack@neutron-api.service[103377]: INFO neutron.plugins.ml2.managers [None req-8c72913e-5f49-4e37-9755-27bbbb6f49a0 None None] Initializing mechanism driver 'ovn'
Jun 25 20:06:24.117727 np0000182850 devstack@neutron-api.service[103375]: DEBUG neutron_lib.callbacks.manager [None req-89ffe47d-3a59-4289-8a1f-a219372c3b51 None None] Subscribe: > network after_update 55550000, False {{(pid=103375) subscribe /opt/stack/data/venv/lib/python3.12/site-packages/neutron_lib/callbacks/manager.py:52}}
Jun 25 20:06:24.117808 np0000182850 devstack@neutron-api.service[103377]: INFO neutron.plugins.ml2.drivers.ovn.mech_driver.mech_driver [None req-8c72913e-5f49-4e37-9755-27bbbb6f49a0 None None] Starting OVNMechanismDriver
Jun 25 20:06:24.117831 np0000182850 devstack@neutron-api.service[103375]: DEBUG neutron_lib.callbacks.manager [None req-89ffe47d-3a59-4289-8a1f-a219372c3b51 None None] Subscribe: > network after_delete 55550000, False {{(pid=103375) subscribe /opt/stack/data/venv/lib/python3.12/site-packages/neutron_lib/callbacks/manager.py:52}}
Jun 25 20:06:24.117954 np0000182850 devstack@neutron-api.service[103375]: DEBUG neutron_lib.callbacks.manager [None req-89ffe47d-3a59-4289-8a1f-a219372c3b51 None None] Subscribe: > security_group after_create 55550000, False {{(pid=103375) subscribe /opt/stack/data/venv/lib/python3.12/site-packages/neutron_lib/callbacks/manager.py:52}}
Jun 25 20:06:24.118073 np0000182850 devstack@neutron-api.service[103375]: DEBUG neutron_lib.callbacks.manager [None req-89ffe47d-3a59-4289-8a1f-a219372c3b51 None None] Subscribe: > security_group after_update 55550000, False {{(pid=103375) subscribe /opt/stack/data/venv/lib/python3.12/site-packages/neutron_lib/callbacks/manager.py:52}}
Jun 25 20:06:24.118175 np0000182850 devstack@neutron-api.service[103375]: DEBUG neutron_lib.callbacks.manager [None req-89ffe47d-3a59-4289-8a1f-a219372c3b51 None None] Subscribe: > security_group after_delete 55550000, False {{(pid=103375) subscribe /opt/stack/data/venv/lib/python3.12/site-packages/neutron_lib/callbacks/manager.py:52}}
Jun 25 20:06:24.118277 np0000182850 devstack@neutron-api.service[103375]: DEBUG neutron_lib.callbacks.manager [None req-89ffe47d-3a59-4289-8a1f-a219372c3b51 None None] Subscribe: > security_group_rule after_create 55550000, False {{(pid=103375) subscribe /opt/stack/data/venv/lib/python3.12/site-packages/neutron_lib/callbacks/manager.py:52}}
Jun 25 20:06:24.118380 np0000182850 devstack@neutron-api.service[103375]: DEBUG neutron_lib.callbacks.manager [None req-89ffe47d-3a59-4289-8a1f-a219372c3b51 None None] Subscribe: > security_group_rule after_update 55550000, False {{(pid=103375) subscribe /opt/stack/data/venv/lib/python3.12/site-packages/neutron_lib/callbacks/manager.py:52}}
Jun 25 20:06:24.118495 np0000182850 devstack@neutron-api.service[103375]: DEBUG neutron_lib.callbacks.manager [None req-89ffe47d-3a59-4289-8a1f-a219372c3b51 None None] Subscribe: > security_group_rule after_delete 55550000, False {{(pid=103375) subscribe /opt/stack/data/venv/lib/python3.12/site-packages/neutron_lib/callbacks/manager.py:52}}
Jun 25 20:06:24.118600 np0000182850 devstack@neutron-api.service[103375]: DEBUG neutron_lib.callbacks.manager [None req-89ffe47d-3a59-4289-8a1f-a219372c3b51 None None] Subscribe: > address_group after_create 55550000, False {{(pid=103375) subscribe /opt/stack/data/venv/lib/python3.12/site-packages/neutron_lib/callbacks/manager.py:52}}
Jun 25 20:06:24.118718 np0000182850 devstack@neutron-api.service[103375]: DEBUG neutron_lib.callbacks.manager [None req-89ffe47d-3a59-4289-8a1f-a219372c3b51 None None] Subscribe: > address_group after_update 55550000, False {{(pid=103375) subscribe /opt/stack/data/venv/lib/python3.12/site-packages/neutron_lib/callbacks/manager.py:52}}
Jun 25 20:06:24.118841 np0000182850 devstack@neutron-api.service[103375]: DEBUG neutron_lib.callbacks.manager [None req-89ffe47d-3a59-4289-8a1f-a219372c3b51 None None] Subscribe: > address_group after_delete 55550000, False {{(pid=103375) subscribe /opt/stack/data/venv/lib/python3.12/site-packages/neutron_lib/callbacks/manager.py:52}}
Jun 25 20:06:24.118967 np0000182850 devstack@neutron-api.service[103375]: DEBUG neutron.plugins.ml2.ovo_rpc [None req-89ffe47d-3a59-4289-8a1f-a219372c3b51 None None] ML2 OVO RPC backend initialized. {{(pid=103375) __init__ /opt/stack/neutron/neutron/plugins/ml2/ovo_rpc.py:117}}
Jun 25 20:06:24.119635 np0000182850 devstack@neutron-api.service[103377]: DEBUG neutron_lib.callbacks.manager [None req-8c72913e-5f49-4e37-9755-27bbbb6f49a0 None None] Subscribe: > process before_spawn 55550000, False {{(pid=103377) subscribe /opt/stack/data/venv/lib/python3.12/site-packages/neutron_lib/callbacks/manager.py:52}}
Jun 25 20:06:24.119728 np0000182850 devstack@neutron-api.service[103375]: INFO neutron.quota [None req-89ffe47d-3a59-4289-8a1f-a219372c3b51 None None] Loaded quota_driver: .
Jun 25 20:06:24.119760 np0000182850 devstack@neutron-api.service[103377]: DEBUG neutron_lib.callbacks.manager [None req-8c72913e-5f49-4e37-9755-27bbbb6f49a0 None None] Subscribe: > process after_init 55550000, True {{(pid=103377) subscribe /opt/stack/data/venv/lib/python3.12/site-packages/neutron_lib/callbacks/manager.py:52}}
Jun 25 20:06:24.119861 np0000182850 devstack@neutron-api.service[103377]: DEBUG neutron_lib.callbacks.manager [None req-8c72913e-5f49-4e37-9755-27bbbb6f49a0 None None] Subscribe: > segment after_create 55550000, False {{(pid=103377) subscribe /opt/stack/data/venv/lib/python3.12/site-packages/neutron_lib/callbacks/manager.py:52}}
Jun 25 20:06:24.119889 np0000182850 devstack@neutron-api.service[103375]: INFO neutron.plugins.ml2.plugin [None req-89ffe47d-3a59-4289-8a1f-a219372c3b51 None None] Modular L2 Plugin initialization complete
Jun 25 20:06:24.119990 np0000182850 devstack@neutron-api.service[103377]: DEBUG neutron_lib.callbacks.manager [None req-8c72913e-5f49-4e37-9755-27bbbb6f49a0 None None] Subscribe: > segment after_create 55550000, False {{(pid=103377) subscribe /opt/stack/data/venv/lib/python3.12/site-packages/neutron_lib/callbacks/manager.py:52}}
Jun 25 20:06:24.120051 np0000182850 devstack@neutron-api.service[103375]: DEBUG neutron.manager [None req-89ffe47d-3a59-4289-8a1f-a219372c3b51 None None] Loading services supported by the core plugin {{(pid=103375) _load_services_from_core_plugin /opt/stack/neutron/neutron/manager.py:167}}
Jun 25 20:06:24.120133 np0000182850 devstack@neutron-api.service[103377]: DEBUG neutron_lib.callbacks.manager [None req-8c72913e-5f49-4e37-9755-27bbbb6f49a0 None None] Subscribe: > segment after_delete 55550000, False {{(pid=103377) subscribe /opt/stack/data/venv/lib/python3.12/site-packages/neutron_lib/callbacks/manager.py:52}}
Jun 25 20:06:24.120160 np0000182850 devstack@neutron-api.service[103375]: INFO neutron.plugins.ml2.managers [None req-89ffe47d-3a59-4289-8a1f-a219372c3b51 None None] Got port-security extension from driver 'port_security'
Jun 25 20:06:24.120215 np0000182850 devstack@neutron-api.service[103377]: DEBUG neutron_lib.callbacks.manager [None req-8c72913e-5f49-4e37-9755-27bbbb6f49a0 None None] Subscribe: > allowed_address_pair before_create 55550000, False {{(pid=103377) subscribe /opt/stack/data/venv/lib/python3.12/site-packages/neutron_lib/callbacks/manager.py:52}}
Jun 25 20:06:24.120380 np0000182850 devstack@neutron-api.service[103377]: DEBUG neutron_lib.callbacks.manager [None req-8c72913e-5f49-4e37-9755-27bbbb6f49a0 None None] Subscribe: > security_group precommit_create 55550000, False {{(pid=103377) subscribe /opt/stack/data/venv/lib/python3.12/site-packages/neutron_lib/callbacks/manager.py:52}}
Jun 25 20:06:24.120435 np0000182850 devstack@neutron-api.service[103375]: DEBUG neutron.manager [None req-89ffe47d-3a59-4289-8a1f-a219372c3b51 None None] Loading service plugins: ['ovn-router', 'auto_allocate', 'tag', 'timestamp', 'network_ip_availability', 'flavors', 'revisions'] {{(pid=103375) _load_service_plugins /opt/stack/neutron/neutron/manager.py:192}}
Jun 25 20:06:24.120537 np0000182850 devstack@neutron-api.service[103377]: DEBUG neutron_lib.callbacks.manager [None req-8c72913e-5f49-4e37-9755-27bbbb6f49a0 None None] Subscribe: > security_group after_update 55550000, False {{(pid=103377) subscribe /opt/stack/data/venv/lib/python3.12/site-packages/neutron_lib/callbacks/manager.py:52}}
Jun 25 20:06:24.120569 np0000182850 devstack@neutron-api.service[103375]: INFO neutron.manager [None req-89ffe47d-3a59-4289-8a1f-a219372c3b51 None None] Loading Plugin: ovn-router
Jun 25 20:06:24.120612 np0000182850 devstack@neutron-api.service[103377]: DEBUG neutron_lib.callbacks.manager [None req-8c72913e-5f49-4e37-9755-27bbbb6f49a0 None None] Subscribe: > security_group after_create 55550000, False {{(pid=103377) subscribe /opt/stack/data/venv/lib/python3.12/site-packages/neutron_lib/callbacks/manager.py:52}}
Jun 25 20:06:24.120720 np0000182850 devstack@neutron-api.service[103377]: DEBUG neutron_lib.callbacks.manager [None req-8c72913e-5f49-4e37-9755-27bbbb6f49a0 None None] Subscribe: > security_group precommit_delete 55550000, False {{(pid=103377) subscribe /opt/stack/data/venv/lib/python3.12/site-packages/neutron_lib/callbacks/manager.py:52}}
Jun 25 20:06:24.120826 np0000182850 devstack@neutron-api.service[103377]: DEBUG neutron_lib.callbacks.manager [None req-8c72913e-5f49-4e37-9755-27bbbb6f49a0 None None] Subscribe: > security_group after_delete 55550000, False {{(pid=103377) subscribe /opt/stack/data/venv/lib/python3.12/site-packages/neutron_lib/callbacks/manager.py:52}}
Jun 25 20:06:24.120948 np0000182850 devstack@neutron-api.service[103377]: DEBUG neutron_lib.callbacks.manager [None req-8c72913e-5f49-4e37-9755-27bbbb6f49a0 None None] Subscribe: > security_group_rule precommit_create 55550000, False {{(pid=103377) subscribe /opt/stack/data/venv/lib/python3.12/site-packages/neutron_lib/callbacks/manager.py:52}}
Jun 25 20:06:24.121111 np0000182850 devstack@neutron-api.service[103377]: DEBUG neutron_lib.callbacks.manager [None req-8c72913e-5f49-4e37-9755-27bbbb6f49a0 None None] Subscribe: > security_group_rule after_create 55550000, False {{(pid=103377) subscribe /opt/stack/data/venv/lib/python3.12/site-packages/neutron_lib/callbacks/manager.py:52}}
Jun 25 20:06:24.121235 np0000182850 devstack@neutron-api.service[103377]: DEBUG neutron_lib.callbacks.manager [None req-8c72913e-5f49-4e37-9755-27bbbb6f49a0 None None] Subscribe: > security_group_rule before_delete 55550000, False {{(pid=103377) subscribe /opt/stack/data/venv/lib/python3.12/site-packages/neutron_lib/callbacks/manager.py:52}}
Jun 25 20:06:24.121342 np0000182850 devstack@neutron-api.service[103377]: DEBUG neutron_lib.callbacks.manager [None req-8c72913e-5f49-4e37-9755-27bbbb6f49a0 None None] Subscribe: > address_group after_create 55550000, False {{(pid=103377) subscribe /opt/stack/data/venv/lib/python3.12/site-packages/neutron_lib/callbacks/manager.py:52}}
Jun 25 20:06:24.121469 np0000182850 devstack@neutron-api.service[103377]: DEBUG neutron_lib.callbacks.manager [None req-8c72913e-5f49-4e37-9755-27bbbb6f49a0 None None] Subscribe: > address_group after_update 55550000, False {{(pid=103377) subscribe /opt/stack/data/venv/lib/python3.12/site-packages/neutron_lib/callbacks/manager.py:52}}
Jun 25 20:06:24.121576 np0000182850 devstack@neutron-api.service[103377]: DEBUG neutron_lib.callbacks.manager [None req-8c72913e-5f49-4e37-9755-27bbbb6f49a0 None None] Subscribe: > address_group after_delete 55550000, False {{(pid=103377) subscribe /opt/stack/data/venv/lib/python3.12/site-packages/neutron_lib/callbacks/manager.py:52}}
Jun 25 20:06:24.121794 np0000182850 devstack@neutron-api.service[103377]: DEBUG neutron_lib.callbacks.manager [None req-8c72913e-5f49-4e37-9755-27bbbb6f49a0 None None] Subscribe: > qos_plugin after_init 55550000, False {{(pid=103377) subscribe /opt/stack/data/venv/lib/python3.12/site-packages/neutron_lib/callbacks/manager.py:52}}
Jun 25 20:06:24.122007 np0000182850 devstack@neutron-api.service[103377]: DEBUG neutron_lib.callbacks.manager [None req-8c72913e-5f49-4e37-9755-27bbbb6f49a0 None None] Subscribe: > trunk_plugin after_init 55550000, False {{(pid=103377) subscribe /opt/stack/data/venv/lib/python3.12/site-packages/neutron_lib/callbacks/manager.py:52}}
Jun 25 20:06:24.122227 np0000182850 devstack@neutron-api.service[103377]: DEBUG neutron_lib.callbacks.manager [None req-8c72913e-5f49-4e37-9755-27bbbb6f49a0 None None] Subscribe: > logging-plugin after_init 55550000, False {{(pid=103377) subscribe /opt/stack/data/venv/lib/python3.12/site-packages/neutron_lib/callbacks/manager.py:52}}
Jun 25 20:06:24.122700 np0000182850 devstack@neutron-api.service[103377]: INFO neutron.services.logapi.drivers.ovn.driver [None req-8c72913e-5f49-4e37-9755-27bbbb6f49a0 None None] OVN logging driver registered
Jun 25 20:06:24.122819 np0000182850 devstack@neutron-api.service[103377]: DEBUG neutron_lib.callbacks.manager [None req-8c72913e-5f49-4e37-9755-27bbbb6f49a0 None None] Subscribe: ._register_pvlan_driver at 0x766423ad2f20> pvlan_plugin before_spawn 55550000, False {{(pid=103377) subscribe /opt/stack/data/venv/lib/python3.12/site-packages/neutron_lib/callbacks/manager.py:52}}
