Feb 17 02:24:07.226938 np0000155913 nova-scheduler[109039]: DEBUG cotyledon.oslo_config_glue [-] vnc.auth_schemes = ['none'] {{(pid=109039) log_opt_values /opt/stack/data/venv/lib/python3.12/site-packages/oslo_config/cfg.py:2824}}
Feb 17 02:24:07.226938 np0000155913 nova-scheduler[109039]: DEBUG cotyledon.oslo_config_glue [-] vnc.enabled = True {{(pid=109039) log_opt_values /opt/stack/data/venv/lib/python3.12/site-packages/oslo_config/cfg.py:2824}}
Feb 17 02:24:07.226938 np0000155913 nova-scheduler[109039]: DEBUG cotyledon.oslo_config_glue [-] vnc.novncproxy_base_url = http://127.0.0.1:6080/vnc_auto.html {{(pid=109039) log_opt_values /opt/stack/data/venv/lib/python3.12/site-packages/oslo_config/cfg.py:2824}}
Feb 17 02:24:07.226938 np0000155913 nova-scheduler[109039]: DEBUG cotyledon.oslo_config_glue [-] vnc.novncproxy_host = 0.0.0.0 {{(pid=109039) log_opt_values /opt/stack/data/venv/lib/python3.12/site-packages/oslo_config/cfg.py:2824}}
Feb 17 02:24:07.226938 np0000155913 nova-scheduler[109039]: DEBUG cotyledon.oslo_config_glue [-] vnc.novncproxy_port = 6080 {{(pid=109039) log_opt_values /opt/stack/data/venv/lib/python3.12/site-packages/oslo_config/cfg.py:2824}}
Feb 17 02:24:07.226938 np0000155913 nova-scheduler[109039]: DEBUG cotyledon.oslo_config_glue [-] vnc.server_listen = 127.0.0.1 {{(pid=109039) log_opt_values /opt/stack/data/venv/lib/python3.12/site-packages/oslo_config/cfg.py:2824}}
Feb 17 02:24:07.226938 np0000155913 nova-scheduler[109039]: DEBUG cotyledon.oslo_config_glue [-] vnc.server_proxyclient_address = 127.0.0.1 {{(pid=109039) log_opt_values /opt/stack/data/venv/lib/python3.12/site-packages/oslo_config/cfg.py:2824}}
Feb 17 02:24:07.226938 np0000155913 nova-scheduler[109039]: DEBUG cotyledon.oslo_config_glue [-] vnc.vencrypt_ca_certs = None {{(pid=109039) log_opt_values /opt/stack/data/venv/lib/python3.12/site-packages/oslo_config/cfg.py:2824}}
Feb 17 02:24:07.226938 np0000155913 nova-scheduler[109039]: DEBUG cotyledon.oslo_config_glue [-] vnc.vencrypt_client_cert = None {{(pid=109039) log_opt_values /opt/stack/data/venv/lib/python3.12/site-packages/oslo_config/cfg.py:2824}}
Feb 17 02:24:07.227157 np0000155913 nova-scheduler[109039]: DEBUG cotyledon.oslo_config_glue [-] vnc.vencrypt_client_key = None {{(pid=109039) log_opt_values /opt/stack/data/venv/lib/python3.12/site-packages/oslo_config/cfg.py:2824}}
Feb 17 02:24:07.227157 np0000155913 nova-scheduler[109039]: DEBUG cotyledon.oslo_config_glue [-] workarounds.disable_compute_service_check_for_ffu = False {{(pid=109039) log_opt_values /opt/stack/data/venv/lib/python3.12/site-packages/oslo_config/cfg.py:2824}}
Feb 17 02:24:07.227157 np0000155913 nova-scheduler[109039]: DEBUG cotyledon.oslo_config_glue [-] workarounds.disable_deep_image_inspection = False {{(pid=109039) log_opt_values /opt/stack/data/venv/lib/python3.12/site-packages/oslo_config/cfg.py:2824}}
Feb 17 02:24:07.227157 np0000155913 nova-scheduler[109039]: DEBUG cotyledon.oslo_config_glue [-] workarounds.disable_fallback_pcpu_query = False {{(pid=109039) log_opt_values /opt/stack/data/venv/lib/python3.12/site-packages/oslo_config/cfg.py:2824}}
Feb 17 02:24:07.227157 np0000155913 nova-scheduler[109039]: DEBUG cotyledon.oslo_config_glue [-] workarounds.disable_group_policy_check_upcall = False {{(pid=109039) log_opt_values /opt/stack/data/venv/lib/python3.12/site-packages/oslo_config/cfg.py:2824}}
Feb 17 02:24:07.227157 np0000155913 nova-scheduler[109039]: DEBUG cotyledon.oslo_config_glue [-] workarounds.disable_libvirt_livesnapshot = False {{(pid=109039) log_opt_values /opt/stack/data/venv/lib/python3.12/site-packages/oslo_config/cfg.py:2824}}
Feb 17 02:24:07.227157 np0000155913 nova-scheduler[109039]: DEBUG cotyledon.oslo_config_glue [-] workarounds.disable_rootwrap = False {{(pid=109039) log_opt_values /opt/stack/data/venv/lib/python3.12/site-packages/oslo_config/cfg.py:2824}}
Feb 17 02:24:07.227157 np0000155913 nova-scheduler[109039]: DEBUG cotyledon.oslo_config_glue [-] workarounds.enable_numa_live_migration = False {{(pid=109039) log_opt_values /opt/stack/data/venv/lib/python3.12/site-packages/oslo_config/cfg.py:2824}}
Feb 17 02:24:07.227157 np0000155913 nova-scheduler[109039]: DEBUG cotyledon.oslo_config_glue [-] workarounds.enable_qemu_monitor_announce_self = False {{(pid=109039) log_opt_values /opt/stack/data/venv/lib/python3.12/site-packages/oslo_config/cfg.py:2824}}
Feb 17 02:24:07.227360 np0000155913 nova-scheduler[109039]: DEBUG cotyledon.oslo_config_glue [-] workarounds.ensure_libvirt_rbd_instance_dir_cleanup = False {{(pid=109039) log_opt_values /opt/stack/data/venv/lib/python3.12/site-packages/oslo_config/cfg.py:2824}}
Feb 17 02:24:07.227360 np0000155913 nova-scheduler[109039]: DEBUG cotyledon.oslo_config_glue [-] workarounds.handle_virt_lifecycle_events = True {{(pid=109039) log_opt_values /opt/stack/data/venv/lib/python3.12/site-packages/oslo_config/cfg.py:2824}}
Feb 17 02:24:07.227360 np0000155913 nova-scheduler[109039]: DEBUG cotyledon.oslo_config_glue [-] workarounds.libvirt_disable_apic = False {{(pid=109039) log_opt_values /opt/stack/data/venv/lib/python3.12/site-packages/oslo_config/cfg.py:2824}}
Feb 17 02:24:07.227360 np0000155913 nova-scheduler[109039]: DEBUG cotyledon.oslo_config_glue [-] workarounds.never_download_image_if_on_rbd = False {{(pid=109039) log_opt_values /opt/stack/data/venv/lib/python3.12/site-packages/oslo_config/cfg.py:2824}}
Feb 17 02:24:07.227360 np0000155913 nova-scheduler[109039]: DEBUG cotyledon.oslo_config_glue [-] workarounds.qemu_monitor_announce_self_count = 3 {{(pid=109039) log_opt_values /opt/stack/data/venv/lib/python3.12/site-packages/oslo_config/cfg.py:2824}}
Feb 17 02:24:07.227360 np0000155913 nova-scheduler[109039]: DEBUG cotyledon.oslo_config_glue [-] workarounds.qemu_monitor_announce_self_interval = 1 {{(pid=109039) log_opt_values /opt/stack/data/venv/lib/python3.12/site-packages/oslo_config/cfg.py:2824}}
Feb 17 02:24:07.227360 np0000155913 nova-scheduler[109039]: DEBUG cotyledon.oslo_config_glue [-] workarounds.reserve_disk_resource_for_image_cache = False {{(pid=109039) log_opt_values /opt/stack/data/venv/lib/python3.12/site-packages/oslo_config/cfg.py:2824}}
Feb 17 02:24:07.227360 np0000155913 nova-scheduler[109039]: DEBUG cotyledon.oslo_config_glue [-] workarounds.skip_cpu_compare_at_startup = False {{(pid=109039) log_opt_values /opt/stack/data/venv/lib/python3.12/site-packages/oslo_config/cfg.py:2824}}
Feb 17 02:24:07.227360 np0000155913 nova-scheduler[109039]: DEBUG cotyledon.oslo_config_glue [-] workarounds.skip_cpu_compare_on_dest = False {{(pid=109039) log_opt_values /opt/stack/data/venv/lib/python3.12/site-packages/oslo_config/cfg.py:2824}}
Feb 17 02:24:07.227567 np0000155913 nova-scheduler[109039]: DEBUG cotyledon.oslo_config_glue [-] workarounds.skip_hypervisor_version_check_on_lm = False {{(pid=109039) log_opt_values /opt/stack/data/venv/lib/python3.12/site-packages/oslo_config/cfg.py:2824}}
Feb 17 02:24:07.227567 np0000155913 nova-scheduler[109039]: DEBUG cotyledon.oslo_config_glue [-] workarounds.skip_reserve_in_use_ironic_nodes = False {{(pid=109039) log_opt_values /opt/stack/data/venv/lib/python3.12/site-packages/oslo_config/cfg.py:2824}}
Feb 17 02:24:07.227567 np0000155913 nova-scheduler[109039]: DEBUG cotyledon.oslo_config_glue [-] workarounds.unified_limits_count_pcpu_as_vcpu = False {{(pid=109039) log_opt_values /opt/stack/data/venv/lib/python3.12/site-packages/oslo_config/cfg.py:2824}}
Feb 17 02:24:07.227567 np0000155913 nova-scheduler[109039]: DEBUG cotyledon.oslo_config_glue [-] workarounds.wait_for_vif_plugged_event_during_hard_reboot = [] {{(pid=109039) log_opt_values /opt/stack/data/venv/lib/python3.12/site-packages/oslo_config/cfg.py:2824}}
Feb 17 02:24:07.227567 np0000155913 nova-scheduler[109039]: DEBUG cotyledon.oslo_config_glue [-] wsgi.api_paste_config = /etc/nova/api-paste.ini {{(pid=109039) log_opt_values /opt/stack/data/venv/lib/python3.12/site-packages/oslo_config/cfg.py:2824}}
Feb 17 02:24:07.227567 np0000155913 nova-scheduler[109039]: DEBUG cotyledon.oslo_config_glue [-] wsgi.secure_proxy_ssl_header = None {{(pid=109039) log_opt_values /opt/stack/data/venv/lib/python3.12/site-packages/oslo_config/cfg.py:2824}}
Feb 17 02:24:07.227567 np0000155913 nova-scheduler[109039]: DEBUG cotyledon.oslo_config_glue [-] zvm.ca_file = None {{(pid=109039) log_opt_values /opt/stack/data/venv/lib/python3.12/site-packages/oslo_config/cfg.py:2824}}
Feb 17 02:24:07.227567 np0000155913 nova-scheduler[109039]: DEBUG cotyledon.oslo_config_glue [-] zvm.cloud_connector_url = None {{(pid=109039) log_opt_values /opt/stack/data/venv/lib/python3.12/site-packages/oslo_config/cfg.py:2824}}
Feb 17 02:24:07.227567 np0000155913 nova-scheduler[109039]: DEBUG cotyledon.oslo_config_glue [-] zvm.image_tmp_path = /opt/stack/data/nova/images {{(pid=109039) log_opt_values /opt/stack/data/venv/lib/python3.12/site-packages/oslo_config/cfg.py:2824}}
Feb 17 02:24:07.227771 np0000155913 nova-scheduler[109039]: DEBUG cotyledon.oslo_config_glue [-] zvm.reachable_timeout = 300 {{(pid=109039) log_opt_values /opt/stack/data/venv/lib/python3.12/site-packages/oslo_config/cfg.py:2824}}
Feb 17 02:24:07.227771 np0000155913 nova-scheduler[109039]: DEBUG cotyledon.oslo_config_glue [-] oslo_versionedobjects.fatal_exception_format_errors = False {{(pid=109039) log_opt_values /opt/stack/data/venv/lib/python3.12/site-packages/oslo_config/cfg.py:2824}}
Feb 17 02:24:07.227771 np0000155913 nova-scheduler[109039]: DEBUG cotyledon.oslo_config_glue [-] oslo_middleware.http_basic_auth_user_file = /etc/htpasswd {{(pid=109039) log_opt_values /opt/stack/data/venv/lib/python3.12/site-packages/oslo_config/cfg.py:2824}}
Feb 17 02:24:07.227771 np0000155913 nova-scheduler[109039]: DEBUG cotyledon.oslo_config_glue [-] oslo_messaging_metrics.metrics_buffer_size = 1000 {{(pid=109039) log_opt_values /opt/stack/data/venv/lib/python3.12/site-packages/oslo_config/cfg.py:2824}}
Feb 17 02:24:07.227771 np0000155913 nova-scheduler[109039]: DEBUG cotyledon.oslo_config_glue [-] oslo_messaging_metrics.metrics_enabled = False {{(pid=109039) log_opt_values /opt/stack/data/venv/lib/python3.12/site-packages/oslo_config/cfg.py:2824}}
Feb 17 02:24:07.227771 np0000155913 nova-scheduler[109039]: DEBUG cotyledon.oslo_config_glue [-] oslo_messaging_metrics.metrics_process_name = {{(pid=109039) log_opt_values /opt/stack/data/venv/lib/python3.12/site-packages/oslo_config/cfg.py:2824}}
Feb 17 02:24:07.227771 np0000155913 nova-scheduler[109039]: DEBUG cotyledon.oslo_config_glue [-] oslo_messaging_metrics.metrics_socket_file = /var/tmp/metrics_collector.sock {{(pid=109039) log_opt_values /opt/stack/data/venv/lib/python3.12/site-packages/oslo_config/cfg.py:2824}}
Feb 17 02:24:07.227771 np0000155913 nova-scheduler[109039]: DEBUG cotyledon.oslo_config_glue [-] oslo_messaging_metrics.metrics_thread_stop_timeout = 10 {{(pid=109039) log_opt_values /opt/stack/data/venv/lib/python3.12/site-packages/oslo_config/cfg.py:2824}}
Feb 17 02:24:07.227947 np0000155913 nova-scheduler[109039]: DEBUG cotyledon.oslo_config_glue [-] profiler.connection_string = messaging:// {{(pid=109039) log_opt_values /opt/stack/data/venv/lib/python3.12/site-packages/oslo_config/cfg.py:2824}}
Feb 17 02:24:07.227947 np0000155913 nova-scheduler[109039]: DEBUG cotyledon.oslo_config_glue [-] profiler.enabled = False {{(pid=109039) log_opt_values /opt/stack/data/venv/lib/python3.12/site-packages/oslo_config/cfg.py:2824}}
Feb 17 02:24:07.227947 np0000155913 nova-scheduler[109039]: DEBUG cotyledon.oslo_config_glue [-] profiler.es_doc_type = notification {{(pid=109039) log_opt_values /opt/stack/data/venv/lib/python3.12/site-packages/oslo_config/cfg.py:2824}}
Feb 17 02:24:07.227947 np0000155913 nova-scheduler[109039]: DEBUG cotyledon.oslo_config_glue [-] profiler.es_scroll_size = 10000 {{(pid=109039) log_opt_values /opt/stack/data/venv/lib/python3.12/site-packages/oslo_config/cfg.py:2824}}
Feb 17 02:24:07.227947 np0000155913 nova-scheduler[109039]: DEBUG cotyledon.oslo_config_glue [-] profiler.es_scroll_time = 2m {{(pid=109039) log_opt_values /opt/stack/data/venv/lib/python3.12/site-packages/oslo_config/cfg.py:2824}}
Feb 17 02:24:07.227947 np0000155913 nova-scheduler[109039]: DEBUG cotyledon.oslo_config_glue [-] profiler.filter_error_trace = False {{(pid=109039) log_opt_values /opt/stack/data/venv/lib/python3.12/site-packages/oslo_config/cfg.py:2824}}
Feb 17 02:24:07.227947 np0000155913 nova-scheduler[109039]: DEBUG cotyledon.oslo_config_glue [-] profiler.hmac_keys = **** {{(pid=109039) log_opt_values /opt/stack/data/venv/lib/python3.12/site-packages/oslo_config/cfg.py:2824}}
Feb 17 02:24:07.227947 np0000155913 nova-scheduler[109039]: DEBUG cotyledon.oslo_config_glue [-] profiler.sentinel_service_name = mymaster {{(pid=109039) log_opt_values /opt/stack/data/venv/lib/python3.12/site-packages/oslo_config/cfg.py:2824}}
Feb 17 02:24:07.227947 np0000155913 nova-scheduler[109039]: DEBUG cotyledon.oslo_config_glue [-] profiler.socket_timeout = 0.1 {{(pid=109039) log_opt_values /opt/stack/data/venv/lib/python3.12/site-packages/oslo_config/cfg.py:2824}}
Feb 17 02:24:07.228179 np0000155913 nova-scheduler[109039]: DEBUG cotyledon.oslo_config_glue [-] profiler.trace_requests = False {{(pid=109039) log_opt_values /opt/stack/data/venv/lib/python3.12/site-packages/oslo_config/cfg.py:2824}}
Feb 17 02:24:07.228179 np0000155913 nova-scheduler[109039]: DEBUG cotyledon.oslo_config_glue [-] profiler.trace_sqlalchemy = False {{(pid=109039) log_opt_values /opt/stack/data/venv/lib/python3.12/site-packages/oslo_config/cfg.py:2824}}
Feb 17 02:24:07.228179 np0000155913 nova-scheduler[109039]: DEBUG cotyledon.oslo_config_glue [-] profiler_jaeger.process_tags = {} {{(pid=109039) log_opt_values /opt/stack/data/venv/lib/python3.12/site-packages/oslo_config/cfg.py:2824}}
Feb 17 02:24:07.228179 np0000155913 nova-scheduler[109039]: DEBUG cotyledon.oslo_config_glue [-] profiler_jaeger.service_name_prefix = None {{(pid=109039) log_opt_values /opt/stack/data/venv/lib/python3.12/site-packages/oslo_config/cfg.py:2824}}
Feb 17 02:24:07.228179 np0000155913 nova-scheduler[109039]: DEBUG cotyledon.oslo_config_glue [-] profiler_otlp.service_name_prefix = None {{(pid=109039) log_opt_values /opt/stack/data/venv/lib/python3.12/site-packages/oslo_config/cfg.py:2824}}
Feb 17 02:24:07.228179 np0000155913 nova-scheduler[109039]: DEBUG cotyledon.oslo_config_glue [-] oslo_messaging_rabbit.amqp_auto_delete = False {{(pid=109039) log_opt_values /opt/stack/data/venv/lib/python3.12/site-packages/oslo_config/cfg.py:2824}}
Feb 17 02:24:07.228179 np0000155913 nova-scheduler[109039]: DEBUG cotyledon.oslo_config_glue [-] oslo_messaging_rabbit.amqp_durable_queues = False {{(pid=109039) log_opt_values /opt/stack/data/venv/lib/python3.12/site-packages/oslo_config/cfg.py:2824}}
Feb 17 02:24:07.228179 np0000155913 nova-scheduler[109039]: DEBUG cotyledon.oslo_config_glue [-] oslo_messaging_rabbit.conn_pool_min_size = 2 {{(pid=109039) log_opt_values /opt/stack/data/venv/lib/python3.12/site-packages/oslo_config/cfg.py:2824}}
Feb 17 02:24:07.228179 np0000155913 nova-scheduler[109039]: DEBUG cotyledon.oslo_config_glue [-] oslo_messaging_rabbit.conn_pool_ttl = 1200 {{(pid=109039) log_opt_values /opt/stack/data/venv/lib/python3.12/site-packages/oslo_config/cfg.py:2824}}
Feb 17 02:24:07.228411 np0000155913 nova-scheduler[109039]: DEBUG cotyledon.oslo_config_glue [-] oslo_messaging_rabbit.direct_mandatory_flag = True {{(pid=109039) log_opt_values /opt/stack/data/venv/lib/python3.12/site-packages/oslo_config/cfg.py:2824}}
Feb 17 02:24:07.228411 np0000155913 nova-scheduler[109039]: DEBUG cotyledon.oslo_config_glue [-] oslo_messaging_rabbit.enable_cancel_on_failover = False {{(pid=109039) log_opt_values /opt/stack/data/venv/lib/python3.12/site-packages/oslo_config/cfg.py:2824}}
Feb 17 02:24:07.228411 np0000155913 nova-scheduler[109039]: DEBUG cotyledon.oslo_config_glue [-] oslo_messaging_rabbit.heartbeat_in_pthread = False {{(pid=109039) log_opt_values /opt/stack/data/venv/lib/python3.12/site-packages/oslo_config/cfg.py:2824}}
Feb 17 02:24:07.228411 np0000155913 nova-scheduler[109039]: DEBUG cotyledon.oslo_config_glue [-] oslo_messaging_rabbit.heartbeat_rate = 3 {{(pid=109039) log_opt_values /opt/stack/data/venv/lib/python3.12/site-packages/oslo_config/cfg.py:2824}}
Feb 17 02:24:07.228411 np0000155913 nova-scheduler[109039]: DEBUG cotyledon.oslo_config_glue [-] oslo_messaging_rabbit.heartbeat_timeout_threshold = 60 {{(pid=109039) log_opt_values /opt/stack/data/venv/lib/python3.12/site-packages/oslo_config/cfg.py:2824}}
Feb 17 02:24:07.228411 np0000155913 nova-scheduler[109039]: DEBUG cotyledon.oslo_config_glue [-] oslo_messaging_rabbit.hostname = np0000155913 {{(pid=109039) log_opt_values /opt/stack/data/venv/lib/python3.12/site-packages/oslo_config/cfg.py:2824}}
Feb 17 02:24:07.228411 np0000155913 nova-scheduler[109039]: DEBUG cotyledon.oslo_config_glue [-] oslo_messaging_rabbit.kombu_compression = None {{(pid=109039) log_opt_values /opt/stack/data/venv/lib/python3.12/site-packages/oslo_config/cfg.py:2824}}
Feb 17 02:24:07.228411 np0000155913 nova-scheduler[109039]: DEBUG cotyledon.oslo_config_glue [-] oslo_messaging_rabbit.kombu_failover_strategy = round-robin {{(pid=109039) log_opt_values /opt/stack/data/venv/lib/python3.12/site-packages/oslo_config/cfg.py:2824}}
Feb 17 02:24:07.228635 np0000155913 nova-scheduler[109039]: DEBUG cotyledon.oslo_config_glue [-] oslo_messaging_rabbit.kombu_missing_consumer_retry_timeout = 60 {{(pid=109039) log_opt_values /opt/stack/data/venv/lib/python3.12/site-packages/oslo_config/cfg.py:2824}}
Feb 17 02:24:07.228635 np0000155913 nova-scheduler[109039]: DEBUG cotyledon.oslo_config_glue [-] oslo_messaging_rabbit.kombu_reconnect_delay = 1.0 {{(pid=109039) log_opt_values /opt/stack/data/venv/lib/python3.12/site-packages/oslo_config/cfg.py:2824}}
Feb 17 02:24:07.228635 np0000155913 nova-scheduler[109039]: DEBUG cotyledon.oslo_config_glue [-] oslo_messaging_rabbit.kombu_reconnect_splay = 0.0 {{(pid=109039) log_opt_values /opt/stack/data/venv/lib/python3.12/site-packages/oslo_config/cfg.py:2824}}
Feb 17 02:24:07.228635 np0000155913 nova-scheduler[109039]: DEBUG cotyledon.oslo_config_glue [-] oslo_messaging_rabbit.processname = nova-scheduler {{(pid=109039) log_opt_values /opt/stack/data/venv/lib/python3.12/site-packages/oslo_config/cfg.py:2824}}
Feb 17 02:24:07.228635 np0000155913 nova-scheduler[109039]: DEBUG cotyledon.oslo_config_glue [-] oslo_messaging_rabbit.rabbit_ha_queues = False {{(pid=109039) log_opt_values /opt/stack/data/venv/lib/python3.12/site-packages/oslo_config/cfg.py:2824}}
Feb 17 02:24:07.228635 np0000155913 nova-scheduler[109039]: DEBUG cotyledon.oslo_config_glue [-] oslo_messaging_rabbit.rabbit_interval_max = 30 {{(pid=109039) log_opt_values /opt/stack/data/venv/lib/python3.12/site-packages/oslo_config/cfg.py:2824}}
Feb 17 02:24:07.228635 np0000155913 nova-scheduler[109039]: DEBUG cotyledon.oslo_config_glue [-] oslo_messaging_rabbit.rabbit_login_method = AMQPLAIN {{(pid=109039) log_opt_values /opt/stack/data/venv/lib/python3.12/site-packages/oslo_config/cfg.py:2824}}
Feb 17 02:24:07.228635 np0000155913 nova-scheduler[109039]: DEBUG cotyledon.oslo_config_glue [-] oslo_messaging_rabbit.rabbit_qos_prefetch_count = 0 {{(pid=109039) log_opt_values /opt/stack/data/venv/lib/python3.12/site-packages/oslo_config/cfg.py:2824}}
Feb 17 02:24:07.228861 np0000155913 nova-scheduler[109039]: DEBUG cotyledon.oslo_config_glue [-] oslo_messaging_rabbit.rabbit_quorum_delivery_limit = 0 {{(pid=109039) log_opt_values /opt/stack/data/venv/lib/python3.12/site-packages/oslo_config/cfg.py:2824}}
Feb 17 02:24:07.228861 np0000155913 nova-scheduler[109039]: DEBUG cotyledon.oslo_config_glue [-] oslo_messaging_rabbit.rabbit_quorum_max_memory_bytes = 0 {{(pid=109039) log_opt_values /opt/stack/data/venv/lib/python3.12/site-packages/oslo_config/cfg.py:2824}}
Feb 17 02:24:07.228861 np0000155913 nova-scheduler[109039]: DEBUG cotyledon.oslo_config_glue [-] oslo_messaging_rabbit.rabbit_quorum_max_memory_length = 0 {{(pid=109039) log_opt_values /opt/stack/data/venv/lib/python3.12/site-packages/oslo_config/cfg.py:2824}}
Feb 17 02:24:07.228861 np0000155913 nova-scheduler[109039]: DEBUG cotyledon.oslo_config_glue [-] oslo_messaging_rabbit.rabbit_quorum_queue = False {{(pid=109039) log_opt_values /opt/stack/data/venv/lib/python3.12/site-packages/oslo_config/cfg.py:2824}}
Feb 17 02:24:07.228861 np0000155913 nova-scheduler[109039]: DEBUG cotyledon.oslo_config_glue [-] oslo_messaging_rabbit.rabbit_retry_backoff = 2 {{(pid=109039) log_opt_values /opt/stack/data/venv/lib/python3.12/site-packages/oslo_config/cfg.py:2824}}
Feb 17 02:24:07.228861 np0000155913 nova-scheduler[109039]: DEBUG cotyledon.oslo_config_glue [-] oslo_messaging_rabbit.rabbit_retry_interval = 1 {{(pid=109039) log_opt_values /opt/stack/data/venv/lib/python3.12/site-packages/oslo_config/cfg.py:2824}}
Feb 17 02:24:07.228861 np0000155913 nova-scheduler[109039]: DEBUG cotyledon.oslo_config_glue [-] oslo_messaging_rabbit.rabbit_stream_fanout = False {{(pid=109039) log_opt_values /opt/stack/data/venv/lib/python3.12/site-packages/oslo_config/cfg.py:2824}}
Feb 17 02:24:07.228861 np0000155913 nova-scheduler[109039]: DEBUG cotyledon.oslo_config_glue [-] oslo_messaging_rabbit.rabbit_transient_queues_ttl = 1800 {{(pid=109039) log_opt_values /opt/stack/data/venv/lib/python3.12/site-packages/oslo_config/cfg.py:2824}}
Feb 17 02:24:07.229097 np0000155913 nova-scheduler[109039]: DEBUG cotyledon.oslo_config_glue [-] oslo_messaging_rabbit.rabbit_transient_quorum_queue = False {{(pid=109039) log_opt_values /opt/stack/data/venv/lib/python3.12/site-packages/oslo_config/cfg.py:2824}}
Feb 17 02:24:07.229097 np0000155913 nova-scheduler[109039]: DEBUG cotyledon.oslo_config_glue [-] oslo_messaging_rabbit.rpc_conn_pool_size = 30 {{(pid=109039) log_opt_values /opt/stack/data/venv/lib/python3.12/site-packages/oslo_config/cfg.py:2824}}
Feb 17 02:24:07.229097 np0000155913 nova-scheduler[109039]: DEBUG cotyledon.oslo_config_glue [-] oslo_messaging_rabbit.ssl = False {{(pid=109039) log_opt_values /opt/stack/data/venv/lib/python3.12/site-packages/oslo_config/cfg.py:2824}}
Feb 17 02:24:07.229097 np0000155913 nova-scheduler[109039]: DEBUG cotyledon.oslo_config_glue [-] oslo_messaging_rabbit.ssl_ca_file = {{(pid=109039) log_opt_values /opt/stack/data/venv/lib/python3.12/site-packages/oslo_config/cfg.py:2824}}
Feb 17 02:24:07.229097 np0000155913 nova-scheduler[109039]: DEBUG cotyledon.oslo_config_glue [-] oslo_messaging_rabbit.ssl_cert_file = {{(pid=109039) log_opt_values /opt/stack/data/venv/lib/python3.12/site-packages/oslo_config/cfg.py:2824}}
Feb 17 02:24:07.229097 np0000155913 nova-scheduler[109039]: DEBUG cotyledon.oslo_config_glue [-] oslo_messaging_rabbit.ssl_enforce_fips_mode = False {{(pid=109039) log_opt_values /opt/stack/data/venv/lib/python3.12/site-packages/oslo_config/cfg.py:2824}}
Feb 17 02:24:07.229097 np0000155913 nova-scheduler[109039]: DEBUG cotyledon.oslo_config_glue [-] oslo_messaging_rabbit.ssl_key_file = {{(pid=109039) log_opt_values /opt/stack/data/venv/lib/python3.12/site-packages/oslo_config/cfg.py:2824}}
Feb 17 02:24:07.229097 np0000155913 nova-scheduler[109039]: DEBUG cotyledon.oslo_config_glue [-] oslo_messaging_rabbit.ssl_version = {{(pid=109039) log_opt_values /opt/stack/data/venv/lib/python3.12/site-packages/oslo_config/cfg.py:2824}}
Feb 17 02:24:07.229300 np0000155913 nova-scheduler[109033]: DEBUG oslo_db.sqlalchemy.engines [None req-a7c248be-1295-45ef-b9e5-765bef410151 None None] MySQL server mode set to STRICT_TRANS_TABLES,STRICT_ALL_TABLES,NO_ZERO_IN_DATE,NO_ZERO_DATE,ERROR_FOR_DIVISION_BY_ZERO,TRADITIONAL,NO_ENGINE_SUBSTITUTION {{(pid=109033) _check_effective_sql_mode /opt/stack/data/venv/lib/python3.12/site-packages/oslo_db/sqlalchemy/engines.py:325}}
Feb 17 02:24:07.229333 np0000155913 nova-scheduler[109039]: DEBUG cotyledon.oslo_config_glue [-] oslo_messaging_rabbit.use_queue_manager = False {{(pid=109039) log_opt_values /opt/stack/data/venv/lib/python3.12/site-packages/oslo_config/cfg.py:2824}}
Feb 17 02:24:07.229333 np0000155913 nova-scheduler[109039]: DEBUG cotyledon.oslo_config_glue [-] oslo_messaging_notifications.driver = ['messagingv2'] {{(pid=109039) log_opt_values /opt/stack/data/venv/lib/python3.12/site-packages/oslo_config/cfg.py:2824}}
Feb 17 02:24:07.229333 np0000155913 nova-scheduler[109039]: DEBUG cotyledon.oslo_config_glue [-] oslo_messaging_notifications.retry = -1 {{(pid=109039) log_opt_values /opt/stack/data/venv/lib/python3.12/site-packages/oslo_config/cfg.py:2824}}
Feb 17 02:24:07.229333 np0000155913 nova-scheduler[109039]: DEBUG cotyledon.oslo_config_glue [-] oslo_messaging_notifications.topics = ['notifications'] {{(pid=109039) log_opt_values /opt/stack/data/venv/lib/python3.12/site-packages/oslo_config/cfg.py:2824}}
Feb 17 02:24:07.229333 np0000155913 nova-scheduler[109039]: DEBUG cotyledon.oslo_config_glue [-] oslo_messaging_notifications.transport_url = **** {{(pid=109039) log_opt_values /opt/stack/data/venv/lib/python3.12/site-packages/oslo_config/cfg.py:2824}}
Feb 17 02:24:07.229333 np0000155913 nova-scheduler[109039]: DEBUG cotyledon.oslo_config_glue [-] oslo_limit.auth_section = None {{(pid=109039) log_opt_values /opt/stack/data/venv/lib/python3.12/site-packages/oslo_config/cfg.py:2824}}
Feb 17 02:24:07.229333 np0000155913 nova-scheduler[109039]: DEBUG cotyledon.oslo_config_glue [-] oslo_limit.auth_type = None {{(pid=109039) log_opt_values /opt/stack/data/venv/lib/python3.12/site-packages/oslo_config/cfg.py:2824}}
Feb 17 02:24:07.229333 np0000155913 nova-scheduler[109039]: DEBUG cotyledon.oslo_config_glue [-] oslo_limit.cafile = None {{(pid=109039) log_opt_values /opt/stack/data/venv/lib/python3.12/site-packages/oslo_config/cfg.py:2824}}
Feb 17 02:24:07.229333 np0000155913 nova-scheduler[109039]: DEBUG cotyledon.oslo_config_glue [-] oslo_limit.certfile = None {{(pid=109039) log_opt_values /opt/stack/data/venv/lib/python3.12/site-packages/oslo_config/cfg.py:2824}}
Feb 17 02:24:07.229544 np0000155913 nova-scheduler[109039]: DEBUG cotyledon.oslo_config_glue [-] oslo_limit.collect_timing = False {{(pid=109039) log_opt_values /opt/stack/data/venv/lib/python3.12/site-packages/oslo_config/cfg.py:2824}}
Feb 17 02:24:07.229544 np0000155913 nova-scheduler[109039]: DEBUG cotyledon.oslo_config_glue [-] oslo_limit.connect_retries = None {{(pid=109039) log_opt_values /opt/stack/data/venv/lib/python3.12/site-packages/oslo_config/cfg.py:2824}}
Feb 17 02:24:07.229544 np0000155913 nova-scheduler[109039]: DEBUG cotyledon.oslo_config_glue [-] oslo_limit.connect_retry_delay = None {{(pid=109039) log_opt_values /opt/stack/data/venv/lib/python3.12/site-packages/oslo_config/cfg.py:2824}}
Feb 17 02:24:07.229544 np0000155913 nova-scheduler[109039]: DEBUG cotyledon.oslo_config_glue [-] oslo_limit.endpoint_id = None {{(pid=109039) log_opt_values /opt/stack/data/venv/lib/python3.12/site-packages/oslo_config/cfg.py:2824}}
Feb 17 02:24:07.229544 np0000155913 nova-scheduler[109039]: DEBUG cotyledon.oslo_config_glue [-] oslo_limit.endpoint_interface = publicURL {{(pid=109039) log_opt_values /opt/stack/data/venv/lib/python3.12/site-packages/oslo_config/cfg.py:2824}}
Feb 17 02:24:07.229544 np0000155913 nova-scheduler[109039]: DEBUG cotyledon.oslo_config_glue [-] oslo_limit.endpoint_override = None {{(pid=109039) log_opt_values /opt/stack/data/venv/lib/python3.12/site-packages/oslo_config/cfg.py:2824}}
Feb 17 02:24:07.229544 np0000155913 nova-scheduler[109039]: DEBUG cotyledon.oslo_config_glue [-] oslo_limit.endpoint_region_name = None {{(pid=109039) log_opt_values /opt/stack/data/venv/lib/python3.12/site-packages/oslo_config/cfg.py:2824}}
Feb 17 02:24:07.229544 np0000155913 nova-scheduler[109039]: DEBUG cotyledon.oslo_config_glue [-] oslo_limit.endpoint_service_name = None {{(pid=109039) log_opt_values /opt/stack/data/venv/lib/python3.12/site-packages/oslo_config/cfg.py:2824}}
Feb 17 02:24:07.229544 np0000155913 nova-scheduler[109039]: DEBUG cotyledon.oslo_config_glue [-] oslo_limit.endpoint_service_type = None {{(pid=109039) log_opt_values /opt/stack/data/venv/lib/python3.12/site-packages/oslo_config/cfg.py:2824}}
Feb 17 02:24:07.229770 np0000155913 nova-scheduler[109039]: DEBUG cotyledon.oslo_config_glue [-] oslo_limit.insecure = False {{(pid=109039) log_opt_values /opt/stack/data/venv/lib/python3.12/site-packages/oslo_config/cfg.py:2824}}
Feb 17 02:24:07.229770 np0000155913 nova-scheduler[109039]: DEBUG cotyledon.oslo_config_glue [-] oslo_limit.keyfile = None {{(pid=109039) log_opt_values /opt/stack/data/venv/lib/python3.12/site-packages/oslo_config/cfg.py:2824}}
Feb 17 02:24:07.229820 np0000155913 nova-scheduler[109025]: DEBUG dbcounter [-] [109025] Writer thread running {{(pid=109025) stat_writer /opt/stack/data/venv/lib/python3.12/site-packages/dbcounter.py:102}}
Feb 17 02:24:07.229855 np0000155913 nova-scheduler[109039]: DEBUG cotyledon.oslo_config_glue [-] oslo_limit.max_version = None {{(pid=109039) log_opt_values /opt/stack/data/venv/lib/python3.12/site-packages/oslo_config/cfg.py:2824}}
Feb 17 02:24:07.229855 np0000155913 nova-scheduler[109039]: DEBUG cotyledon.oslo_config_glue [-] oslo_limit.min_version = None {{(pid=109039) log_opt_values /opt/stack/data/venv/lib/python3.12/site-packages/oslo_config/cfg.py:2824}}
Feb 17 02:24:07.229855 np0000155913 nova-scheduler[109039]: DEBUG cotyledon.oslo_config_glue [-] oslo_limit.region_name = None {{(pid=109039) log_opt_values /opt/stack/data/venv/lib/python3.12/site-packages/oslo_config/cfg.py:2824}}
Feb 17 02:24:07.229855 np0000155913 nova-scheduler[109039]: DEBUG cotyledon.oslo_config_glue [-] oslo_limit.retriable_status_codes = None {{(pid=109039) log_opt_values /opt/stack/data/venv/lib/python3.12/site-packages/oslo_config/cfg.py:2824}}
Feb 17 02:24:07.229855 np0000155913 nova-scheduler[109039]: DEBUG cotyledon.oslo_config_glue [-] oslo_limit.service_name = None {{(pid=109039) log_opt_values /opt/stack/data/venv/lib/python3.12/site-packages/oslo_config/cfg.py:2824}}
Feb 17 02:24:07.229855 np0000155913 nova-scheduler[109039]: DEBUG cotyledon.oslo_config_glue [-] oslo_limit.service_type = None {{(pid=109039) log_opt_values /opt/stack/data/venv/lib/python3.12/site-packages/oslo_config/cfg.py:2824}}
Feb 17 02:24:07.229855 np0000155913 nova-scheduler[109039]: DEBUG cotyledon.oslo_config_glue [-] oslo_limit.split_loggers = False {{(pid=109039) log_opt_values /opt/stack/data/venv/lib/python3.12/site-packages/oslo_config/cfg.py:2824}}
Feb 17 02:24:07.229855 np0000155913 nova-scheduler[109039]: DEBUG cotyledon.oslo_config_glue [-] oslo_limit.status_code_retries = None {{(pid=109039) log_opt_values /opt/stack/data/venv/lib/python3.12/site-packages/oslo_config/cfg.py:2824}}
Feb 17 02:24:07.229855 np0000155913 nova-scheduler[109039]: DEBUG cotyledon.oslo_config_glue [-] oslo_limit.status_code_retry_delay = None {{(pid=109039) log_opt_values /opt/stack/data/venv/lib/python3.12/site-packages/oslo_config/cfg.py:2824}}
Feb 17 02:24:07.230114 np0000155913 nova-scheduler[109039]: DEBUG cotyledon.oslo_config_glue [-] oslo_limit.timeout = None {{(pid=109039) log_opt_values /opt/stack/data/venv/lib/python3.12/site-packages/oslo_config/cfg.py:2824}}
Feb 17 02:24:07.230114 np0000155913 nova-scheduler[109039]: DEBUG cotyledon.oslo_config_glue [-] oslo_limit.valid_interfaces = None {{(pid=109039) log_opt_values /opt/stack/data/venv/lib/python3.12/site-packages/oslo_config/cfg.py:2824}}
Feb 17 02:24:07.230114 np0000155913 nova-scheduler[109039]: DEBUG cotyledon.oslo_config_glue [-] oslo_limit.version = None {{(pid=109039) log_opt_values /opt/stack/data/venv/lib/python3.12/site-packages/oslo_config/cfg.py:2824}}
Feb 17 02:24:07.230114 np0000155913 nova-scheduler[109039]: DEBUG cotyledon.oslo_config_glue [-] oslo_reports.file_event_handler = None {{(pid=109039) log_opt_values /opt/stack/data/venv/lib/python3.12/site-packages/oslo_config/cfg.py:2824}}
Feb 17 02:24:07.230114 np0000155913 nova-scheduler[109039]: DEBUG cotyledon.oslo_config_glue [-] oslo_reports.file_event_handler_interval = 1 {{(pid=109039) log_opt_values /opt/stack/data/venv/lib/python3.12/site-packages/oslo_config/cfg.py:2824}}
Feb 17 02:24:07.230114 np0000155913 nova-scheduler[109039]: DEBUG cotyledon.oslo_config_glue [-] oslo_reports.log_dir = None {{(pid=109039) log_opt_values /opt/stack/data/venv/lib/python3.12/site-packages/oslo_config/cfg.py:2824}}
Feb 17 02:24:07.230114 np0000155913 nova-scheduler[109039]: DEBUG cotyledon.oslo_config_glue [-] ******************************************************************************** {{(pid=109039) log_opt_values /opt/stack/data/venv/lib/python3.12/site-packages/oslo_config/cfg.py:2828}}
Feb 17 02:24:07.230114 np0000155913 nova-scheduler[109039]: DEBUG cotyledon._service_worker [-] Run service ServiceWrapper(3) [109039] {{(pid=109039) wait_forever /opt/stack/data/venv/lib/python3.12/site-packages/cotyledon/_service_worker.py:218}}
Feb 17 02:24:07.230322 np0000155913 nova-scheduler[109018]: DEBUG nova.service [None req-dcd5f24e-e749-47ed-bb47-23ca7a476a3b None None] Creating RPC server for service scheduler {{(pid=109018) start /opt/stack/nova/nova/service.py:177}}
Feb 17 02:24:07.230359 np0000155913 nova-scheduler[109039]: INFO nova.service [-] Starting scheduler node (version 32.1.0)
Feb 17 02:24:07.230392 np0000155913 nova-scheduler[109033]: DEBUG dbcounter [-] [109033] Writer thread running {{(pid=109033) stat_writer /opt/stack/data/venv/lib/python3.12/site-packages/dbcounter.py:102}}
Feb 17 02:24:07.230421 np0000155913 nova-scheduler[109039]: INFO dbcounter [None req-1541c4f1-c4f5-44b0-9ccf-628f0e81e4b3 None None] Registered counter for database nova_cell0
Feb 17 02:24:07.230449 np0000155913 nova-scheduler[109025]: DEBUG nova.service [None req-32d166eb-46ed-4fd4-bd6f-9af42c0e7128 None None] Creating RPC server for service scheduler {{(pid=109025) start /opt/stack/nova/nova/service.py:177}}
Feb 17 02:24:07.230475 np0000155913 nova-scheduler[109033]: DEBUG nova.service [None req-a7c248be-1295-45ef-b9e5-765bef410151 None None] Creating RPC server for service scheduler {{(pid=109033) start /opt/stack/nova/nova/service.py:177}}
Feb 17 02:24:07.234207 np0000155913 nova-scheduler[109039]: DEBUG oslo_db.sqlalchemy.engines [None req-1541c4f1-c4f5-44b0-9ccf-628f0e81e4b3 None None] MySQL server mode set to STRICT_TRANS_TABLES,STRICT_ALL_TABLES,NO_ZERO_IN_DATE,NO_ZERO_DATE,ERROR_FOR_DIVISION_BY_ZERO,TRADITIONAL,NO_ENGINE_SUBSTITUTION {{(pid=109039) _check_effective_sql_mode /opt/stack/data/venv/lib/python3.12/site-packages/oslo_db/sqlalchemy/engines.py:325}}
Feb 17 02:24:07.251092 np0000155913 nova-scheduler[109033]: DEBUG nova.service [None req-a7c248be-1295-45ef-b9e5-765bef410151 None None] Join ServiceGroup membership for this service scheduler {{(pid=109033) start /opt/stack/nova/nova/service.py:194}}
Feb 17 02:24:07.251092 np0000155913 nova-scheduler[109033]: DEBUG nova.servicegroup.drivers.db [None req-a7c248be-1295-45ef-b9e5-765bef410151 None None] DB_Driver: join new ServiceGroup member np0000155913 to the scheduler group, service = {{(pid=109033) join /opt/stack/nova/nova/servicegroup/drivers/db.py:44}}
Feb 17 02:24:07.251294 np0000155913 nova-scheduler[109039]: DEBUG dbcounter [-] [109039] Writer thread running {{(pid=109039) stat_writer /opt/stack/data/venv/lib/python3.12/site-packages/dbcounter.py:102}}
Feb 17 02:24:07.253338 np0000155913 nova-scheduler[109039]: DEBUG nova.service [None req-1541c4f1-c4f5-44b0-9ccf-628f0e81e4b3 None None] Creating RPC server for service scheduler {{(pid=109039) start /opt/stack/nova/nova/service.py:177}}
Feb 17 02:24:07.255775 np0000155913 nova-scheduler[109025]: DEBUG nova.service [None req-32d166eb-46ed-4fd4-bd6f-9af42c0e7128 None None] Join ServiceGroup membership for this service scheduler {{(pid=109025) start /opt/stack/nova/nova/service.py:194}}
Feb 17 02:24:07.256321 np0000155913 nova-scheduler[109025]: DEBUG nova.servicegroup.drivers.db [None req-32d166eb-46ed-4fd4-bd6f-9af42c0e7128 None None] DB_Driver: join new ServiceGroup member np0000155913 to the scheduler group, service = {{(pid=109025) join /opt/stack/nova/nova/servicegroup/drivers/db.py:44}}
Feb 17 02:24:07.260400 np0000155913 nova-scheduler[109018]: DEBUG nova.service [None req-dcd5f24e-e749-47ed-bb47-23ca7a476a3b None None] Join ServiceGroup membership for this service scheduler {{(pid=109018) start /opt/stack/nova/nova/service.py:194}}
Feb 17 02:24:07.260668 np0000155913 nova-scheduler[109018]: DEBUG nova.servicegroup.drivers.db [None req-dcd5f24e-e749-47ed-bb47-23ca7a476a3b None None] DB_Driver: join new ServiceGroup member np0000155913 to the scheduler group, service = {{(pid=109018) join /opt/stack/nova/nova/servicegroup/drivers/db.py:44}}
Feb 17 02:24:07.276782 np0000155913 nova-scheduler[109039]: DEBUG nova.service [None req-1541c4f1-c4f5-44b0-9ccf-628f0e81e4b3 None None] Join ServiceGroup membership for this service scheduler {{(pid=109039) start /opt/stack/nova/nova/service.py:194}}
Feb 17 02:24:07.277568 np0000155913 nova-scheduler[109039]: DEBUG nova.servicegroup.drivers.db [None req-1541c4f1-c4f5-44b0-9ccf-628f0e81e4b3 None None] DB_Driver: join new ServiceGroup member np0000155913 to the scheduler group, service = {{(pid=109039) join /opt/stack/nova/nova/servicegroup/drivers/db.py:44}}
Feb 17 02:24:12.280093 np0000155913 nova-scheduler[109018]: DEBUG oslo.service.backend._threading.loopingcall [-] Fixed interval looping call 'nova.servicegroup.drivers.db.DbDriver._report_state' sleeping for 119.98 seconds {{(pid=109018) _run_loop /opt/stack/data/venv/lib/python3.12/site-packages/oslo_service/backend/_threading/loopingcall.py:125}}
Feb 17 02:24:12.280652 np0000155913 nova-scheduler[109025]: DEBUG oslo.service.backend._threading.loopingcall [-] Fixed interval looping call 'nova.servicegroup.drivers.db.DbDriver._report_state' sleeping for 119.98 seconds {{(pid=109025) _run_loop /opt/stack/data/venv/lib/python3.12/site-packages/oslo_service/backend/_threading/loopingcall.py:125}}
Feb 17 02:24:12.281952 np0000155913 nova-scheduler[109033]: DEBUG oslo.service.backend._threading.loopingcall [-] Fixed interval looping call 'nova.servicegroup.drivers.db.DbDriver._report_state' sleeping for 119.98 seconds {{(pid=109033) _run_loop /opt/stack/data/venv/lib/python3.12/site-packages/oslo_service/backend/_threading/loopingcall.py:125}}
Feb 17 02:24:12.299408 np0000155913 nova-scheduler[109039]: DEBUG oslo.service.backend._threading.loopingcall [-] Fixed interval looping call 'nova.servicegroup.drivers.db.DbDriver._report_state' sleeping for 119.98 seconds {{(pid=109039) _run_loop /opt/stack/data/venv/lib/python3.12/site-packages/oslo_service/backend/_threading/loopingcall.py:125}}
Feb 17 02:24:15.761366 np0000155913 nova-scheduler[108279]: DEBUG dbcounter [-] [108279] Writing DB stats nova_api:SELECT=3 {{(pid=108279) stat_writer /opt/stack/data/venv/lib/python3.12/site-packages/dbcounter.py:115}}
Feb 17 02:24:15.872894 np0000155913 nova-scheduler[108279]: DEBUG dbcounter [-] [108279] Writing DB stats nova_cell0:SELECT=1 {{(pid=108279) stat_writer /opt/stack/data/venv/lib/python3.12/site-packages/dbcounter.py:115}}
Feb 17 02:24:15.881449 np0000155913 nova-scheduler[108279]: DEBUG dbcounter [-] [108279] Writing DB stats nova_cell1:SELECT=1 {{(pid=108279) stat_writer /opt/stack/data/venv/lib/python3.12/site-packages/dbcounter.py:115}}
Feb 17 02:24:22.271000 np0000155913 nova-scheduler[109025]: DEBUG dbcounter [-] [109025] Writing DB stats nova_cell0:SELECT=4,nova_cell0:INSERT=1,nova_cell0:UPDATE=1 {{(pid=109025) stat_writer /opt/stack/data/venv/lib/python3.12/site-packages/dbcounter.py:115}}
Feb 17 02:24:22.275751 np0000155913 nova-scheduler[109018]: DEBUG dbcounter [-] [109018] Writing DB stats nova_cell0:SELECT=4,nova_cell0:INSERT=1,nova_cell0:UPDATE=1 {{(pid=109018) stat_writer /opt/stack/data/venv/lib/python3.12/site-packages/dbcounter.py:115}}
Feb 17 02:24:22.280468 np0000155913 nova-scheduler[109033]: DEBUG dbcounter [-] [109033] Writing DB stats nova_cell0:SELECT=3,nova_cell0:UPDATE=1 {{(pid=109033) stat_writer /opt/stack/data/venv/lib/python3.12/site-packages/dbcounter.py:115}}
Feb 17 02:24:22.292193 np0000155913 nova-scheduler[109039]: DEBUG dbcounter [-] [109039] Writing DB stats nova_cell0:SELECT=3 {{(pid=109039) stat_writer /opt/stack/data/venv/lib/python3.12/site-packages/dbcounter.py:115}}
Feb 17 02:24:56.265135 np0000155913 nova-scheduler[109018]: DEBUG oslo.service.backend._threading.loopingcall [None req-b3e85cd7-3247-40bf-b9d7-3826d7c8b633 None None] Dynamic interval looping call 'nova.service.Service.periodic_tasks' sleeping for 60.00 seconds {{(pid=109018) _run_loop /opt/stack/data/venv/lib/python3.12/site-packages/oslo_service/backend/_threading/loopingcall.py:125}}
Feb 17 02:24:57.281631 np0000155913 nova-scheduler[109039]: DEBUG oslo.service.backend._threading.loopingcall [None req-e1eaa873-4530-4ecc-8aea-dc13be198f47 None None] Dynamic interval looping call 'nova.service.Service.periodic_tasks' sleeping for 60.00 seconds {{(pid=109039) _run_loop /opt/stack/data/venv/lib/python3.12/site-packages/oslo_service/backend/_threading/loopingcall.py:125}}
Feb 17 02:25:05.318225 np0000155913 nova-scheduler[109025]: DEBUG oslo.service.backend._threading.loopingcall [None req-21a2a7e8-c9c7-46eb-b95d-270fdf0c97d4 None None] Dynamic interval looping call 'nova.service.Service.periodic_tasks' sleeping for 60.00 seconds {{(pid=109025) _run_loop /opt/stack/data/venv/lib/python3.12/site-packages/oslo_service/backend/_threading/loopingcall.py:125}}
Feb 17 02:25:06.261976 np0000155913 nova-scheduler[109033]: DEBUG oslo.service.backend._threading.loopingcall [None req-cbbf3338-c5c2-4a5d-8c57-fe47fc74b70c None None] Dynamic interval looping call 'nova.service.Service.periodic_tasks' sleeping for 60.00 seconds {{(pid=109033) _run_loop /opt/stack/data/venv/lib/python3.12/site-packages/oslo_service/backend/_threading/loopingcall.py:125}}
Feb 17 02:25:56.265988 np0000155913 nova-scheduler[109018]: DEBUG oslo.service.backend._threading.loopingcall [None req-b3e85cd7-3247-40bf-b9d7-3826d7c8b633 None None] Dynamic interval looping call 'nova.service.Service.periodic_tasks' sleeping for 60.00 seconds {{(pid=109018) _run_loop /opt/stack/data/venv/lib/python3.12/site-packages/oslo_service/backend/_threading/loopingcall.py:125}}
Feb 17 02:25:57.282359 np0000155913 nova-scheduler[109039]: DEBUG oslo.service.backend._threading.loopingcall [None req-e1eaa873-4530-4ecc-8aea-dc13be198f47 None None] Dynamic interval looping call 'nova.service.Service.periodic_tasks' sleeping for 60.00 seconds {{(pid=109039) _run_loop /opt/stack/data/venv/lib/python3.12/site-packages/oslo_service/backend/_threading/loopingcall.py:125}}
Feb 17 02:26:05.319226 np0000155913 nova-scheduler[109025]: DEBUG oslo.service.backend._threading.loopingcall [None req-21a2a7e8-c9c7-46eb-b95d-270fdf0c97d4 None None] Dynamic interval looping call 'nova.service.Service.periodic_tasks' sleeping for 60.00 seconds {{(pid=109025) _run_loop /opt/stack/data/venv/lib/python3.12/site-packages/oslo_service/backend/_threading/loopingcall.py:125}}
Feb 17 02:26:06.262818 np0000155913 nova-scheduler[109033]: DEBUG oslo.service.backend._threading.loopingcall [None req-cbbf3338-c5c2-4a5d-8c57-fe47fc74b70c None None] Dynamic interval looping call 'nova.service.Service.periodic_tasks' sleeping for 60.00 seconds {{(pid=109033) _run_loop /opt/stack/data/venv/lib/python3.12/site-packages/oslo_service/backend/_threading/loopingcall.py:125}}
Feb 17 02:26:12.271854 np0000155913 nova-scheduler[109018]: DEBUG oslo.service.backend._threading.loopingcall [-] Fixed interval looping call 'nova.servicegroup.drivers.db.DbDriver._report_state' sleeping for 119.99 seconds {{(pid=109018) _run_loop /opt/stack/data/venv/lib/python3.12/site-packages/oslo_service/backend/_threading/loopingcall.py:125}}
Feb 17 02:26:12.272707 np0000155913 nova-scheduler[109025]: DEBUG oslo.service.backend._threading.loopingcall [-] Fixed interval looping call 'nova.servicegroup.drivers.db.DbDriver._report_state' sleeping for 119.99 seconds {{(pid=109025) _run_loop /opt/stack/data/venv/lib/python3.12/site-packages/oslo_service/backend/_threading/loopingcall.py:125}}
Feb 17 02:26:12.273251 np0000155913 nova-scheduler[109033]: DEBUG oslo.service.backend._threading.loopingcall [-] Fixed interval looping call 'nova.servicegroup.drivers.db.DbDriver._report_state' sleeping for 119.99 seconds {{(pid=109033) _run_loop /opt/stack/data/venv/lib/python3.12/site-packages/oslo_service/backend/_threading/loopingcall.py:125}}
Feb 17 02:26:12.286147 np0000155913 nova-scheduler[109039]: DEBUG oslo.service.backend._threading.loopingcall [-] Fixed interval looping call 'nova.servicegroup.drivers.db.DbDriver._report_state' sleeping for 119.99 seconds {{(pid=109039) _run_loop /opt/stack/data/venv/lib/python3.12/site-packages/oslo_service/backend/_threading/loopingcall.py:125}}
Feb 17 02:26:22.265294 np0000155913 nova-scheduler[109018]: DEBUG dbcounter [-] [109018] Writing DB stats nova_cell0:SELECT=1,nova_cell0:UPDATE=1 {{(pid=109018) stat_writer /opt/stack/data/venv/lib/python3.12/site-packages/dbcounter.py:115}}
Feb 17 02:26:22.266652 np0000155913 nova-scheduler[109025]: DEBUG dbcounter [-] [109025] Writing DB stats nova_cell0:SELECT=1,nova_cell0:UPDATE=1 {{(pid=109025) stat_writer /opt/stack/data/venv/lib/python3.12/site-packages/dbcounter.py:115}}
Feb 17 02:26:22.267987 np0000155913 nova-scheduler[109033]: DEBUG dbcounter [-] [109033] Writing DB stats nova_cell0:SELECT=1,nova_cell0:UPDATE=1 {{(pid=109033) stat_writer /opt/stack/data/venv/lib/python3.12/site-packages/dbcounter.py:115}}
Feb 17 02:26:22.283090 np0000155913 nova-scheduler[109039]: DEBUG dbcounter [-] [109039] Writing DB stats nova_cell0:SELECT=1 {{(pid=109039) stat_writer /opt/stack/data/venv/lib/python3.12/site-packages/dbcounter.py:115}}
Feb 17 02:26:56.267240 np0000155913 nova-scheduler[109018]: DEBUG oslo.service.backend._threading.loopingcall [None req-b3e85cd7-3247-40bf-b9d7-3826d7c8b633 None None] Dynamic interval looping call 'nova.service.Service.periodic_tasks' sleeping for 60.00 seconds {{(pid=109018) _run_loop /opt/stack/data/venv/lib/python3.12/site-packages/oslo_service/backend/_threading/loopingcall.py:125}}
Feb 17 02:26:57.283579 np0000155913 nova-scheduler[109039]: DEBUG oslo.service.backend._threading.loopingcall [None req-e1eaa873-4530-4ecc-8aea-dc13be198f47 None None] Dynamic interval looping call 'nova.service.Service.periodic_tasks' sleeping for 60.00 seconds {{(pid=109039) _run_loop /opt/stack/data/venv/lib/python3.12/site-packages/oslo_service/backend/_threading/loopingcall.py:125}}
Feb 17 02:27:05.320141 np0000155913 nova-scheduler[109025]: DEBUG oslo.service.backend._threading.loopingcall [None req-21a2a7e8-c9c7-46eb-b95d-270fdf0c97d4 None None] Dynamic interval looping call 'nova.service.Service.periodic_tasks' sleeping for 60.00 seconds {{(pid=109025) _run_loop /opt/stack/data/venv/lib/python3.12/site-packages/oslo_service/backend/_threading/loopingcall.py:125}}
Feb 17 02:27:06.264898 np0000155913 nova-scheduler[109033]: DEBUG oslo.service.backend._threading.loopingcall [None req-cbbf3338-c5c2-4a5d-8c57-fe47fc74b70c None None] Dynamic interval looping call 'nova.service.Service.periodic_tasks' sleeping for 60.00 seconds {{(pid=109033) _run_loop /opt/stack/data/venv/lib/python3.12/site-packages/oslo_service/backend/_threading/loopingcall.py:125}}
Feb 17 02:27:56.268111 np0000155913 nova-scheduler[109018]: DEBUG oslo.service.backend._threading.loopingcall [None req-b3e85cd7-3247-40bf-b9d7-3826d7c8b633 None None] Dynamic interval looping call 'nova.service.Service.periodic_tasks' sleeping for 60.00 seconds {{(pid=109018) _run_loop /opt/stack/data/venv/lib/python3.12/site-packages/oslo_service/backend/_threading/loopingcall.py:125}}
Feb 17 02:27:57.284222 np0000155913 nova-scheduler[109039]: DEBUG oslo.service.backend._threading.loopingcall [None req-e1eaa873-4530-4ecc-8aea-dc13be198f47 None None] Dynamic interval looping call 'nova.service.Service.periodic_tasks' sleeping for 60.00 seconds {{(pid=109039) _run_loop /opt/stack/data/venv/lib/python3.12/site-packages/oslo_service/backend/_threading/loopingcall.py:125}}
Feb 17 02:28:05.325262 np0000155913 nova-scheduler[109025]: DEBUG oslo.service.backend._threading.loopingcall [None req-21a2a7e8-c9c7-46eb-b95d-270fdf0c97d4 None None] Dynamic interval looping call 'nova.service.Service.periodic_tasks' sleeping for 60.00 seconds {{(pid=109025) _run_loop /opt/stack/data/venv/lib/python3.12/site-packages/oslo_service/backend/_threading/loopingcall.py:125}}
Feb 17 02:28:06.265608 np0000155913 nova-scheduler[109033]: DEBUG oslo.service.backend._threading.loopingcall [None req-cbbf3338-c5c2-4a5d-8c57-fe47fc74b70c None None] Dynamic interval looping call 'nova.service.Service.periodic_tasks' sleeping for 60.00 seconds {{(pid=109033) _run_loop /opt/stack/data/venv/lib/python3.12/site-packages/oslo_service/backend/_threading/loopingcall.py:125}}
Feb 17 02:28:13.831139 np0000155913 nova-scheduler[109018]: DEBUG oslo.service.backend._threading.loopingcall [-] Fixed interval looping call 'nova.servicegroup.drivers.db.DbDriver._report_state' sleeping for 118.43 seconds {{(pid=109018) _run_loop /opt/stack/data/venv/lib/python3.12/site-packages/oslo_service/backend/_threading/loopingcall.py:125}}
Feb 17 02:28:13.832234 np0000155913 nova-scheduler[109033]: DEBUG oslo.service.backend._threading.loopingcall [-] Fixed interval looping call 'nova.servicegroup.drivers.db.DbDriver._report_state' sleeping for 118.43 seconds {{(pid=109033) _run_loop /opt/stack/data/venv/lib/python3.12/site-packages/oslo_service/backend/_threading/loopingcall.py:125}}
Feb 17 02:28:13.834479 np0000155913 nova-scheduler[109025]: DEBUG oslo.service.backend._threading.loopingcall [-] Fixed interval looping call 'nova.servicegroup.drivers.db.DbDriver._report_state' sleeping for 118.43 seconds {{(pid=109025) _run_loop /opt/stack/data/venv/lib/python3.12/site-packages/oslo_service/backend/_threading/loopingcall.py:125}}
