Jun 16 01:08:55.900043 np0000180470 devstack@neutron-api.service[102862]: DEBUG neutron.api.extensions [None req-570e3bd9-740e-4bf7-9320-a3541924a56d None None] Extended resource: rbac-policies {{(pid=102862) __init__ /opt/stack/neutron/neutron/api/extensions.py:156}}
Jun 16 01:08:55.900100 np0000180470 devstack@neutron-api.service[102864]: INFO neutron.api.extensions [None req-0c17f988-c1b2-476f-9f04-f4cf896d1699 None None] Loaded extension: subnet_allocation
Jun 16 01:08:55.900227 np0000180470 devstack@neutron-api.service[102864]: DEBUG neutron.api.extensions [None req-0c17f988-c1b2-476f-9f04-f4cf896d1699 None None] Loading extension file: subnetpool_prefix_ops.py {{(pid=102864) _load_all_extensions_from_path /opt/stack/neutron/neutron/api/extensions.py:449}}
Jun 16 01:08:55.900590 np0000180470 devstack@neutron-api.service[102864]: DEBUG neutron.api.extensions [None req-0c17f988-c1b2-476f-9f04-f4cf896d1699 None None] Ext name="Subnet Pool Prefix Operations" alias="subnetpool-prefix-ops" description="Provides support for adjusting the prefix list of subnet pools" updated="2019-02-08T10:00:00-00:00" {{(pid=102864) _check_extension /opt/stack/neutron/neutron/api/extensions.py:415}}
Jun 16 01:08:55.900668 np0000180470 devstack@neutron-api.service[102862]: DEBUG neutron.api.extensions [None req-570e3bd9-740e-4bf7-9320-a3541924a56d None None] Extended resource: default-security-group-rules {{(pid=102862) __init__ /opt/stack/neutron/neutron/api/extensions.py:156}}
Jun 16 01:08:55.900859 np0000180470 devstack@neutron-api.service[102864]: INFO neutron.api.extensions [None req-0c17f988-c1b2-476f-9f04-f4cf896d1699 None None] Loaded extension: subnetpool-prefix-ops
Jun 16 01:08:55.900981 np0000180470 devstack@neutron-api.service[102864]: DEBUG neutron.api.extensions [None req-0c17f988-c1b2-476f-9f04-f4cf896d1699 None None] Loading extension file: tag_creation.py {{(pid=102864) _load_all_extensions_from_path /opt/stack/neutron/neutron/api/extensions.py:449}}
Jun 16 01:08:55.901284 np0000180470 devstack@neutron-api.service[102862]: DEBUG neutron.api.extensions [None req-570e3bd9-740e-4bf7-9320-a3541924a56d None None] Extended resource: security-groups {{(pid=102862) __init__ /opt/stack/neutron/neutron/api/extensions.py:156}}
Jun 16 01:08:55.901351 np0000180470 devstack@neutron-api.service[102864]: DEBUG neutron.api.extensions [None req-0c17f988-c1b2-476f-9f04-f4cf896d1699 None None] Ext name="Tag creation extension" alias="tag-creation" description="Allow to create multiple tags for a resource" updated="2024-23-07T10:00:00-00:00" {{(pid=102864) _check_extension /opt/stack/neutron/neutron/api/extensions.py:415}}
Jun 16 01:08:55.901589 np0000180470 devstack@neutron-api.service[102864]: INFO neutron.api.extensions [None req-0c17f988-c1b2-476f-9f04-f4cf896d1699 None None] Loaded extension: tag-creation
Jun 16 01:08:55.901677 np0000180470 devstack@neutron-api.service[102864]: DEBUG neutron.api.extensions [None req-0c17f988-c1b2-476f-9f04-f4cf896d1699 None None] Loading extension file: tag_ports_during_bulk_creation.py {{(pid=102864) _load_all_extensions_from_path /opt/stack/neutron/neutron/api/extensions.py:449}}
Jun 16 01:08:55.901812 np0000180470 devstack@neutron-api.service[102862]: DEBUG neutron.api.extensions [None req-570e3bd9-740e-4bf7-9320-a3541924a56d None None] Extended resource: security-group-rules {{(pid=102862) __init__ /opt/stack/neutron/neutron/api/extensions.py:156}}
Jun 16 01:08:55.901951 np0000180470 devstack@neutron-api.service[102864]: DEBUG neutron.api.extensions [None req-0c17f988-c1b2-476f-9f04-f4cf896d1699 None None] Ext name="Tag Ports During Bulk Creation" alias="tag-ports-during-bulk-creation" description="Allow to tag ports during bulk creation" updated="2019-12-29T19:00:00-00:00" {{(pid=102864) _check_extension /opt/stack/neutron/neutron/api/extensions.py:415}}
Jun 16 01:08:55.902229 np0000180470 devstack@neutron-api.service[102864]: INFO neutron.api.extensions [None req-0c17f988-c1b2-476f-9f04-f4cf896d1699 None None] Extension tag-ports-during-bulk-creation not supported by any of loaded plugins
Jun 16 01:08:55.902289 np0000180470 devstack@neutron-api.service[102864]: DEBUG neutron.api.extensions [None req-0c17f988-c1b2-476f-9f04-f4cf896d1699 None None] Loading extension file: tagging.py {{(pid=102864) _load_all_extensions_from_path /opt/stack/neutron/neutron/api/extensions.py:449}}
Jun 16 01:08:55.902924 np0000180470 devstack@neutron-api.service[102862]: DEBUG neutron.api.extensions [None req-570e3bd9-740e-4bf7-9320-a3541924a56d None None] Extended resource: service-providers {{(pid=102862) __init__ /opt/stack/neutron/neutron/api/extensions.py:156}}
Jun 16 01:08:55.903256 np0000180470 devstack@neutron-api.service[102864]: DEBUG neutron.api.extensions [None req-0c17f988-c1b2-476f-9f04-f4cf896d1699 None None] Ext name="Tag support for resources with standard attribute: port, subnet, subnetpool, network, security_group, router, floatingip, policy, trunk, network_segment_range" alias="standard-attr-tag" description="Enables to set tag on resources with standard attribute." updated="2017-01-01T00:00:00-00:00" {{(pid=102864) _check_extension /opt/stack/neutron/neutron/api/extensions.py:415}}
Jun 16 01:08:55.903434 np0000180470 devstack@neutron-api.service[102862]: DEBUG neutron.api.extensions [None req-570e3bd9-740e-4bf7-9320-a3541924a56d None None] Extended resource: subnetpools {{(pid=102862) __init__ /opt/stack/neutron/neutron/api/extensions.py:156}}
Jun 16 01:08:55.903476 np0000180470 devstack@neutron-api.service[102864]: INFO neutron.api.extensions [None req-0c17f988-c1b2-476f-9f04-f4cf896d1699 None None] Loaded extension: standard-attr-tag
Jun 16 01:08:55.903607 np0000180470 devstack@neutron-api.service[102864]: DEBUG neutron.api.extensions [None req-0c17f988-c1b2-476f-9f04-f4cf896d1699 None None] Loading extension file: timestamp.py {{(pid=102864) _load_all_extensions_from_path /opt/stack/neutron/neutron/api/extensions.py:449}}
Jun 16 01:08:55.903896 np0000180470 devstack@neutron-api.service[102864]: DEBUG neutron.api.extensions [None req-0c17f988-c1b2-476f-9f04-f4cf896d1699 None None] Ext name="Resource timestamps" alias="standard-attr-timestamp" description="Adds created_at and updated_at fields to all Neutron resources that have Neutron standard attributes." updated="2016-09-12T10:00:00-00:00" {{(pid=102864) _check_extension /opt/stack/neutron/neutron/api/extensions.py:415}}
Jun 16 01:08:55.904029 np0000180470 devstack@neutron-api.service[102862]: DEBUG neutron.api.extensions [None req-570e3bd9-740e-4bf7-9320-a3541924a56d None None] Extended resource: subnetpools {{(pid=102862) __init__ /opt/stack/neutron/neutron/api/extensions.py:156}}
Jun 16 01:08:55.904169 np0000180470 devstack@neutron-api.service[102864]: INFO neutron.api.extensions [None req-0c17f988-c1b2-476f-9f04-f4cf896d1699 None None] Loaded extension: standard-attr-timestamp
Jun 16 01:08:55.904439 np0000180470 devstack@neutron-api.service[102864]: DEBUG neutron.api.extensions [None req-0c17f988-c1b2-476f-9f04-f4cf896d1699 None None] Loading extension file: trunk.py {{(pid=102864) _load_all_extensions_from_path /opt/stack/neutron/neutron/api/extensions.py:449}}
Jun 16 01:08:55.904594 np0000180470 devstack@neutron-api.service[102864]: DEBUG neutron.api.extensions [None req-0c17f988-c1b2-476f-9f04-f4cf896d1699 None None] Ext name="Trunk Extension" alias="trunk" description="Provides support for trunk ports" updated="2016-01-01T10:00:00-00:00" {{(pid=102864) _check_extension /opt/stack/neutron/neutron/api/extensions.py:415}}
Jun 16 01:08:55.904644 np0000180470 devstack@neutron-api.service[102862]: DEBUG neutron.api.extensions [None req-570e3bd9-740e-4bf7-9320-a3541924a56d None None] Extended resource: tags {{(pid=102862) __init__ /opt/stack/neutron/neutron/api/extensions.py:156}}
Jun 16 01:08:55.904885 np0000180470 devstack@neutron-api.service[102864]: INFO neutron.api.extensions [None req-0c17f988-c1b2-476f-9f04-f4cf896d1699 None None] Extension trunk not supported by any of loaded plugins
Jun 16 01:08:55.904986 np0000180470 devstack@neutron-api.service[102864]: DEBUG neutron.api.extensions [None req-0c17f988-c1b2-476f-9f04-f4cf896d1699 None None] Loading extension file: trunk_details.py {{(pid=102864) _load_all_extensions_from_path /opt/stack/neutron/neutron/api/extensions.py:449}}
Jun 16 01:08:55.905230 np0000180470 devstack@neutron-api.service[102864]: DEBUG neutron.api.extensions [None req-0c17f988-c1b2-476f-9f04-f4cf896d1699 None None] Ext name="Trunk port details" alias="trunk-details" description="Expose trunk port details" updated="2016-01-01T10:00:00-00:00" {{(pid=102864) _check_extension /opt/stack/neutron/neutron/api/extensions.py:415}}
Jun 16 01:08:55.905421 np0000180470 devstack@neutron-api.service[102864]: INFO neutron.api.extensions [None req-0c17f988-c1b2-476f-9f04-f4cf896d1699 None None] Extension trunk-details not supported by any of loaded plugins
Jun 16 01:08:55.905512 np0000180470 devstack@neutron-api.service[102864]: DEBUG neutron.api.extensions [None req-0c17f988-c1b2-476f-9f04-f4cf896d1699 None None] Loading extension file: uplink_status_propagation.py {{(pid=102864) _load_all_extensions_from_path /opt/stack/neutron/neutron/api/extensions.py:449}}
Jun 16 01:08:55.905540 np0000180470 devstack@neutron-api.service[102862]: DEBUG neutron.api.extensions [None req-570e3bd9-740e-4bf7-9320-a3541924a56d None None] Extended resource: tags {{(pid=102862) __init__ /opt/stack/neutron/neutron/api/extensions.py:156}}
Jun 16 01:08:55.905739 np0000180470 devstack@neutron-api.service[102864]: DEBUG neutron.api.extensions [None req-0c17f988-c1b2-476f-9f04-f4cf896d1699 None None] Ext name="Uplink status propagation extension" alias="uplink-status-propagation" description="Provides ability to propagate port uplink status." updated="2018-05-31T18:00:00-00:00" {{(pid=102864) _check_extension /opt/stack/neutron/neutron/api/extensions.py:415}}
Jun 16 01:08:55.906028 np0000180470 devstack@neutron-api.service[102864]: INFO neutron.api.extensions [None req-0c17f988-c1b2-476f-9f04-f4cf896d1699 None None] Extension uplink-status-propagation not supported by any of loaded plugins
Jun 16 01:08:55.906028 np0000180470 devstack@neutron-api.service[102864]: DEBUG neutron.api.extensions [None req-0c17f988-c1b2-476f-9f04-f4cf896d1699 None None] Loading extension file: uplink_status_propagation_updatable.py {{(pid=102864) _load_all_extensions_from_path /opt/stack/neutron/neutron/api/extensions.py:449}}
Jun 16 01:08:55.906223 np0000180470 devstack@neutron-api.service[102864]: DEBUG neutron.api.extensions [None req-0c17f988-c1b2-476f-9f04-f4cf896d1699 None None] Ext name="Uplink status propagation updatable extension" alias="uplink-status-propagation-updatable" description="Provides ability to update the port uplink status." updated="2024-09-03T18:00:00-00:00" {{(pid=102864) _check_extension /opt/stack/neutron/neutron/api/extensions.py:415}}
Jun 16 01:08:55.906254 np0000180470 devstack@neutron-api.service[102862]: DEBUG neutron.api.extensions [None req-570e3bd9-740e-4bf7-9320-a3541924a56d None None] Extended resource: tags {{(pid=102862) __init__ /opt/stack/neutron/neutron/api/extensions.py:156}}
Jun 16 01:08:55.906416 np0000180470 devstack@neutron-api.service[102864]: INFO neutron.api.extensions [None req-0c17f988-c1b2-476f-9f04-f4cf896d1699 None None] Extension uplink-status-propagation-updatable not supported by any of loaded plugins
Jun 16 01:08:55.906501 np0000180470 devstack@neutron-api.service[102864]: DEBUG neutron.api.extensions [None req-0c17f988-c1b2-476f-9f04-f4cf896d1699 None None] Loading extension file: vlantransparent.py {{(pid=102864) _load_all_extensions_from_path /opt/stack/neutron/neutron/api/extensions.py:449}}
Jun 16 01:08:55.906888 np0000180470 devstack@neutron-api.service[102864]: DEBUG neutron.api.extensions [None req-0c17f988-c1b2-476f-9f04-f4cf896d1699 None None] Ext name="Vlantransparent" alias="vlan-transparent" description="Provides Vlan Transparent Networks" updated="2015-03-23T09:00:00-00:00" {{(pid=102864) _check_extension /opt/stack/neutron/neutron/api/extensions.py:415}}
Jun 16 01:08:55.907065 np0000180470 devstack@neutron-api.service[102864]: INFO neutron.api.extensions [None req-0c17f988-c1b2-476f-9f04-f4cf896d1699 None None] Loaded extension: vlan-transparent
Jun 16 01:08:55.907139 np0000180470 devstack@neutron-api.service[102862]: DEBUG neutron.api.extensions [None req-570e3bd9-740e-4bf7-9320-a3541924a56d None None] Extended resource: tags {{(pid=102862) __init__ /opt/stack/neutron/neutron/api/extensions.py:156}}
Jun 16 01:08:55.907891 np0000180470 devstack@neutron-api.service[102862]: DEBUG neutron.api.extensions [None req-570e3bd9-740e-4bf7-9320-a3541924a56d None None] Extended resource: tags {{(pid=102862) __init__ /opt/stack/neutron/neutron/api/extensions.py:156}}
Jun 16 01:08:55.908731 np0000180470 devstack@neutron-api.service[102862]: DEBUG neutron.api.extensions [None req-570e3bd9-740e-4bf7-9320-a3541924a56d None None] Extended resource: tags {{(pid=102862) __init__ /opt/stack/neutron/neutron/api/extensions.py:156}}
Jun 16 01:08:55.908762 np0000180470 devstack@neutron-api.service[102864]: INFO neutron.quota.resource_registry [None req-0c17f988-c1b2-476f-9f04-f4cf896d1699 None None] Creating instance of TrackedResource for resource:network
Jun 16 01:08:55.909005 np0000180470 devstack@neutron-api.service[102864]: INFO neutron.quota.resource_registry [None req-0c17f988-c1b2-476f-9f04-f4cf896d1699 None None] Creating instance of TrackedResource for resource:subnet
Jun 16 01:08:55.909138 np0000180470 devstack@neutron-api.service[102864]: INFO neutron.quota.resource_registry [None req-0c17f988-c1b2-476f-9f04-f4cf896d1699 None None] Creating instance of TrackedResource for resource:subnetpool
Jun 16 01:08:55.909257 np0000180470 devstack@neutron-api.service[102864]: INFO neutron.quota.resource_registry [None req-0c17f988-c1b2-476f-9f04-f4cf896d1699 None None] Creating instance of TrackedResource for resource:port
Jun 16 01:08:55.909602 np0000180470 devstack@neutron-api.service[102862]: DEBUG neutron.api.extensions [None req-570e3bd9-740e-4bf7-9320-a3541924a56d None None] Extended resource: tags {{(pid=102862) __init__ /opt/stack/neutron/neutron/api/extensions.py:156}}
Jun 16 01:08:55.910424 np0000180470 devstack@neutron-api.service[102862]: DEBUG neutron.api.extensions [None req-570e3bd9-740e-4bf7-9320-a3541924a56d None None] Extended resource: tags {{(pid=102862) __init__ /opt/stack/neutron/neutron/api/extensions.py:156}}
Jun 16 01:08:55.910702 np0000180470 devstack@neutron-api.service[102864]: DEBUG neutron.api.v2.resource_helper [None req-0c17f988-c1b2-476f-9f04-f4cf896d1699 None None] Service L3_ROUTER_NAT assigned prefix: {{(pid=102864) build_resource_info /opt/stack/neutron/neutron/api/v2/resource_helper.py:77}}
Jun 16 01:08:55.911022 np0000180470 devstack@neutron-api.service[102864]: DEBUG neutron.api.v2.resource_helper [None req-0c17f988-c1b2-476f-9f04-f4cf896d1699 None None] Service FLAVORS assigned prefix: {{(pid=102864) build_resource_info /opt/stack/neutron/neutron/api/v2/resource_helper.py:77}}
Jun 16 01:08:55.911291 np0000180470 devstack@neutron-api.service[102862]: DEBUG neutron.api.extensions [None req-570e3bd9-740e-4bf7-9320-a3541924a56d None None] Extended resource: tags {{(pid=102862) __init__ /opt/stack/neutron/neutron/api/extensions.py:156}}
Jun 16 01:08:55.912017 np0000180470 devstack@neutron-api.service[102864]: DEBUG neutron.api.v2.resource_helper [None req-0c17f988-c1b2-476f-9f04-f4cf896d1699 None None] Service L3_ROUTER_NAT assigned prefix: {{(pid=102864) build_resource_info /opt/stack/neutron/neutron/api/v2/resource_helper.py:77}}
Jun 16 01:08:55.912102 np0000180470 devstack@neutron-api.service[102862]: DEBUG neutron.api.extensions [None req-570e3bd9-740e-4bf7-9320-a3541924a56d None None] Extended resource: tags {{(pid=102862) __init__ /opt/stack/neutron/neutron/api/extensions.py:156}}
Jun 16 01:08:55.912499 np0000180470 devstack@neutron-api.service[102864]: DEBUG neutron.api.v2.resource_helper [None req-0c17f988-c1b2-476f-9f04-f4cf896d1699 None None] Service L3_ROUTER_NAT assigned prefix: {{(pid=102864) build_resource_info /opt/stack/neutron/neutron/api/v2/resource_helper.py:77}}
Jun 16 01:08:55.912633 np0000180470 devstack@neutron-api.service[102864]: INFO neutron.quota.resource_registry [None req-0c17f988-c1b2-476f-9f04-f4cf896d1699 None None] Creating instance of TrackedResource for resource:router
Jun 16 01:08:55.913038 np0000180470 devstack@neutron-api.service[102864]: INFO neutron.quota.resource_registry [None req-0c17f988-c1b2-476f-9f04-f4cf896d1699 None None] Creating instance of TrackedResource for resource:floatingip
Jun 16 01:08:55.914069 np0000180470 devstack@neutron-api.service[102864]: INFO neutron.quota.resource_registry [None req-0c17f988-c1b2-476f-9f04-f4cf896d1699 None None] Creating instance of CountableResource for resource:rbac_policy
Jun 16 01:08:55.914632 np0000180470 devstack@neutron-api.service[102864]: INFO neutron.quota.resource_registry [None req-0c17f988-c1b2-476f-9f04-f4cf896d1699 None None] Creating instance of TrackedResource for resource:security_group
Jun 16 01:08:55.914999 np0000180470 devstack@neutron-api.service[102864]: INFO neutron.quota.resource_registry [None req-0c17f988-c1b2-476f-9f04-f4cf896d1699 None None] Creating instance of TrackedResource for resource:security_group_rule
Jun 16 01:08:55.915614 np0000180470 devstack@neutron-api.service[102864]: DEBUG neutron.api.v2.resource_helper [None req-0c17f988-c1b2-476f-9f04-f4cf896d1699 None None] Service CORE assigned prefix: {{(pid=102864) build_resource_info /opt/stack/neutron/neutron/api/v2/resource_helper.py:77}}
Jun 16 01:08:55.915720 np0000180470 devstack@neutron-api.service[102864]: INFO neutron.quota.resource_registry [None req-0c17f988-c1b2-476f-9f04-f4cf896d1699 None None] Creating instance of TrackedResource for resource:subnetpool
Jun 16 01:08:55.915818 np0000180470 devstack@neutron-api.service[102864]: WARNING neutron.quota.resource_registry [None req-0c17f988-c1b2-476f-9f04-f4cf896d1699 None None] subnetpool is already registered
Jun 16 01:08:55.916358 np0000180470 devstack@neutron-api.service[102864]: DEBUG neutron.api.v2.resource_helper [None req-0c17f988-c1b2-476f-9f04-f4cf896d1699 None None] Service CORE assigned prefix: {{(pid=102864) build_resource_info /opt/stack/neutron/neutron/api/v2/resource_helper.py:77}}
Jun 16 01:08:55.916441 np0000180470 devstack@neutron-api.service[102864]: INFO neutron.quota.resource_registry [None req-0c17f988-c1b2-476f-9f04-f4cf896d1699 None None] Creating instance of TrackedResource for resource:subnetpool
Jun 16 01:08:55.916574 np0000180470 devstack@neutron-api.service[102864]: WARNING neutron.quota.resource_registry [None req-0c17f988-c1b2-476f-9f04-f4cf896d1699 None None] subnetpool is already registered
Jun 16 01:08:55.918817 np0000180470 devstack@neutron-api.service[102864]: DEBUG neutron.api.v2.resource_helper [None req-0c17f988-c1b2-476f-9f04-f4cf896d1699 None None] Service L3_ROUTER_NAT assigned prefix: {{(pid=102864) build_resource_info /opt/stack/neutron/neutron/api/v2/resource_helper.py:77}}
Jun 16 01:08:55.918870 np0000180470 devstack@neutron-api.service[102863]: DEBUG oslo_concurrency.processutils [None req-76dab195-088e-4837-9c0b-72823af7b151 None None] CMD "ovsdb-client transact ssl:199.204.45.70:6641 --timeout 180 -p /opt/stack/data/CA/int-ca/private/devstack-cert.key -c /opt/stack/data/CA/int-ca/devstack-cert.crt -C /opt/stack/data/CA/int-ca/ca-chain.pem ["OVN_Northbound", {"op": "wait", "timeout": 0, "table": "Port_Group", "where": [["name", "==", "neutron_pg_drop"]], "until": "==", "rows": []}, {"op": "insert", "table": "ACL", "row": {"action": "drop", "direction": "to-lport", "match": "outport == @neutron_pg_drop && ip", "priority": 1001}, "uuid-name": "droptoport"}, {"op": "insert", "table": "ACL", "row": {"action": "drop", "direction": "from-lport", "match": "inport == @neutron_pg_drop && ip", "priority": 1001}, "uuid-name": "dropfromport"}, {"op": "insert", "table": "Port_Group", "row": {"name": "neutron_pg_drop", "acls": ["set", [["named-uuid", "droptoport"], ["named-uuid", "dropfromport"]]]}}]" returned: 0 in 0.031s {{(pid=102863) execute /opt/stack/data/venv/lib/python3.12/site-packages/oslo_concurrency/processutils.py:468}}
Jun 16 01:08:55.919192 np0000180470 devstack@neutron-api.service[102864]: DEBUG neutron.api.v2.resource_helper [None req-0c17f988-c1b2-476f-9f04-f4cf896d1699 None None] Service FLAVORS assigned prefix: {{(pid=102864) build_resource_info /opt/stack/neutron/neutron/api/v2/resource_helper.py:77}}
Jun 16 01:08:55.919603 np0000180470 devstack@neutron-api.service[102863]: DEBUG neutron_lib.callbacks.manager [None req-76dab195-088e-4837-9c0b-72823af7b151 None None] Publish callbacks ['neutron.plugins.ml2.drivers.ovn.mech_driver.mech_driver.OVNMechanismDriver.post_fork_initialize-388794', 'neutron.services.pvlan.drivers.ovn.driver._initialize_pvlan_pg_drop-7848614522470', 'neutron.services.ovn_l3.plugin.OVNL3RouterPlugin._post_fork_initialize-1703322'] for process (None), after_init {{(pid=102863) _notify_loop /opt/stack/data/venv/lib/python3.12/site-packages/neutron_lib/callbacks/manager.py:184}}
Jun 16 01:08:55.920265 np0000180470 devstack@neutron-api.service[102863]: DEBUG oslo_concurrency.lockutils [None req-76dab195-088e-4837-9c0b-72823af7b151 None None] Acquiring lock "singleton_lock" {{(pid=102863) lock /opt/stack/data/venv/lib/python3.12/site-packages/oslo_concurrency/lockutils.py:395}}
Jun 16 01:08:55.920512 np0000180470 devstack@neutron-api.service[102864]: DEBUG neutron.api.v2.resource_helper [None req-0c17f988-c1b2-476f-9f04-f4cf896d1699 None None] Service L3_ROUTER_NAT assigned prefix: {{(pid=102864) build_resource_info /opt/stack/neutron/neutron/api/v2/resource_helper.py:77}}
Jun 16 01:08:55.920596 np0000180470 devstack@neutron-api.service[102863]: DEBUG oslo_concurrency.lockutils [None req-76dab195-088e-4837-9c0b-72823af7b151 None None] Acquired lock "singleton_lock" {{(pid=102863) lock /opt/stack/data/venv/lib/python3.12/site-packages/oslo_concurrency/lockutils.py:398}}
Jun 16 01:08:55.920960 np0000180470 devstack@neutron-api.service[102864]: DEBUG neutron.api.v2.resource_helper [None req-0c17f988-c1b2-476f-9f04-f4cf896d1699 None None] Service L3_ROUTER_NAT assigned prefix: {{(pid=102864) build_resource_info /opt/stack/neutron/neutron/api/v2/resource_helper.py:77}}
Jun 16 01:08:55.921046 np0000180470 devstack@neutron-api.service[102863]: DEBUG oslo_concurrency.lockutils [None req-76dab195-088e-4837-9c0b-72823af7b151 None None] Releasing lock "singleton_lock" {{(pid=102863) lock /opt/stack/data/venv/lib/python3.12/site-packages/oslo_concurrency/lockutils.py:418}}
Jun 16 01:08:55.921141 np0000180470 devstack@neutron-api.service[102864]: INFO neutron.quota.resource_registry [None req-0c17f988-c1b2-476f-9f04-f4cf896d1699 None None] Creating instance of TrackedResource for resource:router
Jun 16 01:08:55.921141 np0000180470 devstack@neutron-api.service[102864]: WARNING neutron.quota.resource_registry [None req-0c17f988-c1b2-476f-9f04-f4cf896d1699 None None] router is already registered
Jun 16 01:08:55.921508 np0000180470 devstack@neutron-api.service[102864]: INFO neutron.quota.resource_registry [None req-0c17f988-c1b2-476f-9f04-f4cf896d1699 None None] Creating instance of TrackedResource for resource:floatingip
Jun 16 01:08:55.921634 np0000180470 devstack@neutron-api.service[102864]: WARNING neutron.quota.resource_registry [None req-0c17f988-c1b2-476f-9f04-f4cf896d1699 None None] floatingip is already registered
Jun 16 01:08:55.922033 np0000180470 devstack@neutron-api.service[102862]: DEBUG neutron_lib.callbacks.manager [None req-570e3bd9-740e-4bf7-9320-a3541924a56d None None] Publish callbacks ['neutron.plugins.ml2.drivers.ovn.mech_driver.mech_driver.OVNMechanismDriver.pre_fork_initialize-391882'] for process (None), before_spawn {{(pid=102862) _notify_loop /opt/stack/data/venv/lib/python3.12/site-packages/neutron_lib/callbacks/manager.py:184}}
Jun 16 01:08:55.922449 np0000180470 devstack@neutron-api.service[102862]: DEBUG oslo_concurrency.processutils [None req-570e3bd9-740e-4bf7-9320-a3541924a56d None None] Running cmd (subprocess): ovsdb-client transact ssl:199.204.45.70:6641 --timeout 180 -p /opt/stack/data/CA/int-ca/private/devstack-cert.key -c /opt/stack/data/CA/int-ca/devstack-cert.crt -C /opt/stack/data/CA/int-ca/ca-chain.pem ["OVN_Northbound", {"op": "wait", "timeout": 0, "table": "Port_Group", "where": [["name", "==", "neutron_pg_drop"]], "until": "==", "rows": []}, {"op": "insert", "table": "ACL", "row": {"action": "drop", "direction": "to-lport", "match": "outport == @neutron_pg_drop && ip", "priority": 1001}, "uuid-name": "droptoport"}, {"op": "insert", "table": "ACL", "row": {"action": "drop", "direction": "from-lport", "match": "inport == @neutron_pg_drop && ip", "priority": 1001}, "uuid-name": "dropfromport"}, {"op": "insert", "table": "Port_Group", "row": {"name": "neutron_pg_drop", "acls": ["set", [["named-uuid", "droptoport"], ["named-uuid", "dropfromport"]]]}}] {{(pid=102862) execute /opt/stack/data/venv/lib/python3.12/site-packages/oslo_concurrency/processutils.py:440}}
Jun 16 01:08:55.922617 np0000180470 devstack@neutron-api.service[102864]: INFO neutron.quota.resource_registry [None req-0c17f988-c1b2-476f-9f04-f4cf896d1699 None None] Creating instance of CountableResource for resource:rbac_policy
Jun 16 01:08:55.922719 np0000180470 devstack@neutron-api.service[102864]: WARNING neutron.quota.resource_registry [None req-0c17f988-c1b2-476f-9f04-f4cf896d1699 None None] rbac_policy is already registered
Jun 16 01:08:55.923397 np0000180470 devstack@neutron-api.service[102864]: INFO neutron.quota.resource_registry [None req-0c17f988-c1b2-476f-9f04-f4cf896d1699 None None] Creating instance of TrackedResource for resource:security_group
Jun 16 01:08:55.923528 np0000180470 devstack@neutron-api.service[102864]: WARNING neutron.quota.resource_registry [None req-0c17f988-c1b2-476f-9f04-f4cf896d1699 None None] security_group is already registered
Jun 16 01:08:55.923883 np0000180470 devstack@neutron-api.service[102864]: INFO neutron.quota.resource_registry [None req-0c17f988-c1b2-476f-9f04-f4cf896d1699 None None] Creating instance of TrackedResource for resource:security_group_rule
Jun 16 01:08:55.924008 np0000180470 devstack@neutron-api.service[102864]: WARNING neutron.quota.resource_registry [None req-0c17f988-c1b2-476f-9f04-f4cf896d1699 None None] security_group_rule is already registered
Jun 16 01:08:55.924220 np0000180470 devstack@neutron-api.service[102863]: DEBUG neutron.plugins.ml2.drivers.ovn.mech_driver.mech_driver [None req-76dab195-088e-4837-9c0b-72823af7b151 None None] Hash Ring setup using WSGI start time 2026-06-16 01:08:49+00:00 {{(pid=102863) _init_hash_ring /opt/stack/neutron/neutron/plugins/ml2/drivers/ovn/mech_driver/mech_driver.py:404}}
Jun 16 01:08:55.924558 np0000180470 devstack@neutron-api.service[102864]: DEBUG neutron.api.v2.resource_helper [None req-0c17f988-c1b2-476f-9f04-f4cf896d1699 None None] Service CORE assigned prefix: {{(pid=102864) build_resource_info /opt/stack/neutron/neutron/api/v2/resource_helper.py:77}}
Jun 16 01:08:55.924687 np0000180470 devstack@neutron-api.service[102864]: INFO neutron.quota.resource_registry [None req-0c17f988-c1b2-476f-9f04-f4cf896d1699 None None] Creating instance of TrackedResource for resource:subnetpool
Jun 16 01:08:55.924812 np0000180470 devstack@neutron-api.service[102864]: WARNING neutron.quota.resource_registry [None req-0c17f988-c1b2-476f-9f04-f4cf896d1699 None None] subnetpool is already registered
Jun 16 01:08:55.925230 np0000180470 devstack@neutron-api.service[102864]: DEBUG neutron.api.v2.resource_helper [None req-0c17f988-c1b2-476f-9f04-f4cf896d1699 None None] Service CORE assigned prefix: {{(pid=102864) build_resource_info /opt/stack/neutron/neutron/api/v2/resource_helper.py:77}}
Jun 16 01:08:55.925363 np0000180470 devstack@neutron-api.service[102864]: INFO neutron.quota.resource_registry [None req-0c17f988-c1b2-476f-9f04-f4cf896d1699 None None] Creating instance of TrackedResource for resource:subnetpool
Jun 16 01:08:55.925486 np0000180470 devstack@neutron-api.service[102864]: WARNING neutron.quota.resource_registry [None req-0c17f988-c1b2-476f-9f04-f4cf896d1699 None None] subnetpool is already registered
Jun 16 01:08:55.925865 np0000180470 devstack@neutron-api.service[102864]: DEBUG neutron.api.extensions [None req-0c17f988-c1b2-476f-9f04-f4cf896d1699 None None] Extended resource: extensions {{(pid=102864) __init__ /opt/stack/neutron/neutron/api/extensions.py:156}}
Jun 16 01:08:55.926581 np0000180470 devstack@neutron-api.service[102864]: DEBUG neutron.api.extensions [None req-0c17f988-c1b2-476f-9f04-f4cf896d1699 None None] Extended resource: address-groups {{(pid=102864) __init__ /opt/stack/neutron/neutron/api/extensions.py:156}}
Jun 16 01:08:55.927365 np0000180470 devstack@neutron-api.service[102864]: DEBUG neutron.api.extensions [None req-0c17f988-c1b2-476f-9f04-f4cf896d1699 None None] Extended resource: address-scopes {{(pid=102864) __init__ /opt/stack/neutron/neutron/api/extensions.py:156}}
Jun 16 01:08:55.927875 np0000180470 devstack@neutron-api.service[102864]: DEBUG neutron.api.extensions [None req-0c17f988-c1b2-476f-9f04-f4cf896d1699 None None] Extended resource: agents {{(pid=102864) __init__ /opt/stack/neutron/neutron/api/extensions.py:156}}
Jun 16 01:08:55.928373 np0000180470 devstack@neutron-api.service[102864]: DEBUG neutron.api.extensions [None req-0c17f988-c1b2-476f-9f04-f4cf896d1699 None None] Extended resource: auto-allocated-topology {{(pid=102864) __init__ /opt/stack/neutron/neutron/api/extensions.py:156}}
Jun 16 01:08:55.929009 np0000180470 devstack@neutron-api.service[102864]: DEBUG neutron.api.extensions [None req-0c17f988-c1b2-476f-9f04-f4cf896d1699 None None] Extended resource: availability_zones {{(pid=102864) __init__ /opt/stack/neutron/neutron/api/extensions.py:156}}
Jun 16 01:08:55.929555 np0000180470 devstack@neutron-api.service[102864]: DEBUG neutron.api.extensions [None req-0c17f988-c1b2-476f-9f04-f4cf896d1699 None None] Extended resource: dhcp-networks {{(pid=102864) __init__ /opt/stack/neutron/neutron/api/extensions.py:156}}
Jun 16 01:08:55.930137 np0000180470 devstack@neutron-api.service[102864]: DEBUG neutron.api.extensions [None req-0c17f988-c1b2-476f-9f04-f4cf896d1699 None None] Extended resource: dhcp-agents {{(pid=102864) __init__ /opt/stack/neutron/neutron/api/extensions.py:156}}
Jun 16 01:08:55.930770 np0000180470 devstack@neutron-api.service[102864]: DEBUG neutron.api.extensions [None req-0c17f988-c1b2-476f-9f04-f4cf896d1699 None None] Extended resource: routers {{(pid=102864) __init__ /opt/stack/neutron/neutron/api/extensions.py:156}}
Jun 16 01:08:55.930876 np0000180470 devstack@neutron-api.service[102863]: INFO neutron.db.ovn_hash_ring_db [None req-76dab195-088e-4837-9c0b-72823af7b151 None None] Nodes from host "np0000180470" and group "mechanism_driver" removed from the Hash Ring created at 2026-06-16 01:08:49+00:00
Jun 16 01:08:55.931758 np0000180470 devstack@neutron-api.service[102864]: DEBUG neutron.api.extensions [None req-0c17f988-c1b2-476f-9f04-f4cf896d1699 None None] Extended resource: flavors {{(pid=102864) __init__ /opt/stack/neutron/neutron/api/extensions.py:156}}
Jun 16 01:08:55.932242 np0000180470 devstack@neutron-api.service[102864]: DEBUG neutron.api.extensions [None req-0c17f988-c1b2-476f-9f04-f4cf896d1699 None None] Extended resource: service_profiles {{(pid=102864) __init__ /opt/stack/neutron/neutron/api/extensions.py:156}}
Jun 16 01:08:55.932786 np0000180470 devstack@neutron-api.service[102864]: DEBUG neutron.api.extensions [None req-0c17f988-c1b2-476f-9f04-f4cf896d1699 None None] Extended resource: next_providers {{(pid=102864) __init__ /opt/stack/neutron/neutron/api/extensions.py:156}}
Jun 16 01:08:55.933588 np0000180470 devstack@neutron-api.service[102864]: DEBUG neutron.api.extensions [None req-0c17f988-c1b2-476f-9f04-f4cf896d1699 None None] Extended resource: service_profiles {{(pid=102864) __init__ /opt/stack/neutron/neutron/api/extensions.py:156}}
Jun 16 01:08:55.934205 np0000180470 devstack@neutron-api.service[102863]: INFO neutron.db.ovn_hash_ring_db [None req-76dab195-088e-4837-9c0b-72823af7b151 None None] Node 59389265b9bc54d7a0d8ddc2235ebe77 from host "np0000180470" and group "mechanism_driver" added to the Hash Ring
Jun 16 01:08:55.934250 np0000180470 devstack@neutron-api.service[102864]: DEBUG neutron.api.extensions [None req-0c17f988-c1b2-476f-9f04-f4cf896d1699 None None] Extended resource: floatingip-pools {{(pid=102864) __init__ /opt/stack/neutron/neutron/api/extensions.py:156}}
Jun 16 01:08:55.934770 np0000180470 devstack@neutron-api.service[102864]: DEBUG neutron.api.extensions [None req-0c17f988-c1b2-476f-9f04-f4cf896d1699 None None] Extended resource: routers {{(pid=102864) __init__ /opt/stack/neutron/neutron/api/extensions.py:156}}
Jun 16 01:08:55.935755 np0000180470 devstack@neutron-api.service[102864]: DEBUG neutron.api.extensions [None req-0c17f988-c1b2-476f-9f04-f4cf896d1699 None None] Extended resource: floatingips {{(pid=102864) __init__ /opt/stack/neutron/neutron/api/extensions.py:156}}
Jun 16 01:08:55.936246 np0000180470 devstack@neutron-api.service[102864]: DEBUG neutron.api.extensions [None req-0c17f988-c1b2-476f-9f04-f4cf896d1699 None None] Extended resource: l3-routers {{(pid=102864) __init__ /opt/stack/neutron/neutron/api/extensions.py:156}}
Jun 16 01:08:55.936872 np0000180470 devstack@neutron-api.service[102864]: DEBUG neutron.api.extensions [None req-0c17f988-c1b2-476f-9f04-f4cf896d1699 None None] Extended resource: l3-agents {{(pid=102864) __init__ /opt/stack/neutron/neutron/api/extensions.py:156}}
Jun 16 01:08:55.937176 np0000180470 devstack@neutron-api.service[102863]: DEBUG neutron.plugins.ml2.drivers.ovn.mech_driver.mech_driver [None req-76dab195-088e-4837-9c0b-72823af7b151 None None] Hash Ring setup, this worker has detected 2 OVN hash ring registers in the database {{(pid=102863) _init_hash_ring /opt/stack/neutron/neutron/plugins/ml2/drivers/ovn/mech_driver/mech_driver.py:414}}
Jun 16 01:08:55.938172 np0000180470 devstack@neutron-api.service[102864]: DEBUG neutron.api.extensions [None req-0c17f988-c1b2-476f-9f04-f4cf896d1699 None None] Extended resource: network-ip-availabilities {{(pid=102864) __init__ /opt/stack/neutron/neutron/api/extensions.py:156}}
Jun 16 01:08:55.938781 np0000180470 devstack@neutron-api.service[102864]: DEBUG neutron.api.extensions [None req-0c17f988-c1b2-476f-9f04-f4cf896d1699 None None] Extended resource: network-ip-availabilities {{(pid=102864) __init__ /opt/stack/neutron/neutron/api/extensions.py:156}}
Jun 16 01:08:55.939299 np0000180470 devstack@neutron-api.service[102864]: DEBUG neutron.api.extensions [None req-0c17f988-c1b2-476f-9f04-f4cf896d1699 None None] Extended resource: bindings {{(pid=102864) __init__ /opt/stack/neutron/neutron/api/extensions.py:156}}
Jun 16 01:08:55.940055 np0000180470 devstack@neutron-api.service[102864]: DEBUG neutron.api.extensions [None req-0c17f988-c1b2-476f-9f04-f4cf896d1699 None None] Extended resource: quotas {{(pid=102864) __init__ /opt/stack/neutron/neutron/api/extensions.py:156}}
Jun 16 01:08:55.940757 np0000180470 devstack@neutron-api.service[102864]: DEBUG neutron.api.extensions [None req-0c17f988-c1b2-476f-9f04-f4cf896d1699 None None] Extended resource: quotas {{(pid=102864) __init__ /opt/stack/neutron/neutron/api/extensions.py:156}}
Jun 16 01:08:55.941540 np0000180470 devstack@neutron-api.service[102864]: DEBUG neutron.api.extensions [None req-0c17f988-c1b2-476f-9f04-f4cf896d1699 None None] Extended resource: rbac-policies {{(pid=102864) __init__ /opt/stack/neutron/neutron/api/extensions.py:156}}
Jun 16 01:08:55.942333 np0000180470 devstack@neutron-api.service[102864]: DEBUG neutron.api.extensions [None req-0c17f988-c1b2-476f-9f04-f4cf896d1699 None None] Extended resource: default-security-group-rules {{(pid=102864) __init__ /opt/stack/neutron/neutron/api/extensions.py:156}}
Jun 16 01:08:55.943071 np0000180470 devstack@neutron-api.service[102864]: DEBUG neutron.api.extensions [None req-0c17f988-c1b2-476f-9f04-f4cf896d1699 None None] Extended resource: security-groups {{(pid=102864) __init__ /opt/stack/neutron/neutron/api/extensions.py:156}}
Jun 16 01:08:55.943803 np0000180470 devstack@neutron-api.service[102864]: DEBUG neutron.api.extensions [None req-0c17f988-c1b2-476f-9f04-f4cf896d1699 None None] Extended resource: security-group-rules {{(pid=102864) __init__ /opt/stack/neutron/neutron/api/extensions.py:156}}
Jun 16 01:08:55.944556 np0000180470 devstack@neutron-api.service[102863]: DEBUG neutron.plugins.ml2.drivers.ovn.mech_driver.ovsdb.maintenance [None req-76dab195-088e-4837-9c0b-72823af7b151 None None] Periodic task found: HashRingHealthCheckPeriodics.touch_hash_ring_node {{(pid=102863) add_periodics /opt/stack/neutron/neutron/plugins/ml2/drivers/ovn/mech_driver/ovsdb/maintenance.py:146}}
Jun 16 01:08:55.944761 np0000180470 devstack@neutron-api.service[102864]: DEBUG neutron.api.extensions [None req-0c17f988-c1b2-476f-9f04-f4cf896d1699 None None] Extended resource: service-providers {{(pid=102864) __init__ /opt/stack/neutron/neutron/api/extensions.py:156}}
Jun 16 01:08:55.945372 np0000180470 devstack@neutron-api.service[102864]: DEBUG neutron.api.extensions [None req-0c17f988-c1b2-476f-9f04-f4cf896d1699 None None] Extended resource: subnetpools {{(pid=102864) __init__ /opt/stack/neutron/neutron/api/extensions.py:156}}
Jun 16 01:08:55.946615 np0000180470 devstack@neutron-api.service[102864]: DEBUG neutron.api.extensions [None req-0c17f988-c1b2-476f-9f04-f4cf896d1699 None None] Extended resource: subnetpools {{(pid=102864) __init__ /opt/stack/neutron/neutron/api/extensions.py:156}}
Jun 16 01:08:55.946781 np0000180470 devstack@neutron-api.service[102863]: INFO neutron.plugins.ml2.drivers.ovn.mech_driver.mech_driver [None req-76dab195-088e-4837-9c0b-72823af7b151 None None] Hash Ring probing thread for node 59389265b9bc54d7a0d8ddc2235ebe77 has started
Jun 16 01:08:55.946862 np0000180470 devstack@neutron-api.service[102863]: INFO neutron.plugins.ml2.drivers.ovn.mech_driver.ovsdb.impl_idl_ovn [None req-76dab195-088e-4837-9c0b-72823af7b151 None None] Getting OvsdbNbOvnIdl for WorkerService with retry
Jun 16 01:08:55.947153 np0000180470 devstack@neutron-api.service[102864]: DEBUG neutron.api.extensions [None req-0c17f988-c1b2-476f-9f04-f4cf896d1699 None None] Extended resource: tags {{(pid=102864) __init__ /opt/stack/neutron/neutron/api/extensions.py:156}}
Jun 16 01:08:55.948377 np0000180470 devstack@neutron-api.service[102864]: DEBUG neutron.api.extensions [None req-0c17f988-c1b2-476f-9f04-f4cf896d1699 None None] Extended resource: tags {{(pid=102864) __init__ /opt/stack/neutron/neutron/api/extensions.py:156}}
Jun 16 01:08:55.949445 np0000180470 devstack@neutron-api.service[102864]: DEBUG neutron.api.extensions [None req-0c17f988-c1b2-476f-9f04-f4cf896d1699 None None] Extended resource: tags {{(pid=102864) __init__ /opt/stack/neutron/neutron/api/extensions.py:156}}
Jun 16 01:08:55.950270 np0000180470 devstack@neutron-api.service[102864]: DEBUG neutron.api.extensions [None req-0c17f988-c1b2-476f-9f04-f4cf896d1699 None None] Extended resource: tags {{(pid=102864) __init__ /opt/stack/neutron/neutron/api/extensions.py:156}}
Jun 16 01:08:55.951077 np0000180470 devstack@neutron-api.service[102864]: DEBUG neutron.api.extensions [None req-0c17f988-c1b2-476f-9f04-f4cf896d1699 None None] Extended resource: tags {{(pid=102864) __init__ /opt/stack/neutron/neutron/api/extensions.py:156}}
Jun 16 01:08:55.952267 np0000180470 devstack@neutron-api.service[102864]: DEBUG neutron.api.extensions [None req-0c17f988-c1b2-476f-9f04-f4cf896d1699 None None] Extended resource: tags {{(pid=102864) __init__ /opt/stack/neutron/neutron/api/extensions.py:156}}
Jun 16 01:08:55.952664 np0000180470 devstack@neutron-api.service[102864]: DEBUG neutron.api.extensions [None req-0c17f988-c1b2-476f-9f04-f4cf896d1699 None None] Extended resource: tags {{(pid=102864) __init__ /opt/stack/neutron/neutron/api/extensions.py:156}}
Jun 16 01:08:55.953475 np0000180470 devstack@neutron-api.service[102864]: DEBUG neutron.api.extensions [None req-0c17f988-c1b2-476f-9f04-f4cf896d1699 None None] Extended resource: tags {{(pid=102864) __init__ /opt/stack/neutron/neutron/api/extensions.py:156}}
Jun 16 01:08:55.954291 np0000180470 devstack@neutron-api.service[102864]: DEBUG neutron.api.extensions [None req-0c17f988-c1b2-476f-9f04-f4cf896d1699 None None] Extended resource: tags {{(pid=102864) __init__ /opt/stack/neutron/neutron/api/extensions.py:156}}
Jun 16 01:08:55.955063 np0000180470 devstack@neutron-api.service[102864]: DEBUG neutron.api.extensions [None req-0c17f988-c1b2-476f-9f04-f4cf896d1699 None None] Extended resource: tags {{(pid=102864) __init__ /opt/stack/neutron/neutron/api/extensions.py:156}}
Jun 16 01:08:55.963239 np0000180470 devstack@neutron-api.service[102862]: DEBUG oslo_concurrency.processutils [None req-570e3bd9-740e-4bf7-9320-a3541924a56d None None] CMD "ovsdb-client transact ssl:199.204.45.70:6641 --timeout 180 -p /opt/stack/data/CA/int-ca/private/devstack-cert.key -c /opt/stack/data/CA/int-ca/devstack-cert.crt -C /opt/stack/data/CA/int-ca/ca-chain.pem ["OVN_Northbound", {"op": "wait", "timeout": 0, "table": "Port_Group", "where": [["name", "==", "neutron_pg_drop"]], "until": "==", "rows": []}, {"op": "insert", "table": "ACL", "row": {"action": "drop", "direction": "to-lport", "match": "outport == @neutron_pg_drop && ip", "priority": 1001}, "uuid-name": "droptoport"}, {"op": "insert", "table": "ACL", "row": {"action": "drop", "direction": "from-lport", "match": "inport == @neutron_pg_drop && ip", "priority": 1001}, "uuid-name": "dropfromport"}, {"op": "insert", "table": "Port_Group", "row": {"name": "neutron_pg_drop", "acls": ["set", [["named-uuid", "droptoport"], ["named-uuid", "dropfromport"]]]}}]" returned: 0 in 0.040s {{(pid=102862) execute /opt/stack/data/venv/lib/python3.12/site-packages/oslo_concurrency/processutils.py:468}}
Jun 16 01:08:55.964176 np0000180470 devstack@neutron-api.service[102862]: DEBUG neutron_lib.callbacks.manager [None req-570e3bd9-740e-4bf7-9320-a3541924a56d None None] Publish callbacks ['neutron.plugins.ml2.drivers.ovn.mech_driver.mech_driver.OVNMechanismDriver.post_fork_initialize-391842', 'neutron.services.pvlan.drivers.ovn.driver._initialize_pvlan_pg_drop-7848614524528', 'neutron.services.ovn_l3.plugin.OVNL3RouterPlugin._post_fork_initialize-1703674'] for process (None), after_init {{(pid=102862) _notify_loop /opt/stack/data/venv/lib/python3.12/site-packages/neutron_lib/callbacks/manager.py:184}}
Jun 16 01:08:55.964886 np0000180470 devstack@neutron-api.service[102864]: DEBUG neutron_lib.callbacks.manager [None req-0c17f988-c1b2-476f-9f04-f4cf896d1699 None None] Publish callbacks ['neutron.plugins.ml2.drivers.ovn.mech_driver.mech_driver.OVNMechanismDriver.pre_fork_initialize-329152'] for process (None), before_spawn {{(pid=102864) _notify_loop /opt/stack/data/venv/lib/python3.12/site-packages/neutron_lib/callbacks/manager.py:184}}
Jun 16 01:08:55.964985 np0000180470 devstack@neutron-api.service[102862]: DEBUG oslo_concurrency.lockutils [None req-570e3bd9-740e-4bf7-9320-a3541924a56d None None] Acquiring lock "singleton_lock" {{(pid=102862) lock /opt/stack/data/venv/lib/python3.12/site-packages/oslo_concurrency/lockutils.py:395}}
Jun 16 01:08:55.965332 np0000180470 devstack@neutron-api.service[102862]: DEBUG oslo_concurrency.lockutils [None req-570e3bd9-740e-4bf7-9320-a3541924a56d None None] Acquired lock "singleton_lock" {{(pid=102862) lock /opt/stack/data/venv/lib/python3.12/site-packages/oslo_concurrency/lockutils.py:398}}
Jun 16 01:08:55.965581 np0000180470 devstack@neutron-api.service[102864]: DEBUG oslo_concurrency.processutils [None req-0c17f988-c1b2-476f-9f04-f4cf896d1699 None None] Running cmd (subprocess): ovsdb-client transact ssl:199.204.45.70:6641 --timeout 180 -p /opt/stack/data/CA/int-ca/private/devstack-cert.key -c /opt/stack/data/CA/int-ca/devstack-cert.crt -C /opt/stack/data/CA/int-ca/ca-chain.pem ["OVN_Northbound", {"op": "wait", "timeout": 0, "table": "Port_Group", "where": [["name", "==", "neutron_pg_drop"]], "until": "==", "rows": []}, {"op": "insert", "table": "ACL", "row": {"action": "drop", "direction": "to-lport", "match": "outport == @neutron_pg_drop && ip", "priority": 1001}, "uuid-name": "droptoport"}, {"op": "insert", "table": "ACL", "row": {"action": "drop", "direction": "from-lport", "match": "inport == @neutron_pg_drop && ip", "priority": 1001}, "uuid-name": "dropfromport"}, {"op": "insert", "table": "Port_Group", "row": {"name": "neutron_pg_drop", "acls": ["set", [["named-uuid", "droptoport"], ["named-uuid", "dropfromport"]]]}}] {{(pid=102864) execute /opt/stack/data/venv/lib/python3.12/site-packages/oslo_concurrency/processutils.py:440}}
Jun 16 01:08:55.966044 np0000180470 devstack@neutron-api.service[102862]: DEBUG oslo_concurrency.lockutils [None req-570e3bd9-740e-4bf7-9320-a3541924a56d None None] Releasing lock "singleton_lock" {{(pid=102862) lock /opt/stack/data/venv/lib/python3.12/site-packages/oslo_concurrency/lockutils.py:418}}
Jun 16 01:08:55.969592 np0000180470 devstack@neutron-api.service[102862]: DEBUG neutron.plugins.ml2.drivers.ovn.mech_driver.mech_driver [None req-570e3bd9-740e-4bf7-9320-a3541924a56d None None] Hash Ring setup using WSGI start time 2026-06-16 01:08:49+00:00 {{(pid=102862) _init_hash_ring /opt/stack/neutron/neutron/plugins/ml2/drivers/ovn/mech_driver/mech_driver.py:404}}
Jun 16 01:08:55.974499 np0000180470 devstack@neutron-api.service[102862]: INFO neutron.db.ovn_hash_ring_db [None req-570e3bd9-740e-4bf7-9320-a3541924a56d None None] Nodes from host "np0000180470" and group "mechanism_driver" removed from the Hash Ring created at 2026-06-16 01:08:49+00:00
Jun 16 01:08:55.978491 np0000180470 devstack@neutron-api.service[102862]: INFO neutron.db.ovn_hash_ring_db [None req-570e3bd9-740e-4bf7-9320-a3541924a56d None None] Node 371be1a29f8a56b3a9cb835591003243 from host "np0000180470" and group "mechanism_driver" added to the Hash Ring
Jun 16 01:08:55.981441 np0000180470 devstack@neutron-api.service[102862]: DEBUG neutron.plugins.ml2.drivers.ovn.mech_driver.mech_driver [None req-570e3bd9-740e-4bf7-9320-a3541924a56d None None] Hash Ring setup, this worker has detected 3 OVN hash ring registers in the database {{(pid=102862) _init_hash_ring /opt/stack/neutron/neutron/plugins/ml2/drivers/ovn/mech_driver/mech_driver.py:414}}
Jun 16 01:08:55.987366 np0000180470 devstack@neutron-api.service[102862]: DEBUG neutron.plugins.ml2.drivers.ovn.mech_driver.ovsdb.maintenance [None req-570e3bd9-740e-4bf7-9320-a3541924a56d None None] Periodic task found: HashRingHealthCheckPeriodics.touch_hash_ring_node {{(pid=102862) add_periodics /opt/stack/neutron/neutron/plugins/ml2/drivers/ovn/mech_driver/ovsdb/maintenance.py:146}}
Jun 16 01:08:55.989610 np0000180470 devstack@neutron-api.service[102862]: INFO neutron.plugins.ml2.drivers.ovn.mech_driver.mech_driver [None req-570e3bd9-740e-4bf7-9320-a3541924a56d None None] Hash Ring probing thread for node 371be1a29f8a56b3a9cb835591003243 has started
Jun 16 01:08:55.990249 np0000180470 devstack@neutron-api.service[102862]: INFO neutron.plugins.ml2.drivers.ovn.mech_driver.ovsdb.impl_idl_ovn [None req-570e3bd9-740e-4bf7-9320-a3541924a56d None None] Getting OvsdbNbOvnIdl for WorkerService with retry
Jun 16 01:08:55.996705 np0000180470 devstack@neutron-api.service[102863]: DEBUG ovsdbapp.backend.ovs_idl [None req-76dab195-088e-4837-9c0b-72823af7b151 None None] Created lookup_table index Logical_Switch.name {{(pid=102863) autocreate_indices /opt/stack/data/venv/lib/python3.12/site-packages/ovsdbapp/backend/ovs_idl/__init__.py:87}}
Jun 16 01:08:55.996854 np0000180470 devstack@neutron-api.service[102863]: DEBUG ovsdbapp.backend.ovs_idl [None req-76dab195-088e-4837-9c0b-72823af7b151 None None] Created lookup_table index Logical_Router.name {{(pid=102863) autocreate_indices /opt/stack/data/venv/lib/python3.12/site-packages/ovsdbapp/backend/ovs_idl/__init__.py:87}}
Jun 16 01:08:55.996976 np0000180470 devstack@neutron-api.service[102863]: DEBUG ovsdbapp.backend.ovs_idl [None req-76dab195-088e-4837-9c0b-72823af7b151 None None] Created lookup_table index Load_Balancer.name {{(pid=102863) autocreate_indices /opt/stack/data/venv/lib/python3.12/site-packages/ovsdbapp/backend/ovs_idl/__init__.py:87}}
Jun 16 01:08:55.997114 np0000180470 devstack@neutron-api.service[102863]: DEBUG ovsdbapp.backend.ovs_idl [None req-76dab195-088e-4837-9c0b-72823af7b151 None None] Created schema index Copp.name {{(pid=102863) autocreate_indices /opt/stack/data/venv/lib/python3.12/site-packages/ovsdbapp/backend/ovs_idl/__init__.py:106}}
Jun 16 01:08:55.997286 np0000180470 devstack@neutron-api.service[102863]: DEBUG ovsdbapp.backend.ovs_idl [None req-76dab195-088e-4837-9c0b-72823af7b151 None None] Created schema index Meter.name {{(pid=102863) autocreate_indices /opt/stack/data/venv/lib/python3.12/site-packages/ovsdbapp/backend/ovs_idl/__init__.py:106}}
Jun 16 01:08:55.997423 np0000180470 devstack@neutron-api.service[102863]: DEBUG ovsdbapp.backend.ovs_idl [None req-76dab195-088e-4837-9c0b-72823af7b151 None None] Created schema index Load_Balancer_Group.name {{(pid=102863) autocreate_indices /opt/stack/data/venv/lib/python3.12/site-packages/ovsdbapp/backend/ovs_idl/__init__.py:106}}
Jun 16 01:08:55.997541 np0000180470 devstack@neutron-api.service[102863]: DEBUG ovsdbapp.backend.ovs_idl [None req-76dab195-088e-4837-9c0b-72823af7b151 None None] Created schema index HA_Chassis_Group.name {{(pid=102863) autocreate_indices /opt/stack/data/venv/lib/python3.12/site-packages/ovsdbapp/backend/ovs_idl/__init__.py:106}}
