2026-02-25 18:22:20.254 7 INFO placement.requestlog [req-c578c3b8-8847-4af9-8541-da70aeff5f01 req-f0d0de9f-d78b-4e7f-abdb-958f41144bab d178b5cf35604023a3e81ef11bd39644 e61a2e8361dd44d29d312f67755c63fa - - 51c8a15bbf9a48f3b76a5435368db3b0 51c8a15bbf9a48f3b76a5435368db3b0] 199.204.45.131 "GET /allocations/4d302546-0087-443d-9427-4091d92f0f01" status: 200 len: 257 microversion: 1.28 [pid: 7|app: 0|req: 336/673] 199.204.45.131 () {34 vars in 863 bytes} [Wed Feb 25 18:22:20 2026] GET /allocations/4d302546-0087-443d-9427-4091d92f0f01 => generated 257 bytes in 12 msecs (HTTP/1.1 200) 8 headers in 296 bytes (1 switches on core 0)
2026-02-25 18:22:20.271 8 INFO placement.requestlog [req-c578c3b8-8847-4af9-8541-da70aeff5f01 req-e9033753-fe5f-49c2-a6f6-a1542b34eece d178b5cf35604023a3e81ef11bd39644 e61a2e8361dd44d29d312f67755c63fa - - 51c8a15bbf9a48f3b76a5435368db3b0 51c8a15bbf9a48f3b76a5435368db3b0] 199.204.45.131 "GET /allocations/59b599df-40c0-44ea-9b8f-ddcec8dd0d56" status: 200 len: 243 microversion: 1.28 [pid: 8|app: 0|req: 338/674] 199.204.45.131 () {34 vars in 863 bytes} [Wed Feb 25 18:22:20 2026] GET /allocations/59b599df-40c0-44ea-9b8f-ddcec8dd0d56 => generated 243 bytes in 11 msecs (HTTP/1.1 200) 8 headers in 296 bytes (1 switches on core 0)
2026-02-25 18:22:21.335 7 INFO placement.requestlog [req-c578c3b8-8847-4af9-8541-da70aeff5f01 req-dcd7f167-e6be-4f8d-9332-4aabfd2f0543 d178b5cf35604023a3e81ef11bd39644 e61a2e8361dd44d29d312f67755c63fa - - 51c8a15bbf9a48f3b76a5435368db3b0 51c8a15bbf9a48f3b76a5435368db3b0] 199.204.45.131 "DELETE /allocations/59b599df-40c0-44ea-9b8f-ddcec8dd0d56" status: 204 len: 0 microversion: 1.0 [pid: 7|app: 0|req: 337/675] 199.204.45.131 () {34 vars in 841 bytes} [Wed Feb 25 18:22:21 2026] DELETE /allocations/59b599df-40c0-44ea-9b8f-ddcec8dd0d56 => generated 0 bytes in 32 msecs (HTTP/1.1 204) 5 headers in 198 bytes (1 switches on core 0)
2026-02-25 18:22:24.673 8 INFO placement.requestlog [None req-be5990e7-1136-44f0-a1e7-9b0cad68e9d2 913cc2f1a79e4641b6674c98a0b72e8c e61a2e8361dd44d29d312f67755c63fa - - 51c8a15bbf9a48f3b76a5435368db3b0 51c8a15bbf9a48f3b76a5435368db3b0] 10.0.0.178 "GET /resource_providers/285f23f9-0821-497a-ab61-25430f101ad5/aggregates" status: 404 len: 235 microversion: 1.1 [pid: 8|app: 0|req: 339/676] 10.0.0.178 () {32 vars in 816 bytes} [Wed Feb 25 18:22:24 2026] GET /resource_providers/285f23f9-0821-497a-ab61-25430f101ad5/aggregates => generated 235 bytes in 10 msecs (HTTP/1.1 404) 5 headers in 202 bytes (1 switches on core 0)
2026-02-25 18:22:24.680 7 INFO placement.requestlog [None req-44c23649-bbcd-479a-bade-92aff8fbc6fd 913cc2f1a79e4641b6674c98a0b72e8c e61a2e8361dd44d29d312f67755c63fa - - 51c8a15bbf9a48f3b76a5435368db3b0 51c8a15bbf9a48f3b76a5435368db3b0] 10.0.0.178 "GET /resource_providers/285f23f9-0821-497a-ab61-25430f101ad5/aggregates" status: 404 len: 235 microversion: 1.1 [pid: 7|app: 0|req: 338/677] 10.0.0.178 () {32 vars in 816 bytes} [Wed Feb 25 18:22:24 2026] GET /resource_providers/285f23f9-0821-497a-ab61-25430f101ad5/aggregates => generated 235 bytes in 13 msecs (HTTP/1.1 404) 5 headers in 202 bytes (1 switches on core 0)
2026-02-25 18:22:24.700 8 INFO placement.requestlog [None req-7c4e0600-b808-4657-a069-4134230c60c8 913cc2f1a79e4641b6674c98a0b72e8c e61a2e8361dd44d29d312f67755c63fa - - 51c8a15bbf9a48f3b76a5435368db3b0 51c8a15bbf9a48f3b76a5435368db3b0] 10.0.0.178 "DELETE /resource_providers/285f23f9-0821-497a-ab61-25430f101ad5" status: 404 len: 246 microversion: 1.1
2026-02-25 18:22:24.700 7 INFO placement.requestlog [None req-a52f8e9a-24b6-4e6e-befe-a0d8cbee7675 913cc2f1a79e4641b6674c98a0b72e8c e61a2e8361dd44d29d312f67755c63fa - - 51c8a15bbf9a48f3b76a5435368db3b0 51c8a15bbf9a48f3b76a5435368db3b0] 10.0.0.178 "DELETE /resource_providers/285f23f9-0821-497a-ab61-25430f101ad5" status: 404 len: 246 microversion: 1.1 [pid: 7|app: 0|req: 339/678] 10.0.0.178 () {34 vars in 816 bytes} [Wed Feb 25 18:22:24 2026] DELETE /resource_providers/285f23f9-0821-497a-ab61-25430f101ad5 => generated 246 bytes in 11 msecs (HTTP/1.1 404) 6 headers in 231 bytes (1 switches on core 0) [pid: 8|app: 0|req: 340/679] 10.0.0.178 () {34 vars in 816 bytes} [Wed Feb 25 18:22:24 2026] DELETE /resource_providers/285f23f9-0821-497a-ab61-25430f101ad5 => generated 246 bytes in 15 msecs (HTTP/1.1 404) 6 headers in 231 bytes (1 switches on core 0)
2026-02-25 18:22:28.646 8 INFO placement.requestlog [None req-a8a16ce8-1abf-4776-aeb5-5e977f263bb2 - - - - - -] 10.0.0.145 "GET /" status: 200 len: 136 microversion: 1.0
2026-02-25 18:22:28.646 7 INFO placement.requestlog [None req-cb717a93-af12-4f65-9831-6d4061bdf442 - - - - - -] 10.0.0.145 "GET /" status: 200 len: 136 microversion: 1.0
2026-02-25 18:22:32.403 8 INFO placement.requestlog [req-c36f95c6-fc04-437c-a62d-e2abc80e9196 req-c72f8a3a-b5fb-479e-9757-b0b99c332479 d178b5cf35604023a3e81ef11bd39644 e61a2e8361dd44d29d312f67755c63fa - - 51c8a15bbf9a48f3b76a5435368db3b0 51c8a15bbf9a48f3b76a5435368db3b0] 199.204.45.131 "GET /resource_providers/bfaafe49-1213-4680-8013-01455c0a3daf/allocations" status: 200 len: 252 microversion: 1.0 [pid: 8|app: 0|req: 342/682] 199.204.45.131 () {32 vars in 857 bytes} [Wed Feb 25 18:22:32 2026] GET /resource_providers/bfaafe49-1213-4680-8013-01455c0a3daf/allocations => generated 252 bytes in 23 msecs (HTTP/1.1 200) 6 headers in 224 bytes (1 switches on core 0)
2026-02-25 18:22:32.425 7 INFO placement.requestlog [req-c36f95c6-fc04-437c-a62d-e2abc80e9196 req-6b0938fc-fdc0-463d-9ca5-edce90ee5d04 d178b5cf35604023a3e81ef11bd39644 e61a2e8361dd44d29d312f67755c63fa - - 51c8a15bbf9a48f3b76a5435368db3b0 51c8a15bbf9a48f3b76a5435368db3b0] 199.204.45.131 "GET /resource_providers/bfaafe49-1213-4680-8013-01455c0a3daf/allocations" status: 200 len: 252 microversion: 1.0 [pid: 7|app: 0|req: 341/683] 199.204.45.131 () {32 vars in 857 bytes} [Wed Feb 25 18:22:32 2026] GET /resource_providers/bfaafe49-1213-4680-8013-01455c0a3daf/allocations => generated 252 bytes in 16 msecs (HTTP/1.1 200) 6 headers in 224 bytes (1 switches on core 0)
2026-02-25 18:22:32.458 8 INFO placement.requestlog [req-c36f95c6-fc04-437c-a62d-e2abc80e9196 req-4fed6da0-20ae-499b-98d7-0e2052b345a4 d178b5cf35604023a3e81ef11bd39644 e61a2e8361dd44d29d312f67755c63fa - - 51c8a15bbf9a48f3b76a5435368db3b0 51c8a15bbf9a48f3b76a5435368db3b0] 199.204.45.131 "GET /allocations/b3738048-661f-4384-a97a-3f72c3f389e7" status: 200 len: 257 microversion: 1.28 [pid: 8|app: 0|req: 343/684] 199.204.45.131 () {34 vars in 863 bytes} [Wed Feb 25 18:22:32 2026] GET /allocations/b3738048-661f-4384-a97a-3f72c3f389e7 => generated 257 bytes in 26 msecs (HTTP/1.1 200) 8 headers in 296 bytes (1 switches on core 0)
2026-02-25 18:22:32.474 7 INFO placement.requestlog [req-c36f95c6-fc04-437c-a62d-e2abc80e9196 req-640fd957-dfcf-4bdf-87c1-61c62870660a d178b5cf35604023a3e81ef11bd39644 e61a2e8361dd44d29d312f67755c63fa - - 51c8a15bbf9a48f3b76a5435368db3b0 51c8a15bbf9a48f3b76a5435368db3b0] 199.204.45.131 "GET /allocations/4d302546-0087-443d-9427-4091d92f0f01" status: 200 len: 257 microversion: 1.28 [pid: 7|app: 0|req: 342/685] 199.204.45.131 () {34 vars in 863 bytes} [Wed Feb 25 18:22:32 2026] GET /allocations/4d302546-0087-443d-9427-4091d92f0f01 => generated 257 bytes in 11 msecs (HTTP/1.1 200) 8 headers in 296 bytes (1 switches on core 0)
2026-02-25 18:22:34.501 8 INFO placement.requestlog [req-0313f78b-330f-464d-97da-0623072d4290 req-64f529b9-1d0d-492f-b5c8-aa9eb234ed00 d178b5cf35604023a3e81ef11bd39644 e61a2e8361dd44d29d312f67755c63fa - - 51c8a15bbf9a48f3b76a5435368db3b0 51c8a15bbf9a48f3b76a5435368db3b0] 199.204.45.131 "GET /resource_providers/bfaafe49-1213-4680-8013-01455c0a3daf/allocations" status: 200 len: 252 microversion: 1.0 [pid: 8|app: 0|req: 344/686] 199.204.45.131 () {32 vars in 857 bytes} [Wed Feb 25 18:22:34 2026] GET /resource_providers/bfaafe49-1213-4680-8013-01455c0a3daf/allocations => generated 252 bytes in 15 msecs (HTTP/1.1 200) 6 headers in 224 bytes (1 switches on core 0)
2026-02-25 18:22:34.520 7 INFO placement.requestlog [req-0313f78b-330f-464d-97da-0623072d4290 req-c4f303a4-7f14-4106-864b-22bc45aebe50 d178b5cf35604023a3e81ef11bd39644 e61a2e8361dd44d29d312f67755c63fa - - 51c8a15bbf9a48f3b76a5435368db3b0 51c8a15bbf9a48f3b76a5435368db3b0] 199.204.45.131 "GET /allocations/b3738048-661f-4384-a97a-3f72c3f389e7" status: 200 len: 257 microversion: 1.28 [pid: 7|app: 0|req: 343/687] 199.204.45.131 () {34 vars in 863 bytes} [Wed Feb 25 18:22:34 2026] GET /allocations/b3738048-661f-4384-a97a-3f72c3f389e7 => generated 257 bytes in 15 msecs (HTTP/1.1 200) 8 headers in 296 bytes (1 switches on core 0)
2026-02-25 18:22:34.540 8 INFO placement.requestlog [req-0313f78b-330f-464d-97da-0623072d4290 req-e6ea8c31-ed78-49c5-bfcd-c01aa84b743b d178b5cf35604023a3e81ef11bd39644 e61a2e8361dd44d29d312f67755c63fa - - 51c8a15bbf9a48f3b76a5435368db3b0 51c8a15bbf9a48f3b76a5435368db3b0] 199.204.45.131 "GET /allocations/4d302546-0087-443d-9427-4091d92f0f01" status: 200 len: 257 microversion: 1.28 [pid: 8|app: 0|req: 345/688] 199.204.45.131 () {34 vars in 863 bytes} [Wed Feb 25 18:22:34 2026] GET /allocations/4d302546-0087-443d-9427-4091d92f0f01 => generated 257 bytes in 12 msecs (HTTP/1.1 200) 8 headers in 296 bytes (1 switches on core 0)
2026-02-25 18:22:35.594 7 INFO placement.requestlog [req-0313f78b-330f-464d-97da-0623072d4290 req-d898da7a-9fe4-47a6-8254-ed9488257cb3 d178b5cf35604023a3e81ef11bd39644 e61a2e8361dd44d29d312f67755c63fa - - 51c8a15bbf9a48f3b76a5435368db3b0 51c8a15bbf9a48f3b76a5435368db3b0] 199.204.45.131 "DELETE /allocations/b3738048-661f-4384-a97a-3f72c3f389e7" status: 204 len: 0 microversion: 1.0 [pid: 7|app: 0|req: 344/689] 199.204.45.131 () {34 vars in 841 bytes} [Wed Feb 25 18:22:35 2026] DELETE /allocations/b3738048-661f-4384-a97a-3f72c3f389e7 => generated 0 bytes in 31 msecs (HTTP/1.1 204) 5 headers in 198 bytes (1 switches on core 0)
2026-02-25 18:22:36.262 8 INFO placement.requestlog [req-a6a979f1-db80-45e1-8ddd-be0b2e0c869a req-996fdf87-a1b9-4913-9a8c-db735d3f8eb6 d178b5cf35604023a3e81ef11bd39644 e61a2e8361dd44d29d312f67755c63fa - - 51c8a15bbf9a48f3b76a5435368db3b0 51c8a15bbf9a48f3b76a5435368db3b0] 10.0.0.160 "GET /allocation_candidates?limit=1000&resources=DISK_GB%3A1%2CMEMORY_MB%3A512%2CVCPU%3A1&root_required=%21COMPUTE_STATUS_DISABLED" status: 200 len: 2783 microversion: 1.36 [pid: 8|app: 0|req: 346/690] 10.0.0.160 () {34 vars in 1012 bytes} [Wed Feb 25 18:22:36 2026] GET /allocation_candidates?limit=1000&resources=DISK_GB%3A1%2CMEMORY_MB%3A512%2CVCPU%3A1&root_required=%21COMPUTE_STATUS_DISABLED => generated 2783 bytes in 55 msecs (HTTP/1.1 200) 8 headers in 297 bytes (1 switches on core 0)
2026-02-25 18:22:36.302 7 INFO placement.requestlog [req-a6a979f1-db80-45e1-8ddd-be0b2e0c869a req-0bb6be9f-27c9-4bbd-a6d8-6a8c3e967898 d178b5cf35604023a3e81ef11bd39644 e61a2e8361dd44d29d312f67755c63fa - - 51c8a15bbf9a48f3b76a5435368db3b0 51c8a15bbf9a48f3b76a5435368db3b0] 10.0.0.160 "GET /allocations/bf02a12b-9c0e-48aa-b1bd-43472912ec1c" status: 200 len: 19 microversion: 1.28 [pid: 7|app: 0|req: 345/691] 10.0.0.160 () {34 vars in 861 bytes} [Wed Feb 25 18:22:36 2026] GET /allocations/bf02a12b-9c0e-48aa-b1bd-43472912ec1c => generated 19 bytes in 11 msecs (HTTP/1.1 200) 8 headers in 295 bytes (1 switches on core 0)
2026-02-25 18:22:36.367 8 INFO placement.requestlog [req-a6a979f1-db80-45e1-8ddd-be0b2e0c869a req-28819f03-535e-4524-92e0-b283e9a965cd d178b5cf35604023a3e81ef11bd39644 e61a2e8361dd44d29d312f67755c63fa - - 51c8a15bbf9a48f3b76a5435368db3b0 51c8a15bbf9a48f3b76a5435368db3b0] 10.0.0.160 "PUT /allocations/bf02a12b-9c0e-48aa-b1bd-43472912ec1c" status: 204 len: 0 microversion: 1.36 [pid: 8|app: 0|req: 347/692] 10.0.0.160 () {38 vars in 914 bytes} [Wed Feb 25 18:22:36 2026] PUT /allocations/bf02a12b-9c0e-48aa-b1bd-43472912ec1c => generated 0 bytes in 61 msecs (HTTP/1.1 204) 5 headers in 199 bytes (1 switches on core 0)
2026-02-25 18:22:37.900 7 INFO placement.requestlog [req-a6a979f1-db80-45e1-8ddd-be0b2e0c869a req-80206326-2238-40f4-b9b4-77ed16d3a53e d178b5cf35604023a3e81ef11bd39644 e61a2e8361dd44d29d312f67755c63fa - - 51c8a15bbf9a48f3b76a5435368db3b0 51c8a15bbf9a48f3b76a5435368db3b0] 199.204.45.131 "GET /allocations/bf02a12b-9c0e-48aa-b1bd-43472912ec1c" status: 200 len: 257 microversion: 1.28 [pid: 7|app: 0|req: 346/693] 199.204.45.131 () {34 vars in 863 bytes} [Wed Feb 25 18:22:37 2026] GET /allocations/bf02a12b-9c0e-48aa-b1bd-43472912ec1c => generated 257 bytes in 23 msecs (HTTP/1.1 200) 8 headers in 296 bytes (1 switches on core 0)
2026-02-25 18:22:38.646 7 INFO placement.requestlog [None req-71ed7377-d4d4-4ede-9d9f-cf413b3c7de5 - - - - - -] 10.0.0.145 "GET /" status: 200 len: 136 microversion: 1.0
2026-02-25 18:22:38.646 8 INFO placement.requestlog [None req-367872ee-8387-4674-90b9-afc078c0348a - - - - - -] 10.0.0.145 "GET /" status: 200 len: 136 microversion: 1.0
2026-02-25 18:22:38.936 7 INFO placement.requestlog [req-a6a979f1-db80-45e1-8ddd-be0b2e0c869a req-02525aff-8aa9-4e3a-9659-9cfb910abeb4 d178b5cf35604023a3e81ef11bd39644 e61a2e8361dd44d29d312f67755c63fa - - 51c8a15bbf9a48f3b76a5435368db3b0 51c8a15bbf9a48f3b76a5435368db3b0] 199.204.45.131 "GET /resource_providers/bfaafe49-1213-4680-8013-01455c0a3daf/allocations" status: 200 len: 252 microversion: 1.0 [pid: 7|app: 0|req: 348/696] 199.204.45.131 () {32 vars in 857 bytes} [Wed Feb 25 18:22:38 2026] GET /resource_providers/bfaafe49-1213-4680-8013-01455c0a3daf/allocations => generated 252 bytes in 15 msecs (HTTP/1.1 200) 6 headers in 224 bytes (1 switches on core 0)
2026-02-25 18:22:38.959 8 INFO placement.requestlog [req-a6a979f1-db80-45e1-8ddd-be0b2e0c869a req-aecb6292-2163-4322-ad2b-1fcf2b0bbaba d178b5cf35604023a3e81ef11bd39644 e61a2e8361dd44d29d312f67755c63fa - - 51c8a15bbf9a48f3b76a5435368db3b0 51c8a15bbf9a48f3b76a5435368db3b0] 199.204.45.131 "GET /allocations/4d302546-0087-443d-9427-4091d92f0f01" status: 200 len: 257 microversion: 1.28 [pid: 8|app: 0|req: 349/697] 199.204.45.131 () {34 vars in 863 bytes} [Wed Feb 25 18:22:38 2026] GET /allocations/4d302546-0087-443d-9427-4091d92f0f01 => generated 257 bytes in 19 msecs (HTTP/1.1 200) 8 headers in 296 bytes (1 switches on core 0)
2026-02-25 18:22:38.980 7 INFO placement.requestlog [req-a6a979f1-db80-45e1-8ddd-be0b2e0c869a req-17275a0e-6693-4021-a196-860f4df8b597 d178b5cf35604023a3e81ef11bd39644 e61a2e8361dd44d29d312f67755c63fa - - 51c8a15bbf9a48f3b76a5435368db3b0 51c8a15bbf9a48f3b76a5435368db3b0] 199.204.45.131 "GET /allocations/bf02a12b-9c0e-48aa-b1bd-43472912ec1c" status: 200 len: 257 microversion: 1.28 [pid: 7|app: 0|req: 349/698] 199.204.45.131 () {34 vars in 863 bytes} [Wed Feb 25 18:22:38 2026] GET /allocations/bf02a12b-9c0e-48aa-b1bd-43472912ec1c => generated 257 bytes in 11 msecs (HTTP/1.1 200) 8 headers in 296 bytes (1 switches on core 0)
2026-02-25 18:22:39.630 8 INFO placement.requestlog [None req-4428819d-16d9-4554-ac35-089ce5819d3b 913cc2f1a79e4641b6674c98a0b72e8c e61a2e8361dd44d29d312f67755c63fa - - 51c8a15bbf9a48f3b76a5435368db3b0 51c8a15bbf9a48f3b76a5435368db3b0] 10.0.0.178 "GET /resource_providers/94314016-ad35-4669-baec-ac8884d978b9/aggregates" status: 404 len: 235 microversion: 1.1 [pid: 8|app: 0|req: 350/699] 10.0.0.178 () {32 vars in 816 bytes} [Wed Feb 25 18:22:39 2026] GET /resource_providers/94314016-ad35-4669-baec-ac8884d978b9/aggregates => generated 235 bytes in 11 msecs (HTTP/1.1 404) 5 headers in 202 bytes (1 switches on core 0)
2026-02-25 18:22:39.631 7 INFO placement.requestlog [None req-755bfe21-82ec-4b25-973b-5e644ce2e798 913cc2f1a79e4641b6674c98a0b72e8c e61a2e8361dd44d29d312f67755c63fa - - 51c8a15bbf9a48f3b76a5435368db3b0 51c8a15bbf9a48f3b76a5435368db3b0] 10.0.0.178 "GET /resource_providers/94314016-ad35-4669-baec-ac8884d978b9/aggregates" status: 404 len: 235 microversion: 1.1 [pid: 7|app: 0|req: 350/700] 10.0.0.178 () {32 vars in 816 bytes} [Wed Feb 25 18:22:39 2026] GET /resource_providers/94314016-ad35-4669-baec-ac8884d978b9/aggregates => generated 235 bytes in 10 msecs (HTTP/1.1 404) 5 headers in 202 bytes (1 switches on core 0)
2026-02-25 18:22:39.660 7 INFO placement.requestlog [None req-089e47c2-6fe3-44ec-8c85-b022e1afdd89 913cc2f1a79e4641b6674c98a0b72e8c e61a2e8361dd44d29d312f67755c63fa - - 51c8a15bbf9a48f3b76a5435368db3b0 51c8a15bbf9a48f3b76a5435368db3b0] 10.0.0.178 "DELETE /resource_providers/94314016-ad35-4669-baec-ac8884d978b9" status: 404 len: 246 microversion: 1.1
2026-02-25 18:22:39.660 8 INFO placement.requestlog [None req-4a464d1a-56b9-4569-bcf6-7dc88e42fa95 913cc2f1a79e4641b6674c98a0b72e8c e61a2e8361dd44d29d312f67755c63fa - - 51c8a15bbf9a48f3b76a5435368db3b0 51c8a15bbf9a48f3b76a5435368db3b0] 10.0.0.178 "DELETE /resource_providers/94314016-ad35-4669-baec-ac8884d978b9" status: 404 len: 246 microversion: 1.1 [pid: 7|app: 0|req: 351/701] 10.0.0.178 () {34 vars in 816 bytes} [Wed Feb 25 18:22:39 2026] DELETE /resource_providers/94314016-ad35-4669-baec-ac8884d978b9 => generated 246 bytes in 8 msecs (HTTP/1.1 404) 6 headers in 231 bytes (1 switches on core 0) [pid: 8|app: 0|req: 351/702] 10.0.0.178 () {34 vars in 816 bytes} [Wed Feb 25 18:22:39 2026] DELETE /resource_providers/94314016-ad35-4669-baec-ac8884d978b9 => generated 246 bytes in 13 msecs (HTTP/1.1 404) 6 headers in 231 bytes (1 switches on core 0)
2026-02-25 18:22:48.647 7 INFO placement.requestlog [None req-92009327-1a00-4829-869b-dd1e9f1bc62c - - - - - -] 10.0.0.145 "GET /" status: 200 len: 136 microversion: 1.0
2026-02-25 18:22:48.648 8 INFO placement.requestlog [None req-e2e4ff83-5615-4615-9456-687be4b6655e - - - - - -] 10.0.0.145 "GET /" status: 200 len: 136 microversion: 1.0
2026-02-25 18:22:51.677 7 INFO placement.requestlog [req-b46aee0c-3c47-4709-9f84-84c080693f97 req-897198e0-36b8-41ff-8885-57039d517ef3 d178b5cf35604023a3e81ef11bd39644 e61a2e8361dd44d29d312f67755c63fa - - 51c8a15bbf9a48f3b76a5435368db3b0 51c8a15bbf9a48f3b76a5435368db3b0] 10.0.0.160 "GET /allocation_candidates?limit=1000&resources=DISK_GB%3A1%2CMEMORY_MB%3A512%2CVCPU%3A1&root_required=%21COMPUTE_STATUS_DISABLED" status: 200 len: 2784 microversion: 1.36 [pid: 7|app: 0|req: 353/705] 10.0.0.160 () {34 vars in 1012 bytes} [Wed Feb 25 18:22:51 2026] GET /allocation_candidates?limit=1000&resources=DISK_GB%3A1%2CMEMORY_MB%3A512%2CVCPU%3A1&root_required=%21COMPUTE_STATUS_DISABLED => generated 2784 bytes in 49 msecs (HTTP/1.1 200) 8 headers in 297 bytes (1 switches on core 0)
2026-02-25 18:22:51.711 8 INFO placement.requestlog [req-b46aee0c-3c47-4709-9f84-84c080693f97 req-d7b2f186-f8df-4805-b0e6-22ba62a00b86 d178b5cf35604023a3e81ef11bd39644 e61a2e8361dd44d29d312f67755c63fa - - 51c8a15bbf9a48f3b76a5435368db3b0 51c8a15bbf9a48f3b76a5435368db3b0] 10.0.0.160 "GET /allocations/e9f082c9-5e3a-4197-818e-7781d9a7e6c9" status: 200 len: 19 microversion: 1.28 [pid: 8|app: 0|req: 353/706] 10.0.0.160 () {34 vars in 861 bytes} [Wed Feb 25 18:22:51 2026] GET /allocations/e9f082c9-5e3a-4197-818e-7781d9a7e6c9 => generated 19 bytes in 13 msecs (HTTP/1.1 200) 8 headers in 295 bytes (1 switches on core 0)
2026-02-25 18:22:51.786 7 INFO placement.requestlog [req-b46aee0c-3c47-4709-9f84-84c080693f97 req-7e18cbe7-33b1-44f7-a4b8-6f1b74e1b7eb d178b5cf35604023a3e81ef11bd39644 e61a2e8361dd44d29d312f67755c63fa - - 51c8a15bbf9a48f3b76a5435368db3b0 51c8a15bbf9a48f3b76a5435368db3b0] 10.0.0.160 "PUT /allocations/e9f082c9-5e3a-4197-818e-7781d9a7e6c9" status: 204 len: 0 microversion: 1.36 [pid: 7|app: 0|req: 354/707] 10.0.0.160 () {38 vars in 914 bytes} [Wed Feb 25 18:22:51 2026] PUT /allocations/e9f082c9-5e3a-4197-818e-7781d9a7e6c9 => generated 0 bytes in 69 msecs (HTTP/1.1 204) 5 headers in 199 bytes (1 switches on core 0)
2026-02-25 18:22:53.291 8 INFO placement.requestlog [req-b46aee0c-3c47-4709-9f84-84c080693f97 req-703e934d-371b-4a9c-9620-f28b20ec8792 d178b5cf35604023a3e81ef11bd39644 e61a2e8361dd44d29d312f67755c63fa - - 51c8a15bbf9a48f3b76a5435368db3b0 51c8a15bbf9a48f3b76a5435368db3b0] 199.204.45.131 "GET /allocations/e9f082c9-5e3a-4197-818e-7781d9a7e6c9" status: 200 len: 257 microversion: 1.28 [pid: 8|app: 0|req: 354/708] 199.204.45.131 () {34 vars in 863 bytes} [Wed Feb 25 18:22:53 2026] GET /allocations/e9f082c9-5e3a-4197-818e-7781d9a7e6c9 => generated 257 bytes in 10 msecs (HTTP/1.1 200) 8 headers in 296 bytes (1 switches on core 0)
2026-02-25 18:22:54.334 7 INFO placement.requestlog [req-b46aee0c-3c47-4709-9f84-84c080693f97 req-90d277c7-725e-40e2-b66f-a9a6b094ef13 d178b5cf35604023a3e81ef11bd39644 e61a2e8361dd44d29d312f67755c63fa - - 51c8a15bbf9a48f3b76a5435368db3b0 51c8a15bbf9a48f3b76a5435368db3b0] 199.204.45.131 "GET /resource_providers/bfaafe49-1213-4680-8013-01455c0a3daf/allocations" status: 200 len: 352 microversion: 1.0 [pid: 7|app: 0|req: 355/709] 199.204.45.131 () {32 vars in 857 bytes} [Wed Feb 25 18:22:54 2026] GET /resource_providers/bfaafe49-1213-4680-8013-01455c0a3daf/allocations => generated 352 bytes in 14 msecs (HTTP/1.1 200) 6 headers in 224 bytes (1 switches on core 0)
2026-02-25 18:22:54.357 8 INFO placement.requestlog [req-b46aee0c-3c47-4709-9f84-84c080693f97 req-0acccef5-d092-4d9f-980d-0818019e8f20 d178b5cf35604023a3e81ef11bd39644 e61a2e8361dd44d29d312f67755c63fa - - 51c8a15bbf9a48f3b76a5435368db3b0 51c8a15bbf9a48f3b76a5435368db3b0] 199.204.45.131 "GET /allocations/4d302546-0087-443d-9427-4091d92f0f01" status: 200 len: 257 microversion: 1.28 [pid: 8|app: 0|req: 355/710] 199.204.45.131 () {34 vars in 863 bytes} [Wed Feb 25 18:22:54 2026] GET /allocations/4d302546-0087-443d-9427-4091d92f0f01 => generated 257 bytes in 17 msecs (HTTP/1.1 200) 8 headers in 296 bytes (1 switches on core 0)
2026-02-25 18:22:54.375 7 INFO placement.requestlog [req-b46aee0c-3c47-4709-9f84-84c080693f97 req-1e6a866f-e1bb-41a7-83c8-c8417f66094d d178b5cf35604023a3e81ef11bd39644 e61a2e8361dd44d29d312f67755c63fa - - 51c8a15bbf9a48f3b76a5435368db3b0 51c8a15bbf9a48f3b76a5435368db3b0] 199.204.45.131 "GET /allocations/bf02a12b-9c0e-48aa-b1bd-43472912ec1c" status: 200 len: 257 microversion: 1.28 [pid: 7|app: 0|req: 356/711] 199.204.45.131 () {34 vars in 863 bytes} [Wed Feb 25 18:22:54 2026] GET /allocations/bf02a12b-9c0e-48aa-b1bd-43472912ec1c => generated 257 bytes in 12 msecs (HTTP/1.1 200) 8 headers in 296 bytes (1 switches on core 0)
2026-02-25 18:22:54.390 8 INFO placement.requestlog [req-b46aee0c-3c47-4709-9f84-84c080693f97 req-0ad91e44-f2ab-4553-b2fb-2b56a2ad3fb2 d178b5cf35604023a3e81ef11bd39644 e61a2e8361dd44d29d312f67755c63fa - - 51c8a15bbf9a48f3b76a5435368db3b0 51c8a15bbf9a48f3b76a5435368db3b0] 199.204.45.131 "GET /allocations/e9f082c9-5e3a-4197-818e-7781d9a7e6c9" status: 200 len: 257 microversion: 1.28 [pid: 8|app: 0|req: 356/712] 199.204.45.131 () {34 vars in 863 bytes} [Wed Feb 25 18:22:54 2026] GET /allocations/e9f082c9-5e3a-4197-818e-7781d9a7e6c9 => generated 257 bytes in 11 msecs (HTTP/1.1 200) 8 headers in 296 bytes (1 switches on core 0)
2026-02-25 18:22:55.714 7 INFO placement.requestlog [req-53216e47-e8f1-4adb-9390-18549baa103f req-5be3b787-f4fd-4ff5-90a5-02b924bffd53 d178b5cf35604023a3e81ef11bd39644 e61a2e8361dd44d29d312f67755c63fa - - 51c8a15bbf9a48f3b76a5435368db3b0 51c8a15bbf9a48f3b76a5435368db3b0] 199.204.45.131 "GET /resource_providers/bfaafe49-1213-4680-8013-01455c0a3daf/allocations" status: 200 len: 352 microversion: 1.0 [pid: 7|app: 0|req: 357/713] 199.204.45.131 () {32 vars in 857 bytes} [Wed Feb 25 18:22:55 2026] GET /resource_providers/bfaafe49-1213-4680-8013-01455c0a3daf/allocations => generated 352 bytes in 15 msecs (HTTP/1.1 200) 6 headers in 224 bytes (1 switches on core 0)
2026-02-25 18:22:55.734 8 INFO placement.requestlog [req-53216e47-e8f1-4adb-9390-18549baa103f req-1e9865b5-df6b-4ac9-bee7-475f5d1ed8e7 d178b5cf35604023a3e81ef11bd39644 e61a2e8361dd44d29d312f67755c63fa - - 51c8a15bbf9a48f3b76a5435368db3b0 51c8a15bbf9a48f3b76a5435368db3b0] 199.204.45.131 "GET /allocations/4d302546-0087-443d-9427-4091d92f0f01" status: 200 len: 257 microversion: 1.28 [pid: 8|app: 0|req: 357/714] 199.204.45.131 () {34 vars in 863 bytes} [Wed Feb 25 18:22:55 2026] GET /allocations/4d302546-0087-443d-9427-4091d92f0f01 => generated 257 bytes in 13 msecs (HTTP/1.1 200) 8 headers in 296 bytes (1 switches on core 0)
2026-02-25 18:22:55.757 7 INFO placement.requestlog [req-53216e47-e8f1-4adb-9390-18549baa103f req-0781dc2d-f59e-43a6-b8a8-f588a6e540d1 d178b5cf35604023a3e81ef11bd39644 e61a2e8361dd44d29d312f67755c63fa - - 51c8a15bbf9a48f3b76a5435368db3b0 51c8a15bbf9a48f3b76a5435368db3b0] 199.204.45.131 "GET /allocations/bf02a12b-9c0e-48aa-b1bd-43472912ec1c" status: 200 len: 257 microversion: 1.28 [pid: 7|app: 0|req: 358/715] 199.204.45.131 () {34 vars in 863 bytes} [Wed Feb 25 18:22:55 2026] GET /allocations/bf02a12b-9c0e-48aa-b1bd-43472912ec1c => generated 257 bytes in 17 msecs (HTTP/1.1 200) 8 headers in 296 bytes (1 switches on core 0)
2026-02-25 18:22:55.777 8 INFO placement.requestlog [req-53216e47-e8f1-4adb-9390-18549baa103f req-b7da6063-76ca-4f6c-b611-9bcc4d81286f d178b5cf35604023a3e81ef11bd39644 e61a2e8361dd44d29d312f67755c63fa - - 51c8a15bbf9a48f3b76a5435368db3b0 51c8a15bbf9a48f3b76a5435368db3b0] 199.204.45.131 "GET /allocations/e9f082c9-5e3a-4197-818e-7781d9a7e6c9" status: 200 len: 257 microversion: 1.28 [pid: 8|app: 0|req: 358/716] 199.204.45.131 () {34 vars in 863 bytes} [Wed Feb 25 18:22:55 2026] GET /allocations/e9f082c9-5e3a-4197-818e-7781d9a7e6c9 => generated 257 bytes in 13 msecs (HTTP/1.1 200) 8 headers in 296 bytes (1 switches on core 0)
2026-02-25 18:22:56.830 7 INFO placement.requestlog [req-53216e47-e8f1-4adb-9390-18549baa103f req-3f121231-4e82-4779-97f4-afcdf1bbd084 d178b5cf35604023a3e81ef11bd39644 e61a2e8361dd44d29d312f67755c63fa - - 51c8a15bbf9a48f3b76a5435368db3b0 51c8a15bbf9a48f3b76a5435368db3b0] 199.204.45.131 "DELETE /allocations/bf02a12b-9c0e-48aa-b1bd-43472912ec1c" status: 204 len: 0 microversion: 1.0 [pid: 7|app: 0|req: 359/717] 199.204.45.131 () {34 vars in 841 bytes} [Wed Feb 25 18:22:56 2026] DELETE /allocations/bf02a12b-9c0e-48aa-b1bd-43472912ec1c => generated 0 bytes in 22 msecs (HTTP/1.1 204) 5 headers in 198 bytes (1 switches on core 0)
2026-02-25 18:22:58.646 8 INFO placement.requestlog [None req-8b777f6c-3852-46cb-aa2a-a865215bd15b - - - - - -] 10.0.0.145 "GET /" status: 200 len: 136 microversion: 1.0
2026-02-25 18:22:58.646 7 INFO placement.requestlog [None req-fd6fc918-2751-46af-bc8c-dc3193ef5c2d - - - - - -] 10.0.0.145 "GET /" status: 200 len: 136 microversion: 1.0
2026-02-25 18:22:59.610 8 INFO placement.requestlog [req-e25f754d-2c10-48fe-9791-e3d76960f330 req-e9175340-b645-40d5-b7fb-114873b771d8 d178b5cf35604023a3e81ef11bd39644 e61a2e8361dd44d29d312f67755c63fa - - 51c8a15bbf9a48f3b76a5435368db3b0 51c8a15bbf9a48f3b76a5435368db3b0] 199.204.45.131 "GET /resource_providers/bfaafe49-1213-4680-8013-01455c0a3daf/allocations" status: 200 len: 252 microversion: 1.0 [pid: 8|app: 0|req: 360/720] 199.204.45.131 () {32 vars in 857 bytes} [Wed Feb 25 18:22:59 2026] GET /resource_providers/bfaafe49-1213-4680-8013-01455c0a3daf/allocations => generated 252 bytes in 21 msecs (HTTP/1.1 200) 6 headers in 224 bytes (1 switches on core 0)
2026-02-25 18:22:59.642 7 INFO placement.requestlog [req-e25f754d-2c10-48fe-9791-e3d76960f330 req-60437224-8cce-4e02-b48a-f79bfd709cc9 d178b5cf35604023a3e81ef11bd39644 e61a2e8361dd44d29d312f67755c63fa - - 51c8a15bbf9a48f3b76a5435368db3b0 51c8a15bbf9a48f3b76a5435368db3b0] 199.204.45.131 "GET /allocations/4d302546-0087-443d-9427-4091d92f0f01" status: 200 len: 257 microversion: 1.28 [pid: 7|app: 0|req: 361/721] 199.204.45.131 () {34 vars in 863 bytes} [Wed Feb 25 18:22:59 2026] GET /allocations/4d302546-0087-443d-9427-4091d92f0f01 => generated 257 bytes in 12 msecs (HTTP/1.1 200) 8 headers in 296 bytes (1 switches on core 0)
2026-02-25 18:22:59.662 8 INFO placement.requestlog [req-e25f754d-2c10-48fe-9791-e3d76960f330 req-a3f294e7-7b89-4566-88c5-023132600a50 d178b5cf35604023a3e81ef11bd39644 e61a2e8361dd44d29d312f67755c63fa - - 51c8a15bbf9a48f3b76a5435368db3b0 51c8a15bbf9a48f3b76a5435368db3b0] 199.204.45.131 "GET /allocations/e9f082c9-5e3a-4197-818e-7781d9a7e6c9" status: 200 len: 257 microversion: 1.28 [pid: 8|app: 0|req: 361/722] 199.204.45.131 () {34 vars in 863 bytes} [Wed Feb 25 18:22:59 2026] GET /allocations/e9f082c9-5e3a-4197-818e-7781d9a7e6c9 => generated 257 bytes in 13 msecs (HTTP/1.1 200) 8 headers in 296 bytes (1 switches on core 0)
2026-02-25 18:23:00.708 7 INFO placement.requestlog [req-e25f754d-2c10-48fe-9791-e3d76960f330 req-7125b757-6429-4616-ac16-2eb45f1a3ae8 d178b5cf35604023a3e81ef11bd39644 e61a2e8361dd44d29d312f67755c63fa - - 51c8a15bbf9a48f3b76a5435368db3b0 51c8a15bbf9a48f3b76a5435368db3b0] 199.204.45.131 "DELETE /allocations/4d302546-0087-443d-9427-4091d92f0f01" status: 204 len: 0 microversion: 1.0 [pid: 7|app: 0|req: 362/723] 199.204.45.131 () {34 vars in 841 bytes} [Wed Feb 25 18:23:00 2026] DELETE /allocations/4d302546-0087-443d-9427-4091d92f0f01 => generated 0 bytes in 19 msecs (HTTP/1.1 204) 5 headers in 198 bytes (1 switches on core 0)
2026-02-25 18:23:01.672 8 INFO placement.requestlog [None req-265fbc48-feca-4788-bb2f-d11267c1e90a 913cc2f1a79e4641b6674c98a0b72e8c e61a2e8361dd44d29d312f67755c63fa - - 51c8a15bbf9a48f3b76a5435368db3b0 51c8a15bbf9a48f3b76a5435368db3b0] 10.0.0.178 "GET /resource_providers/1695b6fd-19e7-43a4-89c8-0e23d659baf8/aggregates" status: 404 len: 235 microversion: 1.1 [pid: 8|app: 0|req: 362/724] 10.0.0.178 () {32 vars in 816 bytes} [Wed Feb 25 18:23:01 2026] GET /resource_providers/1695b6fd-19e7-43a4-89c8-0e23d659baf8/aggregates => generated 235 bytes in 11 msecs (HTTP/1.1 404) 5 headers in 202 bytes (1 switches on core 0)
2026-02-25 18:23:01.679 7 INFO placement.requestlog [None req-ca8f95c6-e519-4f57-bf84-a0ad37bb5966 913cc2f1a79e4641b6674c98a0b72e8c e61a2e8361dd44d29d312f67755c63fa - - 51c8a15bbf9a48f3b76a5435368db3b0 51c8a15bbf9a48f3b76a5435368db3b0] 10.0.0.178 "GET /resource_providers/1695b6fd-19e7-43a4-89c8-0e23d659baf8/aggregates" status: 404 len: 235 microversion: 1.1 [pid: 7|app: 0|req: 363/725] 10.0.0.178 () {32 vars in 816 bytes} [Wed Feb 25 18:23:01 2026] GET /resource_providers/1695b6fd-19e7-43a4-89c8-0e23d659baf8/aggregates => generated 235 bytes in 15 msecs (HTTP/1.1 404) 5 headers in 202 bytes (1 switches on core 0)
2026-02-25 18:23:01.700 8 INFO placement.requestlog [None req-8a2b79d3-84c3-4049-9a0e-336db61680c5 913cc2f1a79e4641b6674c98a0b72e8c e61a2e8361dd44d29d312f67755c63fa - - 51c8a15bbf9a48f3b76a5435368db3b0 51c8a15bbf9a48f3b76a5435368db3b0] 10.0.0.178 "DELETE /resource_providers/1695b6fd-19e7-43a4-89c8-0e23d659baf8" status: 404 len: 246 microversion: 1.1 [pid: 8|app: 0|req: 363/726] 10.0.0.178 () {34 vars in 816 bytes} [Wed Feb 25 18:23:01 2026] DELETE /resource_providers/1695b6fd-19e7-43a4-89c8-0e23d659baf8 => generated 246 bytes in 8 msecs (HTTP/1.1 404) 6 headers in 231 bytes (1 switches on core 0)
2026-02-25 18:23:01.713 7 INFO placement.requestlog [None req-c9727ec3-fcd0-47c6-a453-95881bfa9654 913cc2f1a79e4641b6674c98a0b72e8c e61a2e8361dd44d29d312f67755c63fa - - 51c8a15bbf9a48f3b76a5435368db3b0 51c8a15bbf9a48f3b76a5435368db3b0] 10.0.0.178 "DELETE /resource_providers/1695b6fd-19e7-43a4-89c8-0e23d659baf8" status: 404 len: 246 microversion: 1.1 [pid: 7|app: 0|req: 364/727] 10.0.0.178 () {34 vars in 816 bytes} [Wed Feb 25 18:23:01 2026] DELETE /resource_providers/1695b6fd-19e7-43a4-89c8-0e23d659baf8 => generated 246 bytes in 19 msecs (HTTP/1.1 404) 6 headers in 231 bytes (1 switches on core 0)
2026-02-25 18:23:04.741 8 INFO placement.requestlog [None req-31bc51dd-9c55-4c01-9498-d29a23bf19ad bf0d2f50891444bd98d5964c689e05af babc0f63473e4a78bd24ae26e8a5c9b8 - - default default] 10.0.0.54 "GET /resource_providers" status: 200 len: 405 microversion: 1.0 [pid: 8|app: 0|req: 364/728] 10.0.0.54 () {28 vars in 592 bytes} [Wed Feb 25 18:23:04 2026] GET /resource_providers => generated 405 bytes in 145 msecs (HTTP/1.1 200) 6 headers in 224 bytes (1 switches on core 0)
2026-02-25 18:23:04.759 7 INFO placement.requestlog [None req-1cbfdd9c-3d31-46fd-ad21-31a93b5c9d89 bf0d2f50891444bd98d5964c689e05af babc0f63473e4a78bd24ae26e8a5c9b8 - - default default] 10.0.0.54 "GET /resource_providers/bfaafe49-1213-4680-8013-01455c0a3daf/inventories" status: 200 len: 400 microversion: 1.0 [pid: 7|app: 0|req: 365/729] 10.0.0.54 () {28 vars in 690 bytes} [Wed Feb 25 18:23:04 2026] GET /resource_providers/bfaafe49-1213-4680-8013-01455c0a3daf/inventories => generated 400 bytes in 12 msecs (HTTP/1.1 200) 6 headers in 224 bytes (1 switches on core 0)
2026-02-25 18:23:04.781 8 INFO placement.requestlog [None req-34ffc60f-2c49-4ebe-8b10-d7bc6dfbc226 bf0d2f50891444bd98d5964c689e05af babc0f63473e4a78bd24ae26e8a5c9b8 - - default default] 10.0.0.54 "GET /resource_providers/bfaafe49-1213-4680-8013-01455c0a3daf/usages" status: 200 len: 90 microversion: 1.0 [pid: 8|app: 0|req: 365/730] 10.0.0.54 () {28 vars in 680 bytes} [Wed Feb 25 18:23:04 2026] GET /resource_providers/bfaafe49-1213-4680-8013-01455c0a3daf/usages => generated 90 bytes in 15 msecs (HTTP/1.1 200) 6 headers in 223 bytes (1 switches on core 0)
2026-02-25 18:23:05.663 7 INFO placement.requestlog [None req-d01b50db-efae-48d1-b0e1-5e8bf43c91b9 913cc2f1a79e4641b6674c98a0b72e8c e61a2e8361dd44d29d312f67755c63fa - - 51c8a15bbf9a48f3b76a5435368db3b0 51c8a15bbf9a48f3b76a5435368db3b0] 10.0.0.178 "GET /resource_providers/a49a8d97-6840-4e5b-bde6-8e54e06db183/aggregates" status: 404 len: 235 microversion: 1.1 [pid: 7|app: 0|req: 366/731] 10.0.0.178 () {32 vars in 816 bytes} [Wed Feb 25 18:23:05 2026] GET /resource_providers/a49a8d97-6840-4e5b-bde6-8e54e06db183/aggregates => generated 235 bytes in 10 msecs (HTTP/1.1 404) 5 headers in 202 bytes (1 switches on core 0)
2026-02-25 18:23:05.669 8 INFO placement.requestlog [None req-60cc3354-cc7d-46a7-99c3-49d622b0b88a 913cc2f1a79e4641b6674c98a0b72e8c e61a2e8361dd44d29d312f67755c63fa - - 51c8a15bbf9a48f3b76a5435368db3b0 51c8a15bbf9a48f3b76a5435368db3b0] 10.0.0.178 "GET /resource_providers/a49a8d97-6840-4e5b-bde6-8e54e06db183/aggregates" status: 404 len: 235 microversion: 1.1 [pid: 8|app: 0|req: 366/732] 10.0.0.178 () {32 vars in 816 bytes} [Wed Feb 25 18:23:05 2026] GET /resource_providers/a49a8d97-6840-4e5b-bde6-8e54e06db183/aggregates => generated 235 bytes in 11 msecs (HTTP/1.1 404) 5 headers in 202 bytes (1 switches on core 0)
2026-02-25 18:23:05.687 8 INFO placement.requestlog [None req-ec2a175f-c5b8-42ad-aeab-289b5a1e2a0c 913cc2f1a79e4641b6674c98a0b72e8c e61a2e8361dd44d29d312f67755c63fa - - 51c8a15bbf9a48f3b76a5435368db3b0 51c8a15bbf9a48f3b76a5435368db3b0] 10.0.0.178 "DELETE /resource_providers/a49a8d97-6840-4e5b-bde6-8e54e06db183" status: 404 len: 246 microversion: 1.1 [pid: 8|app: 0|req: 367/733] 10.0.0.178 () {34 vars in 816 bytes} [Wed Feb 25 18:23:05 2026] DELETE /resource_providers/a49a8d97-6840-4e5b-bde6-8e54e06db183 => generated 246 bytes in 8 msecs (HTTP/1.1 404) 6 headers in 231 bytes (1 switches on core 0)
2026-02-25 18:23:05.689 7 INFO placement.requestlog [None req-3042599b-21b8-4273-b863-babf78a0b782 913cc2f1a79e4641b6674c98a0b72e8c e61a2e8361dd44d29d312f67755c63fa - - 51c8a15bbf9a48f3b76a5435368db3b0 51c8a15bbf9a48f3b76a5435368db3b0] 10.0.0.178 "DELETE /resource_providers/a49a8d97-6840-4e5b-bde6-8e54e06db183" status: 404 len: 246 microversion: 1.1 [pid: 7|app: 0|req: 367/734] 10.0.0.178 () {34 vars in 816 bytes} [Wed Feb 25 18:23:05 2026] DELETE /resource_providers/a49a8d97-6840-4e5b-bde6-8e54e06db183 => generated 246 bytes in 11 msecs (HTTP/1.1 404) 6 headers in 231 bytes (1 switches on core 0)
2026-02-25 18:23:08.646 8 INFO placement.requestlog [None req-d290d5b1-518a-42df-814f-75d24dcbbd5d - - - - - -] 10.0.0.145 "GET /" status: 200 len: 136 microversion: 1.0
2026-02-25 18:23:08.646 7 INFO placement.requestlog [None req-ba0c00af-8494-49e4-9d3f-6f6256d4a767 - - - - - -] 10.0.0.145 "GET /" status: 200 len: 136 microversion: 1.0
2026-02-25 18:23:09.202 8 INFO placement.requestlog [req-8673c800-6ee9-43cb-aa8e-63321b604574 req-35f72d41-42de-4f12-b0ec-7ac32526f820 d178b5cf35604023a3e81ef11bd39644 e61a2e8361dd44d29d312f67755c63fa - - 51c8a15bbf9a48f3b76a5435368db3b0 51c8a15bbf9a48f3b76a5435368db3b0] 199.204.45.131 "GET /resource_providers/bfaafe49-1213-4680-8013-01455c0a3daf/allocations" status: 200 len: 152 microversion: 1.0 [pid: 8|app: 0|req: 369/737] 199.204.45.131 () {32 vars in 857 bytes} [Wed Feb 25 18:23:09 2026] GET /resource_providers/bfaafe49-1213-4680-8013-01455c0a3daf/allocations => generated 152 bytes in 20 msecs (HTTP/1.1 200) 6 headers in 224 bytes (1 switches on core 0)
2026-02-25 18:23:09.225 7 INFO placement.requestlog [req-8673c800-6ee9-43cb-aa8e-63321b604574 req-d4fa50dc-e347-470d-af52-19b601b77d31 d178b5cf35604023a3e81ef11bd39644 e61a2e8361dd44d29d312f67755c63fa - - 51c8a15bbf9a48f3b76a5435368db3b0 51c8a15bbf9a48f3b76a5435368db3b0] 199.204.45.131 "GET /allocations/e9f082c9-5e3a-4197-818e-7781d9a7e6c9" status: 200 len: 257 microversion: 1.28 [pid: 7|app: 0|req: 369/738] 199.204.45.131 () {34 vars in 863 bytes} [Wed Feb 25 18:23:09 2026] GET /allocations/e9f082c9-5e3a-4197-818e-7781d9a7e6c9 => generated 257 bytes in 15 msecs (HTTP/1.1 200) 8 headers in 296 bytes (1 switches on core 0)
2026-02-25 18:23:10.285 8 INFO placement.requestlog [req-8673c800-6ee9-43cb-aa8e-63321b604574 req-2427912f-cd79-45b4-97db-7a96e4478e6b d178b5cf35604023a3e81ef11bd39644 e61a2e8361dd44d29d312f67755c63fa - - 51c8a15bbf9a48f3b76a5435368db3b0 51c8a15bbf9a48f3b76a5435368db3b0] 199.204.45.131 "DELETE /allocations/e9f082c9-5e3a-4197-818e-7781d9a7e6c9" status: 204 len: 0 microversion: 1.0 [pid: 8|app: 0|req: 370/739] 199.204.45.131 () {34 vars in 841 bytes} [Wed Feb 25 18:23:10 2026] DELETE /allocations/e9f082c9-5e3a-4197-818e-7781d9a7e6c9 => generated 0 bytes in 37 msecs (HTTP/1.1 204) 5 headers in 198 bytes (1 switches on core 0)
2026-02-25 18:23:17.551 7 INFO placement.requestlog [req-801ef677-625c-4a19-82f5-95f0047df418 req-daa68ae2-af7c-448b-a0a8-a1dbb71833b2 d178b5cf35604023a3e81ef11bd39644 e61a2e8361dd44d29d312f67755c63fa - - 51c8a15bbf9a48f3b76a5435368db3b0 51c8a15bbf9a48f3b76a5435368db3b0] 10.0.0.160 "GET /allocation_candidates?limit=1000&resources=DISK_GB%3A1%2CMEMORY_MB%3A512%2CVCPU%3A1&root_required=%21COMPUTE_STATUS_DISABLED" status: 200 len: 2781 microversion: 1.36 [pid: 7|app: 0|req: 370/740] 10.0.0.160 () {34 vars in 1012 bytes} [Wed Feb 25 18:23:17 2026] GET /allocation_candidates?limit=1000&resources=DISK_GB%3A1%2CMEMORY_MB%3A512%2CVCPU%3A1&root_required=%21COMPUTE_STATUS_DISABLED => generated 2781 bytes in 50 msecs (HTTP/1.1 200) 8 headers in 297 bytes (1 switches on core 0)
2026-02-25 18:23:17.583 8 INFO placement.requestlog [req-801ef677-625c-4a19-82f5-95f0047df418 req-4d5f9168-ea0d-4a10-8614-4c3883aade58 d178b5cf35604023a3e81ef11bd39644 e61a2e8361dd44d29d312f67755c63fa - - 51c8a15bbf9a48f3b76a5435368db3b0 51c8a15bbf9a48f3b76a5435368db3b0] 10.0.0.160 "GET /allocations/b496be8e-584b-462a-ad9c-2429d9062ccf" status: 200 len: 19 microversion: 1.28 [pid: 8|app: 0|req: 371/741] 10.0.0.160 () {34 vars in 861 bytes} [Wed Feb 25 18:23:17 2026] GET /allocations/b496be8e-584b-462a-ad9c-2429d9062ccf => generated 19 bytes in 10 msecs (HTTP/1.1 200) 8 headers in 295 bytes (1 switches on core 0)
2026-02-25 18:23:17.652 7 INFO placement.requestlog [req-801ef677-625c-4a19-82f5-95f0047df418 req-3f649d7c-f4c5-494d-8848-79bab6cd2b47 d178b5cf35604023a3e81ef11bd39644 e61a2e8361dd44d29d312f67755c63fa - - 51c8a15bbf9a48f3b76a5435368db3b0 51c8a15bbf9a48f3b76a5435368db3b0] 10.0.0.160 "PUT /allocations/b496be8e-584b-462a-ad9c-2429d9062ccf" status: 204 len: 0 microversion: 1.36 [pid: 7|app: 0|req: 371/742] 10.0.0.160 () {38 vars in 914 bytes} [Wed Feb 25 18:23:17 2026] PUT /allocations/b496be8e-584b-462a-ad9c-2429d9062ccf => generated 0 bytes in 62 msecs (HTTP/1.1 204) 5 headers in 199 bytes (1 switches on core 0)
2026-02-25 18:23:18.178 8 INFO placement.requestlog [None req-e18d3c94-2d7d-40c0-b295-bcb79f0eadf2 913cc2f1a79e4641b6674c98a0b72e8c e61a2e8361dd44d29d312f67755c63fa - - 51c8a15bbf9a48f3b76a5435368db3b0 51c8a15bbf9a48f3b76a5435368db3b0] 10.0.0.178 "GET /resource_providers/1d07ac52-50d2-433e-a872-55332f807df5/aggregates" status: 404 len: 235 microversion: 1.1 [pid: 8|app: 0|req: 372/743] 10.0.0.178 () {32 vars in 816 bytes} [Wed Feb 25 18:23:18 2026] GET /resource_providers/1d07ac52-50d2-433e-a872-55332f807df5/aggregates => generated 235 bytes in 9 msecs (HTTP/1.1 404) 5 headers in 202 bytes (1 switches on core 0)
2026-02-25 18:23:18.181 7 INFO placement.requestlog [None req-571a9c18-3b4e-49f7-8536-4997bcfaf169 913cc2f1a79e4641b6674c98a0b72e8c e61a2e8361dd44d29d312f67755c63fa - - 51c8a15bbf9a48f3b76a5435368db3b0 51c8a15bbf9a48f3b76a5435368db3b0] 10.0.0.178 "GET /resource_providers/1d07ac52-50d2-433e-a872-55332f807df5/aggregates" status: 404 len: 235 microversion: 1.1 [pid: 7|app: 0|req: 372/744] 10.0.0.178 () {32 vars in 816 bytes} [Wed Feb 25 18:23:18 2026] GET /resource_providers/1d07ac52-50d2-433e-a872-55332f807df5/aggregates => generated 235 bytes in 10 msecs (HTTP/1.1 404) 5 headers in 202 bytes (1 switches on core 0)
2026-02-25 18:23:18.203 7 INFO placement.requestlog [None req-06800531-b1e0-4659-b94a-e3bad26e342c 913cc2f1a79e4641b6674c98a0b72e8c e61a2e8361dd44d29d312f67755c63fa - - 51c8a15bbf9a48f3b76a5435368db3b0 51c8a15bbf9a48f3b76a5435368db3b0] 10.0.0.178 "DELETE /resource_providers/1d07ac52-50d2-433e-a872-55332f807df5" status: 404 len: 246 microversion: 1.1 [pid: 7|app: 0|req: 373/745] 10.0.0.178 () {34 vars in 816 bytes} [Wed Feb 25 18:23:18 2026] DELETE /resource_providers/1d07ac52-50d2-433e-a872-55332f807df5 => generated 246 bytes in 8 msecs (HTTP/1.1 404) 6 headers in 231 bytes (1 switches on core 0)
2026-02-25 18:23:18.206 8 INFO placement.requestlog [None req-c9927d27-26f6-4939-9093-596551d653f6 913cc2f1a79e4641b6674c98a0b72e8c e61a2e8361dd44d29d312f67755c63fa - - 51c8a15bbf9a48f3b76a5435368db3b0 51c8a15bbf9a48f3b76a5435368db3b0] 10.0.0.178 "DELETE /resource_providers/1d07ac52-50d2-433e-a872-55332f807df5" status: 404 len: 246 microversion: 1.1 [pid: 8|app: 0|req: 373/746] 10.0.0.178 () {34 vars in 816 bytes} [Wed Feb 25 18:23:18 2026] DELETE /resource_providers/1d07ac52-50d2-433e-a872-55332f807df5 => generated 246 bytes in 13 msecs (HTTP/1.1 404) 6 headers in 231 bytes (1 switches on core 0)
2026-02-25 18:23:18.646 8 INFO placement.requestlog [None req-69824ec1-0e6b-432c-9408-7a2729fac9be - - - - - -] 10.0.0.145 "GET /" status: 200 len: 136 microversion: 1.0
2026-02-25 18:23:18.646 7 INFO placement.requestlog [None req-5b078bde-0786-409a-8bbe-b8fe67ba8f70 - - - - - -] 10.0.0.145 "GET /" status: 200 len: 136 microversion: 1.0
2026-02-25 18:23:19.178 7 INFO placement.requestlog [req-801ef677-625c-4a19-82f5-95f0047df418 req-f2f90a6d-8f1e-4487-8804-bafe53a2c141 d178b5cf35604023a3e81ef11bd39644 e61a2e8361dd44d29d312f67755c63fa - - 51c8a15bbf9a48f3b76a5435368db3b0 51c8a15bbf9a48f3b76a5435368db3b0] 199.204.45.131 "GET /allocations/b496be8e-584b-462a-ad9c-2429d9062ccf" status: 200 len: 257 microversion: 1.28 [pid: 7|app: 0|req: 375/749] 199.204.45.131 () {34 vars in 863 bytes} [Wed Feb 25 18:23:19 2026] GET /allocations/b496be8e-584b-462a-ad9c-2429d9062ccf => generated 257 bytes in 14 msecs (HTTP/1.1 200) 8 headers in 296 bytes (1 switches on core 0)
2026-02-25 18:23:20.222 8 INFO placement.requestlog [req-801ef677-625c-4a19-82f5-95f0047df418 req-c13c95c4-75d9-46de-8f93-6bf514074b44 d178b5cf35604023a3e81ef11bd39644 e61a2e8361dd44d29d312f67755c63fa - - 51c8a15bbf9a48f3b76a5435368db3b0 51c8a15bbf9a48f3b76a5435368db3b0] 199.204.45.131 "GET /resource_providers/bfaafe49-1213-4680-8013-01455c0a3daf/allocations" status: 200 len: 152 microversion: 1.0 [pid: 8|app: 0|req: 375/750] 199.204.45.131 () {32 vars in 857 bytes} [Wed Feb 25 18:23:20 2026] GET /resource_providers/bfaafe49-1213-4680-8013-01455c0a3daf/allocations => generated 152 bytes in 16 msecs (HTTP/1.1 200) 6 headers in 224 bytes (1 switches on core 0)
2026-02-25 18:23:20.238 7 INFO placement.requestlog [req-801ef677-625c-4a19-82f5-95f0047df418 req-e63a7b28-83a4-4751-a1e6-04752f8a5fb5 d178b5cf35604023a3e81ef11bd39644 e61a2e8361dd44d29d312f67755c63fa - - 51c8a15bbf9a48f3b76a5435368db3b0 51c8a15bbf9a48f3b76a5435368db3b0] 199.204.45.131 "GET /allocations/b496be8e-584b-462a-ad9c-2429d9062ccf" status: 200 len: 257 microversion: 1.28 [pid: 7|app: 0|req: 376/751] 199.204.45.131 () {34 vars in 863 bytes} [Wed Feb 25 18:23:20 2026] GET /allocations/b496be8e-584b-462a-ad9c-2429d9062ccf => generated 257 bytes in 10 msecs (HTTP/1.1 200) 8 headers in 296 bytes (1 switches on core 0)
2026-02-25 18:23:28.645 7 INFO placement.requestlog [None req-f3eaf80a-064f-4024-8960-30527fbf604b - - - - - -] 10.0.0.145 "GET /" status: 200 len: 136 microversion: 1.0
2026-02-25 18:23:28.645 8 INFO placement.requestlog [None req-c487f319-e095-4077-ba95-9c9b76508f68 - - - - - -] 10.0.0.145 "GET /" status: 200 len: 136 microversion: 1.0
2026-02-25 18:23:32.012 7 INFO placement.requestlog [req-bcd1708e-175d-4ada-825a-19c91305b86e req-1caa58df-780e-42d7-877c-50e9dd20bb5d d178b5cf35604023a3e81ef11bd39644 e61a2e8361dd44d29d312f67755c63fa - - 51c8a15bbf9a48f3b76a5435368db3b0 51c8a15bbf9a48f3b76a5435368db3b0] 199.204.45.131 "GET /resource_providers/bfaafe49-1213-4680-8013-01455c0a3daf/allocations" status: 200 len: 152 microversion: 1.0 [pid: 7|app: 0|req: 378/754] 199.204.45.131 () {32 vars in 857 bytes} [Wed Feb 25 18:23:32 2026] GET /resource_providers/bfaafe49-1213-4680-8013-01455c0a3daf/allocations => generated 152 bytes in 13 msecs (HTTP/1.1 200) 6 headers in 224 bytes (1 switches on core 0)
2026-02-25 18:23:32.037 8 INFO placement.requestlog [req-bcd1708e-175d-4ada-825a-19c91305b86e req-6d4a7cc8-7c18-4bb1-8a52-60696ee791f3 d178b5cf35604023a3e81ef11bd39644 e61a2e8361dd44d29d312f67755c63fa - - 51c8a15bbf9a48f3b76a5435368db3b0 51c8a15bbf9a48f3b76a5435368db3b0] 199.204.45.131 "GET /resource_providers/bfaafe49-1213-4680-8013-01455c0a3daf/allocations" status: 200 len: 152 microversion: 1.0 [pid: 8|app: 0|req: 377/755] 199.204.45.131 () {32 vars in 857 bytes} [Wed Feb 25 18:23:32 2026] GET /resource_providers/bfaafe49-1213-4680-8013-01455c0a3daf/allocations => generated 152 bytes in 18 msecs (HTTP/1.1 200) 6 headers in 224 bytes (1 switches on core 0)
2026-02-25 18:23:32.054 7 INFO placement.requestlog [req-bcd1708e-175d-4ada-825a-19c91305b86e req-e7b0063c-85de-48da-8396-dd33d0383e4a d178b5cf35604023a3e81ef11bd39644 e61a2e8361dd44d29d312f67755c63fa - - 51c8a15bbf9a48f3b76a5435368db3b0 51c8a15bbf9a48f3b76a5435368db3b0] 199.204.45.131 "GET /allocations/b496be8e-584b-462a-ad9c-2429d9062ccf" status: 200 len: 257 microversion: 1.28 [pid: 7|app: 0|req: 379/756] 199.204.45.131 () {34 vars in 863 bytes} [Wed Feb 25 18:23:32 2026] GET /allocations/b496be8e-584b-462a-ad9c-2429d9062ccf => generated 257 bytes in 13 msecs (HTTP/1.1 200) 8 headers in 296 bytes (1 switches on core 0)
2026-02-25 18:23:32.092 8 INFO placement.requestlog [req-5a92f81e-ef85-4b6d-b99d-8fd27a05c72a req-b08b182a-0dbc-43c8-be7b-6767176d0df6 d178b5cf35604023a3e81ef11bd39644 e61a2e8361dd44d29d312f67755c63fa - - 51c8a15bbf9a48f3b76a5435368db3b0 51c8a15bbf9a48f3b76a5435368db3b0] 10.0.0.160 "GET /allocation_candidates?limit=1000&resources=DISK_GB%3A1%2CMEMORY_MB%3A512%2CVCPU%3A1&root_required=%21COMPUTE_STATUS_DISABLED" status: 200 len: 2783 microversion: 1.36 [pid: 8|app: 0|req: 378/757] 10.0.0.160 () {34 vars in 1012 bytes} [Wed Feb 25 18:23:32 2026] GET /allocation_candidates?limit=1000&resources=DISK_GB%3A1%2CMEMORY_MB%3A512%2CVCPU%3A1&root_required=%21COMPUTE_STATUS_DISABLED => generated 2783 bytes in 38 msecs (HTTP/1.1 200) 8 headers in 297 bytes (1 switches on core 0)
2026-02-25 18:23:32.122 7 INFO placement.requestlog [req-5a92f81e-ef85-4b6d-b99d-8fd27a05c72a req-f8e3a56f-3548-43ab-9432-b51c46f6499a d178b5cf35604023a3e81ef11bd39644 e61a2e8361dd44d29d312f67755c63fa - - 51c8a15bbf9a48f3b76a5435368db3b0 51c8a15bbf9a48f3b76a5435368db3b0] 10.0.0.160 "GET /allocations/3cd6d4e2-4065-4c7c-94a4-f2720a9410e8" status: 200 len: 19 microversion: 1.28 [pid: 7|app: 0|req: 380/758] 10.0.0.160 () {34 vars in 861 bytes} [Wed Feb 25 18:23:32 2026] GET /allocations/3cd6d4e2-4065-4c7c-94a4-f2720a9410e8 => generated 19 bytes in 9 msecs (HTTP/1.1 200) 8 headers in 295 bytes (1 switches on core 0)
2026-02-25 18:23:32.185 8 INFO placement.requestlog [req-5a92f81e-ef85-4b6d-b99d-8fd27a05c72a req-0f899c00-4aae-4a3f-a78d-99846a3af41e d178b5cf35604023a3e81ef11bd39644 e61a2e8361dd44d29d312f67755c63fa - - 51c8a15bbf9a48f3b76a5435368db3b0 51c8a15bbf9a48f3b76a5435368db3b0] 10.0.0.160 "PUT /allocations/3cd6d4e2-4065-4c7c-94a4-f2720a9410e8" status: 204 len: 0 microversion: 1.36 [pid: 8|app: 0|req: 379/759] 10.0.0.160 () {38 vars in 914 bytes} [Wed Feb 25 18:23:32 2026] PUT /allocations/3cd6d4e2-4065-4c7c-94a4-f2720a9410e8 => generated 0 bytes in 58 msecs (HTTP/1.1 204) 5 headers in 199 bytes (1 switches on core 0)
2026-02-25 18:23:33.717 7 INFO placement.requestlog [req-5a92f81e-ef85-4b6d-b99d-8fd27a05c72a req-a3af5525-bad6-47e6-892f-3f405d35a255 d178b5cf35604023a3e81ef11bd39644 e61a2e8361dd44d29d312f67755c63fa - - 51c8a15bbf9a48f3b76a5435368db3b0 51c8a15bbf9a48f3b76a5435368db3b0] 199.204.45.131 "GET /allocations/3cd6d4e2-4065-4c7c-94a4-f2720a9410e8" status: 200 len: 257 microversion: 1.28 [pid: 7|app: 0|req: 381/760] 199.204.45.131 () {34 vars in 863 bytes} [Wed Feb 25 18:23:33 2026] GET /allocations/3cd6d4e2-4065-4c7c-94a4-f2720a9410e8 => generated 257 bytes in 21 msecs (HTTP/1.1 200) 8 headers in 296 bytes (1 switches on core 0)
2026-02-25 18:23:34.757 8 INFO placement.requestlog [req-5a92f81e-ef85-4b6d-b99d-8fd27a05c72a req-511674bf-61d2-4c02-9a87-b4d01ee80f6a d178b5cf35604023a3e81ef11bd39644 e61a2e8361dd44d29d312f67755c63fa - - 51c8a15bbf9a48f3b76a5435368db3b0 51c8a15bbf9a48f3b76a5435368db3b0] 199.204.45.131 "GET /resource_providers/bfaafe49-1213-4680-8013-01455c0a3daf/allocations" status: 200 len: 252 microversion: 1.0 [pid: 8|app: 0|req: 380/761] 199.204.45.131 () {32 vars in 857 bytes} [Wed Feb 25 18:23:34 2026] GET /resource_providers/bfaafe49-1213-4680-8013-01455c0a3daf/allocations => generated 252 bytes in 17 msecs (HTTP/1.1 200) 6 headers in 224 bytes (1 switches on core 0)
