2026-02-25 18:23:42.966 7 INFO neutron.db.ovn_revision_numbers_db [None req-fd63e848-3127-4144-b9d5-c347ba67e5ff 972a36b260e84a6eaa170204dc470ae8 6ff9f7bb5a5d43fdb85829134d3703c8 - - default default] Successfully bumped revision number for resource 01aef6fc-3623-4fca-9c60-e00e43b2aaf5 (type: ports) to 1 [pid: 7|app: 0|req: 595/1371] 10.0.0.147 () {34 vars in 665 bytes} [Wed Feb 25 18:23:41 2026] POST /v2.0/ports => generated 1505 bytes in 1381 msecs (HTTP/1.1 201) 4 headers in 163 bytes (1 switches on core 0) [pid: 8|app: 0|req: 777/1372] 10.0.0.147 () {32 vars in 643 bytes} [Wed Feb 25 18:23:43 2026] GET /v2.0/ports => generated 3017 bytes in 134 msecs (HTTP/1.1 200) 4 headers in 158 bytes (1 switches on core 0) /var/lib/openstack/lib/python3.12/site-packages/pycadf/identifier.py:70: UserWarning: Invalid uuid: neutron. To ensure interoperability, identifiers should be a valid uuid. warnings.warn(('Invalid uuid: %s. To ensure interoperability, ' [pid: 8|app: 0|req: 778/1373] 10.0.0.65 () {34 vars in 989 bytes} [Wed Feb 25 18:23:43 2026] GET /v2.0/ports?device_id=b496be8e-584b-462a-ad9c-2429d9062ccf => generated 969 bytes in 90 msecs (HTTP/1.1 200) 4 headers in 157 bytes (1 switches on core 0)
2026-02-25 18:23:43.332 7 INFO neutron_taas.services.taas.taas_plugin [None req-e5de4ea9-e40d-45bc-b1e1-23bfab8f4d54 972a36b260e84a6eaa170204dc470ae8 6ff9f7bb5a5d43fdb85829134d3703c8 - - default default] TaaS: Handle Delete Port: 972bfd3f-de48-45bf-9c1b-25d540baeb86
2026-02-25 18:23:43.336 7 INFO neutron_taas.services.taas.tap_mirror_plugin [None req-e5de4ea9-e40d-45bc-b1e1-23bfab8f4d54 972a36b260e84a6eaa170204dc470ae8 6ff9f7bb5a5d43fdb85829134d3703c8 - - default default] Tap Mirror: Handle Delete Port: 972bfd3f-de48-45bf-9c1b-25d540baeb86 [pid: 8|app: 0|req: 779/1374] 10.0.0.65 () {34 vars in 1039 bytes} [Wed Feb 25 18:23:43 2026] GET /v2.0/security-groups?id=e9773144-db4f-42d7-96ab-31e08ba80d7e&fields=id&fields=name => generated 88 bytes in 28 msecs (HTTP/1.1 200) 4 headers in 156 bytes (1 switches on core 0) [pid: 7|app: 0|req: 596/1375] 10.0.0.147 () {32 vars in 720 bytes} [Wed Feb 25 18:23:43 2026] DELETE /v2.0/ports/972bfd3f-de48-45bf-9c1b-25d540baeb86 => generated 0 bytes in 302 msecs (HTTP/1.1 204) 3 headers in 131 bytes (1 switches on core 0)
2026-02-25 18:23:43.602 8 INFO neutron_taas.services.taas.taas_plugin [None req-176c0a90-78b7-4abc-b719-e134580409a6 972a36b260e84a6eaa170204dc470ae8 6ff9f7bb5a5d43fdb85829134d3703c8 - - default default] TaaS: Handle Delete Port: 01aef6fc-3623-4fca-9c60-e00e43b2aaf5
2026-02-25 18:23:43.605 8 INFO neutron_taas.services.taas.tap_mirror_plugin [None req-176c0a90-78b7-4abc-b719-e134580409a6 972a36b260e84a6eaa170204dc470ae8 6ff9f7bb5a5d43fdb85829134d3703c8 - - default default] Tap Mirror: Handle Delete Port: 01aef6fc-3623-4fca-9c60-e00e43b2aaf5 [pid: 8|app: 0|req: 780/1376] 10.0.0.147 () {32 vars in 720 bytes} [Wed Feb 25 18:23:43 2026] DELETE /v2.0/ports/01aef6fc-3623-4fca-9c60-e00e43b2aaf5 => generated 0 bytes in 257 msecs (HTTP/1.1 204) 3 headers in 131 bytes (1 switches on core 0) [pid: 7|app: 0|req: 597/1377] 10.0.0.147 () {32 vars in 643 bytes} [Wed Feb 25 18:23:43 2026] GET /v2.0/ports => generated 1523 bytes in 90 msecs (HTTP/1.1 200) 4 headers in 158 bytes (1 switches on core 0)
2026-02-25 18:23:43.939 8 INFO neutron.db.segments_db [None req-8a238856-0cac-4467-95e2-5fbf3fbc2a4f 972a36b260e84a6eaa170204dc470ae8 6ff9f7bb5a5d43fdb85829134d3703c8 - - default default] Added segment 97077f92-1d7b-4c3c-abe4-e396564c1b54 of type geneve for network 6c306e69-b919-4d46-bf74-64bc5d08dd0d
2026-02-25 18:23:44.077 8 INFO neutron.db.ovn_revision_numbers_db [None req-8a238856-0cac-4467-95e2-5fbf3fbc2a4f 972a36b260e84a6eaa170204dc470ae8 6ff9f7bb5a5d43fdb85829134d3703c8 - - default default] Successfully bumped revision number for resource 6c306e69-b919-4d46-bf74-64bc5d08dd0d (type: networks) to 1
2026-02-25 18:23:44.230 8 WARNING neutron.scheduler.dhcp_agent_scheduler [None req-8a238856-0cac-4467-95e2-5fbf3fbc2a4f 972a36b260e84a6eaa170204dc470ae8 6ff9f7bb5a5d43fdb85829134d3703c8 - - default default] No more DHCP agents
2026-02-25 18:23:44.231 8 WARNING neutron.api.rpc.agentnotifiers.dhcp_rpc_agent_api [None req-8a238856-0cac-4467-95e2-5fbf3fbc2a4f 972a36b260e84a6eaa170204dc470ae8 6ff9f7bb5a5d43fdb85829134d3703c8 - - default default] Unable to schedule network 6c306e69-b919-4d46-bf74-64bc5d08dd0d: no agents available; will retry on subsequent port and subnet creation events.
2026-02-25 18:23:44.335 8 INFO neutron.db.ovn_revision_numbers_db [None req-8a238856-0cac-4467-95e2-5fbf3fbc2a4f 972a36b260e84a6eaa170204dc470ae8 6ff9f7bb5a5d43fdb85829134d3703c8 - - default default] Successfully bumped revision number for resource 87b922f8-cac0-401b-9cb4-2f90a9e5cd9b (type: ports) to 1 [pid: 8|app: 0|req: 781/1378] 10.0.0.147 () {34 vars in 670 bytes} [Wed Feb 25 18:23:43 2026] POST /v2.0/networks => generated 668 bytes in 498 msecs (HTTP/1.1 201) 4 headers in 162 bytes (1 switches on core 0)
2026-02-25 18:23:44.438 8 INFO neutron.db.segments_db [None req-8cadc157-3779-4d92-96ed-7def98445eda 972a36b260e84a6eaa170204dc470ae8 6ff9f7bb5a5d43fdb85829134d3703c8 - - default default] Added segment 559a952d-dd6c-4380-9604-2d6285114678 of type geneve for network 44e14efb-ac1c-4936-b8fb-70864a16dbc5
2026-02-25 18:23:44.571 7 INFO neutron.db.ovn_revision_numbers_db [None req-b65e0ee9-eed4-4a03-9484-97512276ca1b bf0d2f50891444bd98d5964c689e05af babc0f63473e4a78bd24ae26e8a5c9b8 - - default default] Successfully bumped revision number for resource 69fc004d-eb57-4b68-bd4a-8da0f8fca914 (type: security_groups) to 1
2026-02-25 18:23:44.590 8 INFO neutron.db.ovn_revision_numbers_db [None req-8cadc157-3779-4d92-96ed-7def98445eda 972a36b260e84a6eaa170204dc470ae8 6ff9f7bb5a5d43fdb85829134d3703c8 - - default default] Successfully bumped revision number for resource 44e14efb-ac1c-4936-b8fb-70864a16dbc5 (type: networks) to 1
2026-02-25 18:23:44.593 7 INFO neutron.db.ovn_revision_numbers_db [None req-b65e0ee9-eed4-4a03-9484-97512276ca1b bf0d2f50891444bd98d5964c689e05af babc0f63473e4a78bd24ae26e8a5c9b8 - - default default] Successfully bumped revision number for resource 2e1cd864-6519-47d0-988a-1386693d73d6 (type: security_group_rules) to 0
2026-02-25 18:23:44.604 7 INFO neutron.db.ovn_revision_numbers_db [None req-b65e0ee9-eed4-4a03-9484-97512276ca1b bf0d2f50891444bd98d5964c689e05af babc0f63473e4a78bd24ae26e8a5c9b8 - - default default] Successfully bumped revision number for resource ba5551a2-3c78-4b85-aca5-35aea5ba28d9 (type: security_group_rules) to 0
2026-02-25 18:23:44.616 7 INFO neutron.db.ovn_revision_numbers_db [None req-b65e0ee9-eed4-4a03-9484-97512276ca1b bf0d2f50891444bd98d5964c689e05af babc0f63473e4a78bd24ae26e8a5c9b8 - - default default] Successfully bumped revision number for resource cd5cb3fe-7275-46ee-a1b4-d0e305aba663 (type: security_group_rules) to 0
2026-02-25 18:23:44.627 7 INFO neutron.db.ovn_revision_numbers_db [None req-b65e0ee9-eed4-4a03-9484-97512276ca1b bf0d2f50891444bd98d5964c689e05af babc0f63473e4a78bd24ae26e8a5c9b8 - - default default] Successfully bumped revision number for resource e7b0026e-c314-48b9-a405-aea437853daa (type: security_group_rules) to 0 [pid: 7|app: 0|req: 598/1379] 10.0.0.147 () {32 vars in 774 bytes} [Wed Feb 25 18:23:44 2026] GET /v2.0/security-groups?tenant_id=1d349b1948e64938bdb3b4cb91537a3b&name=default => generated 2925 bytes in 379 msecs (HTTP/1.1 200) 4 headers in 158 bytes (1 switches on core 0) [pid: 7|app: 0|req: 599/1380] 10.0.0.65 () {34 vars in 989 bytes} [Wed Feb 25 18:23:44 2026] GET /v2.0/ports?device_id=b496be8e-584b-462a-ad9c-2429d9062ccf => generated 969 bytes in 66 msecs (HTTP/1.1 200) 4 headers in 157 bytes (1 switches on core 0)
2026-02-25 18:23:44.743 8 WARNING neutron.scheduler.dhcp_agent_scheduler [None req-8cadc157-3779-4d92-96ed-7def98445eda 972a36b260e84a6eaa170204dc470ae8 6ff9f7bb5a5d43fdb85829134d3703c8 - - default default] No more DHCP agents
2026-02-25 18:23:44.745 8 WARNING neutron.api.rpc.agentnotifiers.dhcp_rpc_agent_api [None req-8cadc157-3779-4d92-96ed-7def98445eda 972a36b260e84a6eaa170204dc470ae8 6ff9f7bb5a5d43fdb85829134d3703c8 - - default default] Unable to schedule network 44e14efb-ac1c-4936-b8fb-70864a16dbc5: no agents available; will retry on subsequent port and subnet creation events.
2026-02-25 18:23:44.850 8 INFO neutron.db.ovn_revision_numbers_db [None req-8cadc157-3779-4d92-96ed-7def98445eda 972a36b260e84a6eaa170204dc470ae8 6ff9f7bb5a5d43fdb85829134d3703c8 - - default default] Successfully bumped revision number for resource ed3ca291-58f8-42be-b6bf-21e2f60bffc7 (type: ports) to 1 [pid: 8|app: 0|req: 782/1381] 10.0.0.147 () {34 vars in 670 bytes} [Wed Feb 25 18:23:44 2026] POST /v2.0/networks => generated 668 bytes in 515 msecs (HTTP/1.1 201) 4 headers in 162 bytes (1 switches on core 0) [pid: 8|app: 0|req: 783/1382] 10.0.0.65 () {34 vars in 1039 bytes} [Wed Feb 25 18:23:44 2026] GET /v2.0/security-groups?id=e9773144-db4f-42d7-96ab-31e08ba80d7e&fields=id&fields=name => generated 88 bytes in 25 msecs (HTTP/1.1 200) 4 headers in 156 bytes (1 switches on core 0) [pid: 7|app: 0|req: 600/1383] 10.0.0.147 () {32 vars in 740 bytes} [Wed Feb 25 18:23:44 2026] DELETE /v2.0/security-groups/69fc004d-eb57-4b68-bd4a-8da0f8fca914 => generated 0 bytes in 337 msecs (HTTP/1.1 204) 2 headers in 112 bytes (1 switches on core 0)
2026-02-25 18:23:45.303 8 WARNING neutron.scheduler.dhcp_agent_scheduler [None req-ca1e2c19-250b-40dd-8619-b381324b7a75 972a36b260e84a6eaa170204dc470ae8 6ff9f7bb5a5d43fdb85829134d3703c8 - - default default] No more DHCP agents
2026-02-25 18:23:45.304 8 WARNING neutron.api.rpc.agentnotifiers.dhcp_rpc_agent_api [None req-ca1e2c19-250b-40dd-8619-b381324b7a75 972a36b260e84a6eaa170204dc470ae8 6ff9f7bb5a5d43fdb85829134d3703c8 - - default default] Unable to schedule network 6c306e69-b919-4d46-bf74-64bc5d08dd0d: no agents available; will retry on subsequent port and subnet creation events.
2026-02-25 18:23:45.723 8 INFO neutron.db.ovn_revision_numbers_db [None req-0abc60f8-3b89-4f11-aa9e-53c22927a68e - - - - - -] Successfully bumped revision number for resource 87b922f8-cac0-401b-9cb4-2f90a9e5cd9b (type: ports) to 2
2026-02-25 18:23:45.751 8 INFO neutron.db.ovn_revision_numbers_db [None req-0abc60f8-3b89-4f11-aa9e-53c22927a68e - - - - - -] Successfully bumped revision number for resource 185e08fe-af85-44df-a9c3-a8c8e7a68c9d (type: subnets) to 0
2026-02-25 18:23:45.779 8 WARNING neutron.scheduler.dhcp_agent_scheduler [None req-ca1e2c19-250b-40dd-8619-b381324b7a75 972a36b260e84a6eaa170204dc470ae8 6ff9f7bb5a5d43fdb85829134d3703c8 - - default default] No more DHCP agents
2026-02-25 18:23:45.780 8 WARNING neutron.api.rpc.agentnotifiers.dhcp_rpc_agent_api [None req-ca1e2c19-250b-40dd-8619-b381324b7a75 972a36b260e84a6eaa170204dc470ae8 6ff9f7bb5a5d43fdb85829134d3703c8 - - default default] Unable to schedule network 44e14efb-ac1c-4936-b8fb-70864a16dbc5: no agents available; will retry on subsequent port and subnet creation events. [pid: 7|app: 0|req: 601/1384] 10.0.0.65 () {34 vars in 989 bytes} [Wed Feb 25 18:23:45 2026] GET /v2.0/ports?device_id=b496be8e-584b-462a-ad9c-2429d9062ccf => generated 969 bytes in 38 msecs (HTTP/1.1 200) 4 headers in 157 bytes (1 switches on core 0) [pid: 7|app: 0|req: 602/1385] 10.0.0.65 () {34 vars in 1039 bytes} [Wed Feb 25 18:23:46 2026] GET /v2.0/security-groups?id=e9773144-db4f-42d7-96ab-31e08ba80d7e&fields=id&fields=name => generated 88 bytes in 30 msecs (HTTP/1.1 200) 4 headers in 156 bytes (1 switches on core 0)
2026-02-25 18:23:46.172 8 INFO neutron.db.ovn_revision_numbers_db [None req-6d9beac7-4202-4ace-9688-f205df10b1db - - - - - -] Successfully bumped revision number for resource ed3ca291-58f8-42be-b6bf-21e2f60bffc7 (type: ports) to 2
2026-02-25 18:23:46.196 8 INFO neutron.db.ovn_revision_numbers_db [None req-6d9beac7-4202-4ace-9688-f205df10b1db - - - - - -] Successfully bumped revision number for resource a2dabd90-60ba-4b0a-a871-d54d7342788a (type: subnets) to 0 [pid: 8|app: 0|req: 784/1386] 10.0.0.147 () {34 vars in 669 bytes} [Wed Feb 25 18:23:44 2026] POST /v2.0/subnets => generated 1272 bytes in 1305 msecs (HTTP/1.1 201) 4 headers in 163 bytes (1 switches on core 0) [pid: 7|app: 0|req: 603/1387] 10.0.0.147 () {32 vars in 647 bytes} [Wed Feb 25 18:23:46 2026] GET /v2.0/subnets => generated 1908 bytes in 45 msecs (HTTP/1.1 200) 4 headers in 158 bytes (1 switches on core 0) [pid: 8|app: 0|req: 785/1388] 10.0.0.147 () {32 vars in 724 bytes} [Wed Feb 25 18:23:46 2026] DELETE /v2.0/subnets/185e08fe-af85-44df-a9c3-a8c8e7a68c9d => generated 0 bytes in 165 msecs (HTTP/1.1 204) 3 headers in 131 bytes (1 switches on core 0) [pid: 7|app: 0|req: 604/1389] 10.0.0.147 () {32 vars in 724 bytes} [Wed Feb 25 18:23:46 2026] DELETE /v2.0/subnets/a2dabd90-60ba-4b0a-a871-d54d7342788a => generated 0 bytes in 135 msecs (HTTP/1.1 204) 3 headers in 131 bytes (1 switches on core 0) [pid: 8|app: 0|req: 786/1390] 10.0.0.147 () {32 vars in 647 bytes} [Wed Feb 25 18:23:46 2026] GET /v2.0/subnets => generated 649 bytes in 46 msecs (HTTP/1.1 200) 4 headers in 157 bytes (1 switches on core 0)
2026-02-25 18:23:46.751 7 INFO neutron_taas.services.taas.taas_plugin [None req-76037e46-7461-4b9d-a44b-f28a577cef60 972a36b260e84a6eaa170204dc470ae8 6ff9f7bb5a5d43fdb85829134d3703c8 - - default default] TaaS: Handle Delete Port: ed3ca291-58f8-42be-b6bf-21e2f60bffc7
2026-02-25 18:23:46.754 7 INFO neutron_taas.services.taas.tap_mirror_plugin [None req-76037e46-7461-4b9d-a44b-f28a577cef60 972a36b260e84a6eaa170204dc470ae8 6ff9f7bb5a5d43fdb85829134d3703c8 - - default default] Tap Mirror: Handle Delete Port: ed3ca291-58f8-42be-b6bf-21e2f60bffc7
2026-02-25 18:23:46.944 7 INFO neutron.services.segments.plugin [-] Segment 559a952d-dd6c-4380-9604-2d6285114678 resource provider aggregate not found
2026-02-25 18:23:46.952 7 INFO neutron.services.segments.plugin [-] Segment 559a952d-dd6c-4380-9604-2d6285114678 resource provider aggregate not found
2026-02-25 18:23:46.968 7 INFO neutron.services.segments.plugin [-] Segment 559a952d-dd6c-4380-9604-2d6285114678 resource provider not found; error: Placement Client Error (4xx): {"errors": [{"status": 404, "title": "Not Found", "detail": "The resource could not be found.\n\n No resource provider with uuid 559a952d-dd6c-4380-9604-2d6285114678 found for delete ", "request_id": "req-c18b696b-5567-4dd5-8345-b8b305ed9a3a"}]}
2026-02-25 18:23:46.972 7 INFO neutron.services.segments.plugin [-] Segment 559a952d-dd6c-4380-9604-2d6285114678 resource provider not found; error: Placement Client Error (4xx): {"errors": [{"status": 404, "title": "Not Found", "detail": "The resource could not be found.\n\n No resource provider with uuid 559a952d-dd6c-4380-9604-2d6285114678 found for delete ", "request_id": "req-6a572645-7af1-4697-b19b-05d2fdb8c043"}]}
2026-02-25 18:23:46.998 8 INFO neutron.db.ovn_revision_numbers_db [None req-536a3e86-652c-4c51-93af-2814a55691ef f68c167612ca49559c6071ba393bf07b 3ccf86648516498181b5b621a779d55d - - default default] Successfully bumped revision number for resource dc586fb1-764b-483e-912b-1a0e58797b42 (type: security_groups) to 1
2026-02-25 18:23:47.009 8 INFO neutron.db.ovn_revision_numbers_db [None req-536a3e86-652c-4c51-93af-2814a55691ef f68c167612ca49559c6071ba393bf07b 3ccf86648516498181b5b621a779d55d - - default default] Successfully bumped revision number for resource 2710479e-c2c1-4d3f-83b0-40cbe3c075d6 (type: security_group_rules) to 0
2026-02-25 18:23:47.028 8 INFO neutron.db.ovn_revision_numbers_db [None req-536a3e86-652c-4c51-93af-2814a55691ef f68c167612ca49559c6071ba393bf07b 3ccf86648516498181b5b621a779d55d - - default default] Successfully bumped revision number for resource 2a2eaebf-36b4-4b36-9851-708ad8ab110b (type: security_group_rules) to 0 [pid: 7|app: 0|req: 605/1391] 10.0.0.147 () {32 vars in 726 bytes} [Wed Feb 25 18:23:46 2026] DELETE /v2.0/networks/44e14efb-ac1c-4936-b8fb-70864a16dbc5 => generated 0 bytes in 410 msecs (HTTP/1.1 204) 3 headers in 131 bytes (1 switches on core 0)
2026-02-25 18:23:47.050 8 INFO neutron.db.ovn_revision_numbers_db [None req-536a3e86-652c-4c51-93af-2814a55691ef f68c167612ca49559c6071ba393bf07b 3ccf86648516498181b5b621a779d55d - - default default] Successfully bumped revision number for resource fa20abe5-eff3-447c-99f0-89fefa7cdcbb (type: security_group_rules) to 0
2026-02-25 18:23:47.062 8 INFO neutron.db.ovn_revision_numbers_db [None req-536a3e86-652c-4c51-93af-2814a55691ef f68c167612ca49559c6071ba393bf07b 3ccf86648516498181b5b621a779d55d - - default default] Successfully bumped revision number for resource fa91137c-5560-49ab-a8eb-729047ff6858 (type: security_group_rules) to 0
2026-02-25 18:23:47.151 8 INFO neutron.db.segments_db [None req-536a3e86-652c-4c51-93af-2814a55691ef f68c167612ca49559c6071ba393bf07b 3ccf86648516498181b5b621a779d55d - - default default] Added segment cdc05334-2dd3-48a6-b1bb-e1805926f73a of type geneve for network a8c84b3d-4cfd-4975-ad02-8a4b68caba3f
2026-02-25 18:23:47.153 7 WARNING neutron.plugins.ml2.drivers.ovn.mech_driver.ovsdb.ovn_client [None req-689168cb-6326-402f-b750-81606f77e7b6 - - - - - -] No hosting information found for port ff6f25c6-9dc4-4a9c-994d-4a926d37245b: RuntimeError: No hosting information found for port ff6f25c6-9dc4-4a9c-994d-4a926d37245b
2026-02-25 18:23:47.202 7 INFO neutron_taas.services.taas.taas_plugin [None req-b1a1b53d-76fe-4185-bbab-277ee0ae48bc 972a36b260e84a6eaa170204dc470ae8 6ff9f7bb5a5d43fdb85829134d3703c8 - - default default] TaaS: Handle Delete Port: 87b922f8-cac0-401b-9cb4-2f90a9e5cd9b
2026-02-25 18:23:47.208 7 INFO neutron_taas.services.taas.tap_mirror_plugin [None req-b1a1b53d-76fe-4185-bbab-277ee0ae48bc 972a36b260e84a6eaa170204dc470ae8 6ff9f7bb5a5d43fdb85829134d3703c8 - - default default] Tap Mirror: Handle Delete Port: 87b922f8-cac0-401b-9cb4-2f90a9e5cd9b
2026-02-25 18:23:47.270 8 INFO neutron.db.ovn_revision_numbers_db [None req-536a3e86-652c-4c51-93af-2814a55691ef f68c167612ca49559c6071ba393bf07b 3ccf86648516498181b5b621a779d55d - - default default] Successfully bumped revision number for resource a8c84b3d-4cfd-4975-ad02-8a4b68caba3f (type: networks) to 1
2026-02-25 18:23:47.348 7 INFO neutron.db.ovn_revision_numbers_db [None req-689168cb-6326-402f-b750-81606f77e7b6 - - - - - -] Successfully bumped revision number for resource ff6f25c6-9dc4-4a9c-994d-4a926d37245b (type: router_ports) to 2
2026-02-25 18:23:47.349 7 INFO neutron.plugins.ml2.drivers.ovn.mech_driver.mech_driver [None req-689168cb-6326-402f-b750-81606f77e7b6 - - - - - -] OVN reports status down for port: 7a4e37a0-2556-4a90-b115-f8ac2a357735
2026-02-25 18:23:47.495 8 WARNING neutron.scheduler.dhcp_agent_scheduler [None req-536a3e86-652c-4c51-93af-2814a55691ef f68c167612ca49559c6071ba393bf07b 3ccf86648516498181b5b621a779d55d - - default default] No more DHCP agents
2026-02-25 18:23:47.496 8 WARNING neutron.api.rpc.agentnotifiers.dhcp_rpc_agent_api [None req-536a3e86-652c-4c51-93af-2814a55691ef f68c167612ca49559c6071ba393bf07b 3ccf86648516498181b5b621a779d55d - - default default] Unable to schedule network a8c84b3d-4cfd-4975-ad02-8a4b68caba3f: no agents available; will retry on subsequent port and subnet creation events.
2026-02-25 18:23:47.617 8 INFO neutron.db.ovn_revision_numbers_db [None req-536a3e86-652c-4c51-93af-2814a55691ef f68c167612ca49559c6071ba393bf07b 3ccf86648516498181b5b621a779d55d - - default default] Successfully bumped revision number for resource 51efc306-2096-45f5-86a0-62ff91db3ae3 (type: ports) to 1 [pid: 8|app: 0|req: 787/1392] 10.0.0.147 () {34 vars in 670 bytes} [Wed Feb 25 18:23:46 2026] POST /v2.0/networks => generated 666 bytes in 997 msecs (HTTP/1.1 201) 4 headers in 162 bytes (1 switches on core 0) [pid: 8|app: 0|req: 788/1393] 10.0.0.65 () {34 vars in 989 bytes} [Wed Feb 25 18:23:47 2026] GET /v2.0/ports?device_id=b496be8e-584b-462a-ad9c-2429d9062ccf => generated 969 bytes in 37 msecs (HTTP/1.1 200) 4 headers in 157 bytes (1 switches on core 0) [pid: 8|app: 0|req: 789/1394] 10.0.0.65 () {34 vars in 1039 bytes} [Wed Feb 25 18:23:47 2026] GET /v2.0/security-groups?id=e9773144-db4f-42d7-96ab-31e08ba80d7e&fields=id&fields=name => generated 88 bytes in 28 msecs (HTTP/1.1 200) 4 headers in 156 bytes (1 switches on core 0)
2026-02-25 18:23:47.780 7 INFO neutron.plugins.ml2.drivers.ovn.mech_driver.mech_driver [None req-689168cb-6326-402f-b750-81606f77e7b6 - - - - - -] OVN reports status up for port: 49d42ec4-ba79-477e-a3b6-fc28a1c59cd9
2026-02-25 18:23:47.800 7 INFO neutron.plugins.ml2.plugin [None req-689168cb-6326-402f-b750-81606f77e7b6 - - - - - -] Attempt 1 to provision port 49d42ec4-ba79-477e-a3b6-fc28a1c59cd9 [pid: 8|app: 0|req: 790/1395] 10.0.0.65 () {34 vars in 989 bytes} [Wed Feb 25 18:23:47 2026] GET /v2.0/ports?device_id=3cd6d4e2-4065-4c7c-94a4-f2720a9410e8 => generated 1194 bytes in 113 msecs (HTTP/1.1 200) 4 headers in 158 bytes (1 switches on core 0) [pid: 7|app: 0|req: 606/1396] 10.0.0.147 () {32 vars in 726 bytes} [Wed Feb 25 18:23:47 2026] DELETE /v2.0/networks/6c306e69-b919-4d46-bf74-64bc5d08dd0d => generated 0 bytes in 808 msecs (HTTP/1.1 204) 3 headers in 131 bytes (1 switches on core 0) /var/lib/openstack/lib/python3.12/site-packages/pycadf/identifier.py:70: UserWarning: Invalid uuid: neutron. To ensure interoperability, identifiers should be a valid uuid. warnings.warn(('Invalid uuid: %s. To ensure interoperability, ' [pid: 8|app: 0|req: 791/1397] 10.0.0.65 () {34 vars in 1039 bytes} [Wed Feb 25 18:23:47 2026] GET /v2.0/security-groups?id=6a2a416f-9273-407e-85b4-34928def3ce9&fields=id&fields=name => generated 112 bytes in 31 msecs (HTTP/1.1 200) 4 headers in 157 bytes (1 switches on core 0)
2026-02-25 18:23:48.009 7 INFO neutron.notifiers.nova [-] Nova event matching ['req-d378e200-1287-452a-9dd9-39fda94e987a'] response: {'server_uuid': 'b496be8e-584b-462a-ad9c-2429d9062ccf', 'name': 'network-vif-plugged', 'status': 'completed', 'tag': '49d42ec4-ba79-477e-a3b6-fc28a1c59cd9', 'code': 200}
2026-02-25 18:23:48.099 7 INFO neutron_taas.services.taas.taas_plugin [None req-bb583975-5d0e-4163-9e32-f6ed882a1241 972a36b260e84a6eaa170204dc470ae8 6ff9f7bb5a5d43fdb85829134d3703c8 - - default default] TaaS: Handle Delete Port: ebe7f98c-e481-4cf9-928e-304223f41d9d
2026-02-25 18:23:48.104 7 INFO neutron_taas.services.taas.tap_mirror_plugin [None req-bb583975-5d0e-4163-9e32-f6ed882a1241 972a36b260e84a6eaa170204dc470ae8 6ff9f7bb5a5d43fdb85829134d3703c8 - - default default] Tap Mirror: Handle Delete Port: ebe7f98c-e481-4cf9-928e-304223f41d9d
2026-02-25 18:23:48.216 7 INFO neutron.db.ovn_revision_numbers_db [None req-689168cb-6326-402f-b750-81606f77e7b6 - - - - - -] Successfully bumped revision number for resource 49d42ec4-ba79-477e-a3b6-fc28a1c59cd9 (type: ports) to 5
2026-02-25 18:23:48.385 8 WARNING neutron.scheduler.dhcp_agent_scheduler [None req-38ac4cfc-3a05-41a7-8ac3-d756692f21fb f68c167612ca49559c6071ba393bf07b 3ccf86648516498181b5b621a779d55d - - default default] No more DHCP agents
2026-02-25 18:23:48.387 8 WARNING neutron.api.rpc.agentnotifiers.dhcp_rpc_agent_api [None req-38ac4cfc-3a05-41a7-8ac3-d756692f21fb f68c167612ca49559c6071ba393bf07b 3ccf86648516498181b5b621a779d55d - - default default] Unable to schedule network a8c84b3d-4cfd-4975-ad02-8a4b68caba3f: no agents available; will retry on subsequent port and subnet creation events.
2026-02-25 18:23:48.424 8 INFO neutron.db.ovn_revision_numbers_db [None req-38ac4cfc-3a05-41a7-8ac3-d756692f21fb f68c167612ca49559c6071ba393bf07b 3ccf86648516498181b5b621a779d55d - - default default] Successfully bumped revision number for resource f373a9fc-8d1f-4ebf-ac59-ca5de04373e7 (type: subnets) to 0
2026-02-25 18:23:48.439 7 INFO neutron.plugins.ml2.drivers.ovn.mech_driver.mech_driver [None req-7add3948-2558-4d2d-a416-32f8aad9a0a7 - - - - - -] OVN reports status down for port: 4288f71b-8913-41e5-b613-44128027b4fc [pid: 8|app: 0|req: 792/1398] 10.0.0.147 () {34 vars in 669 bytes} [Wed Feb 25 18:23:48 2026] POST /v2.0/subnets => generated 673 bytes in 344 msecs (HTTP/1.1 201) 4 headers in 162 bytes (1 switches on core 0)
2026-02-25 18:23:48.514 7 WARNING neutron.plugins.ml2.drivers.ovn.mech_driver.ovsdb.ovn_client [None req-7add3948-2558-4d2d-a416-32f8aad9a0a7 - - - - - -] Logical_Switch_Port %s host information not removed, the port state is up
2026-02-25 18:23:48.515 7 INFO neutron.plugins.ml2.drivers.ovn.mech_driver.mech_driver [None req-7add3948-2558-4d2d-a416-32f8aad9a0a7 - - - - - -] OVN reports status down for port: 6772f18f-c965-456d-bd74-7058ed654aca
2026-02-25 18:23:48.542 7 INFO neutron.plugins.ml2.drivers.ovn.mech_driver.mech_driver [None req-7add3948-2558-4d2d-a416-32f8aad9a0a7 - - - - - -] OVN reports status down for port: d585f9b6-4969-4b54-b72d-9fee0da3bce2
2026-02-25 18:23:48.553 7 INFO neutron.plugins.ml2.drivers.ovn.mech_driver.mech_driver [None req-7add3948-2558-4d2d-a416-32f8aad9a0a7 - - - - - -] OVN reports status down for port: f0f9c22f-65ee-411d-8b54-400b828e8218
2026-02-25 18:23:48.556 8 INFO neutron.db.segments_db [None req-7e64c6b7-ad26-4e33-87f5-57892e5f2784 f68c167612ca49559c6071ba393bf07b 3ccf86648516498181b5b621a779d55d - - default default] Added segment eb25f870-8f85-42e9-9532-4f4a110ebcaf of type geneve for network 0e343bba-b1cb-4fd8-b502-88571c478fbc [pid: 7|app: 0|req: 607/1399] 10.0.0.147 () {32 vars in 726 bytes} [Wed Feb 25 18:23:47 2026] DELETE /v2.0/networks/cb7c3fd3-2ce7-4f98-b03d-ed2e37d4ff10 => generated 0 bytes in 729 msecs (HTTP/1.1 204) 3 headers in 131 bytes (1 switches on core 0) /var/lib/openstack/lib/python3.12/site-packages/pycadf/identifier.py:70: UserWarning: Invalid uuid: neutron. To ensure interoperability, identifiers should be a valid uuid. warnings.warn(('Invalid uuid: %s. To ensure interoperability, '
2026-02-25 18:23:48.690 7 INFO neutron.plugins.ml2.drivers.ovn.mech_driver.mech_driver [None req-7add3948-2558-4d2d-a416-32f8aad9a0a7 - - - - - -] OVN reports status down for port: ebe7f98c-e481-4cf9-928e-304223f41d9d
2026-02-25 18:23:48.702 8 INFO neutron.db.ovn_revision_numbers_db [None req-7e64c6b7-ad26-4e33-87f5-57892e5f2784 f68c167612ca49559c6071ba393bf07b 3ccf86648516498181b5b621a779d55d - - default default] Successfully bumped revision number for resource 0e343bba-b1cb-4fd8-b502-88571c478fbc (type: networks) to 1
2026-02-25 18:23:48.757 7 INFO neutron.plugins.ml2.drivers.ovn.mech_driver.mech_driver [None req-7add3948-2558-4d2d-a416-32f8aad9a0a7 - - - - - -] OVN reports status up for port: 4288f71b-8913-41e5-b613-44128027b4fc
2026-02-25 18:23:48.772 7 INFO neutron.plugins.ml2.plugin [None req-7add3948-2558-4d2d-a416-32f8aad9a0a7 - - - - - -] Attempt 1 to provision port 4288f71b-8913-41e5-b613-44128027b4fc
2026-02-25 18:23:48.808 7 INFO neutron_taas.services.taas.taas_plugin [None req-7086586f-362a-4862-be1d-88bb5b88841b 972a36b260e84a6eaa170204dc470ae8 6ff9f7bb5a5d43fdb85829134d3703c8 - - default default] TaaS: Handle Delete Port: f0f9c22f-65ee-411d-8b54-400b828e8218
2026-02-25 18:23:48.813 7 INFO neutron_taas.services.taas.tap_mirror_plugin [None req-7086586f-362a-4862-be1d-88bb5b88841b 972a36b260e84a6eaa170204dc470ae8 6ff9f7bb5a5d43fdb85829134d3703c8 - - default default] Tap Mirror: Handle Delete Port: f0f9c22f-65ee-411d-8b54-400b828e8218
2026-02-25 18:23:48.868 8 WARNING neutron.scheduler.dhcp_agent_scheduler [None req-7e64c6b7-ad26-4e33-87f5-57892e5f2784 f68c167612ca49559c6071ba393bf07b 3ccf86648516498181b5b621a779d55d - - default default] No more DHCP agents
2026-02-25 18:23:48.869 8 WARNING neutron.api.rpc.agentnotifiers.dhcp_rpc_agent_api [None req-7e64c6b7-ad26-4e33-87f5-57892e5f2784 f68c167612ca49559c6071ba393bf07b 3ccf86648516498181b5b621a779d55d - - default default] Unable to schedule network 0e343bba-b1cb-4fd8-b502-88571c478fbc: no agents available; will retry on subsequent port and subnet creation events.
2026-02-25 18:23:48.980 8 INFO neutron.db.ovn_revision_numbers_db [None req-7e64c6b7-ad26-4e33-87f5-57892e5f2784 f68c167612ca49559c6071ba393bf07b 3ccf86648516498181b5b621a779d55d - - default default] Successfully bumped revision number for resource e49c8884-8e4e-4ac0-9346-047e8224917a (type: ports) to 1 [pid: 8|app: 0|req: 793/1400] 10.0.0.147 () {34 vars in 670 bytes} [Wed Feb 25 18:23:48 2026] POST /v2.0/networks => generated 666 bytes in 555 msecs (HTTP/1.1 201) 4 headers in 162 bytes (1 switches on core 0)
2026-02-25 18:23:49.007 7 INFO neutron.services.segments.plugin [-] Segment 97077f92-1d7b-4c3c-abe4-e396564c1b54 resource provider aggregate not found
2026-02-25 18:23:49.015 7 INFO neutron.services.segments.plugin [-] Segment 97077f92-1d7b-4c3c-abe4-e396564c1b54 resource provider aggregate not found
2026-02-25 18:23:49.041 7 INFO neutron.services.segments.plugin [-] Segment 97077f92-1d7b-4c3c-abe4-e396564c1b54 resource provider not found; error: Placement Client Error (4xx): {"errors": [{"status": 404, "title": "Not Found", "detail": "The resource could not be found.\n\n No resource provider with uuid 97077f92-1d7b-4c3c-abe4-e396564c1b54 found for delete ", "request_id": "req-e53f2de9-3885-4a8b-8d85-db53f9e04106"}]}
2026-02-25 18:23:49.053 7 INFO neutron.services.segments.plugin [-] Segment 97077f92-1d7b-4c3c-abe4-e396564c1b54 resource provider not found; error: Placement Client Error (4xx): {"errors": [{"status": 404, "title": "Not Found", "detail": "The resource could not be found.\n\n No resource provider with uuid 97077f92-1d7b-4c3c-abe4-e396564c1b54 found for delete ", "request_id": "req-b5993613-568a-4c2b-81e6-9244ef622196"}]}
2026-02-25 18:23:49.068 7 INFO neutron.services.segments.plugin [-] Segment 3b586dae-231f-4e87-9cd5-5cfdf478aa00 resource provider aggregate not found
2026-02-25 18:23:49.085 7 INFO neutron.services.segments.plugin [-] Segment 3b586dae-231f-4e87-9cd5-5cfdf478aa00 resource provider aggregate not found
2026-02-25 18:23:49.103 7 INFO neutron.services.segments.plugin [-] Segment 3b586dae-231f-4e87-9cd5-5cfdf478aa00 resource provider not found; error: Placement Client Error (4xx): {"errors": [{"status": 404, "title": "Not Found", "detail": "The resource could not be found.\n\n No resource provider with uuid 3b586dae-231f-4e87-9cd5-5cfdf478aa00 found for delete ", "request_id": "req-1279fee5-2fe5-4829-868a-d86fa30b8fba"}]}
2026-02-25 18:23:49.106 7 INFO neutron.services.segments.plugin [-] Segment 3b586dae-231f-4e87-9cd5-5cfdf478aa00 resource provider not found; error: Placement Client Error (4xx): {"errors": [{"status": 404, "title": "Not Found", "detail": "The resource could not be found.\n\n No resource provider with uuid 3b586dae-231f-4e87-9cd5-5cfdf478aa00 found for delete ", "request_id": "req-ac14dc05-e92b-4bce-abd1-e0f5b58e4c77"}]} [pid: 8|app: 0|req: 794/1401] 10.0.0.65 () {34 vars in 989 bytes} [Wed Feb 25 18:23:49 2026] GET /v2.0/ports?device_id=b496be8e-584b-462a-ad9c-2429d9062ccf => generated 971 bytes in 131 msecs (HTTP/1.1 200) 4 headers in 157 bytes (1 switches on core 0)
2026-02-25 18:23:49.290 8 INFO neutron.db.ovn_revision_numbers_db [None req-a3a689b0-f2e3-44a8-8e55-2564b05da133 f68c167612ca49559c6071ba393bf07b 3ccf86648516498181b5b621a779d55d - - default default] Successfully bumped revision number for resource 0e343bba-b1cb-4fd8-b502-88571c478fbc (type: networks) to 2 [pid: 8|app: 0|req: 795/1402] 10.0.0.147 () {34 vars in 743 bytes} [Wed Feb 25 18:23:49 2026] PUT /v2.0/networks/0e343bba-b1cb-4fd8-b502-88571c478fbc => generated 636 bytes in 168 msecs (HTTP/1.1 200) 4 headers in 157 bytes (1 switches on core 0) [pid: 7|app: 0|req: 608/1403] 10.0.0.147 () {32 vars in 726 bytes} [Wed Feb 25 18:23:48 2026] DELETE /v2.0/networks/25085186-8c8d-4c69-9442-4b0c2c2d6ed1 => generated 0 bytes in 763 msecs (HTTP/1.1 204) 3 headers in 131 bytes (1 switches on core 0) [pid: 8|app: 0|req: 796/1404] 10.0.0.65 () {34 vars in 1039 bytes} [Wed Feb 25 18:23:49 2026] GET /v2.0/security-groups?id=e9773144-db4f-42d7-96ab-31e08ba80d7e&fields=id&fields=name => generated 88 bytes in 60 msecs (HTTP/1.1 200) 4 headers in 156 bytes (1 switches on core 0)
2026-02-25 18:23:49.405 7 INFO neutron.db.ovn_revision_numbers_db [None req-7add3948-2558-4d2d-a416-32f8aad9a0a7 - - - - - -] Successfully bumped revision number for resource 4288f71b-8913-41e5-b613-44128027b4fc (type: ports) to 5
2026-02-25 18:23:49.583 7 INFO neutron.plugins.ml2.drivers.ovn.mech_driver.mech_driver [None req-0c2f8e3f-d401-40e7-9dff-90c0778e54cb - - - - - -] OVN reports status down for port: 972bfd3f-de48-45bf-9c1b-25d540baeb86
2026-02-25 18:23:49.611 7 INFO neutron.plugins.ml2.drivers.ovn.mech_driver.mech_driver [None req-0c2f8e3f-d401-40e7-9dff-90c0778e54cb - - - - - -] OVN reports status down for port: 01aef6fc-3623-4fca-9c60-e00e43b2aaf5
2026-02-25 18:23:49.625 7 INFO neutron.plugins.ml2.drivers.ovn.mech_driver.mech_driver [None req-0c2f8e3f-d401-40e7-9dff-90c0778e54cb - - - - - -] OVN reports status down for port: 87b922f8-cac0-401b-9cb4-2f90a9e5cd9b
2026-02-25 18:23:49.642 7 INFO neutron.plugins.ml2.drivers.ovn.mech_driver.mech_driver [None req-0c2f8e3f-d401-40e7-9dff-90c0778e54cb - - - - - -] OVN reports status down for port: ed3ca291-58f8-42be-b6bf-21e2f60bffc7
2026-02-25 18:23:49.659 7 INFO neutron.plugins.ml2.drivers.ovn.mech_driver.mech_driver [None req-0c2f8e3f-d401-40e7-9dff-90c0778e54cb - - - - - -] OVN reports status down for port: 51efc306-2096-45f5-86a0-62ff91db3ae3
2026-02-25 18:23:49.689 7 WARNING neutron.scheduler.dhcp_agent_scheduler [None req-b2766ade-e17b-4367-8a17-706594f87f2f f68c167612ca49559c6071ba393bf07b 3ccf86648516498181b5b621a779d55d - - default default] No more DHCP agents
2026-02-25 18:23:49.691 7 WARNING neutron.api.rpc.agentnotifiers.dhcp_rpc_agent_api [None req-b2766ade-e17b-4367-8a17-706594f87f2f f68c167612ca49559c6071ba393bf07b 3ccf86648516498181b5b621a779d55d - - default default] Unable to schedule network 0e343bba-b1cb-4fd8-b502-88571c478fbc: no agents available; will retry on subsequent port and subnet creation events.
2026-02-25 18:23:49.760 7 INFO neutron.db.ovn_revision_numbers_db [None req-b2766ade-e17b-4367-8a17-706594f87f2f f68c167612ca49559c6071ba393bf07b 3ccf86648516498181b5b621a779d55d - - default default] Successfully bumped revision number for resource 7058c12d-d70c-4b5e-aa38-9b6a8ba71fa9 (type: subnets) to 0
2026-02-25 18:23:49.767 7 INFO neutron.plugins.ml2.drivers.ovn.mech_driver.mech_driver [None req-0c2f8e3f-d401-40e7-9dff-90c0778e54cb - - - - - -] OVN reports status down for port: e49c8884-8e4e-4ac0-9346-047e8224917a [pid: 7|app: 0|req: 609/1405] 10.0.0.147 () {34 vars in 669 bytes} [Wed Feb 25 18:23:49 2026] POST /v2.0/subnets => generated 646 bytes in 431 msecs (HTTP/1.1 201) 4 headers in 162 bytes (1 switches on core 0) /var/lib/openstack/lib/python3.12/site-packages/pycadf/identifier.py:70: UserWarning: Invalid uuid: neutron. To ensure interoperability, identifiers should be a valid uuid. warnings.warn(('Invalid uuid: %s. To ensure interoperability, ' [pid: 7|app: 0|req: 610/1406] 10.0.0.147 () {32 vars in 774 bytes} [Wed Feb 25 18:23:49 2026] GET /v2.0/security-groups?tenant_id=6ff9f7bb5a5d43fdb85829134d3703c8&name=default => generated 2925 bytes in 123 msecs (HTTP/1.1 200) 4 headers in 158 bytes (1 switches on core 0)
2026-02-25 18:23:50.062 7 INFO neutron.notifiers.nova [-] Nova event matching ['req-d92d3d42-2222-49c4-a511-f0ac39d5f441'] response: {'server_uuid': 'b496be8e-584b-462a-ad9c-2429d9062ccf', 'name': 'network-vif-plugged', 'status': 'completed', 'tag': '49d42ec4-ba79-477e-a3b6-fc28a1c59cd9', 'code': 200}
2026-02-25 18:23:50.063 7 INFO neutron.notifiers.nova [-] Nova event matching ['req-d92d3d42-2222-49c4-a511-f0ac39d5f441'] response: {'server_uuid': '3cd6d4e2-4065-4c7c-94a4-f2720a9410e8', 'name': 'network-vif-unplugged', 'status': 'completed', 'tag': '4288f71b-8913-41e5-b613-44128027b4fc', 'code': 200}
2026-02-25 18:23:50.063 7 INFO neutron.notifiers.nova [-] Nova event matching ['req-d92d3d42-2222-49c4-a511-f0ac39d5f441'] response: {'server_uuid': '3cd6d4e2-4065-4c7c-94a4-f2720a9410e8', 'name': 'network-vif-plugged', 'status': 'completed', 'tag': '4288f71b-8913-41e5-b613-44128027b4fc', 'code': 200}
2026-02-25 18:23:50.063 7 INFO neutron.notifiers.nova [-] Nova event matching ['req-d92d3d42-2222-49c4-a511-f0ac39d5f441'] response: {'server_uuid': '3cd6d4e2-4065-4c7c-94a4-f2720a9410e8', 'name': 'network-vif-plugged', 'status': 'completed', 'tag': '4288f71b-8913-41e5-b613-44128027b4fc', 'code': 200} [pid: 7|app: 0|req: 611/1407] 10.0.0.147 () {32 vars in 740 bytes} [Wed Feb 25 18:23:49 2026] DELETE /v2.0/security-groups/20da1664-8785-4176-a65d-11f8c44aba21 => generated 0 bytes in 301 msecs (HTTP/1.1 204) 2 headers in 112 bytes (1 switches on core 0)
2026-02-25 18:23:50.451 8 INFO neutron.db.ovn_revision_numbers_db [None req-081f8a75-02da-490a-9c66-bc1026f7f6f4 - - - - - -] Successfully bumped revision number for resource e49c8884-8e4e-4ac0-9346-047e8224917a (type: ports) to 2
2026-02-25 18:23:50.515 8 INFO neutron.db.ovn_revision_numbers_db [None req-081f8a75-02da-490a-9c66-bc1026f7f6f4 - - - - - -] Successfully bumped revision number for resource 7058c12d-d70c-4b5e-aa38-9b6a8ba71fa9 (type: subnets) to 1 [pid: 8|app: 0|req: 797/1408] 10.0.0.147 () {34 vars in 741 bytes} [Wed Feb 25 18:23:49 2026] PUT /v2.0/subnets/7058c12d-d70c-4b5e-aa38-9b6a8ba71fa9 => generated 656 bytes in 722 msecs (HTTP/1.1 200) 4 headers in 157 bytes (1 switches on core 0) [pid: 7|app: 0|req: 612/1409] 10.0.0.65 () {34 vars in 989 bytes} [Wed Feb 25 18:23:50 2026] GET /v2.0/ports?device_id=b496be8e-584b-462a-ad9c-2429d9062ccf => generated 971 bytes in 76 msecs (HTTP/1.1 200) 4 headers in 157 bytes (1 switches on core 0) [pid: 7|app: 0|req: 613/1410] 10.0.0.65 () {34 vars in 1039 bytes} [Wed Feb 25 18:23:50 2026] GET /v2.0/security-groups?id=e9773144-db4f-42d7-96ab-31e08ba80d7e&fields=id&fields=name => generated 88 bytes in 42 msecs (HTTP/1.1 200) 4 headers in 156 bytes (1 switches on core 0)
2026-02-25 18:23:50.678 8 INFO neutron_taas.services.taas.taas_plugin [None req-d53c2cff-4421-45f9-96c2-028a009d4106 f68c167612ca49559c6071ba393bf07b 3ccf86648516498181b5b621a779d55d - - default default] TaaS: Handle Delete Port: e49c8884-8e4e-4ac0-9346-047e8224917a
2026-02-25 18:23:50.681 8 INFO neutron_taas.services.taas.tap_mirror_plugin [None req-d53c2cff-4421-45f9-96c2-028a009d4106 f68c167612ca49559c6071ba393bf07b 3ccf86648516498181b5b621a779d55d - - default default] Tap Mirror: Handle Delete Port: e49c8884-8e4e-4ac0-9346-047e8224917a [pid: 7|app: 0|req: 614/1411] 10.0.0.65 () {34 vars in 989 bytes} [Wed Feb 25 18:23:50 2026] GET /v2.0/ports?device_id=b496be8e-584b-462a-ad9c-2429d9062ccf => generated 971 bytes in 40 msecs (HTTP/1.1 200) 4 headers in 157 bytes (1 switches on core 0) [pid: 7|app: 0|req: 615/1412] 10.0.0.65 () {34 vars in 1039 bytes} [Wed Feb 25 18:23:50 2026] GET /v2.0/security-groups?id=e9773144-db4f-42d7-96ab-31e08ba80d7e&fields=id&fields=name => generated 88 bytes in 35 msecs (HTTP/1.1 200) 4 headers in 156 bytes (1 switches on core 0)
2026-02-25 18:23:51.021 8 INFO neutron.services.segments.plugin [-] Segment eb25f870-8f85-42e9-9532-4f4a110ebcaf resource provider aggregate not found
2026-02-25 18:23:51.028 8 INFO neutron.services.segments.plugin [-] Segment eb25f870-8f85-42e9-9532-4f4a110ebcaf resource provider aggregate not found
2026-02-25 18:23:51.042 8 INFO neutron.services.segments.plugin [-] Segment eb25f870-8f85-42e9-9532-4f4a110ebcaf resource provider not found; error: Placement Client Error (4xx): {"errors": [{"status": 404, "title": "Not Found", "detail": "The resource could not be found.\n\n No resource provider with uuid eb25f870-8f85-42e9-9532-4f4a110ebcaf found for delete ", "request_id": "req-4a041e03-c8c7-479a-9c33-86cadfaa4056"}]}
2026-02-25 18:23:51.044 8 INFO neutron.services.segments.plugin [-] Segment eb25f870-8f85-42e9-9532-4f4a110ebcaf resource provider not found; error: Placement Client Error (4xx): {"errors": [{"status": 404, "title": "Not Found", "detail": "The resource could not be found.\n\n No resource provider with uuid eb25f870-8f85-42e9-9532-4f4a110ebcaf found for delete ", "request_id": "req-f0eee824-36fb-46c7-a1c3-a173304c14bd"}]} [pid: 8|app: 0|req: 798/1413] 10.0.0.147 () {32 vars in 726 bytes} [Wed Feb 25 18:23:50 2026] DELETE /v2.0/networks/0e343bba-b1cb-4fd8-b502-88571c478fbc => generated 0 bytes in 569 msecs (HTTP/1.1 204) 3 headers in 131 bytes (1 switches on core 0)
2026-02-25 18:23:51.129 7 INFO neutron.services.segments.plugin [-] Segment 442f43e5-52f3-4655-b947-a17174d364e1 resource provider aggregate not found
2026-02-25 18:23:51.133 7 INFO neutron.services.segments.plugin [-] Segment 442f43e5-52f3-4655-b947-a17174d364e1 resource provider aggregate not found
2026-02-25 18:23:51.144 7 INFO neutron.pecan_wsgi.hooks.translation [None req-e6da17c3-fc29-408b-9bd0-b4369b2d25a2 f68c167612ca49559c6071ba393bf07b 3ccf86648516498181b5b621a779d55d - - default default] DELETE failed (client error): The resource could not be found. [pid: 7|app: 0|req: 616/1414] 10.0.0.147 () {32 vars in 726 bytes} [Wed Feb 25 18:23:51 2026] DELETE /v2.0/networks/0e343bba-b1cb-4fd8-b502-88571c478fbc => generated 138 bytes in 41 msecs (HTTP/1.1 404) 4 headers in 164 bytes (1 switches on core 0)
2026-02-25 18:23:51.156 7 INFO neutron.services.segments.plugin [-] Segment 442f43e5-52f3-4655-b947-a17174d364e1 resource provider not found; error: Placement Client Error (4xx): {"errors": [{"status": 404, "title": "Not Found", "detail": "The resource could not be found.\n\n No resource provider with uuid 442f43e5-52f3-4655-b947-a17174d364e1 found for delete ", "request_id": "req-6beb2783-d7d9-42b0-9219-e6f5f8c7df0f"}]}
2026-02-25 18:23:51.158 7 INFO neutron.services.segments.plugin [-] Segment 442f43e5-52f3-4655-b947-a17174d364e1 resource provider not found; error: Placement Client Error (4xx): {"errors": [{"status": 404, "title": "Not Found", "detail": "The resource could not be found.\n\n No resource provider with uuid 442f43e5-52f3-4655-b947-a17174d364e1 found for delete ", "request_id": "req-23b7f504-7546-4dcf-89c9-76d9451c2b65"}]} [pid: 8|app: 0|req: 799/1415] 10.0.0.147 () {32 vars in 694 bytes} [Wed Feb 25 18:23:51 2026] GET /v2.0/networks?router%3Aexternal=True => generated 689 bytes in 57 msecs (HTTP/1.1 200) 4 headers in 157 bytes (1 switches on core 0) [pid: 7|app: 0|req: 617/1416] 10.0.0.147 () {32 vars in 742 bytes} [Wed Feb 25 18:23:51 2026] GET /v2.0/subnets?network_id=b86e8524-856b-497f-8060-d3079e6657f9 => generated 649 bytes in 28 msecs (HTTP/1.1 200) 4 headers in 157 bytes (1 switches on core 0) [pid: 8|app: 0|req: 800/1417] 10.0.0.147 () {32 vars in 653 bytes} [Wed Feb 25 18:23:51 2026] GET /v2.0/extensions => generated 20541 bytes in 7 msecs (HTTP/1.1 200) 4 headers in 159 bytes (1 switches on core 0) [pid: 7|app: 0|req: 618/1418] 10.0.0.147 () {32 vars in 649 bytes} [Wed Feb 25 18:23:51 2026] GET /v2.0/networks => generated 1388 bytes in 51 msecs (HTTP/1.1 200) 4 headers in 158 bytes (1 switches on core 0) [pid: 8|app: 0|req: 801/1419] 10.0.0.147 () {32 vars in 647 bytes} [Wed Feb 25 18:23:51 2026] GET /v2.0/subnets => generated 1312 bytes in 29 msecs (HTTP/1.1 200) 4 headers in 158 bytes (1 switches on core 0) [pid: 7|app: 0|req: 619/1420] 10.0.0.147 () {32 vars in 723 bytes} [Wed Feb 25 18:23:51 2026] GET /v2.0/networks/a8c84b3d-4cfd-4975-ad02-8a4b68caba3f => generated 710 bytes in 39 msecs (HTTP/1.1 200) 4 headers in 157 bytes (1 switches on core 0) [pid: 8|app: 0|req: 802/1421] 10.0.0.147 () {32 vars in 721 bytes} [Wed Feb 25 18:23:51 2026] GET /v2.0/subnets/f373a9fc-8d1f-4ebf-ac59-ca5de04373e7 => generated 673 bytes in 29 msecs (HTTP/1.1 200) 4 headers in 157 bytes (1 switches on core 0)
2026-02-25 18:23:51.450 7 INFO neutron.pecan_wsgi.hooks.translation [None req-1b6a3038-67c1-4698-9abc-de9aec956fc8 f68c167612ca49559c6071ba393bf07b 3ccf86648516498181b5b621a779d55d - - default default] DELETE failed (client error): The resource could not be found. [pid: 7|app: 0|req: 620/1422] 10.0.0.147 () {32 vars in 724 bytes} [Wed Feb 25 18:23:51 2026] DELETE /v2.0/subnets/7058c12d-d70c-4b5e-aa38-9b6a8ba71fa9 => generated 136 bytes in 13 msecs (HTTP/1.1 404) 4 headers in 164 bytes (1 switches on core 0)
2026-02-25 18:23:51.468 8 INFO neutron.pecan_wsgi.hooks.translation [None req-b630555a-1367-4ec6-9f2b-07310fdd81a7 f68c167612ca49559c6071ba393bf07b 3ccf86648516498181b5b621a779d55d - - default default] DELETE failed (client error): The resource could not be found. [pid: 8|app: 0|req: 803/1423] 10.0.0.147 () {32 vars in 726 bytes} [Wed Feb 25 18:23:51 2026] DELETE /v2.0/networks/0e343bba-b1cb-4fd8-b502-88571c478fbc => generated 138 bytes in 15 msecs (HTTP/1.1 404) 4 headers in 164 bytes (1 switches on core 0) [pid: 7|app: 0|req: 621/1424] 10.0.0.147 () {32 vars in 724 bytes} [Wed Feb 25 18:23:51 2026] DELETE /v2.0/subnets/f373a9fc-8d1f-4ebf-ac59-ca5de04373e7 => generated 0 bytes in 152 msecs (HTTP/1.1 204) 3 headers in 131 bytes (1 switches on core 0)
2026-02-25 18:23:52.001 7 INFO neutron.plugins.ml2.drivers.ovn.mech_driver.mech_driver [None req-0c2f8e3f-d401-40e7-9dff-90c0778e54cb - - - - - -] OVN reports status down for port: 49d42ec4-ba79-477e-a3b6-fc28a1c59cd9
2026-02-25 18:23:52.156 7 INFO neutron.notifiers.nova [-] Nova event matching ['req-1d8cc1cc-9264-49da-9afe-b75bbd05e507'] response: {'server_uuid': 'b496be8e-584b-462a-ad9c-2429d9062ccf', 'name': 'network-vif-unplugged', 'status': 'completed', 'tag': '49d42ec4-ba79-477e-a3b6-fc28a1c59cd9', 'code': 200}
2026-02-25 18:23:52.335 8 INFO neutron_taas.services.taas.taas_plugin [None req-6f7787cf-ad13-4ec6-b10d-f19abbabe953 f68c167612ca49559c6071ba393bf07b 3ccf86648516498181b5b621a779d55d - - default default] TaaS: Handle Delete Port: 51efc306-2096-45f5-86a0-62ff91db3ae3
2026-02-25 18:23:52.338 8 INFO neutron_taas.services.taas.tap_mirror_plugin [None req-6f7787cf-ad13-4ec6-b10d-f19abbabe953 f68c167612ca49559c6071ba393bf07b 3ccf86648516498181b5b621a779d55d - - default default] Tap Mirror: Handle Delete Port: 51efc306-2096-45f5-86a0-62ff91db3ae3
2026-02-25 18:23:52.387 7 INFO neutron.db.ovn_revision_numbers_db [None req-0c2f8e3f-d401-40e7-9dff-90c0778e54cb - - - - - -] Successfully bumped revision number for resource 49d42ec4-ba79-477e-a3b6-fc28a1c59cd9 (type: ports) to 6
2026-02-25 18:23:52.606 7 INFO neutron.db.ovn_revision_numbers_db [None req-4c97eff1-d9d0-4e63-931a-ffa8a6af4cc1 2f71e2c8ccef45baa9cbf907f891838b b4ec43af0c9c46ffacfd301845b40891 - - default default] Successfully bumped revision number for resource 2e49f7b1-81e3-4480-9814-3b4a27978224 (type: security_groups) to 1
2026-02-25 18:23:52.625 7 INFO neutron.db.ovn_revision_numbers_db [None req-4c97eff1-d9d0-4e63-931a-ffa8a6af4cc1 2f71e2c8ccef45baa9cbf907f891838b b4ec43af0c9c46ffacfd301845b40891 - - default default] Successfully bumped revision number for resource 5a91211f-f7ee-4e9c-b742-281473c6fb18 (type: security_group_rules) to 0
2026-02-25 18:23:52.654 7 INFO neutron.db.ovn_revision_numbers_db [None req-4c97eff1-d9d0-4e63-931a-ffa8a6af4cc1 2f71e2c8ccef45baa9cbf907f891838b b4ec43af0c9c46ffacfd301845b40891 - - default default] Successfully bumped revision number for resource b77c6b4a-38ac-425c-a071-a9b09d9ab528 (type: security_group_rules) to 0
2026-02-25 18:23:52.669 7 INFO neutron.db.ovn_revision_numbers_db [None req-4c97eff1-d9d0-4e63-931a-ffa8a6af4cc1 2f71e2c8ccef45baa9cbf907f891838b b4ec43af0c9c46ffacfd301845b40891 - - default default] Successfully bumped revision number for resource dfa1061e-dcb5-4122-b12d-5de5b3b05725 (type: security_group_rules) to 0 [pid: 8|app: 0|req: 804/1425] 10.0.0.147 () {32 vars in 726 bytes} [Wed Feb 25 18:23:51 2026] DELETE /v2.0/networks/a8c84b3d-4cfd-4975-ad02-8a4b68caba3f => generated 0 bytes in 1047 msecs (HTTP/1.1 204) 3 headers in 131 bytes (1 switches on core 0)
2026-02-25 18:23:52.681 7 INFO neutron.db.ovn_revision_numbers_db [None req-4c97eff1-d9d0-4e63-931a-ffa8a6af4cc1 2f71e2c8ccef45baa9cbf907f891838b b4ec43af0c9c46ffacfd301845b40891 - - default default] Successfully bumped revision number for resource ee6d3030-dad2-4dfd-a620-4a1e90c3e816 (type: security_group_rules) to 0 [pid: 8|app: 0|req: 805/1426] 10.0.0.65 () {34 vars in 989 bytes} [Wed Feb 25 18:23:52 2026] GET /v2.0/ports?device_id=b496be8e-584b-462a-ad9c-2429d9062ccf => generated 969 bytes in 37 msecs (HTTP/1.1 200) 4 headers in 157 bytes (1 switches on core 0)
2026-02-25 18:23:52.767 7 INFO neutron.db.segments_db [None req-4c97eff1-d9d0-4e63-931a-ffa8a6af4cc1 2f71e2c8ccef45baa9cbf907f891838b b4ec43af0c9c46ffacfd301845b40891 - - default default] Added segment a54f05c9-b655-4b39-af01-36dc2d5685ba of type geneve for network a21ded39-1151-40ec-8a64-5ce05a870464 [pid: 8|app: 0|req: 806/1427] 10.0.0.65 () {34 vars in 1039 bytes} [Wed Feb 25 18:23:52 2026] GET /v2.0/security-groups?id=e9773144-db4f-42d7-96ab-31e08ba80d7e&fields=id&fields=name => generated 88 bytes in 50 msecs (HTTP/1.1 200) 4 headers in 156 bytes (1 switches on core 0)
2026-02-25 18:23:52.922 7 INFO neutron.db.ovn_revision_numbers_db [None req-4c97eff1-d9d0-4e63-931a-ffa8a6af4cc1 2f71e2c8ccef45baa9cbf907f891838b b4ec43af0c9c46ffacfd301845b40891 - - default default] Successfully bumped revision number for resource a21ded39-1151-40ec-8a64-5ce05a870464 (type: networks) to 1 [pid: 8|app: 0|req: 807/1428] 10.0.0.65 () {34 vars in 989 bytes} [Wed Feb 25 18:23:52 2026] GET /v2.0/ports?device_id=3cd6d4e2-4065-4c7c-94a4-f2720a9410e8 => generated 1196 bytes in 71 msecs (HTTP/1.1 200) 4 headers in 158 bytes (1 switches on core 0) [pid: 8|app: 0|req: 808/1429] 10.0.0.65 () {34 vars in 1039 bytes} [Wed Feb 25 18:23:53 2026] GET /v2.0/security-groups?id=6a2a416f-9273-407e-85b4-34928def3ce9&fields=id&fields=name => generated 112 bytes in 33 msecs (HTTP/1.1 200) 4 headers in 157 bytes (1 switches on core 0)
2026-02-25 18:23:53.067 8 INFO neutron.services.segments.plugin [-] Segment cdc05334-2dd3-48a6-b1bb-e1805926f73a resource provider aggregate not found
2026-02-25 18:23:53.071 8 INFO neutron.services.segments.plugin [-] Segment cdc05334-2dd3-48a6-b1bb-e1805926f73a resource provider aggregate not found
