Apr 02 14:45:38.294707 np0000163015 neutron-periodic-workers[103866]: DEBUG cotyledon.oslo_config_glue [-] ml2.type_drivers = ['local', 'flat', 'vlan', 'geneve'] {{(pid=103866) log_opt_values /opt/stack/data/venv/lib/python3.12/site-packages/oslo_config/cfg.py:3006}}
Apr 02 14:45:38.294707 np0000163015 neutron-periodic-workers[103866]: DEBUG cotyledon.oslo_config_glue [-] ml2_type_flat.flat_networks = ['public'] {{(pid=103866) log_opt_values /opt/stack/data/venv/lib/python3.12/site-packages/oslo_config/cfg.py:3006}}
Apr 02 14:45:38.294707 np0000163015 neutron-periodic-workers[103866]: DEBUG cotyledon.oslo_config_glue [-] ml2_type_geneve.max_header_size = 38 {{(pid=103866) log_opt_values /opt/stack/data/venv/lib/python3.12/site-packages/oslo_config/cfg.py:3006}}
Apr 02 14:45:38.294707 np0000163015 neutron-periodic-workers[103866]: DEBUG cotyledon.oslo_config_glue [-] ml2_type_geneve.vni_ranges = ['1:65536'] {{(pid=103866) log_opt_values /opt/stack/data/venv/lib/python3.12/site-packages/oslo_config/cfg.py:3006}}
Apr 02 14:45:38.294707 np0000163015 neutron-periodic-workers[103866]: DEBUG cotyledon.oslo_config_glue [-] ml2_type_vlan.network_vlan_ranges = ['public'] {{(pid=103866) log_opt_values /opt/stack/data/venv/lib/python3.12/site-packages/oslo_config/cfg.py:3006}}
Apr 02 14:45:38.294859 np0000163015 neutron-periodic-workers[103841]: DEBUG cotyledon.oslo_config_glue [-] ******************************************************************************** {{(pid=103841) log_opt_values /opt/stack/data/venv/lib/python3.12/site-packages/oslo_config/cfg.py:3013}}
Apr 02 14:45:38.294888 np0000163015 neutron-periodic-workers[103866]: DEBUG cotyledon.oslo_config_glue [-] network_log.burst_limit = 25 {{(pid=103866) log_opt_values /opt/stack/data/venv/lib/python3.12/site-packages/oslo_config/cfg.py:3006}}
Apr 02 14:45:38.294888 np0000163015 neutron-periodic-workers[103866]: DEBUG cotyledon.oslo_config_glue [-] network_log.local_output_log_base = None {{(pid=103866) log_opt_values /opt/stack/data/venv/lib/python3.12/site-packages/oslo_config/cfg.py:3006}}
Apr 02 14:45:38.294888 np0000163015 neutron-periodic-workers[103866]: DEBUG cotyledon.oslo_config_glue [-] network_log.rate_limit = 100 {{(pid=103866) log_opt_values /opt/stack/data/venv/lib/python3.12/site-packages/oslo_config/cfg.py:3006}}
Apr 02 14:45:38.294888 np0000163015 neutron-periodic-workers[103866]: DEBUG cotyledon.oslo_config_glue [-] database.asyncio_connection = **** {{(pid=103866) log_opt_values /opt/stack/data/venv/lib/python3.12/site-packages/oslo_config/cfg.py:3006}}
Apr 02 14:45:38.294888 np0000163015 neutron-periodic-workers[103866]: DEBUG cotyledon.oslo_config_glue [-] database.asyncio_slave_connection = **** {{(pid=103866) log_opt_values /opt/stack/data/venv/lib/python3.12/site-packages/oslo_config/cfg.py:3006}}
Apr 02 14:45:38.294888 np0000163015 neutron-periodic-workers[103866]: DEBUG cotyledon.oslo_config_glue [-] database.backend = sqlalchemy {{(pid=103866) log_opt_values /opt/stack/data/venv/lib/python3.12/site-packages/oslo_config/cfg.py:3006}}
Apr 02 14:45:38.294888 np0000163015 neutron-periodic-workers[103866]: DEBUG cotyledon.oslo_config_glue [-] database.connection = **** {{(pid=103866) log_opt_values /opt/stack/data/venv/lib/python3.12/site-packages/oslo_config/cfg.py:3006}}
Apr 02 14:45:38.294888 np0000163015 neutron-periodic-workers[103866]: DEBUG cotyledon.oslo_config_glue [-] database.connection_debug = 0 {{(pid=103866) log_opt_values /opt/stack/data/venv/lib/python3.12/site-packages/oslo_config/cfg.py:3006}}
Apr 02 14:45:38.294888 np0000163015 neutron-periodic-workers[103866]: DEBUG cotyledon.oslo_config_glue [-] database.connection_parameters = {{(pid=103866) log_opt_values /opt/stack/data/venv/lib/python3.12/site-packages/oslo_config/cfg.py:3006}}
Apr 02 14:45:38.295118 np0000163015 neutron-periodic-workers[103866]: DEBUG cotyledon.oslo_config_glue [-] database.connection_recycle_time = 3600 {{(pid=103866) log_opt_values /opt/stack/data/venv/lib/python3.12/site-packages/oslo_config/cfg.py:3006}}
Apr 02 14:45:38.295118 np0000163015 neutron-periodic-workers[103866]: DEBUG cotyledon.oslo_config_glue [-] database.connection_trace = False {{(pid=103866) log_opt_values /opt/stack/data/venv/lib/python3.12/site-packages/oslo_config/cfg.py:3006}}
Apr 02 14:45:38.295118 np0000163015 neutron-periodic-workers[103866]: DEBUG cotyledon.oslo_config_glue [-] database.db_inc_retry_interval = True {{(pid=103866) log_opt_values /opt/stack/data/venv/lib/python3.12/site-packages/oslo_config/cfg.py:3006}}
Apr 02 14:45:38.295118 np0000163015 neutron-periodic-workers[103866]: DEBUG cotyledon.oslo_config_glue [-] database.db_max_retries = 20 {{(pid=103866) log_opt_values /opt/stack/data/venv/lib/python3.12/site-packages/oslo_config/cfg.py:3006}}
Apr 02 14:45:38.295118 np0000163015 neutron-periodic-workers[103866]: DEBUG cotyledon.oslo_config_glue [-] database.db_max_retry_interval = 10 {{(pid=103866) log_opt_values /opt/stack/data/venv/lib/python3.12/site-packages/oslo_config/cfg.py:3006}}
Apr 02 14:45:38.295118 np0000163015 neutron-periodic-workers[103866]: DEBUG cotyledon.oslo_config_glue [-] database.db_retry_interval = 1 {{(pid=103866) log_opt_values /opt/stack/data/venv/lib/python3.12/site-packages/oslo_config/cfg.py:3006}}
Apr 02 14:45:38.295118 np0000163015 neutron-periodic-workers[103866]: DEBUG cotyledon.oslo_config_glue [-] database.max_overflow = 50 {{(pid=103866) log_opt_values /opt/stack/data/venv/lib/python3.12/site-packages/oslo_config/cfg.py:3006}}
Apr 02 14:45:38.295118 np0000163015 neutron-periodic-workers[103866]: DEBUG cotyledon.oslo_config_glue [-] database.max_pool_size = 5 {{(pid=103866) log_opt_values /opt/stack/data/venv/lib/python3.12/site-packages/oslo_config/cfg.py:3006}}
Apr 02 14:45:38.295420 np0000163015 neutron-periodic-workers[103841]: DEBUG cotyledon._service_worker [-] Run service ServiceWrapper(0) [103841] {{(pid=103841) wait_forever /opt/stack/data/venv/lib/python3.12/site-packages/cotyledon/_service_worker.py:218}}
Apr 02 14:45:38.295450 np0000163015 neutron-periodic-workers[103866]: DEBUG cotyledon.oslo_config_glue [-] database.max_retries = 10 {{(pid=103866) log_opt_values /opt/stack/data/venv/lib/python3.12/site-packages/oslo_config/cfg.py:3006}}
Apr 02 14:45:38.295450 np0000163015 neutron-periodic-workers[103866]: DEBUG cotyledon.oslo_config_glue [-] database.mysql_sql_mode = TRADITIONAL {{(pid=103866) log_opt_values /opt/stack/data/venv/lib/python3.12/site-packages/oslo_config/cfg.py:3006}}
Apr 02 14:45:38.295450 np0000163015 neutron-periodic-workers[103866]: DEBUG cotyledon.oslo_config_glue [-] database.mysql_wsrep_sync_wait = None {{(pid=103866) log_opt_values /opt/stack/data/venv/lib/python3.12/site-packages/oslo_config/cfg.py:3006}}
Apr 02 14:45:38.295450 np0000163015 neutron-periodic-workers[103866]: DEBUG cotyledon.oslo_config_glue [-] database.pool_timeout = None {{(pid=103866) log_opt_values /opt/stack/data/venv/lib/python3.12/site-packages/oslo_config/cfg.py:3006}}
Apr 02 14:45:38.295450 np0000163015 neutron-periodic-workers[103866]: DEBUG cotyledon.oslo_config_glue [-] database.retry_interval = 10 {{(pid=103866) log_opt_values /opt/stack/data/venv/lib/python3.12/site-packages/oslo_config/cfg.py:3006}}
Apr 02 14:45:38.295450 np0000163015 neutron-periodic-workers[103866]: DEBUG cotyledon.oslo_config_glue [-] database.slave_connection = **** {{(pid=103866) log_opt_values /opt/stack/data/venv/lib/python3.12/site-packages/oslo_config/cfg.py:3006}}
Apr 02 14:45:38.295450 np0000163015 neutron-periodic-workers[103866]: DEBUG cotyledon.oslo_config_glue [-] database.sqlite_synchronous = True {{(pid=103866) log_opt_values /opt/stack/data/venv/lib/python3.12/site-packages/oslo_config/cfg.py:3006}}
Apr 02 14:45:38.295450 np0000163015 neutron-periodic-workers[103866]: DEBUG cotyledon.oslo_config_glue [-] database.synchronous_reader = True {{(pid=103866) log_opt_values /opt/stack/data/venv/lib/python3.12/site-packages/oslo_config/cfg.py:3006}}
Apr 02 14:45:38.295450 np0000163015 neutron-periodic-workers[103866]: DEBUG cotyledon.oslo_config_glue [-] database.use_db_reconnect = False {{(pid=103866) log_opt_values /opt/stack/data/venv/lib/python3.12/site-packages/oslo_config/cfg.py:3006}}
Apr 02 14:45:38.295665 np0000163015 neutron-periodic-workers[103866]: DEBUG cotyledon.oslo_config_glue [-] ovn.bfd_min_rx = 1000 {{(pid=103866) log_opt_values /opt/stack/data/venv/lib/python3.12/site-packages/oslo_config/cfg.py:3006}}
Apr 02 14:45:38.295665 np0000163015 neutron-periodic-workers[103866]: DEBUG cotyledon.oslo_config_glue [-] ovn.bfd_min_tx = 100 {{(pid=103866) log_opt_values /opt/stack/data/venv/lib/python3.12/site-packages/oslo_config/cfg.py:3006}}
Apr 02 14:45:38.295665 np0000163015 neutron-periodic-workers[103866]: DEBUG cotyledon.oslo_config_glue [-] ovn.bfd_mult = 3 {{(pid=103866) log_opt_values /opt/stack/data/venv/lib/python3.12/site-packages/oslo_config/cfg.py:3006}}
Apr 02 14:45:38.295665 np0000163015 neutron-periodic-workers[103866]: DEBUG cotyledon.oslo_config_glue [-] ovn.broadcast_arps_to_all_routers = True {{(pid=103866) log_opt_values /opt/stack/data/venv/lib/python3.12/site-packages/oslo_config/cfg.py:3006}}
Apr 02 14:45:38.295665 np0000163015 neutron-periodic-workers[103866]: DEBUG cotyledon.oslo_config_glue [-] ovn.dhcp_default_lease_time = 43200 {{(pid=103866) log_opt_values /opt/stack/data/venv/lib/python3.12/site-packages/oslo_config/cfg.py:3006}}
Apr 02 14:45:38.295665 np0000163015 neutron-periodic-workers[103866]: DEBUG cotyledon.oslo_config_glue [-] ovn.disable_ovn_dhcp_for_baremetal_ports = False {{(pid=103866) log_opt_values /opt/stack/data/venv/lib/python3.12/site-packages/oslo_config/cfg.py:3006}}
Apr 02 14:45:38.295665 np0000163015 neutron-periodic-workers[103866]: DEBUG cotyledon.oslo_config_glue [-] ovn.dns_records_ovn_owned = False {{(pid=103866) log_opt_values /opt/stack/data/venv/lib/python3.12/site-packages/oslo_config/cfg.py:3006}}
Apr 02 14:45:38.295665 np0000163015 neutron-periodic-workers[103866]: DEBUG cotyledon.oslo_config_glue [-] ovn.dns_servers = [] {{(pid=103866) log_opt_values /opt/stack/data/venv/lib/python3.12/site-packages/oslo_config/cfg.py:3006}}
Apr 02 14:45:38.295665 np0000163015 neutron-periodic-workers[103866]: DEBUG cotyledon.oslo_config_glue [-] ovn.enable_distributed_floating_ip = False {{(pid=103866) log_opt_values /opt/stack/data/venv/lib/python3.12/site-packages/oslo_config/cfg.py:3006}}
Apr 02 14:45:38.295900 np0000163015 neutron-periodic-workers[103866]: DEBUG cotyledon.oslo_config_glue [-] ovn.fdb_age_threshold = 300 {{(pid=103866) log_opt_values /opt/stack/data/venv/lib/python3.12/site-packages/oslo_config/cfg.py:3006}}
Apr 02 14:45:38.295900 np0000163015 neutron-periodic-workers[103866]: DEBUG cotyledon.oslo_config_glue [-] ovn.ha_failover_strategy = normal {{(pid=103866) log_opt_values /opt/stack/data/venv/lib/python3.12/site-packages/oslo_config/cfg.py:3006}}
Apr 02 14:45:38.295900 np0000163015 neutron-periodic-workers[103866]: DEBUG cotyledon.oslo_config_glue [-] ovn.live_migration_activation_strategy = rarp {{(pid=103866) log_opt_values /opt/stack/data/venv/lib/python3.12/site-packages/oslo_config/cfg.py:3006}}
Apr 02 14:45:38.295900 np0000163015 neutron-periodic-workers[103866]: DEBUG cotyledon.oslo_config_glue [-] ovn.localnet_learn_fdb = False {{(pid=103866) log_opt_values /opt/stack/data/venv/lib/python3.12/site-packages/oslo_config/cfg.py:3006}}
Apr 02 14:45:38.295900 np0000163015 neutron-periodic-workers[103866]: DEBUG cotyledon.oslo_config_glue [-] ovn.mac_binding_age_threshold = 300 {{(pid=103866) log_opt_values /opt/stack/data/venv/lib/python3.12/site-packages/oslo_config/cfg.py:3006}}
Apr 02 14:45:38.295900 np0000163015 neutron-periodic-workers[103866]: DEBUG cotyledon.oslo_config_glue [-] ovn.neutron_sync_mode = log {{(pid=103866) log_opt_values /opt/stack/data/venv/lib/python3.12/site-packages/oslo_config/cfg.py:3006}}
Apr 02 14:45:38.295900 np0000163015 neutron-periodic-workers[103866]: DEBUG cotyledon.oslo_config_glue [-] ovn.ovn_dhcp4_global_options = {} {{(pid=103866) log_opt_values /opt/stack/data/venv/lib/python3.12/site-packages/oslo_config/cfg.py:3006}}
Apr 02 14:45:38.295900 np0000163015 neutron-periodic-workers[103866]: DEBUG cotyledon.oslo_config_glue [-] ovn.ovn_dhcp6_global_options = {} {{(pid=103866) log_opt_values /opt/stack/data/venv/lib/python3.12/site-packages/oslo_config/cfg.py:3006}}
Apr 02 14:45:38.295900 np0000163015 neutron-periodic-workers[103866]: DEBUG cotyledon.oslo_config_glue [-] ovn.ovn_l3_scheduler = leastloaded {{(pid=103866) log_opt_values /opt/stack/data/venv/lib/python3.12/site-packages/oslo_config/cfg.py:3006}}
Apr 02 14:45:38.296122 np0000163015 neutron-periodic-workers[103866]: DEBUG cotyledon.oslo_config_glue [-] ovn.ovn_metadata_enabled = True {{(pid=103866) log_opt_values /opt/stack/data/venv/lib/python3.12/site-packages/oslo_config/cfg.py:3006}}
Apr 02 14:45:38.296122 np0000163015 neutron-periodic-workers[103866]: DEBUG cotyledon.oslo_config_glue [-] ovn.ovn_nb_ca_cert = /opt/stack/data/CA/int-ca/ca-chain.pem {{(pid=103866) log_opt_values /opt/stack/data/venv/lib/python3.12/site-packages/oslo_config/cfg.py:3006}}
Apr 02 14:45:38.296122 np0000163015 neutron-periodic-workers[103866]: DEBUG cotyledon.oslo_config_glue [-] ovn.ovn_nb_certificate = /opt/stack/data/CA/int-ca/devstack-cert.crt {{(pid=103866) log_opt_values /opt/stack/data/venv/lib/python3.12/site-packages/oslo_config/cfg.py:3006}}
Apr 02 14:45:38.296122 np0000163015 neutron-periodic-workers[103866]: DEBUG cotyledon.oslo_config_glue [-] ovn.ovn_nb_connection = ['ssl:199.204.45.223:6641'] {{(pid=103866) log_opt_values /opt/stack/data/venv/lib/python3.12/site-packages/oslo_config/cfg.py:3006}}
Apr 02 14:45:38.296122 np0000163015 neutron-periodic-workers[103866]: DEBUG cotyledon.oslo_config_glue [-] ovn.ovn_nb_private_key = /opt/stack/data/CA/int-ca/private/devstack-cert.key {{(pid=103866) log_opt_values /opt/stack/data/venv/lib/python3.12/site-packages/oslo_config/cfg.py:3006}}
Apr 02 14:45:38.296122 np0000163015 neutron-periodic-workers[103866]: DEBUG cotyledon.oslo_config_glue [-] ovn.ovn_router_indirect_snat = False {{(pid=103866) log_opt_values /opt/stack/data/venv/lib/python3.12/site-packages/oslo_config/cfg.py:3006}}
Apr 02 14:45:38.296122 np0000163015 neutron-periodic-workers[103866]: DEBUG cotyledon.oslo_config_glue [-] ovn.ovn_sb_ca_cert = /opt/stack/data/CA/int-ca/ca-chain.pem {{(pid=103866) log_opt_values /opt/stack/data/venv/lib/python3.12/site-packages/oslo_config/cfg.py:3006}}
Apr 02 14:45:38.296122 np0000163015 neutron-periodic-workers[103866]: DEBUG cotyledon.oslo_config_glue [-] ovn.ovn_sb_certificate = /opt/stack/data/CA/int-ca/devstack-cert.crt {{(pid=103866) log_opt_values /opt/stack/data/venv/lib/python3.12/site-packages/oslo_config/cfg.py:3006}}
Apr 02 14:45:38.296373 np0000163015 neutron-periodic-workers[103866]: DEBUG cotyledon.oslo_config_glue [-] ovn.ovn_sb_connection = ['ssl:199.204.45.223:6642'] {{(pid=103866) log_opt_values /opt/stack/data/venv/lib/python3.12/site-packages/oslo_config/cfg.py:3006}}
Apr 02 14:45:38.296373 np0000163015 neutron-periodic-workers[103866]: DEBUG cotyledon.oslo_config_glue [-] ovn.ovn_sb_private_key = /opt/stack/data/CA/int-ca/private/devstack-cert.key {{(pid=103866) log_opt_values /opt/stack/data/venv/lib/python3.12/site-packages/oslo_config/cfg.py:3006}}
Apr 02 14:45:38.296373 np0000163015 neutron-periodic-workers[103866]: DEBUG cotyledon.oslo_config_glue [-] ovn.ovs_create_tap = False {{(pid=103866) log_opt_values /opt/stack/data/venv/lib/python3.12/site-packages/oslo_config/cfg.py:3006}}
Apr 02 14:45:38.296373 np0000163015 neutron-periodic-workers[103866]: DEBUG cotyledon.oslo_config_glue [-] ovn.ovsdb_connection_timeout = 180 {{(pid=103866) log_opt_values /opt/stack/data/venv/lib/python3.12/site-packages/oslo_config/cfg.py:3006}}
Apr 02 14:45:38.296373 np0000163015 neutron-periodic-workers[103866]: DEBUG cotyledon.oslo_config_glue [-] ovn.ovsdb_log_level = INFO {{(pid=103866) log_opt_values /opt/stack/data/venv/lib/python3.12/site-packages/oslo_config/cfg.py:3006}}
Apr 02 14:45:38.296373 np0000163015 neutron-periodic-workers[103866]: DEBUG cotyledon.oslo_config_glue [-] ovn.ovsdb_probe_interval = 60000 {{(pid=103866) log_opt_values /opt/stack/data/venv/lib/python3.12/site-packages/oslo_config/cfg.py:3006}}
Apr 02 14:45:38.296373 np0000163015 neutron-periodic-workers[103866]: DEBUG cotyledon.oslo_config_glue [-] ovn.ovsdb_retry_max_interval = 180 {{(pid=103866) log_opt_values /opt/stack/data/venv/lib/python3.12/site-packages/oslo_config/cfg.py:3006}}
Apr 02 14:45:38.296373 np0000163015 neutron-periodic-workers[103866]: DEBUG cotyledon.oslo_config_glue [-] ovn.stateless_nat_enabled = False {{(pid=103866) log_opt_values /opt/stack/data/venv/lib/python3.12/site-packages/oslo_config/cfg.py:3006}}
Apr 02 14:45:38.296373 np0000163015 neutron-periodic-workers[103866]: DEBUG cotyledon.oslo_config_glue [-] ovn.vhost_sock_dir = /var/run/openvswitch {{(pid=103866) log_opt_values /opt/stack/data/venv/lib/python3.12/site-packages/oslo_config/cfg.py:3006}}
Apr 02 14:45:38.296627 np0000163015 neutron-periodic-workers[103866]: DEBUG cotyledon.oslo_config_glue [-] OVS.bridge_mac_table_size = 50000 {{(pid=103866) log_opt_values /opt/stack/data/venv/lib/python3.12/site-packages/oslo_config/cfg.py:3006}}
Apr 02 14:45:38.296627 np0000163015 neutron-periodic-workers[103866]: DEBUG cotyledon.oslo_config_glue [-] OVS.igmp_flood = False {{(pid=103866) log_opt_values /opt/stack/data/venv/lib/python3.12/site-packages/oslo_config/cfg.py:3006}}
Apr 02 14:45:38.296627 np0000163015 neutron-periodic-workers[103866]: DEBUG cotyledon.oslo_config_glue [-] OVS.igmp_flood_reports = True {{(pid=103866) log_opt_values /opt/stack/data/venv/lib/python3.12/site-packages/oslo_config/cfg.py:3006}}
Apr 02 14:45:38.296627 np0000163015 neutron-periodic-workers[103866]: DEBUG cotyledon.oslo_config_glue [-] OVS.igmp_flood_unregistered = False {{(pid=103866) log_opt_values /opt/stack/data/venv/lib/python3.12/site-packages/oslo_config/cfg.py:3006}}
Apr 02 14:45:38.296627 np0000163015 neutron-periodic-workers[103866]: DEBUG cotyledon.oslo_config_glue [-] OVS.igmp_snooping_enable = False {{(pid=103866) log_opt_values /opt/stack/data/venv/lib/python3.12/site-packages/oslo_config/cfg.py:3006}}
Apr 02 14:45:38.296627 np0000163015 neutron-periodic-workers[103866]: DEBUG cotyledon.oslo_config_glue [-] OVS.ovsdb_timeout = 10 {{(pid=103866) log_opt_values /opt/stack/data/venv/lib/python3.12/site-packages/oslo_config/cfg.py:3006}}
Apr 02 14:45:38.296627 np0000163015 neutron-periodic-workers[103866]: DEBUG cotyledon.oslo_config_glue [-] ovn_nb_global.fdb_removal_limit = 0 {{(pid=103866) log_opt_values /opt/stack/data/venv/lib/python3.12/site-packages/oslo_config/cfg.py:3006}}
Apr 02 14:45:38.296627 np0000163015 neutron-periodic-workers[103866]: DEBUG cotyledon.oslo_config_glue [-] ovn_nb_global.ignore_lsp_down = False {{(pid=103866) log_opt_values /opt/stack/data/venv/lib/python3.12/site-packages/oslo_config/cfg.py:3006}}
Apr 02 14:45:38.296627 np0000163015 neutron-periodic-workers[103866]: DEBUG cotyledon.oslo_config_glue [-] ovn_nb_global.mac_binding_removal_limit = 0 {{(pid=103866) log_opt_values /opt/stack/data/venv/lib/python3.12/site-packages/oslo_config/cfg.py:3006}}
Apr 02 14:45:38.296872 np0000163015 neutron-periodic-workers[103866]: DEBUG cotyledon.oslo_config_glue [-] ******************************************************************************** {{(pid=103866) log_opt_values /opt/stack/data/venv/lib/python3.12/site-packages/oslo_config/cfg.py:3013}}
Apr 02 14:45:38.296872 np0000163015 neutron-periodic-workers[103866]: DEBUG cotyledon._service_worker [-] Run service ServiceWrapper(0) [103866] {{(pid=103866) wait_forever /opt/stack/data/venv/lib/python3.12/site-packages/cotyledon/_service_worker.py:218}}
Apr 02 14:45:47.915193 np0000163015 neutron-periodic-workers[103094]: DEBUG dbcounter [-] [103094] Writing DB stats neutron:SELECT=4 {{(pid=103094) stat_writer /opt/stack/data/venv/lib/python3.12/site-packages/dbcounter.py:115}}
Apr 02 14:46:43.297577 np0000163015 neutron-periodic-workers[103855]: DEBUG oslo_db.sqlalchemy.engines [None req-01c4d682-88c1-4821-a2a2-396ce36dc27b None None] Parent process 103094 forked (103855) with an open database connection, which is being discarded and recreated. {{(pid=103855) checkout /opt/stack/data/venv/lib/python3.12/site-packages/oslo_db/sqlalchemy/engines.py:402}}
Apr 02 14:46:43.304201 np0000163015 neutron-periodic-workers[103855]: DEBUG dbcounter [-] [103855] Writer thread running {{(pid=103855) stat_writer /opt/stack/data/venv/lib/python3.12/site-packages/dbcounter.py:102}}
Apr 02 14:46:43.308043 np0000163015 neutron-periodic-workers[103855]: DEBUG neutron.db.agents_db [None req-01c4d682-88c1-4821-a2a2-396ce36dc27b None None] Agent healthcheck: found 0 active agents {{(pid=103855) agent_health_check /opt/stack/neutron/neutron/db/agents_db.py:317}}
Apr 02 14:46:43.308251 np0000163015 neutron-periodic-workers[103855]: DEBUG oslo.service.backend._threading.loopingcall [None req-01c4d682-88c1-4821-a2a2-396ce36dc27b None None] Fixed interval looping call 'neutron.plugins.ml2.plugin.AgentDbMixin.agent_health_check' sleeping for 36.98 seconds {{(pid=103855) _run_loop /opt/stack/data/venv/lib/python3.12/site-packages/oslo_service/backend/_threading/loopingcall.py:125}}
Apr 02 14:46:45.310737 np0000163015 neutron-periodic-workers[103841]: DEBUG dbcounter [-] [103841] Writer thread running {{(pid=103841) stat_writer /opt/stack/data/venv/lib/python3.12/site-packages/dbcounter.py:102}}
Apr 02 14:46:45.321464 np0000163015 neutron-periodic-workers[103841]: DEBUG oslo.service.backend._threading.loopingcall [None req-1277b121-b6cd-4530-b106-37e6c7af5cde None None] Fixed interval looping call 'neutron.plugins.ml2.plugin.DhcpAgentSchedulerDbMixin.remove_networks_from_down_agents' sleeping for 36.98 seconds {{(pid=103841) _run_loop /opt/stack/data/venv/lib/python3.12/site-packages/oslo_service/backend/_threading/loopingcall.py:125}}
Apr 02 14:46:53.306663 np0000163015 neutron-periodic-workers[103855]: DEBUG dbcounter [-] [103855] Writing DB stats neutron:SELECT=1 {{(pid=103855) stat_writer /opt/stack/data/venv/lib/python3.12/site-packages/dbcounter.py:115}}
Apr 02 14:46:55.319936 np0000163015 neutron-periodic-workers[103841]: DEBUG dbcounter [-] [103841] Writing DB stats neutron:SELECT=3 {{(pid=103841) stat_writer /opt/stack/data/venv/lib/python3.12/site-packages/dbcounter.py:115}}
Apr 02 14:47:20.294310 np0000163015 neutron-periodic-workers[103855]: DEBUG neutron.db.agents_db [None req-01c4d682-88c1-4821-a2a2-396ce36dc27b None None] Agent healthcheck: found 0 active agents {{(pid=103855) agent_health_check /opt/stack/neutron/neutron/db/agents_db.py:317}}
Apr 02 14:47:20.295048 np0000163015 neutron-periodic-workers[103855]: DEBUG oslo.service.backend._threading.loopingcall [None req-01c4d682-88c1-4821-a2a2-396ce36dc27b None None] Fixed interval looping call 'neutron.plugins.ml2.plugin.AgentDbMixin.agent_health_check' sleeping for 36.99 seconds {{(pid=103855) _run_loop /opt/stack/data/venv/lib/python3.12/site-packages/oslo_service/backend/_threading/loopingcall.py:125}}
Apr 02 14:47:22.316435 np0000163015 neutron-periodic-workers[103841]: DEBUG oslo.service.backend._threading.loopingcall [None req-1277b121-b6cd-4530-b106-37e6c7af5cde None None] Fixed interval looping call 'neutron.plugins.ml2.plugin.DhcpAgentSchedulerDbMixin.remove_networks_from_down_agents' sleeping for 36.99 seconds {{(pid=103841) _run_loop /opt/stack/data/venv/lib/python3.12/site-packages/oslo_service/backend/_threading/loopingcall.py:125}}
Apr 02 14:47:30.292343 np0000163015 neutron-periodic-workers[103855]: DEBUG dbcounter [-] [103855] Writing DB stats neutron:SELECT=1 {{(pid=103855) stat_writer /opt/stack/data/venv/lib/python3.12/site-packages/dbcounter.py:115}}
Apr 02 14:47:32.314085 np0000163015 neutron-periodic-workers[103841]: DEBUG dbcounter [-] [103841] Writing DB stats neutron:SELECT=3 {{(pid=103841) stat_writer /opt/stack/data/venv/lib/python3.12/site-packages/dbcounter.py:115}}
Apr 02 14:47:38.311176 np0000163015 neutron-periodic-workers[103866]: DEBUG dbcounter [-] [103866] Writer thread running {{(pid=103866) stat_writer /opt/stack/data/venv/lib/python3.12/site-packages/dbcounter.py:102}}
Apr 02 14:47:38.313372 np0000163015 neutron-periodic-workers[103866]: DEBUG oslo.service.backend._threading.loopingcall [None req-d86dee4b-2525-4ec1-b8ce-b598997db06b None None] Fixed interval looping call 'neutron.db.quota.driver_nolock.DbQuotaNoLockDriver._remove_expired_reservations' sleeping for 119.99 seconds {{(pid=103866) _run_loop /opt/stack/data/venv/lib/python3.12/site-packages/oslo_service/backend/_threading/loopingcall.py:125}}
Apr 02 14:47:48.312225 np0000163015 neutron-periodic-workers[103866]: DEBUG dbcounter [-] [103866] Writing DB stats neutron:DELETE=1 {{(pid=103866) stat_writer /opt/stack/data/venv/lib/python3.12/site-packages/dbcounter.py:115}}
Apr 02 14:47:57.290998 np0000163015 neutron-periodic-workers[103855]: DEBUG neutron.db.agents_db [None req-01c4d682-88c1-4821-a2a2-396ce36dc27b None None] Agent healthcheck: found 0 active agents {{(pid=103855) agent_health_check /opt/stack/neutron/neutron/db/agents_db.py:317}}
Apr 02 14:47:57.290998 np0000163015 neutron-periodic-workers[103855]: DEBUG oslo.service.backend._threading.loopingcall [None req-01c4d682-88c1-4821-a2a2-396ce36dc27b None None] Fixed interval looping call 'neutron.plugins.ml2.plugin.AgentDbMixin.agent_health_check' sleeping for 36.99 seconds {{(pid=103855) _run_loop /opt/stack/data/venv/lib/python3.12/site-packages/oslo_service/backend/_threading/loopingcall.py:125}}
Apr 02 14:47:59.314320 np0000163015 neutron-periodic-workers[103841]: DEBUG oslo.service.backend._threading.loopingcall [None req-1277b121-b6cd-4530-b106-37e6c7af5cde None None] Fixed interval looping call 'neutron.plugins.ml2.plugin.DhcpAgentSchedulerDbMixin.remove_networks_from_down_agents' sleeping for 36.99 seconds {{(pid=103841) _run_loop /opt/stack/data/venv/lib/python3.12/site-packages/oslo_service/backend/_threading/loopingcall.py:125}}
Apr 02 14:48:07.288761 np0000163015 neutron-periodic-workers[103855]: DEBUG dbcounter [-] [103855] Writing DB stats neutron:SELECT=1 {{(pid=103855) stat_writer /opt/stack/data/venv/lib/python3.12/site-packages/dbcounter.py:115}}
Apr 02 14:48:09.313395 np0000163015 neutron-periodic-workers[103841]: DEBUG dbcounter [-] [103841] Writing DB stats neutron:SELECT=3 {{(pid=103841) stat_writer /opt/stack/data/venv/lib/python3.12/site-packages/dbcounter.py:115}}
Apr 02 14:48:34.288590 np0000163015 neutron-periodic-workers[103855]: DEBUG neutron.db.agents_db [None req-01c4d682-88c1-4821-a2a2-396ce36dc27b None None] Agent healthcheck: found 0 active agents {{(pid=103855) agent_health_check /opt/stack/neutron/neutron/db/agents_db.py:317}}
Apr 02 14:48:34.289233 np0000163015 neutron-periodic-workers[103855]: DEBUG oslo.service.backend._threading.loopingcall [None req-01c4d682-88c1-4821-a2a2-396ce36dc27b None None] Fixed interval looping call 'neutron.plugins.ml2.plugin.AgentDbMixin.agent_health_check' sleeping for 36.99 seconds {{(pid=103855) _run_loop /opt/stack/data/venv/lib/python3.12/site-packages/oslo_service/backend/_threading/loopingcall.py:125}}
Apr 02 14:48:36.313990 np0000163015 neutron-periodic-workers[103841]: DEBUG oslo.service.backend._threading.loopingcall [None req-1277b121-b6cd-4530-b106-37e6c7af5cde None None] Fixed interval looping call 'neutron.plugins.ml2.plugin.DhcpAgentSchedulerDbMixin.remove_networks_from_down_agents' sleeping for 36.99 seconds {{(pid=103841) _run_loop /opt/stack/data/venv/lib/python3.12/site-packages/oslo_service/backend/_threading/loopingcall.py:125}}
Apr 02 14:48:44.286430 np0000163015 neutron-periodic-workers[103855]: DEBUG dbcounter [-] [103855] Writing DB stats neutron:SELECT=1 {{(pid=103855) stat_writer /opt/stack/data/venv/lib/python3.12/site-packages/dbcounter.py:115}}
Apr 02 14:48:46.312947 np0000163015 neutron-periodic-workers[103841]: DEBUG dbcounter [-] [103841] Writing DB stats neutron:SELECT=3 {{(pid=103841) stat_writer /opt/stack/data/venv/lib/python3.12/site-packages/dbcounter.py:115}}
Apr 02 14:49:11.286658 np0000163015 neutron-periodic-workers[103855]: DEBUG neutron.db.agents_db [None req-01c4d682-88c1-4821-a2a2-396ce36dc27b None None] Agent healthcheck: found 0 active agents {{(pid=103855) agent_health_check /opt/stack/neutron/neutron/db/agents_db.py:317}}
Apr 02 14:49:11.286908 np0000163015 neutron-periodic-workers[103855]: DEBUG oslo.service.backend._threading.loopingcall [None req-01c4d682-88c1-4821-a2a2-396ce36dc27b None None] Fixed interval looping call 'neutron.plugins.ml2.plugin.AgentDbMixin.agent_health_check' sleeping for 36.99 seconds {{(pid=103855) _run_loop /opt/stack/data/venv/lib/python3.12/site-packages/oslo_service/backend/_threading/loopingcall.py:125}}
Apr 02 14:49:13.313252 np0000163015 neutron-periodic-workers[103841]: DEBUG oslo.service.backend._threading.loopingcall [None req-1277b121-b6cd-4530-b106-37e6c7af5cde None None] Fixed interval looping call 'neutron.plugins.ml2.plugin.DhcpAgentSchedulerDbMixin.remove_networks_from_down_agents' sleeping for 36.99 seconds {{(pid=103841) _run_loop /opt/stack/data/venv/lib/python3.12/site-packages/oslo_service/backend/_threading/loopingcall.py:125}}
Apr 02 14:49:21.283586 np0000163015 neutron-periodic-workers[103855]: DEBUG dbcounter [-] [103855] Writing DB stats neutron:SELECT=1 {{(pid=103855) stat_writer /opt/stack/data/venv/lib/python3.12/site-packages/dbcounter.py:115}}
Apr 02 14:49:23.312726 np0000163015 neutron-periodic-workers[103841]: DEBUG dbcounter [-] [103841] Writing DB stats neutron:SELECT=3 {{(pid=103841) stat_writer /opt/stack/data/venv/lib/python3.12/site-packages/dbcounter.py:115}}
Apr 02 14:49:38.308445 np0000163015 neutron-periodic-workers[103866]: DEBUG oslo.service.backend._threading.loopingcall [None req-d86dee4b-2525-4ec1-b8ce-b598997db06b None None] Fixed interval looping call 'neutron.db.quota.driver_nolock.DbQuotaNoLockDriver._remove_expired_reservations' sleeping for 120.00 seconds {{(pid=103866) _run_loop /opt/stack/data/venv/lib/python3.12/site-packages/oslo_service/backend/_threading/loopingcall.py:125}}
Apr 02 14:49:48.282375 np0000163015 neutron-periodic-workers[103855]: DEBUG neutron.db.agents_db [None req-01c4d682-88c1-4821-a2a2-396ce36dc27b None None] Agent healthcheck: found 0 active agents {{(pid=103855) agent_health_check /opt/stack/neutron/neutron/db/agents_db.py:317}}
Apr 02 14:49:48.283009 np0000163015 neutron-periodic-workers[103855]: DEBUG oslo.service.backend._threading.loopingcall [None req-01c4d682-88c1-4821-a2a2-396ce36dc27b None None] Fixed interval looping call 'neutron.plugins.ml2.plugin.AgentDbMixin.agent_health_check' sleeping for 36.99 seconds {{(pid=103855) _run_loop /opt/stack/data/venv/lib/python3.12/site-packages/oslo_service/backend/_threading/loopingcall.py:125}}
Apr 02 14:49:48.307225 np0000163015 neutron-periodic-workers[103866]: DEBUG dbcounter [-] [103866] Writing DB stats neutron:DELETE=1 {{(pid=103866) stat_writer /opt/stack/data/venv/lib/python3.12/site-packages/dbcounter.py:115}}
Apr 02 14:49:50.312710 np0000163015 neutron-periodic-workers[103841]: DEBUG oslo.service.backend._threading.loopingcall [None req-1277b121-b6cd-4530-b106-37e6c7af5cde None None] Fixed interval looping call 'neutron.plugins.ml2.plugin.DhcpAgentSchedulerDbMixin.remove_networks_from_down_agents' sleeping for 36.99 seconds {{(pid=103841) _run_loop /opt/stack/data/venv/lib/python3.12/site-packages/oslo_service/backend/_threading/loopingcall.py:125}}
Apr 02 14:49:54.275929 np0000163015 neutron-periodic-workers[103828]: DEBUG dbcounter [-] [103828] Writer thread running {{(pid=103828) stat_writer /opt/stack/data/venv/lib/python3.12/site-packages/dbcounter.py:102}}
Apr 02 14:49:54.285875 np0000163015 neutron-periodic-workers[103828]: DEBUG oslo.service.backend._threading.loopingcall [None req-98c98e19-cbbe-4e0a-a305-74c5a7f0da80 None None] Fixed interval looping call 'neutron.services.ovn_l3.plugin.L3_NAT_dbonly_mixin._clean_garbage' sleeping for 299.96 seconds {{(pid=103828) _run_loop /opt/stack/data/venv/lib/python3.12/site-packages/oslo_service/backend/_threading/loopingcall.py:125}}
Apr 02 14:49:58.280616 np0000163015 neutron-periodic-workers[103855]: DEBUG dbcounter [-] [103855] Writing DB stats neutron:SELECT=1 {{(pid=103855) stat_writer /opt/stack/data/venv/lib/python3.12/site-packages/dbcounter.py:115}}
Apr 02 14:50:00.312437 np0000163015 neutron-periodic-workers[103841]: DEBUG dbcounter [-] [103841] Writing DB stats neutron:SELECT=3 {{(pid=103841) stat_writer /opt/stack/data/venv/lib/python3.12/site-packages/dbcounter.py:115}}
Apr 02 14:50:04.276740 np0000163015 neutron-periodic-workers[103828]: DEBUG dbcounter [-] [103828] Writing DB stats neutron:SELECT=1 {{(pid=103828) stat_writer /opt/stack/data/venv/lib/python3.12/site-packages/dbcounter.py:115}}
Apr 02 14:50:25.278593 np0000163015 neutron-periodic-workers[103855]: DEBUG neutron.db.agents_db [None req-01c4d682-88c1-4821-a2a2-396ce36dc27b None None] Agent healthcheck: found 0 active agents {{(pid=103855) agent_health_check /opt/stack/neutron/neutron/db/agents_db.py:317}}
Apr 02 14:50:25.279313 np0000163015 neutron-periodic-workers[103855]: DEBUG oslo.service.backend._threading.loopingcall [None req-01c4d682-88c1-4821-a2a2-396ce36dc27b None None] Fixed interval looping call 'neutron.plugins.ml2.plugin.AgentDbMixin.agent_health_check' sleeping for 36.99 seconds {{(pid=103855) _run_loop /opt/stack/data/venv/lib/python3.12/site-packages/oslo_service/backend/_threading/loopingcall.py:125}}
Apr 02 14:50:27.313020 np0000163015 neutron-periodic-workers[103841]: DEBUG oslo.service.backend._threading.loopingcall [None req-1277b121-b6cd-4530-b106-37e6c7af5cde None None] Fixed interval looping call 'neutron.plugins.ml2.plugin.DhcpAgentSchedulerDbMixin.remove_networks_from_down_agents' sleeping for 36.99 seconds {{(pid=103841) _run_loop /opt/stack/data/venv/lib/python3.12/site-packages/oslo_service/backend/_threading/loopingcall.py:125}}
Apr 02 14:50:35.276542 np0000163015 neutron-periodic-workers[103855]: DEBUG dbcounter [-] [103855] Writing DB stats neutron:SELECT=1 {{(pid=103855) stat_writer /opt/stack/data/venv/lib/python3.12/site-packages/dbcounter.py:115}}
Apr 02 14:50:37.312223 np0000163015 neutron-periodic-workers[103841]: DEBUG dbcounter [-] [103841] Writing DB stats neutron:SELECT=3 {{(pid=103841) stat_writer /opt/stack/data/venv/lib/python3.12/site-packages/dbcounter.py:115}}
Apr 02 14:51:02.274967 np0000163015 neutron-periodic-workers[103855]: DEBUG neutron.db.agents_db [None req-01c4d682-88c1-4821-a2a2-396ce36dc27b None None] Agent healthcheck: found 0 active agents {{(pid=103855) agent_health_check /opt/stack/neutron/neutron/db/agents_db.py:317}}
Apr 02 14:51:02.275715 np0000163015 neutron-periodic-workers[103855]: DEBUG oslo.service.backend._threading.loopingcall [None req-01c4d682-88c1-4821-a2a2-396ce36dc27b None None] Fixed interval looping call 'neutron.plugins.ml2.plugin.AgentDbMixin.agent_health_check' sleeping for 36.99 seconds {{(pid=103855) _run_loop /opt/stack/data/venv/lib/python3.12/site-packages/oslo_service/backend/_threading/loopingcall.py:125}}
Apr 02 14:51:04.313312 np0000163015 neutron-periodic-workers[103841]: DEBUG oslo.service.backend._threading.loopingcall [None req-1277b121-b6cd-4530-b106-37e6c7af5cde None None] Fixed interval looping call 'neutron.plugins.ml2.plugin.DhcpAgentSchedulerDbMixin.remove_networks_from_down_agents' sleeping for 36.99 seconds {{(pid=103841) _run_loop /opt/stack/data/venv/lib/python3.12/site-packages/oslo_service/backend/_threading/loopingcall.py:125}}
Apr 02 14:51:12.272712 np0000163015 neutron-periodic-workers[103855]: DEBUG dbcounter [-] [103855] Writing DB stats neutron:SELECT=1 {{(pid=103855) stat_writer /opt/stack/data/venv/lib/python3.12/site-packages/dbcounter.py:115}}
Apr 02 14:51:14.312079 np0000163015 neutron-periodic-workers[103841]: DEBUG dbcounter [-] [103841] Writing DB stats neutron:SELECT=3 {{(pid=103841) stat_writer /opt/stack/data/venv/lib/python3.12/site-packages/dbcounter.py:115}}
Apr 02 14:51:38.313593 np0000163015 neutron-periodic-workers[103866]: DEBUG oslo.service.backend._threading.loopingcall [None req-d86dee4b-2525-4ec1-b8ce-b598997db06b None None] Fixed interval looping call 'neutron.db.quota.driver_nolock.DbQuotaNoLockDriver._remove_expired_reservations' sleeping for 120.00 seconds {{(pid=103866) _run_loop /opt/stack/data/venv/lib/python3.12/site-packages/oslo_service/backend/_threading/loopingcall.py:125}}
Apr 02 14:51:39.271473 np0000163015 neutron-periodic-workers[103855]: DEBUG neutron.db.agents_db [None req-01c4d682-88c1-4821-a2a2-396ce36dc27b None None] Agent healthcheck: found 0 active agents {{(pid=103855) agent_health_check /opt/stack/neutron/neutron/db/agents_db.py:317}}
Apr 02 14:51:39.272091 np0000163015 neutron-periodic-workers[103855]: DEBUG oslo.service.backend._threading.loopingcall [None req-01c4d682-88c1-4821-a2a2-396ce36dc27b None None] Fixed interval looping call 'neutron.plugins.ml2.plugin.AgentDbMixin.agent_health_check' sleeping for 36.99 seconds {{(pid=103855) _run_loop /opt/stack/data/venv/lib/python3.12/site-packages/oslo_service/backend/_threading/loopingcall.py:125}}
Apr 02 14:51:41.311845 np0000163015 neutron-periodic-workers[103841]: DEBUG oslo.service.backend._threading.loopingcall [None req-1277b121-b6cd-4530-b106-37e6c7af5cde None None] Fixed interval looping call 'neutron.plugins.ml2.plugin.DhcpAgentSchedulerDbMixin.remove_networks_from_down_agents' sleeping for 36.99 seconds {{(pid=103841) _run_loop /opt/stack/data/venv/lib/python3.12/site-packages/oslo_service/backend/_threading/loopingcall.py:125}}
Apr 02 14:51:48.312481 np0000163015 neutron-periodic-workers[103866]: DEBUG dbcounter [-] [103866] Writing DB stats neutron:DELETE=1 {{(pid=103866) stat_writer /opt/stack/data/venv/lib/python3.12/site-packages/dbcounter.py:115}}
Apr 02 14:51:49.268949 np0000163015 neutron-periodic-workers[103855]: DEBUG dbcounter [-] [103855] Writing DB stats neutron:SELECT=1 {{(pid=103855) stat_writer /opt/stack/data/venv/lib/python3.12/site-packages/dbcounter.py:115}}
Apr 02 14:51:51.311084 np0000163015 neutron-periodic-workers[103841]: DEBUG dbcounter [-] [103841] Writing DB stats neutron:SELECT=3 {{(pid=103841) stat_writer /opt/stack/data/venv/lib/python3.12/site-packages/dbcounter.py:115}}
Apr 02 14:52:16.266956 np0000163015 neutron-periodic-workers[103855]: DEBUG neutron.db.agents_db [None req-01c4d682-88c1-4821-a2a2-396ce36dc27b None None] Agent healthcheck: found 0 active agents {{(pid=103855) agent_health_check /opt/stack/neutron/neutron/db/agents_db.py:317}}
Apr 02 14:52:16.266956 np0000163015 neutron-periodic-workers[103855]: DEBUG oslo.service.backend._threading.loopingcall [None req-01c4d682-88c1-4821-a2a2-396ce36dc27b None None] Fixed interval looping call 'neutron.plugins.ml2.plugin.AgentDbMixin.agent_health_check' sleeping for 37.00 seconds {{(pid=103855) _run_loop /opt/stack/data/venv/lib/python3.12/site-packages/oslo_service/backend/_threading/loopingcall.py:125}}
Apr 02 14:52:18.735952 np0000163015 neutron-periodic-workers[103841]: DEBUG oslo.service.backend._threading.loopingcall [None req-1277b121-b6cd-4530-b106-37e6c7af5cde None None] Fixed interval looping call 'neutron.plugins.ml2.plugin.DhcpAgentSchedulerDbMixin.remove_networks_from_down_agents' sleeping for 36.99 seconds {{(pid=103841) _run_loop /opt/stack/data/venv/lib/python3.12/site-packages/oslo_service/backend/_threading/loopingcall.py:125}}
Apr 02 14:52:26.265177 np0000163015 neutron-periodic-workers[103855]: DEBUG dbcounter [-] [103855] Writing DB stats neutron:SELECT=1 {{(pid=103855) stat_writer /opt/stack/data/venv/lib/python3.12/site-packages/dbcounter.py:115}}
Apr 02 14:52:28.311081 np0000163015 neutron-periodic-workers[103841]: DEBUG dbcounter [-] [103841] Writing DB stats neutron:SELECT=3 {{(pid=103841) stat_writer /opt/stack/data/venv/lib/python3.12/site-packages/dbcounter.py:115}}
Apr 02 14:52:53.273315 np0000163015 neutron-periodic-workers[103855]: DEBUG neutron.db.agents_db [None req-01c4d682-88c1-4821-a2a2-396ce36dc27b None None] Agent healthcheck: found 0 active agents {{(pid=103855) agent_health_check /opt/stack/neutron/neutron/db/agents_db.py:317}}
Apr 02 14:52:53.274136 np0000163015 neutron-periodic-workers[103855]: DEBUG oslo.service.backend._threading.loopingcall [None req-01c4d682-88c1-4821-a2a2-396ce36dc27b None None] Fixed interval looping call 'neutron.plugins.ml2.plugin.AgentDbMixin.agent_health_check' sleeping for 36.99 seconds {{(pid=103855) _run_loop /opt/stack/data/venv/lib/python3.12/site-packages/oslo_service/backend/_threading/loopingcall.py:125}}
Apr 02 14:52:55.311840 np0000163015 neutron-periodic-workers[103841]: DEBUG oslo.service.backend._threading.loopingcall [None req-1277b121-b6cd-4530-b106-37e6c7af5cde None None] Fixed interval looping call 'neutron.plugins.ml2.plugin.DhcpAgentSchedulerDbMixin.remove_networks_from_down_agents' sleeping for 36.99 seconds {{(pid=103841) _run_loop /opt/stack/data/venv/lib/python3.12/site-packages/oslo_service/backend/_threading/loopingcall.py:125}}
Apr 02 14:53:03.271183 np0000163015 neutron-periodic-workers[103855]: DEBUG dbcounter [-] [103855] Writing DB stats neutron:SELECT=1 {{(pid=103855) stat_writer /opt/stack/data/venv/lib/python3.12/site-packages/dbcounter.py:115}}
Apr 02 14:53:05.310264 np0000163015 neutron-periodic-workers[103841]: DEBUG dbcounter [-] [103841] Writing DB stats neutron:SELECT=3 {{(pid=103841) stat_writer /opt/stack/data/venv/lib/python3.12/site-packages/dbcounter.py:115}}
Apr 02 14:53:30.269890 np0000163015 neutron-periodic-workers[103855]: DEBUG neutron.db.agents_db [None req-01c4d682-88c1-4821-a2a2-396ce36dc27b None None] Agent healthcheck: found 0 active agents {{(pid=103855) agent_health_check /opt/stack/neutron/neutron/db/agents_db.py:317}}
Apr 02 14:53:30.270482 np0000163015 neutron-periodic-workers[103855]: DEBUG oslo.service.backend._threading.loopingcall [None req-01c4d682-88c1-4821-a2a2-396ce36dc27b None None] Fixed interval looping call 'neutron.plugins.ml2.plugin.AgentDbMixin.agent_health_check' sleeping for 36.99 seconds {{(pid=103855) _run_loop /opt/stack/data/venv/lib/python3.12/site-packages/oslo_service/backend/_threading/loopingcall.py:125}}
Apr 02 14:53:32.307388 np0000163015 neutron-periodic-workers[103841]: DEBUG oslo.service.backend._threading.loopingcall [None req-1277b121-b6cd-4530-b106-37e6c7af5cde None None] Fixed interval looping call 'neutron.plugins.ml2.plugin.DhcpAgentSchedulerDbMixin.remove_networks_from_down_agents' sleeping for 36.99 seconds {{(pid=103841) _run_loop /opt/stack/data/venv/lib/python3.12/site-packages/oslo_service/backend/_threading/loopingcall.py:125}}
Apr 02 14:53:38.319347 np0000163015 neutron-periodic-workers[103866]: DEBUG oslo.service.backend._threading.loopingcall [None req-d86dee4b-2525-4ec1-b8ce-b598997db06b None None] Fixed interval looping call 'neutron.db.quota.driver_nolock.DbQuotaNoLockDriver._remove_expired_reservations' sleeping for 120.00 seconds {{(pid=103866) _run_loop /opt/stack/data/venv/lib/python3.12/site-packages/oslo_service/backend/_threading/loopingcall.py:125}}
Apr 02 14:53:40.267496 np0000163015 neutron-periodic-workers[103855]: DEBUG dbcounter [-] [103855] Writing DB stats neutron:SELECT=1 {{(pid=103855) stat_writer /opt/stack/data/venv/lib/python3.12/site-packages/dbcounter.py:115}}
Apr 02 14:53:42.306712 np0000163015 neutron-periodic-workers[103841]: DEBUG dbcounter [-] [103841] Writing DB stats neutron:SELECT=3 {{(pid=103841) stat_writer /opt/stack/data/venv/lib/python3.12/site-packages/dbcounter.py:115}}
Apr 02 14:53:48.317256 np0000163015 neutron-periodic-workers[103866]: DEBUG dbcounter [-] [103866] Writing DB stats neutron:DELETE=1 {{(pid=103866) stat_writer /opt/stack/data/venv/lib/python3.12/site-packages/dbcounter.py:115}}
Apr 02 14:54:07.266033 np0000163015 neutron-periodic-workers[103855]: DEBUG neutron.db.agents_db [None req-01c4d682-88c1-4821-a2a2-396ce36dc27b None None] Agent healthcheck: found 0 active agents {{(pid=103855) agent_health_check /opt/stack/neutron/neutron/db/agents_db.py:317}}
Apr 02 14:54:07.266033 np0000163015 neutron-periodic-workers[103855]: DEBUG oslo.service.backend._threading.loopingcall [None req-01c4d682-88c1-4821-a2a2-396ce36dc27b None None] Fixed interval looping call 'neutron.plugins.ml2.plugin.AgentDbMixin.agent_health_check' sleeping for 36.99 seconds {{(pid=103855) _run_loop /opt/stack/data/venv/lib/python3.12/site-packages/oslo_service/backend/_threading/loopingcall.py:125}}
Apr 02 14:54:09.306096 np0000163015 neutron-periodic-workers[103841]: DEBUG oslo.service.backend._threading.loopingcall [None req-1277b121-b6cd-4530-b106-37e6c7af5cde None None] Fixed interval looping call 'neutron.plugins.ml2.plugin.DhcpAgentSchedulerDbMixin.remove_networks_from_down_agents' sleeping for 36.99 seconds {{(pid=103841) _run_loop /opt/stack/data/venv/lib/python3.12/site-packages/oslo_service/backend/_threading/loopingcall.py:125}}
Apr 02 14:54:17.264490 np0000163015 neutron-periodic-workers[103855]: DEBUG dbcounter [-] [103855] Writing DB stats neutron:SELECT=1 {{(pid=103855) stat_writer /opt/stack/data/venv/lib/python3.12/site-packages/dbcounter.py:115}}
Apr 02 14:54:19.305076 np0000163015 neutron-periodic-workers[103841]: DEBUG dbcounter [-] [103841] Writing DB stats neutron:SELECT=3 {{(pid=103841) stat_writer /opt/stack/data/venv/lib/python3.12/site-packages/dbcounter.py:115}}
Apr 02 14:54:44.264315 np0000163015 neutron-periodic-workers[103855]: DEBUG neutron.db.agents_db [None req-01c4d682-88c1-4821-a2a2-396ce36dc27b None None] Agent healthcheck: found 0 active agents {{(pid=103855) agent_health_check /opt/stack/neutron/neutron/db/agents_db.py:317}}
Apr 02 14:54:44.265050 np0000163015 neutron-periodic-workers[103855]: DEBUG oslo.service.backend._threading.loopingcall [None req-01c4d682-88c1-4821-a2a2-396ce36dc27b None None] Fixed interval looping call 'neutron.plugins.ml2.plugin.AgentDbMixin.agent_health_check' sleeping for 36.99 seconds {{(pid=103855) _run_loop /opt/stack/data/venv/lib/python3.12/site-packages/oslo_service/backend/_threading/loopingcall.py:125}}
Apr 02 14:54:46.304918 np0000163015 neutron-periodic-workers[103841]: DEBUG oslo.service.backend._threading.loopingcall [None req-1277b121-b6cd-4530-b106-37e6c7af5cde None None] Fixed interval looping call 'neutron.plugins.ml2.plugin.DhcpAgentSchedulerDbMixin.remove_networks_from_down_agents' sleeping for 36.99 seconds {{(pid=103841) _run_loop /opt/stack/data/venv/lib/python3.12/site-packages/oslo_service/backend/_threading/loopingcall.py:125}}
Apr 02 14:54:54.258748 np0000163015 neutron-periodic-workers[103828]: DEBUG oslo.service.backend._threading.loopingcall [None req-98c98e19-cbbe-4e0a-a305-74c5a7f0da80 None None] Fixed interval looping call 'neutron.services.ovn_l3.plugin.L3_NAT_dbonly_mixin._clean_garbage' sleeping for 299.99 seconds {{(pid=103828) _run_loop /opt/stack/data/venv/lib/python3.12/site-packages/oslo_service/backend/_threading/loopingcall.py:125}}
Apr 02 14:54:54.261183 np0000163015 neutron-periodic-workers[103855]: DEBUG dbcounter [-] [103855] Writing DB stats neutron:SELECT=1 {{(pid=103855) stat_writer /opt/stack/data/venv/lib/python3.12/site-packages/dbcounter.py:115}}
Apr 02 14:54:56.304201 np0000163015 neutron-periodic-workers[103841]: DEBUG dbcounter [-] [103841] Writing DB stats neutron:SELECT=3 {{(pid=103841) stat_writer /opt/stack/data/venv/lib/python3.12/site-packages/dbcounter.py:115}}
Apr 02 14:55:04.251671 np0000163015 neutron-periodic-workers[103828]: DEBUG dbcounter [-] [103828] Writing DB stats neutron:SELECT=1 {{(pid=103828) stat_writer /opt/stack/data/venv/lib/python3.12/site-packages/dbcounter.py:115}}
Apr 02 14:55:21.259262 np0000163015 neutron-periodic-workers[103855]: DEBUG neutron.db.agents_db [None req-01c4d682-88c1-4821-a2a2-396ce36dc27b None None] Agent healthcheck: found 0 active agents {{(pid=103855) agent_health_check /opt/stack/neutron/neutron/db/agents_db.py:317}}
Apr 02 14:55:21.260166 np0000163015 neutron-periodic-workers[103855]: DEBUG oslo.service.backend._threading.loopingcall [None req-01c4d682-88c1-4821-a2a2-396ce36dc27b None None] Fixed interval looping call 'neutron.plugins.ml2.plugin.AgentDbMixin.agent_health_check' sleeping for 37.00 seconds {{(pid=103855) _run_loop /opt/stack/data/venv/lib/python3.12/site-packages/oslo_service/backend/_threading/loopingcall.py:125}}
Apr 02 14:55:23.307916 np0000163015 neutron-periodic-workers[103841]: DEBUG oslo.service.backend._threading.loopingcall [None req-1277b121-b6cd-4530-b106-37e6c7af5cde None None] Fixed interval looping call 'neutron.plugins.ml2.plugin.DhcpAgentSchedulerDbMixin.remove_networks_from_down_agents' sleeping for 36.99 seconds {{(pid=103841) _run_loop /opt/stack/data/venv/lib/python3.12/site-packages/oslo_service/backend/_threading/loopingcall.py:125}}
Apr 02 14:55:31.257427 np0000163015 neutron-periodic-workers[103855]: DEBUG dbcounter [-] [103855] Writing DB stats neutron:SELECT=1 {{(pid=103855) stat_writer /opt/stack/data/venv/lib/python3.12/site-packages/dbcounter.py:115}}
Apr 02 14:55:33.305647 np0000163015 neutron-periodic-workers[103841]: DEBUG dbcounter [-] [103841] Writing DB stats neutron:SELECT=3 {{(pid=103841) stat_writer /opt/stack/data/venv/lib/python3.12/site-packages/dbcounter.py:115}}
Apr 02 14:55:38.323654 np0000163015 neutron-periodic-workers[103866]: DEBUG oslo.service.backend._threading.loopingcall [None req-d86dee4b-2525-4ec1-b8ce-b598997db06b None None] Fixed interval looping call 'neutron.db.quota.driver_nolock.DbQuotaNoLockDriver._remove_expired_reservations' sleeping for 120.00 seconds {{(pid=103866) _run_loop /opt/stack/data/venv/lib/python3.12/site-packages/oslo_service/backend/_threading/loopingcall.py:125}}
