Apr 02 14:45:38.130233 np0000163015 devstack@neutron-api.service[102111]: DEBUG neutron.api.extensions [None req-8fa5c2ff-4b1c-4334-8701-82537187a766 None None] Loading extension file: segments_peer_subnet_host_routes.py {{(pid=102111) _load_all_extensions_from_path /opt/stack/neutron/neutron/api/extensions.py:449}}
Apr 02 14:45:38.130462 np0000163015 devstack@neutron-api.service[102112]: DEBUG neutron.api.extensions [None req-8afea45d-b114-4806-a38a-48c914ea279d None None] Extended resource: dhcp-agents {{(pid=102112) __init__ /opt/stack/neutron/neutron/api/extensions.py:156}}
Apr 02 14:45:38.130524 np0000163015 devstack@neutron-api.service[102111]: DEBUG neutron.api.extensions [None req-8fa5c2ff-4b1c-4334-8701-82537187a766 None None] Ext name="Segments peer-subnet host routes" alias="segments-peer-subnet-host-routes" description="Add host routes to subnets on a routed network (segments)" updated="2018-06-12T10:00:00-00:00" {{(pid=102111) _check_extension /opt/stack/neutron/neutron/api/extensions.py:415}}
Apr 02 14:45:38.130593 np0000163015 devstack@neutron-api.service[102113]: DEBUG neutron.api.extensions [None req-f5e0004b-fefa-4a14-a5f4-8005ea977bdb None None] Extended resource: address-scopes {{(pid=102113) __init__ /opt/stack/neutron/neutron/api/extensions.py:156}}
Apr 02 14:45:38.130656 np0000163015 devstack@neutron-api.service[102111]: INFO neutron.api.extensions [None req-8fa5c2ff-4b1c-4334-8701-82537187a766 None None] Extension segments-peer-subnet-host-routes not supported by any of loaded plugins
Apr 02 14:45:38.130730 np0000163015 devstack@neutron-api.service[102111]: DEBUG neutron.api.extensions [None req-8fa5c2ff-4b1c-4334-8701-82537187a766 None None] Loading extension file: servicetype.py {{(pid=102111) _load_all_extensions_from_path /opt/stack/neutron/neutron/api/extensions.py:449}}
Apr 02 14:45:38.131020 np0000163015 devstack@neutron-api.service[102111]: DEBUG neutron.api.extensions [None req-8fa5c2ff-4b1c-4334-8701-82537187a766 None None] Ext name="Neutron Service Type Management" alias="service-type" description="API for retrieving service providers for Neutron advanced services" updated="2013-01-20T00:00:00-00:00" {{(pid=102111) _check_extension /opt/stack/neutron/neutron/api/extensions.py:415}}
Apr 02 14:45:38.131119 np0000163015 devstack@neutron-api.service[102112]: DEBUG neutron.api.extensions [None req-8afea45d-b114-4806-a38a-48c914ea279d None None] Extended resource: routers {{(pid=102112) __init__ /opt/stack/neutron/neutron/api/extensions.py:156}}
Apr 02 14:45:38.131201 np0000163015 devstack@neutron-api.service[102111]: INFO neutron.api.extensions [None req-8fa5c2ff-4b1c-4334-8701-82537187a766 None None] Loaded extension: service-type
Apr 02 14:45:38.131232 np0000163015 devstack@neutron-api.service[102113]: DEBUG neutron.api.extensions [None req-f5e0004b-fefa-4a14-a5f4-8005ea977bdb None None] Extended resource: agents {{(pid=102113) __init__ /opt/stack/neutron/neutron/api/extensions.py:156}}
Apr 02 14:45:38.131290 np0000163015 devstack@neutron-api.service[102111]: DEBUG neutron.api.extensions [None req-8fa5c2ff-4b1c-4334-8701-82537187a766 None None] Loading extension file: sorting.py {{(pid=102111) _load_all_extensions_from_path /opt/stack/neutron/neutron/api/extensions.py:449}}
Apr 02 14:45:38.131540 np0000163015 devstack@neutron-api.service[102111]: DEBUG neutron.api.extensions [None req-8fa5c2ff-4b1c-4334-8701-82537187a766 None None] Ext name="Sorting support" alias="sorting" description="Extension that indicates that sorting is enabled." updated="2016-06-12T00:00:00-00:00" {{(pid=102111) _check_extension /opt/stack/neutron/neutron/api/extensions.py:415}}
Apr 02 14:45:38.131662 np0000163015 devstack@neutron-api.service[102111]: INFO neutron.api.extensions [None req-8fa5c2ff-4b1c-4334-8701-82537187a766 None None] Loaded extension: sorting
Apr 02 14:45:38.131758 np0000163015 devstack@neutron-api.service[102111]: DEBUG neutron.api.extensions [None req-8fa5c2ff-4b1c-4334-8701-82537187a766 None None] Loading extension file: standard_attr_segment.py {{(pid=102111) _load_all_extensions_from_path /opt/stack/neutron/neutron/api/extensions.py:449}}
Apr 02 14:45:38.131969 np0000163015 devstack@neutron-api.service[102113]: DEBUG neutron.api.extensions [None req-f5e0004b-fefa-4a14-a5f4-8005ea977bdb None None] Extended resource: auto-allocated-topology {{(pid=102113) __init__ /opt/stack/neutron/neutron/api/extensions.py:156}}
Apr 02 14:45:38.132100 np0000163015 devstack@neutron-api.service[102111]: DEBUG neutron.api.extensions [None req-8fa5c2ff-4b1c-4334-8701-82537187a766 None None] Ext name="Standard Attribute Segment Extension" alias="standard-attr-segment" description="Add standard attributes to Segment resource" updated="2018-04-09T10:00:00-00:00" {{(pid=102111) _check_extension /opt/stack/neutron/neutron/api/extensions.py:415}}
Apr 02 14:45:38.132200 np0000163015 devstack@neutron-api.service[102112]: DEBUG neutron.api.extensions [None req-8afea45d-b114-4806-a38a-48c914ea279d None None] Extended resource: flavors {{(pid=102112) __init__ /opt/stack/neutron/neutron/api/extensions.py:156}}
Apr 02 14:45:38.132316 np0000163015 devstack@neutron-api.service[102111]: INFO neutron.api.extensions [None req-8fa5c2ff-4b1c-4334-8701-82537187a766 None None] Extension standard-attr-segment not supported by any of loaded plugins
Apr 02 14:45:38.132408 np0000163015 devstack@neutron-api.service[102111]: DEBUG neutron.api.extensions [None req-8fa5c2ff-4b1c-4334-8701-82537187a766 None None] Loading extension file: standardattrdescription.py {{(pid=102111) _load_all_extensions_from_path /opt/stack/neutron/neutron/api/extensions.py:449}}
Apr 02 14:45:38.132577 np0000163015 devstack@neutron-api.service[102113]: DEBUG neutron.api.extensions [None req-f5e0004b-fefa-4a14-a5f4-8005ea977bdb None None] Extended resource: availability_zones {{(pid=102113) __init__ /opt/stack/neutron/neutron/api/extensions.py:156}}
Apr 02 14:45:38.132613 np0000163015 devstack@neutron-api.service[102112]: DEBUG neutron.api.extensions [None req-8afea45d-b114-4806-a38a-48c914ea279d None None] Extended resource: service_profiles {{(pid=102112) __init__ /opt/stack/neutron/neutron/api/extensions.py:156}}
Apr 02 14:45:38.132641 np0000163015 devstack@neutron-api.service[102111]: DEBUG neutron.api.extensions [None req-8fa5c2ff-4b1c-4334-8701-82537187a766 None None] Ext name="standard-attr-description" alias="standard-attr-description" description="Extension to add descriptions to standard attributes" updated="2016-02-10T10:00:00-00:00" {{(pid=102111) _check_extension /opt/stack/neutron/neutron/api/extensions.py:415}}
Apr 02 14:45:38.132858 np0000163015 devstack@neutron-api.service[102111]: INFO neutron.api.extensions [None req-8fa5c2ff-4b1c-4334-8701-82537187a766 None None] Loaded extension: standard-attr-description
Apr 02 14:45:38.132993 np0000163015 devstack@neutron-api.service[102111]: DEBUG neutron.api.extensions [None req-8fa5c2ff-4b1c-4334-8701-82537187a766 None None] Loading extension file: stateful_security_group.py {{(pid=102111) _load_all_extensions_from_path /opt/stack/neutron/neutron/api/extensions.py:449}}
Apr 02 14:45:38.133127 np0000163015 devstack@neutron-api.service[102112]: DEBUG neutron.api.extensions [None req-8afea45d-b114-4806-a38a-48c914ea279d None None] Extended resource: next_providers {{(pid=102112) __init__ /opt/stack/neutron/neutron/api/extensions.py:156}}
Apr 02 14:45:38.133214 np0000163015 devstack@neutron-api.service[102111]: DEBUG neutron.api.extensions [None req-8fa5c2ff-4b1c-4334-8701-82537187a766 None None] Ext name="Stateful security group" alias="stateful-security-group" description="Indicates if the security group is stateful or not" updated="2019-11-26T09:00:00-00:00" {{(pid=102111) _check_extension /opt/stack/neutron/neutron/api/extensions.py:415}}
Apr 02 14:45:38.133279 np0000163015 devstack@neutron-api.service[102113]: DEBUG neutron.api.extensions [None req-f5e0004b-fefa-4a14-a5f4-8005ea977bdb None None] Extended resource: dhcp-networks {{(pid=102113) __init__ /opt/stack/neutron/neutron/api/extensions.py:156}}
Apr 02 14:45:38.133533 np0000163015 devstack@neutron-api.service[102111]: INFO neutron.api.extensions [None req-8fa5c2ff-4b1c-4334-8701-82537187a766 None None] Loaded extension: stateful-security-group
Apr 02 14:45:38.133626 np0000163015 devstack@neutron-api.service[102111]: DEBUG neutron.api.extensions [None req-8fa5c2ff-4b1c-4334-8701-82537187a766 None None] Loading extension file: stdattrs_common.py {{(pid=102111) _load_all_extensions_from_path /opt/stack/neutron/neutron/api/extensions.py:449}}
Apr 02 14:45:38.133978 np0000163015 devstack@neutron-api.service[102112]: DEBUG neutron.api.extensions [None req-8afea45d-b114-4806-a38a-48c914ea279d None None] Extended resource: service_profiles {{(pid=102112) __init__ /opt/stack/neutron/neutron/api/extensions.py:156}}
Apr 02 14:45:38.134074 np0000163015 devstack@neutron-api.service[102111]: WARNING neutron.api.extensions [None req-8fa5c2ff-4b1c-4334-8701-82537187a766 None None] Did not find expected name "Stdattrs_common" in /opt/stack/neutron/neutron/extensions/stdattrs_common.py
Apr 02 14:45:38.134074 np0000163015 devstack@neutron-api.service[102111]: DEBUG neutron.api.extensions [None req-8fa5c2ff-4b1c-4334-8701-82537187a766 None None] Loading extension file: subnet_dns_publish_fixed_ip.py {{(pid=102111) _load_all_extensions_from_path /opt/stack/neutron/neutron/api/extensions.py:449}}
Apr 02 14:45:38.134155 np0000163015 devstack@neutron-api.service[102113]: DEBUG neutron.api.extensions [None req-f5e0004b-fefa-4a14-a5f4-8005ea977bdb None None] Extended resource: dhcp-agents {{(pid=102113) __init__ /opt/stack/neutron/neutron/api/extensions.py:156}}
Apr 02 14:45:38.134327 np0000163015 devstack@neutron-api.service[102111]: DEBUG neutron.api.extensions [None req-8fa5c2ff-4b1c-4334-8701-82537187a766 None None] Ext name="Subnet DNS publish fixed IP" alias="subnet-dns-publish-fixed-ip" description="Support choosing to publish DNS records for IPs from a subnet" updated="2019-05-24T10:00:00-00:00" {{(pid=102111) _check_extension /opt/stack/neutron/neutron/api/extensions.py:415}}
Apr 02 14:45:38.134495 np0000163015 devstack@neutron-api.service[102112]: DEBUG neutron.api.extensions [None req-8afea45d-b114-4806-a38a-48c914ea279d None None] Extended resource: floatingip-pools {{(pid=102112) __init__ /opt/stack/neutron/neutron/api/extensions.py:156}}
Apr 02 14:45:38.134738 np0000163015 devstack@neutron-api.service[102111]: INFO neutron.api.extensions [None req-8fa5c2ff-4b1c-4334-8701-82537187a766 None None] Loaded extension: subnet-dns-publish-fixed-ip
Apr 02 14:45:38.134738 np0000163015 devstack@neutron-api.service[102111]: DEBUG neutron.api.extensions [None req-8fa5c2ff-4b1c-4334-8701-82537187a766 None None] Loading extension file: subnet_external_network.py {{(pid=102111) _load_all_extensions_from_path /opt/stack/neutron/neutron/api/extensions.py:449}}
Apr 02 14:45:38.134850 np0000163015 devstack@neutron-api.service[102113]: DEBUG neutron.api.extensions [None req-f5e0004b-fefa-4a14-a5f4-8005ea977bdb None None] Extended resource: routers {{(pid=102113) __init__ /opt/stack/neutron/neutron/api/extensions.py:156}}
Apr 02 14:45:38.135057 np0000163015 devstack@neutron-api.service[102112]: DEBUG neutron.api.extensions [None req-8afea45d-b114-4806-a38a-48c914ea279d None None] Extended resource: routers {{(pid=102112) __init__ /opt/stack/neutron/neutron/api/extensions.py:156}}
Apr 02 14:45:38.135087 np0000163015 devstack@neutron-api.service[102111]: DEBUG neutron.api.extensions [None req-8fa5c2ff-4b1c-4334-8701-82537187a766 None None] Ext name="Subnet belongs to an external network" alias="subnet-external-network" description="Informs if the subnet belongs to an external network" updated="2024-02-05T18:00:00-00:00" {{(pid=102111) _check_extension /opt/stack/neutron/neutron/api/extensions.py:415}}
Apr 02 14:45:38.135304 np0000163015 devstack@neutron-api.service[102111]: INFO neutron.api.extensions [None req-8fa5c2ff-4b1c-4334-8701-82537187a766 None None] Loaded extension: subnet-external-network
Apr 02 14:45:38.135460 np0000163015 devstack@neutron-api.service[102111]: DEBUG neutron.api.extensions [None req-8fa5c2ff-4b1c-4334-8701-82537187a766 None None] Loading extension file: subnet_onboard.py {{(pid=102111) _load_all_extensions_from_path /opt/stack/neutron/neutron/api/extensions.py:449}}
Apr 02 14:45:38.135775 np0000163015 devstack@neutron-api.service[102111]: DEBUG neutron.api.extensions [None req-8fa5c2ff-4b1c-4334-8701-82537187a766 None None] Ext name="Subnet Onboard" alias="subnet_onboard" description="Provides support for onboarding subnets into subnet pools" updated="2018-12-18T09:00:00-00:00" {{(pid=102111) _check_extension /opt/stack/neutron/neutron/api/extensions.py:415}}
Apr 02 14:45:38.135895 np0000163015 devstack@neutron-api.service[102113]: DEBUG neutron.api.extensions [None req-f5e0004b-fefa-4a14-a5f4-8005ea977bdb None None] Extended resource: flavors {{(pid=102113) __init__ /opt/stack/neutron/neutron/api/extensions.py:156}}
Apr 02 14:45:38.135993 np0000163015 devstack@neutron-api.service[102112]: DEBUG neutron.api.extensions [None req-8afea45d-b114-4806-a38a-48c914ea279d None None] Extended resource: floatingips {{(pid=102112) __init__ /opt/stack/neutron/neutron/api/extensions.py:156}}
Apr 02 14:45:38.136088 np0000163015 devstack@neutron-api.service[102111]: INFO neutron.api.extensions [None req-8fa5c2ff-4b1c-4334-8701-82537187a766 None None] Extension subnet_onboard not supported by any of loaded plugins
Apr 02 14:45:38.136183 np0000163015 devstack@neutron-api.service[102111]: DEBUG neutron.api.extensions [None req-8fa5c2ff-4b1c-4334-8701-82537187a766 None None] Loading extension file: subnet_segmentid_writable.py {{(pid=102111) _load_all_extensions_from_path /opt/stack/neutron/neutron/api/extensions.py:449}}
Apr 02 14:45:38.136473 np0000163015 devstack@neutron-api.service[102111]: DEBUG neutron.api.extensions [None req-8fa5c2ff-4b1c-4334-8701-82537187a766 None None] Ext name="Subnet SegmentID (writable)" alias="subnet-segmentid-writable" description="Provides a writable segment_id attribute for a subnet resource." updated="2018-03-12T00:00:00-00:00" {{(pid=102111) _check_extension /opt/stack/neutron/neutron/api/extensions.py:415}}
Apr 02 14:45:38.136509 np0000163015 devstack@neutron-api.service[102112]: DEBUG neutron.api.extensions [None req-8afea45d-b114-4806-a38a-48c914ea279d None None] Extended resource: network-ip-availabilities {{(pid=102112) __init__ /opt/stack/neutron/neutron/api/extensions.py:156}}
Apr 02 14:45:38.136681 np0000163015 devstack@neutron-api.service[102111]: INFO neutron.api.extensions [None req-8fa5c2ff-4b1c-4334-8701-82537187a766 None None] Extension subnet-segmentid-writable not supported by any of loaded plugins
Apr 02 14:45:38.136845 np0000163015 devstack@neutron-api.service[102111]: DEBUG neutron.api.extensions [None req-8fa5c2ff-4b1c-4334-8701-82537187a766 None None] Loading extension file: subnet_service_types.py {{(pid=102111) _load_all_extensions_from_path /opt/stack/neutron/neutron/api/extensions.py:449}}
Apr 02 14:45:38.137137 np0000163015 devstack@neutron-api.service[102112]: DEBUG neutron.api.extensions [None req-8afea45d-b114-4806-a38a-48c914ea279d None None] Extended resource: network-ip-availabilities {{(pid=102112) __init__ /opt/stack/neutron/neutron/api/extensions.py:156}}
Apr 02 14:45:38.137166 np0000163015 devstack@neutron-api.service[102113]: DEBUG neutron.api.extensions [None req-f5e0004b-fefa-4a14-a5f4-8005ea977bdb None None] Extended resource: service_profiles {{(pid=102113) __init__ /opt/stack/neutron/neutron/api/extensions.py:156}}
Apr 02 14:45:38.137362 np0000163015 devstack@neutron-api.service[102111]: DEBUG neutron.api.extensions [None req-8fa5c2ff-4b1c-4334-8701-82537187a766 None None] Ext name="Subnet service types" alias="subnet-service-types" description="Provides ability to set the subnet service_types field" updated="2016-03-15T18:00:00-00:00" {{(pid=102111) _check_extension /opt/stack/neutron/neutron/api/extensions.py:415}}
Apr 02 14:45:38.137632 np0000163015 devstack@neutron-api.service[102112]: DEBUG neutron.api.extensions [None req-8afea45d-b114-4806-a38a-48c914ea279d None None] Extended resource: bindings {{(pid=102112) __init__ /opt/stack/neutron/neutron/api/extensions.py:156}}
Apr 02 14:45:38.137662 np0000163015 devstack@neutron-api.service[102111]: INFO neutron.api.extensions [None req-8fa5c2ff-4b1c-4334-8701-82537187a766 None None] Loaded extension: subnet-service-types
Apr 02 14:45:38.137728 np0000163015 devstack@neutron-api.service[102113]: DEBUG neutron.api.extensions [None req-f5e0004b-fefa-4a14-a5f4-8005ea977bdb None None] Extended resource: next_providers {{(pid=102113) __init__ /opt/stack/neutron/neutron/api/extensions.py:156}}
Apr 02 14:45:38.137824 np0000163015 devstack@neutron-api.service[102111]: DEBUG neutron.api.extensions [None req-8fa5c2ff-4b1c-4334-8701-82537187a766 None None] Loading extension file: subnetallocation.py {{(pid=102111) _load_all_extensions_from_path /opt/stack/neutron/neutron/api/extensions.py:449}}
Apr 02 14:45:38.138186 np0000163015 devstack@neutron-api.service[102111]: DEBUG neutron.api.extensions [None req-8fa5c2ff-4b1c-4334-8701-82537187a766 None None] Ext name="Subnet Allocation" alias="subnet_allocation" description="Enables allocation of subnets from a subnet pool" updated="2015-03-30T10:00:00-00:00" {{(pid=102111) _check_extension /opt/stack/neutron/neutron/api/extensions.py:415}}
Apr 02 14:45:38.138350 np0000163015 devstack@neutron-api.service[102112]: DEBUG neutron.api.extensions [None req-8afea45d-b114-4806-a38a-48c914ea279d None None] Extended resource: quotas {{(pid=102112) __init__ /opt/stack/neutron/neutron/api/extensions.py:156}}
Apr 02 14:45:38.138411 np0000163015 devstack@neutron-api.service[102113]: DEBUG neutron.api.extensions [None req-f5e0004b-fefa-4a14-a5f4-8005ea977bdb None None] Extended resource: service_profiles {{(pid=102113) __init__ /opt/stack/neutron/neutron/api/extensions.py:156}}
Apr 02 14:45:38.138440 np0000163015 devstack@neutron-api.service[102111]: INFO neutron.api.extensions [None req-8fa5c2ff-4b1c-4334-8701-82537187a766 None None] Loaded extension: subnet_allocation
Apr 02 14:45:38.138534 np0000163015 devstack@neutron-api.service[102111]: DEBUG neutron.api.extensions [None req-8fa5c2ff-4b1c-4334-8701-82537187a766 None None] Loading extension file: subnetpool_prefix_ops.py {{(pid=102111) _load_all_extensions_from_path /opt/stack/neutron/neutron/api/extensions.py:449}}
Apr 02 14:45:38.138925 np0000163015 devstack@neutron-api.service[102111]: DEBUG neutron.api.extensions [None req-8fa5c2ff-4b1c-4334-8701-82537187a766 None None] Ext name="Subnet Pool Prefix Operations" alias="subnetpool-prefix-ops" description="Provides support for adjusting the prefix list of subnet pools" updated="2019-02-08T10:00:00-00:00" {{(pid=102111) _check_extension /opt/stack/neutron/neutron/api/extensions.py:415}}
Apr 02 14:45:38.139174 np0000163015 devstack@neutron-api.service[102111]: INFO neutron.api.extensions [None req-8fa5c2ff-4b1c-4334-8701-82537187a766 None None] Loaded extension: subnetpool-prefix-ops
Apr 02 14:45:38.139200 np0000163015 devstack@neutron-api.service[102113]: DEBUG neutron.api.extensions [None req-f5e0004b-fefa-4a14-a5f4-8005ea977bdb None None] Extended resource: floatingip-pools {{(pid=102113) __init__ /opt/stack/neutron/neutron/api/extensions.py:156}}
Apr 02 14:45:38.139278 np0000163015 devstack@neutron-api.service[102111]: DEBUG neutron.api.extensions [None req-8fa5c2ff-4b1c-4334-8701-82537187a766 None None] Loading extension file: tag_creation.py {{(pid=102111) _load_all_extensions_from_path /opt/stack/neutron/neutron/api/extensions.py:449}}
Apr 02 14:45:38.139581 np0000163015 devstack@neutron-api.service[102111]: DEBUG neutron.api.extensions [None req-8fa5c2ff-4b1c-4334-8701-82537187a766 None None] Ext name="Tag creation extension" alias="tag-creation" description="Allow to create multiple tags for a resource" updated="2024-23-07T10:00:00-00:00" {{(pid=102111) _check_extension /opt/stack/neutron/neutron/api/extensions.py:415}}
Apr 02 14:45:38.139631 np0000163015 devstack@neutron-api.service[102112]: DEBUG neutron.api.extensions [None req-8afea45d-b114-4806-a38a-48c914ea279d None None] Extended resource: quotas {{(pid=102112) __init__ /opt/stack/neutron/neutron/api/extensions.py:156}}
Apr 02 14:45:38.139751 np0000163015 devstack@neutron-api.service[102113]: DEBUG neutron.api.extensions [None req-f5e0004b-fefa-4a14-a5f4-8005ea977bdb None None] Extended resource: routers {{(pid=102113) __init__ /opt/stack/neutron/neutron/api/extensions.py:156}}
Apr 02 14:45:38.139878 np0000163015 devstack@neutron-api.service[102111]: INFO neutron.api.extensions [None req-8fa5c2ff-4b1c-4334-8701-82537187a766 None None] Loaded extension: tag-creation
Apr 02 14:45:38.139976 np0000163015 devstack@neutron-api.service[102111]: DEBUG neutron.api.extensions [None req-8fa5c2ff-4b1c-4334-8701-82537187a766 None None] Loading extension file: tag_ports_during_bulk_creation.py {{(pid=102111) _load_all_extensions_from_path /opt/stack/neutron/neutron/api/extensions.py:449}}
Apr 02 14:45:38.140328 np0000163015 devstack@neutron-api.service[102111]: DEBUG neutron.api.extensions [None req-8fa5c2ff-4b1c-4334-8701-82537187a766 None None] Ext name="Tag Ports During Bulk Creation" alias="tag-ports-during-bulk-creation" description="Allow to tag ports during bulk creation" updated="2019-12-29T19:00:00-00:00" {{(pid=102111) _check_extension /opt/stack/neutron/neutron/api/extensions.py:415}}
Apr 02 14:45:38.140426 np0000163015 devstack@neutron-api.service[102112]: DEBUG neutron.api.extensions [None req-8afea45d-b114-4806-a38a-48c914ea279d None None] Extended resource: rbac-policies {{(pid=102112) __init__ /opt/stack/neutron/neutron/api/extensions.py:156}}
Apr 02 14:45:38.140537 np0000163015 devstack@neutron-api.service[102111]: INFO neutron.api.extensions [None req-8fa5c2ff-4b1c-4334-8701-82537187a766 None None] Extension tag-ports-during-bulk-creation not supported by any of loaded plugins
Apr 02 14:45:38.140640 np0000163015 devstack@neutron-api.service[102111]: DEBUG neutron.api.extensions [None req-8fa5c2ff-4b1c-4334-8701-82537187a766 None None] Loading extension file: tagging.py {{(pid=102111) _load_all_extensions_from_path /opt/stack/neutron/neutron/api/extensions.py:449}}
Apr 02 14:45:38.140991 np0000163015 devstack@neutron-api.service[102113]: DEBUG neutron.api.extensions [None req-f5e0004b-fefa-4a14-a5f4-8005ea977bdb None None] Extended resource: floatingips {{(pid=102113) __init__ /opt/stack/neutron/neutron/api/extensions.py:156}}
Apr 02 14:45:38.141539 np0000163015 devstack@neutron-api.service[102113]: DEBUG neutron.api.extensions [None req-f5e0004b-fefa-4a14-a5f4-8005ea977bdb None None] Extended resource: network-ip-availabilities {{(pid=102113) __init__ /opt/stack/neutron/neutron/api/extensions.py:156}}
Apr 02 14:45:38.142042 np0000163015 devstack@neutron-api.service[102111]: DEBUG neutron.api.extensions [None req-8fa5c2ff-4b1c-4334-8701-82537187a766 None None] Ext name="Tag support for resources with standard attribute: port, subnet, subnetpool, network, security_group, router, floatingip, policy, trunk, network_segment_range" alias="standard-attr-tag" description="Enables to set tag on resources with standard attribute." updated="2017-01-01T00:00:00-00:00" {{(pid=102111) _check_extension /opt/stack/neutron/neutron/api/extensions.py:415}}
Apr 02 14:45:38.142163 np0000163015 devstack@neutron-api.service[102113]: DEBUG neutron.api.extensions [None req-f5e0004b-fefa-4a14-a5f4-8005ea977bdb None None] Extended resource: network-ip-availabilities {{(pid=102113) __init__ /opt/stack/neutron/neutron/api/extensions.py:156}}
Apr 02 14:45:38.142298 np0000163015 devstack@neutron-api.service[102111]: INFO neutron.api.extensions [None req-8fa5c2ff-4b1c-4334-8701-82537187a766 None None] Loaded extension: standard-attr-tag
Apr 02 14:45:38.142451 np0000163015 devstack@neutron-api.service[102111]: DEBUG neutron.api.extensions [None req-8fa5c2ff-4b1c-4334-8701-82537187a766 None None] Loading extension file: timestamp.py {{(pid=102111) _load_all_extensions_from_path /opt/stack/neutron/neutron/api/extensions.py:449}}
Apr 02 14:45:38.142758 np0000163015 devstack@neutron-api.service[102111]: DEBUG neutron.api.extensions [None req-8fa5c2ff-4b1c-4334-8701-82537187a766 None None] Ext name="Resource timestamps" alias="standard-attr-timestamp" description="Adds created_at and updated_at fields to all Neutron resources that have Neutron standard attributes." updated="2016-09-12T10:00:00-00:00" {{(pid=102111) _check_extension /opt/stack/neutron/neutron/api/extensions.py:415}}
Apr 02 14:45:38.142914 np0000163015 devstack@neutron-api.service[102113]: DEBUG neutron.api.extensions [None req-f5e0004b-fefa-4a14-a5f4-8005ea977bdb None None] Extended resource: bindings {{(pid=102113) __init__ /opt/stack/neutron/neutron/api/extensions.py:156}}
Apr 02 14:45:38.142970 np0000163015 devstack@neutron-api.service[102111]: INFO neutron.api.extensions [None req-8fa5c2ff-4b1c-4334-8701-82537187a766 None None] Loaded extension: standard-attr-timestamp
Apr 02 14:45:38.143085 np0000163015 devstack@neutron-api.service[102111]: DEBUG neutron.api.extensions [None req-8fa5c2ff-4b1c-4334-8701-82537187a766 None None] Loading extension file: trunk.py {{(pid=102111) _load_all_extensions_from_path /opt/stack/neutron/neutron/api/extensions.py:449}}
Apr 02 14:45:38.143398 np0000163015 devstack@neutron-api.service[102111]: DEBUG neutron.api.extensions [None req-8fa5c2ff-4b1c-4334-8701-82537187a766 None None] Ext name="Trunk Extension" alias="trunk" description="Provides support for trunk ports" updated="2016-01-01T10:00:00-00:00" {{(pid=102111) _check_extension /opt/stack/neutron/neutron/api/extensions.py:415}}
Apr 02 14:45:38.143662 np0000163015 devstack@neutron-api.service[102111]: INFO neutron.api.extensions [None req-8fa5c2ff-4b1c-4334-8701-82537187a766 None None] Extension trunk not supported by any of loaded plugins
Apr 02 14:45:38.143771 np0000163015 devstack@neutron-api.service[102113]: DEBUG neutron.api.extensions [None req-f5e0004b-fefa-4a14-a5f4-8005ea977bdb None None] Extended resource: quotas {{(pid=102113) __init__ /opt/stack/neutron/neutron/api/extensions.py:156}}
Apr 02 14:45:38.143884 np0000163015 devstack@neutron-api.service[102111]: DEBUG neutron.api.extensions [None req-8fa5c2ff-4b1c-4334-8701-82537187a766 None None] Loading extension file: trunk_details.py {{(pid=102111) _load_all_extensions_from_path /opt/stack/neutron/neutron/api/extensions.py:449}}
Apr 02 14:45:38.144136 np0000163015 devstack@neutron-api.service[102111]: DEBUG neutron.api.extensions [None req-8fa5c2ff-4b1c-4334-8701-82537187a766 None None] Ext name="Trunk port details" alias="trunk-details" description="Expose trunk port details" updated="2016-01-01T10:00:00-00:00" {{(pid=102111) _check_extension /opt/stack/neutron/neutron/api/extensions.py:415}}
Apr 02 14:45:38.144320 np0000163015 devstack@neutron-api.service[102111]: INFO neutron.api.extensions [None req-8fa5c2ff-4b1c-4334-8701-82537187a766 None None] Extension trunk-details not supported by any of loaded plugins
Apr 02 14:45:38.144413 np0000163015 devstack@neutron-api.service[102113]: DEBUG neutron.api.extensions [None req-f5e0004b-fefa-4a14-a5f4-8005ea977bdb None None] Extended resource: quotas {{(pid=102113) __init__ /opt/stack/neutron/neutron/api/extensions.py:156}}
Apr 02 14:45:38.144518 np0000163015 devstack@neutron-api.service[102111]: DEBUG neutron.api.extensions [None req-8fa5c2ff-4b1c-4334-8701-82537187a766 None None] Loading extension file: uplink_status_propagation.py {{(pid=102111) _load_all_extensions_from_path /opt/stack/neutron/neutron/api/extensions.py:449}}
Apr 02 14:45:38.144702 np0000163015 devstack@neutron-api.service[102111]: DEBUG neutron.api.extensions [None req-8fa5c2ff-4b1c-4334-8701-82537187a766 None None] Ext name="Uplink status propagation extension" alias="uplink-status-propagation" description="Provides ability to propagate port uplink status." updated="2018-05-31T18:00:00-00:00" {{(pid=102111) _check_extension /opt/stack/neutron/neutron/api/extensions.py:415}}
Apr 02 14:45:38.144945 np0000163015 devstack@neutron-api.service[102111]: INFO neutron.api.extensions [None req-8fa5c2ff-4b1c-4334-8701-82537187a766 None None] Extension uplink-status-propagation not supported by any of loaded plugins
Apr 02 14:45:38.145054 np0000163015 devstack@neutron-api.service[102111]: DEBUG neutron.api.extensions [None req-8fa5c2ff-4b1c-4334-8701-82537187a766 None None] Loading extension file: uplink_status_propagation_updatable.py {{(pid=102111) _load_all_extensions_from_path /opt/stack/neutron/neutron/api/extensions.py:449}}
Apr 02 14:45:38.145151 np0000163015 devstack@neutron-api.service[102113]: DEBUG neutron.api.extensions [None req-f5e0004b-fefa-4a14-a5f4-8005ea977bdb None None] Extended resource: rbac-policies {{(pid=102113) __init__ /opt/stack/neutron/neutron/api/extensions.py:156}}
Apr 02 14:45:38.145331 np0000163015 devstack@neutron-api.service[102111]: DEBUG neutron.api.extensions [None req-8fa5c2ff-4b1c-4334-8701-82537187a766 None None] Ext name="Uplink status propagation updatable extension" alias="uplink-status-propagation-updatable" description="Provides ability to update the port uplink status." updated="2024-09-03T18:00:00-00:00" {{(pid=102111) _check_extension /opt/stack/neutron/neutron/api/extensions.py:415}}
Apr 02 14:45:38.145542 np0000163015 devstack@neutron-api.service[102111]: INFO neutron.api.extensions [None req-8fa5c2ff-4b1c-4334-8701-82537187a766 None None] Extension uplink-status-propagation-updatable not supported by any of loaded plugins
Apr 02 14:45:38.145671 np0000163015 devstack@neutron-api.service[102111]: DEBUG neutron.api.extensions [None req-8fa5c2ff-4b1c-4334-8701-82537187a766 None None] Loading extension file: vlantransparent.py {{(pid=102111) _load_all_extensions_from_path /opt/stack/neutron/neutron/api/extensions.py:449}}
Apr 02 14:45:38.145931 np0000163015 devstack@neutron-api.service[102113]: DEBUG neutron.api.extensions [None req-f5e0004b-fefa-4a14-a5f4-8005ea977bdb None None] Extended resource: default-security-group-rules {{(pid=102113) __init__ /opt/stack/neutron/neutron/api/extensions.py:156}}
Apr 02 14:45:38.146091 np0000163015 devstack@neutron-api.service[102111]: DEBUG neutron.api.extensions [None req-8fa5c2ff-4b1c-4334-8701-82537187a766 None None] Ext name="Vlantransparent" alias="vlan-transparent" description="Provides Vlan Transparent Networks" updated="2015-03-23T09:00:00-00:00" {{(pid=102111) _check_extension /opt/stack/neutron/neutron/api/extensions.py:415}}
Apr 02 14:45:38.146317 np0000163015 devstack@neutron-api.service[102111]: INFO neutron.api.extensions [None req-8fa5c2ff-4b1c-4334-8701-82537187a766 None None] Loaded extension: vlan-transparent
Apr 02 14:45:38.146557 np0000163015 devstack@neutron-api.service[102113]: DEBUG neutron.api.extensions [None req-f5e0004b-fefa-4a14-a5f4-8005ea977bdb None None] Extended resource: security-groups {{(pid=102113) __init__ /opt/stack/neutron/neutron/api/extensions.py:156}}
Apr 02 14:45:38.147109 np0000163015 devstack@neutron-api.service[102113]: DEBUG neutron.api.extensions [None req-f5e0004b-fefa-4a14-a5f4-8005ea977bdb None None] Extended resource: security-group-rules {{(pid=102113) __init__ /opt/stack/neutron/neutron/api/extensions.py:156}}
Apr 02 14:45:38.147682 np0000163015 devstack@neutron-api.service[102113]: DEBUG neutron.api.extensions [None req-f5e0004b-fefa-4a14-a5f4-8005ea977bdb None None] Extended resource: service-providers {{(pid=102113) __init__ /opt/stack/neutron/neutron/api/extensions.py:156}}
Apr 02 14:45:38.148438 np0000163015 devstack@neutron-api.service[102113]: DEBUG neutron.api.extensions [None req-f5e0004b-fefa-4a14-a5f4-8005ea977bdb None None] Extended resource: subnetpools {{(pid=102113) __init__ /opt/stack/neutron/neutron/api/extensions.py:156}}
Apr 02 14:45:38.148762 np0000163015 devstack@neutron-api.service[102111]: INFO neutron.quota.resource_registry [None req-8fa5c2ff-4b1c-4334-8701-82537187a766 None None] Creating instance of TrackedResource for resource:network
Apr 02 14:45:38.149130 np0000163015 devstack@neutron-api.service[102113]: DEBUG neutron.api.extensions [None req-f5e0004b-fefa-4a14-a5f4-8005ea977bdb None None] Extended resource: tags {{(pid=102113) __init__ /opt/stack/neutron/neutron/api/extensions.py:156}}
Apr 02 14:45:38.149160 np0000163015 devstack@neutron-api.service[102111]: INFO neutron.quota.resource_registry [None req-8fa5c2ff-4b1c-4334-8701-82537187a766 None None] Creating instance of TrackedResource for resource:subnet
Apr 02 14:45:38.149305 np0000163015 devstack@neutron-api.service[102111]: INFO neutron.quota.resource_registry [None req-8fa5c2ff-4b1c-4334-8701-82537187a766 None None] Creating instance of TrackedResource for resource:subnetpool
Apr 02 14:45:38.149478 np0000163015 devstack@neutron-api.service[102111]: INFO neutron.quota.resource_registry [None req-8fa5c2ff-4b1c-4334-8701-82537187a766 None None] Creating instance of TrackedResource for resource:port
Apr 02 14:45:38.149941 np0000163015 devstack@neutron-api.service[102113]: DEBUG neutron.api.extensions [None req-f5e0004b-fefa-4a14-a5f4-8005ea977bdb None None] Extended resource: tags {{(pid=102113) __init__ /opt/stack/neutron/neutron/api/extensions.py:156}}
Apr 02 14:45:38.150728 np0000163015 devstack@neutron-api.service[102113]: DEBUG neutron.api.extensions [None req-f5e0004b-fefa-4a14-a5f4-8005ea977bdb None None] Extended resource: tags {{(pid=102113) __init__ /opt/stack/neutron/neutron/api/extensions.py:156}}
Apr 02 14:45:38.151584 np0000163015 devstack@neutron-api.service[102113]: DEBUG neutron.api.extensions [None req-f5e0004b-fefa-4a14-a5f4-8005ea977bdb None None] Extended resource: tags {{(pid=102113) __init__ /opt/stack/neutron/neutron/api/extensions.py:156}}
Apr 02 14:45:38.151667 np0000163015 devstack@neutron-api.service[102111]: DEBUG neutron.api.v2.resource_helper [None req-8fa5c2ff-4b1c-4334-8701-82537187a766 None None] Service L3_ROUTER_NAT assigned prefix: {{(pid=102111) build_resource_info /opt/stack/neutron/neutron/api/v2/resource_helper.py:77}}
Apr 02 14:45:38.152194 np0000163015 devstack@neutron-api.service[102111]: DEBUG neutron.api.v2.resource_helper [None req-8fa5c2ff-4b1c-4334-8701-82537187a766 None None] Service FLAVORS assigned prefix: {{(pid=102111) build_resource_info /opt/stack/neutron/neutron/api/v2/resource_helper.py:77}}
Apr 02 14:45:38.152544 np0000163015 devstack@neutron-api.service[102113]: DEBUG neutron.api.extensions [None req-f5e0004b-fefa-4a14-a5f4-8005ea977bdb None None] Extended resource: tags {{(pid=102113) __init__ /opt/stack/neutron/neutron/api/extensions.py:156}}
Apr 02 14:45:38.153350 np0000163015 devstack@neutron-api.service[102111]: DEBUG neutron.api.v2.resource_helper [None req-8fa5c2ff-4b1c-4334-8701-82537187a766 None None] Service L3_ROUTER_NAT assigned prefix: {{(pid=102111) build_resource_info /opt/stack/neutron/neutron/api/v2/resource_helper.py:77}}
Apr 02 14:45:38.153463 np0000163015 devstack@neutron-api.service[102113]: DEBUG neutron.api.extensions [None req-f5e0004b-fefa-4a14-a5f4-8005ea977bdb None None] Extended resource: tags {{(pid=102113) __init__ /opt/stack/neutron/neutron/api/extensions.py:156}}
Apr 02 14:45:38.153915 np0000163015 devstack@neutron-api.service[102111]: DEBUG neutron.api.v2.resource_helper [None req-8fa5c2ff-4b1c-4334-8701-82537187a766 None None] Service L3_ROUTER_NAT assigned prefix: {{(pid=102111) build_resource_info /opt/stack/neutron/neutron/api/v2/resource_helper.py:77}}
Apr 02 14:45:38.154319 np0000163015 devstack@neutron-api.service[102111]: INFO neutron.quota.resource_registry [None req-8fa5c2ff-4b1c-4334-8701-82537187a766 None None] Creating instance of TrackedResource for resource:router
Apr 02 14:45:38.154349 np0000163015 devstack@neutron-api.service[102113]: DEBUG neutron.api.extensions [None req-f5e0004b-fefa-4a14-a5f4-8005ea977bdb None None] Extended resource: tags {{(pid=102113) __init__ /opt/stack/neutron/neutron/api/extensions.py:156}}
Apr 02 14:45:38.155178 np0000163015 devstack@neutron-api.service[102113]: DEBUG neutron.api.extensions [None req-f5e0004b-fefa-4a14-a5f4-8005ea977bdb None None] Extended resource: tags {{(pid=102113) __init__ /opt/stack/neutron/neutron/api/extensions.py:156}}
Apr 02 14:45:38.155354 np0000163015 devstack@neutron-api.service[102111]: INFO neutron.quota.resource_registry [None req-8fa5c2ff-4b1c-4334-8701-82537187a766 None None] Creating instance of TrackedResource for resource:floatingip
Apr 02 14:45:38.156069 np0000163015 devstack@neutron-api.service[102113]: DEBUG neutron.api.extensions [None req-f5e0004b-fefa-4a14-a5f4-8005ea977bdb None None] Extended resource: tags {{(pid=102113) __init__ /opt/stack/neutron/neutron/api/extensions.py:156}}
Apr 02 14:45:38.157076 np0000163015 devstack@neutron-api.service[102113]: DEBUG neutron.api.extensions [None req-f5e0004b-fefa-4a14-a5f4-8005ea977bdb None None] Extended resource: tags {{(pid=102113) __init__ /opt/stack/neutron/neutron/api/extensions.py:156}}
Apr 02 14:45:38.158352 np0000163015 devstack@neutron-api.service[102111]: INFO neutron.quota.resource_registry [None req-8fa5c2ff-4b1c-4334-8701-82537187a766 None None] Creating instance of CountableResource for resource:rbac_policy
Apr 02 14:45:38.159516 np0000163015 devstack@neutron-api.service[102111]: INFO neutron.quota.resource_registry [None req-8fa5c2ff-4b1c-4334-8701-82537187a766 None None] Creating instance of TrackedResource for resource:security_group
Apr 02 14:45:38.160198 np0000163015 devstack@neutron-api.service[102111]: INFO neutron.quota.resource_registry [None req-8fa5c2ff-4b1c-4334-8701-82537187a766 None None] Creating instance of TrackedResource for resource:security_group_rule
Apr 02 14:45:38.160637 np0000163015 devstack@neutron-api.service[102113]: WARNING keystonemiddleware.auth_token [None req-f5e0004b-fefa-4a14-a5f4-8005ea977bdb None None] AuthToken middleware is set with keystone_authtoken.service_token_roles_required set to False. This is backwards compatible but deprecated behaviour. Please set this to True.
Apr 02 14:45:38.161062 np0000163015 devstack@neutron-api.service[102111]: DEBUG neutron.api.v2.resource_helper [None req-8fa5c2ff-4b1c-4334-8701-82537187a766 None None] Service CORE assigned prefix: {{(pid=102111) build_resource_info /opt/stack/neutron/neutron/api/v2/resource_helper.py:77}}
Apr 02 14:45:38.161254 np0000163015 devstack@neutron-api.service[102111]: INFO neutron.quota.resource_registry [None req-8fa5c2ff-4b1c-4334-8701-82537187a766 None None] Creating instance of TrackedResource for resource:subnetpool
Apr 02 14:45:38.161433 np0000163015 devstack@neutron-api.service[102111]: WARNING neutron.quota.resource_registry [None req-8fa5c2ff-4b1c-4334-8701-82537187a766 None None] subnetpool is already registered
Apr 02 14:45:38.164883 np0000163015 devstack@neutron-api.service[102111]: DEBUG neutron.api.v2.resource_helper [None req-8fa5c2ff-4b1c-4334-8701-82537187a766 None None] Service L3_ROUTER_NAT assigned prefix: {{(pid=102111) build_resource_info /opt/stack/neutron/neutron/api/v2/resource_helper.py:77}}
Apr 02 14:45:38.165415 np0000163015 devstack@neutron-api.service[102111]: DEBUG neutron.api.v2.resource_helper [None req-8fa5c2ff-4b1c-4334-8701-82537187a766 None None] Service FLAVORS assigned prefix: {{(pid=102111) build_resource_info /opt/stack/neutron/neutron/api/v2/resource_helper.py:77}}
Apr 02 14:45:38.166819 np0000163015 devstack@neutron-api.service[102111]: DEBUG neutron.api.v2.resource_helper [None req-8fa5c2ff-4b1c-4334-8701-82537187a766 None None] Service L3_ROUTER_NAT assigned prefix: {{(pid=102111) build_resource_info /opt/stack/neutron/neutron/api/v2/resource_helper.py:77}}
Apr 02 14:45:38.167377 np0000163015 devstack@neutron-api.service[102111]: DEBUG neutron.api.v2.resource_helper [None req-8fa5c2ff-4b1c-4334-8701-82537187a766 None None] Service L3_ROUTER_NAT assigned prefix: {{(pid=102111) build_resource_info /opt/stack/neutron/neutron/api/v2/resource_helper.py:77}}
Apr 02 14:45:38.167552 np0000163015 devstack@neutron-api.service[102111]: INFO neutron.quota.resource_registry [None req-8fa5c2ff-4b1c-4334-8701-82537187a766 None None] Creating instance of TrackedResource for resource:router
Apr 02 14:45:38.167803 np0000163015 devstack@neutron-api.service[102111]: WARNING neutron.quota.resource_registry [None req-8fa5c2ff-4b1c-4334-8701-82537187a766 None None] router is already registered
Apr 02 14:45:38.168409 np0000163015 devstack@neutron-api.service[102111]: INFO neutron.quota.resource_registry [None req-8fa5c2ff-4b1c-4334-8701-82537187a766 None None] Creating instance of TrackedResource for resource:floatingip
Apr 02 14:45:38.168633 np0000163015 devstack@neutron-api.service[102113]: DEBUG neutron_lib.callbacks.manager [None req-f5e0004b-fefa-4a14-a5f4-8005ea977bdb None None] Publish callbacks ['neutron.plugins.ml2.drivers.ovn.mech_driver.mech_driver.OVNMechanismDriver.pre_fork_initialize-302202'] for process (None), before_spawn {{(pid=102113) _notify_loop /opt/stack/data/venv/lib/python3.12/site-packages/neutron_lib/callbacks/manager.py:184}}
Apr 02 14:45:38.168670 np0000163015 devstack@neutron-api.service[102111]: WARNING neutron.quota.resource_registry [None req-8fa5c2ff-4b1c-4334-8701-82537187a766 None None] floatingip is already registered
Apr 02 14:45:38.169024 np0000163015 devstack@neutron-api.service[102113]: DEBUG oslo_concurrency.processutils [None req-f5e0004b-fefa-4a14-a5f4-8005ea977bdb None None] Running cmd (subprocess): ovsdb-client transact ssl:199.204.45.223:6641 --timeout 180 -p /opt/stack/data/CA/int-ca/private/devstack-cert.key -c /opt/stack/data/CA/int-ca/devstack-cert.crt -C /opt/stack/data/CA/int-ca/ca-chain.pem ["OVN_Northbound", {"op": "wait", "timeout": 0, "table": "Port_Group", "where": [["name", "==", "neutron_pg_drop"]], "until": "==", "rows": []}, {"op": "insert", "table": "ACL", "row": {"action": "drop", "direction": "to-lport", "match": "outport == @neutron_pg_drop && ip", "priority": 1001}, "uuid-name": "droptoport"}, {"op": "insert", "table": "ACL", "row": {"action": "drop", "direction": "from-lport", "match": "inport == @neutron_pg_drop && ip", "priority": 1001}, "uuid-name": "dropfromport"}, {"op": "insert", "table": "Port_Group", "row": {"name": "neutron_pg_drop", "acls": ["set", [["named-uuid", "droptoport"], ["named-uuid", "dropfromport"]]]}}] {{(pid=102113) execute /opt/stack/data/venv/lib/python3.12/site-packages/oslo_concurrency/processutils.py:440}}
Apr 02 14:45:38.170558 np0000163015 devstack@neutron-api.service[102111]: INFO neutron.quota.resource_registry [None req-8fa5c2ff-4b1c-4334-8701-82537187a766 None None] Creating instance of CountableResource for resource:rbac_policy
Apr 02 14:45:38.170708 np0000163015 devstack@neutron-api.service[102111]: WARNING neutron.quota.resource_registry [None req-8fa5c2ff-4b1c-4334-8701-82537187a766 None None] rbac_policy is already registered
Apr 02 14:45:38.171303 np0000163015 devstack@neutron-api.service[102111]: INFO neutron.quota.resource_registry [None req-8fa5c2ff-4b1c-4334-8701-82537187a766 None None] Creating instance of TrackedResource for resource:security_group
Apr 02 14:45:38.171402 np0000163015 devstack@neutron-api.service[102111]: WARNING neutron.quota.resource_registry [None req-8fa5c2ff-4b1c-4334-8701-82537187a766 None None] security_group is already registered
Apr 02 14:45:38.171844 np0000163015 devstack@neutron-api.service[102111]: INFO neutron.quota.resource_registry [None req-8fa5c2ff-4b1c-4334-8701-82537187a766 None None] Creating instance of TrackedResource for resource:security_group_rule
Apr 02 14:45:38.171986 np0000163015 devstack@neutron-api.service[102111]: WARNING neutron.quota.resource_registry [None req-8fa5c2ff-4b1c-4334-8701-82537187a766 None None] security_group_rule is already registered
Apr 02 14:45:38.172513 np0000163015 devstack@neutron-api.service[102111]: DEBUG neutron.api.v2.resource_helper [None req-8fa5c2ff-4b1c-4334-8701-82537187a766 None None] Service CORE assigned prefix: {{(pid=102111) build_resource_info /opt/stack/neutron/neutron/api/v2/resource_helper.py:77}}
Apr 02 14:45:38.172700 np0000163015 devstack@neutron-api.service[102111]: INFO neutron.quota.resource_registry [None req-8fa5c2ff-4b1c-4334-8701-82537187a766 None None] Creating instance of TrackedResource for resource:subnetpool
Apr 02 14:45:38.172814 np0000163015 devstack@neutron-api.service[102111]: WARNING neutron.quota.resource_registry [None req-8fa5c2ff-4b1c-4334-8701-82537187a766 None None] subnetpool is already registered
Apr 02 14:45:38.173190 np0000163015 devstack@neutron-api.service[102111]: DEBUG neutron.api.extensions [None req-8fa5c2ff-4b1c-4334-8701-82537187a766 None None] Extended resource: extensions {{(pid=102111) __init__ /opt/stack/neutron/neutron/api/extensions.py:156}}
Apr 02 14:45:38.174166 np0000163015 devstack@neutron-api.service[102111]: DEBUG neutron.api.extensions [None req-8fa5c2ff-4b1c-4334-8701-82537187a766 None None] Extended resource: address-groups {{(pid=102111) __init__ /opt/stack/neutron/neutron/api/extensions.py:156}}
Apr 02 14:45:38.174875 np0000163015 devstack@neutron-api.service[102111]: DEBUG neutron.api.extensions [None req-8fa5c2ff-4b1c-4334-8701-82537187a766 None None] Extended resource: address-scopes {{(pid=102111) __init__ /opt/stack/neutron/neutron/api/extensions.py:156}}
Apr 02 14:45:38.175398 np0000163015 devstack@neutron-api.service[102111]: DEBUG neutron.api.extensions [None req-8fa5c2ff-4b1c-4334-8701-82537187a766 None None] Extended resource: agents {{(pid=102111) __init__ /opt/stack/neutron/neutron/api/extensions.py:156}}
Apr 02 14:45:38.175992 np0000163015 devstack@neutron-api.service[102111]: DEBUG neutron.api.extensions [None req-8fa5c2ff-4b1c-4334-8701-82537187a766 None None] Extended resource: auto-allocated-topology {{(pid=102111) __init__ /opt/stack/neutron/neutron/api/extensions.py:156}}
Apr 02 14:45:38.176558 np0000163015 devstack@neutron-api.service[102111]: DEBUG neutron.api.extensions [None req-8fa5c2ff-4b1c-4334-8701-82537187a766 None None] Extended resource: availability_zones {{(pid=102111) __init__ /opt/stack/neutron/neutron/api/extensions.py:156}}
Apr 02 14:45:38.177122 np0000163015 devstack@neutron-api.service[102111]: DEBUG neutron.api.extensions [None req-8fa5c2ff-4b1c-4334-8701-82537187a766 None None] Extended resource: dhcp-networks {{(pid=102111) __init__ /opt/stack/neutron/neutron/api/extensions.py:156}}
Apr 02 14:45:38.177853 np0000163015 devstack@neutron-api.service[102111]: DEBUG neutron.api.extensions [None req-8fa5c2ff-4b1c-4334-8701-82537187a766 None None] Extended resource: dhcp-agents {{(pid=102111) __init__ /opt/stack/neutron/neutron/api/extensions.py:156}}
Apr 02 14:45:38.178793 np0000163015 devstack@neutron-api.service[102111]: DEBUG neutron.api.extensions [None req-8fa5c2ff-4b1c-4334-8701-82537187a766 None None] Extended resource: routers {{(pid=102111) __init__ /opt/stack/neutron/neutron/api/extensions.py:156}}
Apr 02 14:45:38.180090 np0000163015 devstack@neutron-api.service[102111]: DEBUG neutron.api.extensions [None req-8fa5c2ff-4b1c-4334-8701-82537187a766 None None] Extended resource: flavors {{(pid=102111) __init__ /opt/stack/neutron/neutron/api/extensions.py:156}}
Apr 02 14:45:38.181053 np0000163015 devstack@neutron-api.service[102111]: DEBUG neutron.api.extensions [None req-8fa5c2ff-4b1c-4334-8701-82537187a766 None None] Extended resource: service_profiles {{(pid=102111) __init__ /opt/stack/neutron/neutron/api/extensions.py:156}}
Apr 02 14:45:38.181804 np0000163015 devstack@neutron-api.service[102111]: DEBUG neutron.api.extensions [None req-8fa5c2ff-4b1c-4334-8701-82537187a766 None None] Extended resource: next_providers {{(pid=102111) __init__ /opt/stack/neutron/neutron/api/extensions.py:156}}
Apr 02 14:45:38.182794 np0000163015 devstack@neutron-api.service[102111]: DEBUG neutron.api.extensions [None req-8fa5c2ff-4b1c-4334-8701-82537187a766 None None] Extended resource: service_profiles {{(pid=102111) __init__ /opt/stack/neutron/neutron/api/extensions.py:156}}
Apr 02 14:45:38.183732 np0000163015 devstack@neutron-api.service[102111]: DEBUG neutron.api.extensions [None req-8fa5c2ff-4b1c-4334-8701-82537187a766 None None] Extended resource: floatingip-pools {{(pid=102111) __init__ /opt/stack/neutron/neutron/api/extensions.py:156}}
Apr 02 14:45:38.184559 np0000163015 devstack@neutron-api.service[102111]: DEBUG neutron.api.extensions [None req-8fa5c2ff-4b1c-4334-8701-82537187a766 None None] Extended resource: routers {{(pid=102111) __init__ /opt/stack/neutron/neutron/api/extensions.py:156}}
Apr 02 14:45:38.185924 np0000163015 devstack@neutron-api.service[102111]: DEBUG neutron.api.extensions [None req-8fa5c2ff-4b1c-4334-8701-82537187a766 None None] Extended resource: floatingips {{(pid=102111) __init__ /opt/stack/neutron/neutron/api/extensions.py:156}}
Apr 02 14:45:38.186566 np0000163015 devstack@neutron-api.service[102111]: DEBUG neutron.api.extensions [None req-8fa5c2ff-4b1c-4334-8701-82537187a766 None None] Extended resource: network-ip-availabilities {{(pid=102111) __init__ /opt/stack/neutron/neutron/api/extensions.py:156}}
Apr 02 14:45:38.187148 np0000163015 devstack@neutron-api.service[102111]: DEBUG neutron.api.extensions [None req-8fa5c2ff-4b1c-4334-8701-82537187a766 None None] Extended resource: network-ip-availabilities {{(pid=102111) __init__ /opt/stack/neutron/neutron/api/extensions.py:156}}
Apr 02 14:45:38.187709 np0000163015 devstack@neutron-api.service[102111]: DEBUG neutron.api.extensions [None req-8fa5c2ff-4b1c-4334-8701-82537187a766 None None] Extended resource: bindings {{(pid=102111) __init__ /opt/stack/neutron/neutron/api/extensions.py:156}}
