Apr 02 14:45:38.029806 np0000163015 devstack@neutron-api.service[102112]: DEBUG neutron.api.extensions [None req-8afea45d-b114-4806-a38a-48c914ea279d None None] Loading extension file: auto_allocated_topology.py {{(pid=102112) _load_all_extensions_from_path /opt/stack/neutron/neutron/api/extensions.py:449}}
Apr 02 14:45:38.029847 np0000163015 devstack@neutron-api.service[102111]: DEBUG neutron_lib.callbacks.manager [None req-8fa5c2ff-4b1c-4334-8701-82537187a766 None None] Subscribe: > network after_delete 55550000, False {{(pid=102111) subscribe /opt/stack/data/venv/lib/python3.12/site-packages/neutron_lib/callbacks/manager.py:52}}
Apr 02 14:45:38.029961 np0000163015 devstack@neutron-api.service[102111]: DEBUG neutron_lib.callbacks.manager [None req-8fa5c2ff-4b1c-4334-8701-82537187a766 None None] Subscribe: > security_group after_create 55550000, False {{(pid=102111) subscribe /opt/stack/data/venv/lib/python3.12/site-packages/neutron_lib/callbacks/manager.py:52}}
Apr 02 14:45:38.030053 np0000163015 devstack@neutron-api.service[102111]: DEBUG neutron_lib.callbacks.manager [None req-8fa5c2ff-4b1c-4334-8701-82537187a766 None None] Subscribe: > security_group after_update 55550000, False {{(pid=102111) subscribe /opt/stack/data/venv/lib/python3.12/site-packages/neutron_lib/callbacks/manager.py:52}}
Apr 02 14:45:38.030151 np0000163015 devstack@neutron-api.service[102111]: DEBUG neutron_lib.callbacks.manager [None req-8fa5c2ff-4b1c-4334-8701-82537187a766 None None] Subscribe: > security_group after_delete 55550000, False {{(pid=102111) subscribe /opt/stack/data/venv/lib/python3.12/site-packages/neutron_lib/callbacks/manager.py:52}}
Apr 02 14:45:38.030238 np0000163015 devstack@neutron-api.service[102112]: DEBUG neutron.api.extensions [None req-8afea45d-b114-4806-a38a-48c914ea279d None None] Ext name="Auto Allocated Topology Services" alias="auto-allocated-topology" description="Auto Allocated Topology Services." updated="2016-01-01T00:00:00-00:00" {{(pid=102112) _check_extension /opt/stack/neutron/neutron/api/extensions.py:415}}
Apr 02 14:45:38.030281 np0000163015 devstack@neutron-api.service[102111]: DEBUG neutron_lib.callbacks.manager [None req-8fa5c2ff-4b1c-4334-8701-82537187a766 None None] Subscribe: > security_group_rule after_create 55550000, False {{(pid=102111) subscribe /opt/stack/data/venv/lib/python3.12/site-packages/neutron_lib/callbacks/manager.py:52}}
Apr 02 14:45:38.030348 np0000163015 devstack@neutron-api.service[102111]: DEBUG neutron_lib.callbacks.manager [None req-8fa5c2ff-4b1c-4334-8701-82537187a766 None None] Subscribe: > security_group_rule after_update 55550000, False {{(pid=102111) subscribe /opt/stack/data/venv/lib/python3.12/site-packages/neutron_lib/callbacks/manager.py:52}}
Apr 02 14:45:38.030448 np0000163015 devstack@neutron-api.service[102111]: DEBUG neutron_lib.callbacks.manager [None req-8fa5c2ff-4b1c-4334-8701-82537187a766 None None] Subscribe: > security_group_rule after_delete 55550000, False {{(pid=102111) subscribe /opt/stack/data/venv/lib/python3.12/site-packages/neutron_lib/callbacks/manager.py:52}}
Apr 02 14:45:38.030543 np0000163015 devstack@neutron-api.service[102112]: INFO neutron.api.extensions [None req-8afea45d-b114-4806-a38a-48c914ea279d None None] Loaded extension: auto-allocated-topology
Apr 02 14:45:38.030581 np0000163015 devstack@neutron-api.service[102111]: DEBUG neutron_lib.callbacks.manager [None req-8fa5c2ff-4b1c-4334-8701-82537187a766 None None] Subscribe: > address_group after_create 55550000, False {{(pid=102111) subscribe /opt/stack/data/venv/lib/python3.12/site-packages/neutron_lib/callbacks/manager.py:52}}
Apr 02 14:45:38.030647 np0000163015 devstack@neutron-api.service[102111]: DEBUG neutron_lib.callbacks.manager [None req-8fa5c2ff-4b1c-4334-8701-82537187a766 None None] Subscribe: > address_group after_update 55550000, False {{(pid=102111) subscribe /opt/stack/data/venv/lib/python3.12/site-packages/neutron_lib/callbacks/manager.py:52}}
Apr 02 14:45:38.030718 np0000163015 devstack@neutron-api.service[102112]: DEBUG neutron.api.extensions [None req-8afea45d-b114-4806-a38a-48c914ea279d None None] Loading extension file: availability_zone.py {{(pid=102112) _load_all_extensions_from_path /opt/stack/neutron/neutron/api/extensions.py:449}}
Apr 02 14:45:38.030758 np0000163015 devstack@neutron-api.service[102111]: DEBUG neutron_lib.callbacks.manager [None req-8fa5c2ff-4b1c-4334-8701-82537187a766 None None] Subscribe: > address_group after_delete 55550000, False {{(pid=102111) subscribe /opt/stack/data/venv/lib/python3.12/site-packages/neutron_lib/callbacks/manager.py:52}}
Apr 02 14:45:38.030862 np0000163015 devstack@neutron-api.service[102111]: DEBUG neutron.plugins.ml2.ovo_rpc [None req-8fa5c2ff-4b1c-4334-8701-82537187a766 None None] ML2 OVO RPC backend initialized. {{(pid=102111) __init__ /opt/stack/neutron/neutron/plugins/ml2/ovo_rpc.py:117}}
Apr 02 14:45:38.030967 np0000163015 devstack@neutron-api.service[102113]: DEBUG neutron.manager [None req-f5e0004b-fefa-4a14-a5f4-8005ea977bdb None None] Successfully loaded network-ip-availability plugin. Description: Provides IP availability data for each network and subnet. {{(pid=102113) _create_and_add_service_plugin /opt/stack/neutron/neutron/manager.py:239}}
Apr 02 14:45:38.031093 np0000163015 devstack@neutron-api.service[102113]: INFO neutron.manager [None req-f5e0004b-fefa-4a14-a5f4-8005ea977bdb None None] Loading Plugin: flavors
Apr 02 14:45:38.031250 np0000163015 devstack@neutron-api.service[102112]: DEBUG neutron.api.extensions [None req-8afea45d-b114-4806-a38a-48c914ea279d None None] Ext name="Availability Zone" alias="availability_zone" description="The availability zone extension." updated="2015-01-01T10:00:00-00:00" {{(pid=102112) _check_extension /opt/stack/neutron/neutron/api/extensions.py:415}}
Apr 02 14:45:38.031595 np0000163015 devstack@neutron-api.service[102112]: INFO neutron.api.extensions [None req-8afea45d-b114-4806-a38a-48c914ea279d None None] Loaded extension: availability_zone
Apr 02 14:45:38.031835 np0000163015 devstack@neutron-api.service[102112]: DEBUG neutron.api.extensions [None req-8afea45d-b114-4806-a38a-48c914ea279d None None] Loading extension file: availability_zone_filter.py {{(pid=102112) _load_all_extensions_from_path /opt/stack/neutron/neutron/api/extensions.py:449}}
Apr 02 14:45:38.031885 np0000163015 devstack@neutron-api.service[102111]: INFO neutron.quota [None req-8fa5c2ff-4b1c-4334-8701-82537187a766 None None] Loaded quota_driver: .
Apr 02 14:45:38.031950 np0000163015 devstack@neutron-api.service[102111]: INFO neutron.plugins.ml2.plugin [None req-8fa5c2ff-4b1c-4334-8701-82537187a766 None None] Modular L2 Plugin initialization complete
Apr 02 14:45:38.032108 np0000163015 devstack@neutron-api.service[102111]: DEBUG neutron.manager [None req-8fa5c2ff-4b1c-4334-8701-82537187a766 None None] Loading services supported by the core plugin {{(pid=102111) _load_services_from_core_plugin /opt/stack/neutron/neutron/manager.py:170}}
Apr 02 14:45:38.032227 np0000163015 devstack@neutron-api.service[102111]: INFO neutron.plugins.ml2.managers [None req-8fa5c2ff-4b1c-4334-8701-82537187a766 None None] Got port-security extension from driver 'port_security'
Apr 02 14:45:38.032285 np0000163015 devstack@neutron-api.service[102112]: DEBUG neutron.api.extensions [None req-8afea45d-b114-4806-a38a-48c914ea279d None None] Ext name="Availability Zone Filter Extension" alias="availability_zone_filter" description="Add filter parameters to AvailabilityZone resource" updated="2018-06-22T10:00:00-00:00" {{(pid=102112) _check_extension /opt/stack/neutron/neutron/api/extensions.py:415}}
Apr 02 14:45:38.032530 np0000163015 devstack@neutron-api.service[102111]: DEBUG neutron.manager [None req-8fa5c2ff-4b1c-4334-8701-82537187a766 None None] Loading service plugins: ['ovn-router', 'auto_allocate', 'tag', 'timestamp', 'network_ip_availability', 'flavors', 'revisions'] {{(pid=102111) _load_service_plugins /opt/stack/neutron/neutron/manager.py:195}}
Apr 02 14:45:38.032575 np0000163015 devstack@neutron-api.service[102112]: INFO neutron.api.extensions [None req-8afea45d-b114-4806-a38a-48c914ea279d None None] Extension availability_zone_filter not supported by any of loaded plugins
Apr 02 14:45:38.032614 np0000163015 devstack@neutron-api.service[102113]: DEBUG neutron.manager [None req-f5e0004b-fefa-4a14-a5f4-8005ea977bdb None None] Successfully loaded FLAVORS plugin. Description: Neutron Flavors and Service Profiles manager plugin {{(pid=102113) _create_and_add_service_plugin /opt/stack/neutron/neutron/manager.py:239}}
Apr 02 14:45:38.032653 np0000163015 devstack@neutron-api.service[102111]: INFO neutron.manager [None req-8fa5c2ff-4b1c-4334-8701-82537187a766 None None] Loading Plugin: ovn-router
Apr 02 14:45:38.032689 np0000163015 devstack@neutron-api.service[102113]: INFO neutron.manager [None req-f5e0004b-fefa-4a14-a5f4-8005ea977bdb None None] Loading Plugin: revisions
Apr 02 14:45:38.032718 np0000163015 devstack@neutron-api.service[102112]: DEBUG neutron.api.extensions [None req-8afea45d-b114-4806-a38a-48c914ea279d None None] Loading extension file: data_plane_status.py {{(pid=102112) _load_all_extensions_from_path /opt/stack/neutron/neutron/api/extensions.py:449}}
Apr 02 14:45:38.033069 np0000163015 devstack@neutron-api.service[102112]: DEBUG neutron.api.extensions [None req-8afea45d-b114-4806-a38a-48c914ea279d None None] Ext name="Port data plane status extension" alias="data-plane-status" description="Expose status of underlying data plane" updated="2017-01-24T10:00:00-00:00" {{(pid=102112) _check_extension /opt/stack/neutron/neutron/api/extensions.py:415}}
Apr 02 14:45:38.033434 np0000163015 devstack@neutron-api.service[102112]: INFO neutron.api.extensions [None req-8afea45d-b114-4806-a38a-48c914ea279d None None] Extension data-plane-status not supported by any of loaded plugins
Apr 02 14:45:38.033434 np0000163015 devstack@neutron-api.service[102112]: DEBUG neutron.api.extensions [None req-8afea45d-b114-4806-a38a-48c914ea279d None None] Loading extension file: default_subnetpools.py {{(pid=102112) _load_all_extensions_from_path /opt/stack/neutron/neutron/api/extensions.py:449}}
Apr 02 14:45:38.033678 np0000163015 devstack@neutron-api.service[102113]: DEBUG neutron.manager [None req-f5e0004b-fefa-4a14-a5f4-8005ea977bdb None None] Successfully loaded revision_plugin plugin. Description: Adds revision numbers to resources. {{(pid=102113) _create_and_add_service_plugin /opt/stack/neutron/neutron/manager.py:239}}
Apr 02 14:45:38.033801 np0000163015 devstack@neutron-api.service[102112]: DEBUG neutron.api.extensions [None req-8afea45d-b114-4806-a38a-48c914ea279d None None] Ext name="Default Subnetpools" alias="default-subnetpools" description="Provides ability to mark and use a subnetpool as the default." updated="2016-02-18T18:00:00-00:00" {{(pid=102112) _check_extension /opt/stack/neutron/neutron/api/extensions.py:415}}
Apr 02 14:45:38.033838 np0000163015 devstack@neutron-api.service[102113]: DEBUG oslo_concurrency.lockutils [None req-f5e0004b-fefa-4a14-a5f4-8005ea977bdb None None] Lock "manager" "released" by "neutron.manager.NeutronManager._create_instance" :: held 4.681s {{(pid=102113) inner /opt/stack/data/venv/lib/python3.12/site-packages/oslo_concurrency/lockutils.py:538}}
Apr 02 14:45:38.034035 np0000163015 devstack@neutron-api.service[102113]: DEBUG neutron.api.extensions [None req-f5e0004b-fefa-4a14-a5f4-8005ea977bdb None None] get_extension_paths = OrderedDict({'/opt/stack/neutron/neutron/extensions': 1}) {{(pid=102113) get_extensions_path /opt/stack/neutron/neutron/api/extensions.py:640}}
Apr 02 14:45:38.034071 np0000163015 devstack@neutron-api.service[102112]: INFO neutron.api.extensions [None req-8afea45d-b114-4806-a38a-48c914ea279d None None] Loaded extension: default-subnetpools
Apr 02 14:45:38.034129 np0000163015 devstack@neutron-api.service[102113]: INFO neutron.api.extensions [None req-f5e0004b-fefa-4a14-a5f4-8005ea977bdb None None] Initializing extension manager.
Apr 02 14:45:38.034245 np0000163015 devstack@neutron-api.service[102112]: DEBUG neutron.api.extensions [None req-8afea45d-b114-4806-a38a-48c914ea279d None None] Loading extension file: dhcpagentscheduler.py {{(pid=102112) _load_all_extensions_from_path /opt/stack/neutron/neutron/api/extensions.py:449}}
Apr 02 14:45:38.034376 np0000163015 devstack@neutron-api.service[102113]: DEBUG neutron.api.extensions [None req-f5e0004b-fefa-4a14-a5f4-8005ea977bdb None None] Loading extension file: __init__.py {{(pid=102113) _load_all_extensions_from_path /opt/stack/neutron/neutron/api/extensions.py:449}}
Apr 02 14:45:38.034481 np0000163015 devstack@neutron-api.service[102113]: DEBUG neutron.api.extensions [None req-f5e0004b-fefa-4a14-a5f4-8005ea977bdb None None] Loading extension file: __pycache__ {{(pid=102113) _load_all_extensions_from_path /opt/stack/neutron/neutron/api/extensions.py:449}}
Apr 02 14:45:38.034581 np0000163015 devstack@neutron-api.service[102113]: DEBUG neutron.api.extensions [None req-f5e0004b-fefa-4a14-a5f4-8005ea977bdb None None] Loading extension file: address_group.py {{(pid=102113) _load_all_extensions_from_path /opt/stack/neutron/neutron/api/extensions.py:449}}
Apr 02 14:45:38.034720 np0000163015 devstack@neutron-api.service[102112]: DEBUG neutron.api.extensions [None req-8afea45d-b114-4806-a38a-48c914ea279d None None] Ext name="DHCP Agent Scheduler" alias="dhcp_agent_scheduler" description="Schedule networks among dhcp agents" updated="2013-02-07T10:00:00-00:00" {{(pid=102112) _check_extension /opt/stack/neutron/neutron/api/extensions.py:415}}
Apr 02 14:45:38.034930 np0000163015 devstack@neutron-api.service[102113]: DEBUG neutron.api.extensions [None req-f5e0004b-fefa-4a14-a5f4-8005ea977bdb None None] Ext name="Address group" alias="address-group" description="Support address group" updated="2020-07-15T10:00:00-00:00" {{(pid=102113) _check_extension /opt/stack/neutron/neutron/api/extensions.py:415}}
Apr 02 14:45:38.035001 np0000163015 devstack@neutron-api.service[102112]: INFO neutron.api.extensions [None req-8afea45d-b114-4806-a38a-48c914ea279d None None] Loaded extension: dhcp_agent_scheduler
Apr 02 14:45:38.035143 np0000163015 devstack@neutron-api.service[102112]: DEBUG neutron.api.extensions [None req-8afea45d-b114-4806-a38a-48c914ea279d None None] Loading extension file: dns.py {{(pid=102112) _load_all_extensions_from_path /opt/stack/neutron/neutron/api/extensions.py:449}}
Apr 02 14:45:38.035185 np0000163015 devstack@neutron-api.service[102113]: INFO neutron.api.extensions [None req-f5e0004b-fefa-4a14-a5f4-8005ea977bdb None None] Loaded extension: address-group
Apr 02 14:45:38.035253 np0000163015 devstack@neutron-api.service[102113]: DEBUG neutron.api.extensions [None req-f5e0004b-fefa-4a14-a5f4-8005ea977bdb None None] Loading extension file: address_scope.py {{(pid=102113) _load_all_extensions_from_path /opt/stack/neutron/neutron/api/extensions.py:449}}
Apr 02 14:45:38.035487 np0000163015 devstack@neutron-api.service[102112]: DEBUG neutron.api.extensions [None req-8afea45d-b114-4806-a38a-48c914ea279d None None] Ext name="DNS Integration" alias="dns-integration" description="Provides integration with DNS." updated="2015-08-15T18:00:00-00:00" {{(pid=102112) _check_extension /opt/stack/neutron/neutron/api/extensions.py:415}}
Apr 02 14:45:38.035555 np0000163015 devstack@neutron-api.service[102113]: DEBUG neutron.api.extensions [None req-f5e0004b-fefa-4a14-a5f4-8005ea977bdb None None] Ext name="Address scope" alias="address-scope" description="Address scopes extension." updated="2015-07-26T10:00:00-00:00" {{(pid=102113) _check_extension /opt/stack/neutron/neutron/api/extensions.py:415}}
Apr 02 14:45:38.035746 np0000163015 devstack@neutron-api.service[102112]: INFO neutron.api.extensions [None req-8afea45d-b114-4806-a38a-48c914ea279d None None] Loaded extension: dns-integration
Apr 02 14:45:38.035827 np0000163015 devstack@neutron-api.service[102113]: INFO neutron.api.extensions [None req-f5e0004b-fefa-4a14-a5f4-8005ea977bdb None None] Loaded extension: address-scope
Apr 02 14:45:38.035893 np0000163015 devstack@neutron-api.service[102113]: DEBUG neutron.api.extensions [None req-f5e0004b-fefa-4a14-a5f4-8005ea977bdb None None] Loading extension file: admin_state_down_before_update.py {{(pid=102113) _load_all_extensions_from_path /opt/stack/neutron/neutron/api/extensions.py:449}}
Apr 02 14:45:38.035999 np0000163015 devstack@neutron-api.service[102112]: DEBUG neutron.api.extensions [None req-8afea45d-b114-4806-a38a-48c914ea279d None None] Loading extension file: dns_domain_ports.py {{(pid=102112) _load_all_extensions_from_path /opt/stack/neutron/neutron/api/extensions.py:449}}
Apr 02 14:45:38.036173 np0000163015 devstack@neutron-api.service[102113]: DEBUG neutron.api.extensions [None req-f5e0004b-fefa-4a14-a5f4-8005ea977bdb None None] Ext name="Enforce Router's Admin State Down Before Update Extension" alias="router-admin-state-down-before-update" description="Ensure that the admin state of a router is DOWN (admin_state_up=False) before updating the distributed attribute" updated="2019-07-02T15:56:00" {{(pid=102113) _check_extension /opt/stack/neutron/neutron/api/extensions.py:415}}
Apr 02 14:45:38.036376 np0000163015 devstack@neutron-api.service[102112]: DEBUG neutron.api.extensions [None req-8afea45d-b114-4806-a38a-48c914ea279d None None] Ext name="dns_domain for ports" alias="dns-domain-ports" description="Allows the DNS domain to be specified for a network port." updated="2017-04-24T10:00:00-00:00" {{(pid=102112) _check_extension /opt/stack/neutron/neutron/api/extensions.py:415}}
Apr 02 14:45:38.036438 np0000163015 devstack@neutron-api.service[102113]: INFO neutron.api.extensions [None req-f5e0004b-fefa-4a14-a5f4-8005ea977bdb None None] Extension router-admin-state-down-before-update not supported by any of loaded plugins
Apr 02 14:45:38.036438 np0000163015 devstack@neutron-api.service[102113]: DEBUG neutron.api.extensions [None req-f5e0004b-fefa-4a14-a5f4-8005ea977bdb None None] Loading extension file: agent.py {{(pid=102113) _load_all_extensions_from_path /opt/stack/neutron/neutron/api/extensions.py:449}}
Apr 02 14:45:38.036555 np0000163015 devstack@neutron-api.service[102112]: INFO neutron.api.extensions [None req-8afea45d-b114-4806-a38a-48c914ea279d None None] Loaded extension: dns-domain-ports
Apr 02 14:45:38.036692 np0000163015 devstack@neutron-api.service[102112]: DEBUG neutron.api.extensions [None req-8afea45d-b114-4806-a38a-48c914ea279d None None] Loading extension file: dns_integration_domain_keywords.py {{(pid=102112) _load_all_extensions_from_path /opt/stack/neutron/neutron/api/extensions.py:449}}
Apr 02 14:45:38.036724 np0000163015 devstack@neutron-api.service[102113]: DEBUG neutron.api.extensions [None req-f5e0004b-fefa-4a14-a5f4-8005ea977bdb None None] Ext name="agent" alias="agent" description="The agent management extension." updated="2013-02-03T10:00:00-00:00" {{(pid=102113) _check_extension /opt/stack/neutron/neutron/api/extensions.py:415}}
Apr 02 14:45:38.036922 np0000163015 devstack@neutron-api.service[102113]: INFO neutron.api.extensions [None req-f5e0004b-fefa-4a14-a5f4-8005ea977bdb None None] Loaded extension: agent
Apr 02 14:45:38.036952 np0000163015 devstack@neutron-api.service[102112]: DEBUG neutron.api.extensions [None req-8afea45d-b114-4806-a38a-48c914ea279d None None] Ext name="DNS domain names with keywords allowed" alias="dns-integration-domain-keywords" description="Allows to use keywords like , , and as DNS domain name" updated="2020-06-15T18:00:00-00:00" {{(pid=102112) _check_extension /opt/stack/neutron/neutron/api/extensions.py:415}}
Apr 02 14:45:38.037015 np0000163015 devstack@neutron-api.service[102113]: DEBUG neutron.api.extensions [None req-f5e0004b-fefa-4a14-a5f4-8005ea977bdb None None] Loading extension file: agent_resources_synced.py {{(pid=102113) _load_all_extensions_from_path /opt/stack/neutron/neutron/api/extensions.py:449}}
Apr 02 14:45:38.037132 np0000163015 devstack@neutron-api.service[102112]: INFO neutron.api.extensions [None req-8afea45d-b114-4806-a38a-48c914ea279d None None] Loaded extension: dns-integration-domain-keywords
Apr 02 14:45:38.037229 np0000163015 devstack@neutron-api.service[102112]: DEBUG neutron.api.extensions [None req-8afea45d-b114-4806-a38a-48c914ea279d None None] Loading extension file: dvr.py {{(pid=102112) _load_all_extensions_from_path /opt/stack/neutron/neutron/api/extensions.py:449}}
Apr 02 14:45:38.037269 np0000163015 devstack@neutron-api.service[102113]: DEBUG neutron.api.extensions [None req-f5e0004b-fefa-4a14-a5f4-8005ea977bdb None None] Ext name="Agent's Resource View Synced to Placement" alias="agent-resources-synced" description="Stores success/failure of last sync to Placement" updated="2018-12-19T00:00:00-00:00" {{(pid=102113) _check_extension /opt/stack/neutron/neutron/api/extensions.py:415}}
Apr 02 14:45:38.037423 np0000163015 devstack@neutron-api.service[102113]: INFO neutron.api.extensions [None req-f5e0004b-fefa-4a14-a5f4-8005ea977bdb None None] Extension agent-resources-synced not supported by any of loaded plugins
Apr 02 14:45:38.037508 np0000163015 devstack@neutron-api.service[102112]: DEBUG neutron.api.extensions [None req-8afea45d-b114-4806-a38a-48c914ea279d None None] Ext name="Distributed Virtual Router" alias="dvr" description="Enables configuration of Distributed Virtual Routers." updated="2014-06-1T10:00:00-00:00" {{(pid=102112) _check_extension /opt/stack/neutron/neutron/api/extensions.py:415}}
Apr 02 14:45:38.037538 np0000163015 devstack@neutron-api.service[102113]: DEBUG neutron.api.extensions [None req-f5e0004b-fefa-4a14-a5f4-8005ea977bdb None None] Loading extension file: allowedaddresspairs.py {{(pid=102113) _load_all_extensions_from_path /opt/stack/neutron/neutron/api/extensions.py:449}}
Apr 02 14:45:38.037690 np0000163015 devstack@neutron-api.service[102112]: INFO neutron.api.extensions [None req-8afea45d-b114-4806-a38a-48c914ea279d None None] Extension dvr not supported by any of loaded plugins
Apr 02 14:45:38.037792 np0000163015 devstack@neutron-api.service[102112]: DEBUG neutron.api.extensions [None req-8afea45d-b114-4806-a38a-48c914ea279d None None] Loading extension file: ecmp_routes.py {{(pid=102112) _load_all_extensions_from_path /opt/stack/neutron/neutron/api/extensions.py:449}}
Apr 02 14:45:38.038045 np0000163015 devstack@neutron-api.service[102112]: DEBUG neutron.api.extensions [None req-8afea45d-b114-4806-a38a-48c914ea279d None None] Ext name="Equal Cost Multipath Routing" alias="ecmp_routes" description="Allows traffic to reach thesame destination via multiple different links " updated="2020-11-26T18:00:00-00:00" {{(pid=102112) _check_extension /opt/stack/neutron/neutron/api/extensions.py:415}}
Apr 02 14:45:38.038193 np0000163015 devstack@neutron-api.service[102113]: DEBUG neutron.api.extensions [None req-f5e0004b-fefa-4a14-a5f4-8005ea977bdb None None] Ext name="Allowed Address Pairs" alias="allowed-address-pairs" description="Provides allowed address pairs" updated="2013-07-23T10:00:00-00:00" {{(pid=102113) _check_extension /opt/stack/neutron/neutron/api/extensions.py:415}}
Apr 02 14:45:38.038222 np0000163015 devstack@neutron-api.service[102112]: INFO neutron.api.extensions [None req-8afea45d-b114-4806-a38a-48c914ea279d None None] Extension ecmp_routes not supported by any of loaded plugins
Apr 02 14:45:38.038317 np0000163015 devstack@neutron-api.service[102112]: DEBUG neutron.api.extensions [None req-8afea45d-b114-4806-a38a-48c914ea279d None None] Loading extension file: empty_string_filtering.py {{(pid=102112) _load_all_extensions_from_path /opt/stack/neutron/neutron/api/extensions.py:449}}
Apr 02 14:45:38.038377 np0000163015 devstack@neutron-api.service[102113]: INFO neutron.api.extensions [None req-f5e0004b-fefa-4a14-a5f4-8005ea977bdb None None] Loaded extension: allowed-address-pairs
Apr 02 14:45:38.038466 np0000163015 devstack@neutron-api.service[102113]: DEBUG neutron.api.extensions [None req-f5e0004b-fefa-4a14-a5f4-8005ea977bdb None None] Loading extension file: auto_allocated_topology.py {{(pid=102113) _load_all_extensions_from_path /opt/stack/neutron/neutron/api/extensions.py:449}}
Apr 02 14:45:38.038563 np0000163015 devstack@neutron-api.service[102112]: DEBUG neutron.api.extensions [None req-8afea45d-b114-4806-a38a-48c914ea279d None None] Ext name="Empty String Filtering Extension" alias="empty-string-filtering" description="Allow filtering by attributes with empty string value" updated="2018-05-01T10:00:00-00:00" {{(pid=102112) _check_extension /opt/stack/neutron/neutron/api/extensions.py:415}}
Apr 02 14:45:38.038707 np0000163015 devstack@neutron-api.service[102113]: DEBUG neutron.api.extensions [None req-f5e0004b-fefa-4a14-a5f4-8005ea977bdb None None] Ext name="Auto Allocated Topology Services" alias="auto-allocated-topology" description="Auto Allocated Topology Services." updated="2016-01-01T00:00:00-00:00" {{(pid=102113) _check_extension /opt/stack/neutron/neutron/api/extensions.py:415}}
Apr 02 14:45:38.038739 np0000163015 devstack@neutron-api.service[102112]: INFO neutron.api.extensions [None req-8afea45d-b114-4806-a38a-48c914ea279d None None] Loaded extension: empty-string-filtering
Apr 02 14:45:38.038888 np0000163015 devstack@neutron-api.service[102112]: DEBUG neutron.api.extensions [None req-8afea45d-b114-4806-a38a-48c914ea279d None None] Loading extension file: expose_l3_conntrack_helper.py {{(pid=102112) _load_all_extensions_from_path /opt/stack/neutron/neutron/api/extensions.py:449}}
Apr 02 14:45:38.038922 np0000163015 devstack@neutron-api.service[102113]: INFO neutron.api.extensions [None req-f5e0004b-fefa-4a14-a5f4-8005ea977bdb None None] Loaded extension: auto-allocated-topology
Apr 02 14:45:38.039101 np0000163015 devstack@neutron-api.service[102113]: DEBUG neutron.api.extensions [None req-f5e0004b-fefa-4a14-a5f4-8005ea977bdb None None] Loading extension file: availability_zone.py {{(pid=102113) _load_all_extensions_from_path /opt/stack/neutron/neutron/api/extensions.py:449}}
Apr 02 14:45:38.039127 np0000163015 devstack@neutron-api.service[102112]: DEBUG neutron.api.extensions [None req-8afea45d-b114-4806-a38a-48c914ea279d None None] Ext name="Expose CT target rules for conntrack helper" alias="expose-l3-conntrack-helper" description="Expose allow adding CT target rules for conntrack helper" updated="2019-04-04T10:00:00-00:00" {{(pid=102112) _check_extension /opt/stack/neutron/neutron/api/extensions.py:415}}
Apr 02 14:45:38.039267 np0000163015 devstack@neutron-api.service[102113]: DEBUG neutron.api.extensions [None req-f5e0004b-fefa-4a14-a5f4-8005ea977bdb None None] Ext name="Availability Zone" alias="availability_zone" description="The availability zone extension." updated="2015-01-01T10:00:00-00:00" {{(pid=102113) _check_extension /opt/stack/neutron/neutron/api/extensions.py:415}}
Apr 02 14:45:38.039299 np0000163015 devstack@neutron-api.service[102112]: INFO neutron.api.extensions [None req-8afea45d-b114-4806-a38a-48c914ea279d None None] Extension expose-l3-conntrack-helper not supported by any of loaded plugins
Apr 02 14:45:38.039400 np0000163015 devstack@neutron-api.service[102112]: DEBUG neutron.api.extensions [None req-8afea45d-b114-4806-a38a-48c914ea279d None None] Loading extension file: expose_port_forwarding_in_fip.py {{(pid=102112) _load_all_extensions_from_path /opt/stack/neutron/neutron/api/extensions.py:449}}
Apr 02 14:45:38.039495 np0000163015 devstack@neutron-api.service[102113]: INFO neutron.api.extensions [None req-f5e0004b-fefa-4a14-a5f4-8005ea977bdb None None] Loaded extension: availability_zone
Apr 02 14:45:38.039529 np0000163015 devstack@neutron-api.service[102113]: DEBUG neutron.api.extensions [None req-f5e0004b-fefa-4a14-a5f4-8005ea977bdb None None] Loading extension file: availability_zone_filter.py {{(pid=102113) _load_all_extensions_from_path /opt/stack/neutron/neutron/api/extensions.py:449}}
Apr 02 14:45:38.039611 np0000163015 devstack@neutron-api.service[102112]: DEBUG neutron.api.extensions [None req-8afea45d-b114-4806-a38a-48c914ea279d None None] Ext name="Expose Floating IP port forwardings" alias="expose-port-forwarding-in-fip" description="Expose port forwarding fields in floating IP response" updated="2018-06-28T16:00:00-00:00" {{(pid=102112) _check_extension /opt/stack/neutron/neutron/api/extensions.py:415}}
Apr 02 14:45:38.039762 np0000163015 devstack@neutron-api.service[102113]: DEBUG neutron.api.extensions [None req-f5e0004b-fefa-4a14-a5f4-8005ea977bdb None None] Ext name="Availability Zone Filter Extension" alias="availability_zone_filter" description="Add filter parameters to AvailabilityZone resource" updated="2018-06-22T10:00:00-00:00" {{(pid=102113) _check_extension /opt/stack/neutron/neutron/api/extensions.py:415}}
Apr 02 14:45:38.039814 np0000163015 devstack@neutron-api.service[102112]: INFO neutron.api.extensions [None req-8afea45d-b114-4806-a38a-48c914ea279d None None] Extension expose-port-forwarding-in-fip not supported by any of loaded plugins
Apr 02 14:45:38.039958 np0000163015 devstack@neutron-api.service[102112]: DEBUG neutron.api.extensions [None req-8afea45d-b114-4806-a38a-48c914ea279d None None] Loading extension file: external_net.py {{(pid=102112) _load_all_extensions_from_path /opt/stack/neutron/neutron/api/extensions.py:449}}
Apr 02 14:45:38.040000 np0000163015 devstack@neutron-api.service[102113]: INFO neutron.api.extensions [None req-f5e0004b-fefa-4a14-a5f4-8005ea977bdb None None] Extension availability_zone_filter not supported by any of loaded plugins
Apr 02 14:45:38.040098 np0000163015 devstack@neutron-api.service[102113]: DEBUG neutron.api.extensions [None req-f5e0004b-fefa-4a14-a5f4-8005ea977bdb None None] Loading extension file: data_plane_status.py {{(pid=102113) _load_all_extensions_from_path /opt/stack/neutron/neutron/api/extensions.py:449}}
Apr 02 14:45:38.040200 np0000163015 devstack@neutron-api.service[102112]: DEBUG neutron.api.extensions [None req-8afea45d-b114-4806-a38a-48c914ea279d None None] Ext name="Neutron external network" alias="external-net" description="Adds external network attribute to network resource." updated="2013-01-14T10:00:00-00:00" {{(pid=102112) _check_extension /opt/stack/neutron/neutron/api/extensions.py:415}}
Apr 02 14:45:38.040330 np0000163015 devstack@neutron-api.service[102113]: DEBUG neutron.api.extensions [None req-f5e0004b-fefa-4a14-a5f4-8005ea977bdb None None] Ext name="Port data plane status extension" alias="data-plane-status" description="Expose status of underlying data plane" updated="2017-01-24T10:00:00-00:00" {{(pid=102113) _check_extension /opt/stack/neutron/neutron/api/extensions.py:415}}
Apr 02 14:45:38.040378 np0000163015 devstack@neutron-api.service[102112]: INFO neutron.api.extensions [None req-8afea45d-b114-4806-a38a-48c914ea279d None None] Loaded extension: external-net
Apr 02 14:45:38.040488 np0000163015 devstack@neutron-api.service[102112]: DEBUG neutron.api.extensions [None req-8afea45d-b114-4806-a38a-48c914ea279d None None] Loading extension file: extra_dhcp_opt.py {{(pid=102112) _load_all_extensions_from_path /opt/stack/neutron/neutron/api/extensions.py:449}}
Apr 02 14:45:38.040521 np0000163015 devstack@neutron-api.service[102113]: INFO neutron.api.extensions [None req-f5e0004b-fefa-4a14-a5f4-8005ea977bdb None None] Extension data-plane-status not supported by any of loaded plugins
Apr 02 14:45:38.040588 np0000163015 devstack@neutron-api.service[102113]: DEBUG neutron.api.extensions [None req-f5e0004b-fefa-4a14-a5f4-8005ea977bdb None None] Loading extension file: default_subnetpools.py {{(pid=102113) _load_all_extensions_from_path /opt/stack/neutron/neutron/api/extensions.py:449}}
Apr 02 14:45:38.040731 np0000163015 devstack@neutron-api.service[102112]: DEBUG neutron.api.extensions [None req-8afea45d-b114-4806-a38a-48c914ea279d None None] Ext name="Neutron Extra DHCP options" alias="extra_dhcp_opt" description="Extra options configuration for DHCP. For example PXE boot options to DHCP clients can be specified (e.g. tftp-server, server-ip-address, bootfile-name)" updated="2013-03-17T12:00:00-00:00" {{(pid=102112) _check_extension /opt/stack/neutron/neutron/api/extensions.py:415}}
Apr 02 14:45:38.040835 np0000163015 devstack@neutron-api.service[102113]: DEBUG neutron.api.extensions [None req-f5e0004b-fefa-4a14-a5f4-8005ea977bdb None None] Ext name="Default Subnetpools" alias="default-subnetpools" description="Provides ability to mark and use a subnetpool as the default." updated="2016-02-18T18:00:00-00:00" {{(pid=102113) _check_extension /opt/stack/neutron/neutron/api/extensions.py:415}}
Apr 02 14:45:38.040943 np0000163015 devstack@neutron-api.service[102112]: INFO neutron.api.extensions [None req-8afea45d-b114-4806-a38a-48c914ea279d None None] Loaded extension: extra_dhcp_opt
Apr 02 14:45:38.041021 np0000163015 devstack@neutron-api.service[102113]: INFO neutron.api.extensions [None req-f5e0004b-fefa-4a14-a5f4-8005ea977bdb None None] Loaded extension: default-subnetpools
Apr 02 14:45:38.041051 np0000163015 devstack@neutron-api.service[102112]: DEBUG neutron.api.extensions [None req-8afea45d-b114-4806-a38a-48c914ea279d None None] Loading extension file: extraroute.py {{(pid=102112) _load_all_extensions_from_path /opt/stack/neutron/neutron/api/extensions.py:449}}
Apr 02 14:45:38.041115 np0000163015 devstack@neutron-api.service[102113]: DEBUG neutron.api.extensions [None req-f5e0004b-fefa-4a14-a5f4-8005ea977bdb None None] Loading extension file: dhcpagentscheduler.py {{(pid=102113) _load_all_extensions_from_path /opt/stack/neutron/neutron/api/extensions.py:449}}
Apr 02 14:45:38.041327 np0000163015 devstack@neutron-api.service[102112]: DEBUG neutron.api.extensions [None req-8afea45d-b114-4806-a38a-48c914ea279d None None] Ext name="Neutron Extra Route" alias="extraroute" description="Extra routes configuration for L3 router" updated="2013-02-01T10:00:00-00:00" {{(pid=102112) _check_extension /opt/stack/neutron/neutron/api/extensions.py:415}}
Apr 02 14:45:38.041475 np0000163015 devstack@neutron-api.service[102112]: INFO neutron.api.extensions [None req-8afea45d-b114-4806-a38a-48c914ea279d None None] Loaded extension: extraroute
Apr 02 14:45:38.041546 np0000163015 devstack@neutron-api.service[102113]: DEBUG neutron.api.extensions [None req-f5e0004b-fefa-4a14-a5f4-8005ea977bdb None None] Ext name="DHCP Agent Scheduler" alias="dhcp_agent_scheduler" description="Schedule networks among dhcp agents" updated="2013-02-07T10:00:00-00:00" {{(pid=102113) _check_extension /opt/stack/neutron/neutron/api/extensions.py:415}}
Apr 02 14:45:38.041575 np0000163015 devstack@neutron-api.service[102112]: DEBUG neutron.api.extensions [None req-8afea45d-b114-4806-a38a-48c914ea279d None None] Loading extension file: extraroute_atomic.py {{(pid=102112) _load_all_extensions_from_path /opt/stack/neutron/neutron/api/extensions.py:449}}
Apr 02 14:45:38.041699 np0000163015 devstack@neutron-api.service[102113]: INFO neutron.api.extensions [None req-f5e0004b-fefa-4a14-a5f4-8005ea977bdb None None] Loaded extension: dhcp_agent_scheduler
Apr 02 14:45:38.041803 np0000163015 devstack@neutron-api.service[102113]: DEBUG neutron.api.extensions [None req-f5e0004b-fefa-4a14-a5f4-8005ea977bdb None None] Loading extension file: dns.py {{(pid=102113) _load_all_extensions_from_path /opt/stack/neutron/neutron/api/extensions.py:449}}
Apr 02 14:45:38.041836 np0000163015 devstack@neutron-api.service[102112]: DEBUG neutron.api.extensions [None req-8afea45d-b114-4806-a38a-48c914ea279d None None] Ext name="Atomically add/remove extra routes" alias="extraroute-atomic" description="Edit extra routes of a router on server side by atomically adding/removing extra routes" updated="2019-07-10T00:00:00+00:00" {{(pid=102112) _check_extension /opt/stack/neutron/neutron/api/extensions.py:415}}
Apr 02 14:45:38.042029 np0000163015 devstack@neutron-api.service[102112]: INFO neutron.api.extensions [None req-8afea45d-b114-4806-a38a-48c914ea279d None None] Loaded extension: extraroute-atomic
Apr 02 14:45:38.042066 np0000163015 devstack@neutron-api.service[102113]: DEBUG neutron.api.extensions [None req-f5e0004b-fefa-4a14-a5f4-8005ea977bdb None None] Ext name="DNS Integration" alias="dns-integration" description="Provides integration with DNS." updated="2015-08-15T18:00:00-00:00" {{(pid=102113) _check_extension /opt/stack/neutron/neutron/api/extensions.py:415}}
Apr 02 14:45:38.042125 np0000163015 devstack@neutron-api.service[102112]: DEBUG neutron.api.extensions [None req-8afea45d-b114-4806-a38a-48c914ea279d None None] Loading extension file: filter_validation.py {{(pid=102112) _load_all_extensions_from_path /opt/stack/neutron/neutron/api/extensions.py:449}}
Apr 02 14:45:38.042215 np0000163015 devstack@neutron-api.service[102113]: INFO neutron.api.extensions [None req-f5e0004b-fefa-4a14-a5f4-8005ea977bdb None None] Loaded extension: dns-integration
Apr 02 14:45:38.042281 np0000163015 devstack@neutron-api.service[102111]: DEBUG neutron_lib.callbacks.manager [None req-8fa5c2ff-4b1c-4334-8701-82537187a766 None None] Subscribe: > router before_delete 55550000, False {{(pid=102111) subscribe /opt/stack/data/venv/lib/python3.12/site-packages/neutron_lib/callbacks/manager.py:52}}
Apr 02 14:45:38.042394 np0000163015 devstack@neutron-api.service[102113]: DEBUG neutron.api.extensions [None req-f5e0004b-fefa-4a14-a5f4-8005ea977bdb None None] Loading extension file: dns_domain_ports.py {{(pid=102113) _load_all_extensions_from_path /opt/stack/neutron/neutron/api/extensions.py:449}}
Apr 02 14:45:38.042502 np0000163015 devstack@neutron-api.service[102112]: DEBUG neutron.api.extensions [None req-8afea45d-b114-4806-a38a-48c914ea279d None None] Ext name="Filter parameters validation" alias="filter-validation" description="Provides validation on filter parameters." updated="2018-07-04T10:00:00-00:00" {{(pid=102112) _check_extension /opt/stack/neutron/neutron/api/extensions.py:415}}
Apr 02 14:45:38.042562 np0000163015 devstack@neutron-api.service[102111]: DEBUG neutron_lib.callbacks.manager [None req-8fa5c2ff-4b1c-4334-8701-82537187a766 None None] Subscribe: port after_update 55550000, False {{(pid=102111) subscribe /opt/stack/data/venv/lib/python3.12/site-packages/neutron_lib/callbacks/manager.py:52}}
Apr 02 14:45:38.042562 np0000163015 devstack@neutron-api.service[102111]: DEBUG neutron_lib.callbacks.manager [None req-8fa5c2ff-4b1c-4334-8701-82537187a766 None None] Subscribe: port after_delete 55550000, False {{(pid=102111) subscribe /opt/stack/data/venv/lib/python3.12/site-packages/neutron_lib/callbacks/manager.py:52}}
Apr 02 14:45:38.042626 np0000163015 devstack@neutron-api.service[102113]: DEBUG neutron.api.extensions [None req-f5e0004b-fefa-4a14-a5f4-8005ea977bdb None None] Ext name="dns_domain for ports" alias="dns-domain-ports" description="Allows the DNS domain to be specified for a network port." updated="2017-04-24T10:00:00-00:00" {{(pid=102113) _check_extension /opt/stack/neutron/neutron/api/extensions.py:415}}
Apr 02 14:45:38.042706 np0000163015 devstack@neutron-api.service[102112]: INFO neutron.api.extensions [None req-8afea45d-b114-4806-a38a-48c914ea279d None None] Loaded extension: filter-validation
Apr 02 14:45:38.042734 np0000163015 devstack@neutron-api.service[102111]: DEBUG neutron_lib.callbacks.manager [None req-8fa5c2ff-4b1c-4334-8701-82537187a766 None None] Subscribe: subnet after_update 55550000, False {{(pid=102111) subscribe /opt/stack/data/venv/lib/python3.12/site-packages/neutron_lib/callbacks/manager.py:52}}
Apr 02 14:45:38.042812 np0000163015 devstack@neutron-api.service[102112]: DEBUG neutron.api.extensions [None req-8afea45d-b114-4806-a38a-48c914ea279d None None] Loading extension file: fip_pf_description.py {{(pid=102112) _load_all_extensions_from_path /opt/stack/neutron/neutron/api/extensions.py:449}}
Apr 02 14:45:38.042881 np0000163015 devstack@neutron-api.service[102113]: INFO neutron.api.extensions [None req-f5e0004b-fefa-4a14-a5f4-8005ea977bdb None None] Loaded extension: dns-domain-ports
Apr 02 14:45:38.042936 np0000163015 devstack@neutron-api.service[102111]: DEBUG neutron_lib.callbacks.manager [None req-8fa5c2ff-4b1c-4334-8701-82537187a766 None None] Subscribe: subnetpool_address_scope after_update 55550000, False {{(pid=102111) subscribe /opt/stack/data/venv/lib/python3.12/site-packages/neutron_lib/callbacks/manager.py:52}}
Apr 02 14:45:38.042964 np0000163015 devstack@neutron-api.service[102113]: DEBUG neutron.api.extensions [None req-f5e0004b-fefa-4a14-a5f4-8005ea977bdb None None] Loading extension file: dns_integration_domain_keywords.py {{(pid=102113) _load_all_extensions_from_path /opt/stack/neutron/neutron/api/extensions.py:449}}
Apr 02 14:45:38.042991 np0000163015 devstack@neutron-api.service[102111]: DEBUG neutron_lib.callbacks.manager [None req-8fa5c2ff-4b1c-4334-8701-82537187a766 None None] Subscribe: port before_update 55550000, False {{(pid=102111) subscribe /opt/stack/data/venv/lib/python3.12/site-packages/neutron_lib/callbacks/manager.py:52}}
Apr 02 14:45:38.043028 np0000163015 devstack@neutron-api.service[102112]: DEBUG neutron.api.extensions [None req-8afea45d-b114-4806-a38a-48c914ea279d None None] Ext name="Floating IP Port Forwarding new attribute description" alias="floating-ip-port-forwarding-description" description="Add a description field to Port Forwarding rules" updated="2019-11-01T10:00:00-00:00" {{(pid=102112) _check_extension /opt/stack/neutron/neutron/api/extensions.py:415}}
Apr 02 14:45:38.043058 np0000163015 devstack@neutron-api.service[102111]: DEBUG neutron_lib.callbacks.manager [None req-8fa5c2ff-4b1c-4334-8701-82537187a766 None None] Subscribe: port after_update 55550000, False {{(pid=102111) subscribe /opt/stack/data/venv/lib/python3.12/site-packages/neutron_lib/callbacks/manager.py:52}}
Apr 02 14:45:38.043058 np0000163015 devstack@neutron-api.service[102111]: DEBUG neutron_lib.callbacks.manager [None req-8fa5c2ff-4b1c-4334-8701-82537187a766 None None] Subscribe: > port precommit_delete 55550000, False {{(pid=102111) subscribe /opt/stack/data/venv/lib/python3.12/site-packages/neutron_lib/callbacks/manager.py:52}}
Apr 02 14:45:38.043118 np0000163015 devstack@neutron-api.service[102113]: DEBUG neutron.api.extensions [None req-f5e0004b-fefa-4a14-a5f4-8005ea977bdb None None] Ext name="DNS domain names with keywords allowed" alias="dns-integration-domain-keywords" description="Allows to use keywords like , , and as DNS domain name" updated="2020-06-15T18:00:00-00:00" {{(pid=102113) _check_extension /opt/stack/neutron/neutron/api/extensions.py:415}}
Apr 02 14:45:38.043154 np0000163015 devstack@neutron-api.service[102112]: INFO neutron.api.extensions [None req-8afea45d-b114-4806-a38a-48c914ea279d None None] Extension floating-ip-port-forwarding-description not supported by any of loaded plugins
Apr 02 14:45:38.043188 np0000163015 devstack@neutron-api.service[102111]: DEBUG neutron_lib.callbacks.manager [None req-8fa5c2ff-4b1c-4334-8701-82537187a766 None None] Subscribe: port before_update 55550000, False {{(pid=102111) subscribe /opt/stack/data/venv/lib/python3.12/site-packages/neutron_lib/callbacks/manager.py:52}}
Apr 02 14:45:38.043219 np0000163015 devstack@neutron-api.service[102112]: DEBUG neutron.api.extensions [None req-8afea45d-b114-4806-a38a-48c914ea279d None None] Loading extension file: fip_pf_detail.py {{(pid=102112) _load_all_extensions_from_path /opt/stack/neutron/neutron/api/extensions.py:449}}
Apr 02 14:45:38.043255 np0000163015 devstack@neutron-api.service[102113]: INFO neutron.api.extensions [None req-f5e0004b-fefa-4a14-a5f4-8005ea977bdb None None] Loaded extension: dns-integration-domain-keywords
Apr 02 14:45:38.043282 np0000163015 devstack@neutron-api.service[102111]: DEBUG neutron_lib.callbacks.manager [None req-8fa5c2ff-4b1c-4334-8701-82537187a766 None None] Subscribe: port before_delete 55550000, False {{(pid=102111) subscribe /opt/stack/data/venv/lib/python3.12/site-packages/neutron_lib/callbacks/manager.py:52}}
Apr 02 14:45:38.043312 np0000163015 devstack@neutron-api.service[102113]: DEBUG neutron.api.extensions [None req-f5e0004b-fefa-4a14-a5f4-8005ea977bdb None None] Loading extension file: dvr.py {{(pid=102113) _load_all_extensions_from_path /opt/stack/neutron/neutron/api/extensions.py:449}}
Apr 02 14:45:38.043341 np0000163015 devstack@neutron-api.service[102111]: DEBUG neutron_lib.callbacks.manager [None req-8fa5c2ff-4b1c-4334-8701-82537187a766 None None] Subscribe: > router precommit_create 55550000, False {{(pid=102111) subscribe /opt/stack/data/venv/lib/python3.12/site-packages/neutron_lib/callbacks/manager.py:52}}
Apr 02 14:45:38.043393 np0000163015 devstack@neutron-api.service[102112]: DEBUG neutron.api.extensions [None req-8afea45d-b114-4806-a38a-48c914ea279d None None] Ext name="Floating IP port forwarding detail" alias="floating-ip-port-forwarding-detail" description="Allow list floating ip return more port forwarding data, include'id' and 'internal_port_id'" updated="2022-05-06T10:00:00-00:00" {{(pid=102112) _check_extension /opt/stack/neutron/neutron/api/extensions.py:415}}
Apr 02 14:45:38.043425 np0000163015 devstack@neutron-api.service[102111]: DEBUG neutron_lib.callbacks.manager [None req-8fa5c2ff-4b1c-4334-8701-82537187a766 None None] Subscribe: > router precommit_create 55550000, False {{(pid=102111) subscribe /opt/stack/data/venv/lib/python3.12/site-packages/neutron_lib/callbacks/manager.py:52}}
Apr 02 14:45:38.043543 np0000163015 devstack@neutron-api.service[102111]: DEBUG neutron_lib.callbacks.manager [None req-8fa5c2ff-4b1c-4334-8701-82537187a766 None None] Subscribe: > router precommit_update 55550000, False {{(pid=102111) subscribe /opt/stack/data/venv/lib/python3.12/site-packages/neutron_lib/callbacks/manager.py:52}}
Apr 02 14:45:38.043571 np0000163015 devstack@neutron-api.service[102113]: DEBUG neutron.api.extensions [None req-f5e0004b-fefa-4a14-a5f4-8005ea977bdb None None] Ext name="Distributed Virtual Router" alias="dvr" description="Enables configuration of Distributed Virtual Routers." updated="2014-06-1T10:00:00-00:00" {{(pid=102113) _check_extension /opt/stack/neutron/neutron/api/extensions.py:415}}
Apr 02 14:45:38.043600 np0000163015 devstack@neutron-api.service[102112]: INFO neutron.api.extensions [None req-8afea45d-b114-4806-a38a-48c914ea279d None None] Loaded extension: floating-ip-port-forwarding-detail
Apr 02 14:45:38.043656 np0000163015 devstack@neutron-api.service[102111]: DEBUG neutron_lib.callbacks.manager [None req-8fa5c2ff-4b1c-4334-8701-82537187a766 None None] Subscribe: subnet after_update 55550000, False {{(pid=102111) subscribe /opt/stack/data/venv/lib/python3.12/site-packages/neutron_lib/callbacks/manager.py:52}}
Apr 02 14:45:38.043690 np0000163015 devstack@neutron-api.service[102112]: DEBUG neutron.api.extensions [None req-8afea45d-b114-4806-a38a-48c914ea279d None None] Loading extension file: fip_pf_port_range.py {{(pid=102112) _load_all_extensions_from_path /opt/stack/neutron/neutron/api/extensions.py:449}}
Apr 02 14:45:38.043748 np0000163015 devstack@neutron-api.service[102113]: INFO neutron.api.extensions [None req-f5e0004b-fefa-4a14-a5f4-8005ea977bdb None None] Extension dvr not supported by any of loaded plugins
Apr 02 14:45:38.043782 np0000163015 devstack@neutron-api.service[102113]: DEBUG neutron.api.extensions [None req-f5e0004b-fefa-4a14-a5f4-8005ea977bdb None None] Loading extension file: ecmp_routes.py {{(pid=102113) _load_all_extensions_from_path /opt/stack/neutron/neutron/api/extensions.py:449}}
Apr 02 14:45:38.043978 np0000163015 devstack@neutron-api.service[102112]: DEBUG neutron.api.extensions [None req-8afea45d-b114-4806-a38a-48c914ea279d None None] Ext name="Floating IP Port Forwarding support port ranges" alias="floating-ip-port-forwarding-port-ranges" description="Add support to port ranges" updated="2020-07-01T10:00:00-00:00" {{(pid=102112) _check_extension /opt/stack/neutron/neutron/api/extensions.py:415}}
Apr 02 14:45:38.044116 np0000163015 devstack@neutron-api.service[102113]: DEBUG neutron.api.extensions [None req-f5e0004b-fefa-4a14-a5f4-8005ea977bdb None None] Ext name="Equal Cost Multipath Routing" alias="ecmp_routes" description="Allows traffic to reach thesame destination via multiple different links " updated="2020-11-26T18:00:00-00:00" {{(pid=102113) _check_extension /opt/stack/neutron/neutron/api/extensions.py:415}}
Apr 02 14:45:38.044151 np0000163015 devstack@neutron-api.service[102112]: INFO neutron.api.extensions [None req-8afea45d-b114-4806-a38a-48c914ea279d None None] Extension floating-ip-port-forwarding-port-ranges not supported by any of loaded plugins
Apr 02 14:45:38.044234 np0000163015 devstack@neutron-api.service[102113]: INFO neutron.api.extensions [None req-f5e0004b-fefa-4a14-a5f4-8005ea977bdb None None] Extension ecmp_routes not supported by any of loaded plugins
Apr 02 14:45:38.044273 np0000163015 devstack@neutron-api.service[102112]: DEBUG neutron.api.extensions [None req-8afea45d-b114-4806-a38a-48c914ea279d None None] Loading extension file: fip_port_details.py {{(pid=102112) _load_all_extensions_from_path /opt/stack/neutron/neutron/api/extensions.py:449}}
Apr 02 14:45:38.044325 np0000163015 devstack@neutron-api.service[102113]: DEBUG neutron.api.extensions [None req-f5e0004b-fefa-4a14-a5f4-8005ea977bdb None None] Loading extension file: empty_string_filtering.py {{(pid=102113) _load_all_extensions_from_path /opt/stack/neutron/neutron/api/extensions.py:449}}
Apr 02 14:45:38.044354 np0000163015 devstack@neutron-api.service[102111]: DEBUG neutron.quota.resource_registry [None req-8fa5c2ff-4b1c-4334-8701-82537187a766 None None] Tracking information for resource: router configured {{(pid=102111) set_tracked_resource /opt/stack/neutron/neutron/quota/resource_registry.py:203}}
