2026-06-26 04:48:11.920 10 ERROR neutron.plugins.ml2.managers return f_with_retry(*args, **kwargs,
2026-06-26 04:48:11.920 10 ERROR neutron.plugins.ml2.managers
File "/var/lib/openstack/lib/python3.10/site-packages/neutron_lib/db/api.py", line 140, in wrapped
2026-06-26 04:48:11.920 10 ERROR neutron.plugins.ml2.managers with excutils.save_and_reraise_exception():
2026-06-26 04:48:11.920 10 ERROR neutron.plugins.ml2.managers
File "/var/lib/openstack/lib/python3.10/site-packages/oslo_utils/excutils.py", line 227, in __exit__
2026-06-26 04:48:11.920 10 ERROR neutron.plugins.ml2.managers self.force_reraise()
2026-06-26 04:48:11.920 10 ERROR neutron.plugins.ml2.managers
File "/var/lib/openstack/lib/python3.10/site-packages/oslo_utils/excutils.py", line 200, in force_reraise
2026-06-26 04:48:11.920 10 ERROR neutron.plugins.ml2.managers raise self.value
2026-06-26 04:48:11.920 10 ERROR neutron.plugins.ml2.managers
File "/var/lib/openstack/lib/python3.10/site-packages/neutron_lib/db/api.py", line 138, in wrapped
2026-06-26 04:48:11.920 10 ERROR neutron.plugins.ml2.managers return f(*args, **kwargs)
2026-06-26 04:48:11.920 10 ERROR neutron.plugins.ml2.managers
File "/var/lib/openstack/lib/python3.10/site-packages/oslo_db/api.py", line 144, in wrapper
2026-06-26 04:48:11.920 10 ERROR neutron.plugins.ml2.managers with excutils.save_and_reraise_exception() as ectxt:
2026-06-26 04:48:11.920 10 ERROR neutron.plugins.ml2.managers
File "/var/lib/openstack/lib/python3.10/site-packages/oslo_utils/excutils.py", line 227, in __exit__
2026-06-26 04:48:11.920 10 ERROR neutron.plugins.ml2.managers self.force_reraise()
2026-06-26 04:48:11.920 10 ERROR neutron.plugins.ml2.managers
File "/var/lib/openstack/lib/python3.10/site-packages/oslo_utils/excutils.py", line 200, in force_reraise
2026-06-26 04:48:11.920 10 ERROR neutron.plugins.ml2.managers raise self.value
2026-06-26 04:48:11.920 10 ERROR neutron.plugins.ml2.managers
File "/var/lib/openstack/lib/python3.10/site-packages/oslo_db/api.py", line 142, in wrapper
2026-06-26 04:48:11.920 10 ERROR neutron.plugins.ml2.managers return f(*args, **kwargs)
2026-06-26 04:48:11.920 10 ERROR neutron.plugins.ml2.managers
File "/var/lib/openstack/lib/python3.10/site-packages/neutron_lib/db/api.py", line 186, in wrapped
2026-06-26 04:48:11.920 10 ERROR neutron.plugins.ml2.managers with excutils.save_and_reraise_exception():
2026-06-26 04:48:11.920 10 ERROR neutron.plugins.ml2.managers
File "/var/lib/openstack/lib/python3.10/site-packages/oslo_utils/excutils.py", line 227, in __exit__
2026-06-26 04:48:11.920 10 ERROR neutron.plugins.ml2.managers self.force_reraise()
2026-06-26 04:48:11.920 10 ERROR neutron.plugins.ml2.managers
File "/var/lib/openstack/lib/python3.10/site-packages/oslo_utils/excutils.py", line 200, in force_reraise
2026-06-26 04:48:11.920 10 ERROR neutron.plugins.ml2.managers raise self.value
2026-06-26 04:48:11.920 10 ERROR neutron.plugins.ml2.managers
File "/var/lib/openstack/lib/python3.10/site-packages/neutron_lib/db/api.py", line 184, in wrapped
2026-06-26 04:48:11.920 10 ERROR neutron.plugins.ml2.managers return f(*dup_args, **dup_kwargs)
2026-06-26 04:48:11.920 10 ERROR neutron.plugins.ml2.managers
File "/var/lib/openstack/lib/python3.10/site-packages/neutron/db/db_base_plugin_v2.py", line 1121, in get_subnet
2026-06-26 04:48:11.920 10 ERROR neutron.plugins.ml2.managers subnet_obj = self._get_subnet_object(context, id)
2026-06-26 04:48:11.920 10 ERROR neutron.plugins.ml2.managers
File "/var/lib/openstack/lib/python3.10/site-packages/neutron/db/db_base_plugin_common.py", line 279, in _get_subnet_object
2026-06-26 04:48:11.920 10 ERROR neutron.plugins.ml2.managers raise exceptions.SubnetNotFound(subnet_id=id)
2026-06-26 04:48:11.920 10 ERROR neutron.plugins.ml2.managers neutron_lib.exceptions.SubnetNotFound: Subnet df9f0756-3f41-44ee-b5a0-9c7790e65ec2 could not be found.
2026-06-26 04:48:11.920 10 ERROR neutron.plugins.ml2.managers 
2026-06-26 04:48:11.921 10 ERROR neutron.plugins.ml2.managers [None req-ee26f429-e9eb-4655-8cc6-dbd94c87a96c - - - - - -] Failed to bind port a394b12c-2ff9-46c3-bdf5-3ac8a3942406 on host instance for vnic_type normal using segments [{'id': '72f94d16-3f7d-4579-bc18-acc2aa22b853', 'network_type': 'vxlan', 'physical_network': None, 'segmentation_id': 956, 'network_id': 'd44e3b49-3648-44a3-89d0-685d9f50cd4b'}]
2026-06-26 04:48:11.921 10 INFO neutron.plugins.ml2.plugin [None req-ee26f429-e9eb-4655-8cc6-dbd94c87a96c - - - - - -] Attempt 9 to bind port a394b12c-2ff9-46c3-bdf5-3ac8a3942406
2026-06-26 04:48:11.954 10 ERROR neutron.plugins.ml2.managers [None req-ee26f429-e9eb-4655-8cc6-dbd94c87a96c - - - - - -] Mechanism driver openvswitch failed in bind_port: neutron_lib.exceptions.SubnetNotFound: Subnet df9f0756-3f41-44ee-b5a0-9c7790e65ec2 could not be found.
2026-06-26 04:48:11.954 10 ERROR neutron.plugins.ml2.managers
Traceback (most recent call last):
2026-06-26 04:48:11.954 10 ERROR neutron.plugins.ml2.managers
File "/var/lib/openstack/lib/python3.10/site-packages/neutron/plugins/ml2/managers.py", line 866, in _bind_port_level
2026-06-26 04:48:11.954 10 ERROR neutron.plugins.ml2.managers driver.obj.bind_port(context)
2026-06-26 04:48:11.954 10 ERROR neutron.plugins.ml2.managers
File "/var/lib/openstack/lib/python3.10/site-packages/neutron/plugins/ml2/drivers/openvswitch/mech_driver/mech_openvswitch.py", line 133, in bind_port
2026-06-26 04:48:11.954 10 ERROR neutron.plugins.ml2.managers super(OpenvswitchMechanismDriver, self).bind_port(context)
2026-06-26 04:48:11.954 10 ERROR neutron.plugins.ml2.managers
File "/var/lib/openstack/lib/python3.10/site-packages/neutron/plugins/ml2/drivers/mech_agent.py", line 104, in bind_port
2026-06-26 04:48:11.954 10 ERROR neutron.plugins.ml2.managers subnets = self.get_subnets_from_fixed_ips(context)
2026-06-26 04:48:11.954 10 ERROR neutron.plugins.ml2.managers
File "/var/lib/openstack/lib/python3.10/site-packages/neutron/plugins/ml2/drivers/mech_agent.py", line 149, in get_subnets_from_fixed_ips
2026-06-26 04:48:11.954 10 ERROR neutron.plugins.ml2.managers subnets.append(context._plugin.get_subnet(
2026-06-26 04:48:11.954 10 ERROR neutron.plugins.ml2.managers
File "/var/lib/openstack/lib/python3.10/site-packages/neutron_lib/db/api.py", line 226, in wrapped
2026-06-26 04:48:11.954 10 ERROR neutron.plugins.ml2.managers return f_with_retry(*args, **kwargs,
2026-06-26 04:48:11.954 10 ERROR neutron.plugins.ml2.managers
File "/var/lib/openstack/lib/python3.10/site-packages/neutron_lib/db/api.py", line 140, in wrapped
2026-06-26 04:48:11.954 10 ERROR neutron.plugins.ml2.managers with excutils.save_and_reraise_exception():
2026-06-26 04:48:11.954 10 ERROR neutron.plugins.ml2.managers
File "/var/lib/openstack/lib/python3.10/site-packages/oslo_utils/excutils.py", line 227, in __exit__
2026-06-26 04:48:11.954 10 ERROR neutron.plugins.ml2.managers self.force_reraise()
2026-06-26 04:48:11.954 10 ERROR neutron.plugins.ml2.managers
File "/var/lib/openstack/lib/python3.10/site-packages/oslo_utils/excutils.py", line 200, in force_reraise
2026-06-26 04:48:11.954 10 ERROR neutron.plugins.ml2.managers raise self.value
2026-06-26 04:48:11.954 10 ERROR neutron.plugins.ml2.managers
File "/var/lib/openstack/lib/python3.10/site-packages/neutron_lib/db/api.py", line 138, in wrapped
2026-06-26 04:48:11.954 10 ERROR neutron.plugins.ml2.managers return f(*args, **kwargs)
2026-06-26 04:48:11.954 10 ERROR neutron.plugins.ml2.managers
File "/var/lib/openstack/lib/python3.10/site-packages/oslo_db/api.py", line 144, in wrapper
2026-06-26 04:48:11.954 10 ERROR neutron.plugins.ml2.managers with excutils.save_and_reraise_exception() as ectxt:
2026-06-26 04:48:11.954 10 ERROR neutron.plugins.ml2.managers
File "/var/lib/openstack/lib/python3.10/site-packages/oslo_utils/excutils.py", line 227, in __exit__
2026-06-26 04:48:11.954 10 ERROR neutron.plugins.ml2.managers self.force_reraise()
2026-06-26 04:48:11.954 10 ERROR neutron.plugins.ml2.managers
File "/var/lib/openstack/lib/python3.10/site-packages/oslo_utils/excutils.py", line 200, in force_reraise
2026-06-26 04:48:11.954 10 ERROR neutron.plugins.ml2.managers raise self.value
2026-06-26 04:48:11.954 10 ERROR neutron.plugins.ml2.managers
File "/var/lib/openstack/lib/python3.10/site-packages/oslo_db/api.py", line 142, in wrapper
2026-06-26 04:48:11.954 10 ERROR neutron.plugins.ml2.managers return f(*args, **kwargs)
2026-06-26 04:48:11.954 10 ERROR neutron.plugins.ml2.managers
File "/var/lib/openstack/lib/python3.10/site-packages/neutron_lib/db/api.py", line 186, in wrapped
2026-06-26 04:48:11.954 10 ERROR neutron.plugins.ml2.managers with excutils.save_and_reraise_exception():
2026-06-26 04:48:11.954 10 ERROR neutron.plugins.ml2.managers
File "/var/lib/openstack/lib/python3.10/site-packages/oslo_utils/excutils.py", line 227, in __exit__
2026-06-26 04:48:11.954 10 ERROR neutron.plugins.ml2.managers self.force_reraise()
2026-06-26 04:48:11.954 10 ERROR neutron.plugins.ml2.managers
File "/var/lib/openstack/lib/python3.10/site-packages/oslo_utils/excutils.py", line 200, in force_reraise
2026-06-26 04:48:11.954 10 ERROR neutron.plugins.ml2.managers raise self.value
2026-06-26 04:48:11.954 10 ERROR neutron.plugins.ml2.managers
File "/var/lib/openstack/lib/python3.10/site-packages/neutron_lib/db/api.py", line 184, in wrapped
2026-06-26 04:48:11.954 10 ERROR neutron.plugins.ml2.managers return f(*dup_args, **dup_kwargs)
2026-06-26 04:48:11.954 10 ERROR neutron.plugins.ml2.managers
File "/var/lib/openstack/lib/python3.10/site-packages/neutron/db/db_base_plugin_v2.py", line 1121, in get_subnet
2026-06-26 04:48:11.954 10 ERROR neutron.plugins.ml2.managers subnet_obj = self._get_subnet_object(context, id)
2026-06-26 04:48:11.954 10 ERROR neutron.plugins.ml2.managers
File "/var/lib/openstack/lib/python3.10/site-packages/neutron/db/db_base_plugin_common.py", line 279, in _get_subnet_object
2026-06-26 04:48:11.954 10 ERROR neutron.plugins.ml2.managers raise exceptions.SubnetNotFound(subnet_id=id)
2026-06-26 04:48:11.954 10 ERROR neutron.plugins.ml2.managers neutron_lib.exceptions.SubnetNotFound: Subnet df9f0756-3f41-44ee-b5a0-9c7790e65ec2 could not be found.
2026-06-26 04:48:11.954 10 ERROR neutron.plugins.ml2.managers 
2026-06-26 04:48:11.956 10 ERROR neutron.plugins.ml2.managers [None req-ee26f429-e9eb-4655-8cc6-dbd94c87a96c - - - - - -] Failed to bind port a394b12c-2ff9-46c3-bdf5-3ac8a3942406 on host instance for vnic_type normal using segments [{'id': '72f94d16-3f7d-4579-bc18-acc2aa22b853', 'network_type': 'vxlan', 'physical_network': None, 'segmentation_id': 956, 'network_id': 'd44e3b49-3648-44a3-89d0-685d9f50cd4b'}]
2026-06-26 04:48:11.957 10 INFO neutron.plugins.ml2.plugin [None req-ee26f429-e9eb-4655-8cc6-dbd94c87a96c - - - - - -] Attempt 10 to bind port a394b12c-2ff9-46c3-bdf5-3ac8a3942406
2026-06-26 04:48:11.984 10 ERROR neutron.plugins.ml2.managers [None req-ee26f429-e9eb-4655-8cc6-dbd94c87a96c - - - - - -] Mechanism driver openvswitch failed in bind_port: neutron_lib.exceptions.SubnetNotFound: Subnet df9f0756-3f41-44ee-b5a0-9c7790e65ec2 could not be found.
2026-06-26 04:48:11.984 10 ERROR neutron.plugins.ml2.managers
Traceback (most recent call last):
2026-06-26 04:48:11.984 10 ERROR neutron.plugins.ml2.managers
File "/var/lib/openstack/lib/python3.10/site-packages/neutron/plugins/ml2/managers.py", line 866, in _bind_port_level
2026-06-26 04:48:11.984 10 ERROR neutron.plugins.ml2.managers driver.obj.bind_port(context)
2026-06-26 04:48:11.984 10 ERROR neutron.plugins.ml2.managers
File "/var/lib/openstack/lib/python3.10/site-packages/neutron/plugins/ml2/drivers/openvswitch/mech_driver/mech_openvswitch.py", line 133, in bind_port
2026-06-26 04:48:11.984 10 ERROR neutron.plugins.ml2.managers super(OpenvswitchMechanismDriver, self).bind_port(context)
2026-06-26 04:48:11.984 10 ERROR neutron.plugins.ml2.managers
File "/var/lib/openstack/lib/python3.10/site-packages/neutron/plugins/ml2/drivers/mech_agent.py", line 104, in bind_port
2026-06-26 04:48:11.984 10 ERROR neutron.plugins.ml2.managers subnets = self.get_subnets_from_fixed_ips(context)
2026-06-26 04:48:11.984 10 ERROR neutron.plugins.ml2.managers
File "/var/lib/openstack/lib/python3.10/site-packages/neutron/plugins/ml2/drivers/mech_agent.py", line 149, in get_subnets_from_fixed_ips
2026-06-26 04:48:11.984 10 ERROR neutron.plugins.ml2.managers subnets.append(context._plugin.get_subnet(
2026-06-26 04:48:11.984 10 ERROR neutron.plugins.ml2.managers
File "/var/lib/openstack/lib/python3.10/site-packages/neutron_lib/db/api.py", line 226, in wrapped
2026-06-26 04:48:11.984 10 ERROR neutron.plugins.ml2.managers return f_with_retry(*args, **kwargs,
2026-06-26 04:48:11.984 10 ERROR neutron.plugins.ml2.managers
File "/var/lib/openstack/lib/python3.10/site-packages/neutron_lib/db/api.py", line 140, in wrapped
2026-06-26 04:48:11.984 10 ERROR neutron.plugins.ml2.managers with excutils.save_and_reraise_exception():
2026-06-26 04:48:11.984 10 ERROR neutron.plugins.ml2.managers
File "/var/lib/openstack/lib/python3.10/site-packages/oslo_utils/excutils.py", line 227, in __exit__
2026-06-26 04:48:11.984 10 ERROR neutron.plugins.ml2.managers self.force_reraise()
2026-06-26 04:48:11.984 10 ERROR neutron.plugins.ml2.managers
File "/var/lib/openstack/lib/python3.10/site-packages/oslo_utils/excutils.py", line 200, in force_reraise
2026-06-26 04:48:11.984 10 ERROR neutron.plugins.ml2.managers raise self.value
2026-06-26 04:48:11.984 10 ERROR neutron.plugins.ml2.managers
File "/var/lib/openstack/lib/python3.10/site-packages/neutron_lib/db/api.py", line 138, in wrapped
2026-06-26 04:48:11.984 10 ERROR neutron.plugins.ml2.managers return f(*args, **kwargs)
2026-06-26 04:48:11.984 10 ERROR neutron.plugins.ml2.managers
File "/var/lib/openstack/lib/python3.10/site-packages/oslo_db/api.py", line 144, in wrapper
2026-06-26 04:48:11.984 10 ERROR neutron.plugins.ml2.managers with excutils.save_and_reraise_exception() as ectxt:
2026-06-26 04:48:11.984 10 ERROR neutron.plugins.ml2.managers
File "/var/lib/openstack/lib/python3.10/site-packages/oslo_utils/excutils.py", line 227, in __exit__
2026-06-26 04:48:11.984 10 ERROR neutron.plugins.ml2.managers self.force_reraise()
2026-06-26 04:48:11.984 10 ERROR neutron.plugins.ml2.managers
File "/var/lib/openstack/lib/python3.10/site-packages/oslo_utils/excutils.py", line 200, in force_reraise
2026-06-26 04:48:11.984 10 ERROR neutron.plugins.ml2.managers raise self.value
2026-06-26 04:48:11.984 10 ERROR neutron.plugins.ml2.managers
File "/var/lib/openstack/lib/python3.10/site-packages/oslo_db/api.py", line 142, in wrapper
2026-06-26 04:48:11.984 10 ERROR neutron.plugins.ml2.managers return f(*args, **kwargs)
2026-06-26 04:48:11.984 10 ERROR neutron.plugins.ml2.managers
File "/var/lib/openstack/lib/python3.10/site-packages/neutron_lib/db/api.py", line 186, in wrapped
2026-06-26 04:48:11.984 10 ERROR neutron.plugins.ml2.managers with excutils.save_and_reraise_exception():
2026-06-26 04:48:11.984 10 ERROR neutron.plugins.ml2.managers
File "/var/lib/openstack/lib/python3.10/site-packages/oslo_utils/excutils.py", line 227, in __exit__
2026-06-26 04:48:11.984 10 ERROR neutron.plugins.ml2.managers self.force_reraise()
2026-06-26 04:48:11.984 10 ERROR neutron.plugins.ml2.managers
File "/var/lib/openstack/lib/python3.10/site-packages/oslo_utils/excutils.py", line 200, in force_reraise
2026-06-26 04:48:11.984 10 ERROR neutron.plugins.ml2.managers raise self.value
2026-06-26 04:48:11.984 10 ERROR neutron.plugins.ml2.managers
File "/var/lib/openstack/lib/python3.10/site-packages/neutron_lib/db/api.py", line 184, in wrapped
2026-06-26 04:48:11.984 10 ERROR neutron.plugins.ml2.managers return f(*dup_args, **dup_kwargs)
2026-06-26 04:48:11.984 10 ERROR neutron.plugins.ml2.managers
File "/var/lib/openstack/lib/python3.10/site-packages/neutron/db/db_base_plugin_v2.py", line 1121, in get_subnet
2026-06-26 04:48:11.984 10 ERROR neutron.plugins.ml2.managers subnet_obj = self._get_subnet_object(context, id)
2026-06-26 04:48:11.984 10 ERROR neutron.plugins.ml2.managers
File "/var/lib/openstack/lib/python3.10/site-packages/neutron/db/db_base_plugin_common.py", line 279, in _get_subnet_object
2026-06-26 04:48:11.984 10 ERROR neutron.plugins.ml2.managers raise exceptions.SubnetNotFound(subnet_id=id)
2026-06-26 04:48:11.984 10 ERROR neutron.plugins.ml2.managers neutron_lib.exceptions.SubnetNotFound: Subnet df9f0756-3f41-44ee-b5a0-9c7790e65ec2 could not be found.
2026-06-26 04:48:11.984 10 ERROR neutron.plugins.ml2.managers 
2026-06-26 04:48:11.985 10 ERROR neutron.plugins.ml2.managers [None req-ee26f429-e9eb-4655-8cc6-dbd94c87a96c - - - - - -] Failed to bind port a394b12c-2ff9-46c3-bdf5-3ac8a3942406 on host instance for vnic_type normal using segments [{'id': '72f94d16-3f7d-4579-bc18-acc2aa22b853', 'network_type': 'vxlan', 'physical_network': None, 'segmentation_id': 956, 'network_id': 'd44e3b49-3648-44a3-89d0-685d9f50cd4b'}]
2026-06-26 04:48:12.680 10 ERROR oslo_messaging.rpc.server [None req-668637fc-faee-47a8-83c6-95d1166d9dda - - - - - -] Exception during message handling: neutron_lib.exceptions.NetworkNotFound: Network d44e3b49-3648-44a3-89d0-685d9f50cd4b could not be found.
2026-06-26 04:48:12.680 10 ERROR oslo_messaging.rpc.server
Traceback (most recent call last):
2026-06-26 04:48:12.680 10 ERROR oslo_messaging.rpc.server
File "/var/lib/openstack/lib/python3.10/site-packages/neutron/db/db_base_plugin_common.py", line 265, in _get_network
2026-06-26 04:48:12.680 10 ERROR oslo_messaging.rpc.server network = model_query.get_by_id(context, models_v2.Network, id)
2026-06-26 04:48:12.680 10 ERROR oslo_messaging.rpc.server
File "/var/lib/openstack/lib/python3.10/site-packages/neutron_lib/db/model_query.py", line 178, in get_by_id
2026-06-26 04:48:12.680 10 ERROR oslo_messaging.rpc.server return query.filter(model.id == object_id).one()
2026-06-26 04:48:12.680 10 ERROR oslo_messaging.rpc.server
File "/var/lib/openstack/lib/python3.10/site-packages/sqlalchemy/orm/query.py", line 2869, in one
2026-06-26 04:48:12.680 10 ERROR oslo_messaging.rpc.server return self._iter().one()
2026-06-26 04:48:12.680 10 ERROR oslo_messaging.rpc.server
File "/var/lib/openstack/lib/python3.10/site-packages/sqlalchemy/engine/result.py", line 1476, in one
2026-06-26 04:48:12.680 10 ERROR oslo_messaging.rpc.server return self._only_one_row(
2026-06-26 04:48:12.680 10 ERROR oslo_messaging.rpc.server
File "/var/lib/openstack/lib/python3.10/site-packages/sqlalchemy/engine/result.py", line 562, in _only_one_row
2026-06-26 04:48:12.680 10 ERROR oslo_messaging.rpc.server raise exc.NoResultFound(
2026-06-26 04:48:12.680 10 ERROR oslo_messaging.rpc.server sqlalchemy.exc.NoResultFound: No row was found when one was required
2026-06-26 04:48:12.680 10 ERROR oslo_messaging.rpc.server
2026-06-26 04:48:12.680 10 ERROR oslo_messaging.rpc.server During handling of the above exception, another exception occurred:
2026-06-26 04:48:12.680 10 ERROR oslo_messaging.rpc.server
2026-06-26 04:48:12.680 10 ERROR oslo_messaging.rpc.server
Traceback (most recent call last):
2026-06-26 04:48:12.680 10 ERROR oslo_messaging.rpc.server
File "/var/lib/openstack/lib/python3.10/site-packages/oslo_messaging/rpc/server.py", line 165, in _process_incoming
2026-06-26 04:48:12.680 10 ERROR oslo_messaging.rpc.server res = self.dispatcher.dispatch(message)
2026-06-26 04:48:12.680 10 ERROR oslo_messaging.rpc.server
File "/var/lib/openstack/lib/python3.10/site-packages/oslo_messaging/rpc/dispatcher.py", line 309, in dispatch
2026-06-26 04:48:12.680 10 ERROR oslo_messaging.rpc.server return self._do_dispatch(endpoint, method, ctxt, args)
2026-06-26 04:48:12.680 10 ERROR oslo_messaging.rpc.server
File "/var/lib/openstack/lib/python3.10/site-packages/oslo_messaging/rpc/dispatcher.py", line 229, in _do_dispatch
2026-06-26 04:48:12.680 10 ERROR oslo_messaging.rpc.server result = func(ctxt, **new_args)
2026-06-26 04:48:12.680 10 ERROR oslo_messaging.rpc.server
File "/var/lib/openstack/lib/python3.10/site-packages/neutron/plugins/ml2/rpc.py", line 252, in get_network_details
2026-06-26 04:48:12.680 10 ERROR oslo_messaging.rpc.server return plugin.get_network(rpc_context, network)
2026-06-26 04:48:12.680 10 ERROR oslo_messaging.rpc.server
File "/var/lib/openstack/lib/python3.10/site-packages/neutron_lib/db/api.py", line 226, in wrapped
2026-06-26 04:48:12.680 10 ERROR oslo_messaging.rpc.server return f_with_retry(*args, **kwargs,
2026-06-26 04:48:12.680 10 ERROR oslo_messaging.rpc.server
File "/var/lib/openstack/lib/python3.10/site-packages/neutron_lib/db/api.py", line 140, in wrapped
2026-06-26 04:48:12.680 10 ERROR oslo_messaging.rpc.server with excutils.save_and_reraise_exception():
2026-06-26 04:48:12.680 10 ERROR oslo_messaging.rpc.server
File "/var/lib/openstack/lib/python3.10/site-packages/oslo_utils/excutils.py", line 227, in __exit__
2026-06-26 04:48:12.680 10 ERROR oslo_messaging.rpc.server self.force_reraise()
2026-06-26 04:48:12.680 10 ERROR oslo_messaging.rpc.server
File "/var/lib/openstack/lib/python3.10/site-packages/oslo_utils/excutils.py", line 200, in force_reraise
2026-06-26 04:48:12.680 10 ERROR oslo_messaging.rpc.server raise self.value
2026-06-26 04:48:12.680 10 ERROR oslo_messaging.rpc.server
File "/var/lib/openstack/lib/python3.10/site-packages/neutron_lib/db/api.py", line 138, in wrapped
2026-06-26 04:48:12.680 10 ERROR oslo_messaging.rpc.server return f(*args, **kwargs)
2026-06-26 04:48:12.680 10 ERROR oslo_messaging.rpc.server
File "/var/lib/openstack/lib/python3.10/site-packages/oslo_db/api.py", line 144, in wrapper
2026-06-26 04:48:12.680 10 ERROR oslo_messaging.rpc.server with excutils.save_and_reraise_exception() as ectxt:
2026-06-26 04:48:12.680 10 ERROR oslo_messaging.rpc.server
File "/var/lib/openstack/lib/python3.10/site-packages/oslo_utils/excutils.py", line 227, in __exit__
2026-06-26 04:48:12.680 10 ERROR oslo_messaging.rpc.server self.force_reraise()
2026-06-26 04:48:12.680 10 ERROR oslo_messaging.rpc.server
File "/var/lib/openstack/lib/python3.10/site-packages/oslo_utils/excutils.py", line 200, in force_reraise
2026-06-26 04:48:12.680 10 ERROR oslo_messaging.rpc.server raise self.value
2026-06-26 04:48:12.680 10 ERROR oslo_messaging.rpc.server
File "/var/lib/openstack/lib/python3.10/site-packages/oslo_db/api.py", line 142, in wrapper
2026-06-26 04:48:12.680 10 ERROR oslo_messaging.rpc.server return f(*args, **kwargs)
2026-06-26 04:48:12.680 10 ERROR oslo_messaging.rpc.server
File "/var/lib/openstack/lib/python3.10/site-packages/neutron_lib/db/api.py", line 186, in wrapped
2026-06-26 04:48:12.680 10 ERROR oslo_messaging.rpc.server with excutils.save_and_reraise_exception():
2026-06-26 04:48:12.680 10 ERROR oslo_messaging.rpc.server
File "/var/lib/openstack/lib/python3.10/site-packages/oslo_utils/excutils.py", line 227, in __exit__
2026-06-26 04:48:12.680 10 ERROR oslo_messaging.rpc.server self.force_reraise()
2026-06-26 04:48:12.680 10 ERROR oslo_messaging.rpc.server
File "/var/lib/openstack/lib/python3.10/site-packages/oslo_utils/excutils.py", line 200, in force_reraise
2026-06-26 04:48:12.680 10 ERROR oslo_messaging.rpc.server raise self.value
2026-06-26 04:48:12.680 10 ERROR oslo_messaging.rpc.server
File "/var/lib/openstack/lib/python3.10/site-packages/neutron_lib/db/api.py", line 184, in wrapped
2026-06-26 04:48:12.680 10 ERROR oslo_messaging.rpc.server return f(*dup_args, **dup_kwargs)
2026-06-26 04:48:12.680 10 ERROR oslo_messaging.rpc.server
File "/var/lib/openstack/lib/python3.10/site-packages/neutron/plugins/ml2/plugin.py", line 1288, in get_network
2026-06-26 04:48:12.680 10 ERROR oslo_messaging.rpc.server net_db = net_db or self._get_network(context, id)
2026-06-26 04:48:12.680 10 ERROR oslo_messaging.rpc.server
File "/var/lib/openstack/lib/python3.10/site-packages/oslo_db/sqlalchemy/enginefacade.py", line 1010, in wrapper
2026-06-26 04:48:12.680 10 ERROR oslo_messaging.rpc.server return fn(*args, **kwargs)
2026-06-26 04:48:12.680 10 ERROR oslo_messaging.rpc.server
File "/var/lib/openstack/lib/python3.10/site-packages/neutron/db/db_base_plugin_common.py", line 267, in _get_network
2026-06-26 04:48:12.680 10 ERROR oslo_messaging.rpc.server raise exceptions.NetworkNotFound(net_id=id)
2026-06-26 04:48:12.680 10 ERROR oslo_messaging.rpc.server neutron_lib.exceptions.NetworkNotFound: Network d44e3b49-3648-44a3-89d0-685d9f50cd4b could not be found.
2026-06-26 04:48:12.680 10 ERROR oslo_messaging.rpc.server 
2026-06-26 04:48:35.289 10 INFO neutron.plugins.ml2.plugin [None req-4f66e62e-0aea-437b-9f69-e6c855f510b6 - - - - - -] Attempt 1 to provision port b1402d1b-0c67-49cf-a01c-1bda0ff29086
2026-06-26 04:48:35.792 9 INFO neutron.plugins.ml2.plugin [None req-668637fc-faee-47a8-83c6-95d1166d9dda - - - - - -] Attempt 1 to provision port 6e3b73f2-addf-4987-9920-2ff571765073
2026-06-26 04:48:36.136 9 INFO neutron.plugins.ml2.plugin [None req-83df6f2b-66e1-41a2-942a-00279cf087e0 - - - - - -] Attempt 1 to provision port 6e3b73f2-addf-4987-9920-2ff571765073
2026-06-26 04:48:36.537 10 INFO neutron.plugins.ml2.plugin [None req-f9cc7d3c-d937-48ed-8638-ffa2b6832abe - - - - - -] Attempt 1 to provision port 6e3b73f2-addf-4987-9920-2ff571765073
2026-06-26 04:48:37.645 10 INFO neutron.plugins.ml2.plugin [None req-9bc80d9a-519f-490c-98df-f3666886c1c2 - - - - - -] Attempt 1 to provision port f3701ef5-47a7-4b6b-8782-92eda7d04115
2026-06-26 04:48:37.777 9 INFO neutron.plugins.ml2.plugin [None req-668637fc-faee-47a8-83c6-95d1166d9dda - - - - - -] Attempt 1 to provision port 6e3b73f2-addf-4987-9920-2ff571765073
2026-06-26 04:48:38.825 10 INFO neutron.plugins.ml2.plugin [None req-b5a8bf1d-7023-464c-8226-038a05adc083 - - - - - -] Attempt 1 to provision port f3701ef5-47a7-4b6b-8782-92eda7d04115
2026-06-26 04:48:39.832 9 INFO neutron.plugins.ml2.plugin [None req-668637fc-faee-47a8-83c6-95d1166d9dda - - - - - -] Attempt 1 to provision port ea37dbd3-fa8b-4622-b759-44e67301c8f4
2026-06-26 04:48:41.818 10 INFO neutron.plugins.ml2.plugin [None req-8e753653-cd7b-44ef-bdbe-e641254d3c6e - - - - - -] Attempt 1 to provision port fa2a0382-ce09-43eb-8991-de93560a8633
2026-06-26 04:48:41.950 9 INFO neutron.plugins.ml2.plugin [None req-668637fc-faee-47a8-83c6-95d1166d9dda - - - - - -] Attempt 1 to provision port ea37dbd3-fa8b-4622-b759-44e67301c8f4
2026-06-26 04:48:42.256 9 INFO neutron.plugins.ml2.plugin [None req-668637fc-faee-47a8-83c6-95d1166d9dda - - - - - -] Attempt 1 to provision port 2766538a-6df7-42a9-82b8-12f186624604
2026-06-26 04:48:43.072 9 INFO neutron.plugins.ml2.plugin [None req-428a70b5-63e5-45fe-9862-d70a34b36f5c - - - - - -] Attempt 1 to provision port 2766538a-6df7-42a9-82b8-12f186624604
2026-06-26 04:48:43.608 10 INFO neutron.plugins.ml2.plugin [None req-eba8733a-ee13-47c1-adfc-9fed7567f994 - - - - - -] Attempt 1 to provision port 2766538a-6df7-42a9-82b8-12f186624604
2026-06-26 04:48:43.840 10 INFO neutron.plugins.ml2.plugin [None req-668637fc-faee-47a8-83c6-95d1166d9dda - - - - - -] Attempt 1 to provision port 2766538a-6df7-42a9-82b8-12f186624604
2026-06-26 04:48:44.306 9 INFO neutron.plugins.ml2.plugin [None req-efb493a9-5ae9-4cf6-aba8-f0fc9d4a973c - - - - - -] Attempt 1 to provision port 5a87ecf3-32f9-43c2-b9bd-cb4f60fbf78a
2026-06-26 04:48:45.068 10 INFO neutron.plugins.ml2.plugin [None req-a35f5382-bfe4-4046-b8ea-a818a52aa1bf - - - - - -] Attempt 1 to provision port 5a87ecf3-32f9-43c2-b9bd-cb4f60fbf78a
2026-06-26 04:48:45.819 10 INFO neutron.plugins.ml2.plugin [None req-668637fc-faee-47a8-83c6-95d1166d9dda - - - - - -] Attempt 1 to provision port ea7f9ac2-ab43-4a50-9a8e-7e98af0af247
2026-06-26 04:48:47.849 9 INFO neutron.plugins.ml2.plugin [None req-668637fc-faee-47a8-83c6-95d1166d9dda - - - - - -] Attempt 1 to provision port ea7f9ac2-ab43-4a50-9a8e-7e98af0af247
2026-06-26 04:48:51.275 9 INFO neutron.plugins.ml2.plugin [None req-ed556b5d-986f-453c-a431-46cec099d5f0 - - - - - -] Attempt 1 to provision port d0a5da99-be1c-4b3a-870a-02fdb373e2c1
2026-06-26 04:48:51.895 10 INFO neutron.plugins.ml2.plugin [None req-668637fc-faee-47a8-83c6-95d1166d9dda - - - - - -] Attempt 1 to provision port d55cf113-bcf8-4768-8ab7-5f0dea9ac269
2026-06-26 04:48:52.520 10 INFO neutron.plugins.ml2.plugin [None req-04946629-f6a2-42e3-b464-f1e02161fad4 - - - - - -] Attempt 1 to provision port d55cf113-bcf8-4768-8ab7-5f0dea9ac269
2026-06-26 04:48:52.619 10 INFO neutron.plugins.ml2.plugin [None req-668637fc-faee-47a8-83c6-95d1166d9dda - - - - - -] Attempt 1 to provision port 3b3a5e85-6214-438e-9ace-1bcea63409a4
2026-06-26 04:48:53.147 9 INFO neutron.plugins.ml2.plugin [None req-69874e19-fbf8-47a1-9664-e606d55a72f8 - - - - - -] Attempt 1 to provision port d55cf113-bcf8-4768-8ab7-5f0dea9ac269
2026-06-26 04:48:53.457 9 INFO neutron.plugins.ml2.plugin [None req-c4950a0a-1c22-4c5e-8219-e0c07f89e05e - - - - - -] Attempt 1 to provision port 3b3a5e85-6214-438e-9ace-1bcea63409a4
2026-06-26 04:48:53.949 10 INFO neutron.plugins.ml2.plugin [None req-106618ea-11c5-41d0-b42d-edcb38909e72 - - - - - -] Attempt 1 to provision port 3b3a5e85-6214-438e-9ace-1bcea63409a4
2026-06-26 04:48:54.351 10 INFO neutron.plugins.ml2.plugin [None req-668637fc-faee-47a8-83c6-95d1166d9dda - - - - - -] Attempt 1 to provision port d0a5da99-be1c-4b3a-870a-02fdb373e2c1
2026-06-26 04:48:54.759 10 INFO neutron.notifiers.nova [-] Nova event matching ['req-3e3e2f0f-7304-4046-9aa9-2353a7c3b6e9'] response: {'server_uuid': 'e9684ca5-4125-44aa-aeaa-214c37d5fc14', 'name': 'network-vif-plugged', 'status': 'completed', 'tag': 'd0a5da99-be1c-4b3a-870a-02fdb373e2c1', 'code': 200}
2026-06-26 04:48:54.821 10 INFO neutron.plugins.ml2.plugin [None req-cc8f464f-8e77-46eb-8ec8-c3838722869b - - - - - -] Attempt 1 to provision port 43a16379-4acd-43c5-a76a-510b5d749666
2026-06-26 04:48:55.508 10 INFO neutron.plugins.ml2.plugin [None req-668637fc-faee-47a8-83c6-95d1166d9dda - - - - - -] Attempt 1 to provision port 8453acd4-14a5-41dc-99e0-e221258effcf
2026-06-26 04:48:55.520 9 INFO neutron.plugins.ml2.plugin [None req-010cad6e-7173-434f-914f-cadb1a9afe3c - - - - - -] Attempt 1 to provision port 43a16379-4acd-43c5-a76a-510b5d749666
2026-06-26 04:48:55.921 10 INFO neutron.plugins.ml2.plugin [None req-4035ac32-0a9d-4c15-bcc0-e731101cf8ef - - - - - -] Attempt 1 to provision port 8453acd4-14a5-41dc-99e0-e221258effcf
2026-06-26 04:48:56.177 9 INFO neutron.plugins.ml2.plugin [None req-58bbe22a-e157-40c6-af3a-20048fc6ceb7 - - - - - -] Attempt 1 to provision port 872fda15-71f6-411c-b514-2243f599d9ca
2026-06-26 04:48:56.312 10 INFO neutron.plugins.ml2.plugin [None req-668637fc-faee-47a8-83c6-95d1166d9dda - - - - - -] Attempt 1 to provision port 872fda15-71f6-411c-b514-2243f599d9ca
2026-06-26 04:48:56.788 10 INFO neutron.plugins.ml2.plugin [None req-668637fc-faee-47a8-83c6-95d1166d9dda - - - - - -] Attempt 1 to provision port f3701ef5-47a7-4b6b-8782-92eda7d04115
2026-06-26 04:48:57.157 10 INFO neutron.plugins.ml2.plugin [None req-668637fc-faee-47a8-83c6-95d1166d9dda - - - - - -] Attempt 1 to provision port d0a5da99-be1c-4b3a-870a-02fdb373e2c1
2026-06-26 04:48:57.442 10 INFO neutron.plugins.ml2.plugin [None req-668637fc-faee-47a8-83c6-95d1166d9dda - - - - - -] Attempt 1 to provision port b1402d1b-0c67-49cf-a01c-1bda0ff29086
2026-06-26 04:48:58.807 10 INFO neutron.plugins.ml2.plugin [None req-668637fc-faee-47a8-83c6-95d1166d9dda - - - - - -] Attempt 1 to provision port f3701ef5-47a7-4b6b-8782-92eda7d04115
2026-06-26 04:48:59.125 10 INFO neutron.plugins.ml2.plugin [None req-668637fc-faee-47a8-83c6-95d1166d9dda - - - - - -] Attempt 1 to provision port b1402d1b-0c67-49cf-a01c-1bda0ff29086
2026-06-26 04:49:02.790 10 INFO neutron.plugins.ml2.plugin [None req-668637fc-faee-47a8-83c6-95d1166d9dda - - - - - -] Attempt 1 to provision port 5a87ecf3-32f9-43c2-b9bd-cb4f60fbf78a
2026-06-26 04:49:03.194 10 INFO neutron.plugins.ml2.plugin [None req-668637fc-faee-47a8-83c6-95d1166d9dda - - - - - -] Attempt 1 to provision port fa2a0382-ce09-43eb-8991-de93560a8633
2026-06-26 04:49:04.767 10 INFO neutron.plugins.ml2.plugin [None req-668637fc-faee-47a8-83c6-95d1166d9dda - - - - - -] Attempt 1 to provision port 5a87ecf3-32f9-43c2-b9bd-cb4f60fbf78a
2026-06-26 04:49:05.059 10 INFO neutron.plugins.ml2.plugin [None req-668637fc-faee-47a8-83c6-95d1166d9dda - - - - - -] Attempt 1 to provision port fa2a0382-ce09-43eb-8991-de93560a8633 /var/lib/openstack/lib/python3.10/site-packages/oslo_db/sqlalchemy/enginefacade.py:676: SAWarning: DELETE statement on table 'portsecuritybindings' expected to delete 1 row(s); 0 were matched. Please set confirm_deleted_rows=False within the mapper configuration to prevent this warning. self.session.flush() /var/lib/openstack/lib/python3.10/site-packages/oslo_db/sqlalchemy/enginefacade.py:676: SAWarning: DELETE statement on table 'ml2_port_bindings' expected to delete 1 row(s); 0 were matched. Please set confirm_deleted_rows=False within the mapper configuration to prevent this warning. self.session.flush() /var/lib/openstack/lib/python3.10/site-packages/oslo_db/sqlalchemy/enginefacade.py:676: SAWarning: DELETE statement on table 'ml2_port_binding_levels' expected to delete 1 row(s); 0 were matched. Please set confirm_deleted_rows=False within the mapper configuration to prevent this warning. self.session.flush() /var/lib/openstack/lib/python3.10/site-packages/oslo_db/sqlalchemy/enginefacade.py:676: SAWarning: DELETE statement on table 'ports' expected to delete 1 row(s); 0 were matched. Please set confirm_deleted_rows=False within the mapper configuration to prevent this warning. self.session.flush() /var/lib/openstack/lib/python3.10/site-packages/oslo_db/sqlalchemy/enginefacade.py:676: SAWarning: DELETE statement on table 'portsecuritybindings' expected to delete 1 row(s); 0 were matched. Please set confirm_deleted_rows=False within the mapper configuration to prevent this warning. self.session.flush() /var/lib/openstack/lib/python3.10/site-packages/oslo_db/sqlalchemy/enginefacade.py:676: SAWarning: DELETE statement on table 'ml2_port_bindings' expected to delete 1 row(s); 0 were matched. Please set confirm_deleted_rows=False within the mapper configuration to prevent this warning. self.session.flush() /var/lib/openstack/lib/python3.10/site-packages/oslo_db/sqlalchemy/enginefacade.py:676: SAWarning: DELETE statement on table 'ml2_port_binding_levels' expected to delete 1 row(s); 0 were matched. Please set confirm_deleted_rows=False within the mapper configuration to prevent this warning. self.session.flush() /var/lib/openstack/lib/python3.10/site-packages/oslo_db/sqlalchemy/enginefacade.py:676: SAWarning: DELETE statement on table 'ports' expected to delete 1 row(s); 0 were matched. Please set confirm_deleted_rows=False within the mapper configuration to prevent this warning. self.session.flush()
2026-06-26 04:49:30.882 10 INFO neutron.plugins.ml2.plugin [None req-668637fc-faee-47a8-83c6-95d1166d9dda - - - - - -] Attempt 1 to provision port e697ed0a-65b8-41c2-80ab-469e83dcd373
2026-06-26 04:49:31.336 10 INFO neutron.plugins.ml2.plugin [None req-668637fc-faee-47a8-83c6-95d1166d9dda - - - - - -] Attempt 1 to provision port dc2dda05-4c47-4879-849d-5b0d4acba8fc
2026-06-26 04:49:31.832 10 INFO neutron.plugins.ml2.plugin [None req-dbc6228a-d068-4d43-a9a1-35f9ca5eb803 - - - - - -] Attempt 1 to provision port e697ed0a-65b8-41c2-80ab-469e83dcd373
2026-06-26 04:49:32.533 9 INFO neutron.plugins.ml2.plugin [None req-fdc1eba5-8fe8-4c61-919e-7d326c6763ea - - - - - -] Attempt 1 to provision port dc2dda05-4c47-4879-849d-5b0d4acba8fc
2026-06-26 04:49:32.795 9 INFO neutron.plugins.ml2.plugin [None req-1c6fba9f-5b01-44fd-b224-7c2a77dd2c25 - - - - - -] Attempt 1 to provision port f73120af-0457-4e8a-a5f5-3c3d663790de
2026-06-26 04:49:32.942 9 INFO neutron.plugins.ml2.plugin [None req-77fec061-b8cd-4014-9e7c-1c3358609858 - - - - - -] Attempt 1 to provision port e697ed0a-65b8-41c2-80ab-469e83dcd373
2026-06-26 04:49:33.023 10 INFO neutron.plugins.ml2.plugin [None req-668637fc-faee-47a8-83c6-95d1166d9dda - - - - - -] Attempt 1 to provision port 011b7049-74c9-44b5-b019-2d6bd50a6dc3
2026-06-26 04:49:33.443 10 INFO neutron.plugins.ml2.plugin [None req-3988979a-d6ec-4bff-b478-a00ed5fe35b0 - - - - - -] Attempt 1 to provision port e697ed0a-65b8-41c2-80ab-469e83dcd373
2026-06-26 04:49:33.486 10 INFO neutron.plugins.ml2.plugin [None req-668637fc-faee-47a8-83c6-95d1166d9dda - - - - - -] Attempt 1 to provision port dc2dda05-4c47-4879-849d-5b0d4acba8fc
2026-06-26 04:49:33.540 10 INFO neutron.plugins.ml2.plugin [None req-3988979a-d6ec-4bff-b478-a00ed5fe35b0 - - - - - -] Attempt 1 to provision port 011b7049-74c9-44b5-b019-2d6bd50a6dc3
2026-06-26 04:49:33.757 10 INFO neutron.plugins.ml2.plugin [None req-6dea29af-9066-407b-a115-1a1ef7037e70 - - - - - -] Attempt 1 to provision port dc2dda05-4c47-4879-849d-5b0d4acba8fc
2026-06-26 04:49:33.810 10 INFO neutron.plugins.ml2.plugin [None req-668637fc-faee-47a8-83c6-95d1166d9dda - - - - - -] Attempt 1 to provision port e697ed0a-65b8-41c2-80ab-469e83dcd373
2026-06-26 04:49:34.343 10 INFO neutron.plugins.ml2.plugin [None req-dd1dc51f-e9e6-4683-900c-4cd316e1c554 - - - - - -] Attempt 1 to provision port dc2dda05-4c47-4879-849d-5b0d4acba8fc
2026-06-26 04:49:34.719 10 INFO neutron.plugins.ml2.plugin [None req-84b35f93-9dc7-45bf-ad3e-d3eed40e0665 - - - - - -] Attempt 1 to provision port 011b7049-74c9-44b5-b019-2d6bd50a6dc3
2026-06-26 04:49:34.779 9 INFO neutron.plugins.ml2.plugin [None req-668637fc-faee-47a8-83c6-95d1166d9dda - - - - - -] Attempt 1 to provision port 011b7049-74c9-44b5-b019-2d6bd50a6dc3
2026-06-26 04:49:35.064 9 INFO neutron.plugins.ml2.plugin [None req-668637fc-faee-47a8-83c6-95d1166d9dda - - - - - -] Attempt 1 to provision port dc2dda05-4c47-4879-849d-5b0d4acba8fc
2026-06-26 04:49:35.251 10 INFO neutron.plugins.ml2.plugin [None req-44983589-8490-416e-9e5b-f818803e97cc - - - - - -] Attempt 1 to provision port 011b7049-74c9-44b5-b019-2d6bd50a6dc3
2026-06-26 04:49:35.842 9 INFO neutron.plugins.ml2.plugin [None req-d8cdbd17-5e80-4787-a572-902c22cf6ed0 - - - - - -] Attempt 1 to provision port b1c6cb52-f97c-476d-b6eb-325b3b296994
2026-06-26 04:49:36.795 10 INFO neutron.plugins.ml2.plugin [None req-668637fc-faee-47a8-83c6-95d1166d9dda - - - - - -] Attempt 1 to provision port c40c4e64-967b-4236-9932-9692c9666c2f
2026-06-26 04:49:36.990 9 INFO neutron.plugins.ml2.plugin [None req-c039bd72-4afc-468d-ada2-f8f206fc3b06 - - - - - -] Attempt 1 to provision port b1c6cb52-f97c-476d-b6eb-325b3b296994
2026-06-26 04:49:38.044 10 INFO neutron.plugins.ml2.plugin [None req-a76bd3ef-a718-4be5-8364-4573ed9cdfe5 - - - - - -] Attempt 1 to provision port c00e7b3b-25c4-40e9-bcbb-ccfe6686c38d
2026-06-26 04:49:38.791 9 INFO neutron.plugins.ml2.plugin [None req-668637fc-faee-47a8-83c6-95d1166d9dda - - - - - -] Attempt 1 to provision port c40c4e64-967b-4236-9932-9692c9666c2f
2026-06-26 04:49:38.800 10 INFO neutron.plugins.ml2.plugin [None req-f9e18e32-cea7-4c31-ac80-3b0c76ab25be - - - - - -] Attempt 1 to provision port c00e7b3b-25c4-40e9-bcbb-ccfe6686c38d
2026-06-26 04:49:39.760 9 INFO neutron.plugins.ml2.plugin [None req-60e07396-7b17-4607-b4c1-6b85aa7407a5 - - - - - -] Attempt 1 to provision port a308a41a-8d5e-46f3-b6a1-c8e65fcce252
2026-06-26 04:49:40.528 10 INFO neutron.plugins.ml2.plugin [None req-fc818cda-8de5-4b03-85e0-aa4d86e4eff1 - - - - - -] Attempt 1 to provision port a308a41a-8d5e-46f3-b6a1-c8e65fcce252
2026-06-26 04:49:44.426 9 INFO neutron.plugins.ml2.plugin [None req-c86558d9-d111-4d70-8d77-da788e121047 - - - - - -] Attempt 1 to provision port 321d20b1-f202-467d-ba3a-f0840526b133
2026-06-26 04:49:46.832 9 INFO neutron.plugins.ml2.plugin [None req-668637fc-faee-47a8-83c6-95d1166d9dda - - - - - -] Attempt 1 to provision port 321d20b1-f202-467d-ba3a-f0840526b133
2026-06-26 04:49:46.956 9 INFO neutron.notifiers.nova [-] Nova event matching ['req-cf460925-49cd-4461-a7fc-97a0b54497da'] response: {'server_uuid': '4640e467-7b45-43a5-a4ff-0da0d44eefdd', 'name': 'network-vif-plugged', 'status': 'completed', 'tag': '321d20b1-f202-467d-ba3a-f0840526b133', 'code': 200}
2026-06-26 04:49:48.788 10 INFO neutron.plugins.ml2.plugin [None req-668637fc-faee-47a8-83c6-95d1166d9dda - - - - - -] Attempt 1 to provision port 321d20b1-f202-467d-ba3a-f0840526b133
2026-06-26 04:49:51.926 9 INFO neutron.plugins.ml2.plugin [None req-ae2ee9a9-e5aa-44d8-a4b4-748f93f15559 - - - - - -] Attempt 1 to provision port 7a326d0c-687b-4c10-891b-8313b6ade561
2026-06-26 04:49:54.813 10 INFO neutron.plugins.ml2.plugin [None req-668637fc-faee-47a8-83c6-95d1166d9dda - - - - - -] Attempt 1 to provision port 7a326d0c-687b-4c10-891b-8313b6ade561
2026-06-26 04:49:54.929 10 INFO neutron.notifiers.nova [-] Nova event matching ['req-4c7b9d9f-5963-4c2b-a2bf-d3cde81c454e'] response: {'server_uuid': '5622da1f-a99b-41b7-b959-9659103802aa', 'name': 'network-vif-plugged', 'status': 'completed', 'tag': '7a326d0c-687b-4c10-891b-8313b6ade561', 'code': 200}
2026-06-26 04:49:56.818 9 INFO neutron.plugins.ml2.plugin [None req-668637fc-faee-47a8-83c6-95d1166d9dda - - - - - -] Attempt 1 to provision port 7a326d0c-687b-4c10-891b-8313b6ade561
2026-06-26 04:50:02.839 10 INFO neutron.plugins.ml2.plugin [None req-668637fc-faee-47a8-83c6-95d1166d9dda - - - - - -] Attempt 1 to provision port c00e7b3b-25c4-40e9-bcbb-ccfe6686c38d
2026-06-26 04:50:03.181 10 INFO neutron.plugins.ml2.plugin [None req-668637fc-faee-47a8-83c6-95d1166d9dda - - - - - -] Attempt 1 to provision port f73120af-0457-4e8a-a5f5-3c3d663790de
2026-06-26 04:50:03.516 10 INFO neutron.plugins.ml2.plugin [None req-668637fc-faee-47a8-83c6-95d1166d9dda - - - - - -] Attempt 1 to provision port b1c6cb52-f97c-476d-b6eb-325b3b296994
2026-06-26 04:50:03.883 10 INFO neutron.plugins.ml2.plugin [None req-668637fc-faee-47a8-83c6-95d1166d9dda - - - - - -] Attempt 1 to provision port a308a41a-8d5e-46f3-b6a1-c8e65fcce252
2026-06-26 04:50:04.824 9 INFO neutron.plugins.ml2.plugin [None req-668637fc-faee-47a8-83c6-95d1166d9dda - - - - - -] Attempt 1 to provision port c00e7b3b-25c4-40e9-bcbb-ccfe6686c38d
2026-06-26 04:50:05.128 9 INFO neutron.plugins.ml2.plugin [None req-668637fc-faee-47a8-83c6-95d1166d9dda - - - - - -] Attempt 1 to provision port f73120af-0457-4e8a-a5f5-3c3d663790de
2026-06-26 04:50:05.300 9 INFO neutron.plugins.ml2.plugin [None req-668637fc-faee-47a8-83c6-95d1166d9dda - - - - - -] Attempt 1 to provision port b1c6cb52-f97c-476d-b6eb-325b3b296994
2026-06-26 04:50:05.584 9 INFO neutron.plugins.ml2.plugin [None req-668637fc-faee-47a8-83c6-95d1166d9dda - - - - - -] Attempt 1 to provision port a308a41a-8d5e-46f3-b6a1-c8e65fcce252
2026-06-26 04:50:13.143 10 INFO neutron.plugins.ml2.plugin [None req-e57b1494-0ed9-48c8-94f7-d079ec5f8c7d - - - - - -] Attempt 1 to provision port 93fd8e9b-655a-432c-bc1a-7185386da16a
2026-06-26 04:50:24.681 9 INFO neutron.plugins.ml2.plugin [None req-a2975941-4705-4828-827a-71211282a4b3 - - - - - -] Attempt 1 to provision port 3937a784-e00e-4ca2-abee-33f9a3af3e8c
2026-06-26 04:50:26.860 9 INFO neutron.plugins.ml2.plugin [None req-668637fc-faee-47a8-83c6-95d1166d9dda - - - - - -] Attempt 1 to provision port 3937a784-e00e-4ca2-abee-33f9a3af3e8c
2026-06-26 04:50:26.981 9 INFO neutron.notifiers.nova [-] Nova event matching ['req-9d1d65bb-6d68-4fb8-8b86-0109df2e9db5'] response: {'server_uuid': '2bcd5c0a-4656-4c49-907e-a4e435661111', 'name': 'network-vif-plugged', 'status': 'completed', 'tag': '3937a784-e00e-4ca2-abee-33f9a3af3e8c', 'code': 200}
2026-06-26 04:50:28.814 10 INFO neutron.plugins.ml2.plugin [None req-668637fc-faee-47a8-83c6-95d1166d9dda - - - - - -] Attempt 1 to provision port 3937a784-e00e-4ca2-abee-33f9a3af3e8c
2026-06-26 04:51:01.718 9 INFO neutron.plugins.ml2.plugin [None req-e606efe6-9877-4320-9992-76d6891847fe - - - - - -] Attempt 1 to provision port fda77818-26c2-4069-92f0-0ee12da019b6
2026-06-26 04:51:04.921 9 INFO neutron.plugins.ml2.plugin [None req-668637fc-faee-47a8-83c6-95d1166d9dda - - - - - -] Attempt 1 to provision port fda77818-26c2-4069-92f0-0ee12da019b6
2026-06-26 04:51:05.165 9 INFO neutron.notifiers.nova [-] Nova event matching ['req-05767ef2-db22-4ae5-9ab1-2324efb24d3c'] response: {'server_uuid': '2bcd5c0a-4656-4c49-907e-a4e435661111', 'name': 'network-vif-plugged', 'status': 'completed', 'tag': 'fda77818-26c2-4069-92f0-0ee12da019b6', 'code': 200}
2026-06-26 04:51:06.852 10 INFO neutron.plugins.ml2.plugin [None req-668637fc-faee-47a8-83c6-95d1166d9dda - - - - - -] Attempt 1 to provision port fda77818-26c2-4069-92f0-0ee12da019b6
2026-06-26 04:51:29.089 9 INFO neutron.plugins.ml2.plugin [None req-9a0fb09c-dee8-4533-b2b5-9e52c42da3dc - - - - - -] Attempt 1 to provision port 16c88c0c-666d-4794-9f48-366efa363d8e
2026-06-26 04:51:31.036 9 INFO neutron.plugins.ml2.plugin [None req-668637fc-faee-47a8-83c6-95d1166d9dda - - - - - -] Attempt 1 to provision port 16c88c0c-666d-4794-9f48-366efa363d8e
2026-06-26 04:51:31.448 10 INFO neutron.plugins.ml2.plugin [None req-1638abf2-3aee-4c44-b5f1-361b327bff59 - - - - - -] Attempt 1 to provision port 16c88c0c-666d-4794-9f48-366efa363d8e
2026-06-26 04:51:31.608 10 INFO neutron.notifiers.nova [-] Nova event matching ['req-2a5fb413-2958-455f-9662-c470bf0604af'] response: {'server_uuid': '2bcd5c0a-4656-4c49-907e-a4e435661111', 'name': 'network-vif-plugged', 'status': 'completed', 'tag': '16c88c0c-666d-4794-9f48-366efa363d8e', 'code': 200}
2026-06-26 04:51:32.900 9 INFO neutron.plugins.ml2.plugin [None req-668637fc-faee-47a8-83c6-95d1166d9dda - - - - - -] Attempt 1 to provision port 16c88c0c-666d-4794-9f48-366efa363d8e
2026-06-26 04:51:39.922 10 INFO neutron.plugins.ml2.plugin [None req-c4eca349-82eb-4bde-8938-e8885f0359b2 - - - - - -] Attempt 1 to provision port fe1772f0-9bad-4579-9bc5-9d7fea8299bc
2026-06-26 04:51:43.199 10 INFO neutron.plugins.ml2.plugin [None req-be46bbed-9038-4324-a1df-4e28c72e24d9 - - - - - -] Attempt 1 to provision port fe1772f0-9bad-4579-9bc5-9d7fea8299bc
2026-06-26 04:51:43.342 10 INFO neutron.notifiers.nova [-] Nova event matching ['req-66398978-2adc-4166-8654-3bebd993cae4'] response: {'server_uuid': '2bcd5c0a-4656-4c49-907e-a4e435661111', 'name': 'network-vif-plugged', 'status': 'completed', 'tag': 'fe1772f0-9bad-4579-9bc5-9d7fea8299bc', 'code': 200}
2026-06-26 04:51:44.961 9 INFO neutron.plugins.ml2.plugin [None req-668637fc-faee-47a8-83c6-95d1166d9dda - - - - - -] Attempt 1 to provision port fe1772f0-9bad-4579-9bc5-9d7fea8299bc
2026-06-26 04:51:53.197 10 INFO neutron.plugins.ml2.plugin [None req-e41e458f-96ca-456c-aadc-257172c9dfe7 - - - - - -] Attempt 1 to provision port fe1772f0-9bad-4579-9bc5-9d7fea8299bc
2026-06-26 04:51:58.722 10 INFO neutron.plugins.ml2.plugin [None req-4b8146bf-b29b-430a-a812-abd8228cf133 - - - - - -] Attempt 1 to provision port 16c88c0c-666d-4794-9f48-366efa363d8e
2026-06-26 04:51:58.930 9 INFO neutron.plugins.ml2.plugin [None req-668637fc-faee-47a8-83c6-95d1166d9dda - - - - - -] Attempt 1 to provision port 16c88c0c-666d-4794-9f48-366efa363d8e