2026-06-22 03:01:22.167 7 INFO placement.requestlog [req-3cbed2ac-6b44-4f8a-a0c1-1a95bb18fb70 req-bd823ad7-1b20-4dc0-aa6c-d3ad243b326a e58258c1cc5642c8ae828a43f8cff533 729eecc38e0e418189f1aeacfe5fa887 - - 6dbf41fada4c4580bca281f6161f7cb5 6dbf41fada4c4580bca281f6161f7cb5] 199.204.45.65 "DELETE /allocations/63493b70-e4cb-49d2-876e-a5cdfbbbc6b0" status: 204 len: 0 microversion: 1.0 [pid: 7|app: 0|req: 341/679] 199.204.45.65 () {34 vars in 840 bytes} [Mon Jun 22 03:01:22 2026] DELETE /allocations/63493b70-e4cb-49d2-876e-a5cdfbbbc6b0 => generated 0 bytes in 77 msecs (HTTP/1.1 204) 5 headers in 198 bytes (1 switches on core 0)
2026-06-22 03:01:24.704 8 INFO placement.requestlog [None req-4bbd4cc9-88f9-4baa-8d26-56448151791f 734614b4c2404eec86eff556eb3397d5 729eecc38e0e418189f1aeacfe5fa887 - - 6dbf41fada4c4580bca281f6161f7cb5 6dbf41fada4c4580bca281f6161f7cb5] 10.0.0.79 "GET /resource_providers/30fa4f6f-f90b-4c4f-ac6c-b9a6dcaff252/aggregates" status: 404 len: 235 microversion: 1.1 [pid: 8|app: 0|req: 339/680] 10.0.0.79 () {32 vars in 824 bytes} [Mon Jun 22 03:01:24 2026] GET /resource_providers/30fa4f6f-f90b-4c4f-ac6c-b9a6dcaff252/aggregates => generated 235 bytes in 13 msecs (HTTP/1.1 404) 5 headers in 202 bytes (1 switches on core 0)
2026-06-22 03:01:24.724 7 INFO placement.requestlog [None req-af9ca9c8-1ca9-4294-be32-0d4d3074b1f9 734614b4c2404eec86eff556eb3397d5 729eecc38e0e418189f1aeacfe5fa887 - - 6dbf41fada4c4580bca281f6161f7cb5 6dbf41fada4c4580bca281f6161f7cb5] 10.0.0.79 "GET /resource_providers/30fa4f6f-f90b-4c4f-ac6c-b9a6dcaff252/aggregates" status: 404 len: 235 microversion: 1.1 [pid: 7|app: 0|req: 342/681] 10.0.0.79 () {32 vars in 824 bytes} [Mon Jun 22 03:01:24 2026] GET /resource_providers/30fa4f6f-f90b-4c4f-ac6c-b9a6dcaff252/aggregates => generated 235 bytes in 32 msecs (HTTP/1.1 404) 5 headers in 202 bytes (1 switches on core 0)
2026-06-22 03:01:24.733 8 INFO placement.requestlog [None req-2db2cf5e-c535-4eac-b6d6-74206c10538c 734614b4c2404eec86eff556eb3397d5 729eecc38e0e418189f1aeacfe5fa887 - - 6dbf41fada4c4580bca281f6161f7cb5 6dbf41fada4c4580bca281f6161f7cb5] 10.0.0.79 "DELETE /resource_providers/30fa4f6f-f90b-4c4f-ac6c-b9a6dcaff252" status: 404 len: 246 microversion: 1.1 [pid: 8|app: 0|req: 340/682] 10.0.0.79 () {34 vars in 824 bytes} [Mon Jun 22 03:01:24 2026] DELETE /resource_providers/30fa4f6f-f90b-4c4f-ac6c-b9a6dcaff252 => generated 246 bytes in 12 msecs (HTTP/1.1 404) 6 headers in 231 bytes (1 switches on core 0)
2026-06-22 03:01:24.752 7 INFO placement.requestlog [None req-4da45bbe-b97d-4370-84d4-401220cca09c 734614b4c2404eec86eff556eb3397d5 729eecc38e0e418189f1aeacfe5fa887 - - 6dbf41fada4c4580bca281f6161f7cb5 6dbf41fada4c4580bca281f6161f7cb5] 10.0.0.79 "DELETE /resource_providers/30fa4f6f-f90b-4c4f-ac6c-b9a6dcaff252" status: 404 len: 246 microversion: 1.1 [pid: 7|app: 0|req: 343/683] 10.0.0.79 () {34 vars in 824 bytes} [Mon Jun 22 03:01:24 2026] DELETE /resource_providers/30fa4f6f-f90b-4c4f-ac6c-b9a6dcaff252 => generated 246 bytes in 18 msecs (HTTP/1.1 404) 6 headers in 231 bytes (1 switches on core 0)
2026-06-22 03:01:26.237 8 INFO placement.requestlog [None req-77ddff5e-3d41-463d-af17-96857354f8cc 734614b4c2404eec86eff556eb3397d5 729eecc38e0e418189f1aeacfe5fa887 - - 6dbf41fada4c4580bca281f6161f7cb5 6dbf41fada4c4580bca281f6161f7cb5] 10.0.0.79 "GET /resource_providers/7718f746-cb90-44da-a094-92ac0c736a9a/aggregates" status: 404 len: 235 microversion: 1.1 [pid: 8|app: 0|req: 341/684] 10.0.0.79 () {32 vars in 824 bytes} [Mon Jun 22 03:01:26 2026] GET /resource_providers/7718f746-cb90-44da-a094-92ac0c736a9a/aggregates => generated 235 bytes in 12 msecs (HTTP/1.1 404) 5 headers in 202 bytes (1 switches on core 0)
2026-06-22 03:01:26.239 7 INFO placement.requestlog [None req-ef9892fc-6e9d-43ed-af8d-1c272f94b5ac 734614b4c2404eec86eff556eb3397d5 729eecc38e0e418189f1aeacfe5fa887 - - 6dbf41fada4c4580bca281f6161f7cb5 6dbf41fada4c4580bca281f6161f7cb5] 10.0.0.79 "GET /resource_providers/7718f746-cb90-44da-a094-92ac0c736a9a/aggregates" status: 404 len: 235 microversion: 1.1 [pid: 7|app: 0|req: 344/685] 10.0.0.79 () {32 vars in 824 bytes} [Mon Jun 22 03:01:26 2026] GET /resource_providers/7718f746-cb90-44da-a094-92ac0c736a9a/aggregates => generated 235 bytes in 14 msecs (HTTP/1.1 404) 5 headers in 202 bytes (1 switches on core 0)
2026-06-22 03:01:26.278 8 INFO placement.requestlog [None req-c29951c4-d55c-4964-8792-0bd1abca5366 734614b4c2404eec86eff556eb3397d5 729eecc38e0e418189f1aeacfe5fa887 - - 6dbf41fada4c4580bca281f6161f7cb5 6dbf41fada4c4580bca281f6161f7cb5] 10.0.0.79 "DELETE /resource_providers/7718f746-cb90-44da-a094-92ac0c736a9a" status: 404 len: 246 microversion: 1.1 [pid: 8|app: 0|req: 342/686] 10.0.0.79 () {34 vars in 824 bytes} [Mon Jun 22 03:01:26 2026] DELETE /resource_providers/7718f746-cb90-44da-a094-92ac0c736a9a => generated 246 bytes in 13 msecs (HTTP/1.1 404) 6 headers in 231 bytes (1 switches on core 0)
2026-06-22 03:01:26.279 7 INFO placement.requestlog [None req-3d6b1755-b0a3-4a15-983a-81bfe383c5d6 734614b4c2404eec86eff556eb3397d5 729eecc38e0e418189f1aeacfe5fa887 - - 6dbf41fada4c4580bca281f6161f7cb5 6dbf41fada4c4580bca281f6161f7cb5] 10.0.0.79 "DELETE /resource_providers/7718f746-cb90-44da-a094-92ac0c736a9a" status: 404 len: 246 microversion: 1.1 [pid: 7|app: 0|req: 345/687] 10.0.0.79 () {34 vars in 824 bytes} [Mon Jun 22 03:01:26 2026] DELETE /resource_providers/7718f746-cb90-44da-a094-92ac0c736a9a => generated 246 bytes in 14 msecs (HTTP/1.1 404) 6 headers in 231 bytes (1 switches on core 0)
2026-06-22 03:01:27.937 8 INFO placement.requestlog [None req-26a8ba74-fd2d-4755-bb09-58813fdae8df 734614b4c2404eec86eff556eb3397d5 729eecc38e0e418189f1aeacfe5fa887 - - 6dbf41fada4c4580bca281f6161f7cb5 6dbf41fada4c4580bca281f6161f7cb5] 10.0.0.79 "GET /resource_providers/6b6a033d-5096-4f78-b9f7-20825c96eaae/aggregates" status: 404 len: 235 microversion: 1.1
2026-06-22 03:01:27.937 7 INFO placement.requestlog [None req-e7f270c5-001f-4744-9bbe-8fae1c5fd760 734614b4c2404eec86eff556eb3397d5 729eecc38e0e418189f1aeacfe5fa887 - - 6dbf41fada4c4580bca281f6161f7cb5 6dbf41fada4c4580bca281f6161f7cb5] 10.0.0.79 "GET /resource_providers/6b6a033d-5096-4f78-b9f7-20825c96eaae/aggregates" status: 404 len: 235 microversion: 1.1 [pid: 8|app: 0|req: 343/688] 10.0.0.79 () {32 vars in 824 bytes} [Mon Jun 22 03:01:27 2026] GET /resource_providers/6b6a033d-5096-4f78-b9f7-20825c96eaae/aggregates => generated 235 bytes in 13 msecs (HTTP/1.1 404) 5 headers in 202 bytes (1 switches on core 0) [pid: 7|app: 0|req: 346/689] 10.0.0.79 () {32 vars in 824 bytes} [Mon Jun 22 03:01:27 2026] GET /resource_providers/6b6a033d-5096-4f78-b9f7-20825c96eaae/aggregates => generated 235 bytes in 13 msecs (HTTP/1.1 404) 5 headers in 202 bytes (1 switches on core 0)
2026-06-22 03:01:27.976 8 INFO placement.requestlog [None req-5dac288a-27e1-4603-a5fd-fde70e62c8c8 734614b4c2404eec86eff556eb3397d5 729eecc38e0e418189f1aeacfe5fa887 - - 6dbf41fada4c4580bca281f6161f7cb5 6dbf41fada4c4580bca281f6161f7cb5] 10.0.0.79 "DELETE /resource_providers/6b6a033d-5096-4f78-b9f7-20825c96eaae" status: 404 len: 246 microversion: 1.1 [pid: 8|app: 0|req: 344/690] 10.0.0.79 () {34 vars in 824 bytes} [Mon Jun 22 03:01:27 2026] DELETE /resource_providers/6b6a033d-5096-4f78-b9f7-20825c96eaae => generated 246 bytes in 15 msecs (HTTP/1.1 404) 6 headers in 231 bytes (1 switches on core 0)
2026-06-22 03:01:27.979 7 INFO placement.requestlog [None req-d54f053a-a27f-49c1-abdd-4163eb09be52 734614b4c2404eec86eff556eb3397d5 729eecc38e0e418189f1aeacfe5fa887 - - 6dbf41fada4c4580bca281f6161f7cb5 6dbf41fada4c4580bca281f6161f7cb5] 10.0.0.79 "DELETE /resource_providers/6b6a033d-5096-4f78-b9f7-20825c96eaae" status: 404 len: 246 microversion: 1.1 [pid: 7|app: 0|req: 347/691] 10.0.0.79 () {34 vars in 824 bytes} [Mon Jun 22 03:01:27 2026] DELETE /resource_providers/6b6a033d-5096-4f78-b9f7-20825c96eaae => generated 246 bytes in 13 msecs (HTTP/1.1 404) 6 headers in 231 bytes (1 switches on core 0)
2026-06-22 03:01:28.430 7 INFO placement.requestlog [None req-f19dc5b5-02bb-4dc4-b6b1-db2cfcba5e0e 734614b4c2404eec86eff556eb3397d5 729eecc38e0e418189f1aeacfe5fa887 - - 6dbf41fada4c4580bca281f6161f7cb5 6dbf41fada4c4580bca281f6161f7cb5] 10.0.0.79 "GET /resource_providers/0688d552-2899-40f2-824b-250df2e4eed5/aggregates" status: 404 len: 235 microversion: 1.1
2026-06-22 03:01:28.430 8 INFO placement.requestlog [None req-cffbcc1e-3d7f-4889-870a-68b9706da8fa 734614b4c2404eec86eff556eb3397d5 729eecc38e0e418189f1aeacfe5fa887 - - 6dbf41fada4c4580bca281f6161f7cb5 6dbf41fada4c4580bca281f6161f7cb5] 10.0.0.79 "GET /resource_providers/0688d552-2899-40f2-824b-250df2e4eed5/aggregates" status: 404 len: 235 microversion: 1.1 [pid: 7|app: 0|req: 348/693] 10.0.0.79 () {32 vars in 824 bytes} [Mon Jun 22 03:01:28 2026] GET /resource_providers/0688d552-2899-40f2-824b-250df2e4eed5/aggregates => generated 235 bytes in 14 msecs (HTTP/1.1 404) 5 headers in 202 bytes (1 switches on core 0) [pid: 8|app: 0|req: 345/693] 10.0.0.79 () {32 vars in 824 bytes} [Mon Jun 22 03:01:28 2026] GET /resource_providers/0688d552-2899-40f2-824b-250df2e4eed5/aggregates => generated 235 bytes in 14 msecs (HTTP/1.1 404) 5 headers in 202 bytes (1 switches on core 0)
2026-06-22 03:01:28.462 7 INFO placement.requestlog [None req-a2e3a73e-0509-4e6a-848b-85617b8ac904 734614b4c2404eec86eff556eb3397d5 729eecc38e0e418189f1aeacfe5fa887 - - 6dbf41fada4c4580bca281f6161f7cb5 6dbf41fada4c4580bca281f6161f7cb5] 10.0.0.79 "DELETE /resource_providers/0688d552-2899-40f2-824b-250df2e4eed5" status: 404 len: 246 microversion: 1.1 [pid: 7|app: 0|req: 349/694] 10.0.0.79 () {34 vars in 824 bytes} [Mon Jun 22 03:01:28 2026] DELETE /resource_providers/0688d552-2899-40f2-824b-250df2e4eed5 => generated 246 bytes in 14 msecs (HTTP/1.1 404) 6 headers in 231 bytes (1 switches on core 0)
2026-06-22 03:01:28.464 8 INFO placement.requestlog [None req-1a9aaf5f-c5de-4b9d-bedc-9dd096c82cd1 734614b4c2404eec86eff556eb3397d5 729eecc38e0e418189f1aeacfe5fa887 - - 6dbf41fada4c4580bca281f6161f7cb5 6dbf41fada4c4580bca281f6161f7cb5] 10.0.0.79 "DELETE /resource_providers/0688d552-2899-40f2-824b-250df2e4eed5" status: 404 len: 246 microversion: 1.1 [pid: 8|app: 0|req: 346/695] 10.0.0.79 () {34 vars in 824 bytes} [Mon Jun 22 03:01:28 2026] DELETE /resource_providers/0688d552-2899-40f2-824b-250df2e4eed5 => generated 246 bytes in 17 msecs (HTTP/1.1 404) 6 headers in 231 bytes (1 switches on core 0)
2026-06-22 03:01:30.224 8 INFO placement.requestlog [None req-ce0e2ea8-f649-400f-a5d2-813c39ee3652 - - - - - -] 10.0.0.180 "GET /" status: 200 len: 136 microversion: 1.0
2026-06-22 03:01:30.224 7 INFO placement.requestlog [None req-726d3d46-5437-4c75-936f-eafb84765b24 - - - - - -] 10.0.0.180 "GET /" status: 200 len: 136 microversion: 1.0
2026-06-22 03:01:30.486 8 INFO placement.requestlog [None req-f6acaea0-4b0a-4a0b-b62d-b48d4c3a6e28 734614b4c2404eec86eff556eb3397d5 729eecc38e0e418189f1aeacfe5fa887 - - 6dbf41fada4c4580bca281f6161f7cb5 6dbf41fada4c4580bca281f6161f7cb5] 10.0.0.79 "GET /resource_providers/4107a975-a469-4371-96ae-265de587438e/aggregates" status: 404 len: 235 microversion: 1.1 [pid: 8|app: 0|req: 348/698] 10.0.0.79 () {32 vars in 824 bytes} [Mon Jun 22 03:01:30 2026] GET /resource_providers/4107a975-a469-4371-96ae-265de587438e/aggregates => generated 235 bytes in 13 msecs (HTTP/1.1 404) 5 headers in 202 bytes (1 switches on core 0)
2026-06-22 03:01:30.494 7 INFO placement.requestlog [None req-f3735527-693f-45b0-a6ea-c020da16a50d 734614b4c2404eec86eff556eb3397d5 729eecc38e0e418189f1aeacfe5fa887 - - 6dbf41fada4c4580bca281f6161f7cb5 6dbf41fada4c4580bca281f6161f7cb5] 10.0.0.79 "GET /resource_providers/4107a975-a469-4371-96ae-265de587438e/aggregates" status: 404 len: 235 microversion: 1.1 [pid: 7|app: 0|req: 351/699] 10.0.0.79 () {32 vars in 824 bytes} [Mon Jun 22 03:01:30 2026] GET /resource_providers/4107a975-a469-4371-96ae-265de587438e/aggregates => generated 235 bytes in 11 msecs (HTTP/1.1 404) 5 headers in 202 bytes (1 switches on core 0)
2026-06-22 03:01:30.508 8 INFO placement.requestlog [None req-007caaf4-12d3-4335-8f5c-885735e4e85b 734614b4c2404eec86eff556eb3397d5 729eecc38e0e418189f1aeacfe5fa887 - - 6dbf41fada4c4580bca281f6161f7cb5 6dbf41fada4c4580bca281f6161f7cb5] 10.0.0.79 "DELETE /resource_providers/4107a975-a469-4371-96ae-265de587438e" status: 404 len: 246 microversion: 1.1 [pid: 8|app: 0|req: 349/700] 10.0.0.79 () {34 vars in 824 bytes} [Mon Jun 22 03:01:30 2026] DELETE /resource_providers/4107a975-a469-4371-96ae-265de587438e => generated 246 bytes in 15 msecs (HTTP/1.1 404) 6 headers in 231 bytes (1 switches on core 0)
2026-06-22 03:01:30.519 7 INFO placement.requestlog [None req-bd91b9c3-3853-4f95-954c-0cc4c11947f5 734614b4c2404eec86eff556eb3397d5 729eecc38e0e418189f1aeacfe5fa887 - - 6dbf41fada4c4580bca281f6161f7cb5 6dbf41fada4c4580bca281f6161f7cb5] 10.0.0.79 "DELETE /resource_providers/4107a975-a469-4371-96ae-265de587438e" status: 404 len: 246 microversion: 1.1 [pid: 7|app: 0|req: 352/701] 10.0.0.79 () {34 vars in 824 bytes} [Mon Jun 22 03:01:30 2026] DELETE /resource_providers/4107a975-a469-4371-96ae-265de587438e => generated 246 bytes in 13 msecs (HTTP/1.1 404) 6 headers in 231 bytes (1 switches on core 0)
2026-06-22 03:01:30.852 8 INFO placement.requestlog [req-03e4671b-4315-4c08-9035-0a233f2330f0 req-7bfaa42b-f0c0-4c5a-826f-a714a9b3b9b9 e58258c1cc5642c8ae828a43f8cff533 729eecc38e0e418189f1aeacfe5fa887 - - 6dbf41fada4c4580bca281f6161f7cb5 6dbf41fada4c4580bca281f6161f7cb5] 10.0.0.193 "GET /allocation_candidates?limit=1000&resources=DISK_GB%3A1%2CMEMORY_MB%3A512%2CVCPU%3A1&root_required=%21COMPUTE_STATUS_DISABLED" status: 200 len: 2147 microversion: 1.36 [pid: 8|app: 0|req: 350/702] 10.0.0.193 () {34 vars in 1012 bytes} [Mon Jun 22 03:01:30 2026] GET /allocation_candidates?limit=1000&resources=DISK_GB%3A1%2CMEMORY_MB%3A512%2CVCPU%3A1&root_required=%21COMPUTE_STATUS_DISABLED => generated 2147 bytes in 69 msecs (HTTP/1.1 200) 8 headers in 297 bytes (1 switches on core 0)
2026-06-22 03:01:30.894 7 INFO placement.requestlog [req-03e4671b-4315-4c08-9035-0a233f2330f0 req-3bdb08e1-1a5b-4b39-9095-7553143ddfb4 e58258c1cc5642c8ae828a43f8cff533 729eecc38e0e418189f1aeacfe5fa887 - - 6dbf41fada4c4580bca281f6161f7cb5 6dbf41fada4c4580bca281f6161f7cb5] 10.0.0.193 "GET /allocations/eaa3818a-94bf-47e5-a09c-8f92e207c756" status: 200 len: 19 microversion: 1.28 [pid: 7|app: 0|req: 353/703] 10.0.0.193 () {34 vars in 861 bytes} [Mon Jun 22 03:01:30 2026] GET /allocations/eaa3818a-94bf-47e5-a09c-8f92e207c756 => generated 19 bytes in 13 msecs (HTTP/1.1 200) 8 headers in 295 bytes (1 switches on core 0)
2026-06-22 03:01:30.970 8 INFO placement.requestlog [req-03e4671b-4315-4c08-9035-0a233f2330f0 req-ba067089-f593-4402-b774-15f8805a78cb e58258c1cc5642c8ae828a43f8cff533 729eecc38e0e418189f1aeacfe5fa887 - - 6dbf41fada4c4580bca281f6161f7cb5 6dbf41fada4c4580bca281f6161f7cb5] 10.0.0.193 "PUT /allocations/eaa3818a-94bf-47e5-a09c-8f92e207c756" status: 204 len: 0 microversion: 1.36 [pid: 8|app: 0|req: 351/704] 10.0.0.193 () {38 vars in 914 bytes} [Mon Jun 22 03:01:30 2026] PUT /allocations/eaa3818a-94bf-47e5-a09c-8f92e207c756 => generated 0 bytes in 69 msecs (HTTP/1.1 204) 5 headers in 199 bytes (1 switches on core 0)
2026-06-22 03:01:31.231 7 INFO placement.requestlog [req-03e4671b-4315-4c08-9035-0a233f2330f0 req-f3bd8e8b-7b76-481d-a802-62a1627c9e9c e58258c1cc5642c8ae828a43f8cff533 729eecc38e0e418189f1aeacfe5fa887 - - 6dbf41fada4c4580bca281f6161f7cb5 6dbf41fada4c4580bca281f6161f7cb5] 199.204.45.65 "GET /allocations/eaa3818a-94bf-47e5-a09c-8f92e207c756" status: 200 len: 257 microversion: 1.28 [pid: 7|app: 0|req: 354/705] 199.204.45.65 () {34 vars in 862 bytes} [Mon Jun 22 03:01:31 2026] GET /allocations/eaa3818a-94bf-47e5-a09c-8f92e207c756 => generated 257 bytes in 15 msecs (HTTP/1.1 200) 8 headers in 296 bytes (1 switches on core 0)
2026-06-22 03:01:31.351 8 INFO placement.requestlog [req-03e4671b-4315-4c08-9035-0a233f2330f0 req-99248196-8ad6-4679-8f51-8197d8b09f04 e58258c1cc5642c8ae828a43f8cff533 729eecc38e0e418189f1aeacfe5fa887 - - 6dbf41fada4c4580bca281f6161f7cb5 6dbf41fada4c4580bca281f6161f7cb5] 199.204.45.65 "GET /resource_providers/3e165bb9-635a-4f6c-a89f-162f1078ba59/allocations" status: 200 len: 152 microversion: 1.0 [pid: 8|app: 0|req: 352/706] 199.204.45.65 () {32 vars in 856 bytes} [Mon Jun 22 03:01:31 2026] GET /resource_providers/3e165bb9-635a-4f6c-a89f-162f1078ba59/allocations => generated 152 bytes in 17 msecs (HTTP/1.1 200) 6 headers in 224 bytes (1 switches on core 0)
2026-06-22 03:01:31.370 7 INFO placement.requestlog [req-03e4671b-4315-4c08-9035-0a233f2330f0 req-ec921d61-5f65-438f-a15d-1232226fad62 e58258c1cc5642c8ae828a43f8cff533 729eecc38e0e418189f1aeacfe5fa887 - - 6dbf41fada4c4580bca281f6161f7cb5 6dbf41fada4c4580bca281f6161f7cb5] 199.204.45.65 "GET /allocations/eaa3818a-94bf-47e5-a09c-8f92e207c756" status: 200 len: 257 microversion: 1.28 [pid: 7|app: 0|req: 355/707] 199.204.45.65 () {34 vars in 862 bytes} [Mon Jun 22 03:01:31 2026] GET /allocations/eaa3818a-94bf-47e5-a09c-8f92e207c756 => generated 257 bytes in 12 msecs (HTTP/1.1 200) 8 headers in 296 bytes (1 switches on core 0)
2026-06-22 03:01:36.897 8 INFO placement.requestlog [None req-1c247a95-a711-4757-b3ce-70952bd942aa 734614b4c2404eec86eff556eb3397d5 729eecc38e0e418189f1aeacfe5fa887 - - 6dbf41fada4c4580bca281f6161f7cb5 6dbf41fada4c4580bca281f6161f7cb5] 10.0.0.79 "GET /resource_providers/f8f08d85-c8f2-449a-8aa8-06119fedd1c1/aggregates" status: 404 len: 235 microversion: 1.1 [pid: 8|app: 0|req: 353/708] 10.0.0.79 () {32 vars in 824 bytes} [Mon Jun 22 03:01:36 2026] GET /resource_providers/f8f08d85-c8f2-449a-8aa8-06119fedd1c1/aggregates => generated 235 bytes in 15 msecs (HTTP/1.1 404) 5 headers in 202 bytes (1 switches on core 0)
2026-06-22 03:01:36.903 7 INFO placement.requestlog [None req-26175fe0-f92e-427d-8bdb-efc1331ece78 734614b4c2404eec86eff556eb3397d5 729eecc38e0e418189f1aeacfe5fa887 - - 6dbf41fada4c4580bca281f6161f7cb5 6dbf41fada4c4580bca281f6161f7cb5] 10.0.0.79 "GET /resource_providers/f8f08d85-c8f2-449a-8aa8-06119fedd1c1/aggregates" status: 404 len: 235 microversion: 1.1 [pid: 7|app: 0|req: 356/709] 10.0.0.79 () {32 vars in 824 bytes} [Mon Jun 22 03:01:36 2026] GET /resource_providers/f8f08d85-c8f2-449a-8aa8-06119fedd1c1/aggregates => generated 235 bytes in 15 msecs (HTTP/1.1 404) 5 headers in 202 bytes (1 switches on core 0)
2026-06-22 03:01:36.940 7 INFO placement.requestlog [None req-d82a6ca8-1101-4178-acdf-c831bcce285f 734614b4c2404eec86eff556eb3397d5 729eecc38e0e418189f1aeacfe5fa887 - - 6dbf41fada4c4580bca281f6161f7cb5 6dbf41fada4c4580bca281f6161f7cb5] 10.0.0.79 "DELETE /resource_providers/f8f08d85-c8f2-449a-8aa8-06119fedd1c1" status: 404 len: 246 microversion: 1.1 [pid: 7|app: 0|req: 357/710] 10.0.0.79 () {34 vars in 824 bytes} [Mon Jun 22 03:01:36 2026] DELETE /resource_providers/f8f08d85-c8f2-449a-8aa8-06119fedd1c1 => generated 246 bytes in 12 msecs (HTTP/1.1 404) 6 headers in 231 bytes (1 switches on core 0)
2026-06-22 03:01:36.945 8 INFO placement.requestlog [None req-9d7bab64-83ca-4fae-840d-78fda410c2e3 734614b4c2404eec86eff556eb3397d5 729eecc38e0e418189f1aeacfe5fa887 - - 6dbf41fada4c4580bca281f6161f7cb5 6dbf41fada4c4580bca281f6161f7cb5] 10.0.0.79 "DELETE /resource_providers/f8f08d85-c8f2-449a-8aa8-06119fedd1c1" status: 404 len: 246 microversion: 1.1 [pid: 8|app: 0|req: 354/711] 10.0.0.79 () {34 vars in 824 bytes} [Mon Jun 22 03:01:36 2026] DELETE /resource_providers/f8f08d85-c8f2-449a-8aa8-06119fedd1c1 => generated 246 bytes in 17 msecs (HTTP/1.1 404) 6 headers in 231 bytes (1 switches on core 0)
2026-06-22 03:01:39.618 7 INFO placement.requestlog [req-57ab3d72-33ef-40e8-a413-b5cae83a0f03 req-9db85780-b1d2-4699-94d2-3e908ae3e6cc e58258c1cc5642c8ae828a43f8cff533 729eecc38e0e418189f1aeacfe5fa887 - - 6dbf41fada4c4580bca281f6161f7cb5 6dbf41fada4c4580bca281f6161f7cb5] 199.204.45.65 "GET /resource_providers/3e165bb9-635a-4f6c-a89f-162f1078ba59/allocations" status: 200 len: 152 microversion: 1.0 [pid: 7|app: 0|req: 358/712] 199.204.45.65 () {32 vars in 856 bytes} [Mon Jun 22 03:01:39 2026] GET /resource_providers/3e165bb9-635a-4f6c-a89f-162f1078ba59/allocations => generated 152 bytes in 17 msecs (HTTP/1.1 200) 6 headers in 224 bytes (1 switches on core 0)
2026-06-22 03:01:39.644 8 INFO placement.requestlog [req-57ab3d72-33ef-40e8-a413-b5cae83a0f03 req-0a50bc1d-2a62-4731-8dd4-4638bde41c74 e58258c1cc5642c8ae828a43f8cff533 729eecc38e0e418189f1aeacfe5fa887 - - 6dbf41fada4c4580bca281f6161f7cb5 6dbf41fada4c4580bca281f6161f7cb5] 199.204.45.65 "GET /allocations/eaa3818a-94bf-47e5-a09c-8f92e207c756" status: 200 len: 257 microversion: 1.28 [pid: 8|app: 0|req: 355/713] 199.204.45.65 () {34 vars in 862 bytes} [Mon Jun 22 03:01:39 2026] GET /allocations/eaa3818a-94bf-47e5-a09c-8f92e207c756 => generated 257 bytes in 20 msecs (HTTP/1.1 200) 8 headers in 296 bytes (1 switches on core 0)
2026-06-22 03:01:39.744 7 INFO placement.requestlog [req-57ab3d72-33ef-40e8-a413-b5cae83a0f03 req-6081809f-a895-4ea7-89f1-2b831211f56f e58258c1cc5642c8ae828a43f8cff533 729eecc38e0e418189f1aeacfe5fa887 - - 6dbf41fada4c4580bca281f6161f7cb5 6dbf41fada4c4580bca281f6161f7cb5] 199.204.45.65 "DELETE /allocations/eaa3818a-94bf-47e5-a09c-8f92e207c756" status: 204 len: 0 microversion: 1.0 [pid: 7|app: 0|req: 359/714] 199.204.45.65 () {34 vars in 840 bytes} [Mon Jun 22 03:01:39 2026] DELETE /allocations/eaa3818a-94bf-47e5-a09c-8f92e207c756 => generated 0 bytes in 36 msecs (HTTP/1.1 204) 5 headers in 198 bytes (1 switches on core 0)
2026-06-22 03:01:40.223 8 INFO placement.requestlog [None req-4aca81cf-8f6c-4bb4-89a2-4957dc837659 - - - - - -] 10.0.0.180 "GET /" status: 200 len: 136 microversion: 1.0
2026-06-22 03:01:40.224 7 INFO placement.requestlog [None req-f8652ff1-4053-4864-a136-c00c7f3bfa88 - - - - - -] 10.0.0.180 "GET /" status: 200 len: 136 microversion: 1.0
2026-06-22 03:01:40.808 8 INFO placement.requestlog [None req-173da6fb-f0fe-418b-a213-bb3c2ae7d312 734614b4c2404eec86eff556eb3397d5 729eecc38e0e418189f1aeacfe5fa887 - - 6dbf41fada4c4580bca281f6161f7cb5 6dbf41fada4c4580bca281f6161f7cb5] 10.0.0.79 "GET /resource_providers/9aec8cd1-1a77-44d3-99f2-32cd2044240e/aggregates" status: 404 len: 235 microversion: 1.1 [pid: 8|app: 0|req: 357/717] 10.0.0.79 () {32 vars in 824 bytes} [Mon Jun 22 03:01:40 2026] GET /resource_providers/9aec8cd1-1a77-44d3-99f2-32cd2044240e/aggregates => generated 235 bytes in 17 msecs (HTTP/1.1 404) 5 headers in 202 bytes (1 switches on core 0)
2026-06-22 03:01:40.810 7 INFO placement.requestlog [None req-84fa8bdb-13d9-41ab-92f2-0fac4f8e3267 734614b4c2404eec86eff556eb3397d5 729eecc38e0e418189f1aeacfe5fa887 - - 6dbf41fada4c4580bca281f6161f7cb5 6dbf41fada4c4580bca281f6161f7cb5] 10.0.0.79 "GET /resource_providers/9aec8cd1-1a77-44d3-99f2-32cd2044240e/aggregates" status: 404 len: 235 microversion: 1.1 [pid: 7|app: 0|req: 361/718] 10.0.0.79 () {32 vars in 824 bytes} [Mon Jun 22 03:01:40 2026] GET /resource_providers/9aec8cd1-1a77-44d3-99f2-32cd2044240e/aggregates => generated 235 bytes in 17 msecs (HTTP/1.1 404) 5 headers in 202 bytes (1 switches on core 0)
2026-06-22 03:01:40.837 8 INFO placement.requestlog [None req-bc3923c1-b374-403a-a0a2-c3269f55b9de 734614b4c2404eec86eff556eb3397d5 729eecc38e0e418189f1aeacfe5fa887 - - 6dbf41fada4c4580bca281f6161f7cb5 6dbf41fada4c4580bca281f6161f7cb5] 10.0.0.79 "DELETE /resource_providers/9aec8cd1-1a77-44d3-99f2-32cd2044240e" status: 404 len: 246 microversion: 1.1 [pid: 8|app: 0|req: 358/719] 10.0.0.79 () {34 vars in 824 bytes} [Mon Jun 22 03:01:40 2026] DELETE /resource_providers/9aec8cd1-1a77-44d3-99f2-32cd2044240e => generated 246 bytes in 11 msecs (HTTP/1.1 404) 6 headers in 231 bytes (1 switches on core 0)
2026-06-22 03:01:40.838 7 INFO placement.requestlog [None req-718205da-9d83-4139-a699-7f42628b572f 734614b4c2404eec86eff556eb3397d5 729eecc38e0e418189f1aeacfe5fa887 - - 6dbf41fada4c4580bca281f6161f7cb5 6dbf41fada4c4580bca281f6161f7cb5] 10.0.0.79 "DELETE /resource_providers/9aec8cd1-1a77-44d3-99f2-32cd2044240e" status: 404 len: 246 microversion: 1.1 [pid: 7|app: 0|req: 362/720] 10.0.0.79 () {34 vars in 824 bytes} [Mon Jun 22 03:01:40 2026] DELETE /resource_providers/9aec8cd1-1a77-44d3-99f2-32cd2044240e => generated 246 bytes in 11 msecs (HTTP/1.1 404) 6 headers in 231 bytes (1 switches on core 0)
2026-06-22 03:01:42.884 8 INFO placement.requestlog [req-0d43a7b6-ea89-4037-ba21-743421263b30 req-bf051838-2a54-4635-ad9a-475ce6087462 e58258c1cc5642c8ae828a43f8cff533 729eecc38e0e418189f1aeacfe5fa887 - - 6dbf41fada4c4580bca281f6161f7cb5 6dbf41fada4c4580bca281f6161f7cb5] 10.0.0.193 "GET /allocation_candidates?limit=1000&resources=DISK_GB%3A1%2CMEMORY_MB%3A512%2CVCPU%3A1&root_required=%21COMPUTE_STATUS_DISABLED" status: 200 len: 2147 microversion: 1.36 [pid: 8|app: 0|req: 359/721] 10.0.0.193 () {34 vars in 1012 bytes} [Mon Jun 22 03:01:42 2026] GET /allocation_candidates?limit=1000&resources=DISK_GB%3A1%2CMEMORY_MB%3A512%2CVCPU%3A1&root_required=%21COMPUTE_STATUS_DISABLED => generated 2147 bytes in 50 msecs (HTTP/1.1 200) 8 headers in 297 bytes (1 switches on core 0)
2026-06-22 03:01:42.923 7 INFO placement.requestlog [req-0d43a7b6-ea89-4037-ba21-743421263b30 req-28587ee4-0272-4bee-a650-01a7d23f55e5 e58258c1cc5642c8ae828a43f8cff533 729eecc38e0e418189f1aeacfe5fa887 - - 6dbf41fada4c4580bca281f6161f7cb5 6dbf41fada4c4580bca281f6161f7cb5] 10.0.0.193 "GET /allocations/1bce3552-7813-47a8-91f3-8b2d4499e50b" status: 200 len: 19 microversion: 1.28 [pid: 7|app: 0|req: 363/722] 10.0.0.193 () {34 vars in 861 bytes} [Mon Jun 22 03:01:42 2026] GET /allocations/1bce3552-7813-47a8-91f3-8b2d4499e50b => generated 19 bytes in 11 msecs (HTTP/1.1 200) 8 headers in 295 bytes (1 switches on core 0)
2026-06-22 03:01:42.993 8 INFO placement.requestlog [req-0d43a7b6-ea89-4037-ba21-743421263b30 req-2c93bda0-3125-4c93-920d-18f7fe2d3a11 e58258c1cc5642c8ae828a43f8cff533 729eecc38e0e418189f1aeacfe5fa887 - - 6dbf41fada4c4580bca281f6161f7cb5 6dbf41fada4c4580bca281f6161f7cb5] 10.0.0.193 "PUT /allocations/1bce3552-7813-47a8-91f3-8b2d4499e50b" status: 204 len: 0 microversion: 1.36 [pid: 8|app: 0|req: 360/723] 10.0.0.193 () {38 vars in 914 bytes} [Mon Jun 22 03:01:42 2026] PUT /allocations/1bce3552-7813-47a8-91f3-8b2d4499e50b => generated 0 bytes in 64 msecs (HTTP/1.1 204) 5 headers in 199 bytes (1 switches on core 0)
2026-06-22 03:01:43.244 7 INFO placement.requestlog [req-0d43a7b6-ea89-4037-ba21-743421263b30 req-74f4dd26-b5a8-4c85-acd0-bff4d883f020 e58258c1cc5642c8ae828a43f8cff533 729eecc38e0e418189f1aeacfe5fa887 - - 6dbf41fada4c4580bca281f6161f7cb5 6dbf41fada4c4580bca281f6161f7cb5] 199.204.45.65 "GET /allocations/1bce3552-7813-47a8-91f3-8b2d4499e50b" status: 200 len: 257 microversion: 1.28 [pid: 7|app: 0|req: 364/724] 199.204.45.65 () {34 vars in 862 bytes} [Mon Jun 22 03:01:43 2026] GET /allocations/1bce3552-7813-47a8-91f3-8b2d4499e50b => generated 257 bytes in 17 msecs (HTTP/1.1 200) 8 headers in 296 bytes (1 switches on core 0)
2026-06-22 03:01:43.354 8 INFO placement.requestlog [req-0d43a7b6-ea89-4037-ba21-743421263b30 req-f36274ee-b50b-44ef-9a77-2b3c2eb8aa69 e58258c1cc5642c8ae828a43f8cff533 729eecc38e0e418189f1aeacfe5fa887 - - 6dbf41fada4c4580bca281f6161f7cb5 6dbf41fada4c4580bca281f6161f7cb5] 199.204.45.65 "GET /resource_providers/3e165bb9-635a-4f6c-a89f-162f1078ba59/allocations" status: 200 len: 152 microversion: 1.0 [pid: 8|app: 0|req: 361/725] 199.204.45.65 () {32 vars in 856 bytes} [Mon Jun 22 03:01:43 2026] GET /resource_providers/3e165bb9-635a-4f6c-a89f-162f1078ba59/allocations => generated 152 bytes in 18 msecs (HTTP/1.1 200) 6 headers in 224 bytes (1 switches on core 0)
2026-06-22 03:01:43.377 7 INFO placement.requestlog [req-0d43a7b6-ea89-4037-ba21-743421263b30 req-1172fd98-46c0-4cc5-8c04-894faf68b209 e58258c1cc5642c8ae828a43f8cff533 729eecc38e0e418189f1aeacfe5fa887 - - 6dbf41fada4c4580bca281f6161f7cb5 6dbf41fada4c4580bca281f6161f7cb5] 199.204.45.65 "GET /allocations/1bce3552-7813-47a8-91f3-8b2d4499e50b" status: 200 len: 257 microversion: 1.28 [pid: 7|app: 0|req: 365/726] 199.204.45.65 () {34 vars in 862 bytes} [Mon Jun 22 03:01:43 2026] GET /allocations/1bce3552-7813-47a8-91f3-8b2d4499e50b => generated 257 bytes in 16 msecs (HTTP/1.1 200) 8 headers in 296 bytes (1 switches on core 0)
2026-06-22 03:01:43.707 8 INFO placement.requestlog [None req-e0e42c97-845d-4e24-810e-57575b5f559a 734614b4c2404eec86eff556eb3397d5 729eecc38e0e418189f1aeacfe5fa887 - - 6dbf41fada4c4580bca281f6161f7cb5 6dbf41fada4c4580bca281f6161f7cb5] 10.0.0.79 "GET /resource_providers/010f474a-9ce8-4878-8414-f80168d38532/aggregates" status: 404 len: 235 microversion: 1.1 [pid: 8|app: 0|req: 362/727] 10.0.0.79 () {32 vars in 824 bytes} [Mon Jun 22 03:01:43 2026] GET /resource_providers/010f474a-9ce8-4878-8414-f80168d38532/aggregates => generated 235 bytes in 17 msecs (HTTP/1.1 404) 5 headers in 202 bytes (1 switches on core 0)
2026-06-22 03:01:43.709 7 INFO placement.requestlog [None req-e796524e-dfaa-41d1-9474-6788bab712dc 734614b4c2404eec86eff556eb3397d5 729eecc38e0e418189f1aeacfe5fa887 - - 6dbf41fada4c4580bca281f6161f7cb5 6dbf41fada4c4580bca281f6161f7cb5] 10.0.0.79 "GET /resource_providers/010f474a-9ce8-4878-8414-f80168d38532/aggregates" status: 404 len: 235 microversion: 1.1 [pid: 7|app: 0|req: 366/728] 10.0.0.79 () {32 vars in 824 bytes} [Mon Jun 22 03:01:43 2026] GET /resource_providers/010f474a-9ce8-4878-8414-f80168d38532/aggregates => generated 235 bytes in 19 msecs (HTTP/1.1 404) 5 headers in 202 bytes (1 switches on core 0)
2026-06-22 03:01:43.746 7 INFO placement.requestlog [None req-ff5aca92-fad7-438b-9ed2-69105471881a 734614b4c2404eec86eff556eb3397d5 729eecc38e0e418189f1aeacfe5fa887 - - 6dbf41fada4c4580bca281f6161f7cb5 6dbf41fada4c4580bca281f6161f7cb5] 10.0.0.79 "DELETE /resource_providers/010f474a-9ce8-4878-8414-f80168d38532" status: 404 len: 246 microversion: 1.1 [pid: 7|app: 0|req: 367/729] 10.0.0.79 () {34 vars in 824 bytes} [Mon Jun 22 03:01:43 2026] DELETE /resource_providers/010f474a-9ce8-4878-8414-f80168d38532 => generated 246 bytes in 11 msecs (HTTP/1.1 404) 6 headers in 231 bytes (1 switches on core 0)
2026-06-22 03:01:43.751 8 INFO placement.requestlog [None req-10ad4d49-a2f3-4404-a204-a6bf2f8bfdb1 734614b4c2404eec86eff556eb3397d5 729eecc38e0e418189f1aeacfe5fa887 - - 6dbf41fada4c4580bca281f6161f7cb5 6dbf41fada4c4580bca281f6161f7cb5] 10.0.0.79 "DELETE /resource_providers/010f474a-9ce8-4878-8414-f80168d38532" status: 404 len: 246 microversion: 1.1 [pid: 8|app: 0|req: 363/730] 10.0.0.79 () {34 vars in 824 bytes} [Mon Jun 22 03:01:43 2026] DELETE /resource_providers/010f474a-9ce8-4878-8414-f80168d38532 => generated 246 bytes in 17 msecs (HTTP/1.1 404) 6 headers in 231 bytes (1 switches on core 0)
2026-06-22 03:01:43.772 7 INFO placement.requestlog [None req-59867c20-a6c0-453b-a859-60236cac4209 734614b4c2404eec86eff556eb3397d5 729eecc38e0e418189f1aeacfe5fa887 - - 6dbf41fada4c4580bca281f6161f7cb5 6dbf41fada4c4580bca281f6161f7cb5] 10.0.0.79 "GET /resource_providers/bd5b9734-d8ef-4d19-b116-5f54da147d4b/aggregates" status: 404 len: 235 microversion: 1.1 [pid: 7|app: 0|req: 368/731] 10.0.0.79 () {32 vars in 824 bytes} [Mon Jun 22 03:01:43 2026] GET /resource_providers/bd5b9734-d8ef-4d19-b116-5f54da147d4b/aggregates => generated 235 bytes in 14 msecs (HTTP/1.1 404) 5 headers in 202 bytes (1 switches on core 0)
2026-06-22 03:01:43.782 8 INFO placement.requestlog [None req-fe646194-c158-4c47-94af-693d57c15201 734614b4c2404eec86eff556eb3397d5 729eecc38e0e418189f1aeacfe5fa887 - - 6dbf41fada4c4580bca281f6161f7cb5 6dbf41fada4c4580bca281f6161f7cb5] 10.0.0.79 "GET /resource_providers/bd5b9734-d8ef-4d19-b116-5f54da147d4b/aggregates" status: 404 len: 235 microversion: 1.1 [pid: 8|app: 0|req: 364/732] 10.0.0.79 () {32 vars in 824 bytes} [Mon Jun 22 03:01:43 2026] GET /resource_providers/bd5b9734-d8ef-4d19-b116-5f54da147d4b/aggregates => generated 235 bytes in 17 msecs (HTTP/1.1 404) 5 headers in 202 bytes (1 switches on core 0)
2026-06-22 03:01:44.006 7 INFO placement.requestlog [None req-74d89a2c-b47a-4346-8ea2-74b13cec6130 734614b4c2404eec86eff556eb3397d5 729eecc38e0e418189f1aeacfe5fa887 - - 6dbf41fada4c4580bca281f6161f7cb5 6dbf41fada4c4580bca281f6161f7cb5] 10.0.0.79 "DELETE /resource_providers/bd5b9734-d8ef-4d19-b116-5f54da147d4b" status: 404 len: 246 microversion: 1.1 [pid: 7|app: 0|req: 369/733] 10.0.0.79 () {34 vars in 824 bytes} [Mon Jun 22 03:01:43 2026] DELETE /resource_providers/bd5b9734-d8ef-4d19-b116-5f54da147d4b => generated 246 bytes in 12 msecs (HTTP/1.1 404) 6 headers in 231 bytes (1 switches on core 0)
2026-06-22 03:01:44.014 8 INFO placement.requestlog [None req-c5cbfe60-385d-478b-9a11-a3ed8d10b192 734614b4c2404eec86eff556eb3397d5 729eecc38e0e418189f1aeacfe5fa887 - - 6dbf41fada4c4580bca281f6161f7cb5 6dbf41fada4c4580bca281f6161f7cb5] 10.0.0.79 "DELETE /resource_providers/bd5b9734-d8ef-4d19-b116-5f54da147d4b" status: 404 len: 246 microversion: 1.1 [pid: 8|app: 0|req: 365/734] 10.0.0.79 () {34 vars in 824 bytes} [Mon Jun 22 03:01:44 2026] DELETE /resource_providers/bd5b9734-d8ef-4d19-b116-5f54da147d4b => generated 246 bytes in 13 msecs (HTTP/1.1 404) 6 headers in 231 bytes (1 switches on core 0)
2026-06-22 03:01:50.224 7 INFO placement.requestlog [None req-5ea038a3-885e-44d7-aca0-222363d08bad - - - - - -] 10.0.0.180 "GET /" status: 200 len: 136 microversion: 1.0
2026-06-22 03:01:50.225 8 INFO placement.requestlog [None req-9ac1bb85-abcd-4a04-929a-a1774d59e4f7 - - - - - -] 10.0.0.180 "GET /" status: 200 len: 136 microversion: 1.0
2026-06-22 03:02:00.224 7 INFO placement.requestlog [None req-cacb0e8a-6e4d-4bc7-9a23-40059e9ab734 - - - - - -] 10.0.0.180 "GET /" status: 200 len: 136 microversion: 1.0
2026-06-22 03:02:00.224 8 INFO placement.requestlog [None req-6aef8068-cf48-476e-a38f-bd20e78c3440 - - - - - -] 10.0.0.180 "GET /" status: 200 len: 136 microversion: 1.0
2026-06-22 03:02:10.230 7 INFO placement.requestlog [None req-9894dc37-9638-4e5b-a5da-501110604151 - - - - - -] 10.0.0.180 "GET /" status: 200 len: 136 microversion: 1.0
2026-06-22 03:02:10.235 8 INFO placement.requestlog [None req-873053e6-b717-4510-acde-4f8ac01c9ba7 - - - - - -] 10.0.0.180 "GET /" status: 200 len: 136 microversion: 1.0
2026-06-22 03:02:13.779 8 INFO placement.requestlog [None req-ee9a45e7-3a96-4a96-a233-70d3d63f7f70 734614b4c2404eec86eff556eb3397d5 729eecc38e0e418189f1aeacfe5fa887 - - 6dbf41fada4c4580bca281f6161f7cb5 6dbf41fada4c4580bca281f6161f7cb5] 10.0.0.79 "GET /resource_providers/f21805f2-f2ff-4eff-b5ea-0c854fda0ba8/aggregates" status: 404 len: 235 microversion: 1.1 [pid: 8|app: 0|req: 369/741] 10.0.0.79 () {32 vars in 824 bytes} [Mon Jun 22 03:02:13 2026] GET /resource_providers/f21805f2-f2ff-4eff-b5ea-0c854fda0ba8/aggregates => generated 235 bytes in 18 msecs (HTTP/1.1 404) 5 headers in 202 bytes (1 switches on core 0)
2026-06-22 03:02:13.779 7 INFO placement.requestlog [None req-0602e31c-6e5d-4ea9-9bc6-9f71da348828 734614b4c2404eec86eff556eb3397d5 729eecc38e0e418189f1aeacfe5fa887 - - 6dbf41fada4c4580bca281f6161f7cb5 6dbf41fada4c4580bca281f6161f7cb5] 10.0.0.79 "GET /resource_providers/f21805f2-f2ff-4eff-b5ea-0c854fda0ba8/aggregates" status: 404 len: 235 microversion: 1.1 [pid: 7|app: 0|req: 373/742] 10.0.0.79 () {32 vars in 824 bytes} [Mon Jun 22 03:02:13 2026] GET /resource_providers/f21805f2-f2ff-4eff-b5ea-0c854fda0ba8/aggregates => generated 235 bytes in 20 msecs (HTTP/1.1 404) 5 headers in 202 bytes (1 switches on core 0)
2026-06-22 03:02:13.807 8 INFO placement.requestlog [None req-780a9f48-7727-4aeb-ae84-93fdf89db044 734614b4c2404eec86eff556eb3397d5 729eecc38e0e418189f1aeacfe5fa887 - - 6dbf41fada4c4580bca281f6161f7cb5 6dbf41fada4c4580bca281f6161f7cb5] 10.0.0.79 "DELETE /resource_providers/f21805f2-f2ff-4eff-b5ea-0c854fda0ba8" status: 404 len: 246 microversion: 1.1 [pid: 8|app: 0|req: 370/743] 10.0.0.79 () {34 vars in 824 bytes} [Mon Jun 22 03:02:13 2026] DELETE /resource_providers/f21805f2-f2ff-4eff-b5ea-0c854fda0ba8 => generated 246 bytes in 9 msecs (HTTP/1.1 404) 6 headers in 231 bytes (1 switches on core 0)
2026-06-22 03:02:13.810 7 INFO placement.requestlog [None req-e9533721-9c87-489d-a506-672190f3c5de 734614b4c2404eec86eff556eb3397d5 729eecc38e0e418189f1aeacfe5fa887 - - 6dbf41fada4c4580bca281f6161f7cb5 6dbf41fada4c4580bca281f6161f7cb5] 10.0.0.79 "DELETE /resource_providers/f21805f2-f2ff-4eff-b5ea-0c854fda0ba8" status: 404 len: 246 microversion: 1.1 [pid: 7|app: 0|req: 374/744] 10.0.0.79 () {34 vars in 824 bytes} [Mon Jun 22 03:02:13 2026] DELETE /resource_providers/f21805f2-f2ff-4eff-b5ea-0c854fda0ba8 => generated 246 bytes in 12 msecs (HTTP/1.1 404) 6 headers in 231 bytes (1 switches on core 0)
2026-06-22 03:02:14.573 8 INFO placement.requestlog [req-b29090e0-9028-49e7-a452-4da8da48dac2 req-3b11dd40-c944-4fe7-9edd-f427236d9f96 e58258c1cc5642c8ae828a43f8cff533 729eecc38e0e418189f1aeacfe5fa887 - - 6dbf41fada4c4580bca281f6161f7cb5 6dbf41fada4c4580bca281f6161f7cb5] 10.0.0.193 "GET /allocation_candidates?limit=1000&resources=DISK_GB%3A1%2CMEMORY_MB%3A512%2CVCPU%3A1&root_required=%21COMPUTE_STATUS_DISABLED" status: 200 len: 2149 microversion: 1.36 [pid: 8|app: 0|req: 371/745] 10.0.0.193 () {34 vars in 1012 bytes} [Mon Jun 22 03:02:14 2026] GET /allocation_candidates?limit=1000&resources=DISK_GB%3A1%2CMEMORY_MB%3A512%2CVCPU%3A1&root_required=%21COMPUTE_STATUS_DISABLED => generated 2149 bytes in 42 msecs (HTTP/1.1 200) 8 headers in 297 bytes (1 switches on core 0)
2026-06-22 03:02:14.604 7 INFO placement.requestlog [req-b29090e0-9028-49e7-a452-4da8da48dac2 req-b961e27c-0f70-4c53-b1e7-244bfbe96fef e58258c1cc5642c8ae828a43f8cff533 729eecc38e0e418189f1aeacfe5fa887 - - 6dbf41fada4c4580bca281f6161f7cb5 6dbf41fada4c4580bca281f6161f7cb5] 10.0.0.193 "GET /allocations/92fdf05f-c49a-4192-95cd-01b793ed7be1" status: 200 len: 19 microversion: 1.28 [pid: 7|app: 0|req: 375/746] 10.0.0.193 () {34 vars in 861 bytes} [Mon Jun 22 03:02:14 2026] GET /allocations/92fdf05f-c49a-4192-95cd-01b793ed7be1 => generated 19 bytes in 12 msecs (HTTP/1.1 200) 8 headers in 295 bytes (1 switches on core 0)
2026-06-22 03:02:14.682 8 INFO placement.requestlog [req-b29090e0-9028-49e7-a452-4da8da48dac2 req-af0ee844-7212-4fda-b452-d23f1415fc76 e58258c1cc5642c8ae828a43f8cff533 729eecc38e0e418189f1aeacfe5fa887 - - 6dbf41fada4c4580bca281f6161f7cb5 6dbf41fada4c4580bca281f6161f7cb5] 10.0.0.193 "PUT /allocations/92fdf05f-c49a-4192-95cd-01b793ed7be1" status: 204 len: 0 microversion: 1.36 [pid: 8|app: 0|req: 372/747] 10.0.0.193 () {38 vars in 914 bytes} [Mon Jun 22 03:02:14 2026] PUT /allocations/92fdf05f-c49a-4192-95cd-01b793ed7be1 => generated 0 bytes in 69 msecs (HTTP/1.1 204) 5 headers in 199 bytes (1 switches on core 0)
2026-06-22 03:02:14.965 7 INFO placement.requestlog [req-b29090e0-9028-49e7-a452-4da8da48dac2 req-a989c67e-e7af-4291-95cd-4d53a282845b e58258c1cc5642c8ae828a43f8cff533 729eecc38e0e418189f1aeacfe5fa887 - - 6dbf41fada4c4580bca281f6161f7cb5 6dbf41fada4c4580bca281f6161f7cb5] 199.204.45.65 "GET /allocations/92fdf05f-c49a-4192-95cd-01b793ed7be1" status: 200 len: 257 microversion: 1.28 [pid: 7|app: 0|req: 376/748] 199.204.45.65 () {34 vars in 862 bytes} [Mon Jun 22 03:02:14 2026] GET /allocations/92fdf05f-c49a-4192-95cd-01b793ed7be1 => generated 257 bytes in 16 msecs (HTTP/1.1 200) 8 headers in 296 bytes (1 switches on core 0)
2026-06-22 03:02:15.074 8 INFO placement.requestlog [req-b29090e0-9028-49e7-a452-4da8da48dac2 req-b8b199f2-97f1-4de1-ae8f-e1dce1178cdf e58258c1cc5642c8ae828a43f8cff533 729eecc38e0e418189f1aeacfe5fa887 - - 6dbf41fada4c4580bca281f6161f7cb5 6dbf41fada4c4580bca281f6161f7cb5] 199.204.45.65 "GET /resource_providers/3e165bb9-635a-4f6c-a89f-162f1078ba59/allocations" status: 200 len: 252 microversion: 1.0 [pid: 8|app: 0|req: 373/749] 199.204.45.65 () {32 vars in 856 bytes} [Mon Jun 22 03:02:15 2026] GET /resource_providers/3e165bb9-635a-4f6c-a89f-162f1078ba59/allocations => generated 252 bytes in 21 msecs (HTTP/1.1 200) 6 headers in 224 bytes (1 switches on core 0)
2026-06-22 03:02:15.099 7 INFO placement.requestlog [req-b29090e0-9028-49e7-a452-4da8da48dac2 req-d4fd7d28-7779-404b-b7f1-12d0d2c567e9 e58258c1cc5642c8ae828a43f8cff533 729eecc38e0e418189f1aeacfe5fa887 - - 6dbf41fada4c4580bca281f6161f7cb5 6dbf41fada4c4580bca281f6161f7cb5] 199.204.45.65 "GET /allocations/92fdf05f-c49a-4192-95cd-01b793ed7be1" status: 200 len: 257 microversion: 1.28 [pid: 7|app: 0|req: 377/750] 199.204.45.65 () {34 vars in 862 bytes} [Mon Jun 22 03:02:15 2026] GET /allocations/92fdf05f-c49a-4192-95cd-01b793ed7be1 => generated 257 bytes in 16 msecs (HTTP/1.1 200) 8 headers in 296 bytes (1 switches on core 0)
2026-06-22 03:02:15.123 8 INFO placement.requestlog [req-b29090e0-9028-49e7-a452-4da8da48dac2 req-8676f419-2eaa-43ee-bd41-8697b8943664 e58258c1cc5642c8ae828a43f8cff533 729eecc38e0e418189f1aeacfe5fa887 - - 6dbf41fada4c4580bca281f6161f7cb5 6dbf41fada4c4580bca281f6161f7cb5] 199.204.45.65 "GET /allocations/1bce3552-7813-47a8-91f3-8b2d4499e50b" status: 200 len: 257 microversion: 1.28 [pid: 8|app: 0|req: 374/751] 199.204.45.65 () {34 vars in 862 bytes} [Mon Jun 22 03:02:15 2026] GET /allocations/1bce3552-7813-47a8-91f3-8b2d4499e50b => generated 257 bytes in 14 msecs (HTTP/1.1 200) 8 headers in 296 bytes (1 switches on core 0)
2026-06-22 03:02:16.577 7 INFO placement.requestlog [req-a95a2c83-7e33-463f-b4a3-d22c46933a5a req-539a80bc-b6bf-4bf9-b62d-ce59b31a97fb e58258c1cc5642c8ae828a43f8cff533 729eecc38e0e418189f1aeacfe5fa887 - - 6dbf41fada4c4580bca281f6161f7cb5 6dbf41fada4c4580bca281f6161f7cb5] 199.204.45.65 "GET /resource_providers/3e165bb9-635a-4f6c-a89f-162f1078ba59/allocations" status: 200 len: 252 microversion: 1.0 [pid: 7|app: 0|req: 378/752] 199.204.45.65 () {32 vars in 856 bytes} [Mon Jun 22 03:02:16 2026] GET /resource_providers/3e165bb9-635a-4f6c-a89f-162f1078ba59/allocations => generated 252 bytes in 23 msecs (HTTP/1.1 200) 6 headers in 224 bytes (1 switches on core 0)
2026-06-22 03:02:16.614 8 INFO placement.requestlog [req-a95a2c83-7e33-463f-b4a3-d22c46933a5a req-f2d71bb1-e764-4bd0-a71a-0ce87a7c15e3 e58258c1cc5642c8ae828a43f8cff533 729eecc38e0e418189f1aeacfe5fa887 - - 6dbf41fada4c4580bca281f6161f7cb5 6dbf41fada4c4580bca281f6161f7cb5] 199.204.45.65 "GET /resource_providers/3e165bb9-635a-4f6c-a89f-162f1078ba59/allocations" status: 200 len: 252 microversion: 1.0 [pid: 8|app: 0|req: 375/753] 199.204.45.65 () {32 vars in 856 bytes} [Mon Jun 22 03:02:16 2026] GET /resource_providers/3e165bb9-635a-4f6c-a89f-162f1078ba59/allocations => generated 252 bytes in 28 msecs (HTTP/1.1 200) 6 headers in 224 bytes (1 switches on core 0)
2026-06-22 03:02:16.646 7 INFO placement.requestlog [req-a95a2c83-7e33-463f-b4a3-d22c46933a5a req-4608ed9c-9afe-4f06-9b5e-051e87dc42eb e58258c1cc5642c8ae828a43f8cff533 729eecc38e0e418189f1aeacfe5fa887 - - 6dbf41fada4c4580bca281f6161f7cb5 6dbf41fada4c4580bca281f6161f7cb5] 199.204.45.65 "GET /allocations/92fdf05f-c49a-4192-95cd-01b793ed7be1" status: 200 len: 257 microversion: 1.28 [pid: 7|app: 0|req: 379/754] 199.204.45.65 () {34 vars in 862 bytes} [Mon Jun 22 03:02:16 2026] GET /allocations/92fdf05f-c49a-4192-95cd-01b793ed7be1 => generated 257 bytes in 23 msecs (HTTP/1.1 200) 8 headers in 296 bytes (1 switches on core 0)
2026-06-22 03:02:16.673 8 INFO placement.requestlog [req-a95a2c83-7e33-463f-b4a3-d22c46933a5a req-25fa82cc-0451-4146-bf7c-550b6df70cee e58258c1cc5642c8ae828a43f8cff533 729eecc38e0e418189f1aeacfe5fa887 - - 6dbf41fada4c4580bca281f6161f7cb5 6dbf41fada4c4580bca281f6161f7cb5] 199.204.45.65 "GET /allocations/1bce3552-7813-47a8-91f3-8b2d4499e50b" status: 200 len: 257 microversion: 1.28 [pid: 8|app: 0|req: 376/755] 199.204.45.65 () {34 vars in 862 bytes} [Mon Jun 22 03:02:16 2026] GET /allocations/1bce3552-7813-47a8-91f3-8b2d4499e50b => generated 257 bytes in 18 msecs (HTTP/1.1 200) 8 headers in 296 bytes (1 switches on core 0)
2026-06-22 03:02:19.266 7 INFO placement.requestlog [None req-bf1ab271-d637-495d-91fd-b07e5ec65f28 734614b4c2404eec86eff556eb3397d5 729eecc38e0e418189f1aeacfe5fa887 - - 6dbf41fada4c4580bca281f6161f7cb5 6dbf41fada4c4580bca281f6161f7cb5] 10.0.0.79 "GET /resource_providers/2ed0818e-02be-4ccf-99c9-08ed4d94c2c4/aggregates" status: 404 len: 235 microversion: 1.1 [pid: 7|app: 0|req: 380/756] 10.0.0.79 () {32 vars in 824 bytes} [Mon Jun 22 03:02:19 2026] GET /resource_providers/2ed0818e-02be-4ccf-99c9-08ed4d94c2c4/aggregates => generated 235 bytes in 14 msecs (HTTP/1.1 404) 5 headers in 202 bytes (1 switches on core 0)
2026-06-22 03:02:19.267 8 INFO placement.requestlog [None req-e18e8f17-20c4-4af6-a890-f36e93508b59 734614b4c2404eec86eff556eb3397d5 729eecc38e0e418189f1aeacfe5fa887 - - 6dbf41fada4c4580bca281f6161f7cb5 6dbf41fada4c4580bca281f6161f7cb5] 10.0.0.79 "GET /resource_providers/2ed0818e-02be-4ccf-99c9-08ed4d94c2c4/aggregates" status: 404 len: 235 microversion: 1.1 [pid: 8|app: 0|req: 377/757] 10.0.0.79 () {32 vars in 824 bytes} [Mon Jun 22 03:02:19 2026] GET /resource_providers/2ed0818e-02be-4ccf-99c9-08ed4d94c2c4/aggregates => generated 235 bytes in 15 msecs (HTTP/1.1 404) 5 headers in 202 bytes (1 switches on core 0)
2026-06-22 03:02:19.303 7 INFO placement.requestlog [None req-59500440-205f-42f2-a09b-6d7c90c82cd8 734614b4c2404eec86eff556eb3397d5 729eecc38e0e418189f1aeacfe5fa887 - - 6dbf41fada4c4580bca281f6161f7cb5 6dbf41fada4c4580bca281f6161f7cb5] 10.0.0.79 "DELETE /resource_providers/2ed0818e-02be-4ccf-99c9-08ed4d94c2c4" status: 404 len: 246 microversion: 1.1 [pid: 7|app: 0|req: 381/758] 10.0.0.79 () {34 vars in 824 bytes} [Mon Jun 22 03:02:19 2026] DELETE /resource_providers/2ed0818e-02be-4ccf-99c9-08ed4d94c2c4 => generated 246 bytes in 13 msecs (HTTP/1.1 404) 6 headers in 231 bytes (1 switches on core 0)
2026-06-22 03:02:19.306 8 INFO placement.requestlog [None req-1711df76-6ddf-4379-bbed-a02ed08e4515 734614b4c2404eec86eff556eb3397d5 729eecc38e0e418189f1aeacfe5fa887 - - 6dbf41fada4c4580bca281f6161f7cb5 6dbf41fada4c4580bca281f6161f7cb5] 10.0.0.79 "DELETE /resource_providers/2ed0818e-02be-4ccf-99c9-08ed4d94c2c4" status: 404 len: 246 microversion: 1.1 [pid: 8|app: 0|req: 378/759] 10.0.0.79 () {34 vars in 824 bytes} [Mon Jun 22 03:02:19 2026] DELETE /resource_providers/2ed0818e-02be-4ccf-99c9-08ed4d94c2c4 => generated 246 bytes in 17 msecs (HTTP/1.1 404) 6 headers in 231 bytes (1 switches on core 0)
2026-06-22 03:02:19.874 8 INFO placement.requestlog [None req-8be1b46c-725b-4621-97c8-fc5ede45fc7f 734614b4c2404eec86eff556eb3397d5 729eecc38e0e418189f1aeacfe5fa887 - - 6dbf41fada4c4580bca281f6161f7cb5 6dbf41fada4c4580bca281f6161f7cb5] 10.0.0.79 "GET /resource_providers/a9cd8887-8764-4b11-a5d1-061cfd40804e/aggregates" status: 404 len: 235 microversion: 1.1 [pid: 8|app: 0|req: 379/760] 10.0.0.79 () {32 vars in 824 bytes} [Mon Jun 22 03:02:19 2026] GET /resource_providers/a9cd8887-8764-4b11-a5d1-061cfd40804e/aggregates => generated 235 bytes in 11 msecs (HTTP/1.1 404) 5 headers in 202 bytes (1 switches on core 0)
2026-06-22 03:02:19.879 7 INFO placement.requestlog [None req-8f1259a5-4e59-4b78-8f92-c80b069d9559 734614b4c2404eec86eff556eb3397d5 729eecc38e0e418189f1aeacfe5fa887 - - 6dbf41fada4c4580bca281f6161f7cb5 6dbf41fada4c4580bca281f6161f7cb5] 10.0.0.79 "GET /resource_providers/a9cd8887-8764-4b11-a5d1-061cfd40804e/aggregates" status: 404 len: 235 microversion: 1.1 [pid: 7|app: 0|req: 382/761] 10.0.0.79 () {32 vars in 824 bytes} [Mon Jun 22 03:02:19 2026] GET /resource_providers/a9cd8887-8764-4b11-a5d1-061cfd40804e/aggregates => generated 235 bytes in 17 msecs (HTTP/1.1 404) 5 headers in 202 bytes (1 switches on core 0)
2026-06-22 03:02:19.906 8 INFO placement.requestlog [None req-2f808a51-4261-424d-badc-d93e54f5a590 734614b4c2404eec86eff556eb3397d5 729eecc38e0e418189f1aeacfe5fa887 - - 6dbf41fada4c4580bca281f6161f7cb5 6dbf41fada4c4580bca281f6161f7cb5] 10.0.0.79 "DELETE /resource_providers/a9cd8887-8764-4b11-a5d1-061cfd40804e" status: 404 len: 246 microversion: 1.1 [pid: 8|app: 0|req: 380/762] 10.0.0.79 () {34 vars in 824 bytes} [Mon Jun 22 03:02:19 2026] DELETE /resource_providers/a9cd8887-8764-4b11-a5d1-061cfd40804e => generated 246 bytes in 13 msecs (HTTP/1.1 404) 6 headers in 231 bytes (1 switches on core 0)
2026-06-22 03:02:19.907 7 INFO placement.requestlog [None req-6909b33b-f93f-4779-be41-d7ade1b132c8 734614b4c2404eec86eff556eb3397d5 729eecc38e0e418189f1aeacfe5fa887 - - 6dbf41fada4c4580bca281f6161f7cb5 6dbf41fada4c4580bca281f6161f7cb5] 10.0.0.79 "DELETE /resource_providers/a9cd8887-8764-4b11-a5d1-061cfd40804e" status: 404 len: 246 microversion: 1.1 [pid: 7|app: 0|req: 383/763] 10.0.0.79 () {34 vars in 824 bytes} [Mon Jun 22 03:02:19 2026] DELETE /resource_providers/a9cd8887-8764-4b11-a5d1-061cfd40804e => generated 246 bytes in 15 msecs (HTTP/1.1 404) 6 headers in 231 bytes (1 switches on core 0)
2026-06-22 03:02:20.224 8 INFO placement.requestlog [None req-6a2951d6-fae7-4dd8-b772-b2d3f8f53e86 - - - - - -] 10.0.0.180 "GET /" status: 200 len: 136 microversion: 1.0
2026-06-22 03:02:20.225 7 INFO placement.requestlog [None req-1552338d-8eeb-45e9-91da-25aef84e100c - - - - - -] 10.0.0.180 "GET /" status: 200 len: 136 microversion: 1.0
2026-06-22 03:02:24.923 8 INFO placement.requestlog [req-39302f3a-abf8-4a7a-b22f-30aff6cfff4b req-7b0ad356-d978-4d37-b0c3-7c8ffabbf4dd e58258c1cc5642c8ae828a43f8cff533 729eecc38e0e418189f1aeacfe5fa887 - - 6dbf41fada4c4580bca281f6161f7cb5 6dbf41fada4c4580bca281f6161f7cb5] 199.204.45.65 "GET /resource_providers/3e165bb9-635a-4f6c-a89f-162f1078ba59/allocations" status: 200 len: 252 microversion: 1.0 [pid: 8|app: 0|req: 382/766] 199.204.45.65 () {32 vars in 856 bytes} [Mon Jun 22 03:02:24 2026] GET /resource_providers/3e165bb9-635a-4f6c-a89f-162f1078ba59/allocations => generated 252 bytes in 26 msecs (HTTP/1.1 200) 6 headers in 224 bytes (1 switches on core 0)
