2026-06-22 03:05:01.518 9 INFO neutron.db.ovn_revision_numbers_db [None req-681d48a4-95a9-4bb3-86e7-ae49c031dbab - - - - - -] Successfully bumped revision number for resource c0272a50-42fd-4725-84fa-d2a533b8c287 (type: ports) to 4
2026-06-22 03:05:01.578 10 INFO neutron.wsgi [req-5d7571f3-f812-48b8-b2c0-1d7cc8408224 req-ad1fd931-27d2-4981-b7d7-7dba2a3bce2c be62ab7304d34ff8a6ba8add7fb5dd35 6151059876d3481bba7d778b397f060f - - default default] 10.0.0.204 "GET /v2.0/ports?device_id=4a4537de-d1bb-4353-a298-d961534a97f5 HTTP/1.1" status: 200 len: 1174 time: 0.0455165
2026-06-22 03:05:01.635 10 INFO neutron.wsgi [req-5d7571f3-f812-48b8-b2c0-1d7cc8408224 req-72ce3a8c-ae6e-433d-8f16-e2dc79a5844d be62ab7304d34ff8a6ba8add7fb5dd35 6151059876d3481bba7d778b397f060f - - default default] 10.0.0.204 "GET /v2.0/security-groups?id=70f193c0-bc5e-4bf4-85cb-d6116633290d&fields=id&fields=name HTTP/1.1" status: 200 len: 286 time: 0.0498800 /var/lib/openstack/lib/python3.10/site-packages/pycadf/identifier.py:71: UserWarning: Invalid uuid: neutron. To ensure interoperability, identifiers should be a valid uuid. warnings.warn(('Invalid uuid: %s. To ensure interoperability, '
2026-06-22 03:05:01.988 9 INFO neutron.wsgi [None req-e8648993-9796-4c8d-a3a3-2afbafead32a ae142a5fd12d426fa2507ab6004ea78b 7eabc14010fa4969ab224d754888bc3c - - default default] 199.204.45.65 "GET /v2.0/extensions/security-group HTTP/1.1" status: 200 len: 369 time: 0.0112622
2026-06-22 03:05:02.000 9 INFO neutron.wsgi [None req-f368a433-8148-420a-96c0-d646665553ef ae142a5fd12d426fa2507ab6004ea78b 7eabc14010fa4969ab224d754888bc3c - - default default] 199.204.45.65 "GET /v2.0/extensions/dns-integration HTTP/1.1" status: 200 len: 371 time: 0.0063980
2026-06-22 03:05:02.009 9 INFO neutron.wsgi [None req-09a375bc-b965-4e9d-8b3c-fa7dcba461a0 ae142a5fd12d426fa2507ab6004ea78b 7eabc14010fa4969ab224d754888bc3c - - default default] 199.204.45.65 "GET /v2.0/extensions/qos HTTP/1.1" status: 200 len: 365 time: 0.0050535
2026-06-22 03:05:02.020 9 INFO neutron.wsgi [None req-6ca04cd3-20e4-40c0-bf76-9757bdd5d622 ae142a5fd12d426fa2507ab6004ea78b 7eabc14010fa4969ab224d754888bc3c - - default default] 199.204.45.65 "GET /v2.0/extensions/allowed-address-pairs HTTP/1.1" status: 200 len: 383 time: 0.0057397
2026-06-22 03:05:02.065 9 INFO neutron.wsgi [None req-2ed7ef59-e760-4a57-b1f1-2d8f0565a37f ae142a5fd12d426fa2507ab6004ea78b 7eabc14010fa4969ab224d754888bc3c - - default default] 199.204.45.65 "GET /v2.0/subnets/36c18792-605f-48d9-bc0e-f1fe8ad8d499 HTTP/1.1" status: 200 len: 849 time: 0.0384026
2026-06-22 03:05:02.126 9 INFO neutron.wsgi [None req-7e84f0e0-2cc2-49d6-8990-5127015bf6a7 ae142a5fd12d426fa2507ab6004ea78b 7eabc14010fa4969ab224d754888bc3c - - default default] 199.204.45.65 "GET /v2.0/ports?device_id=f7042602-bb26-4d22-b0de-db348fab8153 HTTP/1.1" status: 200 len: 1413 time: 0.0316706
2026-06-22 03:05:02.409 9 WARNING neutron.scheduler.dhcp_agent_scheduler [None req-860f1744-b4ae-4c3d-a891-1e5168b41712 ae142a5fd12d426fa2507ab6004ea78b 7eabc14010fa4969ab224d754888bc3c - - default default] No more DHCP agents
2026-06-22 03:05:02.411 9 WARNING neutron.api.rpc.agentnotifiers.dhcp_rpc_agent_api [None req-860f1744-b4ae-4c3d-a891-1e5168b41712 ae142a5fd12d426fa2507ab6004ea78b 7eabc14010fa4969ab224d754888bc3c - - default default] Unable to schedule network d2b7fdb7-2c7a-4ada-a57b-1eda8b35d224: no agents available; will retry on subsequent port and subnet creation events.
2026-06-22 03:05:02.565 9 INFO neutron.db.ovn_revision_numbers_db [None req-860f1744-b4ae-4c3d-a891-1e5168b41712 ae142a5fd12d426fa2507ab6004ea78b 7eabc14010fa4969ab224d754888bc3c - - default default] Successfully bumped revision number for resource 1e8ab439-46f0-4df0-9466-38ad21e72c2d (type: ports) to 1
2026-06-22 03:05:02.597 9 INFO neutron.wsgi [None req-860f1744-b4ae-4c3d-a891-1e5168b41712 ae142a5fd12d426fa2507ab6004ea78b 7eabc14010fa4969ab224d754888bc3c - - default default] 199.204.45.65 "POST /v2.0/ports HTTP/1.1" status: 201 len: 1302 time: 0.4637394
2026-06-22 03:05:02.623 9 INFO neutron.notifiers.nova [-] Nova event matching ['req-4e628cd8-8493-41b0-9d58-18d590e53b9f'] response: {'server_uuid': '4a4537de-d1bb-4353-a298-d961534a97f5', 'name': 'network-vif-plugged', 'status': 'completed', 'tag': 'c0272a50-42fd-4725-84fa-d2a533b8c287', 'code': 200}
2026-06-22 03:05:02.623 9 INFO neutron.notifiers.nova [-] Nova event matching ['req-4e628cd8-8493-41b0-9d58-18d590e53b9f'] response: {'server_uuid': '4a4537de-d1bb-4353-a298-d961534a97f5', 'name': 'network-vif-plugged', 'status': 'completed', 'tag': 'c0272a50-42fd-4725-84fa-d2a533b8c287', 'code': 200}
2026-06-22 03:05:02.680 10 INFO neutron.wsgi [req-c90e948f-b449-4ac6-b0d1-d0ab48fcc728 req-1695c792-f002-4075-b6e2-b07784ddc13f ae142a5fd12d426fa2507ab6004ea78b 7eabc14010fa4969ab224d754888bc3c - - default default] 10.0.0.204 "GET /v2.0/ports/1e8ab439-46f0-4df0-9466-38ad21e72c2d HTTP/1.1" status: 200 len: 1297 time: 0.0359914
2026-06-22 03:05:02.700 10 INFO neutron.wsgi [req-c90e948f-b449-4ac6-b0d1-d0ab48fcc728 req-3e9b6dad-b9a9-40cd-932e-15d2fba7ae8d ae142a5fd12d426fa2507ab6004ea78b 7eabc14010fa4969ab224d754888bc3c - - default default] 10.0.0.204 "GET /v2.0/extensions HTTP/1.1" status: 200 len: 16525 time: 0.0104644 /var/lib/openstack/lib/python3.10/site-packages/pycadf/identifier.py:71: UserWarning: Invalid uuid: neutron. To ensure interoperability, identifiers should be a valid uuid. warnings.warn(('Invalid uuid: %s. To ensure interoperability, '
2026-06-22 03:05:02.757 9 INFO neutron.wsgi [req-ac2ff384-5855-4f0b-bebe-54175e3a1b59 req-801680c0-ec03-48fd-9138-fc5d4cc67798 be62ab7304d34ff8a6ba8add7fb5dd35 6151059876d3481bba7d778b397f060f - - default default] 10.0.0.204 "GET /v2.0/ports?device_id=4a4537de-d1bb-4353-a298-d961534a97f5 HTTP/1.1" status: 200 len: 1174 time: 0.0491405
2026-06-22 03:05:02.816 9 INFO neutron.wsgi [req-ac2ff384-5855-4f0b-bebe-54175e3a1b59 req-2baf5d2c-42f3-4b78-998e-6d92506a2e6b be62ab7304d34ff8a6ba8add7fb5dd35 6151059876d3481bba7d778b397f060f - - default default] 10.0.0.204 "GET /v2.0/security-groups?id=70f193c0-bc5e-4bf4-85cb-d6116633290d&fields=id&fields=name HTTP/1.1" status: 200 len: 286 time: 0.0479956
2026-06-22 03:05:02.848 9 INFO neutron.wsgi [req-c90e948f-b449-4ac6-b0d1-d0ab48fcc728 req-f0beb1e8-735c-4aaa-bbfc-7c5e7c025c70 734614b4c2404eec86eff556eb3397d5 729eecc38e0e418189f1aeacfe5fa887 - - 6dbf41fada4c4580bca281f6161f7cb5 6dbf41fada4c4580bca281f6161f7cb5] 199.204.45.65 "GET /v2.0/ports/1e8ab439-46f0-4df0-9466-38ad21e72c2d?fields=binding%3Avnic_type&fields=binding%3Aprofile&fields=network_id&fields=resource_request&fields=numa_affinity_policy&fields=device_profile HTTP/1.1" status: 200 len: 335 time: 0.0310342
2026-06-22 03:05:02.930 9 INFO neutron.wsgi [req-c90e948f-b449-4ac6-b0d1-d0ab48fcc728 req-dcb967be-c2f6-433b-b838-f22e62de2251 734614b4c2404eec86eff556eb3397d5 729eecc38e0e418189f1aeacfe5fa887 - - 6dbf41fada4c4580bca281f6161f7cb5 6dbf41fada4c4580bca281f6161f7cb5] 199.204.45.65 "GET /v2.0/networks/d2b7fdb7-2c7a-4ada-a57b-1eda8b35d224?fields=segments HTTP/1.1" status: 200 len: 212 time: 0.0766213
2026-06-22 03:05:03.011 9 INFO neutron.wsgi [req-c90e948f-b449-4ac6-b0d1-d0ab48fcc728 req-f7f30bf1-5457-47c7-9a07-373f7603e194 734614b4c2404eec86eff556eb3397d5 729eecc38e0e418189f1aeacfe5fa887 - - 6dbf41fada4c4580bca281f6161f7cb5 6dbf41fada4c4580bca281f6161f7cb5] 199.204.45.65 "GET /v2.0/networks/d2b7fdb7-2c7a-4ada-a57b-1eda8b35d224?fields=provider%3Aphysical_network&fields=provider%3Anetwork_type HTTP/1.1" status: 200 len: 277 time: 0.0728309
2026-06-22 03:05:03.066 9 INFO neutron.wsgi [req-c90e948f-b449-4ac6-b0d1-d0ab48fcc728 req-8ae9c1e2-92ef-413d-88ff-a0764c7c6d52 734614b4c2404eec86eff556eb3397d5 729eecc38e0e418189f1aeacfe5fa887 - - 6dbf41fada4c4580bca281f6161f7cb5 6dbf41fada4c4580bca281f6161f7cb5] 199.204.45.65 "GET /v2.0/ports/1e8ab439-46f0-4df0-9466-38ad21e72c2d HTTP/1.1" status: 200 len: 1297 time: 0.0349057
2026-06-22 03:05:03.147 9 INFO neutron.wsgi [req-c90e948f-b449-4ac6-b0d1-d0ab48fcc728 req-6f3f3065-5cfa-4a6c-9a7d-b8f13699e907 ae142a5fd12d426fa2507ab6004ea78b 7eabc14010fa4969ab224d754888bc3c - - default default] 199.204.45.65 "GET /v2.0/networks?id=d2b7fdb7-2c7a-4ada-a57b-1eda8b35d224 HTTP/1.1" status: 200 len: 1005 time: 0.0766425
2026-06-22 03:05:03.845 9 INFO neutron.db.ovn_revision_numbers_db [req-c90e948f-b449-4ac6-b0d1-d0ab48fcc728 req-96e55293-94b9-40a9-9af6-07872a4f9fee 734614b4c2404eec86eff556eb3397d5 729eecc38e0e418189f1aeacfe5fa887 - - 6dbf41fada4c4580bca281f6161f7cb5 6dbf41fada4c4580bca281f6161f7cb5] Successfully bumped revision number for resource 1e8ab439-46f0-4df0-9466-38ad21e72c2d (type: ports) to 2 /var/lib/openstack/lib/python3.10/site-packages/pycadf/identifier.py:71: UserWarning: Invalid uuid: neutron. To ensure interoperability, identifiers should be a valid uuid. warnings.warn(('Invalid uuid: %s. To ensure interoperability, '
2026-06-22 03:05:04.025 9 INFO neutron.wsgi [req-b8fbe45c-35ba-4105-be4d-3b7a2322d851 req-7d1648bd-23c6-4589-8a3c-919bc2e297ec be62ab7304d34ff8a6ba8add7fb5dd35 6151059876d3481bba7d778b397f060f - - default default] 10.0.0.204 "GET /v2.0/ports?device_id=4a4537de-d1bb-4353-a298-d961534a97f5 HTTP/1.1" status: 200 len: 1174 time: 0.1234179
2026-06-22 03:05:04.113 9 INFO neutron.wsgi [req-b8fbe45c-35ba-4105-be4d-3b7a2322d851 req-e1e4aba1-802c-4d5b-81ce-b22cb50ff07e be62ab7304d34ff8a6ba8add7fb5dd35 6151059876d3481bba7d778b397f060f - - default default] 10.0.0.204 "GET /v2.0/security-groups?id=70f193c0-bc5e-4bf4-85cb-d6116633290d&fields=id&fields=name HTTP/1.1" status: 200 len: 286 time: 0.0804770
2026-06-22 03:05:04.159 9 INFO neutron.db.ovn_revision_numbers_db [req-c90e948f-b449-4ac6-b0d1-d0ab48fcc728 req-96e55293-94b9-40a9-9af6-07872a4f9fee 734614b4c2404eec86eff556eb3397d5 729eecc38e0e418189f1aeacfe5fa887 - - 6dbf41fada4c4580bca281f6161f7cb5 6dbf41fada4c4580bca281f6161f7cb5] Successfully bumped revision number for resource 1e8ab439-46f0-4df0-9466-38ad21e72c2d (type: ports) to 2
2026-06-22 03:05:04.174 9 INFO neutron.wsgi [req-c90e948f-b449-4ac6-b0d1-d0ab48fcc728 req-96e55293-94b9-40a9-9af6-07872a4f9fee 734614b4c2404eec86eff556eb3397d5 729eecc38e0e418189f1aeacfe5fa887 - - 6dbf41fada4c4580bca281f6161f7cb5 6dbf41fada4c4580bca281f6161f7cb5] 199.204.45.65 "PUT /v2.0/ports/1e8ab439-46f0-4df0-9466-38ad21e72c2d HTTP/1.1" status: 200 len: 1428 time: 1.0218315 /var/lib/openstack/lib/python3.10/site-packages/pycadf/identifier.py:71: UserWarning: Invalid uuid: neutron. To ensure interoperability, identifiers should be a valid uuid. warnings.warn(('Invalid uuid: %s. To ensure interoperability, '
2026-06-22 03:05:04.256 9 INFO neutron.wsgi [req-c90e948f-b449-4ac6-b0d1-d0ab48fcc728 req-a787b278-d7b4-4f8d-9ef9-d92db8ee8c62 734614b4c2404eec86eff556eb3397d5 729eecc38e0e418189f1aeacfe5fa887 - - 6dbf41fada4c4580bca281f6161f7cb5 6dbf41fada4c4580bca281f6161f7cb5] 199.204.45.65 "GET /v2.0/ports?tenant_id=7eabc14010fa4969ab224d754888bc3c&device_id=f7042602-bb26-4d22-b0de-db348fab8153 HTTP/1.1" status: 200 len: 2661 time: 0.0448401
2026-06-22 03:05:04.284 9 INFO neutron.wsgi [req-c90e948f-b449-4ac6-b0d1-d0ab48fcc728 req-90b9836d-ea47-4b15-a626-f0df428a8159 734614b4c2404eec86eff556eb3397d5 729eecc38e0e418189f1aeacfe5fa887 - - 6dbf41fada4c4580bca281f6161f7cb5 6dbf41fada4c4580bca281f6161f7cb5] 199.204.45.65 "GET /v2.0/floatingips?fixed_ip_address=172.24.0.38&port_id=3fbedf48-11cc-42fc-a33e-a290ed0d9e21 HTTP/1.1" status: 200 len: 217 time: 0.0217228
2026-06-22 03:05:04.318 9 INFO neutron.wsgi [req-c90e948f-b449-4ac6-b0d1-d0ab48fcc728 req-751d9433-2489-4ceb-9a19-fdfe472d3c98 734614b4c2404eec86eff556eb3397d5 729eecc38e0e418189f1aeacfe5fa887 - - 6dbf41fada4c4580bca281f6161f7cb5 6dbf41fada4c4580bca281f6161f7cb5] 199.204.45.65 "GET /v2.0/subnets?id=5170d8f8-49d3-48ca-b238-cc14299c3fb2 HTTP/1.1" status: 200 len: 829 time: 0.0280988
2026-06-22 03:05:04.341 9 INFO neutron.wsgi [req-c90e948f-b449-4ac6-b0d1-d0ab48fcc728 req-fcdfdf54-36f2-43d8-9d9f-c07274762f8d 734614b4c2404eec86eff556eb3397d5 729eecc38e0e418189f1aeacfe5fa887 - - 6dbf41fada4c4580bca281f6161f7cb5 6dbf41fada4c4580bca281f6161f7cb5] 199.204.45.65 "GET /v2.0/ports?network_id=4fe23e91-1ae4-437b-8c2a-f845d5f03f11&device_owner=network%3Adhcp HTTP/1.1" status: 200 len: 210 time: 0.0172818
2026-06-22 03:05:04.404 9 INFO neutron.wsgi [req-c90e948f-b449-4ac6-b0d1-d0ab48fcc728 req-bae4ef4f-9052-4c38-9ed0-4cdcce70563b 734614b4c2404eec86eff556eb3397d5 729eecc38e0e418189f1aeacfe5fa887 - - 6dbf41fada4c4580bca281f6161f7cb5 6dbf41fada4c4580bca281f6161f7cb5] 199.204.45.65 "GET /v2.0/networks/4fe23e91-1ae4-437b-8c2a-f845d5f03f11?fields=segments HTTP/1.1" status: 200 len: 212 time: 0.0565758
2026-06-22 03:05:04.530 9 INFO neutron.wsgi [req-c90e948f-b449-4ac6-b0d1-d0ab48fcc728 req-fc080dc1-5ebb-444b-a09d-04579eb3bf43 734614b4c2404eec86eff556eb3397d5 729eecc38e0e418189f1aeacfe5fa887 - - 6dbf41fada4c4580bca281f6161f7cb5 6dbf41fada4c4580bca281f6161f7cb5] 199.204.45.65 "GET /v2.0/networks/4fe23e91-1ae4-437b-8c2a-f845d5f03f11?fields=provider%3Aphysical_network&fields=provider%3Anetwork_type HTTP/1.1" status: 200 len: 277 time: 0.1206319
2026-06-22 03:05:04.561 9 INFO neutron.wsgi [req-c90e948f-b449-4ac6-b0d1-d0ab48fcc728 req-96a47248-7983-4ceb-844f-67286672800c 734614b4c2404eec86eff556eb3397d5 729eecc38e0e418189f1aeacfe5fa887 - - 6dbf41fada4c4580bca281f6161f7cb5 6dbf41fada4c4580bca281f6161f7cb5] 199.204.45.65 "GET /v2.0/floatingips?fixed_ip_address=10.1.1.139&port_id=1e8ab439-46f0-4df0-9466-38ad21e72c2d HTTP/1.1" status: 200 len: 217 time: 0.0259242
2026-06-22 03:05:04.604 10 INFO neutron.wsgi [None req-c81cdbaa-95f1-48c3-91db-a801d29ce44d b1b02d469f064d058e552c87dff32860 5b0b1a3b4a2247daa22e6034cf27a462 - - default default] 10.0.0.167 "POST /v2.0/qos/policies HTTP/1.1" status: 201 len: 558 time: 0.2975066
2026-06-22 03:05:04.645 10 INFO neutron.wsgi [None req-128c3751-be3b-40bc-bf1c-3a666cd2ea9e b1b02d469f064d058e552c87dff32860 5b0b1a3b4a2247daa22e6034cf27a462 - - default default] 10.0.0.167 "PUT /v2.0/policies/0185aa22-210e-48b2-a66e-78537468538b/tags HTTP/1.1" status: 200 len: 218 time: 0.0357978
2026-06-22 03:05:04.651 9 INFO neutron.wsgi [req-c90e948f-b449-4ac6-b0d1-d0ab48fcc728 req-008467ea-828f-4077-bbb3-9485fff5da5e 734614b4c2404eec86eff556eb3397d5 729eecc38e0e418189f1aeacfe5fa887 - - 6dbf41fada4c4580bca281f6161f7cb5 6dbf41fada4c4580bca281f6161f7cb5] 199.204.45.65 "GET /v2.0/subnets?id=36c18792-605f-48d9-bc0e-f1fe8ad8d499 HTTP/1.1" status: 200 len: 852 time: 0.0774488
2026-06-22 03:05:04.677 9 INFO neutron.wsgi [None req-d1186cd4-7abe-4cd4-83fe-62df95dab482 b1b02d469f064d058e552c87dff32860 5b0b1a3b4a2247daa22e6034cf27a462 - - default default] 10.0.0.167 "GET /v2.0/policies/0185aa22-210e-48b2-a66e-78537468538b/tags HTTP/1.1" status: 200 len: 218 time: 0.0247939
2026-06-22 03:05:04.705 9 INFO neutron.wsgi [req-c90e948f-b449-4ac6-b0d1-d0ab48fcc728 req-b9fb42d4-c67f-4638-862b-91c4974ac273 734614b4c2404eec86eff556eb3397d5 729eecc38e0e418189f1aeacfe5fa887 - - 6dbf41fada4c4580bca281f6161f7cb5 6dbf41fada4c4580bca281f6161f7cb5] 199.204.45.65 "GET /v2.0/ports?network_id=d2b7fdb7-2c7a-4ada-a57b-1eda8b35d224&device_owner=network%3Adhcp HTTP/1.1" status: 200 len: 210 time: 0.0406060
2026-06-22 03:05:04.738 9 INFO neutron.wsgi [None req-f0ec75d1-9cbb-4060-987e-5cf08da1fccd b1b02d469f064d058e552c87dff32860 5b0b1a3b4a2247daa22e6034cf27a462 - - default default] 10.0.0.167 "PUT /v2.0/policies/0185aa22-210e-48b2-a66e-78537468538b/tags/green HTTP/1.1" status: 201 len: 201 time: 0.0565081
2026-06-22 03:05:04.767 9 INFO neutron.notifiers.nova [-] Nova event matching ['req-508fbb5f-c53d-4e7a-8d4e-4ae6619d7157'] response: {'name': 'network-changed', 'server_uuid': 'f7042602-bb26-4d22-b0de-db348fab8153', 'tag': '1e8ab439-46f0-4df0-9466-38ad21e72c2d', 'status': 'completed', 'code': 200}
2026-06-22 03:05:04.770 10 INFO neutron.wsgi [None req-b76cace5-b5f6-4cfd-9cc8-87ad0b197358 b1b02d469f064d058e552c87dff32860 5b0b1a3b4a2247daa22e6034cf27a462 - - default default] 10.0.0.167 "GET /v2.0/policies/0185aa22-210e-48b2-a66e-78537468538b/tags HTTP/1.1" status: 200 len: 227 time: 0.0251427
2026-06-22 03:05:04.790 9 INFO neutron.wsgi [req-c90e948f-b449-4ac6-b0d1-d0ab48fcc728 req-fc3c86eb-f7a3-4e50-aa0b-c33c6a25c0c0 734614b4c2404eec86eff556eb3397d5 729eecc38e0e418189f1aeacfe5fa887 - - 6dbf41fada4c4580bca281f6161f7cb5 6dbf41fada4c4580bca281f6161f7cb5] 199.204.45.65 "GET /v2.0/networks/d2b7fdb7-2c7a-4ada-a57b-1eda8b35d224?fields=segments HTTP/1.1" status: 200 len: 212 time: 0.0768600
2026-06-22 03:05:04.793 10 INFO neutron.wsgi [None req-b2e221d1-5049-4062-b57d-18725f8f5af1 b1b02d469f064d058e552c87dff32860 5b0b1a3b4a2247daa22e6034cf27a462 - - default default] 10.0.0.167 "PUT /v2.0/policies/0185aa22-210e-48b2-a66e-78537468538b/tags/red HTTP/1.1" status: 201 len: 201 time: 0.0181270
2026-06-22 03:05:04.872 9 INFO neutron.plugins.ml2.drivers.ovn.mech_driver.mech_driver [None req-681d48a4-95a9-4bb3-86e7-ae49c031dbab - - - - - -] OVN reports status down for port: c0272a50-42fd-4725-84fa-d2a533b8c287
2026-06-22 03:05:04.878 9 INFO neutron.wsgi [None req-d69c4bd5-c9a8-46ec-8a08-acbba383c1d6 b1b02d469f064d058e552c87dff32860 5b0b1a3b4a2247daa22e6034cf27a462 - - default default] 10.0.0.167 "GET /v2.0/policies/0185aa22-210e-48b2-a66e-78537468538b/tags HTTP/1.1" status: 200 len: 227 time: 0.0775955
2026-06-22 03:05:04.919 9 INFO neutron.wsgi [req-90244894-946b-4489-bf79-70f92b9daf5b req-a53e75ca-ac6e-46a8-af31-3f290d6f546d be62ab7304d34ff8a6ba8add7fb5dd35 6151059876d3481bba7d778b397f060f - - default default] 10.0.0.204 "GET /v2.0/ports?device_id=4a4537de-d1bb-4353-a298-d961534a97f5 HTTP/1.1" status: 200 len: 1174 time: 0.0924428
2026-06-22 03:05:04.928 10 INFO neutron.wsgi [None req-d0c3e8e4-d1fa-404b-bb89-6fc50dbe2da2 b1b02d469f064d058e552c87dff32860 5b0b1a3b4a2247daa22e6034cf27a462 - - default default] 10.0.0.167 "PUT /v2.0/policies/0185aa22-210e-48b2-a66e-78537468538b/tags/black.or.white HTTP/1.1" status: 201 len: 201 time: 0.0442879
2026-06-22 03:05:04.948 10 INFO neutron.wsgi [None req-fe5819aa-950e-452a-a5ec-1dc356d5cd22 b1b02d469f064d058e552c87dff32860 5b0b1a3b4a2247daa22e6034cf27a462 - - default default] 10.0.0.167 "GET /v2.0/policies/0185aa22-210e-48b2-a66e-78537468538b/tags HTTP/1.1" status: 200 len: 245 time: 0.0158293
2026-06-22 03:05:04.974 9 INFO neutron.wsgi [req-c90e948f-b449-4ac6-b0d1-d0ab48fcc728 req-7c5bed2b-3ad8-43ef-ba1d-75e4b922615c 734614b4c2404eec86eff556eb3397d5 729eecc38e0e418189f1aeacfe5fa887 - - 6dbf41fada4c4580bca281f6161f7cb5 6dbf41fada4c4580bca281f6161f7cb5] 199.204.45.65 "GET /v2.0/networks/d2b7fdb7-2c7a-4ada-a57b-1eda8b35d224?fields=provider%3Aphysical_network&fields=provider%3Anetwork_type HTTP/1.1" status: 200 len: 277 time: 0.1766651
2026-06-22 03:05:04.982 9 INFO neutron.wsgi [req-90244894-946b-4489-bf79-70f92b9daf5b req-f4a5338c-3675-4cff-ab11-f4c65eb27534 be62ab7304d34ff8a6ba8add7fb5dd35 6151059876d3481bba7d778b397f060f - - default default] 10.0.0.204 "GET /v2.0/security-groups?id=70f193c0-bc5e-4bf4-85cb-d6116633290d&fields=id&fields=name HTTP/1.1" status: 200 len: 286 time: 0.0569971
2026-06-22 03:05:04.991 10 INFO neutron.wsgi [None req-356f6ce6-d015-49bf-af1d-4991aaf056e2 b1b02d469f064d058e552c87dff32860 5b0b1a3b4a2247daa22e6034cf27a462 - - default default] 10.0.0.167 "PUT /v2.0/policies/0185aa22-210e-48b2-a66e-78537468538b/tags HTTP/1.1" status: 200 len: 230 time: 0.0385270
2026-06-22 03:05:05.009 10 INFO neutron.wsgi [None req-015aa836-e9e3-4c4a-b5b6-1f24a3f5bf9a b1b02d469f064d058e552c87dff32860 5b0b1a3b4a2247daa22e6034cf27a462 - - default default] 10.0.0.167 "GET /v2.0/policies/0185aa22-210e-48b2-a66e-78537468538b/tags HTTP/1.1" status: 200 len: 230 time: 0.0142658
2026-06-22 03:05:05.030 10 INFO neutron.wsgi [None req-dcd59a0e-6337-4ba7-ba2f-49c115248252 b1b02d469f064d058e552c87dff32860 5b0b1a3b4a2247daa22e6034cf27a462 - - default default] 10.0.0.167 "GET /v2.0/policies/0185aa22-210e-48b2-a66e-78537468538b/tags/red HTTP/1.1" status: 204 len: 168 time: 0.0167170
2026-06-22 03:05:05.050 10 INFO neutron.api.v2.resource [None req-5b4d29c9-ba33-42eb-8c6d-0a0dd396a105 b1b02d469f064d058e552c87dff32860 5b0b1a3b4a2247daa22e6034cf27a462 - - default default] show failed (client error): The resource could not be found.
2026-06-22 03:05:05.052 10 INFO neutron.wsgi [None req-5b4d29c9-ba33-42eb-8c6d-0a0dd396a105 b1b02d469f064d058e552c87dff32860 5b0b1a3b4a2247daa22e6034cf27a462 - - default default] 10.0.0.167 "GET /v2.0/policies/0185aa22-210e-48b2-a66e-78537468538b/tags/green HTTP/1.1" status: 404 len: 299 time: 0.0177059
2026-06-22 03:05:05.108 10 INFO neutron.plugins.ml2.drivers.ovn.mech_driver.mech_driver [None req-56b9dfb7-0d72-4fc8-af68-cabe92f1afec - - - - - -] OVN reports status up for port: 1e8ab439-46f0-4df0-9466-38ad21e72c2d
2026-06-22 03:05:05.118 10 INFO neutron.wsgi [None req-ee229ec4-e55e-4780-b31c-38537197b5dd b1b02d469f064d058e552c87dff32860 5b0b1a3b4a2247daa22e6034cf27a462 - - default default] 10.0.0.167 "DELETE /v2.0/policies/0185aa22-210e-48b2-a66e-78537468538b/tags/red HTTP/1.1" status: 204 len: 168 time: 0.0573492
2026-06-22 03:05:05.118 9 INFO neutron.wsgi [req-115f7dc6-e1c7-4a50-9606-599640c50d50 req-8c1372f2-b33d-484e-a022-2774b6cf93a9 734614b4c2404eec86eff556eb3397d5 729eecc38e0e418189f1aeacfe5fa887 - - 6dbf41fada4c4580bca281f6161f7cb5 6dbf41fada4c4580bca281f6161f7cb5] 199.204.45.65 "GET /v2.0/ports?tenant_id=7eabc14010fa4969ab224d754888bc3c&device_id=f7042602-bb26-4d22-b0de-db348fab8153 HTTP/1.1" status: 200 len: 2661 time: 0.0781968
2026-06-22 03:05:05.142 10 INFO neutron.plugins.ml2.plugin [None req-56b9dfb7-0d72-4fc8-af68-cabe92f1afec - - - - - -] Attempt 1 to provision port 1e8ab439-46f0-4df0-9466-38ad21e72c2d
2026-06-22 03:05:05.161 10 INFO neutron.wsgi [None req-cdbc7c2c-b73f-4282-8349-fd6ac71e9412 b1b02d469f064d058e552c87dff32860 5b0b1a3b4a2247daa22e6034cf27a462 - - default default] 10.0.0.167 "GET /v2.0/policies/0185aa22-210e-48b2-a66e-78537468538b/tags HTTP/1.1" status: 200 len: 223 time: 0.0293641
2026-06-22 03:05:05.221 10 INFO neutron.api.v2.resource [None req-efb1cf80-d4e3-4f12-8887-acfb380be1f7 b1b02d469f064d058e552c87dff32860 5b0b1a3b4a2247daa22e6034cf27a462 - - default default] delete failed (client error): The resource could not be found.
2026-06-22 03:05:05.223 10 INFO neutron.wsgi [None req-efb1cf80-d4e3-4f12-8887-acfb380be1f7 b1b02d469f064d058e552c87dff32860 5b0b1a3b4a2247daa22e6034cf27a462 - - default default] 10.0.0.167 "DELETE /v2.0/policies/0185aa22-210e-48b2-a66e-78537468538b/tags/green HTTP/1.1" status: 404 len: 299 time: 0.0490773
2026-06-22 03:05:05.231 9 INFO neutron.wsgi [req-05ca3c51-a381-4fc7-951d-2df257290290 req-2a6874e0-be33-4589-a020-0ade6ab31b8f be62ab7304d34ff8a6ba8add7fb5dd35 6151059876d3481bba7d778b397f060f - - default default] 199.204.45.65 "GET /v2.0/ports?device_id=4a4537de-d1bb-4353-a298-d961534a97f5 HTTP/1.1" status: 200 len: 1172 time: 0.0701759
2026-06-22 03:05:05.268 10 INFO neutron.wsgi [None req-d78252e7-ad2a-4cb2-9d52-bb313c56b7e8 b1b02d469f064d058e552c87dff32860 5b0b1a3b4a2247daa22e6034cf27a462 - - default default] 10.0.0.167 "DELETE /v2.0/policies/0185aa22-210e-48b2-a66e-78537468538b/tags HTTP/1.1" status: 204 len: 168 time: 0.0400815
2026-06-22 03:05:05.278 9 INFO neutron.wsgi [req-115f7dc6-e1c7-4a50-9606-599640c50d50 req-d1c69bfb-372b-4f21-b772-0ceaa10f790d 734614b4c2404eec86eff556eb3397d5 729eecc38e0e418189f1aeacfe5fa887 - - 6dbf41fada4c4580bca281f6161f7cb5 6dbf41fada4c4580bca281f6161f7cb5] 199.204.45.65 "GET /v2.0/networks?id=d2b7fdb7-2c7a-4ada-a57b-1eda8b35d224 HTTP/1.1" status: 200 len: 1005 time: 0.1469340
2026-06-22 03:05:05.315 10 INFO neutron.notifiers.nova [-] Nova event matching ['req-1e70a9a3-db8c-4667-8c5c-79ab47b8a90d'] response: {'server_uuid': 'f7042602-bb26-4d22-b0de-db348fab8153', 'name': 'network-vif-plugged', 'status': 'completed', 'tag': '1e8ab439-46f0-4df0-9466-38ad21e72c2d', 'code': 200}
2026-06-22 03:05:05.329 9 INFO neutron.wsgi [req-115f7dc6-e1c7-4a50-9606-599640c50d50 req-32fe89a0-0318-4e6e-b6b1-6e00be7cde46 734614b4c2404eec86eff556eb3397d5 729eecc38e0e418189f1aeacfe5fa887 - - 6dbf41fada4c4580bca281f6161f7cb5 6dbf41fada4c4580bca281f6161f7cb5] 199.204.45.65 "GET /v2.0/floatingips?fixed_ip_address=10.1.1.139&port_id=1e8ab439-46f0-4df0-9466-38ad21e72c2d HTTP/1.1" status: 200 len: 217 time: 0.0433719
2026-06-22 03:05:05.331 9 INFO neutron.wsgi [None req-71e1a901-c9e2-4105-876c-9dfe0712783d b1b02d469f064d058e552c87dff32860 5b0b1a3b4a2247daa22e6034cf27a462 - - default default] 10.0.0.167 "GET /v2.0/policies/0185aa22-210e-48b2-a66e-78537468538b/tags HTTP/1.1" status: 200 len: 205 time: 0.0569789
2026-06-22 03:05:05.355 10 INFO neutron.wsgi [req-c90e948f-b449-4ac6-b0d1-d0ab48fcc728 req-a85b5ea8-4140-4be5-963f-40b0c1cc2727 ae142a5fd12d426fa2507ab6004ea78b 7eabc14010fa4969ab224d754888bc3c - - default default] 10.0.0.204 "GET /v2.0/ports/1e8ab439-46f0-4df0-9466-38ad21e72c2d HTTP/1.1" status: 200 len: 1456 time: 0.0854237
2026-06-22 03:05:05.430 9 INFO neutron.wsgi [req-115f7dc6-e1c7-4a50-9606-599640c50d50 req-82a3fb95-19f0-4d97-9115-53cf61234bf4 734614b4c2404eec86eff556eb3397d5 729eecc38e0e418189f1aeacfe5fa887 - - 6dbf41fada4c4580bca281f6161f7cb5 6dbf41fada4c4580bca281f6161f7cb5] 199.204.45.65 "GET /v2.0/subnets?id=36c18792-605f-48d9-bc0e-f1fe8ad8d499 HTTP/1.1" status: 200 len: 852 time: 0.0942335
2026-06-22 03:05:05.495 9 INFO neutron.wsgi [req-115f7dc6-e1c7-4a50-9606-599640c50d50 req-40d38a42-bbc2-4fbf-8df3-ad370ca5c447 734614b4c2404eec86eff556eb3397d5 729eecc38e0e418189f1aeacfe5fa887 - - 6dbf41fada4c4580bca281f6161f7cb5 6dbf41fada4c4580bca281f6161f7cb5] 199.204.45.65 "GET /v2.0/ports?network_id=d2b7fdb7-2c7a-4ada-a57b-1eda8b35d224&device_owner=network%3Adhcp HTTP/1.1" status: 200 len: 210 time: 0.0522990
2026-06-22 03:05:05.575 10 INFO neutron.db.ovn_revision_numbers_db [None req-56b9dfb7-0d72-4fc8-af68-cabe92f1afec - - - - - -] Successfully bumped revision number for resource 1e8ab439-46f0-4df0-9466-38ad21e72c2d (type: ports) to 4
2026-06-22 03:05:05.610 9 INFO neutron.db.ovn_revision_numbers_db [None req-681d48a4-95a9-4bb3-86e7-ae49c031dbab - - - - - -] Successfully bumped revision number for resource c0272a50-42fd-4725-84fa-d2a533b8c287 (type: ports) to 5
2026-06-22 03:05:05.638 9 INFO neutron.wsgi [None req-49a51ecb-4f39-40a2-9fb6-cf77333d6ee4 b1b02d469f064d058e552c87dff32860 5b0b1a3b4a2247daa22e6034cf27a462 - - default default] 10.0.0.167 "DELETE /v2.0/qos/policies/0185aa22-210e-48b2-a66e-78537468538b HTTP/1.1" status: 204 len: 168 time: 0.3001468
2026-06-22 03:05:05.689 9 INFO neutron.wsgi [req-115f7dc6-e1c7-4a50-9606-599640c50d50 req-568d353f-7eeb-4fb7-b24b-2d5214a50551 734614b4c2404eec86eff556eb3397d5 729eecc38e0e418189f1aeacfe5fa887 - - 6dbf41fada4c4580bca281f6161f7cb5 6dbf41fada4c4580bca281f6161f7cb5] 199.204.45.65 "GET /v2.0/networks/d2b7fdb7-2c7a-4ada-a57b-1eda8b35d224?fields=segments HTTP/1.1" status: 200 len: 212 time: 0.1879671
2026-06-22 03:05:05.853 9 INFO neutron.wsgi [req-115f7dc6-e1c7-4a50-9606-599640c50d50 req-49e80bff-6d8c-4923-81f3-9a7e8844467d 734614b4c2404eec86eff556eb3397d5 729eecc38e0e418189f1aeacfe5fa887 - - 6dbf41fada4c4580bca281f6161f7cb5 6dbf41fada4c4580bca281f6161f7cb5] 199.204.45.65 "GET /v2.0/networks/d2b7fdb7-2c7a-4ada-a57b-1eda8b35d224?fields=provider%3Aphysical_network&fields=provider%3Anetwork_type HTTP/1.1" status: 200 len: 277 time: 0.1524107
2026-06-22 03:05:06.029 9 INFO neutron.wsgi [req-05ca3c51-a381-4fc7-951d-2df257290290 req-597f9eeb-ca2d-41bc-9d11-f25e7abfcbf7 be62ab7304d34ff8a6ba8add7fb5dd35 6151059876d3481bba7d778b397f060f - - default default] 199.204.45.65 "DELETE /v2.0/ports/c0272a50-42fd-4725-84fa-d2a533b8c287 HTTP/1.1" status: 204 len: 173 time: 0.7928920 /var/lib/openstack/lib/python3.10/site-packages/pycadf/identifier.py:71: UserWarning: Invalid uuid: neutron. To ensure interoperability, identifiers should be a valid uuid. warnings.warn(('Invalid uuid: %s. To ensure interoperability, '
2026-06-22 03:05:06.097 9 INFO neutron.wsgi [req-0a8b2a4b-1cfc-417d-b825-5d47868acfa7 req-b062e7d1-9633-4317-a46a-58a5c05c7b8f be62ab7304d34ff8a6ba8add7fb5dd35 6151059876d3481bba7d778b397f060f - - default default] 10.0.0.204 "GET /v2.0/ports?device_id=4a4537de-d1bb-4353-a298-d961534a97f5 HTTP/1.1" status: 200 len: 210 time: 0.0247426
2026-06-22 03:05:06.105 9 INFO neutron.db.ovn_revision_numbers_db [None req-72e3bce0-5871-46ad-9e93-9f25351fbf08 ae142a5fd12d426fa2507ab6004ea78b 7eabc14010fa4969ab224d754888bc3c - - default default] Successfully bumped revision number for resource 1e8ab439-46f0-4df0-9466-38ad21e72c2d (type: ports) to 5
2026-06-22 03:05:06.126 9 INFO neutron.wsgi [None req-72e3bce0-5871-46ad-9e93-9f25351fbf08 ae142a5fd12d426fa2507ab6004ea78b 7eabc14010fa4969ab224d754888bc3c - - default default] 199.204.45.65 "PUT /v2.0/ports/1e8ab439-46f0-4df0-9466-38ad21e72c2d HTTP/1.1" status: 200 len: 1491 time: 0.7555413
2026-06-22 03:05:06.169 9 INFO neutron.wsgi [None req-c623c817-f51f-48fc-aa39-52fdbdf3b0f7 ae142a5fd12d426fa2507ab6004ea78b 7eabc14010fa4969ab224d754888bc3c - - default default] 199.204.45.65 "GET /v2.0/security-groups?name=lb-d5854a66-0c82-4a94-ab04-e18e5c937344 HTTP/1.1" status: 200 len: 1775 time: 0.0372119 /var/lib/openstack/lib/python3.10/site-packages/pycadf/identifier.py:71: UserWarning: Invalid uuid: neutron. To ensure interoperability, identifiers should be a valid uuid. warnings.warn(('Invalid uuid: %s. To ensure interoperability, '
2026-06-22 03:05:06.710 10 INFO neutron.db.ovn_revision_numbers_db [None req-16a20fa9-94c0-434e-9a63-c1e321c0e472 ae142a5fd12d426fa2507ab6004ea78b 7eabc14010fa4969ab224d754888bc3c - - default default] Successfully bumped revision number for resource b299b664-ecc5-44af-9806-d3e14a9e10a1 (type: security_groups) to 1
2026-06-22 03:05:06.729 10 INFO neutron.db.ovn_revision_numbers_db [None req-16a20fa9-94c0-434e-9a63-c1e321c0e472 ae142a5fd12d426fa2507ab6004ea78b 7eabc14010fa4969ab224d754888bc3c - - default default] Successfully bumped revision number for resource 159af4cf-8366-441f-a305-375fa82c981b (type: security_group_rules) to 0
2026-06-22 03:05:06.748 10 INFO neutron.db.ovn_revision_numbers_db [None req-16a20fa9-94c0-434e-9a63-c1e321c0e472 ae142a5fd12d426fa2507ab6004ea78b 7eabc14010fa4969ab224d754888bc3c - - default default] Successfully bumped revision number for resource 2ccb6031-43dd-4261-8397-576b5d3b64f5 (type: security_group_rules) to 0
2026-06-22 03:05:06.776 10 INFO neutron.db.ovn_revision_numbers_db [None req-16a20fa9-94c0-434e-9a63-c1e321c0e472 ae142a5fd12d426fa2507ab6004ea78b 7eabc14010fa4969ab224d754888bc3c - - default default] Successfully bumped revision number for resource 9efd76f8-0aaa-4661-8ea0-02e96f2b6d64 (type: security_group_rules) to 0
2026-06-22 03:05:06.796 10 INFO neutron.db.ovn_revision_numbers_db [None req-16a20fa9-94c0-434e-9a63-c1e321c0e472 ae142a5fd12d426fa2507ab6004ea78b 7eabc14010fa4969ab224d754888bc3c - - default default] Successfully bumped revision number for resource 9f867fc0-3e09-4414-b7ea-86900fc3eedf (type: security_group_rules) to 0
2026-06-22 03:05:06.822 10 INFO neutron.wsgi [None req-16a20fa9-94c0-434e-9a63-c1e321c0e472 ae142a5fd12d426fa2507ab6004ea78b 7eabc14010fa4969ab224d754888bc3c - - default default] 10.0.0.167 "GET /v2.0/security-groups?tenant_id=5b0b1a3b4a2247daa22e6034cf27a462&name=default HTTP/1.1" status: 200 len: 3000 time: 0.3885174
2026-06-22 03:05:06.830 9 INFO neutron.notifiers.nova [-] Nova event matching ['req-71f5586e-e424-41d6-b000-54addb05b78f'] response: {'server_uuid': '4a4537de-d1bb-4353-a298-d961534a97f5', 'name': 'network-vif-unplugged', 'status': 'completed', 'tag': 'c0272a50-42fd-4725-84fa-d2a533b8c287', 'code': 200}
2026-06-22 03:05:06.831 9 INFO neutron.notifiers.nova [-] Nova event matching ['req-71f5586e-e424-41d6-b000-54addb05b78f'] response: {'server_uuid': '4a4537de-d1bb-4353-a298-d961534a97f5', 'name': 'network-vif-plugged', 'status': 'completed', 'tag': 'c0272a50-42fd-4725-84fa-d2a533b8c287', 'code': 200}
2026-06-22 03:05:06.831 9 INFO neutron.notifiers.nova [-] Nova event matching ['req-71f5586e-e424-41d6-b000-54addb05b78f'] response: {'server_uuid': '4a4537de-d1bb-4353-a298-d961534a97f5', 'name': 'network-vif-deleted', 'tag': 'c0272a50-42fd-4725-84fa-d2a533b8c287', 'status': 'completed', 'code': 200}
2026-06-22 03:05:06.831 9 INFO neutron.notifiers.nova [-] Nova event matching ['req-71f5586e-e424-41d6-b000-54addb05b78f'] response: {'name': 'network-changed', 'server_uuid': 'f7042602-bb26-4d22-b0de-db348fab8153', 'tag': '1e8ab439-46f0-4df0-9466-38ad21e72c2d', 'status': 'completed', 'code': 200}
2026-06-22 03:05:06.834 9 INFO neutron.db.ovn_revision_numbers_db [None req-02b89f35-a63e-4d21-b42f-13c2a7f9af0c ae142a5fd12d426fa2507ab6004ea78b 7eabc14010fa4969ab224d754888bc3c - - default default] Successfully bumped revision number for resource 1e8ab439-46f0-4df0-9466-38ad21e72c2d (type: ports) to 6
2026-06-22 03:05:06.844 9 INFO neutron.wsgi [None req-02b89f35-a63e-4d21-b42f-13c2a7f9af0c ae142a5fd12d426fa2507ab6004ea78b 7eabc14010fa4969ab224d754888bc3c - - default default] 199.204.45.65 "PUT /v2.0/ports/1e8ab439-46f0-4df0-9466-38ad21e72c2d HTTP/1.1" status: 200 len: 1491 time: 0.6642604 /var/lib/openstack/lib/python3.10/site-packages/pycadf/identifier.py:71: UserWarning: Invalid uuid: neutron. To ensure interoperability, identifiers should be a valid uuid. warnings.warn(('Invalid uuid: %s. To ensure interoperability, '
2026-06-22 03:05:06.891 9 INFO neutron.wsgi [req-ab961ff4-9a47-40ea-be74-17d5eb45b649 req-3511e0f9-1386-44ea-8ca3-f1da6aab94f5 734614b4c2404eec86eff556eb3397d5 729eecc38e0e418189f1aeacfe5fa887 - - 6dbf41fada4c4580bca281f6161f7cb5 6dbf41fada4c4580bca281f6161f7cb5] 199.204.45.65 "GET /v2.0/ports?tenant_id=7eabc14010fa4969ab224d754888bc3c&device_id=f7042602-bb26-4d22-b0de-db348fab8153 HTTP/1.1" status: 200 len: 2724 time: 0.0323317
2026-06-22 03:05:06.967 9 INFO neutron.wsgi [None req-45fcb0a6-483f-4774-96e4-615a41faeaea ae142a5fd12d426fa2507ab6004ea78b 7eabc14010fa4969ab224d754888bc3c - - default default] 199.204.45.65 "GET /v2.0/extensions/security-group HTTP/1.1" status: 200 len: 369 time: 0.0068567
2026-06-22 03:05:06.980 9 INFO neutron.wsgi [None req-d8bb7f90-d008-42f3-b9a8-a00acde662f3 ae142a5fd12d426fa2507ab6004ea78b 7eabc14010fa4969ab224d754888bc3c - - default default] 199.204.45.65 "GET /v2.0/extensions/dns-integration HTTP/1.1" status: 200 len: 371 time: 0.0067949
2026-06-22 03:05:06.990 9 INFO neutron.wsgi [req-ab961ff4-9a47-40ea-be74-17d5eb45b649 req-3e9681f8-85ce-4b43-b92b-4e33f8d0ff7b 734614b4c2404eec86eff556eb3397d5 729eecc38e0e418189f1aeacfe5fa887 - - 6dbf41fada4c4580bca281f6161f7cb5 6dbf41fada4c4580bca281f6161f7cb5] 199.204.45.65 "GET /v2.0/networks?id=d2b7fdb7-2c7a-4ada-a57b-1eda8b35d224 HTTP/1.1" status: 200 len: 1005 time: 0.0932870
2026-06-22 03:05:06.994 9 INFO neutron.wsgi [None req-bef4f2a7-63b5-4c0f-86e2-44d7c051d164 ae142a5fd12d426fa2507ab6004ea78b 7eabc14010fa4969ab224d754888bc3c - - default default] 199.204.45.65 "GET /v2.0/extensions/qos HTTP/1.1" status: 200 len: 365 time: 0.0066082
2026-06-22 03:05:07.008 9 INFO neutron.wsgi [None req-5013af56-0493-4451-8f09-e7002ab75a6b ae142a5fd12d426fa2507ab6004ea78b 7eabc14010fa4969ab224d754888bc3c - - default default] 199.204.45.65 "GET /v2.0/extensions/allowed-address-pairs HTTP/1.1" status: 200 len: 383 time: 0.0049603
2026-06-22 03:05:07.035 9 INFO neutron.wsgi [req-ab961ff4-9a47-40ea-be74-17d5eb45b649 req-4466c71e-647b-4104-8721-679bc0bdace8 734614b4c2404eec86eff556eb3397d5 729eecc38e0e418189f1aeacfe5fa887 - - 6dbf41fada4c4580bca281f6161f7cb5 6dbf41fada4c4580bca281f6161f7cb5] 199.204.45.65 "GET /v2.0/floatingips?fixed_ip_address=10.1.1.139&port_id=1e8ab439-46f0-4df0-9466-38ad21e72c2d HTTP/1.1" status: 200 len: 217 time: 0.0381129
2026-06-22 03:05:07.048 10 INFO neutron.wsgi [None req-b8304e52-b7a5-4d84-882e-d1951e6803e5 ae142a5fd12d426fa2507ab6004ea78b 7eabc14010fa4969ab224d754888bc3c - - default default] 10.0.0.167 "DELETE /v2.0/security-groups/b299b664-ecc5-44af-9806-d3e14a9e10a1 HTTP/1.1" status: 204 len: 168 time: 0.2183359
2026-06-22 03:05:07.077 9 INFO neutron.wsgi [None req-3df42b9e-61c8-4161-bd05-e7cdaf516854 ae142a5fd12d426fa2507ab6004ea78b 7eabc14010fa4969ab224d754888bc3c - - default default] 199.204.45.65 "GET /v2.0/subnets/36c18792-605f-48d9-bc0e-f1fe8ad8d499 HTTP/1.1" status: 200 len: 849 time: 0.0527935
2026-06-22 03:05:07.085 9 INFO neutron.wsgi [req-ab961ff4-9a47-40ea-be74-17d5eb45b649 req-64f03d7f-0926-48a6-86cb-7afa44c27bdb 734614b4c2404eec86eff556eb3397d5 729eecc38e0e418189f1aeacfe5fa887 - - 6dbf41fada4c4580bca281f6161f7cb5 6dbf41fada4c4580bca281f6161f7cb5] 199.204.45.65 "GET /v2.0/subnets?id=36c18792-605f-48d9-bc0e-f1fe8ad8d499 HTTP/1.1" status: 200 len: 852 time: 0.0406241
2026-06-22 03:05:07.126 9 INFO neutron.wsgi [None req-46b8eb94-a7de-47ac-8e47-544a99246b50 ae142a5fd12d426fa2507ab6004ea78b 7eabc14010fa4969ab224d754888bc3c - - default default] 199.204.45.65 "GET /v2.0/ports/4614b885-10a1-4350-ab2a-0af9e1410b94 HTTP/1.1" status: 200 len: 1332 time: 0.0395434
2026-06-22 03:05:07.145 9 INFO neutron.wsgi [req-ab961ff4-9a47-40ea-be74-17d5eb45b649 req-a335e5d9-e077-41fd-9208-8434f62ff623 734614b4c2404eec86eff556eb3397d5 729eecc38e0e418189f1aeacfe5fa887 - - 6dbf41fada4c4580bca281f6161f7cb5 6dbf41fada4c4580bca281f6161f7cb5] 199.204.45.65 "GET /v2.0/ports?network_id=d2b7fdb7-2c7a-4ada-a57b-1eda8b35d224&device_owner=network%3Adhcp HTTP/1.1" status: 200 len: 210 time: 0.0507534
2026-06-22 03:05:07.180 9 INFO neutron.wsgi [None req-bd605de0-71d7-4955-89e8-c25f218387e2 ae142a5fd12d426fa2507ab6004ea78b 7eabc14010fa4969ab224d754888bc3c - - default default] 199.204.45.65 "GET /v2.0/ports/1e8ab439-46f0-4df0-9466-38ad21e72c2d HTTP/1.1" status: 200 len: 1519 time: 0.0457911
2026-06-22 03:05:07.234 9 INFO neutron.wsgi [None req-df5a730e-a17e-4ec2-bc7b-637eb8f880ce ae142a5fd12d426fa2507ab6004ea78b 7eabc14010fa4969ab224d754888bc3c - - default default] 199.204.45.65 "GET /v2.0/subnets/36c18792-605f-48d9-bc0e-f1fe8ad8d499 HTTP/1.1" status: 200 len: 849 time: 0.0383310
2026-06-22 03:05:07.272 9 INFO neutron.wsgi [req-ab961ff4-9a47-40ea-be74-17d5eb45b649 req-f81a82cc-e225-465d-994d-22bb69c3ca48 734614b4c2404eec86eff556eb3397d5 729eecc38e0e418189f1aeacfe5fa887 - - 6dbf41fada4c4580bca281f6161f7cb5 6dbf41fada4c4580bca281f6161f7cb5] 199.204.45.65 "GET /v2.0/networks/d2b7fdb7-2c7a-4ada-a57b-1eda8b35d224?fields=segments HTTP/1.1" status: 200 len: 212 time: 0.1117058
2026-06-22 03:05:07.299 10 INFO neutron.db.ovn_revision_numbers_db [None req-7f666c28-f6aa-4076-b675-baee6ed4c5f9 ae142a5fd12d426fa2507ab6004ea78b 7eabc14010fa4969ab224d754888bc3c - - default default] Successfully bumped revision number for resource 24f1fc47-0ac8-4b51-943c-09a42e23e8aa (type: security_groups) to 1
2026-06-22 03:05:07.342 10 INFO neutron.db.ovn_revision_numbers_db [None req-7f666c28-f6aa-4076-b675-baee6ed4c5f9 ae142a5fd12d426fa2507ab6004ea78b 7eabc14010fa4969ab224d754888bc3c - - default default] Successfully bumped revision number for resource 34bba3b5-0a2f-4f96-9c5a-a648cba7138f (type: security_group_rules) to 0
2026-06-22 03:05:07.349 9 INFO neutron.wsgi [None req-4725cc9b-e21d-43fe-847d-bf5a5b736d3d ae142a5fd12d426fa2507ab6004ea78b 7eabc14010fa4969ab224d754888bc3c - - default default] 199.204.45.65 "GET /v2.0/networks/d2b7fdb7-2c7a-4ada-a57b-1eda8b35d224 HTTP/1.1" status: 200 len: 1002 time: 0.1062777
2026-06-22 03:05:07.355 10 INFO neutron.notifiers.nova [-] Nova event matching ['req-e0fe4962-5139-4681-b989-5adb82cbdace'] response: {'server_uuid': 'f7042602-bb26-4d22-b0de-db348fab8153', 'name': 'network-vif-plugged', 'status': 'completed', 'tag': '1e8ab439-46f0-4df0-9466-38ad21e72c2d', 'code': 200}
2026-06-22 03:05:07.367 10 INFO neutron.db.ovn_revision_numbers_db [None req-7f666c28-f6aa-4076-b675-baee6ed4c5f9 ae142a5fd12d426fa2507ab6004ea78b 7eabc14010fa4969ab224d754888bc3c - - default default] Successfully bumped revision number for resource 3d916122-f5fc-4b85-b62b-d008ee019fc5 (type: security_group_rules) to 0
2026-06-22 03:05:07.374 9 INFO neutron.wsgi [req-ab961ff4-9a47-40ea-be74-17d5eb45b649 req-7766dea9-d7e0-45fa-8f74-9c5d9140eccf 734614b4c2404eec86eff556eb3397d5 729eecc38e0e418189f1aeacfe5fa887 - - 6dbf41fada4c4580bca281f6161f7cb5 6dbf41fada4c4580bca281f6161f7cb5] 199.204.45.65 "GET /v2.0/networks/d2b7fdb7-2c7a-4ada-a57b-1eda8b35d224?fields=provider%3Aphysical_network&fields=provider%3Anetwork_type HTTP/1.1" status: 200 len: 277 time: 0.0890031
2026-06-22 03:05:07.385 10 INFO neutron.db.ovn_revision_numbers_db [None req-7f666c28-f6aa-4076-b675-baee6ed4c5f9 ae142a5fd12d426fa2507ab6004ea78b 7eabc14010fa4969ab224d754888bc3c - - default default] Successfully bumped revision number for resource 8243e6fd-c84b-460e-9cc9-7afe51b65ee9 (type: security_group_rules) to 0
2026-06-22 03:05:07.400 9 INFO neutron.wsgi [None req-03cc1117-e30b-4f50-928b-918d8e870d52 ae142a5fd12d426fa2507ab6004ea78b 7eabc14010fa4969ab224d754888bc3c - - default default] 199.204.45.65 "GET /v2.0/ports/4614b885-10a1-4350-ab2a-0af9e1410b94 HTTP/1.1" status: 200 len: 1332 time: 0.0417905
2026-06-22 03:05:07.406 10 INFO neutron.db.ovn_revision_numbers_db [None req-7f666c28-f6aa-4076-b675-baee6ed4c5f9 ae142a5fd12d426fa2507ab6004ea78b 7eabc14010fa4969ab224d754888bc3c - - default default] Successfully bumped revision number for resource 98d5f756-87fd-4d6d-bd3c-fe72cc394352 (type: security_group_rules) to 0
2026-06-22 03:05:07.431 10 INFO neutron.wsgi [None req-7f666c28-f6aa-4076-b675-baee6ed4c5f9 ae142a5fd12d426fa2507ab6004ea78b 7eabc14010fa4969ab224d754888bc3c - - default default] 10.0.0.167 "GET /v2.0/security-groups?tenant_id=cb7cca15ac714d4384a8ee88329055fc&name=default HTTP/1.1" status: 200 len: 3000 time: 0.2831357
2026-06-22 03:05:07.452 9 INFO neutron.wsgi [None req-3c774e22-a7c0-4472-b67e-afe4d4fd5b89 ae142a5fd12d426fa2507ab6004ea78b 7eabc14010fa4969ab224d754888bc3c - - default default] 199.204.45.65 "GET /v2.0/subnets/36c18792-605f-48d9-bc0e-f1fe8ad8d499 HTTP/1.1" status: 200 len: 849 time: 0.0452063
2026-06-22 03:05:07.681 10 INFO neutron.wsgi [None req-eb3c7271-d173-48fc-9e23-ed5fe7110f7e ae142a5fd12d426fa2507ab6004ea78b 7eabc14010fa4969ab224d754888bc3c - - default default] 10.0.0.167 "DELETE /v2.0/security-groups/24f1fc47-0ac8-4b51-943c-09a42e23e8aa HTTP/1.1" status: 204 len: 168 time: 0.2462690
2026-06-22 03:05:08.383 9 INFO neutron.wsgi [-] 10.0.0.180 "GET / HTTP/1.1" status: 200 len: 246 time: 0.0029490
2026-06-22 03:05:08.385 9 INFO neutron.wsgi [-] 10.0.0.180 "GET / HTTP/1.1" status: 200 len: 246 time: 0.0014575
2026-06-22 03:05:08.888 9 INFO neutron.notifiers.nova [-] Nova event matching ['req-71659630-97f0-42a4-ab56-e411e997e168'] response: {'name': 'network-changed', 'server_uuid': 'f7042602-bb26-4d22-b0de-db348fab8153', 'tag': '1e8ab439-46f0-4df0-9466-38ad21e72c2d', 'status': 'completed', 'code': 200}
2026-06-22 03:05:08.959 9 INFO neutron.wsgi [req-a6fc7d65-5a14-4867-874a-0343a04ef02d req-808bbf74-5d06-4e8d-81a5-229319903f02 734614b4c2404eec86eff556eb3397d5 729eecc38e0e418189f1aeacfe5fa887 - - 6dbf41fada4c4580bca281f6161f7cb5 6dbf41fada4c4580bca281f6161f7cb5] 199.204.45.65 "GET /v2.0/ports?tenant_id=7eabc14010fa4969ab224d754888bc3c&device_id=f7042602-bb26-4d22-b0de-db348fab8153 HTTP/1.1" status: 200 len: 2724 time: 0.0351181
2026-06-22 03:05:09.054 9 INFO neutron.wsgi [req-a6fc7d65-5a14-4867-874a-0343a04ef02d req-96264684-f996-4558-9b79-a43e426667d0 734614b4c2404eec86eff556eb3397d5 729eecc38e0e418189f1aeacfe5fa887 - - 6dbf41fada4c4580bca281f6161f7cb5 6dbf41fada4c4580bca281f6161f7cb5] 199.204.45.65 "GET /v2.0/networks?id=d2b7fdb7-2c7a-4ada-a57b-1eda8b35d224 HTTP/1.1" status: 200 len: 1005 time: 0.0854595
2026-06-22 03:05:09.081 9 INFO neutron.wsgi [req-a6fc7d65-5a14-4867-874a-0343a04ef02d req-e64ee81e-f5da-4c9b-a110-cf8e18f22ad4 734614b4c2404eec86eff556eb3397d5 729eecc38e0e418189f1aeacfe5fa887 - - 6dbf41fada4c4580bca281f6161f7cb5 6dbf41fada4c4580bca281f6161f7cb5] 199.204.45.65 "GET /v2.0/floatingips?fixed_ip_address=10.1.1.139&port_id=1e8ab439-46f0-4df0-9466-38ad21e72c2d HTTP/1.1" status: 200 len: 217 time: 0.0211470
2026-06-22 03:05:09.117 9 INFO neutron.wsgi [req-a6fc7d65-5a14-4867-874a-0343a04ef02d req-a0e01190-6262-40d0-a7c8-cbc6e0967591 734614b4c2404eec86eff556eb3397d5 729eecc38e0e418189f1aeacfe5fa887 - - 6dbf41fada4c4580bca281f6161f7cb5 6dbf41fada4c4580bca281f6161f7cb5] 199.204.45.65 "GET /v2.0/subnets?id=36c18792-605f-48d9-bc0e-f1fe8ad8d499 HTTP/1.1" status: 200 len: 852 time: 0.0301216
2026-06-22 03:05:09.146 9 INFO neutron.wsgi [req-a6fc7d65-5a14-4867-874a-0343a04ef02d req-a4aadba9-a140-41f1-a33b-1062722505df 734614b4c2404eec86eff556eb3397d5 729eecc38e0e418189f1aeacfe5fa887 - - 6dbf41fada4c4580bca281f6161f7cb5 6dbf41fada4c4580bca281f6161f7cb5] 199.204.45.65 "GET /v2.0/ports?network_id=d2b7fdb7-2c7a-4ada-a57b-1eda8b35d224&device_owner=network%3Adhcp HTTP/1.1" status: 200 len: 210 time: 0.0217688
2026-06-22 03:05:09.212 9 INFO neutron.wsgi [req-a6fc7d65-5a14-4867-874a-0343a04ef02d req-0975c0b0-d27f-4799-8c60-a7a62dca3cd5 734614b4c2404eec86eff556eb3397d5 729eecc38e0e418189f1aeacfe5fa887 - - 6dbf41fada4c4580bca281f6161f7cb5 6dbf41fada4c4580bca281f6161f7cb5] 199.204.45.65 "GET /v2.0/networks/d2b7fdb7-2c7a-4ada-a57b-1eda8b35d224?fields=segments HTTP/1.1" status: 200 len: 212 time: 0.0592775
2026-06-22 03:05:09.284 9 INFO neutron.wsgi [req-a6fc7d65-5a14-4867-874a-0343a04ef02d req-4019c108-2076-4b3b-8e1c-8088dd273793 734614b4c2404eec86eff556eb3397d5 729eecc38e0e418189f1aeacfe5fa887 - - 6dbf41fada4c4580bca281f6161f7cb5 6dbf41fada4c4580bca281f6161f7cb5] 199.204.45.65 "GET /v2.0/networks/d2b7fdb7-2c7a-4ada-a57b-1eda8b35d224?fields=provider%3Aphysical_network&fields=provider%3Anetwork_type HTTP/1.1" status: 200 len: 277 time: 0.0632119
2026-06-22 03:05:09.541 10 INFO neutron.wsgi [None req-99bbe998-01cf-4f6f-8edc-04e98859bb6e ae142a5fd12d426fa2507ab6004ea78b 7eabc14010fa4969ab224d754888bc3c - - default default] 10.0.0.167 "PUT /v2.0/routers/cd1efaf0-5f45-4d28-a89f-a471cbc190a5/remove_router_interface HTTP/1.1" status: 200 len: 503 time: 1.1725523 /var/lib/openstack/lib/python3.10/site-packages/pycadf/identifier.py:71: UserWarning: Invalid uuid: neutron. To ensure interoperability, identifiers should be a valid uuid. warnings.warn(('Invalid uuid: %s. To ensure interoperability, '
2026-06-22 03:05:10.388 10 INFO neutron.wsgi [None req-f046f3a2-7733-4944-9430-a75973c290d9 ae142a5fd12d426fa2507ab6004ea78b 7eabc14010fa4969ab224d754888bc3c - - default default] 10.0.0.167 "DELETE /v2.0/routers/cd1efaf0-5f45-4d28-a89f-a471cbc190a5 HTTP/1.1" status: 204 len: 168 time: 0.8400843
2026-06-22 03:05:10.655 9 INFO neutron.wsgi [None req-2690dfb6-442f-4161-93d4-97186f002ac1 ae142a5fd12d426fa2507ab6004ea78b 7eabc14010fa4969ab224d754888bc3c - - default default] 10.0.0.167 "DELETE /v2.0/subnets/f04d6549-1648-4a8b-b5be-7261149f8fb2 HTTP/1.1" status: 204 len: 168 time: 0.2630925
2026-06-22 03:05:11.053 10 WARNING neutron.scheduler.dhcp_agent_scheduler [None req-3bda22c4-ce11-454b-992d-69aee82036b5 234bf58ec97f44c48cc2db616afe2222 e1707b3f24c64073b7ba9fc84693088e - - default default] No more DHCP agents
2026-06-22 03:05:11.064 10 WARNING neutron.api.rpc.agentnotifiers.dhcp_rpc_agent_api [None req-3bda22c4-ce11-454b-992d-69aee82036b5 234bf58ec97f44c48cc2db616afe2222 e1707b3f24c64073b7ba9fc84693088e - - default default] Unable to schedule network d602eeec-741e-492d-a24e-35e3250cb710: no agents available; will retry on subsequent port and subnet creation events.
2026-06-22 03:05:11.126 9 INFO neutron.services.segments.plugin [-] Segment 8fd58296-b34c-4506-9660-5ea36d87b18d resource provider aggregate not found
2026-06-22 03:05:11.131 9 INFO neutron.services.segments.plugin [-] Segment 8fd58296-b34c-4506-9660-5ea36d87b18d resource provider aggregate not found
2026-06-22 03:05:11.150 9 INFO neutron.services.segments.plugin [-] Segment 8fd58296-b34c-4506-9660-5ea36d87b18d resource provider not found; error: Placement Client Error (4xx): {"errors": [{"status": 404, "title": "Not Found", "detail": "The resource could not be found.\n\n No resource provider with uuid 8fd58296-b34c-4506-9660-5ea36d87b18d found for delete ", "request_id": "req-605f03ae-75a9-4544-9775-1a1698b5b535"}]}
2026-06-22 03:05:11.151 9 INFO neutron.services.segments.plugin [-] Segment 8fd58296-b34c-4506-9660-5ea36d87b18d resource provider not found; error: Placement Client Error (4xx): {"errors": [{"status": 404, "title": "Not Found", "detail": "The resource could not be found.\n\n No resource provider with uuid 8fd58296-b34c-4506-9660-5ea36d87b18d found for delete ", "request_id": "req-c854a126-c813-4b9b-916b-e9c05f8d4a6c"}]}
2026-06-22 03:05:11.179 9 INFO neutron.wsgi [None req-4da95851-c998-4fd9-952f-700574e4293e ae142a5fd12d426fa2507ab6004ea78b 7eabc14010fa4969ab224d754888bc3c - - default default] 10.0.0.167 "DELETE /v2.0/networks/18250b13-9070-4206-90db-a9c01bfdd03c HTTP/1.1" status: 204 len: 168 time: 0.5168860
2026-06-22 03:05:11.399 10 INFO neutron.wsgi [None req-c37580fd-90ed-46bc-9af9-a25d32868eb9 ae142a5fd12d426fa2507ab6004ea78b 7eabc14010fa4969ab224d754888bc3c - - default default] 10.0.0.167 "GET /v2.0/security-groups?tenant_id=6151059876d3481bba7d778b397f060f&name=default HTTP/1.1" status: 200 len: 3000 time: 0.0469205
2026-06-22 03:05:11.679 10 INFO neutron.db.l3_db [None req-3bda22c4-ce11-454b-992d-69aee82036b5 234bf58ec97f44c48cc2db616afe2222 e1707b3f24c64073b7ba9fc84693088e - - default default] Floating IP bf8195cf-9762-492f-9416-cc01bab19b68 associated. External IP: 10.96.250.201, port: 4614b885-10a1-4350-ab2a-0af9e1410b94.
2026-06-22 03:05:11.830 10 INFO neutron.wsgi [None req-8acd36fe-f90f-487e-aa49-1fcdfeab9ebc ae142a5fd12d426fa2507ab6004ea78b 7eabc14010fa4969ab224d754888bc3c - - default default] 10.0.0.167 "DELETE /v2.0/security-groups/70f193c0-bc5e-4bf4-85cb-d6116633290d HTTP/1.1" status: 204 len: 168 time: 0.4247708
