2026-06-22 03:03:32.415 9 INFO neutron.wsgi [req-c5b9bfed-8195-4301-befa-fa651eee643c req-53a2b568-8b0c-4a52-881d-cadaf3cf7336 734614b4c2404eec86eff556eb3397d5 729eecc38e0e418189f1aeacfe5fa887 - - 6dbf41fada4c4580bca281f6161f7cb5 6dbf41fada4c4580bca281f6161f7cb5] 199.204.45.65 "GET /v2.0/floatingips?fixed_ip_address=10.100.0.13&port_id=3da62609-da47-46f3-b22b-7df3a4aa7c22 HTTP/1.1" status: 200 len: 217 time: 0.0239787
2026-06-22 03:03:32.474 9 INFO neutron.wsgi [req-c5b9bfed-8195-4301-befa-fa651eee643c req-291736dc-972e-4ba6-afe3-3b424e7ff20f 734614b4c2404eec86eff556eb3397d5 729eecc38e0e418189f1aeacfe5fa887 - - 6dbf41fada4c4580bca281f6161f7cb5 6dbf41fada4c4580bca281f6161f7cb5] 199.204.45.65 "GET /v2.0/subnets?id=6328d550-d6ae-48a4-8c4a-b06bd5726da1 HTTP/1.1" status: 200 len: 852 time: 0.0519245
2026-06-22 03:03:32.513 9 INFO neutron.wsgi [req-c5b9bfed-8195-4301-befa-fa651eee643c req-2040de7d-745a-45d5-9f42-71d86c2f10a5 734614b4c2404eec86eff556eb3397d5 729eecc38e0e418189f1aeacfe5fa887 - - 6dbf41fada4c4580bca281f6161f7cb5 6dbf41fada4c4580bca281f6161f7cb5] 199.204.45.65 "GET /v2.0/ports?network_id=c5d7c5d2-3891-43d8-a69f-fad16e63e0d0&device_owner=network%3Adhcp HTTP/1.1" status: 200 len: 210 time: 0.0320551
2026-06-22 03:03:32.517 10 INFO neutron.db.ovn_revision_numbers_db [None req-25188fda-31c3-43e2-97ab-7da3a487158c 234bf58ec97f44c48cc2db616afe2222 e1707b3f24c64073b7ba9fc84693088e - - default default] Successfully bumped revision number for resource 9a696a41-36fd-41da-a791-61ef13e1ba39 (type: security_group_rules) to 0
2026-06-22 03:03:32.540 10 INFO neutron.wsgi [None req-25188fda-31c3-43e2-97ab-7da3a487158c 234bf58ec97f44c48cc2db616afe2222 e1707b3f24c64073b7ba9fc84693088e - - default default] 10.0.0.167 "POST /v2.0/security-group-rules HTTP/1.1" status: 201 len: 764 time: 0.1706960
2026-06-22 03:03:32.571 9 INFO neutron.services.segments.plugin [-] Segment 4b639fb3-b523-42f6-9552-3efb357e0ca3 resource provider aggregate not found
2026-06-22 03:03:32.589 9 INFO neutron.services.segments.plugin [-] Segment 4b639fb3-b523-42f6-9552-3efb357e0ca3 resource provider aggregate not found
2026-06-22 03:03:32.609 9 INFO neutron.services.segments.plugin [-] Segment 4b639fb3-b523-42f6-9552-3efb357e0ca3 resource provider not found; error: Placement Client Error (4xx): {"errors": [{"status": 404, "title": "Not Found", "detail": "The resource could not be found.\n\n No resource provider with uuid 4b639fb3-b523-42f6-9552-3efb357e0ca3 found for delete ", "request_id": "req-6f2ed583-c2da-4418-9420-dd7a95db7ca8"}]}
2026-06-22 03:03:32.611 9 INFO neutron.services.segments.plugin [-] Segment 4b639fb3-b523-42f6-9552-3efb357e0ca3 resource provider not found; error: Placement Client Error (4xx): {"errors": [{"status": 404, "title": "Not Found", "detail": "The resource could not be found.\n\n No resource provider with uuid 4b639fb3-b523-42f6-9552-3efb357e0ca3 found for delete ", "request_id": "req-c26aaa32-8ff9-4664-8062-42d701e8c911"}]}
2026-06-22 03:03:32.623 9 INFO neutron.wsgi [req-c5b9bfed-8195-4301-befa-fa651eee643c req-5f21e8c3-810a-4909-bded-81edd5e0f499 734614b4c2404eec86eff556eb3397d5 729eecc38e0e418189f1aeacfe5fa887 - - 6dbf41fada4c4580bca281f6161f7cb5 6dbf41fada4c4580bca281f6161f7cb5] 199.204.45.65 "GET /v2.0/networks/c5d7c5d2-3891-43d8-a69f-fad16e63e0d0?fields=segments HTTP/1.1" status: 200 len: 212 time: 0.1004367
2026-06-22 03:03:32.646 9 INFO neutron.wsgi [None req-9e7f61ad-0858-4dec-83b5-bbff97a7c856 a31ad3136e5b4be4afa1d1bb4bfc09ef 152ea6464bc64125830f275c16d9aada - - default default] 10.0.0.167 "DELETE /v2.0/networks/9ef2ea7d-bceb-49c7-a4df-e35c84358d3c HTTP/1.1" status: 204 len: 168 time: 0.6171300
2026-06-22 03:03:32.694 10 INFO neutron.db.ovn_revision_numbers_db [None req-820cfe56-69f0-4ba3-b909-0a071db436a4 234bf58ec97f44c48cc2db616afe2222 e1707b3f24c64073b7ba9fc84693088e - - default default] Successfully bumped revision number for resource aa4594cc-9867-4bb1-88ae-2f5efb9e3c8e (type: security_group_rules) to 0
2026-06-22 03:03:32.732 10 INFO neutron.wsgi [None req-820cfe56-69f0-4ba3-b909-0a071db436a4 234bf58ec97f44c48cc2db616afe2222 e1707b3f24c64073b7ba9fc84693088e - - default default] 10.0.0.167 "POST /v2.0/security-group-rules HTTP/1.1" status: 201 len: 764 time: 0.1857405
2026-06-22 03:03:32.740 9 INFO neutron.wsgi [req-c5b9bfed-8195-4301-befa-fa651eee643c req-c0db190e-e15f-4ca7-a92d-31feb6a79f71 734614b4c2404eec86eff556eb3397d5 729eecc38e0e418189f1aeacfe5fa887 - - 6dbf41fada4c4580bca281f6161f7cb5 6dbf41fada4c4580bca281f6161f7cb5] 199.204.45.65 "GET /v2.0/networks/c5d7c5d2-3891-43d8-a69f-fad16e63e0d0?fields=provider%3Aphysical_network&fields=provider%3Anetwork_type HTTP/1.1" status: 200 len: 277 time: 0.1120255
2026-06-22 03:03:32.787 9 INFO neutron.db.segments_db [None req-ac0ec5f4-e0fe-4e49-bfe1-a8d7d790debf a31ad3136e5b4be4afa1d1bb4bfc09ef 152ea6464bc64125830f275c16d9aada - - default default] Added segment 1f861ff9-b4cb-4d0b-a7fc-56c409cb44fd of type geneve for network 26b1e2dd-7103-4b50-b5aa-a0e023542527
2026-06-22 03:03:32.898 10 INFO neutron.db.ovn_revision_numbers_db [None req-a13524ea-d9b4-47cd-96ae-c2707ff4eb27 234bf58ec97f44c48cc2db616afe2222 e1707b3f24c64073b7ba9fc84693088e - - default default] Successfully bumped revision number for resource 83ed0de4-7c2b-444b-b3ec-e09fdc938dc2 (type: security_group_rules) to 0
2026-06-22 03:03:32.930 10 INFO neutron.wsgi [None req-a13524ea-d9b4-47cd-96ae-c2707ff4eb27 234bf58ec97f44c48cc2db616afe2222 e1707b3f24c64073b7ba9fc84693088e - - default default] 10.0.0.167 "POST /v2.0/security-group-rules HTTP/1.1" status: 201 len: 764 time: 0.1918838
2026-06-22 03:03:32.947 9 INFO neutron.db.ovn_revision_numbers_db [None req-ac0ec5f4-e0fe-4e49-bfe1-a8d7d790debf a31ad3136e5b4be4afa1d1bb4bfc09ef 152ea6464bc64125830f275c16d9aada - - default default] Successfully bumped revision number for resource 26b1e2dd-7103-4b50-b5aa-a0e023542527 (type: networks) to 1
2026-06-22 03:03:33.070 10 INFO neutron.db.ovn_revision_numbers_db [None req-7e4a474b-3d03-4ea7-b76d-cabd3f3cae7e 234bf58ec97f44c48cc2db616afe2222 e1707b3f24c64073b7ba9fc84693088e - - default default] Successfully bumped revision number for resource c8a9aeff-096f-4b2a-ab72-a5c43f22ab54 (type: security_group_rules) to 0
2026-06-22 03:03:33.097 10 INFO neutron.wsgi [None req-7e4a474b-3d03-4ea7-b76d-cabd3f3cae7e 234bf58ec97f44c48cc2db616afe2222 e1707b3f24c64073b7ba9fc84693088e - - default default] 10.0.0.167 "POST /v2.0/security-group-rules HTTP/1.1" status: 201 len: 766 time: 0.1635213
2026-06-22 03:03:33.112 9 WARNING neutron.scheduler.dhcp_agent_scheduler [None req-ac0ec5f4-e0fe-4e49-bfe1-a8d7d790debf a31ad3136e5b4be4afa1d1bb4bfc09ef 152ea6464bc64125830f275c16d9aada - - default default] No more DHCP agents
2026-06-22 03:03:33.114 9 WARNING neutron.api.rpc.agentnotifiers.dhcp_rpc_agent_api [None req-ac0ec5f4-e0fe-4e49-bfe1-a8d7d790debf a31ad3136e5b4be4afa1d1bb4bfc09ef 152ea6464bc64125830f275c16d9aada - - default default] Unable to schedule network 26b1e2dd-7103-4b50-b5aa-a0e023542527: no agents available; will retry on subsequent port and subnet creation events.
2026-06-22 03:03:33.202 9 INFO neutron.db.ovn_revision_numbers_db [None req-ac0ec5f4-e0fe-4e49-bfe1-a8d7d790debf a31ad3136e5b4be4afa1d1bb4bfc09ef 152ea6464bc64125830f275c16d9aada - - default default] Successfully bumped revision number for resource 8a6be4ac-7403-499a-bb4f-661c2a07c079 (type: ports) to 1
2026-06-22 03:03:33.223 9 INFO neutron.wsgi [None req-ac0ec5f4-e0fe-4e49-bfe1-a8d7d790debf a31ad3136e5b4be4afa1d1bb4bfc09ef 152ea6464bc64125830f275c16d9aada - - default default] 10.0.0.167 "POST /v2.0/networks HTTP/1.1" status: 201 len: 832 time: 0.5672848
2026-06-22 03:03:33.253 10 INFO neutron.db.ovn_revision_numbers_db [None req-efb8b535-ba2d-40eb-9b75-f8c19d44ced5 234bf58ec97f44c48cc2db616afe2222 e1707b3f24c64073b7ba9fc84693088e - - default default] Successfully bumped revision number for resource 64a85600-0d99-4a0f-9847-5f07c7df2f26 (type: security_group_rules) to 0
2026-06-22 03:03:33.282 10 INFO neutron.wsgi [None req-efb8b535-ba2d-40eb-9b75-f8c19d44ced5 234bf58ec97f44c48cc2db616afe2222 e1707b3f24c64073b7ba9fc84693088e - - default default] 10.0.0.167 "POST /v2.0/security-group-rules HTTP/1.1" status: 201 len: 768 time: 0.1798337
2026-06-22 03:03:33.474 9 INFO neutron.db.ovn_revision_numbers_db [None req-53f8944b-e872-4a3a-8fde-b6d19ec94317 ab1ddc327d144066b830665626a7bfaa fbaf35e0c5c647e98e8d43e7d5adbc01 - - default default] Successfully bumped revision number for resource 0429a0a4-d02b-4a79-bdbf-3b7a4fa1fd0d (type: security_groups) to 1
2026-06-22 03:03:33.497 9 INFO neutron.db.ovn_revision_numbers_db [None req-53f8944b-e872-4a3a-8fde-b6d19ec94317 ab1ddc327d144066b830665626a7bfaa fbaf35e0c5c647e98e8d43e7d5adbc01 - - default default] Successfully bumped revision number for resource b0bece81-b8d7-4d61-8235-e8baaa5ef17e (type: security_group_rules) to 0
2026-06-22 03:03:33.516 9 INFO neutron.db.ovn_revision_numbers_db [None req-53f8944b-e872-4a3a-8fde-b6d19ec94317 ab1ddc327d144066b830665626a7bfaa fbaf35e0c5c647e98e8d43e7d5adbc01 - - default default] Successfully bumped revision number for resource fbe8c793-4e21-4aed-be5d-614aa39f237f (type: security_group_rules) to 0
2026-06-22 03:03:33.529 9 INFO neutron.db.ovn_revision_numbers_db [None req-414038a8-cff7-4a61-8e7e-19cbbab7eece 234bf58ec97f44c48cc2db616afe2222 e1707b3f24c64073b7ba9fc84693088e - - default default] Successfully bumped revision number for resource d6d0af16-49ae-4057-b5bf-73127cb22cc6 (type: security_group_rules) to 0
2026-06-22 03:03:33.560 9 INFO neutron.wsgi [None req-53f8944b-e872-4a3a-8fde-b6d19ec94317 ab1ddc327d144066b830665626a7bfaa fbaf35e0c5c647e98e8d43e7d5adbc01 - - default default] 10.0.0.167 "POST /v2.0/security-groups HTTP/1.1" status: 201 len: 1811 time: 0.3119793
2026-06-22 03:03:33.584 9 INFO neutron.wsgi [None req-414038a8-cff7-4a61-8e7e-19cbbab7eece 234bf58ec97f44c48cc2db616afe2222 e1707b3f24c64073b7ba9fc84693088e - - default default] 10.0.0.167 "POST /v2.0/security-group-rules HTTP/1.1" status: 201 len: 764 time: 0.2984209
2026-06-22 03:03:33.609 9 WARNING neutron.scheduler.dhcp_agent_scheduler [None req-214dab75-d014-43f3-b87f-1d003f85ffdb a31ad3136e5b4be4afa1d1bb4bfc09ef 152ea6464bc64125830f275c16d9aada - - default default] No more DHCP agents
2026-06-22 03:03:33.613 9 WARNING neutron.api.rpc.agentnotifiers.dhcp_rpc_agent_api [None req-214dab75-d014-43f3-b87f-1d003f85ffdb a31ad3136e5b4be4afa1d1bb4bfc09ef 152ea6464bc64125830f275c16d9aada - - default default] Unable to schedule network 26b1e2dd-7103-4b50-b5aa-a0e023542527: no agents available; will retry on subsequent port and subnet creation events.
2026-06-22 03:03:33.655 9 INFO neutron.db.ovn_revision_numbers_db [None req-214dab75-d014-43f3-b87f-1d003f85ffdb a31ad3136e5b4be4afa1d1bb4bfc09ef 152ea6464bc64125830f275c16d9aada - - default default] Successfully bumped revision number for resource af717f9b-0086-4f30-a6ee-16eb022f6506 (type: subnets) to 0
2026-06-22 03:03:33.672 9 INFO neutron.wsgi [None req-214dab75-d014-43f3-b87f-1d003f85ffdb a31ad3136e5b4be4afa1d1bb4bfc09ef 152ea6464bc64125830f275c16d9aada - - default default] 10.0.0.167 "POST /v2.0/subnets HTTP/1.1" status: 201 len: 821 time: 0.4428501
2026-06-22 03:03:33.726 10 WARNING neutron.plugins.ml2.drivers.ovn.mech_driver.ovsdb.ovn_client [None req-56b9dfb7-0d72-4fc8-af68-cabe92f1afec - - - - - -] No port found with ID 854d53f8-17b6-4ec2-84d1-f975c5c205e4: RuntimeError: No port found with ID 854d53f8-17b6-4ec2-84d1-f975c5c205e4
2026-06-22 03:03:33.761 9 WARNING neutron.plugins.ml2.drivers.ovn.mech_driver.ovsdb.ovn_client [None req-681d48a4-95a9-4bb3-86e7-ae49c031dbab - - - - - -] No hosting information found for port b241f178-1b2d-446c-bcdd-bf29a8c89300: RuntimeError: No hosting information found for port b241f178-1b2d-446c-bcdd-bf29a8c89300
2026-06-22 03:03:33.762 9 INFO neutron.plugins.ml2.drivers.ovn.mech_driver.mech_driver [None req-681d48a4-95a9-4bb3-86e7-ae49c031dbab - - - - - -] OVN reports status up for port: d521f54c-f029-4f63-913f-1aa2eec2cdb7
2026-06-22 03:03:33.789 9 INFO neutron.plugins.ml2.plugin [None req-681d48a4-95a9-4bb3-86e7-ae49c031dbab - - - - - -] Attempt 1 to provision port d521f54c-f029-4f63-913f-1aa2eec2cdb7 /var/lib/openstack/lib/python3.10/site-packages/pycadf/identifier.py:71: UserWarning: Invalid uuid: neutron. To ensure interoperability, identifiers should be a valid uuid. warnings.warn(('Invalid uuid: %s. To ensure interoperability, '
2026-06-22 03:03:33.833 9 INFO neutron.db.ovn_revision_numbers_db [None req-e5ab8229-0a06-4f13-9b56-68338e692603 ab1ddc327d144066b830665626a7bfaa fbaf35e0c5c647e98e8d43e7d5adbc01 - - default default] Successfully bumped revision number for resource 2d5557f9-16a9-4e83-b957-91a705960ef3 (type: security_group_rules) to 0
2026-06-22 03:03:33.867 10 INFO neutron.wsgi [req-802f1d9e-05f1-4994-be89-712c6c2ccca7 req-1729cfaa-b993-4190-90f8-40a918fd463f 234bf58ec97f44c48cc2db616afe2222 e1707b3f24c64073b7ba9fc84693088e - - default default] 10.0.0.204 "GET /v2.0/security-groups?name=tempest-lb_member_SG-499393144&fields=id&tenant_id=e1707b3f24c64073b7ba9fc84693088e HTTP/1.1" status: 200 len: 267 time: 0.0692706
2026-06-22 03:03:33.890 9 INFO neutron.wsgi [None req-e5ab8229-0a06-4f13-9b56-68338e692603 ab1ddc327d144066b830665626a7bfaa fbaf35e0c5c647e98e8d43e7d5adbc01 - - default default] 10.0.0.167 "POST /v2.0/security-group-rules HTTP/1.1" status: 201 len: 764 time: 0.3175459
2026-06-22 03:03:33.945 9 INFO neutron.db.ovn_revision_numbers_db [None req-8721b7d9-d73c-4422-a9d1-872c2d6ddb92 a31ad3136e5b4be4afa1d1bb4bfc09ef 152ea6464bc64125830f275c16d9aada - - default default] Successfully bumped revision number for resource 6b863ccb-a78f-494e-bc58-c7666434e532 (type: routers) to 1
2026-06-22 03:03:33.963 9 INFO neutron.wsgi [None req-8721b7d9-d73c-4422-a9d1-872c2d6ddb92 a31ad3136e5b4be4afa1d1bb4bfc09ef 152ea6464bc64125830f275c16d9aada - - default default] 10.0.0.167 "POST /v2.0/routers HTTP/1.1" status: 201 len: 691 time: 0.2859886
2026-06-22 03:03:34.002 10 INFO neutron.wsgi [req-802f1d9e-05f1-4994-be89-712c6c2ccca7 req-61e063cd-d13e-40a0-9065-d47418829667 234bf58ec97f44c48cc2db616afe2222 e1707b3f24c64073b7ba9fc84693088e - - default default] 10.0.0.204 "GET /v2.0/networks?id=aa602911-6ded-42df-80b0-a509842e352e HTTP/1.1" status: 200 len: 903 time: 0.1252542
2026-06-22 03:03:34.026 10 INFO neutron.wsgi [req-802f1d9e-05f1-4994-be89-712c6c2ccca7 req-182ee5cd-3a83-4528-b210-8d60baff4a15 234bf58ec97f44c48cc2db616afe2222 e1707b3f24c64073b7ba9fc84693088e - - default default] 10.0.0.204 "GET /v2.0/quotas/e1707b3f24c64073b7ba9fc84693088e HTTP/1.1" status: 200 len: 386 time: 0.0168123
2026-06-22 03:03:34.143 10 INFO neutron.db.ovn_revision_numbers_db [None req-1037fff0-c0bc-43ff-a2d1-8d012b0b4a1a ab1ddc327d144066b830665626a7bfaa fbaf35e0c5c647e98e8d43e7d5adbc01 - - default default] Successfully bumped revision number for resource 0d640058-ca22-4c26-8a95-d440b98f7f71 (type: security_group_rules) to 0
2026-06-22 03:03:34.213 10 INFO neutron.wsgi [None req-1037fff0-c0bc-43ff-a2d1-8d012b0b4a1a ab1ddc327d144066b830665626a7bfaa fbaf35e0c5c647e98e8d43e7d5adbc01 - - default default] 10.0.0.167 "POST /v2.0/security-group-rules HTTP/1.1" status: 201 len: 763 time: 0.3099954
2026-06-22 03:03:34.296 9 INFO neutron.db.ovn_revision_numbers_db [None req-681d48a4-95a9-4bb3-86e7-ae49c031dbab - - - - - -] Successfully bumped revision number for resource d521f54c-f029-4f63-913f-1aa2eec2cdb7 (type: ports) to 2
2026-06-22 03:03:34.327 10 INFO neutron.wsgi [req-802f1d9e-05f1-4994-be89-712c6c2ccca7 req-b86f1156-573b-483c-b492-04128c3753b5 234bf58ec97f44c48cc2db616afe2222 e1707b3f24c64073b7ba9fc84693088e - - default default] 10.0.0.204 "GET /v2.0/ports?tenant_id=e1707b3f24c64073b7ba9fc84693088e&fields=id HTTP/1.1" status: 200 len: 486 time: 0.2935448
2026-06-22 03:03:34.418 10 INFO neutron.wsgi [req-802f1d9e-05f1-4994-be89-712c6c2ccca7 req-0fda1364-9bf8-48aa-9014-b4bd0f867a8c 734614b4c2404eec86eff556eb3397d5 729eecc38e0e418189f1aeacfe5fa887 - - 6dbf41fada4c4580bca281f6161f7cb5 6dbf41fada4c4580bca281f6161f7cb5] 10.0.0.204 "GET /v2.0/networks/aa602911-6ded-42df-80b0-a509842e352e?fields=segments HTTP/1.1" status: 200 len: 212 time: 0.0756898
2026-06-22 03:03:34.419 10 INFO neutron.db.ovn_revision_numbers_db [None req-3e5499d5-3a49-4b8f-9a92-d8ffe4bee125 ab1ddc327d144066b830665626a7bfaa fbaf35e0c5c647e98e8d43e7d5adbc01 - - default default] Successfully bumped revision number for resource 511d616b-f08d-4496-b207-0bf581ec0808 (type: security_group_rules) to 0
2026-06-22 03:03:34.455 10 INFO neutron.wsgi [None req-3e5499d5-3a49-4b8f-9a92-d8ffe4bee125 ab1ddc327d144066b830665626a7bfaa fbaf35e0c5c647e98e8d43e7d5adbc01 - - default default] 10.0.0.167 "POST /v2.0/security-group-rules HTTP/1.1" status: 201 len: 769 time: 0.2376308
2026-06-22 03:03:34.474 9 INFO neutron.db.ovn_revision_numbers_db [None req-681d48a4-95a9-4bb3-86e7-ae49c031dbab - - - - - -] Successfully bumped revision number for resource d521f54c-f029-4f63-913f-1aa2eec2cdb7 (type: router_ports) to 2
2026-06-22 03:03:34.497 10 INFO neutron.wsgi [req-802f1d9e-05f1-4994-be89-712c6c2ccca7 req-ec30a753-186e-4d0e-ac63-900f8fe282e8 734614b4c2404eec86eff556eb3397d5 729eecc38e0e418189f1aeacfe5fa887 - - 6dbf41fada4c4580bca281f6161f7cb5 6dbf41fada4c4580bca281f6161f7cb5] 10.0.0.204 "GET /v2.0/networks/aa602911-6ded-42df-80b0-a509842e352e?fields=provider%3Aphysical_network&fields=provider%3Anetwork_type HTTP/1.1" status: 200 len: 277 time: 0.0712667
2026-06-22 03:03:34.544 9 WARNING neutron.scheduler.dhcp_agent_scheduler [None req-61d87806-2edc-4cba-b7fd-bffa6b036ed2 a31ad3136e5b4be4afa1d1bb4bfc09ef 152ea6464bc64125830f275c16d9aada - - default default] No more DHCP agents
2026-06-22 03:03:34.550 9 WARNING neutron.api.rpc.agentnotifiers.dhcp_rpc_agent_api [None req-61d87806-2edc-4cba-b7fd-bffa6b036ed2 a31ad3136e5b4be4afa1d1bb4bfc09ef 152ea6464bc64125830f275c16d9aada - - default default] Unable to schedule network 26b1e2dd-7103-4b50-b5aa-a0e023542527: no agents available; will retry on subsequent port and subnet creation events.
2026-06-22 03:03:34.668 9 INFO neutron.wsgi [req-14714a9b-4fe5-487a-af51-bb7fa914b7cb req-30efc5f6-b0a3-4a21-ab22-9be3ef9ac74f 234bf58ec97f44c48cc2db616afe2222 e1707b3f24c64073b7ba9fc84693088e - - default default] 10.0.0.204 "GET /v2.0/ports?device_id=c5eae064-42d5-44c7-bbcf-7a3a9f557999 HTTP/1.1" status: 200 len: 210 time: 0.0327644
2026-06-22 03:03:34.672 9 INFO neutron.db.ovn_revision_numbers_db [None req-b0aca499-6ec3-400a-b32d-bb4660459cdf ab1ddc327d144066b830665626a7bfaa fbaf35e0c5c647e98e8d43e7d5adbc01 - - default default] Successfully bumped revision number for resource 66eae7a5-449e-4970-bc75-402e1d5010bc (type: security_group_rules) to 0
2026-06-22 03:03:34.705 9 INFO neutron.wsgi [None req-b0aca499-6ec3-400a-b32d-bb4660459cdf ab1ddc327d144066b830665626a7bfaa fbaf35e0c5c647e98e8d43e7d5adbc01 - - default default] 10.0.0.167 "POST /v2.0/security-group-rules HTTP/1.1" status: 201 len: 768 time: 0.2410402
2026-06-22 03:03:34.737 9 INFO neutron.db.ovn_revision_numbers_db [None req-61d87806-2edc-4cba-b7fd-bffa6b036ed2 a31ad3136e5b4be4afa1d1bb4bfc09ef 152ea6464bc64125830f275c16d9aada - - default default] Successfully bumped revision number for resource 7fa797c3-5265-48e2-a792-505f156483f5 (type: ports) to 1
2026-06-22 03:03:34.739 9 INFO neutron.db.securitygroups_db [None req-adc3a9ab-d3a4-47ea-a851-2fdb00bf2922 ab1ddc327d144066b830665626a7bfaa fbaf35e0c5c647e98e8d43e7d5adbc01 - - default default] Project fbaf35e0c5c647e98e8d43e7d5adbc01 added a security group rule with legacy IPv6 ICMP protocol name icmp, ipv6-icmp should be used instead. It was automatically converted.
2026-06-22 03:03:34.887 9 INFO neutron.db.ovn_revision_numbers_db [None req-adc3a9ab-d3a4-47ea-a851-2fdb00bf2922 ab1ddc327d144066b830665626a7bfaa fbaf35e0c5c647e98e8d43e7d5adbc01 - - default default] Successfully bumped revision number for resource 2e3b93ac-ea2b-444f-8324-b22f95a8572e (type: security_group_rules) to 0
2026-06-22 03:03:34.926 9 INFO neutron.wsgi [None req-adc3a9ab-d3a4-47ea-a851-2fdb00bf2922 ab1ddc327d144066b830665626a7bfaa fbaf35e0c5c647e98e8d43e7d5adbc01 - - default default] 10.0.0.167 "POST /v2.0/security-group-rules HTTP/1.1" status: 201 len: 774 time: 0.2130277
2026-06-22 03:03:34.963 10 INFO neutron.db.securitygroups_db [None req-e4ea34fc-cc19-439e-b390-897a70f53354 ab1ddc327d144066b830665626a7bfaa fbaf35e0c5c647e98e8d43e7d5adbc01 - - default default] Project fbaf35e0c5c647e98e8d43e7d5adbc01 added a security group rule with legacy IPv6 ICMP protocol name icmp, ipv6-icmp should be used instead. It was automatically converted.
2026-06-22 03:03:35.166 10 INFO neutron.db.ovn_revision_numbers_db [None req-e4ea34fc-cc19-439e-b390-897a70f53354 ab1ddc327d144066b830665626a7bfaa fbaf35e0c5c647e98e8d43e7d5adbc01 - - default default] Successfully bumped revision number for resource a6ed809b-34bc-45d3-83ee-de0cfed36353 (type: security_group_rules) to 0
2026-06-22 03:03:35.170 10 INFO neutron.db.ovn_revision_numbers_db [None req-09499092-ddae-4a9c-827e-11c60ee2d673 8d24ee2b69754664a60ec9d8b9c99934 0804e79ff3b04be3bf2dc0be566161e5 - - default default] Successfully bumped revision number for resource e283b7d8-e55b-4fec-bd11-8a11c589b9c7 (type: routers) to 1
2026-06-22 03:03:35.190 10 INFO neutron.wsgi [None req-09499092-ddae-4a9c-827e-11c60ee2d673 8d24ee2b69754664a60ec9d8b9c99934 0804e79ff3b04be3bf2dc0be566161e5 - - default default] 10.0.0.167 "POST /v2.0/routers HTTP/1.1" status: 201 len: 654 time: 0.3894300
2026-06-22 03:03:35.196 10 INFO neutron.wsgi [None req-e4ea34fc-cc19-439e-b390-897a70f53354 ab1ddc327d144066b830665626a7bfaa fbaf35e0c5c647e98e8d43e7d5adbc01 - - default default] 10.0.0.167 "POST /v2.0/security-group-rules HTTP/1.1" status: 201 len: 773 time: 0.2645364
2026-06-22 03:03:35.367 10 INFO neutron.db.ovn_revision_numbers_db [None req-40fbde77-2ee3-4eab-9d95-91f532ff7ccf 8d24ee2b69754664a60ec9d8b9c99934 0804e79ff3b04be3bf2dc0be566161e5 - - default default] Successfully bumped revision number for resource a8869cb9-bb4b-4498-bd7c-6ece69e0e30b (type: routers) to 1
2026-06-22 03:03:35.390 10 INFO neutron.wsgi [None req-40fbde77-2ee3-4eab-9d95-91f532ff7ccf 8d24ee2b69754664a60ec9d8b9c99934 0804e79ff3b04be3bf2dc0be566161e5 - - default default] 10.0.0.167 "POST /v2.0/routers HTTP/1.1" status: 201 len: 654 time: 0.1929345
2026-06-22 03:03:35.486 9 INFO neutron.db.ovn_revision_numbers_db [None req-61d87806-2edc-4cba-b7fd-bffa6b036ed2 a31ad3136e5b4be4afa1d1bb4bfc09ef 152ea6464bc64125830f275c16d9aada - - default default] Successfully bumped revision number for resource 7fa797c3-5265-48e2-a792-505f156483f5 (type: router_ports) to 1
2026-06-22 03:03:35.506 9 INFO neutron.wsgi [req-802f1d9e-05f1-4994-be89-712c6c2ccca7 req-78ad2516-dab3-480e-a1ab-d31f8bd9b67e 234bf58ec97f44c48cc2db616afe2222 e1707b3f24c64073b7ba9fc84693088e - - default default] 199.204.45.65 "GET /v2.0/networks?id=aa602911-6ded-42df-80b0-a509842e352e HTTP/1.1" status: 200 len: 903 time: 0.1289213
2026-06-22 03:03:35.594 9 INFO neutron.wsgi [req-802f1d9e-05f1-4994-be89-712c6c2ccca7 req-0f47d372-09a8-461b-aeab-a59ed553966c 234bf58ec97f44c48cc2db616afe2222 e1707b3f24c64073b7ba9fc84693088e - - default default] 199.204.45.65 "GET /v2.0/security-groups?fields=id&fields=name&tenant_id=e1707b3f24c64073b7ba9fc84693088e HTTP/1.1" status: 200 len: 377 time: 0.0775943
2026-06-22 03:03:35.596 10 INFO neutron.db.ovn_revision_numbers_db [None req-3224d4c6-fb39-41c6-9728-714876cff71e 8d24ee2b69754664a60ec9d8b9c99934 0804e79ff3b04be3bf2dc0be566161e5 - - default default] Successfully bumped revision number for resource 1b7ac8f6-5134-46bd-902d-5ab18c99e43a (type: routers) to 1
2026-06-22 03:03:35.619 10 INFO neutron.wsgi [None req-3224d4c6-fb39-41c6-9728-714876cff71e 8d24ee2b69754664a60ec9d8b9c99934 0804e79ff3b04be3bf2dc0be566161e5 - - default default] 10.0.0.167 "POST /v2.0/routers HTTP/1.1" status: 201 len: 654 time: 0.2226553
2026-06-22 03:03:35.674 9 INFO neutron.db.ovn_revision_numbers_db [None req-61d87806-2edc-4cba-b7fd-bffa6b036ed2 a31ad3136e5b4be4afa1d1bb4bfc09ef 152ea6464bc64125830f275c16d9aada - - default default] Successfully bumped revision number for resource 7fa797c3-5265-48e2-a792-505f156483f5 (type: ports) to 1
2026-06-22 03:03:35.796 9 WARNING neutron.scheduler.dhcp_agent_scheduler [None req-61d87806-2edc-4cba-b7fd-bffa6b036ed2 a31ad3136e5b4be4afa1d1bb4bfc09ef 152ea6464bc64125830f275c16d9aada - - default default] No more DHCP agents
2026-06-22 03:03:35.798 9 WARNING neutron.api.rpc.agentnotifiers.dhcp_rpc_agent_api [None req-61d87806-2edc-4cba-b7fd-bffa6b036ed2 a31ad3136e5b4be4afa1d1bb4bfc09ef 152ea6464bc64125830f275c16d9aada - - default default] Unable to schedule network 26b1e2dd-7103-4b50-b5aa-a0e023542527: no agents available; will retry on subsequent port and subnet creation events.
2026-06-22 03:03:36.026 10 INFO neutron.wsgi [None req-564c0092-2e62-4194-8e4a-f9066190478f ab1ddc327d144066b830665626a7bfaa fbaf35e0c5c647e98e8d43e7d5adbc01 - - default default] 10.0.0.167 "GET /v2.0/networks HTTP/1.1" status: 200 len: 1493 time: 0.4228890
2026-06-22 03:03:36.059 9 INFO neutron.db.ovn_revision_numbers_db [None req-61d87806-2edc-4cba-b7fd-bffa6b036ed2 a31ad3136e5b4be4afa1d1bb4bfc09ef 152ea6464bc64125830f275c16d9aada - - default default] Successfully bumped revision number for resource 7fa797c3-5265-48e2-a792-505f156483f5 (type: router_ports) to 1
2026-06-22 03:03:36.062 9 INFO neutron.wsgi [None req-61d87806-2edc-4cba-b7fd-bffa6b036ed2 a31ad3136e5b4be4afa1d1bb4bfc09ef 152ea6464bc64125830f275c16d9aada - - default default] 10.0.0.167 "PUT /v2.0/routers/6b863ccb-a78f-494e-bc58-c7666434e532/add_router_interface HTTP/1.1" status: 200 len: 503 time: 2.0884442
2026-06-22 03:03:36.113 10 INFO neutron.db.ovn_revision_numbers_db [None req-4a05fec8-c0cf-43ab-979d-8dc1906f26ee 8d24ee2b69754664a60ec9d8b9c99934 0804e79ff3b04be3bf2dc0be566161e5 - - default default] Successfully bumped revision number for resource e3bbc64a-5d99-46b6-a5cb-c2835bb617cd (type: routers) to 1
2026-06-22 03:03:36.139 9 WARNING neutron.scheduler.dhcp_agent_scheduler [req-802f1d9e-05f1-4994-be89-712c6c2ccca7 req-1d62a977-8ef0-4e77-8c44-472d79758a5e 234bf58ec97f44c48cc2db616afe2222 e1707b3f24c64073b7ba9fc84693088e - - default default] No more DHCP agents
2026-06-22 03:03:36.142 9 WARNING neutron.api.rpc.agentnotifiers.dhcp_rpc_agent_api [req-802f1d9e-05f1-4994-be89-712c6c2ccca7 req-1d62a977-8ef0-4e77-8c44-472d79758a5e 234bf58ec97f44c48cc2db616afe2222 e1707b3f24c64073b7ba9fc84693088e - - default default] Unable to schedule network aa602911-6ded-42df-80b0-a509842e352e: no agents available; will retry on subsequent port and subnet creation events.
2026-06-22 03:03:36.155 10 INFO neutron.wsgi [None req-4a05fec8-c0cf-43ab-979d-8dc1906f26ee 8d24ee2b69754664a60ec9d8b9c99934 0804e79ff3b04be3bf2dc0be566161e5 - - default default] 10.0.0.167 "POST /v2.0/routers HTTP/1.1" status: 201 len: 654 time: 0.5261621 /var/lib/openstack/lib/python3.10/site-packages/pycadf/identifier.py:71: UserWarning: Invalid uuid: neutron. To ensure interoperability, identifiers should be a valid uuid. warnings.warn(('Invalid uuid: %s. To ensure interoperability, '
2026-06-22 03:03:36.173 10 INFO neutron.wsgi [req-d8ac9268-2c21-4f5f-8131-ff54662e7fb1 req-f0aefc8a-23a9-41c7-a75e-abfe8c21cc85 ab1ddc327d144066b830665626a7bfaa fbaf35e0c5c647e98e8d43e7d5adbc01 - - default default] 10.0.0.204 "GET /v2.0/security-groups?name=tempest-secgroup-smoke-1487783127&fields=id&tenant_id=fbaf35e0c5c647e98e8d43e7d5adbc01 HTTP/1.1" status: 200 len: 267 time: 0.0698907
2026-06-22 03:03:36.198 10 INFO neutron.wsgi [None req-fcd9856d-5df4-4eb4-8ea4-0fc298139486 a31ad3136e5b4be4afa1d1bb4bfc09ef 152ea6464bc64125830f275c16d9aada - - default default] 10.0.0.167 "GET /v2.0/ports/7fa797c3-5265-48e2-a792-505f156483f5 HTTP/1.1" status: 200 len: 1139 time: 0.1310213
2026-06-22 03:03:36.258 10 INFO neutron.wsgi [req-d8ac9268-2c21-4f5f-8131-ff54662e7fb1 req-48a8b45f-b653-47ed-92a8-ed9bbc57ca0b ab1ddc327d144066b830665626a7bfaa fbaf35e0c5c647e98e8d43e7d5adbc01 - - default default] 10.0.0.204 "GET /v2.0/networks?id=c5d7c5d2-3891-43d8-a69f-fad16e63e0d0 HTTP/1.1" status: 200 len: 860 time: 0.0747011
2026-06-22 03:03:36.271 9 INFO neutron.wsgi [None req-6c3e78be-a21d-48c8-96c9-350a97fd67a5 a31ad3136e5b4be4afa1d1bb4bfc09ef 152ea6464bc64125830f275c16d9aada - - default default] 10.0.0.167 "GET /v2.0/ports/7fa797c3-5265-48e2-a792-505f156483f5 HTTP/1.1" status: 200 len: 1139 time: 0.0691650
2026-06-22 03:03:36.280 10 INFO neutron.wsgi [req-d8ac9268-2c21-4f5f-8131-ff54662e7fb1 req-52204ff8-5caf-465a-ade2-c47afcb911fb ab1ddc327d144066b830665626a7bfaa fbaf35e0c5c647e98e8d43e7d5adbc01 - - default default] 10.0.0.204 "GET /v2.0/quotas/fbaf35e0c5c647e98e8d43e7d5adbc01 HTTP/1.1" status: 200 len: 386 time: 0.0140476
2026-06-22 03:03:36.370 9 INFO neutron.db.ovn_revision_numbers_db [None req-095159a8-42e7-401f-b576-11b41c5cbe1a 8d24ee2b69754664a60ec9d8b9c99934 0804e79ff3b04be3bf2dc0be566161e5 - - default default] Successfully bumped revision number for resource 8b687b7b-9f8d-459b-9f33-ffad833f471e (type: routers) to 1
2026-06-22 03:03:36.394 9 INFO neutron.wsgi [None req-095159a8-42e7-401f-b576-11b41c5cbe1a 8d24ee2b69754664a60ec9d8b9c99934 0804e79ff3b04be3bf2dc0be566161e5 - - default default] 10.0.0.167 "POST /v2.0/routers HTTP/1.1" status: 201 len: 654 time: 0.2325411
2026-06-22 03:03:36.395 10 INFO neutron.wsgi [req-d8ac9268-2c21-4f5f-8131-ff54662e7fb1 req-b91b131f-95fa-45cb-b904-d8aa502acab6 ab1ddc327d144066b830665626a7bfaa fbaf35e0c5c647e98e8d43e7d5adbc01 - - default default] 10.0.0.204 "GET /v2.0/ports?tenant_id=fbaf35e0c5c647e98e8d43e7d5adbc01&fields=id HTTP/1.1" status: 200 len: 348 time: 0.1053469
2026-06-22 03:03:36.422 9 INFO neutron.db.ovn_revision_numbers_db [req-802f1d9e-05f1-4994-be89-712c6c2ccca7 req-1d62a977-8ef0-4e77-8c44-472d79758a5e 234bf58ec97f44c48cc2db616afe2222 e1707b3f24c64073b7ba9fc84693088e - - default default] Successfully bumped revision number for resource ee284422-d387-41ec-b3c4-546cd42c06fc (type: ports) to 1
2026-06-22 03:03:36.452 9 INFO neutron.wsgi [None req-14c5bd7d-b773-4fd5-be6b-e1e4ce9875b0 8d24ee2b69754664a60ec9d8b9c99934 0804e79ff3b04be3bf2dc0be566161e5 - - default default] 10.0.0.167 "PUT /v2.0/routers/e283b7d8-e55b-4fec-bd11-8a11c589b9c7/tags HTTP/1.1" status: 200 len: 210 time: 0.0537531
2026-06-22 03:03:36.455 9 INFO neutron.wsgi [req-802f1d9e-05f1-4994-be89-712c6c2ccca7 req-1d62a977-8ef0-4e77-8c44-472d79758a5e 234bf58ec97f44c48cc2db616afe2222 e1707b3f24c64073b7ba9fc84693088e - - default default] 199.204.45.65 "POST /v2.0/ports HTTP/1.1" status: 201 len: 1380 time: 0.8539248
2026-06-22 03:03:36.472 10 INFO neutron.wsgi [req-d8ac9268-2c21-4f5f-8131-ff54662e7fb1 req-d27a41a1-952c-4284-a952-f95b15d2d3e0 734614b4c2404eec86eff556eb3397d5 729eecc38e0e418189f1aeacfe5fa887 - - 6dbf41fada4c4580bca281f6161f7cb5 6dbf41fada4c4580bca281f6161f7cb5] 10.0.0.204 "GET /v2.0/networks/c5d7c5d2-3891-43d8-a69f-fad16e63e0d0?fields=segments HTTP/1.1" status: 200 len: 212 time: 0.0647213
2026-06-22 03:03:36.525 9 INFO neutron.wsgi [None req-d65c6207-3e64-4879-ac6a-2586bd1e32b3 8d24ee2b69754664a60ec9d8b9c99934 0804e79ff3b04be3bf2dc0be566161e5 - - default default] 10.0.0.167 "PUT /v2.0/routers/a8869cb9-bb4b-4498-bd7c-6ece69e0e30b/tags HTTP/1.1" status: 200 len: 218 time: 0.0665972
2026-06-22 03:03:36.548 10 INFO neutron.wsgi [req-d8ac9268-2c21-4f5f-8131-ff54662e7fb1 req-911a6b4c-b82b-4ab4-887c-914485eed650 734614b4c2404eec86eff556eb3397d5 729eecc38e0e418189f1aeacfe5fa887 - - 6dbf41fada4c4580bca281f6161f7cb5 6dbf41fada4c4580bca281f6161f7cb5] 10.0.0.204 "GET /v2.0/networks/c5d7c5d2-3891-43d8-a69f-fad16e63e0d0?fields=provider%3Aphysical_network&fields=provider%3Anetwork_type HTTP/1.1" status: 200 len: 277 time: 0.0677974
2026-06-22 03:03:36.597 9 INFO neutron.wsgi [None req-247ce612-8627-4903-bbe4-4644c72fbf07 8d24ee2b69754664a60ec9d8b9c99934 0804e79ff3b04be3bf2dc0be566161e5 - - default default] 10.0.0.167 "PUT /v2.0/routers/1b7ac8f6-5134-46bd-902d-5ab18c99e43a/tags HTTP/1.1" status: 200 len: 227 time: 0.0655167
2026-06-22 03:03:36.663 10 INFO neutron.wsgi [None req-f61a376c-d684-41b3-b43c-4a021ff43597 8d24ee2b69754664a60ec9d8b9c99934 0804e79ff3b04be3bf2dc0be566161e5 - - default default] 10.0.0.167 "PUT /v2.0/routers/e3bbc64a-5d99-46b6-a5cb-c2835bb617cd/tags HTTP/1.1" status: 200 len: 212 time: 0.0606213
2026-06-22 03:03:36.713 9 INFO neutron.wsgi [req-ee7ad001-443f-438d-9f89-180102574496 req-369b913d-4411-4d0b-97e0-c937d9eed8e3 ab1ddc327d144066b830665626a7bfaa fbaf35e0c5c647e98e8d43e7d5adbc01 - - default default] 10.0.0.204 "GET /v2.0/ports?device_id=789736a1-3c84-4630-8fda-1c1724225c0d HTTP/1.1" status: 200 len: 210 time: 0.0496945
2026-06-22 03:03:36.760 10 INFO neutron.wsgi [None req-2a530736-f66a-412d-b61a-597c7da66a3d 8d24ee2b69754664a60ec9d8b9c99934 0804e79ff3b04be3bf2dc0be566161e5 - - default default] 10.0.0.167 "GET /v2.0/routers?tags=red HTTP/1.1" status: 200 len: 1601 time: 0.0919783
2026-06-22 03:03:36.858 10 INFO neutron.wsgi [None req-50a2a606-efbd-496d-b120-48063bf1f693 8d24ee2b69754664a60ec9d8b9c99934 0804e79ff3b04be3bf2dc0be566161e5 - - default default] 10.0.0.167 "GET /v2.0/routers?tags=red%2Cblue HTTP/1.1" status: 200 len: 1144 time: 0.0923717
2026-06-22 03:03:36.932 10 INFO neutron.wsgi [None req-92e6da67-8c2c-49fa-91e6-f05bc9575dcf 8d24ee2b69754664a60ec9d8b9c99934 0804e79ff3b04be3bf2dc0be566161e5 - - default default] 10.0.0.167 "GET /v2.0/routers?tags-any=blue HTTP/1.1" status: 200 len: 1144 time: 0.0703397
2026-06-22 03:03:36.999 10 INFO neutron.wsgi [None req-ffb4d433-1654-4b79-9ef6-4464ebe7139e 8d24ee2b69754664a60ec9d8b9c99934 0804e79ff3b04be3bf2dc0be566161e5 - - default default] 10.0.0.167 "GET /v2.0/routers?tags-any=red%2Cblue HTTP/1.1" status: 200 len: 1601 time: 0.0618899
2026-06-22 03:03:37.019 9 INFO neutron.db.ovn_revision_numbers_db [req-802f1d9e-05f1-4994-be89-712c6c2ccca7 req-c44cd868-11e5-472f-8084-ad1782519300 734614b4c2404eec86eff556eb3397d5 729eecc38e0e418189f1aeacfe5fa887 - - 6dbf41fada4c4580bca281f6161f7cb5 6dbf41fada4c4580bca281f6161f7cb5] Successfully bumped revision number for resource ee284422-d387-41ec-b3c4-546cd42c06fc (type: ports) to 2
2026-06-22 03:03:37.084 10 INFO neutron.wsgi [None req-b2734d87-5dff-48fe-a4f5-56388104258c 8d24ee2b69754664a60ec9d8b9c99934 0804e79ff3b04be3bf2dc0be566161e5 - - default default] 10.0.0.167 "GET /v2.0/routers?not-tags=red HTTP/1.1" status: 200 len: 1116 time: 0.0795815
2026-06-22 03:03:37.176 10 INFO neutron.wsgi [None req-4d43d25e-458c-4b33-8420-de7e6e1080ad 8d24ee2b69754664a60ec9d8b9c99934 0804e79ff3b04be3bf2dc0be566161e5 - - default default] 10.0.0.167 "GET /v2.0/routers?not-tags=red%2Cblue HTTP/1.1" status: 200 len: 1573 time: 0.0860419
2026-06-22 03:03:37.271 10 INFO neutron.wsgi [None req-66fa487f-d470-4c0f-b2be-1eb3e45bfc69 8d24ee2b69754664a60ec9d8b9c99934 0804e79ff3b04be3bf2dc0be566161e5 - - default default] 10.0.0.167 "GET /v2.0/routers?not-tags-any=blue HTTP/1.1" status: 200 len: 1573 time: 0.0884919 /var/lib/openstack/lib/python3.10/site-packages/pycadf/identifier.py:71: UserWarning: Invalid uuid: neutron. To ensure interoperability, identifiers should be a valid uuid. warnings.warn(('Invalid uuid: %s. To ensure interoperability, '
2026-06-22 03:03:37.298 9 INFO neutron.db.ovn_revision_numbers_db [req-802f1d9e-05f1-4994-be89-712c6c2ccca7 req-c44cd868-11e5-472f-8084-ad1782519300 734614b4c2404eec86eff556eb3397d5 729eecc38e0e418189f1aeacfe5fa887 - - 6dbf41fada4c4580bca281f6161f7cb5 6dbf41fada4c4580bca281f6161f7cb5] Successfully bumped revision number for resource ee284422-d387-41ec-b3c4-546cd42c06fc (type: ports) to 2
2026-06-22 03:03:37.316 9 INFO neutron.wsgi [None req-e47d305e-9df3-4853-9f98-9514be3971e4 a31ad3136e5b4be4afa1d1bb4bfc09ef 152ea6464bc64125830f275c16d9aada - - default default] 10.0.0.167 "GET /v2.0/ports/7fa797c3-5265-48e2-a792-505f156483f5 HTTP/1.1" status: 200 len: 1139 time: 0.0387087
2026-06-22 03:03:37.337 10 INFO neutron.wsgi [None req-f47d7914-771a-4f72-bda0-6d8fdd6ff009 8d24ee2b69754664a60ec9d8b9c99934 0804e79ff3b04be3bf2dc0be566161e5 - - default default] 10.0.0.167 "GET /v2.0/routers?not-tags-any=red%2Cblue HTTP/1.1" status: 200 len: 1116 time: 0.0605175
2026-06-22 03:03:37.340 9 INFO neutron.wsgi [req-802f1d9e-05f1-4994-be89-712c6c2ccca7 req-c44cd868-11e5-472f-8084-ad1782519300 734614b4c2404eec86eff556eb3397d5 729eecc38e0e418189f1aeacfe5fa887 - - 6dbf41fada4c4580bca281f6161f7cb5 6dbf41fada4c4580bca281f6161f7cb5] 199.204.45.65 "PUT /v2.0/ports/ee284422-d387-41ec-b3c4-546cd42c06fc HTTP/1.1" status: 200 len: 1597 time: 0.8758724
2026-06-22 03:03:37.387 9 INFO neutron.notifiers.nova [-] Nova event matching ['req-6cac101b-688b-460e-a521-722f9a149973'] response: {'name': 'network-changed', 'server_uuid': 'c5eae064-42d5-44c7-bbcf-7a3a9f557999', 'tag': 'ee284422-d387-41ec-b3c4-546cd42c06fc', 'status': 'completed', 'code': 200}
2026-06-22 03:03:37.388 10 INFO neutron.wsgi [None req-c3f9d276-15f7-455f-88e1-3bec6b5daac8 8d24ee2b69754664a60ec9d8b9c99934 0804e79ff3b04be3bf2dc0be566161e5 - - default default] 10.0.0.167 "GET /v2.0/routers/e283b7d8-e55b-4fec-bd11-8a11c589b9c7 HTTP/1.1" status: 200 len: 660 time: 0.0441325
2026-06-22 03:03:37.411 9 INFO neutron.wsgi [req-802f1d9e-05f1-4994-be89-712c6c2ccca7 req-44f63e12-ed2a-4a38-a402-7fbaeb2fb770 734614b4c2404eec86eff556eb3397d5 729eecc38e0e418189f1aeacfe5fa887 - - 6dbf41fada4c4580bca281f6161f7cb5 6dbf41fada4c4580bca281f6161f7cb5] 199.204.45.65 "GET /v2.0/ports?tenant_id=e1707b3f24c64073b7ba9fc84693088e&device_id=c5eae064-42d5-44c7-bbcf-7a3a9f557999 HTTP/1.1" status: 200 len: 1628 time: 0.0352569
2026-06-22 03:03:37.470 9 INFO neutron.wsgi [req-802f1d9e-05f1-4994-be89-712c6c2ccca7 req-cb940c50-a300-4977-b0e8-c92624ce4b3d 734614b4c2404eec86eff556eb3397d5 729eecc38e0e418189f1aeacfe5fa887 - - 6dbf41fada4c4580bca281f6161f7cb5 6dbf41fada4c4580bca281f6161f7cb5] 199.204.45.65 "GET /v2.0/floatingips?fixed_ip_address=10.2.1.7&port_id=ee284422-d387-41ec-b3c4-546cd42c06fc HTTP/1.1" status: 200 len: 217 time: 0.0484540
2026-06-22 03:03:37.525 9 INFO neutron.wsgi [req-802f1d9e-05f1-4994-be89-712c6c2ccca7 req-b6a0c136-3cba-4ba6-8d48-6869cb7d4486 734614b4c2404eec86eff556eb3397d5 729eecc38e0e418189f1aeacfe5fa887 - - 6dbf41fada4c4580bca281f6161f7cb5 6dbf41fada4c4580bca281f6161f7cb5] 199.204.45.65 "GET /v2.0/floatingips?fixed_ip_address=fd7b%3Af9f7%3Afff%3A4eca%3A%3A1d0&port_id=ee284422-d387-41ec-b3c4-546cd42c06fc HTTP/1.1" status: 200 len: 217 time: 0.0302286
2026-06-22 03:03:37.591 9 INFO neutron.wsgi [req-d8ac9268-2c21-4f5f-8131-ff54662e7fb1 req-778443b7-f8e7-423a-990a-a0b27e8e2e21 ab1ddc327d144066b830665626a7bfaa fbaf35e0c5c647e98e8d43e7d5adbc01 - - default default] 199.204.45.65 "GET /v2.0/networks?id=c5d7c5d2-3891-43d8-a69f-fad16e63e0d0 HTTP/1.1" status: 200 len: 860 time: 0.1733437
2026-06-22 03:03:37.598 9 INFO neutron.wsgi [req-802f1d9e-05f1-4994-be89-712c6c2ccca7 req-71ff6454-f997-4952-9f80-9d420ee794f4 734614b4c2404eec86eff556eb3397d5 729eecc38e0e418189f1aeacfe5fa887 - - 6dbf41fada4c4580bca281f6161f7cb5 6dbf41fada4c4580bca281f6161f7cb5] 199.204.45.65 "GET /v2.0/subnets?id=9105cda8-72fd-42fa-9c5d-56b99444902b&id=72207137-ccf4-4a92-a920-b62ff9f248c4 HTTP/1.1" status: 200 len: 1561 time: 0.0576222
2026-06-22 03:03:37.655 9 INFO neutron.wsgi [req-802f1d9e-05f1-4994-be89-712c6c2ccca7 req-94b8588e-89eb-421c-b3a9-f803fa23ec52 734614b4c2404eec86eff556eb3397d5 729eecc38e0e418189f1aeacfe5fa887 - - 6dbf41fada4c4580bca281f6161f7cb5 6dbf41fada4c4580bca281f6161f7cb5] 199.204.45.65 "GET /v2.0/ports?network_id=aa602911-6ded-42df-80b0-a509842e352e&device_owner=network%3Adhcp HTTP/1.1" status: 200 len: 210 time: 0.0267258
2026-06-22 03:03:37.674 9 INFO neutron.wsgi [req-d8ac9268-2c21-4f5f-8131-ff54662e7fb1 req-431cedb0-c89b-47de-b9bb-5e32f57a2311 ab1ddc327d144066b830665626a7bfaa fbaf35e0c5c647e98e8d43e7d5adbc01 - - default default] 199.204.45.65 "GET /v2.0/security-groups?fields=id&fields=name&tenant_id=fbaf35e0c5c647e98e8d43e7d5adbc01 HTTP/1.1" status: 200 len: 473 time: 0.0745718
2026-06-22 03:03:37.694 9 INFO neutron.wsgi [req-802f1d9e-05f1-4994-be89-712c6c2ccca7 req-13db6186-c3ae-4c26-9236-95a19246f546 734614b4c2404eec86eff556eb3397d5 729eecc38e0e418189f1aeacfe5fa887 - - 6dbf41fada4c4580bca281f6161f7cb5 6dbf41fada4c4580bca281f6161f7cb5] 199.204.45.65 "GET /v2.0/ports?network_id=aa602911-6ded-42df-80b0-a509842e352e&device_owner=network%3Adhcp HTTP/1.1" status: 200 len: 210 time: 0.0331481
2026-06-22 03:03:37.847 9 INFO neutron.wsgi [req-802f1d9e-05f1-4994-be89-712c6c2ccca7 req-095db186-cdad-4b2d-a89e-8de1b153754f 734614b4c2404eec86eff556eb3397d5 729eecc38e0e418189f1aeacfe5fa887 - - 6dbf41fada4c4580bca281f6161f7cb5 6dbf41fada4c4580bca281f6161f7cb5] 199.204.45.65 "GET /v2.0/networks/aa602911-6ded-42df-80b0-a509842e352e?fields=segments HTTP/1.1" status: 200 len: 212 time: 0.1207132
2026-06-22 03:03:37.863 9 INFO neutron.wsgi [req-4a71ede1-1146-4cc2-9f7d-92966f9a807e req-a09823b8-3d60-479e-b848-0e4a8f64727c ab1ddc327d144066b830665626a7bfaa fbaf35e0c5c647e98e8d43e7d5adbc01 - - default default] 10.0.0.204 "GET /v2.0/ports?device_id=789736a1-3c84-4630-8fda-1c1724225c0d HTTP/1.1" status: 200 len: 210 time: 0.0544338
2026-06-22 03:03:37.956 9 INFO neutron.wsgi [req-802f1d9e-05f1-4994-be89-712c6c2ccca7 req-99e7e93b-e56b-4347-bb44-aed5f6af2aa9 734614b4c2404eec86eff556eb3397d5 729eecc38e0e418189f1aeacfe5fa887 - - 6dbf41fada4c4580bca281f6161f7cb5 6dbf41fada4c4580bca281f6161f7cb5] 199.204.45.65 "GET /v2.0/networks/aa602911-6ded-42df-80b0-a509842e352e?fields=provider%3Aphysical_network&fields=provider%3Anetwork_type HTTP/1.1" status: 200 len: 277 time: 0.0966816
2026-06-22 03:03:38.071 9 INFO neutron.wsgi [req-ae61dfce-5f64-456f-a1b0-d1b0562a7182 req-a121ab63-20ec-4b21-ba28-f231df8c38bf 734614b4c2404eec86eff556eb3397d5 729eecc38e0e418189f1aeacfe5fa887 - - 6dbf41fada4c4580bca281f6161f7cb5 6dbf41fada4c4580bca281f6161f7cb5] 199.204.45.65 "GET /v2.0/ports?tenant_id=e1707b3f24c64073b7ba9fc84693088e&device_id=c5eae064-42d5-44c7-bbcf-7a3a9f557999 HTTP/1.1" status: 200 len: 1628 time: 0.0503414
2026-06-22 03:03:38.118 10 INFO neutron.db.ovn_revision_numbers_db [None req-43edce5a-45ac-41e3-86c4-bd46d01014c5 8d24ee2b69754664a60ec9d8b9c99934 0804e79ff3b04be3bf2dc0be566161e5 - - default default] Successfully bumped revision number for resource e283b7d8-e55b-4fec-bd11-8a11c589b9c7 (type: routers) to 2
2026-06-22 03:03:38.122 10 INFO neutron.wsgi [None req-43edce5a-45ac-41e3-86c4-bd46d01014c5 8d24ee2b69754664a60ec9d8b9c99934 0804e79ff3b04be3bf2dc0be566161e5 - - default default] 10.0.0.167 "PUT /v2.0/routers/e283b7d8-e55b-4fec-bd11-8a11c589b9c7 HTTP/1.1" status: 200 len: 660 time: 0.7273045
2026-06-22 03:03:38.155 10 INFO neutron.wsgi [None req-00cabdf7-75a9-48c0-b2b1-d0461cc5261a 8d24ee2b69754664a60ec9d8b9c99934 0804e79ff3b04be3bf2dc0be566161e5 - - default default] 10.0.0.167 "GET /v2.0/ports?device_id=e283b7d8-e55b-4fec-bd11-8a11c589b9c7 HTTP/1.1" status: 200 len: 205 time: 0.0256596
2026-06-22 03:03:38.165 9 INFO neutron.wsgi [req-ae61dfce-5f64-456f-a1b0-d1b0562a7182 req-cfb16b6b-045e-4343-8e40-55407ebe1db6 734614b4c2404eec86eff556eb3397d5 729eecc38e0e418189f1aeacfe5fa887 - - 6dbf41fada4c4580bca281f6161f7cb5 6dbf41fada4c4580bca281f6161f7cb5] 199.204.45.65 "GET /v2.0/networks?id=aa602911-6ded-42df-80b0-a509842e352e HTTP/1.1" status: 200 len: 1002 time: 0.0858657 /var/lib/openstack/lib/python3.10/site-packages/pycadf/identifier.py:71: UserWarning: Invalid uuid: neutron. To ensure interoperability, identifiers should be a valid uuid. warnings.warn(('Invalid uuid: %s. To ensure interoperability, '
2026-06-22 03:03:38.195 9 INFO neutron.wsgi [req-ae61dfce-5f64-456f-a1b0-d1b0562a7182 req-0aa146f1-01b5-4c0e-8336-0b729c4802fd 734614b4c2404eec86eff556eb3397d5 729eecc38e0e418189f1aeacfe5fa887 - - 6dbf41fada4c4580bca281f6161f7cb5 6dbf41fada4c4580bca281f6161f7cb5] 199.204.45.65 "GET /v2.0/floatingips?fixed_ip_address=10.2.1.7&port_id=ee284422-d387-41ec-b3c4-546cd42c06fc HTTP/1.1" status: 200 len: 217 time: 0.0252829
2026-06-22 03:03:38.198 10 INFO neutron.plugins.ml2.drivers.ovn.mech_driver.mech_driver [None req-56b9dfb7-0d72-4fc8-af68-cabe92f1afec - - - - - -] OVN reports status up for port: ee284422-d387-41ec-b3c4-546cd42c06fc
2026-06-22 03:03:38.220 10 INFO neutron.plugins.ml2.plugin [None req-56b9dfb7-0d72-4fc8-af68-cabe92f1afec - - - - - -] Attempt 1 to provision port ee284422-d387-41ec-b3c4-546cd42c06fc
2026-06-22 03:03:38.228 9 WARNING neutron.scheduler.dhcp_agent_scheduler [req-d8ac9268-2c21-4f5f-8131-ff54662e7fb1 req-672743e2-6d29-45c8-8aee-38b45c041209 ab1ddc327d144066b830665626a7bfaa fbaf35e0c5c647e98e8d43e7d5adbc01 - - default default] No more DHCP agents
2026-06-22 03:03:38.231 9 INFO neutron.wsgi [req-ae61dfce-5f64-456f-a1b0-d1b0562a7182 req-af411643-2eb4-4a4a-82f9-c512826ea498 734614b4c2404eec86eff556eb3397d5 729eecc38e0e418189f1aeacfe5fa887 - - 6dbf41fada4c4580bca281f6161f7cb5 6dbf41fada4c4580bca281f6161f7cb5] 199.204.45.65 "GET /v2.0/floatingips?fixed_ip_address=fd7b%3Af9f7%3Afff%3A4eca%3A%3A1d0&port_id=ee284422-d387-41ec-b3c4-546cd42c06fc HTTP/1.1" status: 200 len: 217 time: 0.0242887
2026-06-22 03:03:38.232 9 WARNING neutron.api.rpc.agentnotifiers.dhcp_rpc_agent_api [req-d8ac9268-2c21-4f5f-8131-ff54662e7fb1 req-672743e2-6d29-45c8-8aee-38b45c041209 ab1ddc327d144066b830665626a7bfaa fbaf35e0c5c647e98e8d43e7d5adbc01 - - default default] Unable to schedule network c5d7c5d2-3891-43d8-a69f-fad16e63e0d0: no agents available; will retry on subsequent port and subnet creation events. /var/lib/openstack/lib/python3.10/site-packages/pycadf/identifier.py:71: UserWarning: Invalid uuid: neutron. To ensure interoperability, identifiers should be a valid uuid. warnings.warn(('Invalid uuid: %s. To ensure interoperability, '
2026-06-22 03:03:38.289 9 INFO neutron.wsgi [req-ae61dfce-5f64-456f-a1b0-d1b0562a7182 req-2fbe4319-cd15-45b7-95ad-232e8b1a9f49 734614b4c2404eec86eff556eb3397d5 729eecc38e0e418189f1aeacfe5fa887 - - 6dbf41fada4c4580bca281f6161f7cb5 6dbf41fada4c4580bca281f6161f7cb5] 199.204.45.65 "GET /v2.0/subnets?id=9105cda8-72fd-42fa-9c5d-56b99444902b&id=72207137-ccf4-4a92-a920-b62ff9f248c4 HTTP/1.1" status: 200 len: 1561 time: 0.0493317
2026-06-22 03:03:38.317 9 INFO neutron.wsgi [req-ae61dfce-5f64-456f-a1b0-d1b0562a7182 req-777c2274-4c6c-4e19-ab7a-18dad3b9efaf 734614b4c2404eec86eff556eb3397d5 729eecc38e0e418189f1aeacfe5fa887 - - 6dbf41fada4c4580bca281f6161f7cb5 6dbf41fada4c4580bca281f6161f7cb5] 199.204.45.65 "GET /v2.0/ports?network_id=aa602911-6ded-42df-80b0-a509842e352e&device_owner=network%3Adhcp HTTP/1.1" status: 200 len: 210 time: 0.0186725
2026-06-22 03:03:38.382 10 INFO neutron.wsgi [-] 10.0.0.180 "GET / HTTP/1.1" status: 200 len: 246 time: 0.0013578
2026-06-22 03:03:38.383 10 INFO neutron.wsgi [-] 10.0.0.180 "GET / HTTP/1.1" status: 200 len: 246 time: 0.0012786
2026-06-22 03:03:38.423 10 INFO neutron.wsgi [None req-1d6ce88b-2e82-45e6-b5cc-ebf6a63e15fe 8d24ee2b69754664a60ec9d8b9c99934 0804e79ff3b04be3bf2dc0be566161e5 - - default default] 10.0.0.167 "DELETE /v2.0/routers/e283b7d8-e55b-4fec-bd11-8a11c589b9c7 HTTP/1.1" status: 204 len: 168 time: 0.2623580
2026-06-22 03:03:38.435 10 INFO neutron.notifiers.nova [-] Nova event matching ['req-fdd235f1-43b8-4187-b100-332574f05662'] response: {'server_uuid': 'c5eae064-42d5-44c7-bbcf-7a3a9f557999', 'name': 'network-vif-plugged', 'status': 'completed', 'tag': 'ee284422-d387-41ec-b3c4-546cd42c06fc', 'code': 200}
2026-06-22 03:03:38.495 10 INFO neutron.wsgi [None req-56e20856-aba7-475d-b702-bd8d893abdb5 8d24ee2b69754664a60ec9d8b9c99934 0804e79ff3b04be3bf2dc0be566161e5 - - default default] 10.0.0.167 "GET /v2.0/routers/a8869cb9-bb4b-4498-bd7c-6ece69e0e30b HTTP/1.1" status: 200 len: 668 time: 0.0659065
2026-06-22 03:03:38.685 9 INFO neutron.wsgi [req-ae61dfce-5f64-456f-a1b0-d1b0562a7182 req-52c49cf7-ea1d-4bb4-bce6-76acd1d46ec5 734614b4c2404eec86eff556eb3397d5 729eecc38e0e418189f1aeacfe5fa887 - - 6dbf41fada4c4580bca281f6161f7cb5 6dbf41fada4c4580bca281f6161f7cb5] 199.204.45.65 "GET /v2.0/ports?network_id=aa602911-6ded-42df-80b0-a509842e352e&device_owner=network%3Adhcp HTTP/1.1" status: 200 len: 210 time: 0.3568516
2026-06-22 03:03:38.830 10 INFO neutron.db.ovn_revision_numbers_db [None req-56b9dfb7-0d72-4fc8-af68-cabe92f1afec - - - - - -] Successfully bumped revision number for resource ee284422-d387-41ec-b3c4-546cd42c06fc (type: ports) to 4
2026-06-22 03:03:38.836 9 INFO neutron.wsgi [None req-b042f622-088c-4499-ba77-83a213b65f30 a31ad3136e5b4be4afa1d1bb4bfc09ef 152ea6464bc64125830f275c16d9aada - - default default] 10.0.0.167 "GET /v2.0/ports/7fa797c3-5265-48e2-a792-505f156483f5 HTTP/1.1" status: 200 len: 1139 time: 0.5146971
2026-06-22 03:03:38.845 9 INFO neutron.wsgi [req-ae61dfce-5f64-456f-a1b0-d1b0562a7182 req-68fe12ff-d7ee-4369-b852-d6c997d7783b 734614b4c2404eec86eff556eb3397d5 729eecc38e0e418189f1aeacfe5fa887 - - 6dbf41fada4c4580bca281f6161f7cb5 6dbf41fada4c4580bca281f6161f7cb5] 199.204.45.65 "GET /v2.0/networks/aa602911-6ded-42df-80b0-a509842e352e?fields=segments HTTP/1.1" status: 200 len: 212 time: 0.1417522
2026-06-22 03:03:38.911 9 INFO neutron.db.ovn_revision_numbers_db [req-d8ac9268-2c21-4f5f-8131-ff54662e7fb1 req-672743e2-6d29-45c8-8aee-38b45c041209 ab1ddc327d144066b830665626a7bfaa fbaf35e0c5c647e98e8d43e7d5adbc01 - - default default] Successfully bumped revision number for resource 819382a8-270b-4f1f-8396-92a75892a4a7 (type: ports) to 1
2026-06-22 03:03:38.936 9 INFO neutron.wsgi [req-ae61dfce-5f64-456f-a1b0-d1b0562a7182 req-c01af4bc-8b23-48d0-944e-b48b08a003ae 734614b4c2404eec86eff556eb3397d5 729eecc38e0e418189f1aeacfe5fa887 - - 6dbf41fada4c4580bca281f6161f7cb5 6dbf41fada4c4580bca281f6161f7cb5] 199.204.45.65 "GET /v2.0/networks/aa602911-6ded-42df-80b0-a509842e352e?fields=provider%3Aphysical_network&fields=provider%3Anetwork_type HTTP/1.1" status: 200 len: 277 time: 0.0818186
