2026-06-22 03:04:16.505 10 INFO neutron.db.ovn_revision_numbers_db [None req-6c229213-1bc2-4cf8-94b7-64933c1837ca ae142a5fd12d426fa2507ab6004ea78b 7eabc14010fa4969ab224d754888bc3c - - default default] Successfully bumped revision number for resource b044cce8-4f61-4ada-aec1-544bdd03d847 (type: security_group_rules) to 0
2026-06-22 03:04:16.524 10 INFO neutron.db.ovn_revision_numbers_db [None req-6c229213-1bc2-4cf8-94b7-64933c1837ca ae142a5fd12d426fa2507ab6004ea78b 7eabc14010fa4969ab224d754888bc3c - - default default] Successfully bumped revision number for resource b8249643-a239-4a03-826a-645db174f212 (type: security_group_rules) to 0
2026-06-22 03:04:16.535 9 INFO neutron.db.segments_db [None req-1b9fed52-342d-46f4-98c9-eb479b1633d8 94629bd94e1446caa915264e4acd771d 863ad9f4504c4374afd36b0b6bee9e13 - - default default] Added segment c9df84f7-af3f-4db0-8ef1-dd1efb862984 of type geneve for network 367dfbce-d8ec-4835-86f9-f5cdc04dddeb
2026-06-22 03:04:16.545 10 INFO neutron.db.ovn_revision_numbers_db [None req-6c229213-1bc2-4cf8-94b7-64933c1837ca ae142a5fd12d426fa2507ab6004ea78b 7eabc14010fa4969ab224d754888bc3c - - default default] Successfully bumped revision number for resource db2694bb-158a-4c40-b9ff-316d39ec8d9f (type: security_group_rules) to 0
2026-06-22 03:04:16.568 10 INFO neutron.wsgi [None req-6c229213-1bc2-4cf8-94b7-64933c1837ca ae142a5fd12d426fa2507ab6004ea78b 7eabc14010fa4969ab224d754888bc3c - - default default] 10.0.0.167 "GET /v2.0/security-groups?tenant_id=90a9137b9f884739a3592f84c8b13bf0&name=default HTTP/1.1" status: 200 len: 2996 time: 0.7297702
2026-06-22 03:04:16.742 9 INFO neutron.db.ovn_revision_numbers_db [None req-1b9fed52-342d-46f4-98c9-eb479b1633d8 94629bd94e1446caa915264e4acd771d 863ad9f4504c4374afd36b0b6bee9e13 - - default default] Successfully bumped revision number for resource 367dfbce-d8ec-4835-86f9-f5cdc04dddeb (type: networks) to 1
2026-06-22 03:04:16.746 9 INFO neutron.wsgi [None req-f0d34794-1568-438f-9c9f-368f843115cb 0178aba702dd4587a0d54341fef3e4f8 6a303449ed364fb1aeb551790126752f - - default default] 10.0.0.167 "DELETE /v2.0/subnets/506f4312-1452-49b8-87bb-a12210d86408 HTTP/1.1" status: 204 len: 168 time: 0.3075042
2026-06-22 03:04:16.873 10 INFO neutron.wsgi [None req-026f7228-3953-43e4-bfa3-77af911ac5ec ae142a5fd12d426fa2507ab6004ea78b 7eabc14010fa4969ab224d754888bc3c - - default default] 10.0.0.167 "DELETE /v2.0/security-groups/dc1a61da-4185-44b0-a70b-f1fa95f51c9c HTTP/1.1" status: 204 len: 168 time: 0.2990358
2026-06-22 03:04:16.973 9 WARNING neutron.scheduler.dhcp_agent_scheduler [None req-1b9fed52-342d-46f4-98c9-eb479b1633d8 94629bd94e1446caa915264e4acd771d 863ad9f4504c4374afd36b0b6bee9e13 - - default default] No more DHCP agents
2026-06-22 03:04:16.975 9 WARNING neutron.api.rpc.agentnotifiers.dhcp_rpc_agent_api [None req-1b9fed52-342d-46f4-98c9-eb479b1633d8 94629bd94e1446caa915264e4acd771d 863ad9f4504c4374afd36b0b6bee9e13 - - default default] Unable to schedule network 367dfbce-d8ec-4835-86f9-f5cdc04dddeb: no agents available; will retry on subsequent port and subnet creation events.
2026-06-22 03:04:17.079 9 INFO neutron.db.ovn_revision_numbers_db [None req-1b9fed52-342d-46f4-98c9-eb479b1633d8 94629bd94e1446caa915264e4acd771d 863ad9f4504c4374afd36b0b6bee9e13 - - default default] Successfully bumped revision number for resource 1b011cf6-18d7-480a-aede-4326d44142f4 (type: ports) to 1
2026-06-22 03:04:17.110 9 INFO neutron.wsgi [None req-1b9fed52-342d-46f4-98c9-eb479b1633d8 94629bd94e1446caa915264e4acd771d 863ad9f4504c4374afd36b0b6bee9e13 - - default default] 10.0.0.167 "POST /v2.0/networks HTTP/1.1" status: 201 len: 929 time: 0.7085655
2026-06-22 03:04:17.211 10 INFO neutron.db.ovn_revision_numbers_db [None req-16090d58-4efe-4ab9-a269-db39ed158bea ae142a5fd12d426fa2507ab6004ea78b 7eabc14010fa4969ab224d754888bc3c - - default default] Successfully bumped revision number for resource c8559fb0-66cb-421c-a783-2914dccc0827 (type: security_groups) to 1
2026-06-22 03:04:17.236 10 INFO neutron.wsgi [None req-1ab52743-7652-417a-8c5b-16729b1008d0 0178aba702dd4587a0d54341fef3e4f8 6a303449ed364fb1aeb551790126752f - - default default] 10.0.0.167 "DELETE /v2.0/networks/b1b84492-f4d0-4b6f-97b2-c65767645e7a HTTP/1.1" status: 204 len: 168 time: 0.4827440
2026-06-22 03:04:17.237 10 INFO neutron.db.ovn_revision_numbers_db [None req-16090d58-4efe-4ab9-a269-db39ed158bea ae142a5fd12d426fa2507ab6004ea78b 7eabc14010fa4969ab224d754888bc3c - - default default] Successfully bumped revision number for resource 1f390ac4-c450-4c46-b74f-f09cb96bf79d (type: security_group_rules) to 0
2026-06-22 03:04:17.254 10 INFO neutron.db.ovn_revision_numbers_db [None req-16090d58-4efe-4ab9-a269-db39ed158bea ae142a5fd12d426fa2507ab6004ea78b 7eabc14010fa4969ab224d754888bc3c - - default default] Successfully bumped revision number for resource a25abc4f-e252-4a99-a4a3-a981fb23807b (type: security_group_rules) to 0
2026-06-22 03:04:17.271 10 INFO neutron.db.ovn_revision_numbers_db [None req-16090d58-4efe-4ab9-a269-db39ed158bea ae142a5fd12d426fa2507ab6004ea78b 7eabc14010fa4969ab224d754888bc3c - - default default] Successfully bumped revision number for resource de24ecfd-967c-4d15-8396-a28f96ad9d47 (type: security_group_rules) to 0
2026-06-22 03:04:17.288 10 INFO neutron.db.ovn_revision_numbers_db [None req-16090d58-4efe-4ab9-a269-db39ed158bea ae142a5fd12d426fa2507ab6004ea78b 7eabc14010fa4969ab224d754888bc3c - - default default] Successfully bumped revision number for resource f05f86af-00b4-4b40-8ab5-a48ccb8c27db (type: security_group_rules) to 0
2026-06-22 03:04:17.311 10 INFO neutron.wsgi [None req-16090d58-4efe-4ab9-a269-db39ed158bea ae142a5fd12d426fa2507ab6004ea78b 7eabc14010fa4969ab224d754888bc3c - - default default] 10.0.0.167 "GET /v2.0/security-groups?tenant_id=371564b8e2d745138d94414e38f99341&name=default HTTP/1.1" status: 200 len: 2996 time: 0.2762609
2026-06-22 03:04:17.322 9 WARNING neutron.scheduler.dhcp_agent_scheduler [None req-299ac845-8b56-4ca2-96de-c460332e1f01 94629bd94e1446caa915264e4acd771d 863ad9f4504c4374afd36b0b6bee9e13 - - default default] No more DHCP agents
2026-06-22 03:04:17.324 9 WARNING neutron.api.rpc.agentnotifiers.dhcp_rpc_agent_api [None req-299ac845-8b56-4ca2-96de-c460332e1f01 94629bd94e1446caa915264e4acd771d 863ad9f4504c4374afd36b0b6bee9e13 - - default default] Unable to schedule network 367dfbce-d8ec-4835-86f9-f5cdc04dddeb: no agents available; will retry on subsequent port and subnet creation events.
2026-06-22 03:04:17.361 9 INFO neutron.db.segments_db [None req-e87fcc21-c7c5-43ab-956c-43428ace00cc 0178aba702dd4587a0d54341fef3e4f8 6a303449ed364fb1aeb551790126752f - - default default] Added segment 2f3adc62-2906-446e-8e0c-e8cbf56bb8d6 of type geneve for network cd0ceb81-340a-47dc-af82-5f90ba87d13c
2026-06-22 03:04:17.533 10 INFO neutron.wsgi [None req-575538f0-645f-4058-8cc3-a1ce1ee4b91d ae142a5fd12d426fa2507ab6004ea78b 7eabc14010fa4969ab224d754888bc3c - - default default] 10.0.0.167 "DELETE /v2.0/security-groups/c8559fb0-66cb-421c-a783-2914dccc0827 HTTP/1.1" status: 204 len: 168 time: 0.2164207
2026-06-22 03:04:17.581 9 INFO neutron.db.ovn_revision_numbers_db [None req-e87fcc21-c7c5-43ab-956c-43428ace00cc 0178aba702dd4587a0d54341fef3e4f8 6a303449ed364fb1aeb551790126752f - - default default] Successfully bumped revision number for resource cd0ceb81-340a-47dc-af82-5f90ba87d13c (type: networks) to 1
2026-06-22 03:04:17.847 10 INFO neutron.db.ovn_revision_numbers_db [None req-b77d7ea0-27c2-4061-8a22-0d5ec72cf8b7 ae142a5fd12d426fa2507ab6004ea78b 7eabc14010fa4969ab224d754888bc3c - - default default] Successfully bumped revision number for resource 373795a4-92ba-488f-b398-e93c431c6b5e (type: security_groups) to 1
2026-06-22 03:04:17.864 10 INFO neutron.db.ovn_revision_numbers_db [None req-b77d7ea0-27c2-4061-8a22-0d5ec72cf8b7 ae142a5fd12d426fa2507ab6004ea78b 7eabc14010fa4969ab224d754888bc3c - - default default] Successfully bumped revision number for resource a203d8f7-aeef-45b6-a43e-0e37aaec45da (type: security_group_rules) to 0
2026-06-22 03:04:17.876 9 WARNING neutron.scheduler.dhcp_agent_scheduler [None req-e87fcc21-c7c5-43ab-956c-43428ace00cc 0178aba702dd4587a0d54341fef3e4f8 6a303449ed364fb1aeb551790126752f - - default default] No more DHCP agents
2026-06-22 03:04:17.880 10 INFO neutron.db.ovn_revision_numbers_db [None req-b77d7ea0-27c2-4061-8a22-0d5ec72cf8b7 ae142a5fd12d426fa2507ab6004ea78b 7eabc14010fa4969ab224d754888bc3c - - default default] Successfully bumped revision number for resource b8f1f2f8-f617-43c9-af08-c391c7615c6f (type: security_group_rules) to 0
2026-06-22 03:04:17.883 9 WARNING neutron.api.rpc.agentnotifiers.dhcp_rpc_agent_api [None req-e87fcc21-c7c5-43ab-956c-43428ace00cc 0178aba702dd4587a0d54341fef3e4f8 6a303449ed364fb1aeb551790126752f - - default default] Unable to schedule network cd0ceb81-340a-47dc-af82-5f90ba87d13c: no agents available; will retry on subsequent port and subnet creation events.
2026-06-22 03:04:17.893 10 INFO neutron.db.ovn_revision_numbers_db [None req-b77d7ea0-27c2-4061-8a22-0d5ec72cf8b7 ae142a5fd12d426fa2507ab6004ea78b 7eabc14010fa4969ab224d754888bc3c - - default default] Successfully bumped revision number for resource c332b339-ba3d-4173-887d-588f5e3d6872 (type: security_group_rules) to 0
2026-06-22 03:04:17.908 10 INFO neutron.db.ovn_revision_numbers_db [None req-b77d7ea0-27c2-4061-8a22-0d5ec72cf8b7 ae142a5fd12d426fa2507ab6004ea78b 7eabc14010fa4969ab224d754888bc3c - - default default] Successfully bumped revision number for resource e2360bdd-4cf7-46bb-a869-b20633a9fe51 (type: security_group_rules) to 0
2026-06-22 03:04:17.933 10 INFO neutron.wsgi [None req-b77d7ea0-27c2-4061-8a22-0d5ec72cf8b7 ae142a5fd12d426fa2507ab6004ea78b 7eabc14010fa4969ab224d754888bc3c - - default default] 10.0.0.167 "GET /v2.0/security-groups?tenant_id=b718d03526594bd38ff4b15e6b148e57&name=default HTTP/1.1" status: 200 len: 2996 time: 0.2282624
2026-06-22 03:04:18.004 9 INFO neutron.db.ovn_revision_numbers_db [None req-e87fcc21-c7c5-43ab-956c-43428ace00cc 0178aba702dd4587a0d54341fef3e4f8 6a303449ed364fb1aeb551790126752f - - default default] Successfully bumped revision number for resource 924ff3e1-87d2-41a4-8520-c7142f62fe17 (type: ports) to 1
2026-06-22 03:04:18.037 9 INFO neutron.wsgi [None req-e87fcc21-c7c5-43ab-956c-43428ace00cc 0178aba702dd4587a0d54341fef3e4f8 6a303449ed364fb1aeb551790126752f - - default default] 10.0.0.167 "POST /v2.0/networks HTTP/1.1" status: 201 len: 829 time: 0.7929401
2026-06-22 03:04:18.051 9 INFO neutron.db.ovn_revision_numbers_db [None req-299ac845-8b56-4ca2-96de-c460332e1f01 94629bd94e1446caa915264e4acd771d 863ad9f4504c4374afd36b0b6bee9e13 - - default default] Successfully bumped revision number for resource 1b011cf6-18d7-480a-aede-4326d44142f4 (type: ports) to 2
2026-06-22 03:04:18.084 9 INFO neutron.db.ovn_revision_numbers_db [None req-299ac845-8b56-4ca2-96de-c460332e1f01 94629bd94e1446caa915264e4acd771d 863ad9f4504c4374afd36b0b6bee9e13 - - default default] Successfully bumped revision number for resource 7117e68b-e632-4257-aee8-3c5401d8e032 (type: subnets) to 0
2026-06-22 03:04:18.100 9 INFO neutron.wsgi [None req-299ac845-8b56-4ca2-96de-c460332e1f01 94629bd94e1446caa915264e4acd771d 863ad9f4504c4374afd36b0b6bee9e13 - - default default] 10.0.0.167 "POST /v2.0/subnets HTTP/1.1" status: 201 len: 822 time: 0.9830177
2026-06-22 03:04:18.109 9 WARNING neutron.api.v2.base [None req-396a9254-bfe2-469e-83be-0b82c25b9ae5 94629bd94e1446caa915264e4acd771d 863ad9f4504c4374afd36b0b6bee9e13 - - default default] An exception happened while processing the request body. The exception message is [Invalid input for target_tenant. Reason: '1234123412341234123412341234123412341234123412341234123412341234123412341234123412341234123412341234123412341234123412341234123412341234123412341234123412341234123412341234123412341234123412341234123412341234123412341234123412341234123412341234123412341234123412341234123412341234123412341234123412341234123412341234123412341234123412341234123412341234123412341234123412341234123412341234123412341234' exceeds maximum length of 255.].: webob.exc.HTTPBadRequest: Invalid input for target_tenant. Reason: '1234123412341234123412341234123412341234123412341234123412341234123412341234123412341234123412341234123412341234123412341234123412341234123412341234123412341234123412341234123412341234123412341234123412341234123412341234123412341234123412341234123412341234123412341234123412341234123412341234123412341234123412341234123412341234123412341234123412341234123412341234123412341234123412341234123412341234' exceeds maximum length of 255.
2026-06-22 03:04:18.109 9 INFO neutron.api.v2.resource [None req-396a9254-bfe2-469e-83be-0b82c25b9ae5 94629bd94e1446caa915264e4acd771d 863ad9f4504c4374afd36b0b6bee9e13 - - default default] create failed (client error): Invalid input for target_tenant. Reason: '1234123412341234123412341234123412341234123412341234123412341234123412341234123412341234123412341234123412341234123412341234123412341234123412341234123412341234123412341234123412341234123412341234123412341234123412341234123412341234123412341234123412341234123412341234123412341234123412341234123412341234123412341234123412341234123412341234123412341234123412341234123412341234123412341234123412341234' exceeds maximum length of 255.
2026-06-22 03:04:18.111 9 INFO neutron.wsgi [None req-396a9254-bfe2-469e-83be-0b82c25b9ae5 94629bd94e1446caa915264e4acd771d 863ad9f4504c4374afd36b0b6bee9e13 - - default default] 10.0.0.167 "POST /v2.0/rbac-policies HTTP/1.1" status: 400 len: 750 time: 0.0067849
2026-06-22 03:04:18.221 10 INFO neutron.wsgi [None req-b683f469-2c08-4c88-a975-cb91ef0d1958 ae142a5fd12d426fa2507ab6004ea78b 7eabc14010fa4969ab224d754888bc3c - - default default] 10.0.0.167 "DELETE /v2.0/security-groups/373795a4-92ba-488f-b398-e93c431c6b5e HTTP/1.1" status: 204 len: 168 time: 0.2825494
2026-06-22 03:04:18.315 10 WARNING neutron.scheduler.dhcp_agent_scheduler [None req-de84e7dd-886e-4640-8150-c30a56a3c687 0178aba702dd4587a0d54341fef3e4f8 6a303449ed364fb1aeb551790126752f - - default default] No more DHCP agents
2026-06-22 03:04:18.318 10 WARNING neutron.api.rpc.agentnotifiers.dhcp_rpc_agent_api [None req-de84e7dd-886e-4640-8150-c30a56a3c687 0178aba702dd4587a0d54341fef3e4f8 6a303449ed364fb1aeb551790126752f - - default default] Unable to schedule network cd0ceb81-340a-47dc-af82-5f90ba87d13c: no agents available; will retry on subsequent port and subnet creation events.
2026-06-22 03:04:18.394 10 INFO neutron.services.segments.plugin [-] Segment 5a7d00fc-2a93-4a29-ade3-81b63877520b resource provider aggregate not found
2026-06-22 03:04:18.403 10 INFO neutron.services.segments.plugin [-] Segment 5a7d00fc-2a93-4a29-ade3-81b63877520b resource provider aggregate not found
2026-06-22 03:04:18.411 10 INFO neutron.services.segments.plugin [-] Segment 5a7d00fc-2a93-4a29-ade3-81b63877520b resource provider not found; error: Placement Client Error (4xx): {"errors": [{"status": 404, "title": "Not Found", "detail": "The resource could not be found.\n\n No resource provider with uuid 5a7d00fc-2a93-4a29-ade3-81b63877520b found for delete ", "request_id": "req-245ab6ba-cfdf-4832-9c5a-96c9abbca306"}]}
2026-06-22 03:04:18.420 10 INFO neutron.services.segments.plugin [-] Segment 5a7d00fc-2a93-4a29-ade3-81b63877520b resource provider not found; error: Placement Client Error (4xx): {"errors": [{"status": 404, "title": "Not Found", "detail": "The resource could not be found.\n\n No resource provider with uuid 5a7d00fc-2a93-4a29-ade3-81b63877520b found for delete ", "request_id": "req-0320c65a-1141-4d6b-8b68-68f02806d67c"}]}
2026-06-22 03:04:18.723 9 INFO neutron.services.segments.plugin [-] Segment c9df84f7-af3f-4db0-8ef1-dd1efb862984 resource provider aggregate not found
2026-06-22 03:04:18.730 9 INFO neutron.services.segments.plugin [-] Segment c9df84f7-af3f-4db0-8ef1-dd1efb862984 resource provider aggregate not found
2026-06-22 03:04:18.748 9 INFO neutron.services.segments.plugin [-] Segment c9df84f7-af3f-4db0-8ef1-dd1efb862984 resource provider not found; error: Placement Client Error (4xx): {"errors": [{"status": 404, "title": "Not Found", "detail": "The resource could not be found.\n\n No resource provider with uuid c9df84f7-af3f-4db0-8ef1-dd1efb862984 found for delete ", "request_id": "req-343beebd-9bb1-484a-a4e3-6cd2bf759b65"}]}
2026-06-22 03:04:18.757 9 INFO neutron.services.segments.plugin [-] Segment c9df84f7-af3f-4db0-8ef1-dd1efb862984 resource provider not found; error: Placement Client Error (4xx): {"errors": [{"status": 404, "title": "Not Found", "detail": "The resource could not be found.\n\n No resource provider with uuid c9df84f7-af3f-4db0-8ef1-dd1efb862984 found for delete ", "request_id": "req-3033df82-154b-4262-b2a0-8b7eca75e5ed"}]}
2026-06-22 03:04:18.777 9 INFO neutron.wsgi [None req-b2cb833a-fd91-41b7-9635-ab1826c21f8d 94629bd94e1446caa915264e4acd771d 863ad9f4504c4374afd36b0b6bee9e13 - - default default] 10.0.0.167 "DELETE /v2.0/networks/367dfbce-d8ec-4835-86f9-f5cdc04dddeb HTTP/1.1" status: 204 len: 168 time: 0.6613672
2026-06-22 03:04:18.843 9 WARNING neutron.plugins.ml2.drivers.ovn.mech_driver.ovsdb.ovn_client [None req-681d48a4-95a9-4bb3-86e7-ae49c031dbab - - - - - -] No port found with ID 321ba62b-f1c8-4876-be0b-3aa884531ca4: RuntimeError: No port found with ID 321ba62b-f1c8-4876-be0b-3aa884531ca4
2026-06-22 03:04:18.891 9 INFO neutron.db.segments_db [None req-dad09932-a417-4fbc-b52a-7e40d521fb6f 94629bd94e1446caa915264e4acd771d 863ad9f4504c4374afd36b0b6bee9e13 - - default default] Added segment 95b33b8a-9ef6-47eb-af9a-03268b5dee34 of type geneve for network c26ea2eb-ad32-4e7e-86b8-fdc8412887a5
2026-06-22 03:04:18.961 10 INFO neutron.db.ovn_revision_numbers_db [None req-de84e7dd-886e-4640-8150-c30a56a3c687 0178aba702dd4587a0d54341fef3e4f8 6a303449ed364fb1aeb551790126752f - - default default] Successfully bumped revision number for resource 924ff3e1-87d2-41a4-8520-c7142f62fe17 (type: ports) to 2
2026-06-22 03:04:18.997 10 INFO neutron.db.ovn_revision_numbers_db [None req-de84e7dd-886e-4640-8150-c30a56a3c687 0178aba702dd4587a0d54341fef3e4f8 6a303449ed364fb1aeb551790126752f - - default default] Successfully bumped revision number for resource 3bf76a0d-cf01-485d-b822-3f16ef6cce03 (type: subnets) to 0
2026-06-22 03:04:19.014 10 INFO neutron.wsgi [None req-de84e7dd-886e-4640-8150-c30a56a3c687 0178aba702dd4587a0d54341fef3e4f8 6a303449ed364fb1aeb551790126752f - - default default] 10.0.0.167 "POST /v2.0/subnets HTTP/1.1" status: 201 len: 801 time: 0.9714768
2026-06-22 03:04:19.093 9 INFO neutron.db.ovn_revision_numbers_db [None req-dad09932-a417-4fbc-b52a-7e40d521fb6f 94629bd94e1446caa915264e4acd771d 863ad9f4504c4374afd36b0b6bee9e13 - - default default] Successfully bumped revision number for resource c26ea2eb-ad32-4e7e-86b8-fdc8412887a5 (type: networks) to 1
2026-06-22 03:04:19.211 10 INFO neutron.db.ovn_revision_numbers_db [None req-8b6b9bb1-2b6f-4ef4-8276-d1bae4fa0731 0178aba702dd4587a0d54341fef3e4f8 6a303449ed364fb1aeb551790126752f - - default default] Successfully bumped revision number for resource 05df7719-5979-40b4-8ed1-9fa2bfe3ee6f (type: routers) to 1
2026-06-22 03:04:19.226 10 INFO neutron.wsgi [None req-8b6b9bb1-2b6f-4ef4-8276-d1bae4fa0731 0178aba702dd4587a0d54341fef3e4f8 6a303449ed364fb1aeb551790126752f - - default default] 10.0.0.167 "POST /v2.0/routers HTTP/1.1" status: 201 len: 687 time: 0.2052407
2026-06-22 03:04:19.277 9 WARNING neutron.scheduler.dhcp_agent_scheduler [None req-dad09932-a417-4fbc-b52a-7e40d521fb6f 94629bd94e1446caa915264e4acd771d 863ad9f4504c4374afd36b0b6bee9e13 - - default default] No more DHCP agents
2026-06-22 03:04:19.278 9 WARNING neutron.api.rpc.agentnotifiers.dhcp_rpc_agent_api [None req-dad09932-a417-4fbc-b52a-7e40d521fb6f 94629bd94e1446caa915264e4acd771d 863ad9f4504c4374afd36b0b6bee9e13 - - default default] Unable to schedule network c26ea2eb-ad32-4e7e-86b8-fdc8412887a5: no agents available; will retry on subsequent port and subnet creation events.
2026-06-22 03:04:19.363 9 INFO neutron.db.ovn_revision_numbers_db [None req-dad09932-a417-4fbc-b52a-7e40d521fb6f 94629bd94e1446caa915264e4acd771d 863ad9f4504c4374afd36b0b6bee9e13 - - default default] Successfully bumped revision number for resource 7ba615a4-702f-493d-bf01-c4ee24114ff7 (type: ports) to 1
2026-06-22 03:04:19.383 9 INFO neutron.wsgi [None req-dad09932-a417-4fbc-b52a-7e40d521fb6f 94629bd94e1446caa915264e4acd771d 863ad9f4504c4374afd36b0b6bee9e13 - - default default] 10.0.0.167 "POST /v2.0/networks HTTP/1.1" status: 201 len: 929 time: 0.5939872
2026-06-22 03:04:19.580 9 WARNING neutron.scheduler.dhcp_agent_scheduler [None req-7291a3e1-c6fb-40f8-a391-e77567a63ea0 94629bd94e1446caa915264e4acd771d 863ad9f4504c4374afd36b0b6bee9e13 - - default default] No more DHCP agents
2026-06-22 03:04:19.585 9 WARNING neutron.api.rpc.agentnotifiers.dhcp_rpc_agent_api [None req-7291a3e1-c6fb-40f8-a391-e77567a63ea0 94629bd94e1446caa915264e4acd771d 863ad9f4504c4374afd36b0b6bee9e13 - - default default] Unable to schedule network c26ea2eb-ad32-4e7e-86b8-fdc8412887a5: no agents available; will retry on subsequent port and subnet creation events.
2026-06-22 03:04:19.677 10 WARNING neutron.scheduler.dhcp_agent_scheduler [None req-58922b1e-b56e-4d6c-ad6a-bf9d5ecfb894 0178aba702dd4587a0d54341fef3e4f8 6a303449ed364fb1aeb551790126752f - - default default] No more DHCP agents
2026-06-22 03:04:19.681 10 WARNING neutron.api.rpc.agentnotifiers.dhcp_rpc_agent_api [None req-58922b1e-b56e-4d6c-ad6a-bf9d5ecfb894 0178aba702dd4587a0d54341fef3e4f8 6a303449ed364fb1aeb551790126752f - - default default] Unable to schedule network cd0ceb81-340a-47dc-af82-5f90ba87d13c: no agents available; will retry on subsequent port and subnet creation events.
2026-06-22 03:04:19.916 10 INFO neutron.db.ovn_revision_numbers_db [None req-58922b1e-b56e-4d6c-ad6a-bf9d5ecfb894 0178aba702dd4587a0d54341fef3e4f8 6a303449ed364fb1aeb551790126752f - - default default] Successfully bumped revision number for resource 62e933a9-9df1-467e-975a-6dd7c8ce252b (type: ports) to 1
2026-06-22 03:04:20.037 9 INFO neutron.wsgi [req-17847c8b-d61b-4360-a930-3719314ce081 req-ca0edbe2-f167-4fe9-b466-d1da875a69e2 ae142a5fd12d426fa2507ab6004ea78b 7eabc14010fa4969ab224d754888bc3c - - default default] 10.0.0.204 "GET /v2.0/security-groups?id=8423331c-da61-41bb-b044-0bfb3fc18cde&fields=id HTTP/1.1" status: 200 len: 267 time: 0.0475795
2026-06-22 03:04:20.124 9 INFO neutron.wsgi [req-17847c8b-d61b-4360-a930-3719314ce081 req-305ba1ee-4aae-4972-bf22-502fcfc3e0ba ae142a5fd12d426fa2507ab6004ea78b 7eabc14010fa4969ab224d754888bc3c - - default default] 10.0.0.204 "GET /v2.0/networks?id=4fe23e91-1ae4-437b-8c2a-f845d5f03f11 HTTP/1.1" status: 200 len: 937 time: 0.0784199
2026-06-22 03:04:20.148 9 INFO neutron.wsgi [req-17847c8b-d61b-4360-a930-3719314ce081 req-a841fad2-f433-478c-8398-b854b48a3aa7 ae142a5fd12d426fa2507ab6004ea78b 7eabc14010fa4969ab224d754888bc3c - - default default] 10.0.0.204 "GET /v2.0/quotas/7eabc14010fa4969ab224d754888bc3c HTTP/1.1" status: 200 len: 385 time: 0.0152721
2026-06-22 03:04:20.211 9 INFO neutron.wsgi [req-17847c8b-d61b-4360-a930-3719314ce081 req-eafc2cc4-0235-467a-8a3f-d6c278032556 ae142a5fd12d426fa2507ab6004ea78b 7eabc14010fa4969ab224d754888bc3c - - default default] 10.0.0.204 "GET /v2.0/ports?tenant_id=7eabc14010fa4969ab224d754888bc3c&fields=id HTTP/1.1" status: 200 len: 348 time: 0.0509441
2026-06-22 03:04:20.331 9 INFO neutron.wsgi [req-17847c8b-d61b-4360-a930-3719314ce081 req-24582edc-e02b-47f0-88ae-5b01d765380b 734614b4c2404eec86eff556eb3397d5 729eecc38e0e418189f1aeacfe5fa887 - - 6dbf41fada4c4580bca281f6161f7cb5 6dbf41fada4c4580bca281f6161f7cb5] 10.0.0.204 "GET /v2.0/networks/4fe23e91-1ae4-437b-8c2a-f845d5f03f11?fields=segments HTTP/1.1" status: 200 len: 212 time: 0.1016910
2026-06-22 03:04:20.337 9 INFO neutron.plugins.ml2.drivers.ovn.mech_driver.mech_driver [None req-681d48a4-95a9-4bb3-86e7-ae49c031dbab - - - - - -] OVN reports status up for port: 62e933a9-9df1-467e-975a-6dd7c8ce252b
2026-06-22 03:04:20.360 9 INFO neutron.plugins.ml2.plugin [None req-681d48a4-95a9-4bb3-86e7-ae49c031dbab - - - - - -] Attempt 1 to provision port 62e933a9-9df1-467e-975a-6dd7c8ce252b
2026-06-22 03:04:20.361 10 INFO neutron.db.ovn_revision_numbers_db [None req-58922b1e-b56e-4d6c-ad6a-bf9d5ecfb894 0178aba702dd4587a0d54341fef3e4f8 6a303449ed364fb1aeb551790126752f - - default default] Successfully bumped revision number for resource 62e933a9-9df1-467e-975a-6dd7c8ce252b (type: router_ports) to 1
2026-06-22 03:04:20.456 9 INFO neutron.wsgi [req-17847c8b-d61b-4360-a930-3719314ce081 req-66570c89-8ca9-43a4-be8a-442b975849a5 734614b4c2404eec86eff556eb3397d5 729eecc38e0e418189f1aeacfe5fa887 - - 6dbf41fada4c4580bca281f6161f7cb5 6dbf41fada4c4580bca281f6161f7cb5] 10.0.0.204 "GET /v2.0/networks/4fe23e91-1ae4-437b-8c2a-f845d5f03f11?fields=provider%3Aphysical_network&fields=provider%3Anetwork_type HTTP/1.1" status: 200 len: 277 time: 0.1072223
2026-06-22 03:04:20.529 10 INFO neutron.db.ovn_revision_numbers_db [None req-58922b1e-b56e-4d6c-ad6a-bf9d5ecfb894 0178aba702dd4587a0d54341fef3e4f8 6a303449ed364fb1aeb551790126752f - - default default] Successfully bumped revision number for resource 62e933a9-9df1-467e-975a-6dd7c8ce252b (type: ports) to 1
2026-06-22 03:04:20.547 9 INFO neutron.db.ovn_revision_numbers_db [None req-7291a3e1-c6fb-40f8-a391-e77567a63ea0 94629bd94e1446caa915264e4acd771d 863ad9f4504c4374afd36b0b6bee9e13 - - default default] Successfully bumped revision number for resource 7ba615a4-702f-493d-bf01-c4ee24114ff7 (type: ports) to 2
2026-06-22 03:04:20.604 10 WARNING neutron.scheduler.dhcp_agent_scheduler [None req-58922b1e-b56e-4d6c-ad6a-bf9d5ecfb894 0178aba702dd4587a0d54341fef3e4f8 6a303449ed364fb1aeb551790126752f - - default default] No more DHCP agents
2026-06-22 03:04:20.606 10 WARNING neutron.api.rpc.agentnotifiers.dhcp_rpc_agent_api [None req-58922b1e-b56e-4d6c-ad6a-bf9d5ecfb894 0178aba702dd4587a0d54341fef3e4f8 6a303449ed364fb1aeb551790126752f - - default default] Unable to schedule network cd0ceb81-340a-47dc-af82-5f90ba87d13c: no agents available; will retry on subsequent port and subnet creation events.
2026-06-22 03:04:20.609 9 INFO neutron.db.ovn_revision_numbers_db [None req-7291a3e1-c6fb-40f8-a391-e77567a63ea0 94629bd94e1446caa915264e4acd771d 863ad9f4504c4374afd36b0b6bee9e13 - - default default] Successfully bumped revision number for resource e417484c-63d2-4c90-8ddd-c214ee16bf49 (type: subnets) to 0
2026-06-22 03:04:20.630 9 INFO neutron.wsgi [None req-7291a3e1-c6fb-40f8-a391-e77567a63ea0 94629bd94e1446caa915264e4acd771d 863ad9f4504c4374afd36b0b6bee9e13 - - default default] 10.0.0.167 "POST /v2.0/subnets HTTP/1.1" status: 201 len: 822 time: 1.2365897
2026-06-22 03:04:20.735 9 INFO neutron.db.ovn_revision_numbers_db [None req-681d48a4-95a9-4bb3-86e7-ae49c031dbab - - - - - -] Successfully bumped revision number for resource 62e933a9-9df1-467e-975a-6dd7c8ce252b (type: ports) to 2
2026-06-22 03:04:20.911 9 INFO neutron.db.ovn_revision_numbers_db [None req-681d48a4-95a9-4bb3-86e7-ae49c031dbab - - - - - -] Successfully bumped revision number for resource 62e933a9-9df1-467e-975a-6dd7c8ce252b (type: router_ports) to 2
2026-06-22 03:04:20.923 10 INFO neutron.wsgi [req-b4b8e14b-6ea9-40c4-80f4-f8c01844a7a5 req-8c6933ef-081d-4841-9eab-8cd87fbc8b5a ae142a5fd12d426fa2507ab6004ea78b 7eabc14010fa4969ab224d754888bc3c - - default default] 10.0.0.204 "GET /v2.0/ports?device_id=f7042602-bb26-4d22-b0de-db348fab8153 HTTP/1.1" status: 200 len: 210 time: 0.0371652
2026-06-22 03:04:20.965 10 INFO neutron.db.ovn_revision_numbers_db [None req-58922b1e-b56e-4d6c-ad6a-bf9d5ecfb894 0178aba702dd4587a0d54341fef3e4f8 6a303449ed364fb1aeb551790126752f - - default default] Successfully bumped revision number for resource 62e933a9-9df1-467e-975a-6dd7c8ce252b (type: router_ports) to 2
2026-06-22 03:04:20.968 10 INFO neutron.wsgi [None req-58922b1e-b56e-4d6c-ad6a-bf9d5ecfb894 0178aba702dd4587a0d54341fef3e4f8 6a303449ed364fb1aeb551790126752f - - default default] 10.0.0.167 "PUT /v2.0/routers/05df7719-5979-40b4-8ed1-9fa2bfe3ee6f/add_router_interface HTTP/1.1" status: 200 len: 503 time: 1.7364330
2026-06-22 03:04:21.018 9 INFO neutron.wsgi [req-b651c22e-c8d6-457f-a0be-abd98cb34b1b req-096d51e5-e88e-4387-a09c-6015e9ecd3c6 ae142a5fd12d426fa2507ab6004ea78b 7eabc14010fa4969ab224d754888bc3c - - default default] 10.0.0.204 "GET /v2.0/ports?device_id=f7042602-bb26-4d22-b0de-db348fab8153 HTTP/1.1" status: 200 len: 210 time: 0.0241039
2026-06-22 03:04:21.096 10 INFO neutron.wsgi [None req-e528b1ed-c747-4354-b2ca-c5419bbee647 94629bd94e1446caa915264e4acd771d 863ad9f4504c4374afd36b0b6bee9e13 - - default default] 10.0.0.167 "POST /v2.0/rbac-policies HTTP/1.1" status: 201 len: 523 time: 0.4614692
2026-06-22 03:04:21.109 9 INFO neutron.wsgi [None req-265b44c4-cd7f-4393-bc96-306e3772f571 0178aba702dd4587a0d54341fef3e4f8 6a303449ed364fb1aeb551790126752f - - default default] 10.0.0.167 "GET /v2.0/ports/62e933a9-9df1-467e-975a-6dd7c8ce252b HTTP/1.1" status: 200 len: 1137 time: 0.1344118
2026-06-22 03:04:21.143 9 INFO neutron.wsgi [None req-a2f47c19-36e4-46af-99ee-96eb2a1aeddd 0178aba702dd4587a0d54341fef3e4f8 6a303449ed364fb1aeb551790126752f - - default default] 10.0.0.167 "GET /v2.0/ports/62e933a9-9df1-467e-975a-6dd7c8ce252b HTTP/1.1" status: 200 len: 1137 time: 0.0291004
2026-06-22 03:04:21.724 10 INFO neutron.wsgi [None req-0ae76cd0-8369-4293-a827-d5662b8226d4 b3541923058947db992947c6f6630c18 ec7a34fc07b14f1c91fd86f01bc1287c - - default default] 10.0.0.167 "GET /v2.0/networks/c26ea2eb-ad32-4e7e-86b8-fdc8412887a5 HTTP/1.1" status: 200 len: 849 time: 0.2484293
2026-06-22 03:04:21.755 9 INFO neutron.wsgi [req-17847c8b-d61b-4360-a930-3719314ce081 req-83a80c31-a309-4e72-874c-fee520ea5229 ae142a5fd12d426fa2507ab6004ea78b 7eabc14010fa4969ab224d754888bc3c - - default default] 199.204.45.65 "GET /v2.0/networks?id=4fe23e91-1ae4-437b-8c2a-f845d5f03f11 HTTP/1.1" status: 200 len: 937 time: 0.0969038
2026-06-22 03:04:21.852 9 INFO neutron.wsgi [req-17847c8b-d61b-4360-a930-3719314ce081 req-22dc0d52-9a0c-44a0-b4db-3fe214a350fa ae142a5fd12d426fa2507ab6004ea78b 7eabc14010fa4969ab224d754888bc3c - - default default] 199.204.45.65 "GET /v2.0/security-groups?fields=id&fields=name&tenant_id=7eabc14010fa4969ab224d754888bc3c HTTP/1.1" status: 200 len: 542 time: 0.0889990
2026-06-22 03:04:21.967 9 INFO neutron.wsgi [None req-83e6e163-fdc8-45c8-8338-95143a1a0bf2 0178aba702dd4587a0d54341fef3e4f8 6a303449ed364fb1aeb551790126752f - - default default] 10.0.0.167 "PUT /v2.0/routers/05df7719-5979-40b4-8ed1-9fa2bfe3ee6f/remove_router_interface HTTP/1.1" status: 200 len: 503 time: 0.8200326 /var/lib/openstack/lib/python3.10/site-packages/pycadf/identifier.py:71: UserWarning: Invalid uuid: neutron. To ensure interoperability, identifiers should be a valid uuid. warnings.warn(('Invalid uuid: %s. To ensure interoperability, '
2026-06-22 03:04:21.998 9 INFO neutron.wsgi [None req-58cc4e67-5d76-4565-b4d6-7c560213c065 0178aba702dd4587a0d54341fef3e4f8 6a303449ed364fb1aeb551790126752f - - default default] 10.0.0.167 "GET /v2.0/ports?device_id=05df7719-5979-40b4-8ed1-9fa2bfe3ee6f HTTP/1.1" status: 200 len: 205 time: 0.0231924
2026-06-22 03:04:22.150 10 INFO neutron.db.ovn_revision_numbers_db [None req-fe0f1ae4-4683-405f-9bab-35b6abe40e88 aad841ec4edf4287bca2b0e5c43cbea5 1ea50a77efbf426aa21eb1ed957cb77a - - default default] Successfully bumped revision number for resource 7abf2ab0-65bb-4638-b188-747e3541f49d (type: routers) to 1
2026-06-22 03:04:22.166 10 INFO neutron.wsgi [None req-fe0f1ae4-4683-405f-9bab-35b6abe40e88 aad841ec4edf4287bca2b0e5c43cbea5 1ea50a77efbf426aa21eb1ed957cb77a - - default default] 10.0.0.167 "POST /v2.0/routers HTTP/1.1" status: 201 len: 654 time: 0.6002586
2026-06-22 03:04:22.222 10 INFO neutron.pecan_wsgi.hooks.translation [None req-33779ecd-6c78-4cd6-91b9-77c9fe90dd1a fd55eb47f59245f78711b20a5c70bb99 8a90537958e54424bd98438de5f7aaa9 - - default default] GET failed (client error): The resource could not be found.
2026-06-22 03:04:22.223 10 INFO neutron.wsgi [None req-33779ecd-6c78-4cd6-91b9-77c9fe90dd1a fd55eb47f59245f78711b20a5c70bb99 8a90537958e54424bd98438de5f7aaa9 - - default default] 10.0.0.167 "GET /v2.0/networks/c26ea2eb-ad32-4e7e-86b8-fdc8412887a5 HTTP/1.1" status: 404 len: 339 time: 0.0912490
2026-06-22 03:04:22.249 10 INFO neutron.wsgi [None req-993e57a4-7e69-431f-b0ca-8f44c1cfffb5 aad841ec4edf4287bca2b0e5c43cbea5 1ea50a77efbf426aa21eb1ed957cb77a - - default default] 10.0.0.167 "PUT /v2.0/routers/7abf2ab0-65bb-4638-b188-747e3541f49d/tags HTTP/1.1" status: 200 len: 218 time: 0.0776849
2026-06-22 03:04:22.270 9 INFO neutron.wsgi [None req-0bb2e1f9-facb-42a7-a8c2-6766ba5d57c1 0178aba702dd4587a0d54341fef3e4f8 6a303449ed364fb1aeb551790126752f - - default default] 10.0.0.167 "DELETE /v2.0/routers/05df7719-5979-40b4-8ed1-9fa2bfe3ee6f HTTP/1.1" status: 204 len: 168 time: 0.2657895 /var/lib/openstack/lib/python3.10/site-packages/pycadf/identifier.py:71: UserWarning: Invalid uuid: neutron. To ensure interoperability, identifiers should be a valid uuid. warnings.warn(('Invalid uuid: %s. To ensure interoperability, '
2026-06-22 03:04:22.310 10 INFO neutron.wsgi [None req-715f8de8-a060-405d-bf8c-1b511c623ea4 aad841ec4edf4287bca2b0e5c43cbea5 1ea50a77efbf426aa21eb1ed957cb77a - - default default] 10.0.0.167 "GET /v2.0/routers/7abf2ab0-65bb-4638-b188-747e3541f49d/tags HTTP/1.1" status: 200 len: 218 time: 0.0559950
2026-06-22 03:04:22.316 9 WARNING neutron.scheduler.dhcp_agent_scheduler [req-17847c8b-d61b-4360-a930-3719314ce081 req-719b5f59-c91d-4504-a41d-9ac0aa1a4347 ae142a5fd12d426fa2507ab6004ea78b 7eabc14010fa4969ab224d754888bc3c - - default default] No more DHCP agents
2026-06-22 03:04:22.319 9 WARNING neutron.api.rpc.agentnotifiers.dhcp_rpc_agent_api [req-17847c8b-d61b-4360-a930-3719314ce081 req-719b5f59-c91d-4504-a41d-9ac0aa1a4347 ae142a5fd12d426fa2507ab6004ea78b 7eabc14010fa4969ab224d754888bc3c - - default default] Unable to schedule network 4fe23e91-1ae4-437b-8c2a-f845d5f03f11: no agents available; will retry on subsequent port and subnet creation events.
2026-06-22 03:04:22.390 10 INFO neutron.wsgi [None req-2676941b-631a-46f9-96de-6b44a0e3535b aad841ec4edf4287bca2b0e5c43cbea5 1ea50a77efbf426aa21eb1ed957cb77a - - default default] 10.0.0.167 "PUT /v2.0/routers/7abf2ab0-65bb-4638-b188-747e3541f49d/tags/green HTTP/1.1" status: 201 len: 201 time: 0.0742884
2026-06-22 03:04:22.435 10 INFO neutron.wsgi [None req-dfe3a4fc-2a62-419c-b6a3-c456d685ad36 aad841ec4edf4287bca2b0e5c43cbea5 1ea50a77efbf426aa21eb1ed957cb77a - - default default] 10.0.0.167 "GET /v2.0/routers/7abf2ab0-65bb-4638-b188-747e3541f49d/tags HTTP/1.1" status: 200 len: 227 time: 0.0391550
2026-06-22 03:04:22.517 10 INFO neutron.wsgi [None req-da172708-c72d-457d-8e4f-5a34c9b29850 aad841ec4edf4287bca2b0e5c43cbea5 1ea50a77efbf426aa21eb1ed957cb77a - - default default] 10.0.0.167 "PUT /v2.0/routers/7abf2ab0-65bb-4638-b188-747e3541f49d/tags/red HTTP/1.1" status: 201 len: 201 time: 0.0727115
2026-06-22 03:04:22.573 9 INFO neutron.db.ovn_revision_numbers_db [req-17847c8b-d61b-4360-a930-3719314ce081 req-719b5f59-c91d-4504-a41d-9ac0aa1a4347 ae142a5fd12d426fa2507ab6004ea78b 7eabc14010fa4969ab224d754888bc3c - - default default] Successfully bumped revision number for resource 3fbedf48-11cc-42fc-a33e-a290ed0d9e21 (type: ports) to 1
2026-06-22 03:04:22.590 10 INFO neutron.wsgi [None req-9d9ad900-9ecb-44f4-b69e-1fb849e243de aad841ec4edf4287bca2b0e5c43cbea5 1ea50a77efbf426aa21eb1ed957cb77a - - default default] 10.0.0.167 "GET /v2.0/routers/7abf2ab0-65bb-4638-b188-747e3541f49d/tags HTTP/1.1" status: 200 len: 227 time: 0.0662105
2026-06-22 03:04:22.592 9 INFO neutron.wsgi [None req-9ae24746-156b-4e9f-a268-6a8c10886022 0178aba702dd4587a0d54341fef3e4f8 6a303449ed364fb1aeb551790126752f - - default default] 10.0.0.167 "DELETE /v2.0/subnets/3bf76a0d-cf01-485d-b822-3f16ef6cce03 HTTP/1.1" status: 204 len: 168 time: 0.3173466 /var/lib/openstack/lib/python3.10/site-packages/pycadf/identifier.py:71: UserWarning: Invalid uuid: neutron. To ensure interoperability, identifiers should be a valid uuid. warnings.warn(('Invalid uuid: %s. To ensure interoperability, '
2026-06-22 03:04:22.621 9 INFO neutron.wsgi [req-17847c8b-d61b-4360-a930-3719314ce081 req-719b5f59-c91d-4504-a41d-9ac0aa1a4347 ae142a5fd12d426fa2507ab6004ea78b 7eabc14010fa4969ab224d754888bc3c - - default default] 199.204.45.65 "POST /v2.0/ports HTTP/1.1" status: 201 len: 1283 time: 0.7616804
2026-06-22 03:04:23.045 9 INFO neutron.wsgi [None req-2e95e57b-b015-4791-b411-edd3142096c5 aad841ec4edf4287bca2b0e5c43cbea5 1ea50a77efbf426aa21eb1ed957cb77a - - default default] 10.0.0.167 "PUT /v2.0/routers/7abf2ab0-65bb-4638-b188-747e3541f49d/tags/black.or.white HTTP/1.1" status: 201 len: 201 time: 0.4488549
2026-06-22 03:04:23.106 9 INFO neutron.wsgi [None req-fd852722-d95f-460f-af48-50eb153da543 aad841ec4edf4287bca2b0e5c43cbea5 1ea50a77efbf426aa21eb1ed957cb77a - - default default] 10.0.0.167 "GET /v2.0/routers/7abf2ab0-65bb-4638-b188-747e3541f49d/tags HTTP/1.1" status: 200 len: 245 time: 0.0539134
2026-06-22 03:04:23.148 10 INFO neutron.services.segments.plugin [-] Segment 95b33b8a-9ef6-47eb-af9a-03268b5dee34 resource provider aggregate not found
2026-06-22 03:04:23.161 10 INFO neutron.services.segments.plugin [-] Segment 95b33b8a-9ef6-47eb-af9a-03268b5dee34 resource provider aggregate not found
2026-06-22 03:04:23.182 10 INFO neutron.services.segments.plugin [-] Segment 95b33b8a-9ef6-47eb-af9a-03268b5dee34 resource provider not found; error: Placement Client Error (4xx): {"errors": [{"status": 404, "title": "Not Found", "detail": "The resource could not be found.\n\n No resource provider with uuid 95b33b8a-9ef6-47eb-af9a-03268b5dee34 found for delete ", "request_id": "req-c6280b8b-56cf-43e7-9eac-505dc9c9f2d7"}]}
2026-06-22 03:04:23.187 10 INFO neutron.services.segments.plugin [-] Segment 95b33b8a-9ef6-47eb-af9a-03268b5dee34 resource provider not found; error: Placement Client Error (4xx): {"errors": [{"status": 404, "title": "Not Found", "detail": "The resource could not be found.\n\n No resource provider with uuid 95b33b8a-9ef6-47eb-af9a-03268b5dee34 found for delete ", "request_id": "req-402feb81-2890-49a9-92bd-bd34ff8d884c"}]}
2026-06-22 03:04:23.212 10 INFO neutron.wsgi [None req-410ad45b-b3b4-45c9-8f67-73951e0422db 94629bd94e1446caa915264e4acd771d 863ad9f4504c4374afd36b0b6bee9e13 - - default default] 10.0.0.167 "DELETE /v2.0/networks/c26ea2eb-ad32-4e7e-86b8-fdc8412887a5 HTTP/1.1" status: 204 len: 168 time: 0.9805338
2026-06-22 03:04:23.214 9 INFO neutron.wsgi [None req-84cc490a-9788-4667-ae79-a2f07acf3bed aad841ec4edf4287bca2b0e5c43cbea5 1ea50a77efbf426aa21eb1ed957cb77a - - default default] 10.0.0.167 "PUT /v2.0/routers/7abf2ab0-65bb-4638-b188-747e3541f49d/tags HTTP/1.1" status: 200 len: 230 time: 0.0993373
2026-06-22 03:04:23.230 9 INFO neutron.wsgi [req-86377b21-fcd4-4bbe-af7f-a534e0a31e52 req-df364f1e-6c45-441d-a8b2-66a7044334c3 ae142a5fd12d426fa2507ab6004ea78b 7eabc14010fa4969ab224d754888bc3c - - default default] 10.0.0.204 "GET /v2.0/ports?device_id=f7042602-bb26-4d22-b0de-db348fab8153 HTTP/1.1" status: 200 len: 1281 time: 0.0539236
2026-06-22 03:04:23.262 10 INFO neutron.wsgi [None req-599fcaf4-f46a-4ff8-b27d-ab85656772cd 0178aba702dd4587a0d54341fef3e4f8 6a303449ed364fb1aeb551790126752f - - default default] 10.0.0.167 "DELETE /v2.0/networks/cd0ceb81-340a-47dc-af82-5f90ba87d13c HTTP/1.1" status: 204 len: 168 time: 0.6560757
2026-06-22 03:04:23.264 10 INFO neutron.pecan_wsgi.hooks.translation [None req-89c3a1ed-0032-496e-90ce-acfca3b2703c 94629bd94e1446caa915264e4acd771d 863ad9f4504c4374afd36b0b6bee9e13 - - default default] DELETE failed (client error): The resource could not be found.
2026-06-22 03:04:23.266 10 INFO neutron.wsgi [None req-89c3a1ed-0032-496e-90ce-acfca3b2703c 94629bd94e1446caa915264e4acd771d 863ad9f4504c4374afd36b0b6bee9e13 - - default default] 10.0.0.167 "DELETE /v2.0/subnets/abe52f93-5ea3-4e38-9840-a531ce303e3e HTTP/1.1" status: 404 len: 337 time: 0.0450897
2026-06-22 03:04:23.285 10 INFO neutron.wsgi [None req-25a2ca4d-367c-46d6-9f68-336a0c71661d aad841ec4edf4287bca2b0e5c43cbea5 1ea50a77efbf426aa21eb1ed957cb77a - - default default] 10.0.0.167 "GET /v2.0/routers/7abf2ab0-65bb-4638-b188-747e3541f49d/tags HTTP/1.1" status: 200 len: 230 time: 0.0648835
2026-06-22 03:04:23.305 9 INFO neutron.pecan_wsgi.hooks.translation [None req-eb2e08c2-00ca-4789-a953-a650dbeb2184 94629bd94e1446caa915264e4acd771d 863ad9f4504c4374afd36b0b6bee9e13 - - default default] DELETE failed (client error): The resource could not be found.
2026-06-22 03:04:23.308 9 INFO neutron.wsgi [None req-eb2e08c2-00ca-4789-a953-a650dbeb2184 94629bd94e1446caa915264e4acd771d 863ad9f4504c4374afd36b0b6bee9e13 - - default default] 10.0.0.167 "DELETE /v2.0/subnets/7117e68b-e632-4257-aee8-3c5401d8e032 HTTP/1.1" status: 404 len: 337 time: 0.0345809
2026-06-22 03:04:23.323 9 INFO neutron.wsgi [req-86377b21-fcd4-4bbe-af7f-a534e0a31e52 req-4196388c-b089-4555-a94b-4547fc639c38 ae142a5fd12d426fa2507ab6004ea78b 7eabc14010fa4969ab224d754888bc3c - - default default] 10.0.0.204 "GET /v2.0/security-groups?id=8423331c-da61-41bb-b044-0bfb3fc18cde&fields=id&fields=name HTTP/1.1" status: 200 len: 294 time: 0.0840037
2026-06-22 03:04:23.341 10 INFO neutron.pecan_wsgi.hooks.translation [None req-fa03af07-911d-492d-bc02-a2b2745f149e 94629bd94e1446caa915264e4acd771d 863ad9f4504c4374afd36b0b6bee9e13 - - default default] DELETE failed (client error): The resource could not be found.
2026-06-22 03:04:23.344 10 INFO neutron.wsgi [None req-fa03af07-911d-492d-bc02-a2b2745f149e 94629bd94e1446caa915264e4acd771d 863ad9f4504c4374afd36b0b6bee9e13 - - default default] 10.0.0.167 "DELETE /v2.0/subnets/e417484c-63d2-4c90-8ddd-c214ee16bf49 HTTP/1.1" status: 404 len: 337 time: 0.0300925
2026-06-22 03:04:23.346 10 INFO neutron.wsgi [None req-3d70295f-58e4-46d2-8e14-5e2dd260c2cd aad841ec4edf4287bca2b0e5c43cbea5 1ea50a77efbf426aa21eb1ed957cb77a - - default default] 10.0.0.167 "GET /v2.0/routers/7abf2ab0-65bb-4638-b188-747e3541f49d/tags/red HTTP/1.1" status: 204 len: 168 time: 0.0559673
2026-06-22 03:04:23.382 9 INFO neutron.wsgi [-] 10.0.0.180 "GET / HTTP/1.1" status: 200 len: 246 time: 0.0012116
2026-06-22 03:04:23.383 9 INFO neutron.wsgi [-] 10.0.0.180 "GET / HTTP/1.1" status: 200 len: 246 time: 0.0008717
2026-06-22 03:04:23.394 10 INFO neutron.api.v2.resource [None req-0c8b76b3-e150-48cf-8605-98bf5a97f858 aad841ec4edf4287bca2b0e5c43cbea5 1ea50a77efbf426aa21eb1ed957cb77a - - default default] show failed (client error): The resource could not be found.
2026-06-22 03:04:23.396 10 INFO neutron.wsgi [None req-0c8b76b3-e150-48cf-8605-98bf5a97f858 aad841ec4edf4287bca2b0e5c43cbea5 1ea50a77efbf426aa21eb1ed957cb77a - - default default] 10.0.0.167 "GET /v2.0/routers/7abf2ab0-65bb-4638-b188-747e3541f49d/tags/green HTTP/1.1" status: 404 len: 299 time: 0.0444803
2026-06-22 03:04:23.444 10 INFO neutron.wsgi [req-787cd63b-7a1c-43c6-b036-1f0727be039a req-b7cadee9-ca06-4714-98b5-4e648177b66f ae142a5fd12d426fa2507ab6004ea78b 7eabc14010fa4969ab224d754888bc3c - - default default] 10.0.0.204 "GET /v2.0/ports?device_id=f7042602-bb26-4d22-b0de-db348fab8153 HTTP/1.1" status: 200 len: 1301 time: 0.0482087
2026-06-22 03:04:23.473 10 INFO neutron.wsgi [None req-5b32600e-eacc-4c48-b767-ea5ec2613741 aad841ec4edf4287bca2b0e5c43cbea5 1ea50a77efbf426aa21eb1ed957cb77a - - default default] 10.0.0.167 "DELETE /v2.0/routers/7abf2ab0-65bb-4638-b188-747e3541f49d/tags/red HTTP/1.1" status: 204 len: 168 time: 0.0689306
2026-06-22 03:04:23.519 10 INFO neutron.wsgi [None req-2eb4d768-6a08-42ef-9f50-13568eb2cfd1 aad841ec4edf4287bca2b0e5c43cbea5 1ea50a77efbf426aa21eb1ed957cb77a - - default default] 10.0.0.167 "GET /v2.0/routers/7abf2ab0-65bb-4638-b188-747e3541f49d/tags HTTP/1.1" status: 200 len: 223 time: 0.0416970
2026-06-22 03:04:23.579 10 INFO neutron.api.v2.resource [None req-7ac44301-7a2b-46df-ba88-ed9fa5b9ae65 aad841ec4edf4287bca2b0e5c43cbea5 1ea50a77efbf426aa21eb1ed957cb77a - - default default] delete failed (client error): The resource could not be found.
2026-06-22 03:04:23.581 10 INFO neutron.wsgi [None req-7ac44301-7a2b-46df-ba88-ed9fa5b9ae65 aad841ec4edf4287bca2b0e5c43cbea5 1ea50a77efbf426aa21eb1ed957cb77a - - default default] 10.0.0.167 "DELETE /v2.0/routers/7abf2ab0-65bb-4638-b188-747e3541f49d/tags/green HTTP/1.1" status: 404 len: 299 time: 0.0571923
2026-06-22 03:04:23.657 10 INFO neutron.wsgi [None req-3d453d8c-a741-40d1-9ea6-ab818e3f7506 aad841ec4edf4287bca2b0e5c43cbea5 1ea50a77efbf426aa21eb1ed957cb77a - - default default] 10.0.0.167 "DELETE /v2.0/routers/7abf2ab0-65bb-4638-b188-747e3541f49d/tags HTTP/1.1" status: 204 len: 168 time: 0.0707088
2026-06-22 03:04:23.679 9 INFO neutron.db.ovn_revision_numbers_db [req-17847c8b-d61b-4360-a930-3719314ce081 req-561b06e6-dcec-4133-a555-ade79aa6b018 734614b4c2404eec86eff556eb3397d5 729eecc38e0e418189f1aeacfe5fa887 - - 6dbf41fada4c4580bca281f6161f7cb5 6dbf41fada4c4580bca281f6161f7cb5] Successfully bumped revision number for resource 3fbedf48-11cc-42fc-a33e-a290ed0d9e21 (type: ports) to 2
2026-06-22 03:04:23.708 10 INFO neutron.wsgi [None req-10bdaa67-2103-41e7-9186-b6daae6c574d aad841ec4edf4287bca2b0e5c43cbea5 1ea50a77efbf426aa21eb1ed957cb77a - - default default] 10.0.0.167 "GET /v2.0/routers/7abf2ab0-65bb-4638-b188-747e3541f49d/tags HTTP/1.1" status: 200 len: 205 time: 0.0454664
2026-06-22 03:04:23.773 10 INFO neutron.wsgi [None req-70471377-5504-4f63-8147-6685177648ef aad841ec4edf4287bca2b0e5c43cbea5 1ea50a77efbf426aa21eb1ed957cb77a - - default default] 10.0.0.167 "GET /v2.0/routers/7abf2ab0-65bb-4638-b188-747e3541f49d HTTP/1.1" status: 200 len: 655 time: 0.0580704
2026-06-22 03:04:23.996 9 WARNING neutron.scheduler.dhcp_agent_scheduler [None req-54c01491-50e1-4551-bc7e-8a12d5168a0a 0178aba702dd4587a0d54341fef3e4f8 6a303449ed364fb1aeb551790126752f - - default default] No more DHCP agents
2026-06-22 03:04:24.001 9 WARNING neutron.api.rpc.agentnotifiers.dhcp_rpc_agent_api [None req-54c01491-50e1-4551-bc7e-8a12d5168a0a 0178aba702dd4587a0d54341fef3e4f8 6a303449ed364fb1aeb551790126752f - - default default] Unable to schedule network d602eeec-741e-492d-a24e-35e3250cb710: no agents available; will retry on subsequent port and subnet creation events.
2026-06-22 03:04:24.016 9 INFO neutron.db.ovn_revision_numbers_db [req-17847c8b-d61b-4360-a930-3719314ce081 req-561b06e6-dcec-4133-a555-ade79aa6b018 734614b4c2404eec86eff556eb3397d5 729eecc38e0e418189f1aeacfe5fa887 - - 6dbf41fada4c4580bca281f6161f7cb5 6dbf41fada4c4580bca281f6161f7cb5] Successfully bumped revision number for resource 3fbedf48-11cc-42fc-a33e-a290ed0d9e21 (type: ports) to 2
2026-06-22 03:04:24.040 9 INFO neutron.wsgi [req-17847c8b-d61b-4360-a930-3719314ce081 req-561b06e6-dcec-4133-a555-ade79aa6b018 734614b4c2404eec86eff556eb3397d5 729eecc38e0e418189f1aeacfe5fa887 - - 6dbf41fada4c4580bca281f6161f7cb5 6dbf41fada4c4580bca281f6161f7cb5] 199.204.45.65 "PUT /v2.0/ports/3fbedf48-11cc-42fc-a33e-a290ed0d9e21 HTTP/1.1" status: 200 len: 1380 time: 1.4056463
2026-06-22 03:04:24.078 9 INFO neutron.notifiers.nova [-] Nova event matching ['req-bedb3076-8b66-4eaa-8d16-b1686ea3bee1'] response: {'name': 'network-changed', 'server_uuid': 'f7042602-bb26-4d22-b0de-db348fab8153', 'tag': '3fbedf48-11cc-42fc-a33e-a290ed0d9e21', 'status': 'completed', 'code': 200} /var/lib/openstack/lib/python3.10/site-packages/pycadf/identifier.py:71: UserWarning: Invalid uuid: neutron. To ensure interoperability, identifiers should be a valid uuid. warnings.warn(('Invalid uuid: %s. To ensure interoperability, '
2026-06-22 03:04:24.128 9 INFO neutron.wsgi [req-17847c8b-d61b-4360-a930-3719314ce081 req-774fa3ff-8be5-4644-808b-e48b4f9d66a3 734614b4c2404eec86eff556eb3397d5 729eecc38e0e418189f1aeacfe5fa887 - - 6dbf41fada4c4580bca281f6161f7cb5 6dbf41fada4c4580bca281f6161f7cb5] 199.204.45.65 "GET /v2.0/ports?tenant_id=7eabc14010fa4969ab224d754888bc3c&device_id=f7042602-bb26-4d22-b0de-db348fab8153 HTTP/1.1" status: 200 len: 1411 time: 0.0463986
2026-06-22 03:04:24.159 9 INFO neutron.wsgi [req-17847c8b-d61b-4360-a930-3719314ce081 req-873ab329-f539-4e2d-944d-dcef05a3b205 734614b4c2404eec86eff556eb3397d5 729eecc38e0e418189f1aeacfe5fa887 - - 6dbf41fada4c4580bca281f6161f7cb5 6dbf41fada4c4580bca281f6161f7cb5] 199.204.45.65 "GET /v2.0/floatingips?fixed_ip_address=172.24.0.38&port_id=3fbedf48-11cc-42fc-a33e-a290ed0d9e21 HTTP/1.1" status: 200 len: 217 time: 0.0211585
2026-06-22 03:04:24.210 9 INFO neutron.wsgi [req-17847c8b-d61b-4360-a930-3719314ce081 req-03248a75-ac1d-4568-9e0c-c54ecc67ed7b 734614b4c2404eec86eff556eb3397d5 729eecc38e0e418189f1aeacfe5fa887 - - 6dbf41fada4c4580bca281f6161f7cb5 6dbf41fada4c4580bca281f6161f7cb5] 199.204.45.65 "GET /v2.0/subnets?id=5170d8f8-49d3-48ca-b238-cc14299c3fb2 HTTP/1.1" status: 200 len: 829 time: 0.0429420
2026-06-22 03:04:24.242 10 INFO neutron.db.ovn_revision_numbers_db [None req-45caf664-5b30-407f-bf41-72c6237782fc aad841ec4edf4287bca2b0e5c43cbea5 1ea50a77efbf426aa21eb1ed957cb77a - - default default] Successfully bumped revision number for resource 7abf2ab0-65bb-4638-b188-747e3541f49d (type: routers) to 7
2026-06-22 03:04:24.245 10 INFO neutron.wsgi [None req-45caf664-5b30-407f-bf41-72c6237782fc aad841ec4edf4287bca2b0e5c43cbea5 1ea50a77efbf426aa21eb1ed957cb77a - - default default] 10.0.0.167 "PUT /v2.0/routers/7abf2ab0-65bb-4638-b188-747e3541f49d HTTP/1.1" status: 200 len: 655 time: 0.4650819
2026-06-22 03:04:24.247 9 INFO neutron.wsgi [req-17847c8b-d61b-4360-a930-3719314ce081 req-b93007e3-9167-49fd-85e1-8814f703614a 734614b4c2404eec86eff556eb3397d5 729eecc38e0e418189f1aeacfe5fa887 - - 6dbf41fada4c4580bca281f6161f7cb5 6dbf41fada4c4580bca281f6161f7cb5] 199.204.45.65 "GET /v2.0/ports?network_id=4fe23e91-1ae4-437b-8c2a-f845d5f03f11&device_owner=network%3Adhcp HTTP/1.1" status: 200 len: 210 time: 0.0253518
