2026-06-22 03:04:49.469 10 INFO neutron.db.ovn_revision_numbers_db [None req-8fde4249-c2e4-4a7a-9eac-202132a2659d ae142a5fd12d426fa2507ab6004ea78b 7eabc14010fa4969ab224d754888bc3c - - default default] Successfully bumped revision number for resource 02937d8c-3bc1-4f78-83eb-5e16f104dfe6 (type: security_group_rules) to 0
2026-06-22 03:04:49.490 10 INFO neutron.db.ovn_revision_numbers_db [None req-8fde4249-c2e4-4a7a-9eac-202132a2659d ae142a5fd12d426fa2507ab6004ea78b 7eabc14010fa4969ab224d754888bc3c - - default default] Successfully bumped revision number for resource 4f44187d-3d47-4e05-a056-176e4f71a74c (type: security_group_rules) to 0
2026-06-22 03:04:49.490 9 INFO neutron.wsgi [None req-66e117c7-d9a2-4660-8b1b-a2a76aa65f28 bbdd2f265ed742c19514d910452e5fbd 40d336062dbc40fcb651197d28b35f93 - - default default] 10.0.0.167 "GET /v2.0/networks/ccc68574-403b-4ae3-a731-c845992c19b3/tags HTTP/1.1" status: 200 len: 230 time: 0.0394201
2026-06-22 03:04:49.518 10 INFO neutron.db.ovn_revision_numbers_db [None req-8fde4249-c2e4-4a7a-9eac-202132a2659d ae142a5fd12d426fa2507ab6004ea78b 7eabc14010fa4969ab224d754888bc3c - - default default] Successfully bumped revision number for resource 69433bfc-5ea4-4c53-b075-ebdd77a523f4 (type: security_group_rules) to 0
2026-06-22 03:04:49.536 9 INFO neutron.wsgi [None req-291a2cf9-76af-4073-8876-dc78228f4e14 bbdd2f265ed742c19514d910452e5fbd 40d336062dbc40fcb651197d28b35f93 - - default default] 10.0.0.167 "GET /v2.0/networks/ccc68574-403b-4ae3-a731-c845992c19b3/tags/red HTTP/1.1" status: 204 len: 168 time: 0.0414312
2026-06-22 03:04:49.537 10 INFO neutron.db.ovn_revision_numbers_db [None req-8fde4249-c2e4-4a7a-9eac-202132a2659d ae142a5fd12d426fa2507ab6004ea78b 7eabc14010fa4969ab224d754888bc3c - - default default] Successfully bumped revision number for resource 699e162a-437c-440d-a43b-dc91addc2fcd (type: security_group_rules) to 0
2026-06-22 03:04:49.589 10 INFO neutron.api.v2.resource [None req-4c8b824a-ac86-433d-abb0-ab368b380663 bbdd2f265ed742c19514d910452e5fbd 40d336062dbc40fcb651197d28b35f93 - - default default] show failed (client error): The resource could not be found.
2026-06-22 03:04:49.591 10 INFO neutron.wsgi [None req-4c8b824a-ac86-433d-abb0-ab368b380663 bbdd2f265ed742c19514d910452e5fbd 40d336062dbc40fcb651197d28b35f93 - - default default] 10.0.0.167 "GET /v2.0/networks/ccc68574-403b-4ae3-a731-c845992c19b3/tags/green HTTP/1.1" status: 404 len: 299 time: 0.0452504
2026-06-22 03:04:49.608 10 INFO neutron.db.segments_db [None req-8fde4249-c2e4-4a7a-9eac-202132a2659d ae142a5fd12d426fa2507ab6004ea78b 7eabc14010fa4969ab224d754888bc3c - - default default] Added segment 8fd58296-b34c-4506-9660-5ea36d87b18d of type geneve for network 18250b13-9070-4206-90db-a9c01bfdd03c
2026-06-22 03:04:49.675 9 INFO neutron.wsgi [None req-307dc029-7276-4724-b6e7-01913211c781 ae142a5fd12d426fa2507ab6004ea78b 7eabc14010fa4969ab224d754888bc3c - - default default] 10.0.0.199 "GET /v2.0/ports HTTP/1.1" status: 200 len: 20773 time: 0.1338546
2026-06-22 03:04:49.698 9 INFO neutron.wsgi [None req-57f93c85-e0b7-4290-a3a5-b9313d2749f3 bbdd2f265ed742c19514d910452e5fbd 40d336062dbc40fcb651197d28b35f93 - - default default] 10.0.0.167 "DELETE /v2.0/networks/ccc68574-403b-4ae3-a731-c845992c19b3/tags/red HTTP/1.1" status: 204 len: 168 time: 0.0992677
2026-06-22 03:04:49.781 10 INFO neutron.wsgi [None req-be3be461-98ed-4fd5-96b8-3713a74699de bbdd2f265ed742c19514d910452e5fbd 40d336062dbc40fcb651197d28b35f93 - - default default] 10.0.0.167 "GET /v2.0/networks/ccc68574-403b-4ae3-a731-c845992c19b3/tags HTTP/1.1" status: 200 len: 223 time: 0.0766282
2026-06-22 03:04:49.827 9 INFO neutron.wsgi [None req-e78b41fd-7a59-497a-983d-c566563ec66f ae142a5fd12d426fa2507ab6004ea78b 7eabc14010fa4969ab224d754888bc3c - - default default] 10.0.0.199 "GET /v2.0/routers HTTP/1.1" status: 200 len: 849 time: 0.1370220
2026-06-22 03:04:49.852 10 INFO neutron.db.ovn_revision_numbers_db [None req-8fde4249-c2e4-4a7a-9eac-202132a2659d ae142a5fd12d426fa2507ab6004ea78b 7eabc14010fa4969ab224d754888bc3c - - default default] Successfully bumped revision number for resource 18250b13-9070-4206-90db-a9c01bfdd03c (type: networks) to 1
2026-06-22 03:04:49.858 9 INFO neutron.wsgi [None req-ed52976d-32b5-4951-accc-8e823dba4727 ae142a5fd12d426fa2507ab6004ea78b 7eabc14010fa4969ab224d754888bc3c - - default default] 10.0.0.199 "GET /v2.0/agents?binary=ovn-controller HTTP/1.1" status: 200 len: 591 time: 0.0274055
2026-06-22 03:04:49.869 9 INFO neutron.api.v2.resource [None req-21785126-03c5-4351-aa7b-e9b8dc532c44 bbdd2f265ed742c19514d910452e5fbd 40d336062dbc40fcb651197d28b35f93 - - default default] delete failed (client error): The resource could not be found.
2026-06-22 03:04:49.871 9 INFO neutron.wsgi [None req-21785126-03c5-4351-aa7b-e9b8dc532c44 bbdd2f265ed742c19514d910452e5fbd 40d336062dbc40fcb651197d28b35f93 - - default default] 10.0.0.167 "DELETE /v2.0/networks/ccc68574-403b-4ae3-a731-c845992c19b3/tags/green HTTP/1.1" status: 404 len: 299 time: 0.0796251
2026-06-22 03:04:49.947 9 INFO neutron.wsgi [None req-d7c01c80-3383-4501-837c-e609f3966eca ae142a5fd12d426fa2507ab6004ea78b 7eabc14010fa4969ab224d754888bc3c - - default default] 10.0.0.199 "GET /v2.0/subnets HTTP/1.1" status: 200 len: 5492 time: 0.0867617
2026-06-22 03:04:49.964 9 INFO neutron.wsgi [None req-4456290c-4dbf-42e3-bf10-7137a45095c2 ae142a5fd12d426fa2507ab6004ea78b 7eabc14010fa4969ab224d754888bc3c - - default default] 10.0.0.199 "GET /v2.0/subnetpools HTTP/1.1" status: 200 len: 193 time: 0.0136843
2026-06-22 03:04:49.978 9 INFO neutron.wsgi [None req-1ff435ae-f033-41a6-a9db-36899c78dcc7 bbdd2f265ed742c19514d910452e5fbd 40d336062dbc40fcb651197d28b35f93 - - default default] 10.0.0.167 "DELETE /v2.0/networks/ccc68574-403b-4ae3-a731-c845992c19b3/tags HTTP/1.1" status: 204 len: 168 time: 0.0932589
2026-06-22 03:04:49.982 9 INFO neutron.wsgi [None req-80d250ab-2323-4e9f-ae4a-8fedd6c872d6 ae142a5fd12d426fa2507ab6004ea78b 7eabc14010fa4969ab224d754888bc3c - - default default] 10.0.0.199 "GET /v2.0/network-ip-availabilities HTTP/1.1" status: 200 len: 3907 time: 0.0170507
2026-06-22 03:04:50.028 10 INFO neutron.wsgi [None req-d24938ef-1f6f-46f6-840e-371c9996d096 bbdd2f265ed742c19514d910452e5fbd 40d336062dbc40fcb651197d28b35f93 - - default default] 10.0.0.167 "GET /v2.0/networks/ccc68574-403b-4ae3-a731-c845992c19b3/tags HTTP/1.1" status: 200 len: 205 time: 0.0424731
2026-06-22 03:04:50.028 9 INFO neutron.wsgi [None req-224ee2b1-0c2e-4100-b5bd-cfc1ff0901a0 ae142a5fd12d426fa2507ab6004ea78b 7eabc14010fa4969ab224d754888bc3c - - default default] 10.0.0.199 "GET /v2.0/floatingips HTTP/1.1" status: 200 len: 1876 time: 0.0445087
2026-06-22 03:04:50.070 10 WARNING neutron.scheduler.dhcp_agent_scheduler [None req-8fde4249-c2e4-4a7a-9eac-202132a2659d ae142a5fd12d426fa2507ab6004ea78b 7eabc14010fa4969ab224d754888bc3c - - default default] No more DHCP agents
2026-06-22 03:04:50.092 10 WARNING neutron.api.rpc.agentnotifiers.dhcp_rpc_agent_api [None req-8fde4249-c2e4-4a7a-9eac-202132a2659d ae142a5fd12d426fa2507ab6004ea78b 7eabc14010fa4969ab224d754888bc3c - - default default] Unable to schedule network 18250b13-9070-4206-90db-a9c01bfdd03c: no agents available; will retry on subsequent port and subnet creation events.
2026-06-22 03:04:50.114 9 INFO neutron.wsgi [None req-f921be84-4561-4760-a3d5-143340ae44f5 ae142a5fd12d426fa2507ab6004ea78b 7eabc14010fa4969ab224d754888bc3c - - default default] 10.0.0.199 "GET /v2.0/networks HTTP/1.1" status: 200 len: 6146 time: 0.0829215
2026-06-22 03:04:50.167 9 INFO neutron.wsgi [None req-97e11625-f831-4ab1-bac5-df558a005034 ae142a5fd12d426fa2507ab6004ea78b 7eabc14010fa4969ab224d754888bc3c - - default default] 10.0.0.199 "GET /v2.0/subnets HTTP/1.1" status: 200 len: 5492 time: 0.0436764
2026-06-22 03:04:50.242 10 INFO neutron.db.ovn_revision_numbers_db [None req-8fde4249-c2e4-4a7a-9eac-202132a2659d ae142a5fd12d426fa2507ab6004ea78b 7eabc14010fa4969ab224d754888bc3c - - default default] Successfully bumped revision number for resource 66ba1f02-3235-4c0d-b3a1-b539d1f02db0 (type: ports) to 1
2026-06-22 03:04:50.246 9 INFO neutron.wsgi [None req-65580bb6-6a10-4746-b6d4-3356c4494fc8 ae142a5fd12d426fa2507ab6004ea78b 7eabc14010fa4969ab224d754888bc3c - - default default] 10.0.0.199 "GET /v2.0/security-groups HTTP/1.1" status: 200 len: 34632 time: 0.0781462
2026-06-22 03:04:50.270 9 INFO neutron.wsgi [None req-fb657835-35aa-4bcc-b643-b44484a90e13 ae142a5fd12d426fa2507ab6004ea78b 7eabc14010fa4969ab224d754888bc3c - - default default] 10.0.0.199 "GET /v2.0/agents HTTP/1.1" status: 200 len: 997 time: 0.0148530
2026-06-22 03:04:50.277 10 INFO neutron.wsgi [None req-8fde4249-c2e4-4a7a-9eac-202132a2659d ae142a5fd12d426fa2507ab6004ea78b 7eabc14010fa4969ab224d754888bc3c - - default default] 10.0.0.167 "POST /v2.0/networks HTTP/1.1" status: 201 len: 943 time: 1.0928319
2026-06-22 03:04:50.499 10 WARNING neutron.scheduler.dhcp_agent_scheduler [None req-7ed3f6e1-3927-4d81-a724-d50b3090e0f3 ae142a5fd12d426fa2507ab6004ea78b 7eabc14010fa4969ab224d754888bc3c - - default default] No more DHCP agents
2026-06-22 03:04:50.516 10 WARNING neutron.api.rpc.agentnotifiers.dhcp_rpc_agent_api [None req-7ed3f6e1-3927-4d81-a724-d50b3090e0f3 ae142a5fd12d426fa2507ab6004ea78b 7eabc14010fa4969ab224d754888bc3c - - default default] Unable to schedule network 18250b13-9070-4206-90db-a9c01bfdd03c: no agents available; will retry on subsequent port and subnet creation events.
2026-06-22 03:04:50.536 10 INFO neutron.services.segments.plugin [-] Segment c58ab7a0-247e-4ec4-880d-da045f092b97 resource provider aggregate not found
2026-06-22 03:04:50.540 10 INFO neutron.services.segments.plugin [-] Segment c58ab7a0-247e-4ec4-880d-da045f092b97 resource provider aggregate not found
2026-06-22 03:04:50.574 10 INFO neutron.services.segments.plugin [-] Segment c58ab7a0-247e-4ec4-880d-da045f092b97 resource provider not found; error: Placement Client Error (4xx): {"errors": [{"status": 404, "title": "Not Found", "detail": "The resource could not be found.\n\n No resource provider with uuid c58ab7a0-247e-4ec4-880d-da045f092b97 found for delete ", "request_id": "req-83317079-6283-4aa6-a12d-1555963ab10d"}]}
2026-06-22 03:04:50.576 10 INFO neutron.services.segments.plugin [-] Segment c58ab7a0-247e-4ec4-880d-da045f092b97 resource provider not found; error: Placement Client Error (4xx): {"errors": [{"status": 404, "title": "Not Found", "detail": "The resource could not be found.\n\n No resource provider with uuid c58ab7a0-247e-4ec4-880d-da045f092b97 found for delete ", "request_id": "req-68ba2f41-c700-42f0-bb2a-adb2fd40296f"}]}
2026-06-22 03:04:50.615 10 INFO neutron.wsgi [None req-ac55bbf5-4807-4004-9412-bcc8e1c6481f bbdd2f265ed742c19514d910452e5fbd 40d336062dbc40fcb651197d28b35f93 - - default default] 10.0.0.167 "DELETE /v2.0/networks/ccc68574-403b-4ae3-a731-c845992c19b3 HTTP/1.1" status: 204 len: 168 time: 0.5792780
2026-06-22 03:04:51.095 10 INFO neutron.db.ovn_revision_numbers_db [None req-7ed3f6e1-3927-4d81-a724-d50b3090e0f3 ae142a5fd12d426fa2507ab6004ea78b 7eabc14010fa4969ab224d754888bc3c - - default default] Successfully bumped revision number for resource 66ba1f02-3235-4c0d-b3a1-b539d1f02db0 (type: ports) to 2
2026-06-22 03:04:51.129 10 INFO neutron.db.ovn_revision_numbers_db [None req-7ed3f6e1-3927-4d81-a724-d50b3090e0f3 ae142a5fd12d426fa2507ab6004ea78b 7eabc14010fa4969ab224d754888bc3c - - default default] Successfully bumped revision number for resource f04d6549-1648-4a8b-b5be-7261149f8fb2 (type: subnets) to 0
2026-06-22 03:04:51.143 10 INFO neutron.wsgi [None req-7ed3f6e1-3927-4d81-a724-d50b3090e0f3 ae142a5fd12d426fa2507ab6004ea78b 7eabc14010fa4969ab224d754888bc3c - - default default] 10.0.0.167 "POST /v2.0/subnets HTTP/1.1" status: 201 len: 863 time: 0.8597257
2026-06-22 03:04:51.662 9 INFO neutron.db.ovn_revision_numbers_db [None req-37ccc29f-53e7-4d79-8ec4-6bef6bd199b0 ae142a5fd12d426fa2507ab6004ea78b 7eabc14010fa4969ab224d754888bc3c - - default default] Successfully bumped revision number for resource da46e6ba-d6fb-4745-91b1-52719a370818 (type: security_groups) to 1
2026-06-22 03:04:51.702 9 INFO neutron.db.ovn_revision_numbers_db [None req-37ccc29f-53e7-4d79-8ec4-6bef6bd199b0 ae142a5fd12d426fa2507ab6004ea78b 7eabc14010fa4969ab224d754888bc3c - - default default] Successfully bumped revision number for resource 24a280a2-5e43-4b94-aaf5-d97a06b3356a (type: security_group_rules) to 0
2026-06-22 03:04:51.715 10 WARNING neutron.scheduler.dhcp_agent_scheduler [None req-67e9900c-3249-4c44-b0b0-0f559a9dad68 ae142a5fd12d426fa2507ab6004ea78b 7eabc14010fa4969ab224d754888bc3c - - default default] No more DHCP agents
2026-06-22 03:04:51.719 10 WARNING neutron.api.rpc.agentnotifiers.dhcp_rpc_agent_api [None req-67e9900c-3249-4c44-b0b0-0f559a9dad68 ae142a5fd12d426fa2507ab6004ea78b 7eabc14010fa4969ab224d754888bc3c - - default default] Unable to schedule network d602eeec-741e-492d-a24e-35e3250cb710: no agents available; will retry on subsequent port and subnet creation events.
2026-06-22 03:04:51.727 9 INFO neutron.db.ovn_revision_numbers_db [None req-37ccc29f-53e7-4d79-8ec4-6bef6bd199b0 ae142a5fd12d426fa2507ab6004ea78b 7eabc14010fa4969ab224d754888bc3c - - default default] Successfully bumped revision number for resource 366f9ff4-f2e5-44cd-aa29-ac32cf9621c6 (type: security_group_rules) to 0
2026-06-22 03:04:51.751 9 INFO neutron.db.ovn_revision_numbers_db [None req-37ccc29f-53e7-4d79-8ec4-6bef6bd199b0 ae142a5fd12d426fa2507ab6004ea78b 7eabc14010fa4969ab224d754888bc3c - - default default] Successfully bumped revision number for resource 8ae05c5c-3bc9-482f-8ddc-bf5874fbbb5a (type: security_group_rules) to 0
2026-06-22 03:04:51.772 9 INFO neutron.db.ovn_revision_numbers_db [None req-37ccc29f-53e7-4d79-8ec4-6bef6bd199b0 ae142a5fd12d426fa2507ab6004ea78b 7eabc14010fa4969ab224d754888bc3c - - default default] Successfully bumped revision number for resource a8557726-7745-41a2-ac4b-60595ac6825d (type: security_group_rules) to 0
2026-06-22 03:04:51.813 9 INFO neutron.wsgi [None req-37ccc29f-53e7-4d79-8ec4-6bef6bd199b0 ae142a5fd12d426fa2507ab6004ea78b 7eabc14010fa4969ab224d754888bc3c - - default default] 10.0.0.167 "GET /v2.0/security-groups?tenant_id=5af422f8e5bc4afb8156acb4b4500707&name=default HTTP/1.1" status: 200 len: 3000 time: 0.4905932
2026-06-22 03:04:51.937 10 INFO neutron.db.ovn_revision_numbers_db [None req-67e9900c-3249-4c44-b0b0-0f559a9dad68 ae142a5fd12d426fa2507ab6004ea78b 7eabc14010fa4969ab224d754888bc3c - - default default] Successfully bumped revision number for resource 600b72fc-bbe5-4935-8c5f-a3e86b492aeb (type: ports) to 1
2026-06-22 03:04:52.041 9 INFO neutron.wsgi [None req-c56bd6ed-df02-4047-b66e-40dbae3137f4 ae142a5fd12d426fa2507ab6004ea78b 7eabc14010fa4969ab224d754888bc3c - - default default] 10.0.0.167 "DELETE /v2.0/security-groups/da46e6ba-d6fb-4745-91b1-52719a370818 HTTP/1.1" status: 204 len: 168 time: 0.2226171
2026-06-22 03:04:52.213 9 INFO neutron.wsgi [None req-eeeca09c-4355-4a08-9996-171e9dfc840c ae142a5fd12d426fa2507ab6004ea78b 7eabc14010fa4969ab224d754888bc3c - - default default] 10.0.0.167 "GET /v2.0/security-groups?tenant_id=40d336062dbc40fcb651197d28b35f93&name=default HTTP/1.1" status: 200 len: 3000 time: 0.0385706
2026-06-22 03:04:52.393 9 INFO neutron.wsgi [None req-afb66d8c-42f5-471e-8c0a-2d173cf87abe ae142a5fd12d426fa2507ab6004ea78b 7eabc14010fa4969ab224d754888bc3c - - default default] 10.0.0.167 "DELETE /v2.0/security-groups/f4ff2e8c-44c4-457a-8c52-717aa7fc4d54 HTTP/1.1" status: 204 len: 168 time: 0.1753359
2026-06-22 03:04:52.587 10 INFO neutron.plugins.ml2.drivers.ovn.mech_driver.mech_driver [None req-56b9dfb7-0d72-4fc8-af68-cabe92f1afec - - - - - -] OVN reports status up for port: 600b72fc-bbe5-4935-8c5f-a3e86b492aeb
2026-06-22 03:04:52.595 10 INFO neutron.plugins.ml2.drivers.ovn.mech_driver.ovsdb.ovsdb_monitor [None req-912d1651-9715-480a-95fe-ee43112674c0 - - - - - -] Router cd1efaf0-5f45-4d28-a89f-a471cbc190a5 is bound to host instance
2026-06-22 03:04:52.617 10 INFO neutron.plugins.ml2.plugin [None req-56b9dfb7-0d72-4fc8-af68-cabe92f1afec - - - - - -] Attempt 1 to provision port 600b72fc-bbe5-4935-8c5f-a3e86b492aeb
2026-06-22 03:04:52.631 10 INFO neutron.db.ovn_revision_numbers_db [None req-67e9900c-3249-4c44-b0b0-0f559a9dad68 ae142a5fd12d426fa2507ab6004ea78b 7eabc14010fa4969ab224d754888bc3c - - default default] Successfully bumped revision number for resource 600b72fc-bbe5-4935-8c5f-a3e86b492aeb (type: router_ports) to 1
2026-06-22 03:04:52.768 10 INFO neutron.db.ovn_revision_numbers_db [None req-67e9900c-3249-4c44-b0b0-0f559a9dad68 ae142a5fd12d426fa2507ab6004ea78b 7eabc14010fa4969ab224d754888bc3c - - default default] Successfully bumped revision number for resource cd1efaf0-5f45-4d28-a89f-a471cbc190a5 (type: routers) to 2
2026-06-22 03:04:52.816 10 INFO neutron.wsgi [None req-67e9900c-3249-4c44-b0b0-0f559a9dad68 ae142a5fd12d426fa2507ab6004ea78b 7eabc14010fa4969ab224d754888bc3c - - default default] 10.0.0.167 "POST /v2.0/routers HTTP/1.1" status: 201 len: 874 time: 1.6683831
2026-06-22 03:04:53.253 10 INFO neutron.db.ovn_revision_numbers_db [None req-912d1651-9715-480a-95fe-ee43112674c0 - - - - - -] Successfully bumped revision number for resource 600b72fc-bbe5-4935-8c5f-a3e86b492aeb (type: ports) to 1
2026-06-22 03:04:53.295 9 WARNING neutron.scheduler.dhcp_agent_scheduler [None req-a758182b-276f-4a99-8a06-3fdba7a021ef ae142a5fd12d426fa2507ab6004ea78b 7eabc14010fa4969ab224d754888bc3c - - default default] No more DHCP agents
2026-06-22 03:04:53.299 9 WARNING neutron.api.rpc.agentnotifiers.dhcp_rpc_agent_api [None req-a758182b-276f-4a99-8a06-3fdba7a021ef ae142a5fd12d426fa2507ab6004ea78b 7eabc14010fa4969ab224d754888bc3c - - default default] Unable to schedule network 18250b13-9070-4206-90db-a9c01bfdd03c: no agents available; will retry on subsequent port and subnet creation events.
2026-06-22 03:04:53.381 9 INFO neutron.wsgi [-] 10.0.0.180 "GET / HTTP/1.1" status: 200 len: 246 time: 0.0017374
2026-06-22 03:04:53.383 9 INFO neutron.wsgi [-] 10.0.0.180 "GET / HTTP/1.1" status: 200 len: 246 time: 0.0010452
2026-06-22 03:04:53.559 9 INFO neutron.db.ovn_revision_numbers_db [None req-a758182b-276f-4a99-8a06-3fdba7a021ef ae142a5fd12d426fa2507ab6004ea78b 7eabc14010fa4969ab224d754888bc3c - - default default] Successfully bumped revision number for resource c8039978-e219-45b9-a8f0-ba5cae78ff32 (type: ports) to 1
2026-06-22 03:04:53.573 10 INFO neutron.db.ovn_revision_numbers_db [None req-912d1651-9715-480a-95fe-ee43112674c0 - - - - - -] Successfully bumped revision number for resource 600b72fc-bbe5-4935-8c5f-a3e86b492aeb (type: router_ports) to 3
2026-06-22 03:04:54.052 10 INFO neutron.db.ovn_revision_numbers_db [None req-912d1651-9715-480a-95fe-ee43112674c0 - - - - - -] Successfully bumped revision number for resource 600b72fc-bbe5-4935-8c5f-a3e86b492aeb (type: ports) to 2
2026-06-22 03:04:54.079 9 INFO neutron.plugins.ml2.drivers.ovn.mech_driver.mech_driver [None req-681d48a4-95a9-4bb3-86e7-ae49c031dbab - - - - - -] OVN reports status up for port: c8039978-e219-45b9-a8f0-ba5cae78ff32
2026-06-22 03:04:54.092 9 INFO neutron.plugins.ml2.plugin [None req-681d48a4-95a9-4bb3-86e7-ae49c031dbab - - - - - -] Attempt 1 to provision port c8039978-e219-45b9-a8f0-ba5cae78ff32
2026-06-22 03:04:54.108 9 INFO neutron.db.ovn_revision_numbers_db [None req-a758182b-276f-4a99-8a06-3fdba7a021ef ae142a5fd12d426fa2507ab6004ea78b 7eabc14010fa4969ab224d754888bc3c - - default default] Successfully bumped revision number for resource c8039978-e219-45b9-a8f0-ba5cae78ff32 (type: router_ports) to 1
2026-06-22 03:04:54.308 10 INFO neutron.db.ovn_revision_numbers_db [None req-912d1651-9715-480a-95fe-ee43112674c0 - - - - - -] Successfully bumped revision number for resource 600b72fc-bbe5-4935-8c5f-a3e86b492aeb (type: ports) to 4
2026-06-22 03:04:54.320 9 INFO neutron.db.ovn_revision_numbers_db [None req-a758182b-276f-4a99-8a06-3fdba7a021ef ae142a5fd12d426fa2507ab6004ea78b 7eabc14010fa4969ab224d754888bc3c - - default default] Successfully bumped revision number for resource c8039978-e219-45b9-a8f0-ba5cae78ff32 (type: ports) to 1
2026-06-22 03:04:54.414 9 WARNING neutron.scheduler.dhcp_agent_scheduler [None req-a758182b-276f-4a99-8a06-3fdba7a021ef ae142a5fd12d426fa2507ab6004ea78b 7eabc14010fa4969ab224d754888bc3c - - default default] No more DHCP agents
2026-06-22 03:04:54.416 9 WARNING neutron.api.rpc.agentnotifiers.dhcp_rpc_agent_api [None req-a758182b-276f-4a99-8a06-3fdba7a021ef ae142a5fd12d426fa2507ab6004ea78b 7eabc14010fa4969ab224d754888bc3c - - default default] Unable to schedule network 18250b13-9070-4206-90db-a9c01bfdd03c: no agents available; will retry on subsequent port and subnet creation events.
2026-06-22 03:04:54.488 9 INFO neutron.db.ovn_revision_numbers_db [None req-681d48a4-95a9-4bb3-86e7-ae49c031dbab - - - - - -] Successfully bumped revision number for resource c8039978-e219-45b9-a8f0-ba5cae78ff32 (type: ports) to 2
2026-06-22 03:04:54.564 10 INFO neutron.db.ovn_revision_numbers_db [None req-912d1651-9715-480a-95fe-ee43112674c0 - - - - - -] Successfully bumped revision number for resource 600b72fc-bbe5-4935-8c5f-a3e86b492aeb (type: router_ports) to 4
2026-06-22 03:04:54.656 9 INFO neutron.db.ovn_revision_numbers_db [None req-681d48a4-95a9-4bb3-86e7-ae49c031dbab - - - - - -] Successfully bumped revision number for resource c8039978-e219-45b9-a8f0-ba5cae78ff32 (type: router_ports) to 2
2026-06-22 03:04:55.138 9 INFO neutron.db.ovn_revision_numbers_db [None req-a758182b-276f-4a99-8a06-3fdba7a021ef ae142a5fd12d426fa2507ab6004ea78b 7eabc14010fa4969ab224d754888bc3c - - default default] Successfully bumped revision number for resource c8039978-e219-45b9-a8f0-ba5cae78ff32 (type: router_ports) to 2
2026-06-22 03:04:55.141 9 INFO neutron.wsgi [None req-a758182b-276f-4a99-8a06-3fdba7a021ef ae142a5fd12d426fa2507ab6004ea78b 7eabc14010fa4969ab224d754888bc3c - - default default] 10.0.0.167 "PUT /v2.0/routers/cd1efaf0-5f45-4d28-a89f-a471cbc190a5/add_router_interface HTTP/1.1" status: 200 len: 503 time: 2.3201141
2026-06-22 03:04:56.157 10 INFO neutron.db.ovn_revision_numbers_db [None req-de6a6ba5-6f31-406c-9bef-9c6292e37846 9e8812cba93740f38b5fcaf7368ce3d6 f60d2ce04b0e4f0493aa88e9bb4529b0 - - default default] Successfully bumped revision number for resource a08a283f-bf5b-4866-a612-cb76c1c2eb33 (type: security_groups) to 1
2026-06-22 03:04:56.188 10 INFO neutron.db.ovn_revision_numbers_db [None req-de6a6ba5-6f31-406c-9bef-9c6292e37846 9e8812cba93740f38b5fcaf7368ce3d6 f60d2ce04b0e4f0493aa88e9bb4529b0 - - default default] Successfully bumped revision number for resource 10a062e7-f7ef-4b73-9e8b-a3adec044cd3 (type: security_group_rules) to 0
2026-06-22 03:04:56.202 10 INFO neutron.db.ovn_revision_numbers_db [None req-de6a6ba5-6f31-406c-9bef-9c6292e37846 9e8812cba93740f38b5fcaf7368ce3d6 f60d2ce04b0e4f0493aa88e9bb4529b0 - - default default] Successfully bumped revision number for resource 13bcc0ef-50a1-46bc-8edc-88098c71b61a (type: security_group_rules) to 0
2026-06-22 03:04:56.227 10 INFO neutron.db.ovn_revision_numbers_db [None req-de6a6ba5-6f31-406c-9bef-9c6292e37846 9e8812cba93740f38b5fcaf7368ce3d6 f60d2ce04b0e4f0493aa88e9bb4529b0 - - default default] Successfully bumped revision number for resource e4ae54f1-e1b4-4a4a-8cc5-476f21831942 (type: security_group_rules) to 0
2026-06-22 03:04:56.255 10 INFO neutron.db.ovn_revision_numbers_db [None req-de6a6ba5-6f31-406c-9bef-9c6292e37846 9e8812cba93740f38b5fcaf7368ce3d6 f60d2ce04b0e4f0493aa88e9bb4529b0 - - default default] Successfully bumped revision number for resource fbc182f2-0afa-4974-9c18-0f6be826f328 (type: security_group_rules) to 0
2026-06-22 03:04:56.318 10 INFO neutron.db.segments_db [None req-de6a6ba5-6f31-406c-9bef-9c6292e37846 9e8812cba93740f38b5fcaf7368ce3d6 f60d2ce04b0e4f0493aa88e9bb4529b0 - - default default] Added segment 882694e1-cfd3-4440-bd64-781be00f2434 of type geneve for network 96f55937-fd28-4740-a98b-a367691c8d0e
2026-06-22 03:04:56.463 10 INFO neutron.db.ovn_revision_numbers_db [None req-de6a6ba5-6f31-406c-9bef-9c6292e37846 9e8812cba93740f38b5fcaf7368ce3d6 f60d2ce04b0e4f0493aa88e9bb4529b0 - - default default] Successfully bumped revision number for resource 96f55937-fd28-4740-a98b-a367691c8d0e (type: networks) to 1
2026-06-22 03:04:56.661 10 WARNING neutron.scheduler.dhcp_agent_scheduler [None req-de6a6ba5-6f31-406c-9bef-9c6292e37846 9e8812cba93740f38b5fcaf7368ce3d6 f60d2ce04b0e4f0493aa88e9bb4529b0 - - default default] No more DHCP agents
2026-06-22 03:04:56.663 10 WARNING neutron.api.rpc.agentnotifiers.dhcp_rpc_agent_api [None req-de6a6ba5-6f31-406c-9bef-9c6292e37846 9e8812cba93740f38b5fcaf7368ce3d6 f60d2ce04b0e4f0493aa88e9bb4529b0 - - default default] Unable to schedule network 96f55937-fd28-4740-a98b-a367691c8d0e: no agents available; will retry on subsequent port and subnet creation events.
2026-06-22 03:04:56.759 10 INFO neutron.db.ovn_revision_numbers_db [None req-de6a6ba5-6f31-406c-9bef-9c6292e37846 9e8812cba93740f38b5fcaf7368ce3d6 f60d2ce04b0e4f0493aa88e9bb4529b0 - - default default] Successfully bumped revision number for resource e6248fc0-25d4-46db-9d3e-91311709cf6a (type: ports) to 1
2026-06-22 03:04:56.783 10 INFO neutron.wsgi [None req-de6a6ba5-6f31-406c-9bef-9c6292e37846 9e8812cba93740f38b5fcaf7368ce3d6 f60d2ce04b0e4f0493aa88e9bb4529b0 - - default default] 10.0.0.167 "POST /v2.0/networks HTTP/1.1" status: 201 len: 830 time: 1.0093358
2026-06-22 03:04:57.053 10 WARNING neutron.scheduler.dhcp_agent_scheduler [None req-2db99938-7f31-4431-8013-435e0f7d94a3 9e8812cba93740f38b5fcaf7368ce3d6 f60d2ce04b0e4f0493aa88e9bb4529b0 - - default default] No more DHCP agents
2026-06-22 03:04:57.056 10 WARNING neutron.api.rpc.agentnotifiers.dhcp_rpc_agent_api [None req-2db99938-7f31-4431-8013-435e0f7d94a3 9e8812cba93740f38b5fcaf7368ce3d6 f60d2ce04b0e4f0493aa88e9bb4529b0 - - default default] Unable to schedule network 96f55937-fd28-4740-a98b-a367691c8d0e: no agents available; will retry on subsequent port and subnet creation events.
2026-06-22 03:04:57.142 10 INFO neutron.db.ovn_revision_numbers_db [None req-2db99938-7f31-4431-8013-435e0f7d94a3 9e8812cba93740f38b5fcaf7368ce3d6 f60d2ce04b0e4f0493aa88e9bb4529b0 - - default default] Successfully bumped revision number for resource fb54a096-0853-4a97-ba83-5d67cdf3a8d2 (type: ports) to 1
2026-06-22 03:04:57.166 10 INFO neutron.wsgi [None req-2db99938-7f31-4431-8013-435e0f7d94a3 9e8812cba93740f38b5fcaf7368ce3d6 f60d2ce04b0e4f0493aa88e9bb4529b0 - - default default] 10.0.0.167 "POST /v2.0/ports HTTP/1.1" status: 201 len: 942 time: 0.3734605 /var/lib/openstack/lib/python3.10/site-packages/pycadf/identifier.py:71: UserWarning: Invalid uuid: neutron. To ensure interoperability, identifiers should be a valid uuid. warnings.warn(('Invalid uuid: %s. To ensure interoperability, '
2026-06-22 03:04:57.210 10 INFO neutron.wsgi [None req-eb772397-b4dc-41a3-8e6b-fa85136e266d 9e8812cba93740f38b5fcaf7368ce3d6 f60d2ce04b0e4f0493aa88e9bb4529b0 - - default default] 10.0.0.167 "PUT /v2.0/ports/fb54a096-0853-4a97-ba83-5d67cdf3a8d2/tags HTTP/1.1" status: 200 len: 218 time: 0.0384521
2026-06-22 03:04:57.248 10 INFO neutron.wsgi [None req-f30ab588-f19b-4c02-9e17-7f5e3c41bab0 9e8812cba93740f38b5fcaf7368ce3d6 f60d2ce04b0e4f0493aa88e9bb4529b0 - - default default] 10.0.0.167 "GET /v2.0/ports/fb54a096-0853-4a97-ba83-5d67cdf3a8d2/tags HTTP/1.1" status: 200 len: 218 time: 0.0315304
2026-06-22 03:04:57.297 10 INFO neutron.wsgi [None req-3aeb960e-ef89-45d3-8c50-ed9ab5ac5f65 9e8812cba93740f38b5fcaf7368ce3d6 f60d2ce04b0e4f0493aa88e9bb4529b0 - - default default] 10.0.0.167 "PUT /v2.0/ports/fb54a096-0853-4a97-ba83-5d67cdf3a8d2/tags/green HTTP/1.1" status: 201 len: 201 time: 0.0388064
2026-06-22 03:04:57.334 10 INFO neutron.wsgi [None req-e37a4eda-eac8-4128-a963-9bf4412f5f92 9e8812cba93740f38b5fcaf7368ce3d6 f60d2ce04b0e4f0493aa88e9bb4529b0 - - default default] 10.0.0.167 "GET /v2.0/ports/fb54a096-0853-4a97-ba83-5d67cdf3a8d2/tags HTTP/1.1" status: 200 len: 227 time: 0.0312335
2026-06-22 03:04:57.369 10 INFO neutron.wsgi [None req-4829f2a2-2035-462e-a1dd-eeae431d9281 9e8812cba93740f38b5fcaf7368ce3d6 f60d2ce04b0e4f0493aa88e9bb4529b0 - - default default] 10.0.0.167 "PUT /v2.0/ports/fb54a096-0853-4a97-ba83-5d67cdf3a8d2/tags/red HTTP/1.1" status: 201 len: 201 time: 0.0289493
2026-06-22 03:04:57.408 10 INFO neutron.wsgi [None req-7beab1de-7b71-44e3-9010-32d76bc2bf71 9e8812cba93740f38b5fcaf7368ce3d6 f60d2ce04b0e4f0493aa88e9bb4529b0 - - default default] 10.0.0.167 "GET /v2.0/ports/fb54a096-0853-4a97-ba83-5d67cdf3a8d2/tags HTTP/1.1" status: 200 len: 227 time: 0.0329974
2026-06-22 03:04:57.455 10 INFO neutron.wsgi [None req-5e997414-66a8-4ce3-b074-5e1df77f5c60 9e8812cba93740f38b5fcaf7368ce3d6 f60d2ce04b0e4f0493aa88e9bb4529b0 - - default default] 10.0.0.167 "PUT /v2.0/ports/fb54a096-0853-4a97-ba83-5d67cdf3a8d2/tags/black.or.white HTTP/1.1" status: 201 len: 201 time: 0.0431137
2026-06-22 03:04:57.494 10 INFO neutron.wsgi [None req-e06e841a-92d7-4e60-a9fb-8157126c1a5f 9e8812cba93740f38b5fcaf7368ce3d6 f60d2ce04b0e4f0493aa88e9bb4529b0 - - default default] 10.0.0.167 "GET /v2.0/ports/fb54a096-0853-4a97-ba83-5d67cdf3a8d2/tags HTTP/1.1" status: 200 len: 245 time: 0.0348318
2026-06-22 03:04:57.542 10 INFO neutron.wsgi [None req-98ed445e-613f-4303-b65e-4abe07059c78 9e8812cba93740f38b5fcaf7368ce3d6 f60d2ce04b0e4f0493aa88e9bb4529b0 - - default default] 10.0.0.167 "PUT /v2.0/ports/fb54a096-0853-4a97-ba83-5d67cdf3a8d2/tags HTTP/1.1" status: 200 len: 230 time: 0.0416090
2026-06-22 03:04:57.573 10 INFO neutron.wsgi [None req-5d737101-30c5-48bd-bef9-fe7074cefd42 9e8812cba93740f38b5fcaf7368ce3d6 f60d2ce04b0e4f0493aa88e9bb4529b0 - - default default] 10.0.0.167 "GET /v2.0/ports/fb54a096-0853-4a97-ba83-5d67cdf3a8d2/tags HTTP/1.1" status: 200 len: 230 time: 0.0262656
2026-06-22 03:04:57.608 10 INFO neutron.wsgi [None req-3ecb4ad6-768e-45f8-86e6-eb4c6d136366 9e8812cba93740f38b5fcaf7368ce3d6 f60d2ce04b0e4f0493aa88e9bb4529b0 - - default default] 10.0.0.167 "GET /v2.0/ports/fb54a096-0853-4a97-ba83-5d67cdf3a8d2/tags/red HTTP/1.1" status: 204 len: 168 time: 0.0291131
2026-06-22 03:04:57.650 10 INFO neutron.api.v2.resource [None req-388f9819-1ef6-4e8f-9b18-43260a8bbb6b 9e8812cba93740f38b5fcaf7368ce3d6 f60d2ce04b0e4f0493aa88e9bb4529b0 - - default default] show failed (client error): The resource could not be found.
2026-06-22 03:04:57.652 10 INFO neutron.wsgi [None req-388f9819-1ef6-4e8f-9b18-43260a8bbb6b 9e8812cba93740f38b5fcaf7368ce3d6 f60d2ce04b0e4f0493aa88e9bb4529b0 - - default default] 10.0.0.167 "GET /v2.0/ports/fb54a096-0853-4a97-ba83-5d67cdf3a8d2/tags/green HTTP/1.1" status: 404 len: 299 time: 0.0380270
2026-06-22 03:04:57.682 9 INFO neutron.wsgi [req-c04502ca-413a-4d38-855e-bb9155accfa4 req-0a7645a2-1df7-4a01-baeb-f47259068771 be62ab7304d34ff8a6ba8add7fb5dd35 6151059876d3481bba7d778b397f060f - - default default] 10.0.0.204 "GET /v2.0/networks?id=18250b13-9070-4206-90db-a9c01bfdd03c HTTP/1.1" status: 200 len: 872 time: 0.1091461
2026-06-22 03:04:57.699 9 INFO neutron.wsgi [req-c04502ca-413a-4d38-855e-bb9155accfa4 req-8b7fd74f-dfaa-413d-ba1c-7b63e7edd9aa be62ab7304d34ff8a6ba8add7fb5dd35 6151059876d3481bba7d778b397f060f - - default default] 10.0.0.204 "GET /v2.0/quotas/6151059876d3481bba7d778b397f060f HTTP/1.1" status: 200 len: 386 time: 0.0103738
2026-06-22 03:04:57.705 10 INFO neutron.wsgi [None req-fd959fa4-b3e4-42ad-bf45-3b0b489ab7cf 9e8812cba93740f38b5fcaf7368ce3d6 f60d2ce04b0e4f0493aa88e9bb4529b0 - - default default] 10.0.0.167 "DELETE /v2.0/ports/fb54a096-0853-4a97-ba83-5d67cdf3a8d2/tags/red HTTP/1.1" status: 204 len: 168 time: 0.0473759
2026-06-22 03:04:57.759 10 INFO neutron.wsgi [None req-aeec121e-d5ba-42e3-80c1-f92996584b20 9e8812cba93740f38b5fcaf7368ce3d6 f60d2ce04b0e4f0493aa88e9bb4529b0 - - default default] 10.0.0.167 "GET /v2.0/ports/fb54a096-0853-4a97-ba83-5d67cdf3a8d2/tags HTTP/1.1" status: 200 len: 223 time: 0.0470862
2026-06-22 03:04:57.807 10 INFO neutron.api.v2.resource [None req-ebd61c0b-df44-4e1f-ad62-f36b010977c4 9e8812cba93740f38b5fcaf7368ce3d6 f60d2ce04b0e4f0493aa88e9bb4529b0 - - default default] delete failed (client error): The resource could not be found.
2026-06-22 03:04:57.809 10 INFO neutron.wsgi [None req-ebd61c0b-df44-4e1f-ad62-f36b010977c4 9e8812cba93740f38b5fcaf7368ce3d6 f60d2ce04b0e4f0493aa88e9bb4529b0 - - default default] 10.0.0.167 "DELETE /v2.0/ports/fb54a096-0853-4a97-ba83-5d67cdf3a8d2/tags/green HTTP/1.1" status: 404 len: 299 time: 0.0458949
2026-06-22 03:04:57.863 9 INFO neutron.wsgi [req-c04502ca-413a-4d38-855e-bb9155accfa4 req-136071fd-8c2d-4ea8-bb4b-0e974ea488ba be62ab7304d34ff8a6ba8add7fb5dd35 6151059876d3481bba7d778b397f060f - - default default] 10.0.0.204 "GET /v2.0/ports?tenant_id=6151059876d3481bba7d778b397f060f&fields=id HTTP/1.1" status: 200 len: 302 time: 0.1550803
2026-06-22 03:04:57.880 9 INFO neutron.wsgi [None req-920ff616-ee8a-41c0-9a10-7b3b2554307f 9e8812cba93740f38b5fcaf7368ce3d6 f60d2ce04b0e4f0493aa88e9bb4529b0 - - default default] 10.0.0.167 "DELETE /v2.0/ports/fb54a096-0853-4a97-ba83-5d67cdf3a8d2/tags HTTP/1.1" status: 204 len: 168 time: 0.0670578
2026-06-22 03:04:57.921 10 INFO neutron.wsgi [None req-e87b2435-27c1-42ba-990c-9ad79fa9b79e 9e8812cba93740f38b5fcaf7368ce3d6 f60d2ce04b0e4f0493aa88e9bb4529b0 - - default default] 10.0.0.167 "GET /v2.0/ports/fb54a096-0853-4a97-ba83-5d67cdf3a8d2/tags HTTP/1.1" status: 200 len: 205 time: 0.0345049
2026-06-22 03:04:57.936 9 INFO neutron.wsgi [req-c04502ca-413a-4d38-855e-bb9155accfa4 req-7c499aac-8de5-4081-a6ea-956620800d30 734614b4c2404eec86eff556eb3397d5 729eecc38e0e418189f1aeacfe5fa887 - - 6dbf41fada4c4580bca281f6161f7cb5 6dbf41fada4c4580bca281f6161f7cb5] 10.0.0.204 "GET /v2.0/networks/18250b13-9070-4206-90db-a9c01bfdd03c?fields=segments HTTP/1.1" status: 200 len: 212 time: 0.0652769
2026-06-22 03:04:58.010 9 INFO neutron.wsgi [req-c04502ca-413a-4d38-855e-bb9155accfa4 req-eed89258-ba52-4a7a-839c-0364668356ed 734614b4c2404eec86eff556eb3397d5 729eecc38e0e418189f1aeacfe5fa887 - - 6dbf41fada4c4580bca281f6161f7cb5 6dbf41fada4c4580bca281f6161f7cb5] 10.0.0.204 "GET /v2.0/networks/18250b13-9070-4206-90db-a9c01bfdd03c?fields=provider%3Aphysical_network&fields=provider%3Anetwork_type HTTP/1.1" status: 200 len: 277 time: 0.0649898
2026-06-22 03:04:58.141 10 INFO neutron.wsgi [req-be9f250b-5872-4385-9f98-0b22e559359b req-d7b9e704-200b-4ea4-8447-866bcb57dbe0 be62ab7304d34ff8a6ba8add7fb5dd35 6151059876d3481bba7d778b397f060f - - default default] 10.0.0.204 "GET /v2.0/ports?device_id=4a4537de-d1bb-4353-a298-d961534a97f5 HTTP/1.1" status: 200 len: 210 time: 0.0203063
2026-06-22 03:04:58.212 10 INFO neutron.wsgi [None req-b173bf9f-d5d0-4094-a325-25c14e333f26 9e8812cba93740f38b5fcaf7368ce3d6 f60d2ce04b0e4f0493aa88e9bb4529b0 - - default default] 10.0.0.167 "DELETE /v2.0/ports/fb54a096-0853-4a97-ba83-5d67cdf3a8d2 HTTP/1.1" status: 204 len: 168 time: 0.2782056
2026-06-22 03:04:59.067 9 INFO neutron.services.segments.plugin [-] Segment 882694e1-cfd3-4440-bd64-781be00f2434 resource provider aggregate not found
2026-06-22 03:04:59.090 9 INFO neutron.services.segments.plugin [-] Segment 882694e1-cfd3-4440-bd64-781be00f2434 resource provider aggregate not found
2026-06-22 03:04:59.105 9 INFO neutron.wsgi [req-c04502ca-413a-4d38-855e-bb9155accfa4 req-a0fbdff3-e37d-496c-a993-e7f9bfa1692b be62ab7304d34ff8a6ba8add7fb5dd35 6151059876d3481bba7d778b397f060f - - default default] 199.204.45.65 "GET /v2.0/networks?id=18250b13-9070-4206-90db-a9c01bfdd03c HTTP/1.1" status: 200 len: 872 time: 0.1744778
2026-06-22 03:04:59.115 9 INFO neutron.services.segments.plugin [-] Segment 882694e1-cfd3-4440-bd64-781be00f2434 resource provider not found; error: Placement Client Error (4xx): {"errors": [{"status": 404, "title": "Not Found", "detail": "The resource could not be found.\n\n No resource provider with uuid 882694e1-cfd3-4440-bd64-781be00f2434 found for delete ", "request_id": "req-74b103b6-5691-4216-b229-2baef1a9d7bf"}]}
2026-06-22 03:04:59.117 9 INFO neutron.services.segments.plugin [-] Segment 882694e1-cfd3-4440-bd64-781be00f2434 resource provider not found; error: Placement Client Error (4xx): {"errors": [{"status": 404, "title": "Not Found", "detail": "The resource could not be found.\n\n No resource provider with uuid 882694e1-cfd3-4440-bd64-781be00f2434 found for delete ", "request_id": "req-84e59aad-7444-4660-af41-bfc09e04faf3"}]}
2026-06-22 03:04:59.171 9 INFO neutron.wsgi [None req-78aa222c-b7d0-4f55-bfa1-50fe59f6978e 9e8812cba93740f38b5fcaf7368ce3d6 f60d2ce04b0e4f0493aa88e9bb4529b0 - - default default] 10.0.0.167 "DELETE /v2.0/networks/96f55937-fd28-4740-a98b-a367691c8d0e HTTP/1.1" status: 204 len: 168 time: 0.9532578
2026-06-22 03:04:59.238 9 INFO neutron.wsgi [req-90076f5e-6631-4073-8e96-e9fe51e75e28 req-1980420f-5aa4-4560-8664-bb3c6677dd8c be62ab7304d34ff8a6ba8add7fb5dd35 6151059876d3481bba7d778b397f060f - - default default] 10.0.0.204 "GET /v2.0/ports?device_id=4a4537de-d1bb-4353-a298-d961534a97f5 HTTP/1.1" status: 200 len: 210 time: 0.0265770
2026-06-22 03:04:59.573 9 WARNING neutron.scheduler.dhcp_agent_scheduler [req-c04502ca-413a-4d38-855e-bb9155accfa4 req-9f6b5632-d2b9-4da6-9a6a-5479ac45bfe1 be62ab7304d34ff8a6ba8add7fb5dd35 6151059876d3481bba7d778b397f060f - - default default] No more DHCP agents
2026-06-22 03:04:59.577 9 WARNING neutron.api.rpc.agentnotifiers.dhcp_rpc_agent_api [req-c04502ca-413a-4d38-855e-bb9155accfa4 req-9f6b5632-d2b9-4da6-9a6a-5479ac45bfe1 be62ab7304d34ff8a6ba8add7fb5dd35 6151059876d3481bba7d778b397f060f - - default default] Unable to schedule network 18250b13-9070-4206-90db-a9c01bfdd03c: no agents available; will retry on subsequent port and subnet creation events.
2026-06-22 03:04:59.789 9 INFO neutron.db.ovn_revision_numbers_db [req-c04502ca-413a-4d38-855e-bb9155accfa4 req-9f6b5632-d2b9-4da6-9a6a-5479ac45bfe1 be62ab7304d34ff8a6ba8add7fb5dd35 6151059876d3481bba7d778b397f060f - - default default] Successfully bumped revision number for resource c0272a50-42fd-4725-84fa-d2a533b8c287 (type: ports) to 1
2026-06-22 03:04:59.823 9 INFO neutron.wsgi [req-c04502ca-413a-4d38-855e-bb9155accfa4 req-9f6b5632-d2b9-4da6-9a6a-5479ac45bfe1 be62ab7304d34ff8a6ba8add7fb5dd35 6151059876d3481bba7d778b397f060f - - default default] 199.204.45.65 "POST /v2.0/ports HTTP/1.1" status: 201 len: 1162 time: 0.6962492 /var/lib/openstack/lib/python3.10/site-packages/pycadf/identifier.py:71: UserWarning: Invalid uuid: neutron. To ensure interoperability, identifiers should be a valid uuid. warnings.warn(('Invalid uuid: %s. To ensure interoperability, '
2026-06-22 03:05:00.005 10 INFO neutron.wsgi [None req-9cc8eeac-a087-48e3-84d9-602c63eb1ce7 ae142a5fd12d426fa2507ab6004ea78b 7eabc14010fa4969ab224d754888bc3c - - default default] 10.0.0.167 "GET /v2.0/security-groups?tenant_id=f60d2ce04b0e4f0493aa88e9bb4529b0&name=default HTTP/1.1" status: 200 len: 3000 time: 0.1269650
2026-06-22 03:05:00.193 9 WARNING neutron.plugins.ml2.drivers.ovn.mech_driver.ovsdb.ovn_client [None req-681d48a4-95a9-4bb3-86e7-ae49c031dbab - - - - - -] No hosting information found for port c8039978-e219-45b9-a8f0-ba5cae78ff32: RuntimeError: No hosting information found for port c8039978-e219-45b9-a8f0-ba5cae78ff32
2026-06-22 03:05:00.230 10 INFO neutron.wsgi [None req-67b9d7f3-07e9-44ea-8a42-000782e7efae ae142a5fd12d426fa2507ab6004ea78b 7eabc14010fa4969ab224d754888bc3c - - default default] 10.0.0.167 "DELETE /v2.0/security-groups/a08a283f-bf5b-4866-a612-cb76c1c2eb33 HTTP/1.1" status: 204 len: 168 time: 0.2188625
2026-06-22 03:05:00.289 9 INFO neutron.db.ovn_revision_numbers_db [req-c04502ca-413a-4d38-855e-bb9155accfa4 req-c5506416-9255-4ee2-b8e0-3502e395d428 734614b4c2404eec86eff556eb3397d5 729eecc38e0e418189f1aeacfe5fa887 - - 6dbf41fada4c4580bca281f6161f7cb5 6dbf41fada4c4580bca281f6161f7cb5] Successfully bumped revision number for resource c0272a50-42fd-4725-84fa-d2a533b8c287 (type: ports) to 2
2026-06-22 03:05:00.408 10 INFO neutron.wsgi [req-947bfd20-1017-477d-b97e-0d2b07cad92b req-e3dc9af9-9239-46ed-b074-988a9a300f01 be62ab7304d34ff8a6ba8add7fb5dd35 6151059876d3481bba7d778b397f060f - - default default] 10.0.0.204 "GET /v2.0/ports?device_id=4a4537de-d1bb-4353-a298-d961534a97f5 HTTP/1.1" status: 200 len: 1172 time: 0.1066005
2026-06-22 03:05:00.459 10 INFO neutron.wsgi [req-947bfd20-1017-477d-b97e-0d2b07cad92b req-d9fff982-edd4-4d9e-bd3f-534b5bd4374e be62ab7304d34ff8a6ba8add7fb5dd35 6151059876d3481bba7d778b397f060f - - default default] 10.0.0.204 "GET /v2.0/security-groups?id=70f193c0-bc5e-4bf4-85cb-d6116633290d&fields=id&fields=name HTTP/1.1" status: 200 len: 286 time: 0.0430884
2026-06-22 03:05:00.481 10 INFO neutron.db.ovn_revision_numbers_db [None req-54f6daba-3c3c-4434-aa14-1a68e9966bb3 ae142a5fd12d426fa2507ab6004ea78b 7eabc14010fa4969ab224d754888bc3c - - default default] Successfully bumped revision number for resource b76e0df7-7e6c-4b8e-9260-92f28599d975 (type: security_groups) to 1
2026-06-22 03:05:00.498 10 INFO neutron.db.ovn_revision_numbers_db [None req-54f6daba-3c3c-4434-aa14-1a68e9966bb3 ae142a5fd12d426fa2507ab6004ea78b 7eabc14010fa4969ab224d754888bc3c - - default default] Successfully bumped revision number for resource 0508dfea-49cf-4a4a-9881-d40bfc065b47 (type: security_group_rules) to 0
2026-06-22 03:05:00.509 9 INFO neutron.db.ovn_revision_numbers_db [req-c04502ca-413a-4d38-855e-bb9155accfa4 req-c5506416-9255-4ee2-b8e0-3502e395d428 734614b4c2404eec86eff556eb3397d5 729eecc38e0e418189f1aeacfe5fa887 - - 6dbf41fada4c4580bca281f6161f7cb5 6dbf41fada4c4580bca281f6161f7cb5] Successfully bumped revision number for resource c0272a50-42fd-4725-84fa-d2a533b8c287 (type: ports) to 2
2026-06-22 03:05:00.515 10 INFO neutron.db.ovn_revision_numbers_db [None req-54f6daba-3c3c-4434-aa14-1a68e9966bb3 ae142a5fd12d426fa2507ab6004ea78b 7eabc14010fa4969ab224d754888bc3c - - default default] Successfully bumped revision number for resource 597efbe2-f9c0-4149-806c-6e8a0e63d4f4 (type: security_group_rules) to 0
2026-06-22 03:05:00.532 9 INFO neutron.wsgi [req-c04502ca-413a-4d38-855e-bb9155accfa4 req-c5506416-9255-4ee2-b8e0-3502e395d428 734614b4c2404eec86eff556eb3397d5 729eecc38e0e418189f1aeacfe5fa887 - - 6dbf41fada4c4580bca281f6161f7cb5 6dbf41fada4c4580bca281f6161f7cb5] 199.204.45.65 "PUT /v2.0/ports/c0272a50-42fd-4725-84fa-d2a533b8c287 HTTP/1.1" status: 200 len: 1380 time: 0.6977100
2026-06-22 03:05:00.535 10 INFO neutron.db.ovn_revision_numbers_db [None req-54f6daba-3c3c-4434-aa14-1a68e9966bb3 ae142a5fd12d426fa2507ab6004ea78b 7eabc14010fa4969ab224d754888bc3c - - default default] Successfully bumped revision number for resource 81e505ac-d1c7-4392-a280-a522633e1cbf (type: security_group_rules) to 0
2026-06-22 03:05:00.549 10 INFO neutron.db.ovn_revision_numbers_db [None req-54f6daba-3c3c-4434-aa14-1a68e9966bb3 ae142a5fd12d426fa2507ab6004ea78b 7eabc14010fa4969ab224d754888bc3c - - default default] Successfully bumped revision number for resource f57a8648-cf94-4556-b9a3-ed3d5c8341be (type: security_group_rules) to 0 /var/lib/openstack/lib/python3.10/site-packages/pycadf/identifier.py:71: UserWarning: Invalid uuid: neutron. To ensure interoperability, identifiers should be a valid uuid. warnings.warn(('Invalid uuid: %s. To ensure interoperability, '
2026-06-22 03:05:00.575 10 INFO neutron.wsgi [None req-54f6daba-3c3c-4434-aa14-1a68e9966bb3 ae142a5fd12d426fa2507ab6004ea78b 7eabc14010fa4969ab224d754888bc3c - - default default] 10.0.0.167 "GET /v2.0/security-groups?tenant_id=90d9c6c2542a44b98e34244ee5aa3949&name=default HTTP/1.1" status: 200 len: 3000 time: 0.2481861
2026-06-22 03:05:00.576 9 INFO neutron.notifiers.nova [-] Nova event matching ['req-ef2e8ebd-9674-41c2-a2c2-11ac7d3d2fb0'] response: {'name': 'network-changed', 'server_uuid': '4a4537de-d1bb-4353-a298-d961534a97f5', 'tag': 'c0272a50-42fd-4725-84fa-d2a533b8c287', 'status': 'completed', 'code': 200}
2026-06-22 03:05:00.610 9 INFO neutron.wsgi [req-c04502ca-413a-4d38-855e-bb9155accfa4 req-8a20ef72-992d-4ce2-bb6a-7412610fc308 734614b4c2404eec86eff556eb3397d5 729eecc38e0e418189f1aeacfe5fa887 - - 6dbf41fada4c4580bca281f6161f7cb5 6dbf41fada4c4580bca281f6161f7cb5] 199.204.45.65 "GET /v2.0/ports?tenant_id=6151059876d3481bba7d778b397f060f&device_id=4a4537de-d1bb-4353-a298-d961534a97f5 HTTP/1.1" status: 200 len: 1411 time: 0.0453200
2026-06-22 03:05:00.641 9 INFO neutron.wsgi [req-c04502ca-413a-4d38-855e-bb9155accfa4 req-a7f7637e-eafd-455e-aab5-4d514ed598ed 734614b4c2404eec86eff556eb3397d5 729eecc38e0e418189f1aeacfe5fa887 - - 6dbf41fada4c4580bca281f6161f7cb5 6dbf41fada4c4580bca281f6161f7cb5] 199.204.45.65 "GET /v2.0/floatingips?fixed_ip_address=10.100.0.11&port_id=c0272a50-42fd-4725-84fa-d2a533b8c287 HTTP/1.1" status: 200 len: 217 time: 0.0241420
2026-06-22 03:05:00.681 9 INFO neutron.wsgi [req-c04502ca-413a-4d38-855e-bb9155accfa4 req-9972c130-e80b-4656-859a-275f23c6b7eb 734614b4c2404eec86eff556eb3397d5 729eecc38e0e418189f1aeacfe5fa887 - - 6dbf41fada4c4580bca281f6161f7cb5 6dbf41fada4c4580bca281f6161f7cb5] 199.204.45.65 "GET /v2.0/subnets?id=f04d6549-1648-4a8b-b5be-7261149f8fb2 HTTP/1.1" status: 200 len: 866 time: 0.0335877
2026-06-22 03:05:00.714 9 INFO neutron.wsgi [req-c04502ca-413a-4d38-855e-bb9155accfa4 req-49ab6c34-f17c-46ab-b21a-c25c66f2f79e 734614b4c2404eec86eff556eb3397d5 729eecc38e0e418189f1aeacfe5fa887 - - 6dbf41fada4c4580bca281f6161f7cb5 6dbf41fada4c4580bca281f6161f7cb5] 199.204.45.65 "GET /v2.0/ports?network_id=18250b13-9070-4206-90db-a9c01bfdd03c&device_owner=network%3Adhcp HTTP/1.1" status: 200 len: 210 time: 0.0263658
2026-06-22 03:05:00.794 10 INFO neutron.wsgi [None req-287c25c3-fc1c-45db-8c44-b81895b90196 ae142a5fd12d426fa2507ab6004ea78b 7eabc14010fa4969ab224d754888bc3c - - default default] 10.0.0.167 "DELETE /v2.0/security-groups/b76e0df7-7e6c-4b8e-9260-92f28599d975 HTTP/1.1" status: 204 len: 168 time: 0.2065856
2026-06-22 03:05:00.795 9 INFO neutron.wsgi [req-c04502ca-413a-4d38-855e-bb9155accfa4 req-6093946c-b17e-4bb6-8285-eb9b24e6fd28 734614b4c2404eec86eff556eb3397d5 729eecc38e0e418189f1aeacfe5fa887 - - 6dbf41fada4c4580bca281f6161f7cb5 6dbf41fada4c4580bca281f6161f7cb5] 199.204.45.65 "GET /v2.0/networks/18250b13-9070-4206-90db-a9c01bfdd03c?fields=segments HTTP/1.1" status: 200 len: 212 time: 0.0716953
2026-06-22 03:05:00.884 9 INFO neutron.wsgi [req-c04502ca-413a-4d38-855e-bb9155accfa4 req-b66d31f6-d512-425b-abfb-c32ded36ed86 734614b4c2404eec86eff556eb3397d5 729eecc38e0e418189f1aeacfe5fa887 - - 6dbf41fada4c4580bca281f6161f7cb5 6dbf41fada4c4580bca281f6161f7cb5] 199.204.45.65 "GET /v2.0/networks/18250b13-9070-4206-90db-a9c01bfdd03c?fields=provider%3Aphysical_network&fields=provider%3Anetwork_type HTTP/1.1" status: 200 len: 277 time: 0.0786197
2026-06-22 03:05:00.968 9 INFO neutron.wsgi [req-a856630c-7e80-40a6-acad-624c4710b363 req-c104803b-faba-4de3-8ae3-f5e32e38e8ad 734614b4c2404eec86eff556eb3397d5 729eecc38e0e418189f1aeacfe5fa887 - - 6dbf41fada4c4580bca281f6161f7cb5 6dbf41fada4c4580bca281f6161f7cb5] 199.204.45.65 "GET /v2.0/ports?tenant_id=6151059876d3481bba7d778b397f060f&device_id=4a4537de-d1bb-4353-a298-d961534a97f5 HTTP/1.1" status: 200 len: 1411 time: 0.0367591
2026-06-22 03:05:01.063 9 INFO neutron.wsgi [req-a856630c-7e80-40a6-acad-624c4710b363 req-1c222117-7272-45b1-a780-7e869f405359 734614b4c2404eec86eff556eb3397d5 729eecc38e0e418189f1aeacfe5fa887 - - 6dbf41fada4c4580bca281f6161f7cb5 6dbf41fada4c4580bca281f6161f7cb5] 199.204.45.65 "GET /v2.0/networks?id=18250b13-9070-4206-90db-a9c01bfdd03c HTTP/1.1" status: 200 len: 971 time: 0.0851011
2026-06-22 03:05:01.106 9 INFO neutron.plugins.ml2.drivers.ovn.mech_driver.mech_driver [None req-681d48a4-95a9-4bb3-86e7-ae49c031dbab - - - - - -] OVN reports status up for port: c0272a50-42fd-4725-84fa-d2a533b8c287
2026-06-22 03:05:01.109 9 INFO neutron.wsgi [req-a856630c-7e80-40a6-acad-624c4710b363 req-4a97a5a3-cf4b-4f70-aef5-c2cd32119014 734614b4c2404eec86eff556eb3397d5 729eecc38e0e418189f1aeacfe5fa887 - - 6dbf41fada4c4580bca281f6161f7cb5 6dbf41fada4c4580bca281f6161f7cb5] 199.204.45.65 "GET /v2.0/floatingips?fixed_ip_address=10.100.0.11&port_id=c0272a50-42fd-4725-84fa-d2a533b8c287 HTTP/1.1" status: 200 len: 217 time: 0.0377607
2026-06-22 03:05:01.134 9 INFO neutron.plugins.ml2.plugin [None req-681d48a4-95a9-4bb3-86e7-ae49c031dbab - - - - - -] Attempt 1 to provision port c0272a50-42fd-4725-84fa-d2a533b8c287
2026-06-22 03:05:01.155 9 INFO neutron.wsgi [req-a856630c-7e80-40a6-acad-624c4710b363 req-4aaa9802-f022-4c60-848d-ab4f86194710 734614b4c2404eec86eff556eb3397d5 729eecc38e0e418189f1aeacfe5fa887 - - 6dbf41fada4c4580bca281f6161f7cb5 6dbf41fada4c4580bca281f6161f7cb5] 199.204.45.65 "GET /v2.0/subnets?id=f04d6549-1648-4a8b-b5be-7261149f8fb2 HTTP/1.1" status: 200 len: 866 time: 0.0376914
2026-06-22 03:05:01.187 9 INFO neutron.wsgi [req-a856630c-7e80-40a6-acad-624c4710b363 req-8e0cc8de-e3c6-462b-b19a-6a5482831671 734614b4c2404eec86eff556eb3397d5 729eecc38e0e418189f1aeacfe5fa887 - - 6dbf41fada4c4580bca281f6161f7cb5 6dbf41fada4c4580bca281f6161f7cb5] 199.204.45.65 "GET /v2.0/ports?network_id=18250b13-9070-4206-90db-a9c01bfdd03c&device_owner=network%3Adhcp HTTP/1.1" status: 200 len: 210 time: 0.0251925
2026-06-22 03:05:01.281 9 INFO neutron.wsgi [req-a856630c-7e80-40a6-acad-624c4710b363 req-549a839a-1631-4bde-b741-3730f6c02ca1 734614b4c2404eec86eff556eb3397d5 729eecc38e0e418189f1aeacfe5fa887 - - 6dbf41fada4c4580bca281f6161f7cb5 6dbf41fada4c4580bca281f6161f7cb5] 199.204.45.65 "GET /v2.0/networks/18250b13-9070-4206-90db-a9c01bfdd03c?fields=segments HTTP/1.1" status: 200 len: 212 time: 0.0785031
2026-06-22 03:05:01.378 9 INFO neutron.wsgi [req-a856630c-7e80-40a6-acad-624c4710b363 req-54d00e7a-19d6-42c9-b4ab-cb38ae9a2026 734614b4c2404eec86eff556eb3397d5 729eecc38e0e418189f1aeacfe5fa887 - - 6dbf41fada4c4580bca281f6161f7cb5 6dbf41fada4c4580bca281f6161f7cb5] 199.204.45.65 "GET /v2.0/networks/18250b13-9070-4206-90db-a9c01bfdd03c?fields=provider%3Aphysical_network&fields=provider%3Anetwork_type HTTP/1.1" status: 200 len: 277 time: 0.0900466
