2026-06-22 03:05:11.841 9 INFO neutron.db.ovn_revision_numbers_db [None req-aafc20e7-d966-4702-aefc-a141416ebb29 7d8d964ae4144e42bca7c668fb9ee918 902441d98cdf4537b92f17ba1fa39c31 - - default default] Successfully bumped revision number for resource 6a7da50a-9f50-4683-871e-2c68cf39bd7a (type: security_groups) to 1
2026-06-22 03:05:11.864 9 INFO neutron.db.ovn_revision_numbers_db [None req-aafc20e7-d966-4702-aefc-a141416ebb29 7d8d964ae4144e42bca7c668fb9ee918 902441d98cdf4537b92f17ba1fa39c31 - - default default] Successfully bumped revision number for resource 1597972f-9bbf-483c-9f18-abe088c6a3bf (type: security_group_rules) to 0
2026-06-22 03:05:11.883 9 INFO neutron.db.ovn_revision_numbers_db [None req-aafc20e7-d966-4702-aefc-a141416ebb29 7d8d964ae4144e42bca7c668fb9ee918 902441d98cdf4537b92f17ba1fa39c31 - - default default] Successfully bumped revision number for resource 31b7cddd-ae03-427c-9d8d-1381c176eae6 (type: security_group_rules) to 0
2026-06-22 03:05:11.905 9 INFO neutron.db.ovn_revision_numbers_db [None req-aafc20e7-d966-4702-aefc-a141416ebb29 7d8d964ae4144e42bca7c668fb9ee918 902441d98cdf4537b92f17ba1fa39c31 - - default default] Successfully bumped revision number for resource 83bb0e1f-cffc-4f3a-a3b1-3c540d938fae (type: security_group_rules) to 0
2026-06-22 03:05:11.920 9 INFO neutron.db.ovn_revision_numbers_db [None req-aafc20e7-d966-4702-aefc-a141416ebb29 7d8d964ae4144e42bca7c668fb9ee918 902441d98cdf4537b92f17ba1fa39c31 - - default default] Successfully bumped revision number for resource a4087e90-490f-4f26-ae0d-841cfa3fdd89 (type: security_group_rules) to 0
2026-06-22 03:05:11.981 9 INFO neutron.db.segments_db [None req-aafc20e7-d966-4702-aefc-a141416ebb29 7d8d964ae4144e42bca7c668fb9ee918 902441d98cdf4537b92f17ba1fa39c31 - - default default] Added segment 50e1c30c-7c96-470d-ba44-7d73e2f3eccc of type geneve for network b90f64cd-a520-492f-87a6-b6b9a36e8cd5
2026-06-22 03:05:12.010 10 INFO neutron.db.ovn_revision_numbers_db [None req-3bda22c4-ce11-454b-992d-69aee82036b5 234bf58ec97f44c48cc2db616afe2222 e1707b3f24c64073b7ba9fc84693088e - - default default] Successfully bumped revision number for resource bf8195cf-9762-492f-9416-cc01bab19b68 (type: floatingips) to 0
2026-06-22 03:05:12.139 9 INFO neutron.db.ovn_revision_numbers_db [None req-aafc20e7-d966-4702-aefc-a141416ebb29 7d8d964ae4144e42bca7c668fb9ee918 902441d98cdf4537b92f17ba1fa39c31 - - default default] Successfully bumped revision number for resource b90f64cd-a520-492f-87a6-b6b9a36e8cd5 (type: networks) to 1
2026-06-22 03:05:12.157 10 INFO neutron.db.ovn_revision_numbers_db [None req-3bda22c4-ce11-454b-992d-69aee82036b5 234bf58ec97f44c48cc2db616afe2222 e1707b3f24c64073b7ba9fc84693088e - - default default] Successfully bumped revision number for resource bf8195cf-9762-492f-9416-cc01bab19b68 (type: floatingips) to 1
2026-06-22 03:05:12.200 10 INFO neutron.wsgi [None req-3bda22c4-ce11-454b-992d-69aee82036b5 234bf58ec97f44c48cc2db616afe2222 e1707b3f24c64073b7ba9fc84693088e - - default default] 10.0.0.167 "POST /v2.0/floatingips HTTP/1.1" status: 201 len: 1098 time: 1.8753428
2026-06-22 03:05:12.338 9 WARNING neutron.scheduler.dhcp_agent_scheduler [None req-aafc20e7-d966-4702-aefc-a141416ebb29 7d8d964ae4144e42bca7c668fb9ee918 902441d98cdf4537b92f17ba1fa39c31 - - default default] No more DHCP agents
2026-06-22 03:05:12.341 9 WARNING neutron.api.rpc.agentnotifiers.dhcp_rpc_agent_api [None req-aafc20e7-d966-4702-aefc-a141416ebb29 7d8d964ae4144e42bca7c668fb9ee918 902441d98cdf4537b92f17ba1fa39c31 - - default default] Unable to schedule network b90f64cd-a520-492f-87a6-b6b9a36e8cd5: no agents available; will retry on subsequent port and subnet creation events.
2026-06-22 03:05:12.438 9 INFO neutron.db.ovn_revision_numbers_db [None req-aafc20e7-d966-4702-aefc-a141416ebb29 7d8d964ae4144e42bca7c668fb9ee918 902441d98cdf4537b92f17ba1fa39c31 - - default default] Successfully bumped revision number for resource e8ebf44b-a8c4-4d53-8817-80281bb05a36 (type: ports) to 1
2026-06-22 03:05:12.464 9 INFO neutron.wsgi [None req-aafc20e7-d966-4702-aefc-a141416ebb29 7d8d964ae4144e42bca7c668fb9ee918 902441d98cdf4537b92f17ba1fa39c31 - - default default] 10.0.0.167 "POST /v2.0/networks HTTP/1.1" status: 201 len: 830 time: 1.0375781
2026-06-22 03:05:12.770 9 WARNING neutron.scheduler.dhcp_agent_scheduler [None req-506a259e-1395-455b-8734-3c8976c43e33 7d8d964ae4144e42bca7c668fb9ee918 902441d98cdf4537b92f17ba1fa39c31 - - default default] No more DHCP agents
2026-06-22 03:05:12.774 9 WARNING neutron.api.rpc.agentnotifiers.dhcp_rpc_agent_api [None req-506a259e-1395-455b-8734-3c8976c43e33 7d8d964ae4144e42bca7c668fb9ee918 902441d98cdf4537b92f17ba1fa39c31 - - default default] Unable to schedule network b90f64cd-a520-492f-87a6-b6b9a36e8cd5: no agents available; will retry on subsequent port and subnet creation events.
2026-06-22 03:05:12.896 9 INFO neutron.db.ovn_revision_numbers_db [None req-506a259e-1395-455b-8734-3c8976c43e33 7d8d964ae4144e42bca7c668fb9ee918 902441d98cdf4537b92f17ba1fa39c31 - - default default] Successfully bumped revision number for resource d03badc8-b0a1-4b45-89f1-f631bb8a9c72 (type: ports) to 1
2026-06-22 03:05:12.923 9 INFO neutron.wsgi [None req-506a259e-1395-455b-8734-3c8976c43e33 7d8d964ae4144e42bca7c668fb9ee918 902441d98cdf4537b92f17ba1fa39c31 - - default default] 10.0.0.167 "POST /v2.0/ports HTTP/1.1" status: 201 len: 942 time: 0.4532731 /var/lib/openstack/lib/python3.10/site-packages/pycadf/identifier.py:71: UserWarning: Invalid uuid: neutron. To ensure interoperability, identifiers should be a valid uuid. warnings.warn(('Invalid uuid: %s. To ensure interoperability, '
2026-06-22 03:05:13.155 9 INFO neutron.wsgi [None req-63dcb1ec-a42e-4ffc-858b-07db0f1b274f 7d8d964ae4144e42bca7c668fb9ee918 902441d98cdf4537b92f17ba1fa39c31 - - default default] 10.0.0.167 "POST /v2.0/trunks HTTP/1.1" status: 201 len: 608 time: 0.2241633
2026-06-22 03:05:13.188 9 INFO neutron.wsgi [None req-ec418693-46b5-498a-b225-da3ea536bdde 7d8d964ae4144e42bca7c668fb9ee918 902441d98cdf4537b92f17ba1fa39c31 - - default default] 10.0.0.167 "PUT /v2.0/trunks/a8b509c8-7bd7-471b-9ebf-770587d67bf2/tags HTTP/1.1" status: 200 len: 218 time: 0.0278602
2026-06-22 03:05:13.206 9 INFO neutron.wsgi [None req-78dc0a3c-6e55-4201-857a-9582f2b957f2 7d8d964ae4144e42bca7c668fb9ee918 902441d98cdf4537b92f17ba1fa39c31 - - default default] 10.0.0.167 "GET /v2.0/trunks/a8b509c8-7bd7-471b-9ebf-770587d67bf2/tags HTTP/1.1" status: 200 len: 218 time: 0.0149424
2026-06-22 03:05:13.238 9 INFO neutron.wsgi [None req-52a6620d-ff44-4c1c-a68d-d7b602657fba 7d8d964ae4144e42bca7c668fb9ee918 902441d98cdf4537b92f17ba1fa39c31 - - default default] 10.0.0.167 "PUT /v2.0/trunks/a8b509c8-7bd7-471b-9ebf-770587d67bf2/tags/green HTTP/1.1" status: 201 len: 201 time: 0.0278625
2026-06-22 03:05:13.257 9 INFO neutron.wsgi [None req-0bb4eca4-a21b-4f66-aac5-cefb514caa3f 7d8d964ae4144e42bca7c668fb9ee918 902441d98cdf4537b92f17ba1fa39c31 - - default default] 10.0.0.167 "GET /v2.0/trunks/a8b509c8-7bd7-471b-9ebf-770587d67bf2/tags HTTP/1.1" status: 200 len: 227 time: 0.0139091
2026-06-22 03:05:13.277 9 INFO neutron.wsgi [None req-53f5e5e0-9228-471f-92c9-cd9e529e8b56 7d8d964ae4144e42bca7c668fb9ee918 902441d98cdf4537b92f17ba1fa39c31 - - default default] 10.0.0.167 "PUT /v2.0/trunks/a8b509c8-7bd7-471b-9ebf-770587d67bf2/tags/red HTTP/1.1" status: 201 len: 201 time: 0.0141892
2026-06-22 03:05:13.295 9 INFO neutron.wsgi [None req-9f70d188-d0fe-4005-af8d-5ba7b5292c1f 7d8d964ae4144e42bca7c668fb9ee918 902441d98cdf4537b92f17ba1fa39c31 - - default default] 10.0.0.167 "GET /v2.0/trunks/a8b509c8-7bd7-471b-9ebf-770587d67bf2/tags HTTP/1.1" status: 200 len: 227 time: 0.0127192
2026-06-22 03:05:13.331 9 INFO neutron.wsgi [None req-d5b593b5-5108-49b1-8b39-93ae8c737145 7d8d964ae4144e42bca7c668fb9ee918 902441d98cdf4537b92f17ba1fa39c31 - - default default] 10.0.0.167 "PUT /v2.0/trunks/a8b509c8-7bd7-471b-9ebf-770587d67bf2/tags/black.or.white HTTP/1.1" status: 201 len: 201 time: 0.0289805
2026-06-22 03:05:13.351 9 INFO neutron.wsgi [None req-b1caad9c-9018-4519-8d68-9fb6d94aaebe 7d8d964ae4144e42bca7c668fb9ee918 902441d98cdf4537b92f17ba1fa39c31 - - default default] 10.0.0.167 "GET /v2.0/trunks/a8b509c8-7bd7-471b-9ebf-770587d67bf2/tags HTTP/1.1" status: 200 len: 245 time: 0.0158992
2026-06-22 03:05:13.384 9 INFO neutron.wsgi [None req-59a57083-6c23-4182-b5d0-79ba78022775 7d8d964ae4144e42bca7c668fb9ee918 902441d98cdf4537b92f17ba1fa39c31 - - default default] 10.0.0.167 "PUT /v2.0/trunks/a8b509c8-7bd7-471b-9ebf-770587d67bf2/tags HTTP/1.1" status: 200 len: 230 time: 0.0286124
2026-06-22 03:05:13.403 9 INFO neutron.wsgi [None req-e0fd2851-620b-4a7d-9d67-de049fbb12ed 7d8d964ae4144e42bca7c668fb9ee918 902441d98cdf4537b92f17ba1fa39c31 - - default default] 10.0.0.167 "GET /v2.0/trunks/a8b509c8-7bd7-471b-9ebf-770587d67bf2/tags HTTP/1.1" status: 200 len: 230 time: 0.0135772
2026-06-22 03:05:13.422 9 INFO neutron.wsgi [None req-7b7701d6-4fce-4beb-862a-d160985a7bd8 7d8d964ae4144e42bca7c668fb9ee918 902441d98cdf4537b92f17ba1fa39c31 - - default default] 10.0.0.167 "GET /v2.0/trunks/a8b509c8-7bd7-471b-9ebf-770587d67bf2/tags/red HTTP/1.1" status: 204 len: 168 time: 0.0145552
2026-06-22 03:05:13.444 9 INFO neutron.api.v2.resource [None req-e97e03ce-76ad-4518-993a-eec80d21040d 7d8d964ae4144e42bca7c668fb9ee918 902441d98cdf4537b92f17ba1fa39c31 - - default default] show failed (client error): The resource could not be found.
2026-06-22 03:05:13.446 9 INFO neutron.wsgi [None req-e97e03ce-76ad-4518-993a-eec80d21040d 7d8d964ae4144e42bca7c668fb9ee918 902441d98cdf4537b92f17ba1fa39c31 - - default default] 10.0.0.167 "GET /v2.0/trunks/a8b509c8-7bd7-471b-9ebf-770587d67bf2/tags/green HTTP/1.1" status: 404 len: 299 time: 0.0194738
2026-06-22 03:05:13.478 9 INFO neutron.wsgi [None req-815b9e9a-62bb-4d32-a57c-ba7226854d24 7d8d964ae4144e42bca7c668fb9ee918 902441d98cdf4537b92f17ba1fa39c31 - - default default] 10.0.0.167 "DELETE /v2.0/trunks/a8b509c8-7bd7-471b-9ebf-770587d67bf2/tags/red HTTP/1.1" status: 204 len: 168 time: 0.0264990
2026-06-22 03:05:13.500 9 INFO neutron.wsgi [None req-56494fe9-e547-4c53-b8b6-3d574962063d 7d8d964ae4144e42bca7c668fb9ee918 902441d98cdf4537b92f17ba1fa39c31 - - default default] 10.0.0.167 "GET /v2.0/trunks/a8b509c8-7bd7-471b-9ebf-770587d67bf2/tags HTTP/1.1" status: 200 len: 223 time: 0.0157971
2026-06-22 03:05:13.532 9 INFO neutron.api.v2.resource [None req-e8b970d1-1600-4cd7-97d1-b1a80dc5a9fa 7d8d964ae4144e42bca7c668fb9ee918 902441d98cdf4537b92f17ba1fa39c31 - - default default] delete failed (client error): The resource could not be found.
2026-06-22 03:05:13.533 9 INFO neutron.wsgi [None req-e8b970d1-1600-4cd7-97d1-b1a80dc5a9fa 7d8d964ae4144e42bca7c668fb9ee918 902441d98cdf4537b92f17ba1fa39c31 - - default default] 10.0.0.167 "DELETE /v2.0/trunks/a8b509c8-7bd7-471b-9ebf-770587d67bf2/tags/green HTTP/1.1" status: 404 len: 299 time: 0.0266225
2026-06-22 03:05:13.570 9 INFO neutron.wsgi [None req-372dfac3-790e-45f3-a516-c3cf58fe6d89 7d8d964ae4144e42bca7c668fb9ee918 902441d98cdf4537b92f17ba1fa39c31 - - default default] 10.0.0.167 "DELETE /v2.0/trunks/a8b509c8-7bd7-471b-9ebf-770587d67bf2/tags HTTP/1.1" status: 204 len: 168 time: 0.0302026
2026-06-22 03:05:13.593 9 INFO neutron.wsgi [None req-89be6c7e-de37-4b44-a26d-4b71474caa19 7d8d964ae4144e42bca7c668fb9ee918 902441d98cdf4537b92f17ba1fa39c31 - - default default] 10.0.0.167 "GET /v2.0/trunks/a8b509c8-7bd7-471b-9ebf-770587d67bf2/tags HTTP/1.1" status: 200 len: 205 time: 0.0154812 /var/lib/openstack/lib/python3.10/site-packages/pycadf/identifier.py:71: UserWarning: Invalid uuid: neutron. To ensure interoperability, identifiers should be a valid uuid. warnings.warn(('Invalid uuid: %s. To ensure interoperability, '
2026-06-22 03:05:13.647 10 INFO neutron.wsgi [None req-a4d59ae1-7952-4a35-911d-b059269e3317 7d8d964ae4144e42bca7c668fb9ee918 902441d98cdf4537b92f17ba1fa39c31 - - default default] 10.0.0.167 "GET /v2.0/trunks/a8b509c8-7bd7-471b-9ebf-770587d67bf2 HTTP/1.1" status: 200 len: 603 time: 0.0256879
2026-06-22 03:05:13.762 10 INFO neutron.wsgi [None req-34c31f48-5878-481b-a16f-c2d74ceb6854 7d8d964ae4144e42bca7c668fb9ee918 902441d98cdf4537b92f17ba1fa39c31 - - default default] 10.0.0.167 "GET /v2.0/ports/d03badc8-b0a1-4b45-89f1-f631bb8a9c72 HTTP/1.1" status: 200 len: 1020 time: 0.1089609
2026-06-22 03:05:13.875 10 INFO neutron.wsgi [None req-23cef8a1-cc2e-441b-9e35-cfdf73aa556b 7d8d964ae4144e42bca7c668fb9ee918 902441d98cdf4537b92f17ba1fa39c31 - - default default] 10.0.0.167 "DELETE /v2.0/trunks/a8b509c8-7bd7-471b-9ebf-770587d67bf2 HTTP/1.1" status: 204 len: 168 time: 0.1073363
2026-06-22 03:05:14.138 10 INFO neutron.wsgi [None req-b67f9228-53d2-42e9-9214-e43b3e2e9620 7d8d964ae4144e42bca7c668fb9ee918 902441d98cdf4537b92f17ba1fa39c31 - - default default] 10.0.0.167 "DELETE /v2.0/ports/d03badc8-b0a1-4b45-89f1-f631bb8a9c72 HTTP/1.1" status: 204 len: 168 time: 0.2563448
2026-06-22 03:05:14.528 10 INFO neutron.services.segments.plugin [-] Segment 50e1c30c-7c96-470d-ba44-7d73e2f3eccc resource provider aggregate not found
2026-06-22 03:05:14.533 10 INFO neutron.services.segments.plugin [-] Segment 50e1c30c-7c96-470d-ba44-7d73e2f3eccc resource provider aggregate not found
2026-06-22 03:05:14.551 10 INFO neutron.services.segments.plugin [-] Segment 50e1c30c-7c96-470d-ba44-7d73e2f3eccc resource provider not found; error: Placement Client Error (4xx): {"errors": [{"status": 404, "title": "Not Found", "detail": "The resource could not be found.\n\n No resource provider with uuid 50e1c30c-7c96-470d-ba44-7d73e2f3eccc found for delete ", "request_id": "req-bafee4a2-8cb7-4ae9-9c7b-1729641f1d64"}]}
2026-06-22 03:05:14.556 10 INFO neutron.services.segments.plugin [-] Segment 50e1c30c-7c96-470d-ba44-7d73e2f3eccc resource provider not found; error: Placement Client Error (4xx): {"errors": [{"status": 404, "title": "Not Found", "detail": "The resource could not be found.\n\n No resource provider with uuid 50e1c30c-7c96-470d-ba44-7d73e2f3eccc found for delete ", "request_id": "req-f92e3d8d-cd78-4db6-b4e6-d6d04494f959"}]}
2026-06-22 03:05:14.579 10 INFO neutron.wsgi [None req-7f3cd5e4-25ef-4c93-83c4-6bc99193d531 7d8d964ae4144e42bca7c668fb9ee918 902441d98cdf4537b92f17ba1fa39c31 - - default default] 10.0.0.167 "DELETE /v2.0/networks/b90f64cd-a520-492f-87a6-b6b9a36e8cd5 HTTP/1.1" status: 204 len: 168 time: 0.4355669
2026-06-22 03:05:15.308 9 INFO neutron.wsgi [req-2b2ca172-ad06-43a2-ac8f-c65be6fb3017 req-127556de-9710-4a9b-835f-0cbf3b54a92a 734614b4c2404eec86eff556eb3397d5 729eecc38e0e418189f1aeacfe5fa887 - - 6dbf41fada4c4580bca281f6161f7cb5 6dbf41fada4c4580bca281f6161f7cb5] 199.204.45.65 "GET /v2.0/ports?device_id=0a4a6c55-cdd8-4126-ac61-8e2334e7d828&fields=binding%3Ahost_id&fields=binding%3Avif_type HTTP/1.1" status: 200 len: 265 time: 0.0435777
2026-06-22 03:05:15.368 9 INFO neutron.wsgi [req-2b2ca172-ad06-43a2-ac8f-c65be6fb3017 req-f001da73-0b8a-4514-bcc8-c1d0415d007b 734614b4c2404eec86eff556eb3397d5 729eecc38e0e418189f1aeacfe5fa887 - - 6dbf41fada4c4580bca281f6161f7cb5 6dbf41fada4c4580bca281f6161f7cb5] 199.204.45.65 "GET /v2.0/ports?tenant_id=e1707b3f24c64073b7ba9fc84693088e&device_id=0a4a6c55-cdd8-4126-ac61-8e2334e7d828 HTTP/1.1" status: 200 len: 1638 time: 0.0342188
2026-06-22 03:05:15.472 9 INFO neutron.wsgi [req-2b2ca172-ad06-43a2-ac8f-c65be6fb3017 req-a4126e30-8505-4ef8-9ea7-b8323a9810b0 734614b4c2404eec86eff556eb3397d5 729eecc38e0e418189f1aeacfe5fa887 - - 6dbf41fada4c4580bca281f6161f7cb5 6dbf41fada4c4580bca281f6161f7cb5] 199.204.45.65 "GET /v2.0/networks?id=06be671a-81cb-4cd4-b1a8-4a32846fede8 HTTP/1.1" status: 200 len: 1001 time: 0.0814226
2026-06-22 03:05:15.492 10 INFO neutron.wsgi [None req-3b623b29-309b-4fad-8aea-7dc5ec6d7354 2cdc989e5c2944599e966bb7fd0eb7ef 5c28dd0773b54094add62d5f393db628 - - default default] 10.0.0.243 "GET /v2.0/extensions HTTP/1.1" status: 200 len: 16525 time: 0.2629719
2026-06-22 03:05:15.551 9 INFO neutron.wsgi [req-2b2ca172-ad06-43a2-ac8f-c65be6fb3017 req-bb454a27-2fc3-4c85-a077-27d51186dcc6 734614b4c2404eec86eff556eb3397d5 729eecc38e0e418189f1aeacfe5fa887 - - 6dbf41fada4c4580bca281f6161f7cb5 6dbf41fada4c4580bca281f6161f7cb5] 199.204.45.65 "GET /v2.0/floatingips?fixed_ip_address=10.2.2.84&port_id=8028ee28-29e1-4f67-b8db-ce11e774c417 HTTP/1.1" status: 200 len: 1058 time: 0.0712433
2026-06-22 03:05:15.608 9 INFO neutron.wsgi [req-2b2ca172-ad06-43a2-ac8f-c65be6fb3017 req-a2609d44-f229-40b2-bc2c-c75cd7d4212c 734614b4c2404eec86eff556eb3397d5 729eecc38e0e418189f1aeacfe5fa887 - - 6dbf41fada4c4580bca281f6161f7cb5 6dbf41fada4c4580bca281f6161f7cb5] 199.204.45.65 "GET /v2.0/floatingips?fixed_ip_address=fd77%3A1457%3A4cf0%3A26a8%3A%3A2b2&port_id=8028ee28-29e1-4f67-b8db-ce11e774c417 HTTP/1.1" status: 200 len: 217 time: 0.0493619
2026-06-22 03:05:15.649 10 INFO neutron.db.ovn_revision_numbers_db [None req-912d1651-9715-480a-95fe-ee43112674c0 - - - - - -] Successfully bumped revision number for resource 4614b885-10a1-4350-ab2a-0af9e1410b94 (type: ports) to 4
2026-06-22 03:05:15.659 9 INFO neutron.wsgi [req-2b2ca172-ad06-43a2-ac8f-c65be6fb3017 req-078862b3-8c57-4c78-bcaf-ff3e311cd4b6 734614b4c2404eec86eff556eb3397d5 729eecc38e0e418189f1aeacfe5fa887 - - 6dbf41fada4c4580bca281f6161f7cb5 6dbf41fada4c4580bca281f6161f7cb5] 199.204.45.65 "GET /v2.0/subnets?id=ba91d249-698b-4b53-a698-646e321f5167&id=39a51d21-d86e-48fb-8cfe-fae66e8637c9 HTTP/1.1" status: 200 len: 1565 time: 0.0462618
2026-06-22 03:05:15.691 9 INFO neutron.wsgi [None req-36408587-3e6f-41c3-a164-ea743c31cd66 2cdc989e5c2944599e966bb7fd0eb7ef 5c28dd0773b54094add62d5f393db628 - - default default] 10.0.0.243 "GET /v2.0/quotas/5c28dd0773b54094add62d5f393db628/details HTTP/1.1" status: 200 len: 756 time: 0.1792288
2026-06-22 03:05:15.694 9 INFO neutron.wsgi [req-2b2ca172-ad06-43a2-ac8f-c65be6fb3017 req-7145ea2f-9377-45bd-b643-1580ed652550 734614b4c2404eec86eff556eb3397d5 729eecc38e0e418189f1aeacfe5fa887 - - 6dbf41fada4c4580bca281f6161f7cb5 6dbf41fada4c4580bca281f6161f7cb5] 199.204.45.65 "GET /v2.0/ports?network_id=06be671a-81cb-4cd4-b1a8-4a32846fede8&device_owner=network%3Adhcp HTTP/1.1" status: 200 len: 210 time: 0.0243542
2026-06-22 03:05:15.733 9 INFO neutron.db.ovn_revision_numbers_db [None req-0e326c64-32ff-4a98-b73d-0c31d7e6a4a1 ae142a5fd12d426fa2507ab6004ea78b 7eabc14010fa4969ab224d754888bc3c - - default default] Successfully bumped revision number for resource 0304e420-e0cb-4c8f-8ef7-17c00058a9cc (type: security_groups) to 1
2026-06-22 03:05:15.740 9 INFO neutron.wsgi [req-2b2ca172-ad06-43a2-ac8f-c65be6fb3017 req-bb787644-fe19-4c28-825d-8efd57d2b30a 734614b4c2404eec86eff556eb3397d5 729eecc38e0e418189f1aeacfe5fa887 - - 6dbf41fada4c4580bca281f6161f7cb5 6dbf41fada4c4580bca281f6161f7cb5] 199.204.45.65 "GET /v2.0/ports?network_id=06be671a-81cb-4cd4-b1a8-4a32846fede8&device_owner=network%3Adhcp HTTP/1.1" status: 200 len: 210 time: 0.0404477
2026-06-22 03:05:15.761 9 INFO neutron.db.ovn_revision_numbers_db [None req-0e326c64-32ff-4a98-b73d-0c31d7e6a4a1 ae142a5fd12d426fa2507ab6004ea78b 7eabc14010fa4969ab224d754888bc3c - - default default] Successfully bumped revision number for resource 0214cb7e-b516-44e1-a5c2-c86048469c99 (type: security_group_rules) to 0
2026-06-22 03:05:15.800 9 INFO neutron.db.ovn_revision_numbers_db [None req-0e326c64-32ff-4a98-b73d-0c31d7e6a4a1 ae142a5fd12d426fa2507ab6004ea78b 7eabc14010fa4969ab224d754888bc3c - - default default] Successfully bumped revision number for resource 32565851-015b-47a4-a390-7e68e2515f86 (type: security_group_rules) to 0
2026-06-22 03:05:15.823 9 INFO neutron.db.ovn_revision_numbers_db [None req-0e326c64-32ff-4a98-b73d-0c31d7e6a4a1 ae142a5fd12d426fa2507ab6004ea78b 7eabc14010fa4969ab224d754888bc3c - - default default] Successfully bumped revision number for resource 604785a4-be33-41a9-8e77-138b1a793c11 (type: security_group_rules) to 0
2026-06-22 03:05:15.829 9 INFO neutron.wsgi [req-2b2ca172-ad06-43a2-ac8f-c65be6fb3017 req-d4a3f745-f677-40e7-8afb-97dc0155c200 734614b4c2404eec86eff556eb3397d5 729eecc38e0e418189f1aeacfe5fa887 - - 6dbf41fada4c4580bca281f6161f7cb5 6dbf41fada4c4580bca281f6161f7cb5] 199.204.45.65 "GET /v2.0/networks/06be671a-81cb-4cd4-b1a8-4a32846fede8?fields=segments HTTP/1.1" status: 200 len: 212 time: 0.0805612
2026-06-22 03:05:15.857 9 INFO neutron.db.ovn_revision_numbers_db [None req-0e326c64-32ff-4a98-b73d-0c31d7e6a4a1 ae142a5fd12d426fa2507ab6004ea78b 7eabc14010fa4969ab224d754888bc3c - - default default] Successfully bumped revision number for resource a83ab878-d037-4a51-9dc3-f9a458dd188e (type: security_group_rules) to 0
2026-06-22 03:05:15.900 9 INFO neutron.wsgi [None req-0e326c64-32ff-4a98-b73d-0c31d7e6a4a1 ae142a5fd12d426fa2507ab6004ea78b 7eabc14010fa4969ab224d754888bc3c - - default default] 10.0.0.167 "GET /v2.0/security-groups?tenant_id=d4d098a37dca46f3ae27322196d17cb6&name=default HTTP/1.1" status: 200 len: 3000 time: 0.4416361
2026-06-22 03:05:15.917 9 INFO neutron.wsgi [req-2b2ca172-ad06-43a2-ac8f-c65be6fb3017 req-76f2bc32-7993-47b4-934e-f240afe2d68d 734614b4c2404eec86eff556eb3397d5 729eecc38e0e418189f1aeacfe5fa887 - - 6dbf41fada4c4580bca281f6161f7cb5 6dbf41fada4c4580bca281f6161f7cb5] 199.204.45.65 "GET /v2.0/networks/06be671a-81cb-4cd4-b1a8-4a32846fede8?fields=provider%3Aphysical_network&fields=provider%3Anetwork_type HTTP/1.1" status: 200 len: 277 time: 0.0721581
2026-06-22 03:05:16.042 9 INFO neutron.wsgi [None req-1f9515a4-b87b-4aeb-b464-a0da145cb1e0 ae142a5fd12d426fa2507ab6004ea78b 7eabc14010fa4969ab224d754888bc3c - - default default] 199.204.45.65 "GET /v2.0/extensions/security-group HTTP/1.1" status: 200 len: 369 time: 0.0625052
2026-06-22 03:05:16.056 9 INFO neutron.wsgi [None req-e1463b44-e1a5-412c-b21b-dd2d400adb70 ae142a5fd12d426fa2507ab6004ea78b 7eabc14010fa4969ab224d754888bc3c - - default default] 199.204.45.65 "GET /v2.0/extensions/dns-integration HTTP/1.1" status: 200 len: 371 time: 0.0074801
2026-06-22 03:05:16.063 9 INFO neutron.wsgi [None req-8d50e3bb-b887-4413-acd2-909789600bf8 ae142a5fd12d426fa2507ab6004ea78b 7eabc14010fa4969ab224d754888bc3c - - default default] 199.204.45.65 "GET /v2.0/extensions/qos HTTP/1.1" status: 200 len: 365 time: 0.0041051
2026-06-22 03:05:16.078 9 INFO neutron.wsgi [None req-96fa56d1-3121-4047-b219-6b0640ee63ca ae142a5fd12d426fa2507ab6004ea78b 7eabc14010fa4969ab224d754888bc3c - - default default] 199.204.45.65 "GET /v2.0/extensions/allowed-address-pairs HTTP/1.1" status: 200 len: 383 time: 0.0094469
2026-06-22 03:05:16.173 10 INFO neutron.wsgi [None req-9ea2b9d4-b667-4c95-937c-7a68e284f008 ae142a5fd12d426fa2507ab6004ea78b 7eabc14010fa4969ab224d754888bc3c - - default default] 10.0.0.167 "DELETE /v2.0/security-groups/0304e420-e0cb-4c8f-8ef7-17c00058a9cc HTTP/1.1" status: 204 len: 168 time: 0.2675538
2026-06-22 03:05:16.274 9 INFO neutron.wsgi [None req-927c6020-3530-4fbe-ba68-0afea0cbc780 ae142a5fd12d426fa2507ab6004ea78b 7eabc14010fa4969ab224d754888bc3c - - default default] 199.204.45.65 "GET /v2.0/security-groups?name=lb-d5854a66-0c82-4a94-ab04-e18e5c937344 HTTP/1.1" status: 200 len: 1775 time: 0.0763757
2026-06-22 03:05:16.335 9 INFO neutron.wsgi [None req-cc57b7ff-dd71-494a-8ee2-c4e234cef7da ae142a5fd12d426fa2507ab6004ea78b 7eabc14010fa4969ab224d754888bc3c - - default default] 199.204.45.65 "GET /v2.0/security-group-rules?security_group_id=a1809279-0037-48ad-978e-7785664f8f0c HTTP/1.1" status: 200 len: 1318 time: 0.0534461
2026-06-22 03:05:16.378 9 INFO neutron.wsgi [None req-7dfb47a5-25a4-4bbe-a30f-1693c2d0d32f ae142a5fd12d426fa2507ab6004ea78b 7eabc14010fa4969ab224d754888bc3c - - default default] 10.0.0.167 "GET /v2.0/security-groups?tenant_id=902441d98cdf4537b92f17ba1fa39c31&name=default HTTP/1.1" status: 200 len: 3000 time: 0.0762150
2026-06-22 03:05:16.532 9 INFO neutron.db.ovn_revision_numbers_db [None req-ad6bc2cd-1d63-4df9-a68d-ae55221dfeeb ae142a5fd12d426fa2507ab6004ea78b 7eabc14010fa4969ab224d754888bc3c - - default default] Successfully bumped revision number for resource fa63ddc2-7809-48dc-b569-33a582e6df9f (type: security_group_rules) to 0
2026-06-22 03:05:16.574 9 INFO neutron.wsgi [None req-ad6bc2cd-1d63-4df9-a68d-ae55221dfeeb ae142a5fd12d426fa2507ab6004ea78b 7eabc14010fa4969ab224d754888bc3c - - default default] 199.204.45.65 "POST /v2.0/security-group-rules HTTP/1.1" status: 201 len: 773 time: 0.2313960
2026-06-22 03:05:16.683 9 INFO neutron.wsgi [None req-725360de-b1de-4bca-995c-28fe21410367 ae142a5fd12d426fa2507ab6004ea78b 7eabc14010fa4969ab224d754888bc3c - - default default] 10.0.0.167 "DELETE /v2.0/security-groups/6a7da50a-9f50-4683-871e-2c68cf39bd7a HTTP/1.1" status: 204 len: 168 time: 0.2977931
2026-06-22 03:05:16.776 9 INFO neutron.db.ovn_revision_numbers_db [None req-5c21ceda-5b68-43be-8e72-7e5ad70e290f ae142a5fd12d426fa2507ab6004ea78b 7eabc14010fa4969ab224d754888bc3c - - default default] Successfully bumped revision number for resource 69c1cb01-7ece-43e0-abfa-67d50e700193 (type: security_group_rules) to 0
2026-06-22 03:05:16.808 9 INFO neutron.wsgi [None req-5c21ceda-5b68-43be-8e72-7e5ad70e290f ae142a5fd12d426fa2507ab6004ea78b 7eabc14010fa4969ab224d754888bc3c - - default default] 199.204.45.65 "POST /v2.0/security-group-rules HTTP/1.1" status: 201 len: 769 time: 0.2290254
2026-06-22 03:05:18.412 9 INFO neutron.wsgi [None req-bea1eff3-537c-43f0-9c9d-bda256f6c11b 2cdc989e5c2944599e966bb7fd0eb7ef 5c28dd0773b54094add62d5f393db628 - - default default] 10.0.0.243 "GET /v2.0/extensions HTTP/1.1" status: 200 len: 16525 time: 0.0121992
2026-06-22 03:05:18.562 9 INFO neutron.wsgi [None req-63a02539-c053-46a0-8c17-861e6123ec76 2cdc989e5c2944599e966bb7fd0eb7ef 5c28dd0773b54094add62d5f393db628 - - default default] 10.0.0.243 "GET /v2.0/quotas/5c28dd0773b54094add62d5f393db628/details HTTP/1.1" status: 200 len: 756 time: 0.1304553
2026-06-22 03:05:21.580 10 INFO neutron.db.ovn_revision_numbers_db [None req-81dfcbb6-b2ff-4200-9ac3-ddae64f89cd2 ae142a5fd12d426fa2507ab6004ea78b 7eabc14010fa4969ab224d754888bc3c - - default default] Successfully bumped revision number for resource 35ba7005-cfb1-4aed-973f-8e6ccfaa5bc8 (type: security_groups) to 1
2026-06-22 03:05:21.598 10 INFO neutron.db.ovn_revision_numbers_db [None req-81dfcbb6-b2ff-4200-9ac3-ddae64f89cd2 ae142a5fd12d426fa2507ab6004ea78b 7eabc14010fa4969ab224d754888bc3c - - default default] Successfully bumped revision number for resource 3e0360be-ecd3-4f0e-abdd-10fcb9c59f63 (type: security_group_rules) to 0
2026-06-22 03:05:21.618 10 INFO neutron.db.ovn_revision_numbers_db [None req-81dfcbb6-b2ff-4200-9ac3-ddae64f89cd2 ae142a5fd12d426fa2507ab6004ea78b 7eabc14010fa4969ab224d754888bc3c - - default default] Successfully bumped revision number for resource 5e19faac-fd92-488e-b560-717a5fbe1856 (type: security_group_rules) to 0
2026-06-22 03:05:21.635 10 INFO neutron.db.ovn_revision_numbers_db [None req-81dfcbb6-b2ff-4200-9ac3-ddae64f89cd2 ae142a5fd12d426fa2507ab6004ea78b 7eabc14010fa4969ab224d754888bc3c - - default default] Successfully bumped revision number for resource 69981fbb-4be7-4e9a-9644-5e5018891a87 (type: security_group_rules) to 0
2026-06-22 03:05:21.653 10 INFO neutron.db.ovn_revision_numbers_db [None req-81dfcbb6-b2ff-4200-9ac3-ddae64f89cd2 ae142a5fd12d426fa2507ab6004ea78b 7eabc14010fa4969ab224d754888bc3c - - default default] Successfully bumped revision number for resource f5435289-2d84-4862-af90-8d4c8c7dd1b9 (type: security_group_rules) to 0
2026-06-22 03:05:21.688 10 INFO neutron.wsgi [None req-81dfcbb6-b2ff-4200-9ac3-ddae64f89cd2 ae142a5fd12d426fa2507ab6004ea78b 7eabc14010fa4969ab224d754888bc3c - - default default] 10.0.0.167 "GET /v2.0/security-groups?tenant_id=5c28dd0773b54094add62d5f393db628&name=default HTTP/1.1" status: 200 len: 3000 time: 0.4541245
2026-06-22 03:05:21.971 10 INFO neutron.wsgi [None req-b5c7b785-b6c3-4c7d-a0db-4cb919cf48f5 ae142a5fd12d426fa2507ab6004ea78b 7eabc14010fa4969ab224d754888bc3c - - default default] 10.0.0.167 "DELETE /v2.0/security-groups/35ba7005-cfb1-4aed-973f-8e6ccfaa5bc8 HTTP/1.1" status: 204 len: 168 time: 0.2796810
2026-06-22 03:05:23.184 9 INFO neutron.wsgi [None req-b01a60bc-b7ad-4b36-9045-708e12b8ef54 ae142a5fd12d426fa2507ab6004ea78b 7eabc14010fa4969ab224d754888bc3c - - default default] 10.0.0.134 "GET /v2.0/extensions/security-group HTTP/1.1" status: 200 len: 369 time: 0.0083976
2026-06-22 03:05:23.195 9 INFO neutron.wsgi [None req-bf86eeb1-3c8c-4344-9d00-7a1dc3b38c81 ae142a5fd12d426fa2507ab6004ea78b 7eabc14010fa4969ab224d754888bc3c - - default default] 10.0.0.134 "GET /v2.0/extensions/dns-integration HTTP/1.1" status: 200 len: 371 time: 0.0041575
2026-06-22 03:05:23.204 9 INFO neutron.wsgi [None req-9cd06ab1-bf65-439b-b207-9e3894f9a3d0 ae142a5fd12d426fa2507ab6004ea78b 7eabc14010fa4969ab224d754888bc3c - - default default] 10.0.0.134 "GET /v2.0/extensions/qos HTTP/1.1" status: 200 len: 365 time: 0.0038590
2026-06-22 03:05:23.214 9 INFO neutron.wsgi [None req-66743e44-080e-4c3d-9d17-f11054a717f5 ae142a5fd12d426fa2507ab6004ea78b 7eabc14010fa4969ab224d754888bc3c - - default default] 10.0.0.134 "GET /v2.0/extensions/allowed-address-pairs HTTP/1.1" status: 200 len: 383 time: 0.0038970
2026-06-22 03:05:23.383 10 INFO neutron.wsgi [-] 10.0.0.180 "GET / HTTP/1.1" status: 200 len: 246 time: 0.0033524
2026-06-22 03:05:23.383 9 INFO neutron.wsgi [-] 10.0.0.180 "GET / HTTP/1.1" status: 200 len: 246 time: 0.0034754
2026-06-22 03:05:23.599 10 INFO neutron.wsgi [-] 10.0.0.134 "GET / HTTP/1.1" status: 200 len: 284 time: 0.0027978
2026-06-22 03:05:23.648 10 INFO neutron.wsgi [None req-13085294-1905-4869-8154-a5f81ce38458 234bf58ec97f44c48cc2db616afe2222 e1707b3f24c64073b7ba9fc84693088e - - default default] 10.0.0.134 "GET /v2.0/subnets/72207137-ccf4-4a92-a920-b62ff9f248c4 HTTP/1.1" status: 200 len: 830 time: 0.0430753
2026-06-22 03:05:24.073 9 INFO neutron.wsgi [None req-96b3562a-9f03-44c4-9fdd-81b1bc93ffeb ae142a5fd12d426fa2507ab6004ea78b 7eabc14010fa4969ab224d754888bc3c - - default default] 199.204.45.65 "GET /v2.0/extensions/security-group HTTP/1.1" status: 200 len: 369 time: 0.0088310
2026-06-22 03:05:24.084 9 INFO neutron.wsgi [None req-df2f64f3-8ea6-4caf-9f3c-42af49bcfcdc ae142a5fd12d426fa2507ab6004ea78b 7eabc14010fa4969ab224d754888bc3c - - default default] 199.204.45.65 "GET /v2.0/extensions/dns-integration HTTP/1.1" status: 200 len: 371 time: 0.0041437
2026-06-22 03:05:24.093 9 INFO neutron.wsgi [None req-c63bd669-09d2-470d-969c-5d0441917c1a ae142a5fd12d426fa2507ab6004ea78b 7eabc14010fa4969ab224d754888bc3c - - default default] 199.204.45.65 "GET /v2.0/extensions/qos HTTP/1.1" status: 200 len: 365 time: 0.0047839
2026-06-22 03:05:24.105 9 INFO neutron.wsgi [None req-ebdf56e3-fd19-4f42-a0e4-347f6cb04099 ae142a5fd12d426fa2507ab6004ea78b 7eabc14010fa4969ab224d754888bc3c - - default default] 199.204.45.65 "GET /v2.0/extensions/allowed-address-pairs HTTP/1.1" status: 200 len: 383 time: 0.0072455
2026-06-22 03:05:24.151 9 INFO neutron.wsgi [None req-25438916-f74e-48ff-b31b-7bbe574c18a6 ae142a5fd12d426fa2507ab6004ea78b 7eabc14010fa4969ab224d754888bc3c - - default default] 199.204.45.65 "GET /v2.0/subnets/72207137-ccf4-4a92-a920-b62ff9f248c4 HTTP/1.1" status: 200 len: 848 time: 0.0402834
2026-06-22 03:05:24.198 9 INFO neutron.wsgi [None req-c38e7307-1e61-4bad-ae0d-ca74e1d97f4d ae142a5fd12d426fa2507ab6004ea78b 7eabc14010fa4969ab224d754888bc3c - - default default] 199.204.45.65 "GET /v2.0/ports?device_id=f7042602-bb26-4d22-b0de-db348fab8153 HTTP/1.1" status: 200 len: 2724 time: 0.0411723
2026-06-22 03:05:24.340 9 INFO neutron.wsgi [None req-c9e59f4d-f038-4cf7-ba7f-c09ec35e503c ae142a5fd12d426fa2507ab6004ea78b 7eabc14010fa4969ab224d754888bc3c - - default default] 199.204.45.65 "GET /v2.0/extensions/security-group HTTP/1.1" status: 200 len: 369 time: 0.0075772
2026-06-22 03:05:24.353 9 INFO neutron.wsgi [None req-3ee3e781-25c1-40eb-967a-ff6108b299bf ae142a5fd12d426fa2507ab6004ea78b 7eabc14010fa4969ab224d754888bc3c - - default default] 199.204.45.65 "GET /v2.0/extensions/dns-integration HTTP/1.1" status: 200 len: 371 time: 0.0071836
2026-06-22 03:05:24.361 9 INFO neutron.wsgi [None req-44127826-5432-48d3-9c66-38a3e60e605c ae142a5fd12d426fa2507ab6004ea78b 7eabc14010fa4969ab224d754888bc3c - - default default] 199.204.45.65 "GET /v2.0/extensions/qos HTTP/1.1" status: 200 len: 365 time: 0.0041649
2026-06-22 03:05:24.370 9 INFO neutron.wsgi [None req-707cddc4-8e0e-4dde-9be8-23fa3446db5f ae142a5fd12d426fa2507ab6004ea78b 7eabc14010fa4969ab224d754888bc3c - - default default] 199.204.45.65 "GET /v2.0/extensions/allowed-address-pairs HTTP/1.1" status: 200 len: 383 time: 0.0047605
2026-06-22 03:05:25.294 9 INFO neutron.wsgi [req-a3c5d718-d671-40af-8044-73df47194d0f req-d6900009-3727-418f-888f-1696ce85bc58 734614b4c2404eec86eff556eb3397d5 729eecc38e0e418189f1aeacfe5fa887 - - 6dbf41fada4c4580bca281f6161f7cb5 6dbf41fada4c4580bca281f6161f7cb5] 199.204.45.65 "GET /v2.0/networks/aa602911-6ded-42df-80b0-a509842e352e?fields=segments HTTP/1.1" status: 200 len: 212 time: 0.0882771
2026-06-22 03:05:25.384 9 INFO neutron.wsgi [req-a3c5d718-d671-40af-8044-73df47194d0f req-11d3913b-ffc8-4209-8aa1-dfaeacf68c81 734614b4c2404eec86eff556eb3397d5 729eecc38e0e418189f1aeacfe5fa887 - - 6dbf41fada4c4580bca281f6161f7cb5 6dbf41fada4c4580bca281f6161f7cb5] 199.204.45.65 "GET /v2.0/networks/aa602911-6ded-42df-80b0-a509842e352e?fields=provider%3Aphysical_network&fields=provider%3Anetwork_type HTTP/1.1" status: 200 len: 277 time: 0.0826426
2026-06-22 03:05:25.489 9 INFO neutron.wsgi [req-a3c5d718-d671-40af-8044-73df47194d0f req-4ea45ddc-ebc4-44d2-a325-09f7cef164f5 ae142a5fd12d426fa2507ab6004ea78b 7eabc14010fa4969ab224d754888bc3c - - default default] 199.204.45.65 "GET /v2.0/networks?id=aa602911-6ded-42df-80b0-a509842e352e HTTP/1.1" status: 200 len: 1002 time: 0.0819526
2026-06-22 03:05:25.907 9 WARNING neutron.scheduler.dhcp_agent_scheduler [req-a3c5d718-d671-40af-8044-73df47194d0f req-b98d09b4-295b-4ce0-a7bd-df197e6480aa ae142a5fd12d426fa2507ab6004ea78b 7eabc14010fa4969ab224d754888bc3c - - default default] No more DHCP agents
2026-06-22 03:05:25.909 9 WARNING neutron.api.rpc.agentnotifiers.dhcp_rpc_agent_api [req-a3c5d718-d671-40af-8044-73df47194d0f req-b98d09b4-295b-4ce0-a7bd-df197e6480aa ae142a5fd12d426fa2507ab6004ea78b 7eabc14010fa4969ab224d754888bc3c - - default default] Unable to schedule network aa602911-6ded-42df-80b0-a509842e352e: no agents available; will retry on subsequent port and subnet creation events.
2026-06-22 03:05:26.144 9 INFO neutron.db.ovn_revision_numbers_db [req-a3c5d718-d671-40af-8044-73df47194d0f req-b98d09b4-295b-4ce0-a7bd-df197e6480aa ae142a5fd12d426fa2507ab6004ea78b 7eabc14010fa4969ab224d754888bc3c - - default default] Successfully bumped revision number for resource b383aa27-6a80-4c68-9d6b-087e6ed50f3f (type: ports) to 1
2026-06-22 03:05:26.166 9 INFO neutron.wsgi [req-a3c5d718-d671-40af-8044-73df47194d0f req-b98d09b4-295b-4ce0-a7bd-df197e6480aa ae142a5fd12d426fa2507ab6004ea78b 7eabc14010fa4969ab224d754888bc3c - - default default] 199.204.45.65 "POST /v2.0/ports HTTP/1.1" status: 201 len: 1508 time: 0.6733220 /var/lib/openstack/lib/python3.10/site-packages/pycadf/identifier.py:71: UserWarning: Invalid uuid: neutron. To ensure interoperability, identifiers should be a valid uuid. warnings.warn(('Invalid uuid: %s. To ensure interoperability, '
2026-06-22 03:05:26.613 9 INFO neutron.db.ovn_revision_numbers_db [req-a3c5d718-d671-40af-8044-73df47194d0f req-ef85b111-9930-47ee-81c4-cf97eb8c93bb 734614b4c2404eec86eff556eb3397d5 729eecc38e0e418189f1aeacfe5fa887 - - 6dbf41fada4c4580bca281f6161f7cb5 6dbf41fada4c4580bca281f6161f7cb5] Successfully bumped revision number for resource b383aa27-6a80-4c68-9d6b-087e6ed50f3f (type: ports) to 2
2026-06-22 03:05:26.728 10 INFO neutron.db.ovn_revision_numbers_db [None req-3cbe9fdc-fbd8-4318-9bbe-b9cbe83f1a7b 94e555111c94442096337387b1f7b00c d3c07a77095748b2800a3960ea090532 - - default default] Successfully bumped revision number for resource 1a2b305a-e1f7-4af5-b25b-301a1676c466 (type: security_groups) to 1
2026-06-22 03:05:26.753 10 INFO neutron.db.ovn_revision_numbers_db [None req-3cbe9fdc-fbd8-4318-9bbe-b9cbe83f1a7b 94e555111c94442096337387b1f7b00c d3c07a77095748b2800a3960ea090532 - - default default] Successfully bumped revision number for resource 23aa4503-eebb-439f-af15-2da522d06770 (type: security_group_rules) to 0
2026-06-22 03:05:26.773 10 INFO neutron.db.ovn_revision_numbers_db [None req-3cbe9fdc-fbd8-4318-9bbe-b9cbe83f1a7b 94e555111c94442096337387b1f7b00c d3c07a77095748b2800a3960ea090532 - - default default] Successfully bumped revision number for resource 3d14c5c8-d499-4ed9-be6c-4e7f27939fce (type: security_group_rules) to 0
2026-06-22 03:05:26.820 10 INFO neutron.db.ovn_revision_numbers_db [None req-3cbe9fdc-fbd8-4318-9bbe-b9cbe83f1a7b 94e555111c94442096337387b1f7b00c d3c07a77095748b2800a3960ea090532 - - default default] Successfully bumped revision number for resource 678b991f-61b9-479c-afbe-8639b81ce1c5 (type: security_group_rules) to 0
2026-06-22 03:05:26.840 10 INFO neutron.db.ovn_revision_numbers_db [None req-3cbe9fdc-fbd8-4318-9bbe-b9cbe83f1a7b 94e555111c94442096337387b1f7b00c d3c07a77095748b2800a3960ea090532 - - default default] Successfully bumped revision number for resource d9f00919-1e0e-44ee-aec3-dc1b22fd791a (type: security_group_rules) to 0
2026-06-22 03:05:26.904 10 INFO neutron.db.segments_db [None req-3cbe9fdc-fbd8-4318-9bbe-b9cbe83f1a7b 94e555111c94442096337387b1f7b00c d3c07a77095748b2800a3960ea090532 - - default default] Added segment ada70a78-a2e3-4513-bd16-a170560ba40c of type geneve for network 3d2a1216-5fbf-4c92-a843-45df2a0ea709
2026-06-22 03:05:27.084 10 INFO neutron.db.ovn_revision_numbers_db [None req-3cbe9fdc-fbd8-4318-9bbe-b9cbe83f1a7b 94e555111c94442096337387b1f7b00c d3c07a77095748b2800a3960ea090532 - - default default] Successfully bumped revision number for resource 3d2a1216-5fbf-4c92-a843-45df2a0ea709 (type: networks) to 1
2026-06-22 03:05:27.145 9 INFO neutron.db.ovn_revision_numbers_db [req-a3c5d718-d671-40af-8044-73df47194d0f req-ef85b111-9930-47ee-81c4-cf97eb8c93bb 734614b4c2404eec86eff556eb3397d5 729eecc38e0e418189f1aeacfe5fa887 - - 6dbf41fada4c4580bca281f6161f7cb5 6dbf41fada4c4580bca281f6161f7cb5] Successfully bumped revision number for resource b383aa27-6a80-4c68-9d6b-087e6ed50f3f (type: ports) to 2
2026-06-22 03:05:27.162 9 INFO neutron.wsgi [req-a3c5d718-d671-40af-8044-73df47194d0f req-ef85b111-9930-47ee-81c4-cf97eb8c93bb 734614b4c2404eec86eff556eb3397d5 729eecc38e0e418189f1aeacfe5fa887 - - 6dbf41fada4c4580bca281f6161f7cb5 6dbf41fada4c4580bca281f6161f7cb5] 199.204.45.65 "PUT /v2.0/ports/b383aa27-6a80-4c68-9d6b-087e6ed50f3f HTTP/1.1" status: 200 len: 1605 time: 0.9876885 /var/lib/openstack/lib/python3.10/site-packages/pycadf/identifier.py:71: UserWarning: Invalid uuid: neutron. To ensure interoperability, identifiers should be a valid uuid. warnings.warn(('Invalid uuid: %s. To ensure interoperability, '
2026-06-22 03:05:27.216 9 INFO neutron.notifiers.nova [-] Nova event matching ['req-28dc6fea-14b6-4295-a0ca-e67031d22fc9'] response: {'name': 'network-changed', 'server_uuid': 'f7042602-bb26-4d22-b0de-db348fab8153', 'tag': 'b383aa27-6a80-4c68-9d6b-087e6ed50f3f', 'status': 'completed', 'code': 200}
2026-06-22 03:05:27.242 9 INFO neutron.wsgi [req-a3c5d718-d671-40af-8044-73df47194d0f req-c1c5064b-9751-46e5-9290-8b0dda5374d8 734614b4c2404eec86eff556eb3397d5 729eecc38e0e418189f1aeacfe5fa887 - - 6dbf41fada4c4580bca281f6161f7cb5 6dbf41fada4c4580bca281f6161f7cb5] 199.204.45.65 "GET /v2.0/ports?tenant_id=7eabc14010fa4969ab224d754888bc3c&device_id=f7042602-bb26-4d22-b0de-db348fab8153 HTTP/1.1" status: 200 len: 4149 time: 0.0392544
2026-06-22 03:05:27.273 9 INFO neutron.wsgi [req-a3c5d718-d671-40af-8044-73df47194d0f req-ad679c86-bd5a-49d9-be8c-5bbfb554e6b4 734614b4c2404eec86eff556eb3397d5 729eecc38e0e418189f1aeacfe5fa887 - - 6dbf41fada4c4580bca281f6161f7cb5 6dbf41fada4c4580bca281f6161f7cb5] 199.204.45.65 "GET /v2.0/floatingips?fixed_ip_address=172.24.0.38&port_id=3fbedf48-11cc-42fc-a33e-a290ed0d9e21 HTTP/1.1" status: 200 len: 217 time: 0.0244105
2026-06-22 03:05:27.296 10 WARNING neutron.scheduler.dhcp_agent_scheduler [None req-3cbe9fdc-fbd8-4318-9bbe-b9cbe83f1a7b 94e555111c94442096337387b1f7b00c d3c07a77095748b2800a3960ea090532 - - default default] No more DHCP agents
2026-06-22 03:05:27.300 10 WARNING neutron.api.rpc.agentnotifiers.dhcp_rpc_agent_api [None req-3cbe9fdc-fbd8-4318-9bbe-b9cbe83f1a7b 94e555111c94442096337387b1f7b00c d3c07a77095748b2800a3960ea090532 - - default default] Unable to schedule network 3d2a1216-5fbf-4c92-a843-45df2a0ea709: no agents available; will retry on subsequent port and subnet creation events.
2026-06-22 03:05:27.312 9 INFO neutron.wsgi [req-a3c5d718-d671-40af-8044-73df47194d0f req-f030a5bd-7f8b-4556-8850-b7d68e7c833d 734614b4c2404eec86eff556eb3397d5 729eecc38e0e418189f1aeacfe5fa887 - - 6dbf41fada4c4580bca281f6161f7cb5 6dbf41fada4c4580bca281f6161f7cb5] 199.204.45.65 "GET /v2.0/subnets?id=5170d8f8-49d3-48ca-b238-cc14299c3fb2 HTTP/1.1" status: 200 len: 829 time: 0.0314744
2026-06-22 03:05:27.335 9 INFO neutron.wsgi [req-a3c5d718-d671-40af-8044-73df47194d0f req-cf8159fb-5599-452e-be5d-40392a87247f 734614b4c2404eec86eff556eb3397d5 729eecc38e0e418189f1aeacfe5fa887 - - 6dbf41fada4c4580bca281f6161f7cb5 6dbf41fada4c4580bca281f6161f7cb5] 199.204.45.65 "GET /v2.0/ports?network_id=4fe23e91-1ae4-437b-8c2a-f845d5f03f11&device_owner=network%3Adhcp HTTP/1.1" status: 200 len: 210 time: 0.0164471
2026-06-22 03:05:27.393 10 INFO neutron.db.ovn_revision_numbers_db [None req-3cbe9fdc-fbd8-4318-9bbe-b9cbe83f1a7b 94e555111c94442096337387b1f7b00c d3c07a77095748b2800a3960ea090532 - - default default] Successfully bumped revision number for resource 6a57a314-015f-4b7f-9b66-766588967265 (type: ports) to 1
2026-06-22 03:05:27.407 9 INFO neutron.wsgi [req-a3c5d718-d671-40af-8044-73df47194d0f req-ec4a4bfb-092e-4f92-a0f8-7c961870f60d 734614b4c2404eec86eff556eb3397d5 729eecc38e0e418189f1aeacfe5fa887 - - 6dbf41fada4c4580bca281f6161f7cb5 6dbf41fada4c4580bca281f6161f7cb5] 199.204.45.65 "GET /v2.0/networks/4fe23e91-1ae4-437b-8c2a-f845d5f03f11?fields=segments HTTP/1.1" status: 200 len: 212 time: 0.0631244
2026-06-22 03:05:27.422 10 INFO neutron.wsgi [None req-3cbe9fdc-fbd8-4318-9bbe-b9cbe83f1a7b 94e555111c94442096337387b1f7b00c d3c07a77095748b2800a3960ea090532 - - default default] 10.0.0.167 "POST /v2.0/networks HTTP/1.1" status: 201 len: 830 time: 1.0656610
2026-06-22 03:05:27.479 9 INFO neutron.wsgi [req-a3c5d718-d671-40af-8044-73df47194d0f req-81e7315e-01c8-461f-936e-98922524e2f6 734614b4c2404eec86eff556eb3397d5 729eecc38e0e418189f1aeacfe5fa887 - - 6dbf41fada4c4580bca281f6161f7cb5 6dbf41fada4c4580bca281f6161f7cb5] 199.204.45.65 "GET /v2.0/networks/4fe23e91-1ae4-437b-8c2a-f845d5f03f11?fields=provider%3Aphysical_network&fields=provider%3Anetwork_type HTTP/1.1" status: 200 len: 277 time: 0.0634027
2026-06-22 03:05:27.512 9 INFO neutron.wsgi [req-a3c5d718-d671-40af-8044-73df47194d0f req-e667b4db-713e-4cc1-950f-6c8a0b31466f 734614b4c2404eec86eff556eb3397d5 729eecc38e0e418189f1aeacfe5fa887 - - 6dbf41fada4c4580bca281f6161f7cb5 6dbf41fada4c4580bca281f6161f7cb5] 199.204.45.65 "GET /v2.0/floatingips?fixed_ip_address=10.1.1.139&port_id=1e8ab439-46f0-4df0-9466-38ad21e72c2d HTTP/1.1" status: 200 len: 217 time: 0.0258441
2026-06-22 03:05:27.558 9 INFO neutron.wsgi [req-a3c5d718-d671-40af-8044-73df47194d0f req-12e42fb5-2bc5-4b75-a86a-462c86996fb8 734614b4c2404eec86eff556eb3397d5 729eecc38e0e418189f1aeacfe5fa887 - - 6dbf41fada4c4580bca281f6161f7cb5 6dbf41fada4c4580bca281f6161f7cb5] 199.204.45.65 "GET /v2.0/subnets?id=36c18792-605f-48d9-bc0e-f1fe8ad8d499 HTTP/1.1" status: 200 len: 852 time: 0.0381613
2026-06-22 03:05:27.595 9 INFO neutron.wsgi [req-a3c5d718-d671-40af-8044-73df47194d0f req-82de8328-1470-452c-bf61-575ad14c1fc8 734614b4c2404eec86eff556eb3397d5 729eecc38e0e418189f1aeacfe5fa887 - - 6dbf41fada4c4580bca281f6161f7cb5 6dbf41fada4c4580bca281f6161f7cb5] 199.204.45.65 "GET /v2.0/ports?network_id=d2b7fdb7-2c7a-4ada-a57b-1eda8b35d224&device_owner=network%3Adhcp HTTP/1.1" status: 200 len: 210 time: 0.0303285
2026-06-22 03:05:27.659 9 INFO neutron.wsgi [req-a3c5d718-d671-40af-8044-73df47194d0f req-ac2e3840-2d7a-4013-9650-c69afb69c3de 734614b4c2404eec86eff556eb3397d5 729eecc38e0e418189f1aeacfe5fa887 - - 6dbf41fada4c4580bca281f6161f7cb5 6dbf41fada4c4580bca281f6161f7cb5] 199.204.45.65 "GET /v2.0/networks/d2b7fdb7-2c7a-4ada-a57b-1eda8b35d224?fields=segments HTTP/1.1" status: 200 len: 212 time: 0.0566833
2026-06-22 03:05:27.682 10 WARNING neutron.scheduler.dhcp_agent_scheduler [None req-a37b338e-ce3e-4b2b-92f6-aef03a7dfcd1 94e555111c94442096337387b1f7b00c d3c07a77095748b2800a3960ea090532 - - default default] No more DHCP agents
2026-06-22 03:05:27.685 10 WARNING neutron.api.rpc.agentnotifiers.dhcp_rpc_agent_api [None req-a37b338e-ce3e-4b2b-92f6-aef03a7dfcd1 94e555111c94442096337387b1f7b00c d3c07a77095748b2800a3960ea090532 - - default default] Unable to schedule network 3d2a1216-5fbf-4c92-a843-45df2a0ea709: no agents available; will retry on subsequent port and subnet creation events.
2026-06-22 03:05:27.732 9 INFO neutron.wsgi [req-a3c5d718-d671-40af-8044-73df47194d0f req-a9c46d68-203a-48d2-b405-c840f63bcd6d 734614b4c2404eec86eff556eb3397d5 729eecc38e0e418189f1aeacfe5fa887 - - 6dbf41fada4c4580bca281f6161f7cb5 6dbf41fada4c4580bca281f6161f7cb5] 199.204.45.65 "GET /v2.0/networks/d2b7fdb7-2c7a-4ada-a57b-1eda8b35d224?fields=provider%3Aphysical_network&fields=provider%3Anetwork_type HTTP/1.1" status: 200 len: 277 time: 0.0658472
2026-06-22 03:05:27.765 9 INFO neutron.wsgi [req-a3c5d718-d671-40af-8044-73df47194d0f req-7288c721-7ef1-4900-84fd-ce9b4cb82836 734614b4c2404eec86eff556eb3397d5 729eecc38e0e418189f1aeacfe5fa887 - - 6dbf41fada4c4580bca281f6161f7cb5 6dbf41fada4c4580bca281f6161f7cb5] 199.204.45.65 "GET /v2.0/floatingips?fixed_ip_address=10.2.1.220&port_id=b383aa27-6a80-4c68-9d6b-087e6ed50f3f HTTP/1.1" status: 200 len: 217 time: 0.0263128
2026-06-22 03:05:27.785 10 INFO neutron.db.ovn_revision_numbers_db [None req-a37b338e-ce3e-4b2b-92f6-aef03a7dfcd1 94e555111c94442096337387b1f7b00c d3c07a77095748b2800a3960ea090532 - - default default] Successfully bumped revision number for resource 3477a8a0-d429-4feb-961b-fbc706543b5d (type: ports) to 1
2026-06-22 03:05:27.795 9 INFO neutron.wsgi [req-a3c5d718-d671-40af-8044-73df47194d0f req-34c67aee-cd57-4bec-83d1-1aa961c5c5d3 734614b4c2404eec86eff556eb3397d5 729eecc38e0e418189f1aeacfe5fa887 - - 6dbf41fada4c4580bca281f6161f7cb5 6dbf41fada4c4580bca281f6161f7cb5] 199.204.45.65 "GET /v2.0/floatingips?fixed_ip_address=fd7b%3Af9f7%3Afff%3A4eca%3A%3A39c&port_id=b383aa27-6a80-4c68-9d6b-087e6ed50f3f HTTP/1.1" status: 200 len: 217 time: 0.0236387
2026-06-22 03:05:27.812 10 INFO neutron.wsgi [None req-a37b338e-ce3e-4b2b-92f6-aef03a7dfcd1 94e555111c94442096337387b1f7b00c d3c07a77095748b2800a3960ea090532 - - default default] 10.0.0.167 "POST /v2.0/ports HTTP/1.1" status: 201 len: 942 time: 0.3861945 /var/lib/openstack/lib/python3.10/site-packages/pycadf/identifier.py:71: UserWarning: Invalid uuid: neutron. To ensure interoperability, identifiers should be a valid uuid. warnings.warn(('Invalid uuid: %s. To ensure interoperability, '
2026-06-22 03:05:27.836 9 INFO neutron.wsgi [req-a3c5d718-d671-40af-8044-73df47194d0f req-37df7212-cbea-4835-91c6-cd4a6a0264a5 734614b4c2404eec86eff556eb3397d5 729eecc38e0e418189f1aeacfe5fa887 - - 6dbf41fada4c4580bca281f6161f7cb5 6dbf41fada4c4580bca281f6161f7cb5] 199.204.45.65 "GET /v2.0/subnets?id=9105cda8-72fd-42fa-9c5d-56b99444902b&id=72207137-ccf4-4a92-a920-b62ff9f248c4 HTTP/1.1" status: 200 len: 1561 time: 0.0356772
2026-06-22 03:05:27.866 9 INFO neutron.wsgi [req-a3c5d718-d671-40af-8044-73df47194d0f req-87090c2b-abef-4c6d-b33a-a2c9caab841e 734614b4c2404eec86eff556eb3397d5 729eecc38e0e418189f1aeacfe5fa887 - - 6dbf41fada4c4580bca281f6161f7cb5 6dbf41fada4c4580bca281f6161f7cb5] 199.204.45.65 "GET /v2.0/ports?network_id=aa602911-6ded-42df-80b0-a509842e352e&device_owner=network%3Adhcp HTTP/1.1" status: 200 len: 210 time: 0.0235832
2026-06-22 03:05:27.889 9 INFO neutron.wsgi [req-a3c5d718-d671-40af-8044-73df47194d0f req-8a7a0778-eab6-4ee7-a7a9-adaaef6b0ddf 734614b4c2404eec86eff556eb3397d5 729eecc38e0e418189f1aeacfe5fa887 - - 6dbf41fada4c4580bca281f6161f7cb5 6dbf41fada4c4580bca281f6161f7cb5] 199.204.45.65 "GET /v2.0/ports?network_id=aa602911-6ded-42df-80b0-a509842e352e&device_owner=network%3Adhcp HTTP/1.1" status: 200 len: 210 time: 0.0177958
2026-06-22 03:05:27.914 10 INFO neutron.db.segments_db [None req-35b06175-b46b-4d10-b178-054b1ee4beab 94e555111c94442096337387b1f7b00c d3c07a77095748b2800a3960ea090532 - - default default] Added segment e9afacb9-d704-4375-bf75-7e1b4edf621c of type geneve for network 07557600-febb-4a6f-9c31-8b8881dfae68
2026-06-22 03:05:27.967 9 INFO neutron.wsgi [req-a3c5d718-d671-40af-8044-73df47194d0f req-215a37f4-67e1-4054-9c32-0e074c7df15f 734614b4c2404eec86eff556eb3397d5 729eecc38e0e418189f1aeacfe5fa887 - - 6dbf41fada4c4580bca281f6161f7cb5 6dbf41fada4c4580bca281f6161f7cb5] 199.204.45.65 "GET /v2.0/networks/aa602911-6ded-42df-80b0-a509842e352e?fields=segments HTTP/1.1" status: 200 len: 212 time: 0.0698133
2026-06-22 03:05:28.051 9 INFO neutron.wsgi [req-a3c5d718-d671-40af-8044-73df47194d0f req-d676ff0b-f024-44bd-a30d-e336130a7be9 734614b4c2404eec86eff556eb3397d5 729eecc38e0e418189f1aeacfe5fa887 - - 6dbf41fada4c4580bca281f6161f7cb5 6dbf41fada4c4580bca281f6161f7cb5] 199.204.45.65 "GET /v2.0/networks/aa602911-6ded-42df-80b0-a509842e352e?fields=provider%3Aphysical_network&fields=provider%3Anetwork_type HTTP/1.1" status: 200 len: 277 time: 0.0749364
2026-06-22 03:05:28.073 10 INFO neutron.db.ovn_revision_numbers_db [None req-35b06175-b46b-4d10-b178-054b1ee4beab 94e555111c94442096337387b1f7b00c d3c07a77095748b2800a3960ea090532 - - default default] Successfully bumped revision number for resource 07557600-febb-4a6f-9c31-8b8881dfae68 (type: networks) to 1
2026-06-22 03:05:28.186 10 INFO neutron.plugins.ml2.drivers.ovn.mech_driver.mech_driver [None req-56b9dfb7-0d72-4fc8-af68-cabe92f1afec - - - - - -] OVN reports status up for port: b383aa27-6a80-4c68-9d6b-087e6ed50f3f
