2026-06-22 03:06:16.638 9 INFO neutron.wsgi [req-efd614e9-9862-463a-b8ba-8b879c2db1e3 req-6e5130f8-6f85-4a9c-96ce-0d223b3074a3 734614b4c2404eec86eff556eb3397d5 729eecc38e0e418189f1aeacfe5fa887 - - 6dbf41fada4c4580bca281f6161f7cb5 6dbf41fada4c4580bca281f6161f7cb5] 199.204.45.65 "GET /v2.0/floatingips?fixed_ip_address=172.24.0.38&port_id=3fbedf48-11cc-42fc-a33e-a290ed0d9e21 HTTP/1.1" status: 200 len: 217 time: 0.0298319
2026-06-22 03:06:16.676 9 INFO neutron.wsgi [req-efd614e9-9862-463a-b8ba-8b879c2db1e3 req-a260fdc7-d70b-4d0a-ba01-cd5b22f34741 734614b4c2404eec86eff556eb3397d5 729eecc38e0e418189f1aeacfe5fa887 - - 6dbf41fada4c4580bca281f6161f7cb5 6dbf41fada4c4580bca281f6161f7cb5] 199.204.45.65 "GET /v2.0/subnets?id=5170d8f8-49d3-48ca-b238-cc14299c3fb2 HTTP/1.1" status: 200 len: 829 time: 0.0320642
2026-06-22 03:06:16.712 9 INFO neutron.wsgi [req-efd614e9-9862-463a-b8ba-8b879c2db1e3 req-26632358-7103-4153-9e9e-28934c8bc4ad 734614b4c2404eec86eff556eb3397d5 729eecc38e0e418189f1aeacfe5fa887 - - 6dbf41fada4c4580bca281f6161f7cb5 6dbf41fada4c4580bca281f6161f7cb5] 199.204.45.65 "GET /v2.0/ports?network_id=4fe23e91-1ae4-437b-8c2a-f845d5f03f11&device_owner=network%3Adhcp HTTP/1.1" status: 200 len: 210 time: 0.0295384
2026-06-22 03:06:16.808 9 INFO neutron.wsgi [req-efd614e9-9862-463a-b8ba-8b879c2db1e3 req-e5f88143-7fee-427b-b87d-bf6cee198083 734614b4c2404eec86eff556eb3397d5 729eecc38e0e418189f1aeacfe5fa887 - - 6dbf41fada4c4580bca281f6161f7cb5 6dbf41fada4c4580bca281f6161f7cb5] 199.204.45.65 "GET /v2.0/networks/4fe23e91-1ae4-437b-8c2a-f845d5f03f11?fields=segments HTTP/1.1" status: 200 len: 212 time: 0.0890014
2026-06-22 03:06:16.881 9 INFO neutron.wsgi [req-efd614e9-9862-463a-b8ba-8b879c2db1e3 req-2492cea7-b730-4025-99e9-f92d868a3996 734614b4c2404eec86eff556eb3397d5 729eecc38e0e418189f1aeacfe5fa887 - - 6dbf41fada4c4580bca281f6161f7cb5 6dbf41fada4c4580bca281f6161f7cb5] 199.204.45.65 "GET /v2.0/networks/4fe23e91-1ae4-437b-8c2a-f845d5f03f11?fields=provider%3Aphysical_network&fields=provider%3Anetwork_type HTTP/1.1" status: 200 len: 277 time: 0.0636024
2026-06-22 03:06:17.292 9 INFO neutron.wsgi [None req-134b3a2a-5f8a-4b8f-aec7-c6e349c845ff ae142a5fd12d426fa2507ab6004ea78b 7eabc14010fa4969ab224d754888bc3c - - default default] 199.204.45.65 "GET /v2.0/ports?device_id=f7042602-bb26-4d22-b0de-db348fab8153 HTTP/1.1" status: 200 len: 1413 time: 0.0398884
2026-06-22 03:06:17.672 10 INFO neutron.notifiers.nova [-] Nova event matching ['req-cc4842df-4899-49a9-8976-da034a863f19'] response: {'server_uuid': 'f7042602-bb26-4d22-b0de-db348fab8153', 'name': 'network-vif-plugged', 'status': 'completed', 'tag': '1e8ab439-46f0-4df0-9466-38ad21e72c2d', 'code': 200}
2026-06-22 03:06:17.680 9 INFO neutron.db.ovn_revision_numbers_db [None req-a213cc30-b872-40c2-af95-946667eec902 ae142a5fd12d426fa2507ab6004ea78b 7eabc14010fa4969ab224d754888bc3c - - default default] Successfully bumped revision number for resource 1e8ab439-46f0-4df0-9466-38ad21e72c2d (type: ports) to 9
2026-06-22 03:06:17.695 9 INFO neutron.wsgi [None req-a213cc30-b872-40c2-af95-946667eec902 ae142a5fd12d426fa2507ab6004ea78b 7eabc14010fa4969ab224d754888bc3c - - default default] 199.204.45.65 "PUT /v2.0/ports/1e8ab439-46f0-4df0-9466-38ad21e72c2d HTTP/1.1" status: 200 len: 1290 time: 0.3977559 /var/lib/openstack/lib/python3.10/site-packages/pycadf/identifier.py:71: UserWarning: Invalid uuid: neutron. To ensure interoperability, identifiers should be a valid uuid. warnings.warn(('Invalid uuid: %s. To ensure interoperability, '
2026-06-22 03:06:17.725 9 INFO neutron.wsgi [None req-ade8241e-dd6f-4e1e-a4a6-c4e9c217422b ae142a5fd12d426fa2507ab6004ea78b 7eabc14010fa4969ab224d754888bc3c - - default default] 199.204.45.65 "GET /v2.0/ports/1e8ab439-46f0-4df0-9466-38ad21e72c2d HTTP/1.1" status: 200 len: 1290 time: 0.0263331
2026-06-22 03:06:17.795 10 INFO neutron.db.ovn_revision_numbers_db [None req-912d1651-9715-480a-95fe-ee43112674c0 - - - - - -] Successfully bumped revision number for resource 4614b885-10a1-4350-ab2a-0af9e1410b94 (type: ports) to 8
2026-06-22 03:06:18.047 9 INFO neutron.wsgi [None req-6d45e9c5-9048-4158-a6ad-feeb2bda01f4 ae142a5fd12d426fa2507ab6004ea78b 7eabc14010fa4969ab224d754888bc3c - - default default] 199.204.45.65 "DELETE /v2.0/ports/1e8ab439-46f0-4df0-9466-38ad21e72c2d HTTP/1.1" status: 204 len: 173 time: 0.3146119
2026-06-22 03:06:18.093 9 INFO neutron.wsgi [None req-d148266c-c2b6-4eb7-936f-fd1aa3faf5c1 ae142a5fd12d426fa2507ab6004ea78b 7eabc14010fa4969ab224d754888bc3c - - default default] 199.204.45.65 "GET /v2.0/extensions/security-group HTTP/1.1" status: 200 len: 369 time: 0.0070434
2026-06-22 03:06:18.103 9 INFO neutron.wsgi [None req-c3799b1b-7955-4a48-9318-86b81d86eb5b ae142a5fd12d426fa2507ab6004ea78b 7eabc14010fa4969ab224d754888bc3c - - default default] 199.204.45.65 "GET /v2.0/extensions/dns-integration HTTP/1.1" status: 200 len: 371 time: 0.0042562
2026-06-22 03:06:18.115 9 INFO neutron.wsgi [None req-cdb1ab0b-eb82-4f90-a353-db848f1e91c0 ae142a5fd12d426fa2507ab6004ea78b 7eabc14010fa4969ab224d754888bc3c - - default default] 199.204.45.65 "GET /v2.0/extensions/qos HTTP/1.1" status: 200 len: 365 time: 0.0041935
2026-06-22 03:06:18.125 9 INFO neutron.wsgi [None req-596a5847-ba33-43d1-8fb0-58353c1b8c40 ae142a5fd12d426fa2507ab6004ea78b 7eabc14010fa4969ab224d754888bc3c - - default default] 199.204.45.65 "GET /v2.0/extensions/allowed-address-pairs HTTP/1.1" status: 200 len: 383 time: 0.0046508
2026-06-22 03:06:18.152 9 INFO neutron.pecan_wsgi.hooks.translation [None req-5173ead0-bdf0-4f13-b475-d04ec72a66f7 ae142a5fd12d426fa2507ab6004ea78b 7eabc14010fa4969ab224d754888bc3c - - default default] DELETE failed (client error): The resource could not be found.
2026-06-22 03:06:18.155 9 INFO neutron.wsgi [None req-5173ead0-bdf0-4f13-b475-d04ec72a66f7 ae142a5fd12d426fa2507ab6004ea78b 7eabc14010fa4969ab224d754888bc3c - - default default] 199.204.45.65 "DELETE /v2.0/ports/1e8ab439-46f0-4df0-9466-38ad21e72c2d HTTP/1.1" status: 404 len: 338 time: 0.0203869
2026-06-22 03:06:18.189 9 INFO neutron.wsgi [None req-59677356-4730-436a-a8cb-6ef93699aa72 ae142a5fd12d426fa2507ab6004ea78b 7eabc14010fa4969ab224d754888bc3c - - default default] 199.204.45.65 "GET /v2.0/ports/4614b885-10a1-4350-ab2a-0af9e1410b94 HTTP/1.1" status: 200 len: 1332 time: 0.0291021
2026-06-22 03:06:18.235 9 INFO neutron.wsgi [None req-9d3bdfe5-8aca-4809-bcf5-718bdcbcbb33 ae142a5fd12d426fa2507ab6004ea78b 7eabc14010fa4969ab224d754888bc3c - - default default] 199.204.45.65 "GET /v2.0/security-groups?name=lb-d5854a66-0c82-4a94-ab04-e18e5c937344 HTTP/1.1" status: 200 len: 1775 time: 0.0386660
2026-06-22 03:06:18.275 9 INFO neutron.wsgi [None req-63f84bab-b3de-4339-b5b4-0eb973fe0a75 ae142a5fd12d426fa2507ab6004ea78b 7eabc14010fa4969ab224d754888bc3c - - default default] 199.204.45.65 "GET /v2.0/ports/4614b885-10a1-4350-ab2a-0af9e1410b94 HTTP/1.1" status: 200 len: 1332 time: 0.0313416
2026-06-22 03:06:18.678 9 INFO neutron.db.ovn_revision_numbers_db [None req-10296080-8e77-4afc-a37d-a31fbf1415e6 ae142a5fd12d426fa2507ab6004ea78b 7eabc14010fa4969ab224d754888bc3c - - default default] Successfully bumped revision number for resource 4614b885-10a1-4350-ab2a-0af9e1410b94 (type: ports) to 9
2026-06-22 03:06:18.693 9 INFO neutron.wsgi [None req-10296080-8e77-4afc-a37d-a31fbf1415e6 ae142a5fd12d426fa2507ab6004ea78b 7eabc14010fa4969ab224d754888bc3c - - default default] 199.204.45.65 "PUT /v2.0/ports/4614b885-10a1-4350-ab2a-0af9e1410b94 HTTP/1.1" status: 200 len: 1294 time: 0.4100645
2026-06-22 03:06:18.856 9 INFO neutron.wsgi [None req-e9b5b3e5-e61c-4164-8336-59666f0f2f4a ae142a5fd12d426fa2507ab6004ea78b 7eabc14010fa4969ab224d754888bc3c - - default default] 199.204.45.65 "DELETE /v2.0/security-groups/a1809279-0037-48ad-978e-7785664f8f0c HTTP/1.1" status: 204 len: 173 time: 0.1553676
2026-06-22 03:06:19.186 9 INFO neutron.wsgi [None req-00951c56-349c-416b-a59f-6a007dc82a6d ae142a5fd12d426fa2507ab6004ea78b 7eabc14010fa4969ab224d754888bc3c - - default default] 199.204.45.65 "DELETE /v2.0/ports/4614b885-10a1-4350-ab2a-0af9e1410b94 HTTP/1.1" status: 204 len: 173 time: 0.3245995
2026-06-22 03:06:19.493 10 INFO neutron.plugins.ml2.drivers.ovn.mech_driver.mech_driver [None req-56b9dfb7-0d72-4fc8-af68-cabe92f1afec - - - - - -] OVN reports status down for port: 3fbedf48-11cc-42fc-a33e-a290ed0d9e21
2026-06-22 03:06:19.730 10 INFO neutron.notifiers.nova [-] Nova event matching ['req-52c040ac-305c-487a-b369-73425bbeddba'] response: {'server_uuid': 'f7042602-bb26-4d22-b0de-db348fab8153', 'name': 'network-vif-unplugged', 'status': 'completed', 'tag': '3fbedf48-11cc-42fc-a33e-a290ed0d9e21', 'code': 200}
2026-06-22 03:06:19.811 9 INFO neutron.wsgi [req-79aeb803-5aeb-400d-8a52-01242442df5d req-f2ec9667-f5e3-4dd4-81c8-b384434e8d4b ae142a5fd12d426fa2507ab6004ea78b 7eabc14010fa4969ab224d754888bc3c - - default default] 199.204.45.65 "GET /v2.0/ports?device_id=f7042602-bb26-4d22-b0de-db348fab8153 HTTP/1.1" status: 200 len: 1411 time: 0.0577502
2026-06-22 03:06:19.841 10 INFO neutron.db.ovn_revision_numbers_db [None req-56b9dfb7-0d72-4fc8-af68-cabe92f1afec - - - - - -] Successfully bumped revision number for resource 3fbedf48-11cc-42fc-a33e-a290ed0d9e21 (type: ports) to 5 /var/lib/openstack/lib/python3.10/site-packages/pycadf/identifier.py:71: UserWarning: Invalid uuid: neutron. To ensure interoperability, identifiers should be a valid uuid. warnings.warn(('Invalid uuid: %s. To ensure interoperability, '
2026-06-22 03:06:20.114 9 INFO neutron.wsgi [req-79aeb803-5aeb-400d-8a52-01242442df5d req-cdcf0171-c2fa-4271-a280-6204bdfa56d6 ae142a5fd12d426fa2507ab6004ea78b 7eabc14010fa4969ab224d754888bc3c - - default default] 199.204.45.65 "DELETE /v2.0/ports/3fbedf48-11cc-42fc-a33e-a290ed0d9e21 HTTP/1.1" status: 204 len: 173 time: 0.2950938
2026-06-22 03:06:20.146 9 INFO neutron.notifiers.nova [-] Nova event matching ['req-7d9f0fb5-6368-4e57-8757-a0b7b668b586'] response: {'server_uuid': 'f7042602-bb26-4d22-b0de-db348fab8153', 'name': 'network-vif-deleted', 'tag': '3fbedf48-11cc-42fc-a33e-a290ed0d9e21', 'status': 'completed', 'code': 200}
2026-06-22 03:06:20.317 10 INFO neutron.db.l3_db [None req-982a859b-facd-4e13-b5ab-88d14d575edf 234bf58ec97f44c48cc2db616afe2222 e1707b3f24c64073b7ba9fc84693088e - - default default] Floating IP 802130b4-0d8c-4304-ae5d-b5afdc66c339 disassociated (deleted). External IP: 10.96.250.202, port: 8028ee28-29e1-4f67-b8db-ce11e774c417.
2026-06-22 03:06:20.400 10 INFO neutron.wsgi [None req-982a859b-facd-4e13-b5ab-88d14d575edf 234bf58ec97f44c48cc2db616afe2222 e1707b3f24c64073b7ba9fc84693088e - - default default] 10.0.0.167 "DELETE /v2.0/floatingips/802130b4-0d8c-4304-ae5d-b5afdc66c339 HTTP/1.1" status: 204 len: 168 time: 0.5049067 /var/lib/openstack/lib/python3.10/site-packages/pycadf/identifier.py:71: UserWarning: Invalid uuid: neutron. To ensure interoperability, identifiers should be a valid uuid. warnings.warn(('Invalid uuid: %s. To ensure interoperability, '
2026-06-22 03:06:20.434 10 INFO neutron.api.v2.resource [None req-f541d3a2-d99e-426b-b0b5-4fa264dbb75c 234bf58ec97f44c48cc2db616afe2222 e1707b3f24c64073b7ba9fc84693088e - - default default] show failed (client error): The resource could not be found.
2026-06-22 03:06:20.437 10 INFO neutron.wsgi [None req-f541d3a2-d99e-426b-b0b5-4fa264dbb75c 234bf58ec97f44c48cc2db616afe2222 e1707b3f24c64073b7ba9fc84693088e - - default default] 10.0.0.167 "GET /v2.0/floatingips/802130b4-0d8c-4304-ae5d-b5afdc66c339 HTTP/1.1" status: 404 len: 345 time: 0.0318763
2026-06-22 03:06:20.630 9 INFO neutron.plugins.ml2.drivers.ovn.mech_driver.mech_driver [None req-681d48a4-95a9-4bb3-86e7-ae49c031dbab - - - - - -] OVN reports status down for port: 8028ee28-29e1-4f67-b8db-ce11e774c417
2026-06-22 03:06:20.871 9 INFO neutron.wsgi [req-51fe2327-d9ae-4560-8290-b9a299810adf req-59525e01-e148-457f-bcc6-3a6741d662e0 234bf58ec97f44c48cc2db616afe2222 e1707b3f24c64073b7ba9fc84693088e - - default default] 10.0.0.204 "GET /v2.0/ports?device_id=0a4a6c55-cdd8-4126-ac61-8e2334e7d828 HTTP/1.1" status: 200 len: 1400 time: 0.2756028
2026-06-22 03:06:20.937 9 INFO neutron.wsgi [req-51fe2327-d9ae-4560-8290-b9a299810adf req-d7fb7e8a-e30e-4cf5-ac36-def27a440a96 234bf58ec97f44c48cc2db616afe2222 e1707b3f24c64073b7ba9fc84693088e - - default default] 10.0.0.204 "GET /v2.0/security-groups?id=9ba3ba4b-736b-4a0c-a66a-005ef2298d1b&fields=id&fields=name HTTP/1.1" status: 200 len: 310 time: 0.0537865
2026-06-22 03:06:20.986 9 INFO neutron.wsgi [req-5d4bf764-7fa7-4b51-9ded-f39d37b95943 req-9a20f51a-c588-4c51-92e9-a2e28957791c 234bf58ec97f44c48cc2db616afe2222 e1707b3f24c64073b7ba9fc84693088e - - default default] 199.204.45.65 "GET /v2.0/ports?device_id=0a4a6c55-cdd8-4126-ac61-8e2334e7d828 HTTP/1.1" status: 200 len: 1398 time: 0.0337338
2026-06-22 03:06:21.107 9 INFO neutron.db.ovn_revision_numbers_db [None req-681d48a4-95a9-4bb3-86e7-ae49c031dbab - - - - - -] Successfully bumped revision number for resource 8028ee28-29e1-4f67-b8db-ce11e774c417 (type: ports) to 5
2026-06-22 03:06:21.365 9 INFO neutron.wsgi [req-5d4bf764-7fa7-4b51-9ded-f39d37b95943 req-cbf9c8b3-4c3f-446f-8a42-7101b278c059 234bf58ec97f44c48cc2db616afe2222 e1707b3f24c64073b7ba9fc84693088e - - default default] 199.204.45.65 "DELETE /v2.0/ports/8028ee28-29e1-4f67-b8db-ce11e774c417 HTTP/1.1" status: 204 len: 173 time: 0.3755579
2026-06-22 03:06:21.796 10 INFO neutron.notifiers.nova [-] Nova event matching ['req-94d097e0-7c65-4399-9a64-098a78ba958b'] response: {'server_uuid': 'f7042602-bb26-4d22-b0de-db348fab8153', 'name': 'network-vif-plugged', 'status': 'completed', 'tag': '3fbedf48-11cc-42fc-a33e-a290ed0d9e21', 'code': 200}
2026-06-22 03:06:21.797 10 INFO neutron.notifiers.nova [-] Nova event matching ['req-94d097e0-7c65-4399-9a64-098a78ba958b'] response: {'name': 'network-changed', 'server_uuid': '0a4a6c55-cdd8-4126-ac61-8e2334e7d828', 'tag': '8028ee28-29e1-4f67-b8db-ce11e774c417', 'status': 'completed', 'code': 200} /var/lib/openstack/lib/python3.10/site-packages/pycadf/identifier.py:71: UserWarning: Invalid uuid: neutron. To ensure interoperability, identifiers should be a valid uuid. warnings.warn(('Invalid uuid: %s. To ensure interoperability, '
2026-06-22 03:06:21.823 9 INFO neutron.wsgi [req-1dddc6a0-90d3-40bc-852f-bf43fa8fe744 req-dfa43361-d61c-4b71-807f-df35c6f954b3 734614b4c2404eec86eff556eb3397d5 729eecc38e0e418189f1aeacfe5fa887 - - 6dbf41fada4c4580bca281f6161f7cb5 6dbf41fada4c4580bca281f6161f7cb5] 199.204.45.65 "GET /v2.0/ports?tenant_id=e1707b3f24c64073b7ba9fc84693088e&device_id=0a4a6c55-cdd8-4126-ac61-8e2334e7d828 HTTP/1.1" status: 200 len: 210 time: 0.0218468
2026-06-22 03:06:21.941 9 INFO neutron.wsgi [req-1dddc6a0-90d3-40bc-852f-bf43fa8fe744 req-a2175214-af6b-426a-aa8d-183fa35ea678 734614b4c2404eec86eff556eb3397d5 729eecc38e0e418189f1aeacfe5fa887 - - 6dbf41fada4c4580bca281f6161f7cb5 6dbf41fada4c4580bca281f6161f7cb5] 199.204.45.65 "GET /v2.0/networks?tenant_id=e1707b3f24c64073b7ba9fc84693088e&shared=False HTTP/1.1" status: 200 len: 2583 time: 0.1114962
2026-06-22 03:06:22.036 9 INFO neutron.wsgi [req-1dddc6a0-90d3-40bc-852f-bf43fa8fe744 req-ebf367b7-37e3-4895-9890-d732d59e642b 734614b4c2404eec86eff556eb3397d5 729eecc38e0e418189f1aeacfe5fa887 - - 6dbf41fada4c4580bca281f6161f7cb5 6dbf41fada4c4580bca281f6161f7cb5] 199.204.45.65 "GET /v2.0/networks?shared=True HTTP/1.1" status: 200 len: 952 time: 0.0870688
2026-06-22 03:06:22.199 9 INFO neutron.notifiers.nova [-] Nova event matching ['req-46f69752-f5a9-4d08-8639-fd069815d4cf'] response: {'server_uuid': '0a4a6c55-cdd8-4126-ac61-8e2334e7d828', 'name': 'network-vif-unplugged', 'status': 'completed', 'tag': '8028ee28-29e1-4f67-b8db-ce11e774c417', 'code': 200}
2026-06-22 03:06:22.200 9 INFO neutron.notifiers.nova [-] Nova event matching ['req-46f69752-f5a9-4d08-8639-fd069815d4cf'] response: {'server_uuid': '0a4a6c55-cdd8-4126-ac61-8e2334e7d828', 'name': 'network-vif-plugged', 'status': 'completed', 'tag': '8028ee28-29e1-4f67-b8db-ce11e774c417', 'code': 200}
2026-06-22 03:06:22.200 9 INFO neutron.notifiers.nova [-] Nova event matching ['req-46f69752-f5a9-4d08-8639-fd069815d4cf'] response: {'server_uuid': '0a4a6c55-cdd8-4126-ac61-8e2334e7d828', 'name': 'network-vif-deleted', 'tag': '8028ee28-29e1-4f67-b8db-ce11e774c417', 'status': 'completed', 'code': 200}
2026-06-22 03:06:23.381 9 INFO neutron.wsgi [-] 10.0.0.180 "GET / HTTP/1.1" status: 200 len: 246 time: 0.0017295
2026-06-22 03:06:23.383 10 INFO neutron.wsgi [-] 10.0.0.180 "GET / HTTP/1.1" status: 200 len: 246 time: 0.0029469
2026-06-22 03:06:26.390 10 INFO neutron.db.l3_db [None req-7a48c1e6-0fb0-45c1-a7e6-c988bbb34e6f 234bf58ec97f44c48cc2db616afe2222 e1707b3f24c64073b7ba9fc84693088e - - default default] Floating IP dad83343-cec6-472d-997f-4f260dc58ede disassociated (deleted). External IP: 10.96.250.204, port: ee284422-d387-41ec-b3c4-546cd42c06fc.
2026-06-22 03:06:26.440 10 INFO neutron.wsgi [None req-7a48c1e6-0fb0-45c1-a7e6-c988bbb34e6f 234bf58ec97f44c48cc2db616afe2222 e1707b3f24c64073b7ba9fc84693088e - - default default] 10.0.0.167 "DELETE /v2.0/floatingips/dad83343-cec6-472d-997f-4f260dc58ede HTTP/1.1" status: 204 len: 168 time: 0.4391150 /var/lib/openstack/lib/python3.10/site-packages/pycadf/identifier.py:71: UserWarning: Invalid uuid: neutron. To ensure interoperability, identifiers should be a valid uuid. warnings.warn(('Invalid uuid: %s. To ensure interoperability, '
2026-06-22 03:06:26.476 10 INFO neutron.notifiers.nova [-] Nova event matching ['req-182fe98d-5f82-44e6-8b82-59b62a0fadf3'] response: {'name': 'network-changed', 'server_uuid': 'c5eae064-42d5-44c7-bbcf-7a3a9f557999', 'tag': 'ee284422-d387-41ec-b3c4-546cd42c06fc', 'status': 'completed', 'code': 200}
2026-06-22 03:06:26.483 9 INFO neutron.api.v2.resource [None req-59b34a2c-c261-42f8-ac31-ca331c672e26 234bf58ec97f44c48cc2db616afe2222 e1707b3f24c64073b7ba9fc84693088e - - default default] show failed (client error): The resource could not be found.
2026-06-22 03:06:26.484 9 INFO neutron.wsgi [None req-59b34a2c-c261-42f8-ac31-ca331c672e26 234bf58ec97f44c48cc2db616afe2222 e1707b3f24c64073b7ba9fc84693088e - - default default] 10.0.0.167 "GET /v2.0/floatingips/dad83343-cec6-472d-997f-4f260dc58ede HTTP/1.1" status: 404 len: 345 time: 0.0378170
2026-06-22 03:06:26.533 9 INFO neutron.wsgi [req-f8a8189f-9104-4ec7-b385-9a2e510fae8d req-275142d7-4533-43fd-b20a-43c40854a3ea 734614b4c2404eec86eff556eb3397d5 729eecc38e0e418189f1aeacfe5fa887 - - 6dbf41fada4c4580bca281f6161f7cb5 6dbf41fada4c4580bca281f6161f7cb5] 199.204.45.65 "GET /v2.0/ports?tenant_id=e1707b3f24c64073b7ba9fc84693088e&device_id=c5eae064-42d5-44c7-bbcf-7a3a9f557999 HTTP/1.1" status: 200 len: 1630 time: 0.0353630
2026-06-22 03:06:26.598 9 INFO neutron.wsgi [req-f8a8189f-9104-4ec7-b385-9a2e510fae8d req-7b19a821-7017-45dc-9b57-789812d378a2 734614b4c2404eec86eff556eb3397d5 729eecc38e0e418189f1aeacfe5fa887 - - 6dbf41fada4c4580bca281f6161f7cb5 6dbf41fada4c4580bca281f6161f7cb5] 199.204.45.65 "GET /v2.0/networks?id=aa602911-6ded-42df-80b0-a509842e352e HTTP/1.1" status: 200 len: 1002 time: 0.0603495
2026-06-22 03:06:26.633 9 INFO neutron.wsgi [req-f8a8189f-9104-4ec7-b385-9a2e510fae8d req-9fec98b9-b0bd-48e2-8fbe-4dad11484b64 734614b4c2404eec86eff556eb3397d5 729eecc38e0e418189f1aeacfe5fa887 - - 6dbf41fada4c4580bca281f6161f7cb5 6dbf41fada4c4580bca281f6161f7cb5] 199.204.45.65 "GET /v2.0/floatingips?fixed_ip_address=10.2.1.7&port_id=ee284422-d387-41ec-b3c4-546cd42c06fc HTTP/1.1" status: 200 len: 217 time: 0.0295546
2026-06-22 03:06:26.683 9 INFO neutron.wsgi [req-f8a8189f-9104-4ec7-b385-9a2e510fae8d req-bb7e9b1a-9a5f-4639-b59e-ef03d3a5bab8 734614b4c2404eec86eff556eb3397d5 729eecc38e0e418189f1aeacfe5fa887 - - 6dbf41fada4c4580bca281f6161f7cb5 6dbf41fada4c4580bca281f6161f7cb5] 199.204.45.65 "GET /v2.0/floatingips?fixed_ip_address=fd7b%3Af9f7%3Afff%3A4eca%3A%3A1d0&port_id=ee284422-d387-41ec-b3c4-546cd42c06fc HTTP/1.1" status: 200 len: 217 time: 0.0421822
2026-06-22 03:06:26.693 10 INFO neutron.plugins.ml2.drivers.ovn.mech_driver.mech_driver [None req-56b9dfb7-0d72-4fc8-af68-cabe92f1afec - - - - - -] OVN reports status down for port: ee284422-d387-41ec-b3c4-546cd42c06fc
2026-06-22 03:06:26.744 9 INFO neutron.wsgi [req-f8a8189f-9104-4ec7-b385-9a2e510fae8d req-f0d1e44c-b2a2-4a26-87b1-c6bacad4cc28 734614b4c2404eec86eff556eb3397d5 729eecc38e0e418189f1aeacfe5fa887 - - 6dbf41fada4c4580bca281f6161f7cb5 6dbf41fada4c4580bca281f6161f7cb5] 199.204.45.65 "GET /v2.0/subnets?id=9105cda8-72fd-42fa-9c5d-56b99444902b&id=72207137-ccf4-4a92-a920-b62ff9f248c4 HTTP/1.1" status: 200 len: 1561 time: 0.0551028
2026-06-22 03:06:26.771 9 INFO neutron.wsgi [req-f8a8189f-9104-4ec7-b385-9a2e510fae8d req-67228a27-15db-4dc3-9f03-57d9155f11b1 734614b4c2404eec86eff556eb3397d5 729eecc38e0e418189f1aeacfe5fa887 - - 6dbf41fada4c4580bca281f6161f7cb5 6dbf41fada4c4580bca281f6161f7cb5] 199.204.45.65 "GET /v2.0/ports?network_id=aa602911-6ded-42df-80b0-a509842e352e&device_owner=network%3Adhcp HTTP/1.1" status: 200 len: 210 time: 0.0205245
2026-06-22 03:06:26.789 9 INFO neutron.wsgi [req-19ce4441-4ccf-42ac-9802-af177d3fab66 req-31333b8d-b3c3-48a1-9852-9d084163983d 234bf58ec97f44c48cc2db616afe2222 e1707b3f24c64073b7ba9fc84693088e - - default default] 10.0.0.204 "GET /v2.0/ports?device_id=c5eae064-42d5-44c7-bbcf-7a3a9f557999 HTTP/1.1" status: 200 len: 1392 time: 0.1255798
2026-06-22 03:06:26.799 9 INFO neutron.wsgi [req-f8a8189f-9104-4ec7-b385-9a2e510fae8d req-0fcb4d06-e69e-462d-a7f7-39fea238049b 734614b4c2404eec86eff556eb3397d5 729eecc38e0e418189f1aeacfe5fa887 - - 6dbf41fada4c4580bca281f6161f7cb5 6dbf41fada4c4580bca281f6161f7cb5] 199.204.45.65 "GET /v2.0/ports?network_id=aa602911-6ded-42df-80b0-a509842e352e&device_owner=network%3Adhcp HTTP/1.1" status: 200 len: 210 time: 0.0228510
2026-06-22 03:06:27.059 10 INFO neutron.db.ovn_revision_numbers_db [None req-56b9dfb7-0d72-4fc8-af68-cabe92f1afec - - - - - -] Successfully bumped revision number for resource ee284422-d387-41ec-b3c4-546cd42c06fc (type: ports) to 5
2026-06-22 03:06:27.173 9 INFO neutron.wsgi [req-7e1b7d77-e5b3-400a-83f2-24e740c476f2 req-a0cc0804-b1c4-4aa8-93ec-18d24f652332 234bf58ec97f44c48cc2db616afe2222 e1707b3f24c64073b7ba9fc84693088e - - default default] 199.204.45.65 "GET /v2.0/ports?device_id=c5eae064-42d5-44c7-bbcf-7a3a9f557999 HTTP/1.1" status: 200 len: 1390 time: 0.0783324
2026-06-22 03:06:27.179 9 INFO neutron.wsgi [req-19ce4441-4ccf-42ac-9802-af177d3fab66 req-dfe4f1a4-caac-4409-8949-a66edb9e3965 234bf58ec97f44c48cc2db616afe2222 e1707b3f24c64073b7ba9fc84693088e - - default default] 10.0.0.204 "GET /v2.0/security-groups?id=9ba3ba4b-736b-4a0c-a66a-005ef2298d1b&fields=id&fields=name HTTP/1.1" status: 200 len: 310 time: 0.3792503
2026-06-22 03:06:27.195 9 INFO neutron.wsgi [req-f8a8189f-9104-4ec7-b385-9a2e510fae8d req-ccb0735c-7520-4284-8b31-d83b267c5996 734614b4c2404eec86eff556eb3397d5 729eecc38e0e418189f1aeacfe5fa887 - - 6dbf41fada4c4580bca281f6161f7cb5 6dbf41fada4c4580bca281f6161f7cb5] 199.204.45.65 "GET /v2.0/networks/aa602911-6ded-42df-80b0-a509842e352e?fields=segments HTTP/1.1" status: 200 len: 212 time: 0.3837123
2026-06-22 03:06:27.279 9 INFO neutron.wsgi [req-f8a8189f-9104-4ec7-b385-9a2e510fae8d req-ef96b897-de7c-422a-b831-8da64c239b13 734614b4c2404eec86eff556eb3397d5 729eecc38e0e418189f1aeacfe5fa887 - - 6dbf41fada4c4580bca281f6161f7cb5 6dbf41fada4c4580bca281f6161f7cb5] 199.204.45.65 "GET /v2.0/networks/aa602911-6ded-42df-80b0-a509842e352e?fields=provider%3Aphysical_network&fields=provider%3Anetwork_type HTTP/1.1" status: 200 len: 277 time: 0.0778031
2026-06-22 03:06:27.511 9 INFO neutron.wsgi [req-7e1b7d77-e5b3-400a-83f2-24e740c476f2 req-562acf4d-4da8-4cd1-a15e-0afe8c9c2f15 234bf58ec97f44c48cc2db616afe2222 e1707b3f24c64073b7ba9fc84693088e - - default default] 199.204.45.65 "DELETE /v2.0/ports/ee284422-d387-41ec-b3c4-546cd42c06fc HTTP/1.1" status: 204 len: 173 time: 0.3287289
2026-06-22 03:06:27.551 9 INFO neutron.notifiers.nova [-] Nova event matching ['req-811933d6-a45f-485d-8a59-a94de3d60006'] response: {'server_uuid': 'c5eae064-42d5-44c7-bbcf-7a3a9f557999', 'name': 'network-vif-deleted', 'tag': 'ee284422-d387-41ec-b3c4-546cd42c06fc', 'status': 'completed', 'code': 200}
2026-06-22 03:06:28.514 10 INFO neutron.notifiers.nova [-] Nova event matching ['req-3150a00e-27b5-4d54-8807-b2ccd318175b'] response: {'server_uuid': 'c5eae064-42d5-44c7-bbcf-7a3a9f557999', 'name': 'network-vif-unplugged', 'status': 'completed', 'tag': 'ee284422-d387-41ec-b3c4-546cd42c06fc', 'code': 200}
2026-06-22 03:06:28.515 10 INFO neutron.notifiers.nova [-] Nova event matching ['req-3150a00e-27b5-4d54-8807-b2ccd318175b'] response: {'server_uuid': 'c5eae064-42d5-44c7-bbcf-7a3a9f557999', 'name': 'network-vif-plugged', 'status': 'completed', 'tag': 'ee284422-d387-41ec-b3c4-546cd42c06fc', 'code': 200} /var/lib/openstack/lib/python3.10/site-packages/pycadf/identifier.py:71: UserWarning: Invalid uuid: neutron. To ensure interoperability, identifiers should be a valid uuid. warnings.warn(('Invalid uuid: %s. To ensure interoperability, '
2026-06-22 03:06:32.389 10 INFO neutron.wsgi [None req-d063f4f9-a867-49d7-9093-7e730f70b6ef 234bf58ec97f44c48cc2db616afe2222 e1707b3f24c64073b7ba9fc84693088e - - default default] 10.0.0.167 "DELETE /v2.0/security-group-rules/d6d0af16-49ae-4057-b5bf-73127cb22cc6 HTTP/1.1" status: 204 len: 168 time: 0.1374569
2026-06-22 03:06:32.401 10 INFO neutron.api.v2.resource [None req-7a6eef95-6022-4c87-9846-8d957a44ce67 234bf58ec97f44c48cc2db616afe2222 e1707b3f24c64073b7ba9fc84693088e - - default default] show failed (client error): The resource could not be found.
2026-06-22 03:06:32.402 10 INFO neutron.wsgi [None req-7a6eef95-6022-4c87-9846-8d957a44ce67 234bf58ec97f44c48cc2db616afe2222 e1707b3f24c64073b7ba9fc84693088e - - default default] 10.0.0.167 "GET /v2.0/security-group-rules/d6d0af16-49ae-4057-b5bf-73127cb22cc6 HTTP/1.1" status: 404 len: 356 time: 0.0087833
2026-06-22 03:06:32.522 10 INFO neutron.wsgi [None req-d7721d86-d3f1-414e-8ed6-8a25d50342fb 234bf58ec97f44c48cc2db616afe2222 e1707b3f24c64073b7ba9fc84693088e - - default default] 10.0.0.167 "DELETE /v2.0/security-group-rules/64a85600-0d99-4a0f-9847-5f07c7df2f26 HTTP/1.1" status: 204 len: 168 time: 0.1158969
2026-06-22 03:06:32.533 10 INFO neutron.api.v2.resource [None req-453000ad-32f0-443c-bd9f-65e6c69742bb 234bf58ec97f44c48cc2db616afe2222 e1707b3f24c64073b7ba9fc84693088e - - default default] show failed (client error): The resource could not be found.
2026-06-22 03:06:32.534 10 INFO neutron.wsgi [None req-453000ad-32f0-443c-bd9f-65e6c69742bb 234bf58ec97f44c48cc2db616afe2222 e1707b3f24c64073b7ba9fc84693088e - - default default] 10.0.0.167 "GET /v2.0/security-group-rules/64a85600-0d99-4a0f-9847-5f07c7df2f26 HTTP/1.1" status: 404 len: 356 time: 0.0078239
2026-06-22 03:06:32.653 10 INFO neutron.wsgi [None req-a3d2ab44-f16d-4e6d-806a-a79f273aad84 234bf58ec97f44c48cc2db616afe2222 e1707b3f24c64073b7ba9fc84693088e - - default default] 10.0.0.167 "DELETE /v2.0/security-group-rules/c8a9aeff-096f-4b2a-ab72-a5c43f22ab54 HTTP/1.1" status: 204 len: 168 time: 0.1163197
2026-06-22 03:06:32.667 10 INFO neutron.api.v2.resource [None req-c61d02af-52e7-4323-bb53-ae02519a41a8 234bf58ec97f44c48cc2db616afe2222 e1707b3f24c64073b7ba9fc84693088e - - default default] show failed (client error): The resource could not be found.
2026-06-22 03:06:32.668 10 INFO neutron.wsgi [None req-c61d02af-52e7-4323-bb53-ae02519a41a8 234bf58ec97f44c48cc2db616afe2222 e1707b3f24c64073b7ba9fc84693088e - - default default] 10.0.0.167 "GET /v2.0/security-group-rules/c8a9aeff-096f-4b2a-ab72-a5c43f22ab54 HTTP/1.1" status: 404 len: 356 time: 0.0096676
2026-06-22 03:06:32.797 10 INFO neutron.wsgi [None req-3ac5c10e-0d41-477e-8dfc-ace030d38946 234bf58ec97f44c48cc2db616afe2222 e1707b3f24c64073b7ba9fc84693088e - - default default] 10.0.0.167 "DELETE /v2.0/security-group-rules/83ed0de4-7c2b-444b-b3ec-e09fdc938dc2 HTTP/1.1" status: 204 len: 168 time: 0.1240389
2026-06-22 03:06:32.814 10 INFO neutron.api.v2.resource [None req-25d10985-7c77-4e35-b2fe-960d30fc5847 234bf58ec97f44c48cc2db616afe2222 e1707b3f24c64073b7ba9fc84693088e - - default default] show failed (client error): The resource could not be found.
2026-06-22 03:06:32.815 10 INFO neutron.wsgi [None req-25d10985-7c77-4e35-b2fe-960d30fc5847 234bf58ec97f44c48cc2db616afe2222 e1707b3f24c64073b7ba9fc84693088e - - default default] 10.0.0.167 "GET /v2.0/security-group-rules/83ed0de4-7c2b-444b-b3ec-e09fdc938dc2 HTTP/1.1" status: 404 len: 356 time: 0.0117357
2026-06-22 03:06:32.955 10 INFO neutron.wsgi [None req-258fab5d-6426-4fe5-aa45-b6c6df42716d 234bf58ec97f44c48cc2db616afe2222 e1707b3f24c64073b7ba9fc84693088e - - default default] 10.0.0.167 "DELETE /v2.0/security-group-rules/aa4594cc-9867-4bb1-88ae-2f5efb9e3c8e HTTP/1.1" status: 204 len: 168 time: 0.1346626
2026-06-22 03:06:32.970 10 INFO neutron.api.v2.resource [None req-dc806683-7bbb-471a-8baa-3bfb7615ce82 234bf58ec97f44c48cc2db616afe2222 e1707b3f24c64073b7ba9fc84693088e - - default default] show failed (client error): The resource could not be found.
2026-06-22 03:06:32.972 10 INFO neutron.wsgi [None req-dc806683-7bbb-471a-8baa-3bfb7615ce82 234bf58ec97f44c48cc2db616afe2222 e1707b3f24c64073b7ba9fc84693088e - - default default] 10.0.0.167 "GET /v2.0/security-group-rules/aa4594cc-9867-4bb1-88ae-2f5efb9e3c8e HTTP/1.1" status: 404 len: 356 time: 0.0119076
2026-06-22 03:06:33.106 10 INFO neutron.wsgi [None req-00edc69d-4830-4402-803b-1f4d194eac1c 234bf58ec97f44c48cc2db616afe2222 e1707b3f24c64073b7ba9fc84693088e - - default default] 10.0.0.167 "DELETE /v2.0/security-group-rules/9a696a41-36fd-41da-a791-61ef13e1ba39 HTTP/1.1" status: 204 len: 168 time: 0.1301446
2026-06-22 03:06:33.119 10 INFO neutron.api.v2.resource [None req-1da03e8f-0aca-4d0a-ae5e-3bc5a267307f 234bf58ec97f44c48cc2db616afe2222 e1707b3f24c64073b7ba9fc84693088e - - default default] show failed (client error): The resource could not be found.
2026-06-22 03:06:33.120 10 INFO neutron.wsgi [None req-1da03e8f-0aca-4d0a-ae5e-3bc5a267307f 234bf58ec97f44c48cc2db616afe2222 e1707b3f24c64073b7ba9fc84693088e - - default default] 10.0.0.167 "GET /v2.0/security-group-rules/9a696a41-36fd-41da-a791-61ef13e1ba39 HTTP/1.1" status: 404 len: 356 time: 0.0084040
2026-06-22 03:06:33.234 10 INFO neutron.wsgi [None req-261fcca0-357a-4fce-a5ea-b0733c5c047f 234bf58ec97f44c48cc2db616afe2222 e1707b3f24c64073b7ba9fc84693088e - - default default] 10.0.0.167 "DELETE /v2.0/security-group-rules/0fdc15ce-e120-465d-8de4-e480bdc8cf7f HTTP/1.1" status: 204 len: 168 time: 0.1110325
2026-06-22 03:06:33.247 10 INFO neutron.api.v2.resource [None req-09d729a3-8583-4cc1-bb7b-c05d4dcf2f74 234bf58ec97f44c48cc2db616afe2222 e1707b3f24c64073b7ba9fc84693088e - - default default] show failed (client error): The resource could not be found.
2026-06-22 03:06:33.249 10 INFO neutron.wsgi [None req-09d729a3-8583-4cc1-bb7b-c05d4dcf2f74 234bf58ec97f44c48cc2db616afe2222 e1707b3f24c64073b7ba9fc84693088e - - default default] 10.0.0.167 "GET /v2.0/security-group-rules/0fdc15ce-e120-465d-8de4-e480bdc8cf7f HTTP/1.1" status: 404 len: 356 time: 0.0097859
2026-06-22 03:06:33.366 10 INFO neutron.wsgi [None req-68a2c835-8c20-459d-a799-711e5e203a4e 234bf58ec97f44c48cc2db616afe2222 e1707b3f24c64073b7ba9fc84693088e - - default default] 10.0.0.167 "DELETE /v2.0/security-group-rules/6481fa03-06f5-4356-8341-92ef0168046d HTTP/1.1" status: 204 len: 168 time: 0.1130521
2026-06-22 03:06:33.379 10 INFO neutron.api.v2.resource [None req-6a368fae-c4d3-4893-ac3a-c0b67c8608cb 234bf58ec97f44c48cc2db616afe2222 e1707b3f24c64073b7ba9fc84693088e - - default default] show failed (client error): The resource could not be found.
2026-06-22 03:06:33.380 10 INFO neutron.wsgi [None req-6a368fae-c4d3-4893-ac3a-c0b67c8608cb 234bf58ec97f44c48cc2db616afe2222 e1707b3f24c64073b7ba9fc84693088e - - default default] 10.0.0.167 "GET /v2.0/security-group-rules/6481fa03-06f5-4356-8341-92ef0168046d HTTP/1.1" status: 404 len: 356 time: 0.0095789
2026-06-22 03:06:33.497 10 INFO neutron.wsgi [None req-4938c4cb-5428-404e-9b4d-f89a732cc3be 234bf58ec97f44c48cc2db616afe2222 e1707b3f24c64073b7ba9fc84693088e - - default default] 10.0.0.167 "DELETE /v2.0/security-group-rules/1c88bd6b-97e0-42d6-9859-01232bf86019 HTTP/1.1" status: 204 len: 168 time: 0.1119733
2026-06-22 03:06:33.509 10 INFO neutron.api.v2.resource [None req-6277782f-ec8f-4460-9a1f-66f178b3fe77 234bf58ec97f44c48cc2db616afe2222 e1707b3f24c64073b7ba9fc84693088e - - default default] show failed (client error): The resource could not be found.
2026-06-22 03:06:33.510 10 INFO neutron.wsgi [None req-6277782f-ec8f-4460-9a1f-66f178b3fe77 234bf58ec97f44c48cc2db616afe2222 e1707b3f24c64073b7ba9fc84693088e - - default default] 10.0.0.167 "GET /v2.0/security-group-rules/1c88bd6b-97e0-42d6-9859-01232bf86019 HTTP/1.1" status: 404 len: 356 time: 0.0081077
2026-06-22 03:06:33.622 10 INFO neutron.wsgi [None req-afb30d66-c5b1-461f-9b5d-896c3825b2bf 234bf58ec97f44c48cc2db616afe2222 e1707b3f24c64073b7ba9fc84693088e - - default default] 10.0.0.167 "DELETE /v2.0/security-group-rules/87abfd68-f3e6-417c-9ea4-6b1fa82a3f83 HTTP/1.1" status: 204 len: 168 time: 0.1069732
2026-06-22 03:06:33.634 10 INFO neutron.api.v2.resource [None req-2c593dce-c8f4-416c-a315-3d204d373ddf 234bf58ec97f44c48cc2db616afe2222 e1707b3f24c64073b7ba9fc84693088e - - default default] show failed (client error): The resource could not be found.
2026-06-22 03:06:33.635 10 INFO neutron.wsgi [None req-2c593dce-c8f4-416c-a315-3d204d373ddf 234bf58ec97f44c48cc2db616afe2222 e1707b3f24c64073b7ba9fc84693088e - - default default] 10.0.0.167 "GET /v2.0/security-group-rules/87abfd68-f3e6-417c-9ea4-6b1fa82a3f83 HTTP/1.1" status: 404 len: 356 time: 0.0079439
2026-06-22 03:06:33.759 10 INFO neutron.wsgi [None req-791eff1e-cb0d-4c3f-9dbe-f0547e544c03 234bf58ec97f44c48cc2db616afe2222 e1707b3f24c64073b7ba9fc84693088e - - default default] 10.0.0.167 "DELETE /v2.0/security-group-rules/2d82778d-cf64-4bee-bda4-aa221808ce7a HTTP/1.1" status: 204 len: 168 time: 0.1205592
2026-06-22 03:06:33.773 10 INFO neutron.api.v2.resource [None req-926376f2-8b5a-498f-8fc4-b1cde14a4575 234bf58ec97f44c48cc2db616afe2222 e1707b3f24c64073b7ba9fc84693088e - - default default] show failed (client error): The resource could not be found.
2026-06-22 03:06:33.776 10 INFO neutron.wsgi [None req-926376f2-8b5a-498f-8fc4-b1cde14a4575 234bf58ec97f44c48cc2db616afe2222 e1707b3f24c64073b7ba9fc84693088e - - default default] 10.0.0.167 "GET /v2.0/security-group-rules/2d82778d-cf64-4bee-bda4-aa221808ce7a HTTP/1.1" status: 404 len: 356 time: 0.0125940
2026-06-22 03:06:33.925 10 INFO neutron.wsgi [None req-a24062d9-f027-4423-9ad8-55f5dcad4e7e 234bf58ec97f44c48cc2db616afe2222 e1707b3f24c64073b7ba9fc84693088e - - default default] 10.0.0.167 "DELETE /v2.0/security-groups/9ba3ba4b-736b-4a0c-a66a-005ef2298d1b HTTP/1.1" status: 204 len: 168 time: 0.1429935
2026-06-22 03:06:33.951 10 INFO neutron.api.v2.resource [None req-4f228f80-4c91-4458-9205-86b39279b9fb 234bf58ec97f44c48cc2db616afe2222 e1707b3f24c64073b7ba9fc84693088e - - default default] show failed (client error): The resource could not be found.
2026-06-22 03:06:33.953 10 INFO neutron.wsgi [None req-4f228f80-4c91-4458-9205-86b39279b9fb 234bf58ec97f44c48cc2db616afe2222 e1707b3f24c64073b7ba9fc84693088e - - default default] 10.0.0.167 "GET /v2.0/security-groups/9ba3ba4b-736b-4a0c-a66a-005ef2298d1b HTTP/1.1" status: 404 len: 347 time: 0.0180178
2026-06-22 03:06:34.938 9 INFO neutron.wsgi [None req-22493848-1507-4062-9f61-fb469916d923 234bf58ec97f44c48cc2db616afe2222 e1707b3f24c64073b7ba9fc84693088e - - default default] 10.0.0.167 "PUT /v2.0/routers/d530e827-84bc-497e-97f4-142d69300c05/remove_router_interface HTTP/1.1" status: 200 len: 503 time: 0.9341466
2026-06-22 03:06:35.092 10 INFO neutron.api.v2.resource [None req-7aa5aec2-8023-4471-93ff-9cdb97656d83 234bf58ec97f44c48cc2db616afe2222 e1707b3f24c64073b7ba9fc84693088e - - default default] remove_router_interface failed (client error): The resource could not be found.
2026-06-22 03:06:35.094 10 INFO neutron.wsgi [None req-7aa5aec2-8023-4471-93ff-9cdb97656d83 234bf58ec97f44c48cc2db616afe2222 e1707b3f24c64073b7ba9fc84693088e - - default default] 10.0.0.167 "PUT /v2.0/routers/d530e827-84bc-497e-97f4-142d69300c05/remove_router_interface HTTP/1.1" status: 404 len: 399 time: 0.1419628
2026-06-22 03:06:36.050 10 INFO neutron.wsgi [None req-4d1a676a-3f8f-4706-b1a2-556f07f25038 234bf58ec97f44c48cc2db616afe2222 e1707b3f24c64073b7ba9fc84693088e - - default default] 10.0.0.167 "PUT /v2.0/routers/d530e827-84bc-497e-97f4-142d69300c05/remove_router_interface HTTP/1.1" status: 200 len: 503 time: 0.9500096 /var/lib/openstack/lib/python3.10/site-packages/pycadf/identifier.py:71: UserWarning: Invalid uuid: neutron. To ensure interoperability, identifiers should be a valid uuid. warnings.warn(('Invalid uuid: %s. To ensure interoperability, '
2026-06-22 03:06:36.177 9 INFO neutron.api.v2.resource [None req-beaf2337-27b1-4fc9-8571-fbc37d4da2cf 234bf58ec97f44c48cc2db616afe2222 e1707b3f24c64073b7ba9fc84693088e - - default default] remove_router_interface failed (client error): The resource could not be found.
2026-06-22 03:06:36.178 9 INFO neutron.wsgi [None req-beaf2337-27b1-4fc9-8571-fbc37d4da2cf 234bf58ec97f44c48cc2db616afe2222 e1707b3f24c64073b7ba9fc84693088e - - default default] 10.0.0.167 "PUT /v2.0/routers/d530e827-84bc-497e-97f4-142d69300c05/remove_router_interface HTTP/1.1" status: 404 len: 399 time: 0.1231186
2026-06-22 03:06:37.069 9 INFO neutron.wsgi [None req-b9ce5f2c-7d70-4e9d-a46b-603c3aa7c6f1 234bf58ec97f44c48cc2db616afe2222 e1707b3f24c64073b7ba9fc84693088e - - default default] 10.0.0.167 "PUT /v2.0/routers/d530e827-84bc-497e-97f4-142d69300c05/remove_router_interface HTTP/1.1" status: 200 len: 503 time: 0.8849761 /var/lib/openstack/lib/python3.10/site-packages/pycadf/identifier.py:71: UserWarning: Invalid uuid: neutron. To ensure interoperability, identifiers should be a valid uuid. warnings.warn(('Invalid uuid: %s. To ensure interoperability, '
2026-06-22 03:06:37.503 10 INFO neutron.api.v2.resource [None req-35151911-3e9a-44d7-8058-527ad6942ff4 234bf58ec97f44c48cc2db616afe2222 e1707b3f24c64073b7ba9fc84693088e - - default default] remove_router_interface failed (client error): The resource could not be found.
2026-06-22 03:06:37.505 10 INFO neutron.wsgi [None req-35151911-3e9a-44d7-8058-527ad6942ff4 234bf58ec97f44c48cc2db616afe2222 e1707b3f24c64073b7ba9fc84693088e - - default default] 10.0.0.167 "PUT /v2.0/routers/d530e827-84bc-497e-97f4-142d69300c05/remove_router_interface HTTP/1.1" status: 404 len: 399 time: 0.4305434
2026-06-22 03:06:38.116 10 INFO neutron.wsgi [None req-90434017-1721-42b1-a71f-d87feec63c14 234bf58ec97f44c48cc2db616afe2222 e1707b3f24c64073b7ba9fc84693088e - - default default] 10.0.0.167 "DELETE /v2.0/routers/d530e827-84bc-497e-97f4-142d69300c05 HTTP/1.1" status: 204 len: 168 time: 0.6040111
2026-06-22 03:06:38.144 10 INFO neutron.api.v2.resource [None req-550658a9-82b3-4233-9b95-6303ffd1e585 234bf58ec97f44c48cc2db616afe2222 e1707b3f24c64073b7ba9fc84693088e - - default default] show failed (client error): The resource could not be found.
2026-06-22 03:06:38.147 10 INFO neutron.wsgi [None req-550658a9-82b3-4233-9b95-6303ffd1e585 234bf58ec97f44c48cc2db616afe2222 e1707b3f24c64073b7ba9fc84693088e - - default default] 10.0.0.167 "GET /v2.0/routers/d530e827-84bc-497e-97f4-142d69300c05 HTTP/1.1" status: 404 len: 336 time: 0.0241897
2026-06-22 03:06:38.380 10 INFO neutron.wsgi [None req-fab46d46-64cb-476c-a041-95e2ec8a541e 234bf58ec97f44c48cc2db616afe2222 e1707b3f24c64073b7ba9fc84693088e - - default default] 10.0.0.167 "DELETE /v2.0/subnets/39a51d21-d86e-48fb-8cfe-fae66e8637c9 HTTP/1.1" status: 204 len: 168 time: 0.2262332
2026-06-22 03:06:38.382 9 INFO neutron.wsgi [-] 10.0.0.180 "GET / HTTP/1.1" status: 200 len: 246 time: 0.0023718
2026-06-22 03:06:38.384 9 INFO neutron.wsgi [-] 10.0.0.180 "GET / HTTP/1.1" status: 200 len: 246 time: 0.0012650 /var/lib/openstack/lib/python3.10/site-packages/pycadf/identifier.py:71: UserWarning: Invalid uuid: neutron. To ensure interoperability, identifiers should be a valid uuid. warnings.warn(('Invalid uuid: %s. To ensure interoperability, '
2026-06-22 03:06:38.407 9 INFO neutron.pecan_wsgi.hooks.translation [None req-c46771ff-5b58-4d68-996b-ec18552fa687 234bf58ec97f44c48cc2db616afe2222 e1707b3f24c64073b7ba9fc84693088e - - default default] GET failed (client error): The resource could not be found.
2026-06-22 03:06:38.409 9 INFO neutron.wsgi [None req-c46771ff-5b58-4d68-996b-ec18552fa687 234bf58ec97f44c48cc2db616afe2222 e1707b3f24c64073b7ba9fc84693088e - - default default] 10.0.0.167 "GET /v2.0/subnets/39a51d21-d86e-48fb-8cfe-fae66e8637c9 HTTP/1.1" status: 404 len: 337 time: 0.0240774
2026-06-22 03:06:38.632 9 INFO neutron.wsgi [None req-c22ff862-7427-442a-807b-cba09ea66283 234bf58ec97f44c48cc2db616afe2222 e1707b3f24c64073b7ba9fc84693088e - - default default] 10.0.0.167 "DELETE /v2.0/subnets/ba91d249-698b-4b53-a698-646e321f5167 HTTP/1.1" status: 204 len: 168 time: 0.2176986
2026-06-22 03:06:38.656 9 INFO neutron.pecan_wsgi.hooks.translation [None req-0bb7d00a-c781-4629-9345-4cc32002f339 234bf58ec97f44c48cc2db616afe2222 e1707b3f24c64073b7ba9fc84693088e - - default default] GET failed (client error): The resource could not be found.
2026-06-22 03:06:38.657 9 INFO neutron.wsgi [None req-0bb7d00a-c781-4629-9345-4cc32002f339 234bf58ec97f44c48cc2db616afe2222 e1707b3f24c64073b7ba9fc84693088e - - default default] 10.0.0.167 "GET /v2.0/subnets/ba91d249-698b-4b53-a698-646e321f5167 HTTP/1.1" status: 404 len: 337 time: 0.0187578
2026-06-22 03:06:39.132 9 INFO neutron.services.segments.plugin [-] Segment 22854156-d0d9-4b85-93d9-c635e283e84c resource provider aggregate not found
2026-06-22 03:06:39.138 9 INFO neutron.services.segments.plugin [-] Segment 22854156-d0d9-4b85-93d9-c635e283e84c resource provider aggregate not found
2026-06-22 03:06:39.152 9 INFO neutron.services.segments.plugin [-] Segment 22854156-d0d9-4b85-93d9-c635e283e84c resource provider not found; error: Placement Client Error (4xx): {"errors": [{"status": 404, "title": "Not Found", "detail": "The resource could not be found.\n\n No resource provider with uuid 22854156-d0d9-4b85-93d9-c635e283e84c found for delete ", "request_id": "req-3665f0c6-61a0-410e-be37-a598316545fe"}]}
2026-06-22 03:06:39.158 9 INFO neutron.services.segments.plugin [-] Segment 22854156-d0d9-4b85-93d9-c635e283e84c resource provider not found; error: Placement Client Error (4xx): {"errors": [{"status": 404, "title": "Not Found", "detail": "The resource could not be found.\n\n No resource provider with uuid 22854156-d0d9-4b85-93d9-c635e283e84c found for delete ", "request_id": "req-9ee6b8ee-0c83-4c1d-8e51-3fd2d813c5d9"}]}
2026-06-22 03:06:39.179 9 INFO neutron.wsgi [None req-6676247c-9a03-4d3d-8ce3-e0849f7aef54 234bf58ec97f44c48cc2db616afe2222 e1707b3f24c64073b7ba9fc84693088e - - default default] 10.0.0.167 "DELETE /v2.0/networks/06be671a-81cb-4cd4-b1a8-4a32846fede8 HTTP/1.1" status: 204 len: 168 time: 0.5162957
2026-06-22 03:06:39.199 10 INFO neutron.pecan_wsgi.hooks.translation [None req-cab60ca4-6fd3-4e48-a03a-49caaded8d67 234bf58ec97f44c48cc2db616afe2222 e1707b3f24c64073b7ba9fc84693088e - - default default] GET failed (client error): The resource could not be found.
2026-06-22 03:06:39.200 10 INFO neutron.wsgi [None req-cab60ca4-6fd3-4e48-a03a-49caaded8d67 234bf58ec97f44c48cc2db616afe2222 e1707b3f24c64073b7ba9fc84693088e - - default default] 10.0.0.167 "GET /v2.0/networks/06be671a-81cb-4cd4-b1a8-4a32846fede8 HTTP/1.1" status: 404 len: 339 time: 0.0156178
2026-06-22 03:06:39.387 10 INFO neutron.wsgi [None req-87455fcf-f7a3-4b17-85a1-07dcb940cace 234bf58ec97f44c48cc2db616afe2222 e1707b3f24c64073b7ba9fc84693088e - - default default] 10.0.0.167 "DELETE /v2.0/subnets/9105cda8-72fd-42fa-9c5d-56b99444902b HTTP/1.1" status: 204 len: 168 time: 0.1818919
2026-06-22 03:06:39.413 10 INFO neutron.pecan_wsgi.hooks.translation [None req-8db7a93c-59c2-46a0-8124-3972b4bcd7be 234bf58ec97f44c48cc2db616afe2222 e1707b3f24c64073b7ba9fc84693088e - - default default] GET failed (client error): The resource could not be found.
2026-06-22 03:06:39.415 10 INFO neutron.wsgi [None req-8db7a93c-59c2-46a0-8124-3972b4bcd7be 234bf58ec97f44c48cc2db616afe2222 e1707b3f24c64073b7ba9fc84693088e - - default default] 10.0.0.167 "GET /v2.0/subnets/9105cda8-72fd-42fa-9c5d-56b99444902b HTTP/1.1" status: 404 len: 337 time: 0.0222266
2026-06-22 03:06:39.637 10 INFO neutron.wsgi [None req-d77361e4-77ee-43da-8ef4-897d5d023991 234bf58ec97f44c48cc2db616afe2222 e1707b3f24c64073b7ba9fc84693088e - - default default] 10.0.0.167 "DELETE /v2.0/subnets/72207137-ccf4-4a92-a920-b62ff9f248c4 HTTP/1.1" status: 204 len: 168 time: 0.2180526
2026-06-22 03:06:39.673 9 INFO neutron.pecan_wsgi.hooks.translation [None req-ad8ce0f6-9722-4ff4-a360-b0fc46fcd137 234bf58ec97f44c48cc2db616afe2222 e1707b3f24c64073b7ba9fc84693088e - - default default] GET failed (client error): The resource could not be found.
2026-06-22 03:06:39.675 9 INFO neutron.wsgi [None req-ad8ce0f6-9722-4ff4-a360-b0fc46fcd137 234bf58ec97f44c48cc2db616afe2222 e1707b3f24c64073b7ba9fc84693088e - - default default] 10.0.0.167 "GET /v2.0/subnets/72207137-ccf4-4a92-a920-b62ff9f248c4 HTTP/1.1" status: 404 len: 337 time: 0.0279408
2026-06-22 03:06:40.185 9 INFO neutron.wsgi [None req-82373346-ac6b-4d7d-afd0-1ea5190d3e2a 234bf58ec97f44c48cc2db616afe2222 e1707b3f24c64073b7ba9fc84693088e - - default default] 10.0.0.167 "DELETE /v2.0/networks/aa602911-6ded-42df-80b0-a509842e352e HTTP/1.1" status: 204 len: 168 time: 0.5046408
2026-06-22 03:06:40.222 10 INFO neutron.pecan_wsgi.hooks.translation [None req-a1585687-36a4-4f36-a6eb-d10385ae330c 234bf58ec97f44c48cc2db616afe2222 e1707b3f24c64073b7ba9fc84693088e - - default default] GET failed (client error): The resource could not be found.
2026-06-22 03:06:40.224 10 INFO neutron.wsgi [None req-a1585687-36a4-4f36-a6eb-d10385ae330c 234bf58ec97f44c48cc2db616afe2222 e1707b3f24c64073b7ba9fc84693088e - - default default] 10.0.0.167 "GET /v2.0/networks/aa602911-6ded-42df-80b0-a509842e352e HTTP/1.1" status: 404 len: 339 time: 0.0273895
2026-06-22 03:06:40.467 9 INFO neutron.wsgi [None req-10559946-c390-4499-b5ad-697f89ab443c 234bf58ec97f44c48cc2db616afe2222 e1707b3f24c64073b7ba9fc84693088e - - default default] 10.0.0.167 "DELETE /v2.0/subnets/dc104a64-4fb3-4cbd-807f-436505bd1642 HTTP/1.1" status: 204 len: 168 time: 0.2358634
2026-06-22 03:06:40.503 9 INFO neutron.pecan_wsgi.hooks.translation [None req-f7229407-83a4-483d-91b2-ed84b01e3cb7 234bf58ec97f44c48cc2db616afe2222 e1707b3f24c64073b7ba9fc84693088e - - default default] GET failed (client error): The resource could not be found.
2026-06-22 03:06:40.506 9 INFO neutron.wsgi [None req-f7229407-83a4-483d-91b2-ed84b01e3cb7 234bf58ec97f44c48cc2db616afe2222 e1707b3f24c64073b7ba9fc84693088e - - default default] 10.0.0.167 "GET /v2.0/subnets/dc104a64-4fb3-4cbd-807f-436505bd1642 HTTP/1.1" status: 404 len: 337 time: 0.0315647
2026-06-22 03:06:40.773 9 INFO neutron.wsgi [None req-f43b433e-cc11-4f7d-8398-50a62aa1e39f 234bf58ec97f44c48cc2db616afe2222 e1707b3f24c64073b7ba9fc84693088e - - default default] 10.0.0.167 "DELETE /v2.0/subnets/36c18792-605f-48d9-bc0e-f1fe8ad8d499 HTTP/1.1" status: 204 len: 168 time: 0.2624402
2026-06-22 03:06:40.795 10 INFO neutron.pecan_wsgi.hooks.translation [None req-34db3043-18f5-423c-acd8-149b18d03c89 234bf58ec97f44c48cc2db616afe2222 e1707b3f24c64073b7ba9fc84693088e - - default default] GET failed (client error): The resource could not be found.
2026-06-22 03:06:40.797 10 INFO neutron.wsgi [None req-34db3043-18f5-423c-acd8-149b18d03c89 234bf58ec97f44c48cc2db616afe2222 e1707b3f24c64073b7ba9fc84693088e - - default default] 10.0.0.167 "GET /v2.0/subnets/36c18792-605f-48d9-bc0e-f1fe8ad8d499 HTTP/1.1" status: 404 len: 337 time: 0.0180166
2026-06-22 03:06:41.180 9 INFO neutron.services.segments.plugin [-] Segment a57209cc-4629-48f7-807f-fb146c143f16 resource provider aggregate not found
2026-06-22 03:06:41.188 9 INFO neutron.services.segments.plugin [-] Segment a57209cc-4629-48f7-807f-fb146c143f16 resource provider aggregate not found
2026-06-22 03:06:41.210 9 INFO neutron.services.segments.plugin [-] Segment a57209cc-4629-48f7-807f-fb146c143f16 resource provider not found; error: Placement Client Error (4xx): {"errors": [{"status": 404, "title": "Not Found", "detail": "The resource could not be found.\n\n No resource provider with uuid a57209cc-4629-48f7-807f-fb146c143f16 found for delete ", "request_id": "req-3bd3b57b-e4c9-43c4-9872-f36bcc3b04d4"}]}
2026-06-22 03:06:41.211 9 INFO neutron.services.segments.plugin [-] Segment a57209cc-4629-48f7-807f-fb146c143f16 resource provider not found; error: Placement Client Error (4xx): {"errors": [{"status": 404, "title": "Not Found", "detail": "The resource could not be found.\n\n No resource provider with uuid a57209cc-4629-48f7-807f-fb146c143f16 found for delete ", "request_id": "req-0ee50910-e73b-4301-855c-b04ed8665b06"}]}
2026-06-22 03:06:41.246 9 INFO neutron.wsgi [None req-ae1e51f1-ba67-4b4c-967e-508858f86839 234bf58ec97f44c48cc2db616afe2222 e1707b3f24c64073b7ba9fc84693088e - - default default] 10.0.0.167 "DELETE /v2.0/networks/d2b7fdb7-2c7a-4ada-a57b-1eda8b35d224 HTTP/1.1" status: 204 len: 168 time: 0.4414537
2026-06-22 03:06:41.269 10 INFO neutron.pecan_wsgi.hooks.translation [None req-3c56d206-7257-47b4-9039-c543fa524a0f 234bf58ec97f44c48cc2db616afe2222 e1707b3f24c64073b7ba9fc84693088e - - default default] GET failed (client error): The resource could not be found.
2026-06-22 03:06:41.271 10 INFO neutron.wsgi [None req-3c56d206-7257-47b4-9039-c543fa524a0f 234bf58ec97f44c48cc2db616afe2222 e1707b3f24c64073b7ba9fc84693088e - - default default] 10.0.0.167 "GET /v2.0/networks/d2b7fdb7-2c7a-4ada-a57b-1eda8b35d224 HTTP/1.1" status: 404 len: 339 time: 0.0180612
2026-06-22 03:06:43.234 9 INFO neutron.services.segments.plugin [-] Segment 96cd4207-3f7b-40f5-96af-167890542ad1 resource provider aggregate not found
