2026-04-26 13:56:36.815 7 INFO cinder.api.openstack.wsgi [None req-ad64f181-ac7b-4235-a3a3-3fa1ef7179b8 796e994222d24c3cac0d5aa7471be23f 10592e72aaea46c8b7a2bce7c5153a59 - - default default] http://cinder-api.openstack.svc.cluster.local:8776/v3/10592e72aaea46c8b7a2bce7c5153a59/volumes/detail?all_tenants=true returned with HTTP 200 [pid: 7|app: 0|req: 120/239] 10.0.0.234 () {28 vars in 684 bytes} [Sun Apr 26 13:56:36 2026] GET /v3/10592e72aaea46c8b7a2bce7c5153a59/volumes/detail?all_tenants=true => generated 15 bytes in 16 msecs (HTTP/1.1 200) 7 headers in 284 bytes (1 switches on core 0)
2026-04-26 13:56:36.825 8 INFO cinder.api.openstack.wsgi [None req-82a9dc06-5ee7-4ab7-abf8-ac96037f0c29 796e994222d24c3cac0d5aa7471be23f 10592e72aaea46c8b7a2bce7c5153a59 - - default default] GET http://cinder-api.openstack.svc.cluster.local:8776/v3/10592e72aaea46c8b7a2bce7c5153a59/os-services
2026-04-26 13:56:36.830 8 INFO cinder.api.openstack.wsgi [None req-82a9dc06-5ee7-4ab7-abf8-ac96037f0c29 796e994222d24c3cac0d5aa7471be23f 10592e72aaea46c8b7a2bce7c5153a59 - - default default] http://cinder-api.openstack.svc.cluster.local:8776/v3/10592e72aaea46c8b7a2bce7c5153a59/os-services returned with HTTP 200 [pid: 8|app: 0|req: 120/240] 10.0.0.234 () {28 vars in 645 bytes} [Sun Apr 26 13:56:36 2026] GET /v3/10592e72aaea46c8b7a2bce7c5153a59/os-services => generated 646 bytes in 11 msecs (HTTP/1.1 200) 7 headers in 285 bytes (1 switches on core 0)
2026-04-26 13:56:36.839 7 INFO cinder.api.openstack.wsgi [None req-36aee60a-cd90-4e46-bdfb-e0cf1ef745d3 796e994222d24c3cac0d5aa7471be23f 10592e72aaea46c8b7a2bce7c5153a59 - - default default] GET http://cinder-api.openstack.svc.cluster.local:8776/v3/10592e72aaea46c8b7a2bce7c5153a59/volumes/detail?all_tenants=true
2026-04-26 13:56:36.847 7 INFO cinder.volume.api [None req-36aee60a-cd90-4e46-bdfb-e0cf1ef745d3 796e994222d24c3cac0d5aa7471be23f 10592e72aaea46c8b7a2bce7c5153a59 - - default default] Get all volumes completed successfully.
2026-04-26 13:56:36.849 7 INFO cinder.api.openstack.wsgi [None req-36aee60a-cd90-4e46-bdfb-e0cf1ef745d3 796e994222d24c3cac0d5aa7471be23f 10592e72aaea46c8b7a2bce7c5153a59 - - default default] http://cinder-api.openstack.svc.cluster.local:8776/v3/10592e72aaea46c8b7a2bce7c5153a59/volumes/detail?all_tenants=true returned with HTTP 200 [pid: 7|app: 0|req: 121/241] 10.0.0.234 () {28 vars in 684 bytes} [Sun Apr 26 13:56:36 2026] GET /v3/10592e72aaea46c8b7a2bce7c5153a59/volumes/detail?all_tenants=true => generated 15 bytes in 15 msecs (HTTP/1.1 200) 7 headers in 284 bytes (1 switches on core 0)
2026-04-26 13:56:43.368 8 INFO cinder.api.openstack.wsgi [None req-82a9dc06-5ee7-4ab7-abf8-ac96037f0c29 796e994222d24c3cac0d5aa7471be23f 10592e72aaea46c8b7a2bce7c5153a59 - - default default] GET http://10.0.0.96:8776/
2026-04-26 13:56:43.368 7 INFO cinder.api.openstack.wsgi [None req-36aee60a-cd90-4e46-bdfb-e0cf1ef745d3 796e994222d24c3cac0d5aa7471be23f 10592e72aaea46c8b7a2bce7c5153a59 - - default default] GET http://10.0.0.96:8776/
2026-04-26 13:56:43.369 8 INFO cinder.api.openstack.wsgi [None req-82a9dc06-5ee7-4ab7-abf8-ac96037f0c29 796e994222d24c3cac0d5aa7471be23f 10592e72aaea46c8b7a2bce7c5153a59 - - default default] http://10.0.0.96:8776/ returned with HTTP 300
2026-04-26 13:56:43.369 7 INFO cinder.api.openstack.wsgi [None req-36aee60a-cd90-4e46-bdfb-e0cf1ef745d3 796e994222d24c3cac0d5aa7471be23f 10592e72aaea46c8b7a2bce7c5153a59 - - default default] http://10.0.0.96:8776/ returned with HTTP 300
2026-04-26 13:56:53.368 8 INFO cinder.api.openstack.wsgi [None req-82a9dc06-5ee7-4ab7-abf8-ac96037f0c29 796e994222d24c3cac0d5aa7471be23f 10592e72aaea46c8b7a2bce7c5153a59 - - default default] GET http://10.0.0.96:8776/
2026-04-26 13:56:53.368 7 INFO cinder.api.openstack.wsgi [None req-36aee60a-cd90-4e46-bdfb-e0cf1ef745d3 796e994222d24c3cac0d5aa7471be23f 10592e72aaea46c8b7a2bce7c5153a59 - - default default] GET http://10.0.0.96:8776/
2026-04-26 13:56:53.369 7 INFO cinder.api.openstack.wsgi [None req-36aee60a-cd90-4e46-bdfb-e0cf1ef745d3 796e994222d24c3cac0d5aa7471be23f 10592e72aaea46c8b7a2bce7c5153a59 - - default default] http://10.0.0.96:8776/ returned with HTTP 300
2026-04-26 13:56:53.369 8 INFO cinder.api.openstack.wsgi [None req-82a9dc06-5ee7-4ab7-abf8-ac96037f0c29 796e994222d24c3cac0d5aa7471be23f 10592e72aaea46c8b7a2bce7c5153a59 - - default default] http://10.0.0.96:8776/ returned with HTTP 300
2026-04-26 13:57:03.368 7 INFO cinder.api.openstack.wsgi [None req-36aee60a-cd90-4e46-bdfb-e0cf1ef745d3 796e994222d24c3cac0d5aa7471be23f 10592e72aaea46c8b7a2bce7c5153a59 - - default default] GET http://10.0.0.96:8776/
2026-04-26 13:57:03.368 8 INFO cinder.api.openstack.wsgi [None req-82a9dc06-5ee7-4ab7-abf8-ac96037f0c29 796e994222d24c3cac0d5aa7471be23f 10592e72aaea46c8b7a2bce7c5153a59 - - default default] GET http://10.0.0.96:8776/
2026-04-26 13:57:03.369 7 INFO cinder.api.openstack.wsgi [None req-36aee60a-cd90-4e46-bdfb-e0cf1ef745d3 796e994222d24c3cac0d5aa7471be23f 10592e72aaea46c8b7a2bce7c5153a59 - - default default] http://10.0.0.96:8776/ returned with HTTP 300
2026-04-26 13:57:03.369 8 INFO cinder.api.openstack.wsgi [None req-82a9dc06-5ee7-4ab7-abf8-ac96037f0c29 796e994222d24c3cac0d5aa7471be23f 10592e72aaea46c8b7a2bce7c5153a59 - - default default] http://10.0.0.96:8776/ returned with HTTP 300
2026-04-26 13:57:12.131 7 INFO cinder.api.openstack.wsgi [None req-cf72f827-ca0a-411c-a153-48f76ced6cb0 796e994222d24c3cac0d5aa7471be23f 10592e72aaea46c8b7a2bce7c5153a59 - - default default] GET http://cinder-api.openstack.svc.cluster.local:8776/v3/10592e72aaea46c8b7a2bce7c5153a59/snapshots
2026-04-26 13:57:12.145 7 INFO cinder.volume.api [None req-cf72f827-ca0a-411c-a153-48f76ced6cb0 796e994222d24c3cac0d5aa7471be23f 10592e72aaea46c8b7a2bce7c5153a59 - - default default] Get all snapshots completed successfully.
2026-04-26 13:57:12.145 7 INFO cinder.api.openstack.wsgi [None req-cf72f827-ca0a-411c-a153-48f76ced6cb0 796e994222d24c3cac0d5aa7471be23f 10592e72aaea46c8b7a2bce7c5153a59 - - default default] http://cinder-api.openstack.svc.cluster.local:8776/v3/10592e72aaea46c8b7a2bce7c5153a59/snapshots returned with HTTP 200 [pid: 7|app: 0|req: 125/248] 10.0.0.131 () {32 vars in 705 bytes} [Sun Apr 26 13:57:12 2026] GET /v3/10592e72aaea46c8b7a2bce7c5153a59/snapshots => generated 17 bytes in 20 msecs (HTTP/1.1 200) 7 headers in 284 bytes (1 switches on core 0)
2026-04-26 13:57:12.155 8 INFO cinder.api.openstack.wsgi [None req-f579d3d0-050b-4aa5-9b12-b7bcbb08a9cd 796e994222d24c3cac0d5aa7471be23f 10592e72aaea46c8b7a2bce7c5153a59 - - default default] GET http://cinder-api.openstack.svc.cluster.local:8776/v3/10592e72aaea46c8b7a2bce7c5153a59/volumes
2026-04-26 13:57:12.180 8 INFO cinder.volume.api [None req-f579d3d0-050b-4aa5-9b12-b7bcbb08a9cd 796e994222d24c3cac0d5aa7471be23f 10592e72aaea46c8b7a2bce7c5153a59 - - default default] Get all volumes completed successfully.
2026-04-26 13:57:12.181 8 INFO cinder.api.openstack.wsgi [None req-f579d3d0-050b-4aa5-9b12-b7bcbb08a9cd 796e994222d24c3cac0d5aa7471be23f 10592e72aaea46c8b7a2bce7c5153a59 - - default default] http://cinder-api.openstack.svc.cluster.local:8776/v3/10592e72aaea46c8b7a2bce7c5153a59/volumes returned with HTTP 200 [pid: 8|app: 0|req: 124/249] 10.0.0.131 () {32 vars in 701 bytes} [Sun Apr 26 13:57:12 2026] GET /v3/10592e72aaea46c8b7a2bce7c5153a59/volumes => generated 15 bytes in 30 msecs (HTTP/1.1 200) 7 headers in 284 bytes (1 switches on core 0)
2026-04-26 13:57:13.368 7 INFO cinder.api.openstack.wsgi [None req-cf72f827-ca0a-411c-a153-48f76ced6cb0 796e994222d24c3cac0d5aa7471be23f 10592e72aaea46c8b7a2bce7c5153a59 - - default default] GET http://10.0.0.96:8776/
2026-04-26 13:57:13.368 8 INFO cinder.api.openstack.wsgi [None req-f579d3d0-050b-4aa5-9b12-b7bcbb08a9cd 796e994222d24c3cac0d5aa7471be23f 10592e72aaea46c8b7a2bce7c5153a59 - - default default] GET http://10.0.0.96:8776/
2026-04-26 13:57:13.369 7 INFO cinder.api.openstack.wsgi [None req-cf72f827-ca0a-411c-a153-48f76ced6cb0 796e994222d24c3cac0d5aa7471be23f 10592e72aaea46c8b7a2bce7c5153a59 - - default default] http://10.0.0.96:8776/ returned with HTTP 300
2026-04-26 13:57:13.370 8 INFO cinder.api.openstack.wsgi [None req-f579d3d0-050b-4aa5-9b12-b7bcbb08a9cd 796e994222d24c3cac0d5aa7471be23f 10592e72aaea46c8b7a2bce7c5153a59 - - default default] http://10.0.0.96:8776/ returned with HTTP 300
2026-04-26 13:57:23.368 7 INFO cinder.api.openstack.wsgi [None req-cf72f827-ca0a-411c-a153-48f76ced6cb0 796e994222d24c3cac0d5aa7471be23f 10592e72aaea46c8b7a2bce7c5153a59 - - default default] GET http://10.0.0.96:8776/
2026-04-26 13:57:23.369 8 INFO cinder.api.openstack.wsgi [None req-f579d3d0-050b-4aa5-9b12-b7bcbb08a9cd 796e994222d24c3cac0d5aa7471be23f 10592e72aaea46c8b7a2bce7c5153a59 - - default default] GET http://10.0.0.96:8776/
2026-04-26 13:57:23.370 8 INFO cinder.api.openstack.wsgi [None req-f579d3d0-050b-4aa5-9b12-b7bcbb08a9cd 796e994222d24c3cac0d5aa7471be23f 10592e72aaea46c8b7a2bce7c5153a59 - - default default] http://10.0.0.96:8776/ returned with HTTP 300
2026-04-26 13:57:23.370 7 INFO cinder.api.openstack.wsgi [None req-cf72f827-ca0a-411c-a153-48f76ced6cb0 796e994222d24c3cac0d5aa7471be23f 10592e72aaea46c8b7a2bce7c5153a59 - - default default] http://10.0.0.96:8776/ returned with HTTP 300
2026-04-26 13:57:33.368 8 INFO cinder.api.openstack.wsgi [None req-f579d3d0-050b-4aa5-9b12-b7bcbb08a9cd 796e994222d24c3cac0d5aa7471be23f 10592e72aaea46c8b7a2bce7c5153a59 - - default default] GET http://10.0.0.96:8776/
2026-04-26 13:57:33.368 7 INFO cinder.api.openstack.wsgi [None req-cf72f827-ca0a-411c-a153-48f76ced6cb0 796e994222d24c3cac0d5aa7471be23f 10592e72aaea46c8b7a2bce7c5153a59 - - default default] GET http://10.0.0.96:8776/
2026-04-26 13:57:33.369 8 INFO cinder.api.openstack.wsgi [None req-f579d3d0-050b-4aa5-9b12-b7bcbb08a9cd 796e994222d24c3cac0d5aa7471be23f 10592e72aaea46c8b7a2bce7c5153a59 - - default default] http://10.0.0.96:8776/ returned with HTTP 300
2026-04-26 13:57:33.369 7 INFO cinder.api.openstack.wsgi [None req-cf72f827-ca0a-411c-a153-48f76ced6cb0 796e994222d24c3cac0d5aa7471be23f 10592e72aaea46c8b7a2bce7c5153a59 - - default default] http://10.0.0.96:8776/ returned with HTTP 300
2026-04-26 13:57:36.186 8 INFO cinder.api.openstack.wsgi [None req-1a9497ff-f3ce-45d9-8817-c54816969085 796e994222d24c3cac0d5aa7471be23f 10592e72aaea46c8b7a2bce7c5153a59 - - default default] GET http://cinder-api.openstack.svc.cluster.local:8776/v3/10592e72aaea46c8b7a2bce7c5153a59/volumes/detail?all_tenants=true
2026-04-26 13:57:36.197 8 INFO cinder.volume.api [None req-1a9497ff-f3ce-45d9-8817-c54816969085 796e994222d24c3cac0d5aa7471be23f 10592e72aaea46c8b7a2bce7c5153a59 - - default default] Get all volumes completed successfully.
2026-04-26 13:57:36.200 8 INFO cinder.api.openstack.wsgi [None req-1a9497ff-f3ce-45d9-8817-c54816969085 796e994222d24c3cac0d5aa7471be23f 10592e72aaea46c8b7a2bce7c5153a59 - - default default] http://cinder-api.openstack.svc.cluster.local:8776/v3/10592e72aaea46c8b7a2bce7c5153a59/volumes/detail?all_tenants=true returned with HTTP 200 [pid: 8|app: 0|req: 128/256] 10.0.0.234 () {28 vars in 684 bytes} [Sun Apr 26 13:57:36 2026] GET /v3/10592e72aaea46c8b7a2bce7c5153a59/volumes/detail?all_tenants=true => generated 15 bytes in 144 msecs (HTTP/1.1 200) 7 headers in 284 bytes (1 switches on core 0)
2026-04-26 13:57:36.210 7 INFO cinder.api.openstack.wsgi [None req-15ddd1b7-e931-49b0-8862-316921f98368 796e994222d24c3cac0d5aa7471be23f 10592e72aaea46c8b7a2bce7c5153a59 - - default default] GET http://cinder-api.openstack.svc.cluster.local:8776/v3/10592e72aaea46c8b7a2bce7c5153a59/volumes/detail?all_tenants=true
2026-04-26 13:57:36.217 7 INFO cinder.volume.api [None req-15ddd1b7-e931-49b0-8862-316921f98368 796e994222d24c3cac0d5aa7471be23f 10592e72aaea46c8b7a2bce7c5153a59 - - default default] Get all volumes completed successfully.
2026-04-26 13:57:36.218 7 INFO cinder.api.openstack.wsgi [None req-15ddd1b7-e931-49b0-8862-316921f98368 796e994222d24c3cac0d5aa7471be23f 10592e72aaea46c8b7a2bce7c5153a59 - - default default] http://cinder-api.openstack.svc.cluster.local:8776/v3/10592e72aaea46c8b7a2bce7c5153a59/volumes/detail?all_tenants=true returned with HTTP 200 [pid: 7|app: 0|req: 129/257] 10.0.0.234 () {28 vars in 684 bytes} [Sun Apr 26 13:57:36 2026] GET /v3/10592e72aaea46c8b7a2bce7c5153a59/volumes/detail?all_tenants=true => generated 15 bytes in 14 msecs (HTTP/1.1 200) 7 headers in 284 bytes (1 switches on core 0)
2026-04-26 13:57:36.234 8 INFO cinder.api.openstack.wsgi [None req-22fabb36-7187-48f6-9aa6-ad6fd033a4ed 796e994222d24c3cac0d5aa7471be23f 10592e72aaea46c8b7a2bce7c5153a59 - - default default] GET http://cinder-api.openstack.svc.cluster.local:8776/v3/10592e72aaea46c8b7a2bce7c5153a59/scheduler-stats/get_pools?detail=true
2026-04-26 13:57:36.740 8 INFO cinder.api.openstack.wsgi [None req-22fabb36-7187-48f6-9aa6-ad6fd033a4ed 796e994222d24c3cac0d5aa7471be23f 10592e72aaea46c8b7a2bce7c5153a59 - - default default] http://cinder-api.openstack.svc.cluster.local:8776/v3/10592e72aaea46c8b7a2bce7c5153a59/scheduler-stats/get_pools?detail=true returned with HTTP 200 [pid: 8|app: 0|req: 129/258] 10.0.0.234 () {28 vars in 696 bytes} [Sun Apr 26 13:57:36 2026] GET /v3/10592e72aaea46c8b7a2bce7c5153a59/scheduler-stats/get_pools?detail=true => generated 670 bytes in 514 msecs (HTTP/1.1 200) 7 headers in 285 bytes (1 switches on core 0)
2026-04-26 13:57:36.751 7 INFO cinder.api.openstack.wsgi [None req-0c7d61fe-4cf2-4f0d-8582-e63683e79fdb 796e994222d24c3cac0d5aa7471be23f 10592e72aaea46c8b7a2bce7c5153a59 - - default default] GET http://cinder-api.openstack.svc.cluster.local:8776/v3/10592e72aaea46c8b7a2bce7c5153a59/snapshots?all_tenants=true
2026-04-26 13:57:36.757 7 INFO cinder.volume.api [None req-0c7d61fe-4cf2-4f0d-8582-e63683e79fdb 796e994222d24c3cac0d5aa7471be23f 10592e72aaea46c8b7a2bce7c5153a59 - - default default] Get all snapshots completed successfully.
2026-04-26 13:57:36.757 7 INFO cinder.api.openstack.wsgi [None req-0c7d61fe-4cf2-4f0d-8582-e63683e79fdb 796e994222d24c3cac0d5aa7471be23f 10592e72aaea46c8b7a2bce7c5153a59 - - default default] http://cinder-api.openstack.svc.cluster.local:8776/v3/10592e72aaea46c8b7a2bce7c5153a59/snapshots?all_tenants=true returned with HTTP 200 [pid: 7|app: 0|req: 130/259] 10.0.0.234 () {28 vars in 674 bytes} [Sun Apr 26 13:57:36 2026] GET /v3/10592e72aaea46c8b7a2bce7c5153a59/snapshots?all_tenants=true => generated 17 bytes in 12 msecs (HTTP/1.1 200) 7 headers in 284 bytes (1 switches on core 0)
2026-04-26 13:57:36.767 8 INFO cinder.api.openstack.wsgi [None req-f1d34d19-aa2d-4104-9561-1f7664194b61 796e994222d24c3cac0d5aa7471be23f 10592e72aaea46c8b7a2bce7c5153a59 - - default default] GET http://cinder-api.openstack.svc.cluster.local:8776/v3/10592e72aaea46c8b7a2bce7c5153a59/os-services
2026-04-26 13:57:36.773 8 INFO cinder.api.openstack.wsgi [None req-f1d34d19-aa2d-4104-9561-1f7664194b61 796e994222d24c3cac0d5aa7471be23f 10592e72aaea46c8b7a2bce7c5153a59 - - default default] http://cinder-api.openstack.svc.cluster.local:8776/v3/10592e72aaea46c8b7a2bce7c5153a59/os-services returned with HTTP 200 [pid: 8|app: 0|req: 130/260] 10.0.0.234 () {28 vars in 645 bytes} [Sun Apr 26 13:57:36 2026] GET /v3/10592e72aaea46c8b7a2bce7c5153a59/os-services => generated 646 bytes in 13 msecs (HTTP/1.1 200) 7 headers in 285 bytes (1 switches on core 0)
2026-04-26 13:57:36.809 7 INFO cinder.api.openstack.wsgi [None req-0faa30d1-84bd-48f1-a08c-9ef1594ddcd1 796e994222d24c3cac0d5aa7471be23f 10592e72aaea46c8b7a2bce7c5153a59 - - default default] GET http://cinder-api.openstack.svc.cluster.local:8776/v3/10592e72aaea46c8b7a2bce7c5153a59/os-quota-sets/10592e72aaea46c8b7a2bce7c5153a59?usage=true
2026-04-26 13:57:36.834 7 INFO cinder.api.openstack.wsgi [None req-0faa30d1-84bd-48f1-a08c-9ef1594ddcd1 796e994222d24c3cac0d5aa7471be23f 10592e72aaea46c8b7a2bce7c5153a59 - - default default] http://cinder-api.openstack.svc.cluster.local:8776/v3/10592e72aaea46c8b7a2bce7c5153a59/os-quota-sets/10592e72aaea46c8b7a2bce7c5153a59?usage=true returned with HTTP 200 [pid: 7|app: 0|req: 131/261] 10.0.0.234 () {28 vars in 736 bytes} [Sun Apr 26 13:57:36 2026] GET /v3/10592e72aaea46c8b7a2bce7c5153a59/os-quota-sets/10592e72aaea46c8b7a2bce7c5153a59?usage=true => generated 845 bytes in 34 msecs (HTTP/1.1 200) 7 headers in 285 bytes (1 switches on core 0)
2026-04-26 13:57:36.846 8 INFO cinder.api.openstack.wsgi [None req-1b04f6ca-ba6f-4dda-a029-77777fd0ecf2 796e994222d24c3cac0d5aa7471be23f 10592e72aaea46c8b7a2bce7c5153a59 - - default default] GET http://cinder-api.openstack.svc.cluster.local:8776/v3/10592e72aaea46c8b7a2bce7c5153a59/os-quota-sets/1927a99c9eac47a8aab03d2696fbc1af?usage=true
2026-04-26 13:57:36.863 8 INFO cinder.api.openstack.wsgi [None req-1b04f6ca-ba6f-4dda-a029-77777fd0ecf2 796e994222d24c3cac0d5aa7471be23f 10592e72aaea46c8b7a2bce7c5153a59 - - default default] http://cinder-api.openstack.svc.cluster.local:8776/v3/10592e72aaea46c8b7a2bce7c5153a59/os-quota-sets/1927a99c9eac47a8aab03d2696fbc1af?usage=true returned with HTTP 200 [pid: 8|app: 0|req: 131/262] 10.0.0.234 () {28 vars in 736 bytes} [Sun Apr 26 13:57:36 2026] GET /v3/10592e72aaea46c8b7a2bce7c5153a59/os-quota-sets/1927a99c9eac47a8aab03d2696fbc1af?usage=true => generated 847 bytes in 23 msecs (HTTP/1.1 200) 7 headers in 285 bytes (1 switches on core 0)
2026-04-26 13:57:36.875 7 INFO cinder.api.openstack.wsgi [None req-1f659af7-d18f-4fa8-b502-73976e6632bf 796e994222d24c3cac0d5aa7471be23f 10592e72aaea46c8b7a2bce7c5153a59 - - default default] GET http://cinder-api.openstack.svc.cluster.local:8776/v3/10592e72aaea46c8b7a2bce7c5153a59/os-quota-sets/8279ceb57322492b83127fa63c97baf6?usage=true
2026-04-26 13:57:36.895 7 INFO cinder.api.openstack.wsgi [None req-1f659af7-d18f-4fa8-b502-73976e6632bf 796e994222d24c3cac0d5aa7471be23f 10592e72aaea46c8b7a2bce7c5153a59 - - default default] http://cinder-api.openstack.svc.cluster.local:8776/v3/10592e72aaea46c8b7a2bce7c5153a59/os-quota-sets/8279ceb57322492b83127fa63c97baf6?usage=true returned with HTTP 200 [pid: 7|app: 0|req: 132/263] 10.0.0.234 () {28 vars in 736 bytes} [Sun Apr 26 13:57:36 2026] GET /v3/10592e72aaea46c8b7a2bce7c5153a59/os-quota-sets/8279ceb57322492b83127fa63c97baf6?usage=true => generated 847 bytes in 28 msecs (HTTP/1.1 200) 7 headers in 285 bytes (1 switches on core 0)
2026-04-26 13:57:36.911 8 INFO cinder.api.openstack.wsgi [None req-ae58322b-81fe-404a-a667-f9c7caef2332 796e994222d24c3cac0d5aa7471be23f 10592e72aaea46c8b7a2bce7c5153a59 - - default default] GET http://cinder-api.openstack.svc.cluster.local:8776/v3/10592e72aaea46c8b7a2bce7c5153a59/os-quota-sets/9804408fe4a04bf9a0afccc73e8b54e3?usage=true
2026-04-26 13:57:36.929 8 INFO cinder.api.openstack.wsgi [None req-ae58322b-81fe-404a-a667-f9c7caef2332 796e994222d24c3cac0d5aa7471be23f 10592e72aaea46c8b7a2bce7c5153a59 - - default default] http://cinder-api.openstack.svc.cluster.local:8776/v3/10592e72aaea46c8b7a2bce7c5153a59/os-quota-sets/9804408fe4a04bf9a0afccc73e8b54e3?usage=true returned with HTTP 200 [pid: 8|app: 0|req: 132/264] 10.0.0.234 () {28 vars in 736 bytes} [Sun Apr 26 13:57:36 2026] GET /v3/10592e72aaea46c8b7a2bce7c5153a59/os-quota-sets/9804408fe4a04bf9a0afccc73e8b54e3?usage=true => generated 847 bytes in 28 msecs (HTTP/1.1 200) 7 headers in 285 bytes (1 switches on core 0)
2026-04-26 13:57:36.943 7 INFO cinder.api.openstack.wsgi [None req-8531cc1c-8cec-4632-b509-1c38cab5c6a3 796e994222d24c3cac0d5aa7471be23f 10592e72aaea46c8b7a2bce7c5153a59 - - default default] GET http://cinder-api.openstack.svc.cluster.local:8776/v3/10592e72aaea46c8b7a2bce7c5153a59/os-quota-sets/cf3804b236b1485ea338e3fceefff66e?usage=true
2026-04-26 13:57:36.964 7 INFO cinder.api.openstack.wsgi [None req-8531cc1c-8cec-4632-b509-1c38cab5c6a3 796e994222d24c3cac0d5aa7471be23f 10592e72aaea46c8b7a2bce7c5153a59 - - default default] http://cinder-api.openstack.svc.cluster.local:8776/v3/10592e72aaea46c8b7a2bce7c5153a59/os-quota-sets/cf3804b236b1485ea338e3fceefff66e?usage=true returned with HTTP 200 [pid: 7|app: 0|req: 133/265] 10.0.0.234 () {28 vars in 736 bytes} [Sun Apr 26 13:57:36 2026] GET /v3/10592e72aaea46c8b7a2bce7c5153a59/os-quota-sets/cf3804b236b1485ea338e3fceefff66e?usage=true => generated 847 bytes in 32 msecs (HTTP/1.1 200) 7 headers in 285 bytes (1 switches on core 0)
2026-04-26 13:57:36.977 8 INFO cinder.api.openstack.wsgi [None req-90a91f87-6cda-4b07-8bfa-140619b30e58 796e994222d24c3cac0d5aa7471be23f 10592e72aaea46c8b7a2bce7c5153a59 - - default default] GET http://cinder-api.openstack.svc.cluster.local:8776/v3/10592e72aaea46c8b7a2bce7c5153a59/os-quota-sets/d9064c9d7d8e4f41aeb43053c16be13e?usage=true
2026-04-26 13:57:36.994 8 INFO cinder.api.openstack.wsgi [None req-90a91f87-6cda-4b07-8bfa-140619b30e58 796e994222d24c3cac0d5aa7471be23f 10592e72aaea46c8b7a2bce7c5153a59 - - default default] http://cinder-api.openstack.svc.cluster.local:8776/v3/10592e72aaea46c8b7a2bce7c5153a59/os-quota-sets/d9064c9d7d8e4f41aeb43053c16be13e?usage=true returned with HTTP 200 [pid: 8|app: 0|req: 133/266] 10.0.0.234 () {28 vars in 736 bytes} [Sun Apr 26 13:57:36 2026] GET /v3/10592e72aaea46c8b7a2bce7c5153a59/os-quota-sets/d9064c9d7d8e4f41aeb43053c16be13e?usage=true => generated 845 bytes in 25 msecs (HTTP/1.1 200) 7 headers in 285 bytes (1 switches on core 0)
2026-04-26 13:57:37.005 7 INFO cinder.api.openstack.wsgi [None req-42813bf9-e3da-49d2-8ded-d06719426a84 796e994222d24c3cac0d5aa7471be23f 10592e72aaea46c8b7a2bce7c5153a59 - - default default] GET http://cinder-api.openstack.svc.cluster.local:8776/v3/10592e72aaea46c8b7a2bce7c5153a59/os-quota-sets/dbb3ef3a39534a60a5a75ef25b225dc6?usage=true
2026-04-26 13:57:37.030 7 INFO cinder.api.openstack.wsgi [None req-42813bf9-e3da-49d2-8ded-d06719426a84 796e994222d24c3cac0d5aa7471be23f 10592e72aaea46c8b7a2bce7c5153a59 - - default default] http://cinder-api.openstack.svc.cluster.local:8776/v3/10592e72aaea46c8b7a2bce7c5153a59/os-quota-sets/dbb3ef3a39534a60a5a75ef25b225dc6?usage=true returned with HTTP 200 [pid: 7|app: 0|req: 134/267] 10.0.0.234 () {28 vars in 736 bytes} [Sun Apr 26 13:57:36 2026] GET /v3/10592e72aaea46c8b7a2bce7c5153a59/os-quota-sets/dbb3ef3a39534a60a5a75ef25b225dc6?usage=true => generated 847 bytes in 32 msecs (HTTP/1.1 200) 7 headers in 285 bytes (1 switches on core 0)
2026-04-26 13:57:43.368 8 INFO cinder.api.openstack.wsgi [None req-90a91f87-6cda-4b07-8bfa-140619b30e58 796e994222d24c3cac0d5aa7471be23f 10592e72aaea46c8b7a2bce7c5153a59 - - default default] GET http://10.0.0.96:8776/
2026-04-26 13:57:43.368 7 INFO cinder.api.openstack.wsgi [None req-42813bf9-e3da-49d2-8ded-d06719426a84 796e994222d24c3cac0d5aa7471be23f 10592e72aaea46c8b7a2bce7c5153a59 - - default default] GET http://10.0.0.96:8776/
2026-04-26 13:57:43.369 8 INFO cinder.api.openstack.wsgi [None req-90a91f87-6cda-4b07-8bfa-140619b30e58 796e994222d24c3cac0d5aa7471be23f 10592e72aaea46c8b7a2bce7c5153a59 - - default default] http://10.0.0.96:8776/ returned with HTTP 300
2026-04-26 13:57:43.369 7 INFO cinder.api.openstack.wsgi [None req-42813bf9-e3da-49d2-8ded-d06719426a84 796e994222d24c3cac0d5aa7471be23f 10592e72aaea46c8b7a2bce7c5153a59 - - default default] http://10.0.0.96:8776/ returned with HTTP 300
2026-04-26 13:57:50.784 8 INFO cinder.api.openstack.wsgi [None req-0e14c43b-9c54-46ec-8610-623a19cb8259 254949a367d040d49db6a8dda1abf9fc 3e4127d489f44df5864a709b90916968 - - default default] POST http://cinder-api.openstack.svc.cluster.local:8776/v3/3e4127d489f44df5864a709b90916968/volumes
2026-04-26 13:57:51.475 8 INFO cinder.api.v3.volumes [None req-0e14c43b-9c54-46ec-8610-623a19cb8259 254949a367d040d49db6a8dda1abf9fc 3e4127d489f44df5864a709b90916968 - - default default] Create volume of 1 GB
2026-04-26 13:57:51.489 8 INFO cinder.volume.api [None req-0e14c43b-9c54-46ec-8610-623a19cb8259 254949a367d040d49db6a8dda1abf9fc 3e4127d489f44df5864a709b90916968 - - default default] Availability Zones retrieved successfully.
2026-04-26 13:57:51.848 8 INFO cinder.volume.api [None req-0e14c43b-9c54-46ec-8610-623a19cb8259 254949a367d040d49db6a8dda1abf9fc 3e4127d489f44df5864a709b90916968 - - default default] Create volume request issued successfully.
2026-04-26 13:57:51.849 8 INFO cinder.api.openstack.wsgi [None req-0e14c43b-9c54-46ec-8610-623a19cb8259 254949a367d040d49db6a8dda1abf9fc 3e4127d489f44df5864a709b90916968 - - default default] http://cinder-api.openstack.svc.cluster.local:8776/v3/3e4127d489f44df5864a709b90916968/volumes returned with HTTP 202 [pid: 8|app: 0|req: 135/270] 10.0.0.131 () {34 vars in 723 bytes} [Sun Apr 26 13:57:50 2026] POST /v3/3e4127d489f44df5864a709b90916968/volumes => generated 864 bytes in 1074 msecs (HTTP/1.1 202) 7 headers in 291 bytes (1 switches on core 0)
2026-04-26 13:57:51.869 7 INFO cinder.api.openstack.wsgi [None req-97b75bcf-1edb-4f3f-9248-2baa123cce7e 254949a367d040d49db6a8dda1abf9fc 3e4127d489f44df5864a709b90916968 - - default default] GET http://cinder-api.openstack.svc.cluster.local:8776/v3/3e4127d489f44df5864a709b90916968/volumes/fe5189a8-2041-4590-9dc6-3fff6be37f60 /var/lib/openstack/lib/python3.12/site-packages/oslo_context/context.py:101: DeprecationWarning: Policy enforcement is depending on the value of is_admin. This key is deprecated. Please update your policy file to use the standard policy values. warnings.warn(
2026-04-26 13:57:51.909 7 INFO cinder.volume.api [None req-97b75bcf-1edb-4f3f-9248-2baa123cce7e 254949a367d040d49db6a8dda1abf9fc 3e4127d489f44df5864a709b90916968 - - default default] Volume info retrieved successfully.
2026-04-26 13:57:51.916 7 INFO cinder.api.openstack.wsgi [None req-97b75bcf-1edb-4f3f-9248-2baa123cce7e 254949a367d040d49db6a8dda1abf9fc 3e4127d489f44df5864a709b90916968 - - default default] http://cinder-api.openstack.svc.cluster.local:8776/v3/3e4127d489f44df5864a709b90916968/volumes/fe5189a8-2041-4590-9dc6-3fff6be37f60 returned with HTTP 200 [pid: 7|app: 0|req: 136/271] 10.0.0.131 () {32 vars in 775 bytes} [Sun Apr 26 13:57:51 2026] GET /v3/3e4127d489f44df5864a709b90916968/volumes/fe5189a8-2041-4590-9dc6-3fff6be37f60 => generated 932 bytes in 52 msecs (HTTP/1.1 200) 7 headers in 285 bytes (1 switches on core 0) /var/lib/openstack/lib/python3.12/site-packages/pycadf/identifier.py:70: UserWarning: Invalid uuid: cinderv3. To ensure interoperability, identifiers should be a valid uuid. warnings.warn(('Invalid uuid: %s. To ensure interoperability, '
2026-04-26 13:57:52.933 8 INFO cinder.api.openstack.wsgi [None req-c4f985bd-3116-40b0-be18-41e2cbb4ba1c 254949a367d040d49db6a8dda1abf9fc 3e4127d489f44df5864a709b90916968 - - default default] GET http://cinder-api.openstack.svc.cluster.local:8776/v3/3e4127d489f44df5864a709b90916968/volumes/fe5189a8-2041-4590-9dc6-3fff6be37f60 /var/lib/openstack/lib/python3.12/site-packages/oslo_context/context.py:101: DeprecationWarning: Policy enforcement is depending on the value of is_admin. This key is deprecated. Please update your policy file to use the standard policy values. warnings.warn(
2026-04-26 13:57:52.950 8 INFO cinder.volume.api [None req-c4f985bd-3116-40b0-be18-41e2cbb4ba1c 254949a367d040d49db6a8dda1abf9fc 3e4127d489f44df5864a709b90916968 - - default default] Volume info retrieved successfully.
2026-04-26 13:57:52.958 8 INFO cinder.api.openstack.wsgi [None req-c4f985bd-3116-40b0-be18-41e2cbb4ba1c 254949a367d040d49db6a8dda1abf9fc 3e4127d489f44df5864a709b90916968 - - default default] http://cinder-api.openstack.svc.cluster.local:8776/v3/3e4127d489f44df5864a709b90916968/volumes/fe5189a8-2041-4590-9dc6-3fff6be37f60 returned with HTTP 200 [pid: 8|app: 0|req: 136/272] 10.0.0.131 () {32 vars in 775 bytes} [Sun Apr 26 13:57:52 2026] GET /v3/3e4127d489f44df5864a709b90916968/volumes/fe5189a8-2041-4590-9dc6-3fff6be37f60 => generated 956 bytes in 32 msecs (HTTP/1.1 200) 7 headers in 285 bytes (1 switches on core 0)
2026-04-26 13:57:53.368 7 INFO cinder.api.openstack.wsgi [None req-97b75bcf-1edb-4f3f-9248-2baa123cce7e 254949a367d040d49db6a8dda1abf9fc 3e4127d489f44df5864a709b90916968 - - default default] GET http://10.0.0.96:8776/
2026-04-26 13:57:53.368 8 INFO cinder.api.openstack.wsgi [None req-c4f985bd-3116-40b0-be18-41e2cbb4ba1c 254949a367d040d49db6a8dda1abf9fc 3e4127d489f44df5864a709b90916968 - - default default] GET http://10.0.0.96:8776/
2026-04-26 13:57:53.369 7 INFO cinder.api.openstack.wsgi [None req-97b75bcf-1edb-4f3f-9248-2baa123cce7e 254949a367d040d49db6a8dda1abf9fc 3e4127d489f44df5864a709b90916968 - - default default] http://10.0.0.96:8776/ returned with HTTP 300
2026-04-26 13:57:53.369 8 INFO cinder.api.openstack.wsgi [None req-c4f985bd-3116-40b0-be18-41e2cbb4ba1c 254949a367d040d49db6a8dda1abf9fc 3e4127d489f44df5864a709b90916968 - - default default] http://10.0.0.96:8776/ returned with HTTP 300 /var/lib/openstack/lib/python3.12/site-packages/pycadf/identifier.py:70: UserWarning: Invalid uuid: cinderv3. To ensure interoperability, identifiers should be a valid uuid. warnings.warn(('Invalid uuid: %s. To ensure interoperability, '
2026-04-26 13:57:53.984 8 INFO cinder.api.openstack.wsgi [None req-5e6ef7e9-8bc2-42c7-840d-266ab6500a6d 254949a367d040d49db6a8dda1abf9fc 3e4127d489f44df5864a709b90916968 - - default default] GET http://cinder-api.openstack.svc.cluster.local:8776/v3/3e4127d489f44df5864a709b90916968/volumes/fe5189a8-2041-4590-9dc6-3fff6be37f60 /var/lib/openstack/lib/python3.12/site-packages/oslo_context/context.py:101: DeprecationWarning: Policy enforcement is depending on the value of is_admin. This key is deprecated. Please update your policy file to use the standard policy values. warnings.warn(
2026-04-26 13:57:53.999 8 INFO cinder.volume.api [None req-5e6ef7e9-8bc2-42c7-840d-266ab6500a6d 254949a367d040d49db6a8dda1abf9fc 3e4127d489f44df5864a709b90916968 - - default default] Volume info retrieved successfully.
2026-04-26 13:57:54.004 8 INFO cinder.api.openstack.wsgi [None req-5e6ef7e9-8bc2-42c7-840d-266ab6500a6d 254949a367d040d49db6a8dda1abf9fc 3e4127d489f44df5864a709b90916968 - - default default] http://cinder-api.openstack.svc.cluster.local:8776/v3/3e4127d489f44df5864a709b90916968/volumes/fe5189a8-2041-4590-9dc6-3fff6be37f60 returned with HTTP 200 [pid: 8|app: 0|req: 138/275] 10.0.0.131 () {32 vars in 775 bytes} [Sun Apr 26 13:57:53 2026] GET /v3/3e4127d489f44df5864a709b90916968/volumes/fe5189a8-2041-4590-9dc6-3fff6be37f60 => generated 956 bytes in 27 msecs (HTTP/1.1 200) 7 headers in 285 bytes (1 switches on core 0) /var/lib/openstack/lib/python3.12/site-packages/pycadf/identifier.py:70: UserWarning: Invalid uuid: cinderv3. To ensure interoperability, identifiers should be a valid uuid. warnings.warn(('Invalid uuid: %s. To ensure interoperability, '
2026-04-26 13:57:55.023 7 INFO cinder.api.openstack.wsgi [None req-becdb3d6-a55c-4006-b929-e552d5cf1300 254949a367d040d49db6a8dda1abf9fc 3e4127d489f44df5864a709b90916968 - - default default] GET http://cinder-api.openstack.svc.cluster.local:8776/v3/3e4127d489f44df5864a709b90916968/volumes/fe5189a8-2041-4590-9dc6-3fff6be37f60 /var/lib/openstack/lib/python3.12/site-packages/oslo_context/context.py:101: DeprecationWarning: Policy enforcement is depending on the value of is_admin. This key is deprecated. Please update your policy file to use the standard policy values. warnings.warn(
2026-04-26 13:57:55.038 7 INFO cinder.volume.api [None req-becdb3d6-a55c-4006-b929-e552d5cf1300 254949a367d040d49db6a8dda1abf9fc 3e4127d489f44df5864a709b90916968 - - default default] Volume info retrieved successfully.
2026-04-26 13:57:55.044 7 INFO cinder.api.openstack.wsgi [None req-becdb3d6-a55c-4006-b929-e552d5cf1300 254949a367d040d49db6a8dda1abf9fc 3e4127d489f44df5864a709b90916968 - - default default] http://cinder-api.openstack.svc.cluster.local:8776/v3/3e4127d489f44df5864a709b90916968/volumes/fe5189a8-2041-4590-9dc6-3fff6be37f60 returned with HTTP 200 [pid: 7|app: 0|req: 138/276] 10.0.0.131 () {32 vars in 775 bytes} [Sun Apr 26 13:57:55 2026] GET /v3/3e4127d489f44df5864a709b90916968/volumes/fe5189a8-2041-4590-9dc6-3fff6be37f60 => generated 1341 bytes in 27 msecs (HTTP/1.1 200) 7 headers in 286 bytes (1 switches on core 0) /var/lib/openstack/lib/python3.12/site-packages/pycadf/identifier.py:70: UserWarning: Invalid uuid: cinderv3. To ensure interoperability, identifiers should be a valid uuid. warnings.warn(('Invalid uuid: %s. To ensure interoperability, '
2026-04-26 13:57:55.135 8 INFO cinder.api.openstack.wsgi [req-43fe9371-48d8-4614-9854-67c59a47fd5e req-5db68492-e5d0-4e4f-b8ce-dca3a6696e0c 254949a367d040d49db6a8dda1abf9fc 3e4127d489f44df5864a709b90916968 - - default default] GET http://cinder-api.openstack.svc.cluster.local:8776/v3/3e4127d489f44df5864a709b90916968/volumes/fe5189a8-2041-4590-9dc6-3fff6be37f60 /var/lib/openstack/lib/python3.12/site-packages/oslo_context/context.py:101: DeprecationWarning: Policy enforcement is depending on the value of is_admin. This key is deprecated. Please update your policy file to use the standard policy values. warnings.warn(
2026-04-26 13:57:55.158 8 INFO cinder.volume.api [req-43fe9371-48d8-4614-9854-67c59a47fd5e req-5db68492-e5d0-4e4f-b8ce-dca3a6696e0c 254949a367d040d49db6a8dda1abf9fc 3e4127d489f44df5864a709b90916968 - - default default] Volume info retrieved successfully.
2026-04-26 13:57:55.165 8 INFO cinder.api.openstack.wsgi [req-43fe9371-48d8-4614-9854-67c59a47fd5e req-5db68492-e5d0-4e4f-b8ce-dca3a6696e0c 254949a367d040d49db6a8dda1abf9fc 3e4127d489f44df5864a709b90916968 - - default default] http://cinder-api.openstack.svc.cluster.local:8776/v3/3e4127d489f44df5864a709b90916968/volumes/fe5189a8-2041-4590-9dc6-3fff6be37f60 returned with HTTP 200 [pid: 8|app: 0|req: 139/277] 10.0.0.84 () {34 vars in 1027 bytes} [Sun Apr 26 13:57:55 2026] GET /v3/3e4127d489f44df5864a709b90916968/volumes/fe5189a8-2041-4590-9dc6-3fff6be37f60 => generated 1341 bytes in 38 msecs (HTTP/1.1 200) 7 headers in 286 bytes (1 switches on core 0) /var/lib/openstack/lib/python3.12/site-packages/pycadf/identifier.py:70: UserWarning: Invalid uuid: cinderv3. To ensure interoperability, identifiers should be a valid uuid. warnings.warn(('Invalid uuid: %s. To ensure interoperability, '
2026-04-26 13:57:55.671 7 INFO cinder.api.openstack.wsgi [req-43fe9371-48d8-4614-9854-67c59a47fd5e req-cbe6ff30-2ce4-4aee-903f-d15d12e6eab1 254949a367d040d49db6a8dda1abf9fc 3e4127d489f44df5864a709b90916968 - - default default] GET http://cinder-api.openstack.svc.cluster.local:8776/v3/3e4127d489f44df5864a709b90916968/volumes/fe5189a8-2041-4590-9dc6-3fff6be37f60 /var/lib/openstack/lib/python3.12/site-packages/oslo_context/context.py:101: DeprecationWarning: Policy enforcement is depending on the value of is_admin. This key is deprecated. Please update your policy file to use the standard policy values. warnings.warn(
2026-04-26 13:57:55.683 7 INFO cinder.volume.api [req-43fe9371-48d8-4614-9854-67c59a47fd5e req-cbe6ff30-2ce4-4aee-903f-d15d12e6eab1 254949a367d040d49db6a8dda1abf9fc 3e4127d489f44df5864a709b90916968 - - default default] Volume info retrieved successfully.
2026-04-26 13:57:55.688 7 INFO cinder.api.openstack.wsgi [req-43fe9371-48d8-4614-9854-67c59a47fd5e req-cbe6ff30-2ce4-4aee-903f-d15d12e6eab1 254949a367d040d49db6a8dda1abf9fc 3e4127d489f44df5864a709b90916968 - - default default] http://cinder-api.openstack.svc.cluster.local:8776/v3/3e4127d489f44df5864a709b90916968/volumes/fe5189a8-2041-4590-9dc6-3fff6be37f60 returned with HTTP 200 [pid: 7|app: 0|req: 139/278] 10.0.0.84 () {34 vars in 1027 bytes} [Sun Apr 26 13:57:55 2026] GET /v3/3e4127d489f44df5864a709b90916968/volumes/fe5189a8-2041-4590-9dc6-3fff6be37f60 => generated 1341 bytes in 23 msecs (HTTP/1.1 200) 7 headers in 286 bytes (1 switches on core 0)
2026-04-26 13:57:55.696 8 INFO cinder.api.openstack.wsgi [req-43fe9371-48d8-4614-9854-67c59a47fd5e req-5db68492-e5d0-4e4f-b8ce-dca3a6696e0c 254949a367d040d49db6a8dda1abf9fc 3e4127d489f44df5864a709b90916968 - - default default] GET http://cinder-api.openstack.svc.cluster.local:8776/
2026-04-26 13:57:55.697 8 INFO cinder.api.openstack.wsgi [req-43fe9371-48d8-4614-9854-67c59a47fd5e req-5db68492-e5d0-4e4f-b8ce-dca3a6696e0c 254949a367d040d49db6a8dda1abf9fc 3e4127d489f44df5864a709b90916968 - - default default] http://cinder-api.openstack.svc.cluster.local:8776/ returned with HTTP 300 [pid: 8|app: 0|req: 140/279] 10.0.0.84 () {32 vars in 828 bytes} [Sun Apr 26 13:57:55 2026] GET / => generated 411 bytes in 1 msecs (HTTP/1.1 300) 5 headers in 169 bytes (1 switches on core 0) /var/lib/openstack/lib/python3.12/site-packages/pycadf/identifier.py:70: UserWarning: Invalid uuid: cinderv3. To ensure interoperability, identifiers should be a valid uuid. warnings.warn(('Invalid uuid: %s. To ensure interoperability, '
2026-04-26 13:57:55.707 7 INFO cinder.api.openstack.wsgi [req-43fe9371-48d8-4614-9854-67c59a47fd5e req-c87bd29c-fd1e-4d7d-b271-64c227ba2875 254949a367d040d49db6a8dda1abf9fc 3e4127d489f44df5864a709b90916968 - - default default] POST http://cinder-api.openstack.svc.cluster.local:8776/v3/3e4127d489f44df5864a709b90916968/attachments /var/lib/openstack/lib/python3.12/site-packages/oslo_context/context.py:101: DeprecationWarning: Policy enforcement is depending on the value of is_admin. This key is deprecated. Please update your policy file to use the standard policy values. warnings.warn(
2026-04-26 13:57:55.781 7 INFO cinder.api.openstack.wsgi [req-43fe9371-48d8-4614-9854-67c59a47fd5e req-c87bd29c-fd1e-4d7d-b271-64c227ba2875 254949a367d040d49db6a8dda1abf9fc 3e4127d489f44df5864a709b90916968 - - default default] http://cinder-api.openstack.svc.cluster.local:8776/v3/3e4127d489f44df5864a709b90916968/attachments returned with HTTP 200 [pid: 7|app: 0|req: 140/280] 10.0.0.84 () {40 vars in 1056 bytes} [Sun Apr 26 13:57:55 2026] POST /v3/3e4127d489f44df5864a709b90916968/attachments => generated 273 bytes in 81 msecs (HTTP/1.1 200) 7 headers in 286 bytes (1 switches on core 0)
2026-04-26 13:58:01.708 8 INFO cinder.api.openstack.wsgi [req-43fe9371-48d8-4614-9854-67c59a47fd5e req-5db68492-e5d0-4e4f-b8ce-dca3a6696e0c 254949a367d040d49db6a8dda1abf9fc 3e4127d489f44df5864a709b90916968 - - default default] GET http://cinder-api.openstack.svc.cluster.local:8776/
2026-04-26 13:58:01.709 8 INFO cinder.api.openstack.wsgi [req-43fe9371-48d8-4614-9854-67c59a47fd5e req-5db68492-e5d0-4e4f-b8ce-dca3a6696e0c 254949a367d040d49db6a8dda1abf9fc 3e4127d489f44df5864a709b90916968 - - default default] http://cinder-api.openstack.svc.cluster.local:8776/ returned with HTTP 300 [pid: 8|app: 0|req: 141/281] 199.204.45.33 () {32 vars in 839 bytes} [Sun Apr 26 13:58:01 2026] GET / => generated 411 bytes in 1 msecs (HTTP/1.1 300) 5 headers in 169 bytes (1 switches on core 0) /var/lib/openstack/lib/python3.12/site-packages/pycadf/identifier.py:70: UserWarning: Invalid uuid: cinderv3. To ensure interoperability, identifiers should be a valid uuid. warnings.warn(('Invalid uuid: %s. To ensure interoperability, '
2026-04-26 13:58:01.750 7 INFO cinder.api.openstack.wsgi [req-43fe9371-48d8-4614-9854-67c59a47fd5e req-657d96aa-7591-45da-afb5-554735306970 254949a367d040d49db6a8dda1abf9fc 3e4127d489f44df5864a709b90916968 - - default default] GET http://cinder-api.openstack.svc.cluster.local:8776/v3/3e4127d489f44df5864a709b90916968/volumes/fe5189a8-2041-4590-9dc6-3fff6be37f60 /var/lib/openstack/lib/python3.12/site-packages/oslo_context/context.py:101: DeprecationWarning: Policy enforcement is depending on the value of is_admin. This key is deprecated. Please update your policy file to use the standard policy values. warnings.warn(
2026-04-26 13:58:01.782 7 INFO cinder.volume.api [req-43fe9371-48d8-4614-9854-67c59a47fd5e req-657d96aa-7591-45da-afb5-554735306970 254949a367d040d49db6a8dda1abf9fc 3e4127d489f44df5864a709b90916968 - - default default] Volume info retrieved successfully.
2026-04-26 13:58:01.789 7 INFO cinder.api.openstack.wsgi [req-43fe9371-48d8-4614-9854-67c59a47fd5e req-657d96aa-7591-45da-afb5-554735306970 254949a367d040d49db6a8dda1abf9fc 3e4127d489f44df5864a709b90916968 - - default default] http://cinder-api.openstack.svc.cluster.local:8776/v3/3e4127d489f44df5864a709b90916968/volumes/fe5189a8-2041-4590-9dc6-3fff6be37f60 returned with HTTP 200 [pid: 7|app: 0|req: 141/282] 199.204.45.33 () {36 vars in 1072 bytes} [Sun Apr 26 13:58:01 2026] GET /v3/3e4127d489f44df5864a709b90916968/volumes/fe5189a8-2041-4590-9dc6-3fff6be37f60 => generated 1521 bytes in 51 msecs (HTTP/1.1 200) 7 headers in 287 bytes (1 switches on core 0)
2026-04-26 13:58:03.368 8 INFO cinder.api.openstack.wsgi [req-43fe9371-48d8-4614-9854-67c59a47fd5e req-5db68492-e5d0-4e4f-b8ce-dca3a6696e0c 254949a367d040d49db6a8dda1abf9fc 3e4127d489f44df5864a709b90916968 - - default default] GET http://10.0.0.96:8776/
2026-04-26 13:58:03.368 7 INFO cinder.api.openstack.wsgi [req-43fe9371-48d8-4614-9854-67c59a47fd5e req-657d96aa-7591-45da-afb5-554735306970 254949a367d040d49db6a8dda1abf9fc 3e4127d489f44df5864a709b90916968 - - default default] GET http://10.0.0.96:8776/
2026-04-26 13:58:03.370 7 INFO cinder.api.openstack.wsgi [req-43fe9371-48d8-4614-9854-67c59a47fd5e req-657d96aa-7591-45da-afb5-554735306970 254949a367d040d49db6a8dda1abf9fc 3e4127d489f44df5864a709b90916968 - - default default] http://10.0.0.96:8776/ returned with HTTP 300
2026-04-26 13:58:03.370 8 INFO cinder.api.openstack.wsgi [req-43fe9371-48d8-4614-9854-67c59a47fd5e req-5db68492-e5d0-4e4f-b8ce-dca3a6696e0c 254949a367d040d49db6a8dda1abf9fc 3e4127d489f44df5864a709b90916968 - - default default] http://10.0.0.96:8776/ returned with HTTP 300 /var/lib/openstack/lib/python3.12/site-packages/pycadf/identifier.py:70: UserWarning: Invalid uuid: cinderv3. To ensure interoperability, identifiers should be a valid uuid. warnings.warn(('Invalid uuid: %s. To ensure interoperability, '
2026-04-26 13:58:03.676 8 INFO cinder.api.openstack.wsgi [req-43fe9371-48d8-4614-9854-67c59a47fd5e req-491c1586-04e5-47dc-9b89-2e641205d4d6 254949a367d040d49db6a8dda1abf9fc 3e4127d489f44df5864a709b90916968 - - default default] PUT http://cinder-api.openstack.svc.cluster.local:8776/v3/3e4127d489f44df5864a709b90916968/attachments/d04fdc38-02bc-46e1-adf7-ba3aa278e963 /var/lib/openstack/lib/python3.12/site-packages/oslo_context/context.py:101: DeprecationWarning: Policy enforcement is depending on the value of is_admin. This key is deprecated. Please update your policy file to use the standard policy values. warnings.warn(
2026-04-26 13:58:04.727 8 INFO cinder.api.openstack.wsgi [req-43fe9371-48d8-4614-9854-67c59a47fd5e req-491c1586-04e5-47dc-9b89-2e641205d4d6 254949a367d040d49db6a8dda1abf9fc 3e4127d489f44df5864a709b90916968 - - default default] http://cinder-api.openstack.svc.cluster.local:8776/v3/3e4127d489f44df5864a709b90916968/attachments/d04fdc38-02bc-46e1-adf7-ba3aa278e963 returned with HTTP 200 [pid: 8|app: 0|req: 143/285] 199.204.45.33 () {40 vars in 1134 bytes} [Sun Apr 26 13:58:03 2026] PUT /v3/3e4127d489f44df5864a709b90916968/attachments/d04fdc38-02bc-46e1-adf7-ba3aa278e963 => generated 802 bytes in 1060 msecs (HTTP/1.1 200) 7 headers in 286 bytes (1 switches on core 0) /var/lib/openstack/lib/python3.12/site-packages/pycadf/identifier.py:70: UserWarning: Invalid uuid: cinderv3. To ensure interoperability, identifiers should be a valid uuid. warnings.warn(('Invalid uuid: %s. To ensure interoperability, '
2026-04-26 13:58:05.249 7 INFO cinder.api.openstack.wsgi [req-43fe9371-48d8-4614-9854-67c59a47fd5e req-ef0dc995-8e8c-40b3-8c36-66d79b19254b 254949a367d040d49db6a8dda1abf9fc 3e4127d489f44df5864a709b90916968 - - default default] POST http://cinder-api.openstack.svc.cluster.local:8776/v3/3e4127d489f44df5864a709b90916968/attachments/d04fdc38-02bc-46e1-adf7-ba3aa278e963/action /var/lib/openstack/lib/python3.12/site-packages/oslo_context/context.py:101: DeprecationWarning: Policy enforcement is depending on the value of is_admin. This key is deprecated. Please update your policy file to use the standard policy values. warnings.warn(
2026-04-26 13:58:05.304 7 INFO cinder.api.openstack.wsgi [req-43fe9371-48d8-4614-9854-67c59a47fd5e req-ef0dc995-8e8c-40b3-8c36-66d79b19254b 254949a367d040d49db6a8dda1abf9fc 3e4127d489f44df5864a709b90916968 - - default default] http://cinder-api.openstack.svc.cluster.local:8776/v3/3e4127d489f44df5864a709b90916968/attachments/d04fdc38-02bc-46e1-adf7-ba3aa278e963/action returned with HTTP 204 [pid: 7|app: 0|req: 143/286] 199.204.45.33 () {40 vars in 1147 bytes} [Sun Apr 26 13:58:05 2026] POST /v3/3e4127d489f44df5864a709b90916968/attachments/d04fdc38-02bc-46e1-adf7-ba3aa278e963/action => generated 0 bytes in 62 msecs (HTTP/1.1 204) 7 headers in 292 bytes (1 switches on core 0)
2026-04-26 13:58:13.367 8 INFO cinder.api.openstack.wsgi [req-43fe9371-48d8-4614-9854-67c59a47fd5e req-491c1586-04e5-47dc-9b89-2e641205d4d6 254949a367d040d49db6a8dda1abf9fc 3e4127d489f44df5864a709b90916968 - - default default] GET http://10.0.0.96:8776/
2026-04-26 13:58:13.367 7 INFO cinder.api.openstack.wsgi [req-43fe9371-48d8-4614-9854-67c59a47fd5e req-ef0dc995-8e8c-40b3-8c36-66d79b19254b 254949a367d040d49db6a8dda1abf9fc 3e4127d489f44df5864a709b90916968 - - default default] GET http://10.0.0.96:8776/
2026-04-26 13:58:13.368 8 INFO cinder.api.openstack.wsgi [req-43fe9371-48d8-4614-9854-67c59a47fd5e req-491c1586-04e5-47dc-9b89-2e641205d4d6 254949a367d040d49db6a8dda1abf9fc 3e4127d489f44df5864a709b90916968 - - default default] http://10.0.0.96:8776/ returned with HTTP 300
2026-04-26 13:58:13.368 7 INFO cinder.api.openstack.wsgi [req-43fe9371-48d8-4614-9854-67c59a47fd5e req-ef0dc995-8e8c-40b3-8c36-66d79b19254b 254949a367d040d49db6a8dda1abf9fc 3e4127d489f44df5864a709b90916968 - - default default] http://10.0.0.96:8776/ returned with HTTP 300 /var/lib/openstack/lib/python3.12/site-packages/pycadf/identifier.py:70: UserWarning: Invalid uuid: cinderv3. To ensure interoperability, identifiers should be a valid uuid. warnings.warn(('Invalid uuid: %s. To ensure interoperability, '
2026-04-26 13:58:17.180 7 INFO cinder.api.openstack.wsgi [req-0c13f223-cd54-4fcc-a1cd-2a9336e2998d req-d708930e-35d5-474e-a0eb-4973d590ddae 254949a367d040d49db6a8dda1abf9fc 3e4127d489f44df5864a709b90916968 - - default default] DELETE http://cinder-api.openstack.svc.cluster.local:8776/v3/3e4127d489f44df5864a709b90916968/attachments/d04fdc38-02bc-46e1-adf7-ba3aa278e963 /var/lib/openstack/lib/python3.12/site-packages/oslo_context/context.py:101: DeprecationWarning: Policy enforcement is depending on the value of is_admin. This key is deprecated. Please update your policy file to use the standard policy values. warnings.warn(
2026-04-26 13:58:17.751 7 INFO cinder.api.openstack.wsgi [req-0c13f223-cd54-4fcc-a1cd-2a9336e2998d req-d708930e-35d5-474e-a0eb-4973d590ddae 254949a367d040d49db6a8dda1abf9fc 3e4127d489f44df5864a709b90916968 - - default default] http://cinder-api.openstack.svc.cluster.local:8776/v3/3e4127d489f44df5864a709b90916968/attachments/d04fdc38-02bc-46e1-adf7-ba3aa278e963 returned with HTTP 200 [pid: 7|app: 0|req: 145/289] 199.204.45.33 () {38 vars in 1102 bytes} [Sun Apr 26 13:58:17 2026] DELETE /v3/3e4127d489f44df5864a709b90916968/attachments/d04fdc38-02bc-46e1-adf7-ba3aa278e963 => generated 19 bytes in 579 msecs (HTTP/1.1 200) 7 headers in 285 bytes (1 switches on core 0) /var/lib/openstack/lib/python3.12/site-packages/pycadf/identifier.py:70: UserWarning: Invalid uuid: cinderv3. To ensure interoperability, identifiers should be a valid uuid. warnings.warn(('Invalid uuid: %s. To ensure interoperability, '
2026-04-26 13:58:17.765 8 INFO cinder.api.openstack.wsgi [req-0c13f223-cd54-4fcc-a1cd-2a9336e2998d req-e0076d45-adfa-44f0-baf2-4c5e4da99424 254949a367d040d49db6a8dda1abf9fc 3e4127d489f44df5864a709b90916968 - - default default] DELETE http://cinder-api.openstack.svc.cluster.local:8776/v3/3e4127d489f44df5864a709b90916968/volumes/fe5189a8-2041-4590-9dc6-3fff6be37f60
2026-04-26 13:58:17.766 8 INFO cinder.api.v3.volumes [req-0c13f223-cd54-4fcc-a1cd-2a9336e2998d req-e0076d45-adfa-44f0-baf2-4c5e4da99424 254949a367d040d49db6a8dda1abf9fc 3e4127d489f44df5864a709b90916968 - - default default] Delete volume with id: fe5189a8-2041-4590-9dc6-3fff6be37f60 /var/lib/openstack/lib/python3.12/site-packages/oslo_context/context.py:101: DeprecationWarning: Policy enforcement is depending on the value of is_admin. This key is deprecated. Please update your policy file to use the standard policy values. warnings.warn(
2026-04-26 13:58:17.776 8 INFO cinder.volume.api [req-0c13f223-cd54-4fcc-a1cd-2a9336e2998d req-e0076d45-adfa-44f0-baf2-4c5e4da99424 254949a367d040d49db6a8dda1abf9fc 3e4127d489f44df5864a709b90916968 - - default default] Volume info retrieved successfully.
2026-04-26 13:58:17.805 8 INFO cinder.volume.api [req-0c13f223-cd54-4fcc-a1cd-2a9336e2998d req-e0076d45-adfa-44f0-baf2-4c5e4da99424 254949a367d040d49db6a8dda1abf9fc 3e4127d489f44df5864a709b90916968 - - default default] Delete volume request issued successfully.
2026-04-26 13:58:17.806 8 INFO cinder.api.openstack.wsgi [req-0c13f223-cd54-4fcc-a1cd-2a9336e2998d req-e0076d45-adfa-44f0-baf2-4c5e4da99424 254949a367d040d49db6a8dda1abf9fc 3e4127d489f44df5864a709b90916968 - - default default] http://cinder-api.openstack.svc.cluster.local:8776/v3/3e4127d489f44df5864a709b90916968/volumes/fe5189a8-2041-4590-9dc6-3fff6be37f60 returned with HTTP 202 [pid: 8|app: 0|req: 145/290] 199.204.45.33 () {36 vars in 1053 bytes} [Sun Apr 26 13:58:17 2026] DELETE /v3/3e4127d489f44df5864a709b90916968/volumes/fe5189a8-2041-4590-9dc6-3fff6be37f60 => generated 0 bytes in 47 msecs (HTTP/1.1 202) 6 headers in 233 bytes (1 switches on core 0)
2026-04-26 13:58:23.368 7 INFO cinder.api.openstack.wsgi [req-0c13f223-cd54-4fcc-a1cd-2a9336e2998d req-d708930e-35d5-474e-a0eb-4973d590ddae 254949a367d040d49db6a8dda1abf9fc 3e4127d489f44df5864a709b90916968 - - default default] GET http://10.0.0.96:8776/
2026-04-26 13:58:23.369 8 INFO cinder.api.openstack.wsgi [req-0c13f223-cd54-4fcc-a1cd-2a9336e2998d req-e0076d45-adfa-44f0-baf2-4c5e4da99424 254949a367d040d49db6a8dda1abf9fc 3e4127d489f44df5864a709b90916968 - - default default] GET http://10.0.0.96:8776/
