2026-03-18 13:04:44.368 7 INFO placement.requestlog [None req-7cbe00e1-b74c-419b-8205-6bfd8164e3f8 7e95769243794e7e8769275f53604b54 88c6cb99387b4244bf2fccb72e43102f - - 2738a06b20ca4d8db2e656286a27e9d1 2738a06b20ca4d8db2e656286a27e9d1] 10.0.0.183 "GET /resource_providers/7af05afc-8630-4aab-9573-5f000060f596/aggregates" status: 404 len: 235 microversion: 1.1 [pid: 7|app: 0|req: 385/767] 10.0.0.183 () {32 vars in 815 bytes} [Wed Mar 18 13:04:44 2026] GET /resource_providers/7af05afc-8630-4aab-9573-5f000060f596/aggregates => generated 235 bytes in 22 msecs (HTTP/1.1 404) 5 headers in 202 bytes (1 switches on core 0)
2026-03-18 13:04:44.386 8 INFO placement.requestlog [None req-53080225-6d09-4811-8935-b35c4681d3a1 7e95769243794e7e8769275f53604b54 88c6cb99387b4244bf2fccb72e43102f - - 2738a06b20ca4d8db2e656286a27e9d1 2738a06b20ca4d8db2e656286a27e9d1] 10.0.0.183 "DELETE /resource_providers/7af05afc-8630-4aab-9573-5f000060f596" status: 404 len: 246 microversion: 1.1 [pid: 8|app: 0|req: 383/768] 10.0.0.183 () {34 vars in 815 bytes} [Wed Mar 18 13:04:44 2026] DELETE /resource_providers/7af05afc-8630-4aab-9573-5f000060f596 => generated 246 bytes in 10 msecs (HTTP/1.1 404) 6 headers in 231 bytes (1 switches on core 0)
2026-03-18 13:04:44.398 7 INFO placement.requestlog [None req-10c56c67-efae-4a29-a032-c602b63c51eb 7e95769243794e7e8769275f53604b54 88c6cb99387b4244bf2fccb72e43102f - - 2738a06b20ca4d8db2e656286a27e9d1 2738a06b20ca4d8db2e656286a27e9d1] 10.0.0.183 "DELETE /resource_providers/7af05afc-8630-4aab-9573-5f000060f596" status: 404 len: 246 microversion: 1.1 [pid: 7|app: 0|req: 386/769] 10.0.0.183 () {34 vars in 815 bytes} [Wed Mar 18 13:04:44 2026] DELETE /resource_providers/7af05afc-8630-4aab-9573-5f000060f596 => generated 246 bytes in 14 msecs (HTTP/1.1 404) 6 headers in 231 bytes (1 switches on core 0)
2026-03-18 13:04:46.421 8 INFO placement.requestlog [None req-e0c44b53-edcd-4e75-9ed8-9762148a2c43 7e95769243794e7e8769275f53604b54 88c6cb99387b4244bf2fccb72e43102f - - 2738a06b20ca4d8db2e656286a27e9d1 2738a06b20ca4d8db2e656286a27e9d1] 10.0.0.183 "GET /resource_providers/722f1178-3c3c-4329-84c0-13ef8d6d09fb/aggregates" status: 404 len: 235 microversion: 1.1 [pid: 8|app: 0|req: 384/770] 10.0.0.183 () {32 vars in 815 bytes} [Wed Mar 18 13:04:46 2026] GET /resource_providers/722f1178-3c3c-4329-84c0-13ef8d6d09fb/aggregates => generated 235 bytes in 18 msecs (HTTP/1.1 404) 5 headers in 202 bytes (1 switches on core 0)
2026-03-18 13:04:46.432 7 INFO placement.requestlog [None req-f3dd8bb4-d32a-4fed-953d-e5a244295b25 7e95769243794e7e8769275f53604b54 88c6cb99387b4244bf2fccb72e43102f - - 2738a06b20ca4d8db2e656286a27e9d1 2738a06b20ca4d8db2e656286a27e9d1] 10.0.0.183 "GET /resource_providers/722f1178-3c3c-4329-84c0-13ef8d6d09fb/aggregates" status: 404 len: 235 microversion: 1.1 [pid: 7|app: 0|req: 387/771] 10.0.0.183 () {32 vars in 815 bytes} [Wed Mar 18 13:04:46 2026] GET /resource_providers/722f1178-3c3c-4329-84c0-13ef8d6d09fb/aggregates => generated 235 bytes in 13 msecs (HTTP/1.1 404) 5 headers in 202 bytes (1 switches on core 0)
2026-03-18 13:04:46.455 8 INFO placement.requestlog [None req-efdef9bd-fd5d-41ac-aea6-3012954ff4ab 7e95769243794e7e8769275f53604b54 88c6cb99387b4244bf2fccb72e43102f - - 2738a06b20ca4d8db2e656286a27e9d1 2738a06b20ca4d8db2e656286a27e9d1] 10.0.0.183 "DELETE /resource_providers/722f1178-3c3c-4329-84c0-13ef8d6d09fb" status: 404 len: 246 microversion: 1.1 [pid: 8|app: 0|req: 385/772] 10.0.0.183 () {34 vars in 815 bytes} [Wed Mar 18 13:04:46 2026] DELETE /resource_providers/722f1178-3c3c-4329-84c0-13ef8d6d09fb => generated 246 bytes in 24 msecs (HTTP/1.1 404) 6 headers in 231 bytes (1 switches on core 0)
2026-03-18 13:04:46.459 7 INFO placement.requestlog [None req-fc596fc3-de8b-4a81-8dec-b68907f56493 7e95769243794e7e8769275f53604b54 88c6cb99387b4244bf2fccb72e43102f - - 2738a06b20ca4d8db2e656286a27e9d1 2738a06b20ca4d8db2e656286a27e9d1] 10.0.0.183 "DELETE /resource_providers/722f1178-3c3c-4329-84c0-13ef8d6d09fb" status: 404 len: 246 microversion: 1.1 [pid: 7|app: 0|req: 388/773] 10.0.0.183 () {34 vars in 815 bytes} [Wed Mar 18 13:04:46 2026] DELETE /resource_providers/722f1178-3c3c-4329-84c0-13ef8d6d09fb => generated 246 bytes in 12 msecs (HTTP/1.1 404) 6 headers in 231 bytes (1 switches on core 0)
2026-03-18 13:04:46.518 8 INFO placement.requestlog [None req-a4784b97-4f9b-4a73-a908-d0f6afa52a51 - - - - - -] 10.0.0.135 "GET /" status: 200 len: 136 microversion: 1.0
2026-03-18 13:04:46.520 7 INFO placement.requestlog [None req-e9504efd-e0a1-4c5e-a7fd-c1135e1d5966 - - - - - -] 10.0.0.135 "GET /" status: 200 len: 136 microversion: 1.0
2026-03-18 13:04:48.636 8 INFO placement.requestlog [None req-2b5803f3-01a4-462b-9dbf-2b83b2a7f12f 7e95769243794e7e8769275f53604b54 88c6cb99387b4244bf2fccb72e43102f - - 2738a06b20ca4d8db2e656286a27e9d1 2738a06b20ca4d8db2e656286a27e9d1] 10.0.0.183 "GET /resource_providers/587927b1-db25-445f-9caa-8b1a987b2b6e/aggregates" status: 404 len: 235 microversion: 1.1 [pid: 8|app: 0|req: 387/776] 10.0.0.183 () {32 vars in 815 bytes} [Wed Mar 18 13:04:48 2026] GET /resource_providers/587927b1-db25-445f-9caa-8b1a987b2b6e/aggregates => generated 235 bytes in 11 msecs (HTTP/1.1 404) 5 headers in 202 bytes (1 switches on core 0)
2026-03-18 13:04:48.637 7 INFO placement.requestlog [None req-aeeecfac-5742-41ea-9b26-5babb7fc780f 7e95769243794e7e8769275f53604b54 88c6cb99387b4244bf2fccb72e43102f - - 2738a06b20ca4d8db2e656286a27e9d1 2738a06b20ca4d8db2e656286a27e9d1] 10.0.0.183 "GET /resource_providers/587927b1-db25-445f-9caa-8b1a987b2b6e/aggregates" status: 404 len: 235 microversion: 1.1 [pid: 7|app: 0|req: 390/777] 10.0.0.183 () {32 vars in 815 bytes} [Wed Mar 18 13:04:48 2026] GET /resource_providers/587927b1-db25-445f-9caa-8b1a987b2b6e/aggregates => generated 235 bytes in 8 msecs (HTTP/1.1 404) 5 headers in 202 bytes (1 switches on core 0)
2026-03-18 13:04:48.657 7 INFO placement.requestlog [None req-bd5de13b-eaf9-4933-acd8-79bc95db9baf 7e95769243794e7e8769275f53604b54 88c6cb99387b4244bf2fccb72e43102f - - 2738a06b20ca4d8db2e656286a27e9d1 2738a06b20ca4d8db2e656286a27e9d1] 10.0.0.183 "DELETE /resource_providers/587927b1-db25-445f-9caa-8b1a987b2b6e" status: 404 len: 246 microversion: 1.1 [pid: 7|app: 0|req: 391/778] 10.0.0.183 () {34 vars in 815 bytes} [Wed Mar 18 13:04:48 2026] DELETE /resource_providers/587927b1-db25-445f-9caa-8b1a987b2b6e => generated 246 bytes in 7 msecs (HTTP/1.1 404) 6 headers in 231 bytes (1 switches on core 0)
2026-03-18 13:04:48.660 8 INFO placement.requestlog [None req-24408293-c237-4a15-a495-0e9d9161bfd9 7e95769243794e7e8769275f53604b54 88c6cb99387b4244bf2fccb72e43102f - - 2738a06b20ca4d8db2e656286a27e9d1 2738a06b20ca4d8db2e656286a27e9d1] 10.0.0.183 "DELETE /resource_providers/587927b1-db25-445f-9caa-8b1a987b2b6e" status: 404 len: 246 microversion: 1.1 [pid: 8|app: 0|req: 388/779] 10.0.0.183 () {34 vars in 815 bytes} [Wed Mar 18 13:04:48 2026] DELETE /resource_providers/587927b1-db25-445f-9caa-8b1a987b2b6e => generated 246 bytes in 11 msecs (HTTP/1.1 404) 6 headers in 231 bytes (1 switches on core 0)
2026-03-18 13:04:49.327 7 INFO placement.requestlog [None req-12ed5942-d21c-4da4-8c84-b17c79ed0b86 7e95769243794e7e8769275f53604b54 88c6cb99387b4244bf2fccb72e43102f - - 2738a06b20ca4d8db2e656286a27e9d1 2738a06b20ca4d8db2e656286a27e9d1] 10.0.0.183 "GET /resource_providers/0f75dbdc-e9bb-4f3f-aab9-3d2ed41bfbb9/aggregates" status: 404 len: 235 microversion: 1.1 [pid: 7|app: 0|req: 392/780] 10.0.0.183 () {32 vars in 815 bytes} [Wed Mar 18 13:04:49 2026] GET /resource_providers/0f75dbdc-e9bb-4f3f-aab9-3d2ed41bfbb9/aggregates => generated 235 bytes in 8 msecs (HTTP/1.1 404) 5 headers in 202 bytes (1 switches on core 0)
2026-03-18 13:04:49.333 8 INFO placement.requestlog [None req-8bebe730-0a41-4483-a1a7-e858f54feb84 7e95769243794e7e8769275f53604b54 88c6cb99387b4244bf2fccb72e43102f - - 2738a06b20ca4d8db2e656286a27e9d1 2738a06b20ca4d8db2e656286a27e9d1] 10.0.0.183 "GET /resource_providers/0f75dbdc-e9bb-4f3f-aab9-3d2ed41bfbb9/aggregates" status: 404 len: 235 microversion: 1.1 [pid: 8|app: 0|req: 389/781] 10.0.0.183 () {32 vars in 815 bytes} [Wed Mar 18 13:04:49 2026] GET /resource_providers/0f75dbdc-e9bb-4f3f-aab9-3d2ed41bfbb9/aggregates => generated 235 bytes in 12 msecs (HTTP/1.1 404) 5 headers in 202 bytes (1 switches on core 0)
2026-03-18 13:04:49.351 7 INFO placement.requestlog [None req-288cd29c-2aef-4a71-8b69-9786b14f39c1 7e95769243794e7e8769275f53604b54 88c6cb99387b4244bf2fccb72e43102f - - 2738a06b20ca4d8db2e656286a27e9d1 2738a06b20ca4d8db2e656286a27e9d1] 10.0.0.183 "DELETE /resource_providers/0f75dbdc-e9bb-4f3f-aab9-3d2ed41bfbb9" status: 404 len: 246 microversion: 1.1 [pid: 7|app: 0|req: 393/782] 10.0.0.183 () {34 vars in 815 bytes} [Wed Mar 18 13:04:49 2026] DELETE /resource_providers/0f75dbdc-e9bb-4f3f-aab9-3d2ed41bfbb9 => generated 246 bytes in 9 msecs (HTTP/1.1 404) 6 headers in 231 bytes (1 switches on core 0)
2026-03-18 13:04:49.351 8 INFO placement.requestlog [None req-4b0ec8e5-cb8c-4834-bb58-aa79686f040c 7e95769243794e7e8769275f53604b54 88c6cb99387b4244bf2fccb72e43102f - - 2738a06b20ca4d8db2e656286a27e9d1 2738a06b20ca4d8db2e656286a27e9d1] 10.0.0.183 "DELETE /resource_providers/0f75dbdc-e9bb-4f3f-aab9-3d2ed41bfbb9" status: 404 len: 246 microversion: 1.1 [pid: 8|app: 0|req: 390/783] 10.0.0.183 () {34 vars in 815 bytes} [Wed Mar 18 13:04:49 2026] DELETE /resource_providers/0f75dbdc-e9bb-4f3f-aab9-3d2ed41bfbb9 => generated 246 bytes in 7 msecs (HTTP/1.1 404) 6 headers in 231 bytes (1 switches on core 0)
2026-03-18 13:04:50.685 7 INFO placement.requestlog [None req-bd23447c-c3c3-425a-8665-b48ad4e14d95 7e95769243794e7e8769275f53604b54 88c6cb99387b4244bf2fccb72e43102f - - 2738a06b20ca4d8db2e656286a27e9d1 2738a06b20ca4d8db2e656286a27e9d1] 10.0.0.183 "GET /resource_providers/27c7ffcb-7eec-4b40-9ebf-51518921a871/aggregates" status: 404 len: 235 microversion: 1.1
2026-03-18 13:04:50.686 8 INFO placement.requestlog [None req-987a2ee7-cda3-4586-ad6e-faf6e1a04b59 7e95769243794e7e8769275f53604b54 88c6cb99387b4244bf2fccb72e43102f - - 2738a06b20ca4d8db2e656286a27e9d1 2738a06b20ca4d8db2e656286a27e9d1] 10.0.0.183 "GET /resource_providers/27c7ffcb-7eec-4b40-9ebf-51518921a871/aggregates" status: 404 len: 235 microversion: 1.1 [pid: 8|app: 0|req: 391/784] 10.0.0.183 () {32 vars in 815 bytes} [Wed Mar 18 13:04:50 2026] GET /resource_providers/27c7ffcb-7eec-4b40-9ebf-51518921a871/aggregates => generated 235 bytes in 10 msecs (HTTP/1.1 404) 5 headers in 202 bytes (1 switches on core 0) [pid: 7|app: 0|req: 394/785] 10.0.0.183 () {32 vars in 815 bytes} [Wed Mar 18 13:04:50 2026] GET /resource_providers/27c7ffcb-7eec-4b40-9ebf-51518921a871/aggregates => generated 235 bytes in 14 msecs (HTTP/1.1 404) 5 headers in 202 bytes (1 switches on core 0)
2026-03-18 13:04:50.726 8 INFO placement.requestlog [None req-dd2eb2d3-d997-46b1-b5d6-d36b80feba94 7e95769243794e7e8769275f53604b54 88c6cb99387b4244bf2fccb72e43102f - - 2738a06b20ca4d8db2e656286a27e9d1 2738a06b20ca4d8db2e656286a27e9d1] 10.0.0.183 "DELETE /resource_providers/27c7ffcb-7eec-4b40-9ebf-51518921a871" status: 404 len: 246 microversion: 1.1 [pid: 8|app: 0|req: 392/786] 10.0.0.183 () {34 vars in 815 bytes} [Wed Mar 18 13:04:50 2026] DELETE /resource_providers/27c7ffcb-7eec-4b40-9ebf-51518921a871 => generated 246 bytes in 10 msecs (HTTP/1.1 404) 6 headers in 231 bytes (1 switches on core 0)
2026-03-18 13:04:50.735 7 INFO placement.requestlog [None req-ece5f399-402c-45e7-a487-b8d7d5d3e0b2 7e95769243794e7e8769275f53604b54 88c6cb99387b4244bf2fccb72e43102f - - 2738a06b20ca4d8db2e656286a27e9d1 2738a06b20ca4d8db2e656286a27e9d1] 10.0.0.183 "DELETE /resource_providers/27c7ffcb-7eec-4b40-9ebf-51518921a871" status: 404 len: 246 microversion: 1.1 [pid: 7|app: 0|req: 395/787] 10.0.0.183 () {34 vars in 815 bytes} [Wed Mar 18 13:04:50 2026] DELETE /resource_providers/27c7ffcb-7eec-4b40-9ebf-51518921a871 => generated 246 bytes in 13 msecs (HTTP/1.1 404) 6 headers in 231 bytes (1 switches on core 0)
2026-03-18 13:04:50.770 8 INFO placement.requestlog [req-8ca66da8-e720-4441-ac97-6bb16b525f4c req-aed4d209-4fef-410b-9e8f-3dbd543f9491 96a1844c9d654b858ba8f85adda6143f 88c6cb99387b4244bf2fccb72e43102f - - 2738a06b20ca4d8db2e656286a27e9d1 2738a06b20ca4d8db2e656286a27e9d1] 199.19.213.216 "GET /resource_providers/1190aabd-44c8-4cf9-b98b-cc895886de51/allocations" status: 200 len: 252 microversion: 1.0 [pid: 8|app: 0|req: 393/788] 199.19.213.216 () {32 vars in 856 bytes} [Wed Mar 18 13:04:50 2026] GET /resource_providers/1190aabd-44c8-4cf9-b98b-cc895886de51/allocations => generated 252 bytes in 15 msecs (HTTP/1.1 200) 6 headers in 224 bytes (1 switches on core 0)
2026-03-18 13:04:50.790 7 INFO placement.requestlog [req-8ca66da8-e720-4441-ac97-6bb16b525f4c req-e806f8d0-74d4-471d-a73a-3e07619f3cdd 96a1844c9d654b858ba8f85adda6143f 88c6cb99387b4244bf2fccb72e43102f - - 2738a06b20ca4d8db2e656286a27e9d1 2738a06b20ca4d8db2e656286a27e9d1] 199.19.213.216 "GET /allocations/c36adecb-d407-4c66-9b24-534d712ffadd" status: 200 len: 257 microversion: 1.28 [pid: 7|app: 0|req: 396/789] 199.19.213.216 () {34 vars in 862 bytes} [Wed Mar 18 13:04:50 2026] GET /allocations/c36adecb-d407-4c66-9b24-534d712ffadd => generated 257 bytes in 13 msecs (HTTP/1.1 200) 8 headers in 296 bytes (1 switches on core 0)
2026-03-18 13:04:50.808 8 INFO placement.requestlog [req-8ca66da8-e720-4441-ac97-6bb16b525f4c req-cf213dff-ec4e-47f1-94ae-a64bf4d830ff 96a1844c9d654b858ba8f85adda6143f 88c6cb99387b4244bf2fccb72e43102f - - 2738a06b20ca4d8db2e656286a27e9d1 2738a06b20ca4d8db2e656286a27e9d1] 199.19.213.216 "GET /allocations/2336ffe6-b441-4a36-81e1-b9cc7455d2ac" status: 200 len: 257 microversion: 1.28 [pid: 8|app: 0|req: 394/790] 199.19.213.216 () {34 vars in 862 bytes} [Wed Mar 18 13:04:50 2026] GET /allocations/2336ffe6-b441-4a36-81e1-b9cc7455d2ac => generated 257 bytes in 13 msecs (HTTP/1.1 200) 8 headers in 296 bytes (1 switches on core 0)
2026-03-18 13:04:51.931 7 INFO placement.requestlog [req-8ca66da8-e720-4441-ac97-6bb16b525f4c req-bfee8ecc-6939-4931-854d-45f8d2b30bf6 96a1844c9d654b858ba8f85adda6143f 88c6cb99387b4244bf2fccb72e43102f - - 2738a06b20ca4d8db2e656286a27e9d1 2738a06b20ca4d8db2e656286a27e9d1] 199.19.213.216 "DELETE /allocations/2336ffe6-b441-4a36-81e1-b9cc7455d2ac" status: 204 len: 0 microversion: 1.0 [pid: 7|app: 0|req: 397/791] 199.19.213.216 () {34 vars in 840 bytes} [Wed Mar 18 13:04:51 2026] DELETE /allocations/2336ffe6-b441-4a36-81e1-b9cc7455d2ac => generated 0 bytes in 89 msecs (HTTP/1.1 204) 5 headers in 198 bytes (1 switches on core 0)
2026-03-18 13:04:53.025 7 INFO placement.requestlog [None req-142784a3-fb42-4311-a7ba-7178aeba00d9 7e95769243794e7e8769275f53604b54 88c6cb99387b4244bf2fccb72e43102f - - 2738a06b20ca4d8db2e656286a27e9d1 2738a06b20ca4d8db2e656286a27e9d1] 10.0.0.183 "GET /resource_providers/6c86885c-2b97-40ce-988b-9d708fc32338/aggregates" status: 404 len: 235 microversion: 1.1 [pid: 7|app: 0|req: 398/792] 10.0.0.183 () {32 vars in 815 bytes} [Wed Mar 18 13:04:53 2026] GET /resource_providers/6c86885c-2b97-40ce-988b-9d708fc32338/aggregates => generated 235 bytes in 10 msecs (HTTP/1.1 404) 5 headers in 202 bytes (1 switches on core 0)
2026-03-18 13:04:53.029 8 INFO placement.requestlog [None req-2dfa43a0-78ae-4403-a5cd-b263134d86c7 7e95769243794e7e8769275f53604b54 88c6cb99387b4244bf2fccb72e43102f - - 2738a06b20ca4d8db2e656286a27e9d1 2738a06b20ca4d8db2e656286a27e9d1] 10.0.0.183 "GET /resource_providers/6c86885c-2b97-40ce-988b-9d708fc32338/aggregates" status: 404 len: 235 microversion: 1.1 [pid: 8|app: 0|req: 395/793] 10.0.0.183 () {32 vars in 815 bytes} [Wed Mar 18 13:04:53 2026] GET /resource_providers/6c86885c-2b97-40ce-988b-9d708fc32338/aggregates => generated 235 bytes in 13 msecs (HTTP/1.1 404) 5 headers in 202 bytes (1 switches on core 0)
2026-03-18 13:04:53.054 8 INFO placement.requestlog [None req-4827be02-b9ff-415e-a1c6-c9ed3cc2c3dd 7e95769243794e7e8769275f53604b54 88c6cb99387b4244bf2fccb72e43102f - - 2738a06b20ca4d8db2e656286a27e9d1 2738a06b20ca4d8db2e656286a27e9d1] 10.0.0.183 "DELETE /resource_providers/6c86885c-2b97-40ce-988b-9d708fc32338" status: 404 len: 246 microversion: 1.1 [pid: 8|app: 0|req: 396/794] 10.0.0.183 () {34 vars in 815 bytes} [Wed Mar 18 13:04:53 2026] DELETE /resource_providers/6c86885c-2b97-40ce-988b-9d708fc32338 => generated 246 bytes in 11 msecs (HTTP/1.1 404) 6 headers in 231 bytes (1 switches on core 0)
2026-03-18 13:04:53.054 7 INFO placement.requestlog [None req-401d0f89-6e54-4c2e-9a13-239e60a3edcd 7e95769243794e7e8769275f53604b54 88c6cb99387b4244bf2fccb72e43102f - - 2738a06b20ca4d8db2e656286a27e9d1 2738a06b20ca4d8db2e656286a27e9d1] 10.0.0.183 "DELETE /resource_providers/6c86885c-2b97-40ce-988b-9d708fc32338" status: 404 len: 246 microversion: 1.1 [pid: 7|app: 0|req: 399/795] 10.0.0.183 () {34 vars in 815 bytes} [Wed Mar 18 13:04:53 2026] DELETE /resource_providers/6c86885c-2b97-40ce-988b-9d708fc32338 => generated 246 bytes in 13 msecs (HTTP/1.1 404) 6 headers in 231 bytes (1 switches on core 0)
2026-03-18 13:04:53.364 8 INFO placement.requestlog [None req-37ebd98d-4335-4829-b8e5-b4b2cf5e8fc3 7e95769243794e7e8769275f53604b54 88c6cb99387b4244bf2fccb72e43102f - - 2738a06b20ca4d8db2e656286a27e9d1 2738a06b20ca4d8db2e656286a27e9d1] 10.0.0.183 "GET /resource_providers/640809f0-c657-4293-a000-3dae53ab127c/aggregates" status: 404 len: 235 microversion: 1.1 [pid: 8|app: 0|req: 397/796] 10.0.0.183 () {32 vars in 815 bytes} [Wed Mar 18 13:04:53 2026] GET /resource_providers/640809f0-c657-4293-a000-3dae53ab127c/aggregates => generated 235 bytes in 12 msecs (HTTP/1.1 404) 5 headers in 202 bytes (1 switches on core 0)
2026-03-18 13:04:53.366 7 INFO placement.requestlog [None req-d1a6c5c4-8553-44c3-9f5a-9ae7ced71a8b 7e95769243794e7e8769275f53604b54 88c6cb99387b4244bf2fccb72e43102f - - 2738a06b20ca4d8db2e656286a27e9d1 2738a06b20ca4d8db2e656286a27e9d1] 10.0.0.183 "GET /resource_providers/640809f0-c657-4293-a000-3dae53ab127c/aggregates" status: 404 len: 235 microversion: 1.1 [pid: 7|app: 0|req: 400/797] 10.0.0.183 () {32 vars in 815 bytes} [Wed Mar 18 13:04:53 2026] GET /resource_providers/640809f0-c657-4293-a000-3dae53ab127c/aggregates => generated 235 bytes in 14 msecs (HTTP/1.1 404) 5 headers in 202 bytes (1 switches on core 0)
2026-03-18 13:04:53.380 8 INFO placement.requestlog [req-ea02a60c-cf04-46e2-9f07-b165710f46dd req-8b16a7d9-a10b-4ea1-844b-bc5e6a27eaa8 96a1844c9d654b858ba8f85adda6143f 88c6cb99387b4244bf2fccb72e43102f - - 2738a06b20ca4d8db2e656286a27e9d1 2738a06b20ca4d8db2e656286a27e9d1] 199.19.213.216 "GET /resource_providers/1190aabd-44c8-4cf9-b98b-cc895886de51/allocations" status: 200 len: 152 microversion: 1.0 [pid: 8|app: 0|req: 398/798] 199.19.213.216 () {32 vars in 856 bytes} [Wed Mar 18 13:04:53 2026] GET /resource_providers/1190aabd-44c8-4cf9-b98b-cc895886de51/allocations => generated 152 bytes in 14 msecs (HTTP/1.1 200) 6 headers in 224 bytes (1 switches on core 0)
2026-03-18 13:04:53.386 7 INFO placement.requestlog [None req-c9366cc0-9e65-4c61-8dc3-69d5b60fea02 7e95769243794e7e8769275f53604b54 88c6cb99387b4244bf2fccb72e43102f - - 2738a06b20ca4d8db2e656286a27e9d1 2738a06b20ca4d8db2e656286a27e9d1] 10.0.0.183 "DELETE /resource_providers/640809f0-c657-4293-a000-3dae53ab127c" status: 404 len: 246 microversion: 1.1 [pid: 7|app: 0|req: 401/799] 10.0.0.183 () {34 vars in 815 bytes} [Wed Mar 18 13:04:53 2026] DELETE /resource_providers/640809f0-c657-4293-a000-3dae53ab127c => generated 246 bytes in 8 msecs (HTTP/1.1 404) 6 headers in 231 bytes (1 switches on core 0)
2026-03-18 13:04:53.396 7 INFO placement.requestlog [req-ea02a60c-cf04-46e2-9f07-b165710f46dd req-b8160045-dc8a-48c6-a223-e86a74039853 96a1844c9d654b858ba8f85adda6143f 88c6cb99387b4244bf2fccb72e43102f - - 2738a06b20ca4d8db2e656286a27e9d1 2738a06b20ca4d8db2e656286a27e9d1] 199.19.213.216 "GET /allocations/c36adecb-d407-4c66-9b24-534d712ffadd" status: 200 len: 257 microversion: 1.28 [pid: 7|app: 0|req: 402/800] 199.19.213.216 () {34 vars in 862 bytes} [Wed Mar 18 13:04:53 2026] GET /allocations/c36adecb-d407-4c66-9b24-534d712ffadd => generated 257 bytes in 9 msecs (HTTP/1.1 200) 8 headers in 296 bytes (1 switches on core 0)
2026-03-18 13:04:53.398 8 INFO placement.requestlog [None req-5e55cd18-ac5c-4f6d-864d-eacfb6be73de 7e95769243794e7e8769275f53604b54 88c6cb99387b4244bf2fccb72e43102f - - 2738a06b20ca4d8db2e656286a27e9d1 2738a06b20ca4d8db2e656286a27e9d1] 10.0.0.183 "DELETE /resource_providers/640809f0-c657-4293-a000-3dae53ab127c" status: 404 len: 246 microversion: 1.1 [pid: 8|app: 0|req: 399/801] 10.0.0.183 () {34 vars in 815 bytes} [Wed Mar 18 13:04:53 2026] DELETE /resource_providers/640809f0-c657-4293-a000-3dae53ab127c => generated 246 bytes in 12 msecs (HTTP/1.1 404) 6 headers in 231 bytes (1 switches on core 0)
2026-03-18 13:04:54.585 7 INFO placement.requestlog [req-ea02a60c-cf04-46e2-9f07-b165710f46dd req-59acd7e1-0bec-44e3-a84b-52773bd676b3 96a1844c9d654b858ba8f85adda6143f 88c6cb99387b4244bf2fccb72e43102f - - 2738a06b20ca4d8db2e656286a27e9d1 2738a06b20ca4d8db2e656286a27e9d1] 199.19.213.216 "DELETE /allocations/c36adecb-d407-4c66-9b24-534d712ffadd" status: 204 len: 0 microversion: 1.0 [pid: 7|app: 0|req: 403/802] 199.19.213.216 () {34 vars in 840 bytes} [Wed Mar 18 13:04:54 2026] DELETE /allocations/c36adecb-d407-4c66-9b24-534d712ffadd => generated 0 bytes in 162 msecs (HTTP/1.1 204) 5 headers in 198 bytes (1 switches on core 0)
2026-03-18 13:04:55.412 8 INFO placement.requestlog [None req-f519b883-3c9b-40ad-a211-0c4f77977db4 7e95769243794e7e8769275f53604b54 88c6cb99387b4244bf2fccb72e43102f - - 2738a06b20ca4d8db2e656286a27e9d1 2738a06b20ca4d8db2e656286a27e9d1] 10.0.0.183 "GET /resource_providers/df9b6ad2-5c4b-4b87-8759-a4d8f11068f6/aggregates" status: 404 len: 235 microversion: 1.1 [pid: 8|app: 0|req: 400/803] 10.0.0.183 () {32 vars in 815 bytes} [Wed Mar 18 13:04:55 2026] GET /resource_providers/df9b6ad2-5c4b-4b87-8759-a4d8f11068f6/aggregates => generated 235 bytes in 13 msecs (HTTP/1.1 404) 5 headers in 202 bytes (1 switches on core 0)
2026-03-18 13:04:55.422 7 INFO placement.requestlog [None req-4072c1b7-1219-4c9f-845f-dde65a16ca43 7e95769243794e7e8769275f53604b54 88c6cb99387b4244bf2fccb72e43102f - - 2738a06b20ca4d8db2e656286a27e9d1 2738a06b20ca4d8db2e656286a27e9d1] 10.0.0.183 "GET /resource_providers/df9b6ad2-5c4b-4b87-8759-a4d8f11068f6/aggregates" status: 404 len: 235 microversion: 1.1 [pid: 7|app: 0|req: 404/804] 10.0.0.183 () {32 vars in 815 bytes} [Wed Mar 18 13:04:55 2026] GET /resource_providers/df9b6ad2-5c4b-4b87-8759-a4d8f11068f6/aggregates => generated 235 bytes in 14 msecs (HTTP/1.1 404) 5 headers in 202 bytes (1 switches on core 0)
2026-03-18 13:04:55.429 8 INFO placement.requestlog [None req-995261c0-49db-4602-8a37-0b1fffd79b84 7e95769243794e7e8769275f53604b54 88c6cb99387b4244bf2fccb72e43102f - - 2738a06b20ca4d8db2e656286a27e9d1 2738a06b20ca4d8db2e656286a27e9d1] 10.0.0.183 "DELETE /resource_providers/df9b6ad2-5c4b-4b87-8759-a4d8f11068f6" status: 404 len: 246 microversion: 1.1 [pid: 8|app: 0|req: 401/805] 10.0.0.183 () {34 vars in 815 bytes} [Wed Mar 18 13:04:55 2026] DELETE /resource_providers/df9b6ad2-5c4b-4b87-8759-a4d8f11068f6 => generated 246 bytes in 8 msecs (HTTP/1.1 404) 6 headers in 231 bytes (1 switches on core 0)
2026-03-18 13:04:55.450 8 INFO placement.requestlog [None req-9e2d668d-9531-46d1-8a92-98fc5dd16165 7e95769243794e7e8769275f53604b54 88c6cb99387b4244bf2fccb72e43102f - - 2738a06b20ca4d8db2e656286a27e9d1 2738a06b20ca4d8db2e656286a27e9d1] 10.0.0.183 "DELETE /resource_providers/df9b6ad2-5c4b-4b87-8759-a4d8f11068f6" status: 404 len: 246 microversion: 1.1 [pid: 8|app: 0|req: 402/806] 10.0.0.183 () {34 vars in 815 bytes} [Wed Mar 18 13:04:55 2026] DELETE /resource_providers/df9b6ad2-5c4b-4b87-8759-a4d8f11068f6 => generated 246 bytes in 11 msecs (HTTP/1.1 404) 6 headers in 231 bytes (1 switches on core 0)
2026-03-18 13:04:55.452 7 INFO placement.requestlog [None req-4c8b9d14-2ae4-4ed3-87e7-b6c49f3b279c 7e95769243794e7e8769275f53604b54 88c6cb99387b4244bf2fccb72e43102f - - 2738a06b20ca4d8db2e656286a27e9d1 2738a06b20ca4d8db2e656286a27e9d1] 10.0.0.183 "GET /resource_providers/648568be-ecd1-42a6-9db0-c2e8d9cb7aaa/aggregates" status: 404 len: 235 microversion: 1.1 [pid: 7|app: 0|req: 405/807] 10.0.0.183 () {32 vars in 815 bytes} [Wed Mar 18 13:04:55 2026] GET /resource_providers/648568be-ecd1-42a6-9db0-c2e8d9cb7aaa/aggregates => generated 235 bytes in 13 msecs (HTTP/1.1 404) 5 headers in 202 bytes (1 switches on core 0)
2026-03-18 13:04:55.472 8 INFO placement.requestlog [None req-23a82738-b329-4fb1-8a8b-8fe54b711243 7e95769243794e7e8769275f53604b54 88c6cb99387b4244bf2fccb72e43102f - - 2738a06b20ca4d8db2e656286a27e9d1 2738a06b20ca4d8db2e656286a27e9d1] 10.0.0.183 "GET /resource_providers/648568be-ecd1-42a6-9db0-c2e8d9cb7aaa/aggregates" status: 404 len: 235 microversion: 1.1 [pid: 8|app: 0|req: 403/808] 10.0.0.183 () {32 vars in 815 bytes} [Wed Mar 18 13:04:55 2026] GET /resource_providers/648568be-ecd1-42a6-9db0-c2e8d9cb7aaa/aggregates => generated 235 bytes in 12 msecs (HTTP/1.1 404) 5 headers in 202 bytes (1 switches on core 0)
2026-03-18 13:04:55.473 7 INFO placement.requestlog [None req-09952adc-a837-476f-b227-1e850fa20ed8 7e95769243794e7e8769275f53604b54 88c6cb99387b4244bf2fccb72e43102f - - 2738a06b20ca4d8db2e656286a27e9d1 2738a06b20ca4d8db2e656286a27e9d1] 10.0.0.183 "DELETE /resource_providers/648568be-ecd1-42a6-9db0-c2e8d9cb7aaa" status: 404 len: 246 microversion: 1.1 [pid: 7|app: 0|req: 406/809] 10.0.0.183 () {34 vars in 815 bytes} [Wed Mar 18 13:04:55 2026] DELETE /resource_providers/648568be-ecd1-42a6-9db0-c2e8d9cb7aaa => generated 246 bytes in 11 msecs (HTTP/1.1 404) 6 headers in 231 bytes (1 switches on core 0)
2026-03-18 13:04:55.492 8 INFO placement.requestlog [None req-a4901629-dec6-46c0-8339-aa929e342e4f 7e95769243794e7e8769275f53604b54 88c6cb99387b4244bf2fccb72e43102f - - 2738a06b20ca4d8db2e656286a27e9d1 2738a06b20ca4d8db2e656286a27e9d1] 10.0.0.183 "DELETE /resource_providers/648568be-ecd1-42a6-9db0-c2e8d9cb7aaa" status: 404 len: 246 microversion: 1.1 [pid: 8|app: 0|req: 404/810] 10.0.0.183 () {34 vars in 815 bytes} [Wed Mar 18 13:04:55 2026] DELETE /resource_providers/648568be-ecd1-42a6-9db0-c2e8d9cb7aaa => generated 246 bytes in 11 msecs (HTTP/1.1 404) 6 headers in 231 bytes (1 switches on core 0)
2026-03-18 13:04:56.518 8 INFO placement.requestlog [None req-82e0f3af-1c03-49a6-a21a-9bed9be6c707 - - - - - -] 10.0.0.135 "GET /" status: 200 len: 136 microversion: 1.0
2026-03-18 13:04:56.519 7 INFO placement.requestlog [None req-731097b2-39c2-42fe-9c41-17477fa185fe - - - - - -] 10.0.0.135 "GET /" status: 200 len: 136 microversion: 1.0
2026-03-18 13:04:57.497 8 INFO placement.requestlog [None req-8c34db09-29d8-4415-b69b-c98af003e90e 7e95769243794e7e8769275f53604b54 88c6cb99387b4244bf2fccb72e43102f - - 2738a06b20ca4d8db2e656286a27e9d1 2738a06b20ca4d8db2e656286a27e9d1] 10.0.0.183 "GET /resource_providers/6c449b8f-4153-4bb7-8c71-65fa3b4e5fd2/aggregates" status: 404 len: 235 microversion: 1.1 [pid: 8|app: 0|req: 406/813] 10.0.0.183 () {32 vars in 815 bytes} [Wed Mar 18 13:04:57 2026] GET /resource_providers/6c449b8f-4153-4bb7-8c71-65fa3b4e5fd2/aggregates => generated 235 bytes in 11 msecs (HTTP/1.1 404) 5 headers in 202 bytes (1 switches on core 0)
2026-03-18 13:04:57.513 7 INFO placement.requestlog [None req-a02fffeb-7513-4273-97fb-ef396b2af2b7 7e95769243794e7e8769275f53604b54 88c6cb99387b4244bf2fccb72e43102f - - 2738a06b20ca4d8db2e656286a27e9d1 2738a06b20ca4d8db2e656286a27e9d1] 10.0.0.183 "DELETE /resource_providers/6c449b8f-4153-4bb7-8c71-65fa3b4e5fd2" status: 404 len: 246 microversion: 1.1 [pid: 7|app: 0|req: 408/814] 10.0.0.183 () {34 vars in 815 bytes} [Wed Mar 18 13:04:57 2026] DELETE /resource_providers/6c449b8f-4153-4bb7-8c71-65fa3b4e5fd2 => generated 246 bytes in 10 msecs (HTTP/1.1 404) 6 headers in 231 bytes (1 switches on core 0)
2026-03-18 13:04:57.531 8 INFO placement.requestlog [None req-11840694-29dc-406f-81b3-1e7649f47571 7e95769243794e7e8769275f53604b54 88c6cb99387b4244bf2fccb72e43102f - - 2738a06b20ca4d8db2e656286a27e9d1 2738a06b20ca4d8db2e656286a27e9d1] 10.0.0.183 "GET /resource_providers/7ad32baa-82fa-46ea-9f8d-bc2f0ebb9cb9/aggregates" status: 404 len: 235 microversion: 1.1 [pid: 8|app: 0|req: 407/815] 10.0.0.183 () {32 vars in 815 bytes} [Wed Mar 18 13:04:57 2026] GET /resource_providers/7ad32baa-82fa-46ea-9f8d-bc2f0ebb9cb9/aggregates => generated 235 bytes in 8 msecs (HTTP/1.1 404) 5 headers in 202 bytes (1 switches on core 0)
2026-03-18 13:04:57.537 7 INFO placement.requestlog [None req-9e736c2e-9eb9-4e99-aa1b-f06dba25a812 7e95769243794e7e8769275f53604b54 88c6cb99387b4244bf2fccb72e43102f - - 2738a06b20ca4d8db2e656286a27e9d1 2738a06b20ca4d8db2e656286a27e9d1] 10.0.0.183 "GET /resource_providers/6c449b8f-4153-4bb7-8c71-65fa3b4e5fd2/aggregates" status: 404 len: 235 microversion: 1.1 [pid: 7|app: 0|req: 409/816] 10.0.0.183 () {32 vars in 815 bytes} [Wed Mar 18 13:04:57 2026] GET /resource_providers/6c449b8f-4153-4bb7-8c71-65fa3b4e5fd2/aggregates => generated 235 bytes in 11 msecs (HTTP/1.1 404) 5 headers in 202 bytes (1 switches on core 0)
2026-03-18 13:04:57.543 8 INFO placement.requestlog [None req-3072f725-db62-4c7a-aa1d-46c7d57ded85 7e95769243794e7e8769275f53604b54 88c6cb99387b4244bf2fccb72e43102f - - 2738a06b20ca4d8db2e656286a27e9d1 2738a06b20ca4d8db2e656286a27e9d1] 10.0.0.183 "DELETE /resource_providers/7ad32baa-82fa-46ea-9f8d-bc2f0ebb9cb9" status: 404 len: 246 microversion: 1.1 [pid: 8|app: 0|req: 408/817] 10.0.0.183 () {34 vars in 815 bytes} [Wed Mar 18 13:04:57 2026] DELETE /resource_providers/7ad32baa-82fa-46ea-9f8d-bc2f0ebb9cb9 => generated 246 bytes in 7 msecs (HTTP/1.1 404) 6 headers in 231 bytes (1 switches on core 0)
2026-03-18 13:04:57.555 7 INFO placement.requestlog [None req-eee42dc4-816e-464a-82f1-ca5060755c7a 7e95769243794e7e8769275f53604b54 88c6cb99387b4244bf2fccb72e43102f - - 2738a06b20ca4d8db2e656286a27e9d1 2738a06b20ca4d8db2e656286a27e9d1] 10.0.0.183 "DELETE /resource_providers/6c449b8f-4153-4bb7-8c71-65fa3b4e5fd2" status: 404 len: 246 microversion: 1.1 [pid: 7|app: 0|req: 410/818] 10.0.0.183 () {34 vars in 815 bytes} [Wed Mar 18 13:04:57 2026] DELETE /resource_providers/6c449b8f-4153-4bb7-8c71-65fa3b4e5fd2 => generated 246 bytes in 8 msecs (HTTP/1.1 404) 6 headers in 231 bytes (1 switches on core 0)
2026-03-18 13:04:57.571 8 INFO placement.requestlog [None req-f3d75797-346c-49ec-a828-741a443dee3f 7e95769243794e7e8769275f53604b54 88c6cb99387b4244bf2fccb72e43102f - - 2738a06b20ca4d8db2e656286a27e9d1 2738a06b20ca4d8db2e656286a27e9d1] 10.0.0.183 "GET /resource_providers/7ad32baa-82fa-46ea-9f8d-bc2f0ebb9cb9/aggregates" status: 404 len: 235 microversion: 1.1 [pid: 8|app: 0|req: 409/819] 10.0.0.183 () {32 vars in 815 bytes} [Wed Mar 18 13:04:57 2026] GET /resource_providers/7ad32baa-82fa-46ea-9f8d-bc2f0ebb9cb9/aggregates => generated 235 bytes in 9 msecs (HTTP/1.1 404) 5 headers in 202 bytes (1 switches on core 0)
2026-03-18 13:04:57.587 7 INFO placement.requestlog [None req-bfed7769-555b-49d1-a175-31ec35d6bc23 7e95769243794e7e8769275f53604b54 88c6cb99387b4244bf2fccb72e43102f - - 2738a06b20ca4d8db2e656286a27e9d1 2738a06b20ca4d8db2e656286a27e9d1] 10.0.0.183 "DELETE /resource_providers/7ad32baa-82fa-46ea-9f8d-bc2f0ebb9cb9" status: 404 len: 246 microversion: 1.1 [pid: 7|app: 0|req: 411/820] 10.0.0.183 () {34 vars in 815 bytes} [Wed Mar 18 13:04:57 2026] DELETE /resource_providers/7ad32baa-82fa-46ea-9f8d-bc2f0ebb9cb9 => generated 246 bytes in 10 msecs (HTTP/1.1 404) 6 headers in 231 bytes (1 switches on core 0)
2026-03-18 13:04:59.568 8 INFO placement.requestlog [None req-a439d424-8eea-41c9-8e3a-4d5726d1100c 7e95769243794e7e8769275f53604b54 88c6cb99387b4244bf2fccb72e43102f - - 2738a06b20ca4d8db2e656286a27e9d1 2738a06b20ca4d8db2e656286a27e9d1] 10.0.0.183 "GET /resource_providers/0e63099f-51fd-4dd1-8bab-17f58d881fee/aggregates" status: 404 len: 235 microversion: 1.1 [pid: 8|app: 0|req: 410/821] 10.0.0.183 () {32 vars in 815 bytes} [Wed Mar 18 13:04:59 2026] GET /resource_providers/0e63099f-51fd-4dd1-8bab-17f58d881fee/aggregates => generated 235 bytes in 15 msecs (HTTP/1.1 404) 5 headers in 202 bytes (1 switches on core 0)
2026-03-18 13:04:59.605 8 INFO placement.requestlog [None req-b49f799e-1a27-4eca-b123-ce6e9e8ccef8 7e95769243794e7e8769275f53604b54 88c6cb99387b4244bf2fccb72e43102f - - 2738a06b20ca4d8db2e656286a27e9d1 2738a06b20ca4d8db2e656286a27e9d1] 10.0.0.183 "GET /resource_providers/0e63099f-51fd-4dd1-8bab-17f58d881fee/aggregates" status: 404 len: 235 microversion: 1.1 [pid: 8|app: 0|req: 411/822] 10.0.0.183 () {32 vars in 815 bytes} [Wed Mar 18 13:04:59 2026] GET /resource_providers/0e63099f-51fd-4dd1-8bab-17f58d881fee/aggregates => generated 235 bytes in 11 msecs (HTTP/1.1 404) 5 headers in 202 bytes (1 switches on core 0)
2026-03-18 13:04:59.611 7 INFO placement.requestlog [None req-50727402-3177-44e3-8192-d89212549124 7e95769243794e7e8769275f53604b54 88c6cb99387b4244bf2fccb72e43102f - - 2738a06b20ca4d8db2e656286a27e9d1 2738a06b20ca4d8db2e656286a27e9d1] 10.0.0.183 "DELETE /resource_providers/0e63099f-51fd-4dd1-8bab-17f58d881fee" status: 404 len: 246 microversion: 1.1 [pid: 7|app: 0|req: 412/823] 10.0.0.183 () {34 vars in 815 bytes} [Wed Mar 18 13:04:59 2026] DELETE /resource_providers/0e63099f-51fd-4dd1-8bab-17f58d881fee => generated 246 bytes in 37 msecs (HTTP/1.1 404) 6 headers in 231 bytes (1 switches on core 0)
2026-03-18 13:04:59.628 8 INFO placement.requestlog [None req-2efe914a-f69c-43f6-b2c8-7d95e9c59e2b 7e95769243794e7e8769275f53604b54 88c6cb99387b4244bf2fccb72e43102f - - 2738a06b20ca4d8db2e656286a27e9d1 2738a06b20ca4d8db2e656286a27e9d1] 10.0.0.183 "DELETE /resource_providers/0e63099f-51fd-4dd1-8bab-17f58d881fee" status: 404 len: 246 microversion: 1.1 [pid: 8|app: 0|req: 412/824] 10.0.0.183 () {34 vars in 815 bytes} [Wed Mar 18 13:04:59 2026] DELETE /resource_providers/0e63099f-51fd-4dd1-8bab-17f58d881fee => generated 246 bytes in 10 msecs (HTTP/1.1 404) 6 headers in 231 bytes (1 switches on core 0)
2026-03-18 13:05:01.639 7 INFO placement.requestlog [None req-fd25481e-b179-4f03-bbe9-708d2c19b375 7e95769243794e7e8769275f53604b54 88c6cb99387b4244bf2fccb72e43102f - - 2738a06b20ca4d8db2e656286a27e9d1 2738a06b20ca4d8db2e656286a27e9d1] 10.0.0.183 "GET /resource_providers/27c512c3-017c-4bea-841f-b0aedaf7566f/aggregates" status: 404 len: 235 microversion: 1.1 [pid: 7|app: 0|req: 413/825] 10.0.0.183 () {32 vars in 815 bytes} [Wed Mar 18 13:05:01 2026] GET /resource_providers/27c512c3-017c-4bea-841f-b0aedaf7566f/aggregates => generated 235 bytes in 11 msecs (HTTP/1.1 404) 5 headers in 202 bytes (1 switches on core 0)
2026-03-18 13:05:01.650 8 INFO placement.requestlog [None req-62d514fe-43d7-4ab8-ba91-723162bb7166 7e95769243794e7e8769275f53604b54 88c6cb99387b4244bf2fccb72e43102f - - 2738a06b20ca4d8db2e656286a27e9d1 2738a06b20ca4d8db2e656286a27e9d1] 10.0.0.183 "GET /resource_providers/27c512c3-017c-4bea-841f-b0aedaf7566f/aggregates" status: 404 len: 235 microversion: 1.1 [pid: 8|app: 0|req: 413/826] 10.0.0.183 () {32 vars in 815 bytes} [Wed Mar 18 13:05:01 2026] GET /resource_providers/27c512c3-017c-4bea-841f-b0aedaf7566f/aggregates => generated 235 bytes in 11 msecs (HTTP/1.1 404) 5 headers in 202 bytes (1 switches on core 0)
2026-03-18 13:05:01.665 7 INFO placement.requestlog [None req-a0626410-d79c-4cd1-92bd-481afce42ed2 7e95769243794e7e8769275f53604b54 88c6cb99387b4244bf2fccb72e43102f - - 2738a06b20ca4d8db2e656286a27e9d1 2738a06b20ca4d8db2e656286a27e9d1] 10.0.0.183 "DELETE /resource_providers/27c512c3-017c-4bea-841f-b0aedaf7566f" status: 404 len: 246 microversion: 1.1 [pid: 7|app: 0|req: 414/827] 10.0.0.183 () {34 vars in 815 bytes} [Wed Mar 18 13:05:01 2026] DELETE /resource_providers/27c512c3-017c-4bea-841f-b0aedaf7566f => generated 246 bytes in 16 msecs (HTTP/1.1 404) 6 headers in 231 bytes (1 switches on core 0)
2026-03-18 13:05:01.670 8 INFO placement.requestlog [None req-9e1a97fc-70af-4a6a-9289-773d2da020f5 7e95769243794e7e8769275f53604b54 88c6cb99387b4244bf2fccb72e43102f - - 2738a06b20ca4d8db2e656286a27e9d1 2738a06b20ca4d8db2e656286a27e9d1] 10.0.0.183 "DELETE /resource_providers/27c512c3-017c-4bea-841f-b0aedaf7566f" status: 404 len: 246 microversion: 1.1 [pid: 8|app: 0|req: 414/828] 10.0.0.183 () {34 vars in 815 bytes} [Wed Mar 18 13:05:01 2026] DELETE /resource_providers/27c512c3-017c-4bea-841f-b0aedaf7566f => generated 246 bytes in 9 msecs (HTTP/1.1 404) 6 headers in 231 bytes (1 switches on core 0)
2026-03-18 13:05:06.518 7 INFO placement.requestlog [None req-adce2fb1-23c8-4aed-8abc-75fd342c62a5 - - - - - -] 10.0.0.135 "GET /" status: 200 len: 136 microversion: 1.0
2026-03-18 13:05:06.519 8 INFO placement.requestlog [None req-ecf5057e-3318-4426-86d7-2ff62d1f322b - - - - - -] 10.0.0.135 "GET /" status: 200 len: 136 microversion: 1.0
2026-03-18 13:05:11.081 7 INFO placement.requestlog [None req-f10e6432-475f-4590-ada0-1cdd0c048a4f d135db2a9806480e9abaf5b850e06acd d0a0cfb997e8493d84480772632c544d - - default default] 10.0.0.28 "GET /resource_providers" status: 200 len: 405 microversion: 1.0 [pid: 7|app: 0|req: 416/831] 10.0.0.28 () {28 vars in 591 bytes} [Wed Mar 18 13:05:10 2026] GET /resource_providers => generated 405 bytes in 525 msecs (HTTP/1.1 200) 6 headers in 224 bytes (1 switches on core 0)
2026-03-18 13:05:11.101 8 INFO placement.requestlog [None req-35ec1305-0f77-4406-8fa3-1d91cc1cc785 d135db2a9806480e9abaf5b850e06acd d0a0cfb997e8493d84480772632c544d - - default default] 10.0.0.28 "GET /resource_providers/1190aabd-44c8-4cf9-b98b-cc895886de51/inventories" status: 200 len: 400 microversion: 1.0 [pid: 8|app: 0|req: 416/832] 10.0.0.28 () {28 vars in 689 bytes} [Wed Mar 18 13:05:11 2026] GET /resource_providers/1190aabd-44c8-4cf9-b98b-cc895886de51/inventories => generated 400 bytes in 16 msecs (HTTP/1.1 200) 6 headers in 224 bytes (1 switches on core 0)
2026-03-18 13:05:11.129 7 INFO placement.requestlog [None req-b91e9f66-c82b-4633-aa70-16219038c0a7 d135db2a9806480e9abaf5b850e06acd d0a0cfb997e8493d84480772632c544d - - default default] 10.0.0.28 "GET /resource_providers/1190aabd-44c8-4cf9-b98b-cc895886de51/usages" status: 200 len: 88 microversion: 1.0 [pid: 7|app: 0|req: 417/833] 10.0.0.28 () {28 vars in 679 bytes} [Wed Mar 18 13:05:11 2026] GET /resource_providers/1190aabd-44c8-4cf9-b98b-cc895886de51/usages => generated 88 bytes in 23 msecs (HTTP/1.1 200) 6 headers in 223 bytes (1 switches on core 0)
2026-03-18 13:05:11.523 8 INFO placement.requestlog [req-fb428772-c3da-4dd3-8868-dd83743811b1 req-09d3245b-ac80-4470-a725-cb0cba16b014 96a1844c9d654b858ba8f85adda6143f 88c6cb99387b4244bf2fccb72e43102f - - 2738a06b20ca4d8db2e656286a27e9d1 2738a06b20ca4d8db2e656286a27e9d1] 199.19.213.216 "GET /resource_providers/1190aabd-44c8-4cf9-b98b-cc895886de51/allocations" status: 200 len: 54 microversion: 1.0 [pid: 8|app: 0|req: 417/834] 199.19.213.216 () {32 vars in 856 bytes} [Wed Mar 18 13:05:11 2026] GET /resource_providers/1190aabd-44c8-4cf9-b98b-cc895886de51/allocations => generated 54 bytes in 13 msecs (HTTP/1.1 200) 6 headers in 223 bytes (1 switches on core 0)
2026-03-18 13:05:11.555 7 INFO placement.requestlog [req-fb428772-c3da-4dd3-8868-dd83743811b1 req-da768cec-8fc4-4f42-9304-a3879148303c 96a1844c9d654b858ba8f85adda6143f 88c6cb99387b4244bf2fccb72e43102f - - 2738a06b20ca4d8db2e656286a27e9d1 2738a06b20ca4d8db2e656286a27e9d1] 199.19.213.216 "GET /resource_providers/1190aabd-44c8-4cf9-b98b-cc895886de51/allocations" status: 200 len: 54 microversion: 1.0 [pid: 7|app: 0|req: 418/835] 199.19.213.216 () {32 vars in 856 bytes} [Wed Mar 18 13:05:11 2026] GET /resource_providers/1190aabd-44c8-4cf9-b98b-cc895886de51/allocations => generated 54 bytes in 26 msecs (HTTP/1.1 200) 6 headers in 223 bytes (1 switches on core 0)
2026-03-18 13:05:16.524 8 INFO placement.requestlog [None req-17c7b7b2-55a5-4fd1-ac6c-d1d1c35c5d58 - - - - - -] 10.0.0.135 "GET /" status: 200 len: 136 microversion: 1.0
2026-03-18 13:05:16.524 7 INFO placement.requestlog [None req-e4786748-c33d-48ba-a387-782bca502e30 - - - - - -] 10.0.0.135 "GET /" status: 200 len: 136 microversion: 1.0
2026-03-18 13:05:26.517 8 INFO placement.requestlog [None req-e92806c4-89ba-48d0-bd35-da314caf3a66 - - - - - -] 10.0.0.135 "GET /" status: 200 len: 136 microversion: 1.0
2026-03-18 13:05:26.517 7 INFO placement.requestlog [None req-5e49ccb0-7b23-4dae-83ba-035bb4988d98 - - - - - -] 10.0.0.135 "GET /" status: 200 len: 136 microversion: 1.0
2026-03-18 13:05:36.519 8 INFO placement.requestlog [None req-348764d3-fde5-4d95-a8d8-1a50eeb6ca89 - - - - - -] 10.0.0.135 "GET /" status: 200 len: 136 microversion: 1.0
2026-03-18 13:05:36.520 7 INFO placement.requestlog [None req-06f2a33e-de92-48a2-a02d-3a5116ad6931 - - - - - -] 10.0.0.135 "GET /" status: 200 len: 136 microversion: 1.0
2026-03-18 13:05:38.723 8 INFO placement.requestlog [req-e66067c6-acc8-446a-bfdc-a185dc23bd2d req-545ce6be-5532-4a3a-bd1b-8b7b83d76bb4 96a1844c9d654b858ba8f85adda6143f 88c6cb99387b4244bf2fccb72e43102f - - 2738a06b20ca4d8db2e656286a27e9d1 2738a06b20ca4d8db2e656286a27e9d1] 10.0.0.90 "GET /allocation_candidates?limit=1000&resources=MEMORY_MB%3A512%2CVCPU%3A1&root_required=%21COMPUTE_STATUS_DISABLED" status: 200 len: 2428 microversion: 1.36 [pid: 8|app: 0|req: 421/842] 10.0.0.90 () {34 vars in 982 bytes} [Wed Mar 18 13:05:38 2026] GET /allocation_candidates?limit=1000&resources=MEMORY_MB%3A512%2CVCPU%3A1&root_required=%21COMPUTE_STATUS_DISABLED => generated 2428 bytes in 50 msecs (HTTP/1.1 200) 8 headers in 297 bytes (1 switches on core 0)
2026-03-18 13:05:38.750 7 INFO placement.requestlog [req-e66067c6-acc8-446a-bfdc-a185dc23bd2d req-a1f9d028-dafa-488e-a1c5-5ec1d1fea96a 96a1844c9d654b858ba8f85adda6143f 88c6cb99387b4244bf2fccb72e43102f - - 2738a06b20ca4d8db2e656286a27e9d1 2738a06b20ca4d8db2e656286a27e9d1] 10.0.0.90 "GET /allocations/99ccbcfb-f6b7-4249-954c-5ffc58f98459" status: 200 len: 19 microversion: 1.28 [pid: 7|app: 0|req: 422/843] 10.0.0.90 () {34 vars in 859 bytes} [Wed Mar 18 13:05:38 2026] GET /allocations/99ccbcfb-f6b7-4249-954c-5ffc58f98459 => generated 19 bytes in 10 msecs (HTTP/1.1 200) 8 headers in 295 bytes (1 switches on core 0)
2026-03-18 13:05:39.542 8 INFO placement.requestlog [req-e66067c6-acc8-446a-bfdc-a185dc23bd2d req-80e58d90-c54b-4fe5-8bdc-a98a7fd24115 96a1844c9d654b858ba8f85adda6143f 88c6cb99387b4244bf2fccb72e43102f - - 2738a06b20ca4d8db2e656286a27e9d1 2738a06b20ca4d8db2e656286a27e9d1] 10.0.0.90 "PUT /allocations/99ccbcfb-f6b7-4249-954c-5ffc58f98459" status: 204 len: 0 microversion: 1.36 [pid: 8|app: 0|req: 422/844] 10.0.0.90 () {38 vars in 912 bytes} [Wed Mar 18 13:05:38 2026] PUT /allocations/99ccbcfb-f6b7-4249-954c-5ffc58f98459 => generated 0 bytes in 790 msecs (HTTP/1.1 204) 5 headers in 199 bytes (1 switches on core 0)
2026-03-18 13:05:41.740 7 INFO placement.requestlog [req-e66067c6-acc8-446a-bfdc-a185dc23bd2d req-962db737-65b8-4197-adb6-c816a01fda7a 96a1844c9d654b858ba8f85adda6143f 88c6cb99387b4244bf2fccb72e43102f - - 2738a06b20ca4d8db2e656286a27e9d1 2738a06b20ca4d8db2e656286a27e9d1] 199.19.213.216 "GET /allocations/99ccbcfb-f6b7-4249-954c-5ffc58f98459" status: 200 len: 243 microversion: 1.28 [pid: 7|app: 0|req: 423/845] 199.19.213.216 () {34 vars in 862 bytes} [Wed Mar 18 13:05:41 2026] GET /allocations/99ccbcfb-f6b7-4249-954c-5ffc58f98459 => generated 243 bytes in 16 msecs (HTTP/1.1 200) 8 headers in 296 bytes (1 switches on core 0)
2026-03-18 13:05:42.788 8 INFO placement.requestlog [req-e66067c6-acc8-446a-bfdc-a185dc23bd2d req-060f95f5-d1c0-4559-86f0-6565abf27c40 96a1844c9d654b858ba8f85adda6143f 88c6cb99387b4244bf2fccb72e43102f - - 2738a06b20ca4d8db2e656286a27e9d1 2738a06b20ca4d8db2e656286a27e9d1] 199.19.213.216 "GET /resource_providers/1190aabd-44c8-4cf9-b98b-cc895886de51/allocations" status: 200 len: 138 microversion: 1.0 [pid: 8|app: 0|req: 423/846] 199.19.213.216 () {32 vars in 856 bytes} [Wed Mar 18 13:05:42 2026] GET /resource_providers/1190aabd-44c8-4cf9-b98b-cc895886de51/allocations => generated 138 bytes in 23 msecs (HTTP/1.1 200) 6 headers in 224 bytes (1 switches on core 0)
2026-03-18 13:05:42.810 7 INFO placement.requestlog [req-e66067c6-acc8-446a-bfdc-a185dc23bd2d req-0f2d154d-829c-48ee-bbaa-aa81b5c08b48 96a1844c9d654b858ba8f85adda6143f 88c6cb99387b4244bf2fccb72e43102f - - 2738a06b20ca4d8db2e656286a27e9d1 2738a06b20ca4d8db2e656286a27e9d1] 199.19.213.216 "GET /allocations/99ccbcfb-f6b7-4249-954c-5ffc58f98459" status: 200 len: 243 microversion: 1.28 [pid: 7|app: 0|req: 424/847] 199.19.213.216 () {34 vars in 862 bytes} [Wed Mar 18 13:05:42 2026] GET /allocations/99ccbcfb-f6b7-4249-954c-5ffc58f98459 => generated 243 bytes in 14 msecs (HTTP/1.1 200) 8 headers in 296 bytes (1 switches on core 0)
2026-03-18 13:05:45.229 7 INFO placement.requestlog [None req-9c3052db-512a-45cf-9baa-418005c01743 7e95769243794e7e8769275f53604b54 88c6cb99387b4244bf2fccb72e43102f - - 2738a06b20ca4d8db2e656286a27e9d1 2738a06b20ca4d8db2e656286a27e9d1] 10.0.0.183 "GET /resource_providers/b097745a-8725-4ec0-b5be-4ef6b2e37795/aggregates" status: 404 len: 235 microversion: 1.1
2026-03-18 13:05:45.231 8 INFO placement.requestlog [None req-0d9c2e00-f1ee-4854-b327-30d9197634e5 7e95769243794e7e8769275f53604b54 88c6cb99387b4244bf2fccb72e43102f - - 2738a06b20ca4d8db2e656286a27e9d1 2738a06b20ca4d8db2e656286a27e9d1] 10.0.0.183 "GET /resource_providers/b097745a-8725-4ec0-b5be-4ef6b2e37795/aggregates" status: 404 len: 235 microversion: 1.1 [pid: 8|app: 0|req: 424/848] 10.0.0.183 () {32 vars in 815 bytes} [Wed Mar 18 13:05:45 2026] GET /resource_providers/b097745a-8725-4ec0-b5be-4ef6b2e37795/aggregates => generated 235 bytes in 16 msecs (HTTP/1.1 404) 5 headers in 202 bytes (1 switches on core 0) [pid: 7|app: 0|req: 425/849] 10.0.0.183 () {32 vars in 815 bytes} [Wed Mar 18 13:05:45 2026] GET /resource_providers/b097745a-8725-4ec0-b5be-4ef6b2e37795/aggregates => generated 235 bytes in 17 msecs (HTTP/1.1 404) 5 headers in 202 bytes (1 switches on core 0)
2026-03-18 13:05:45.258 8 INFO placement.requestlog [None req-d90dc1af-bfb8-4a93-83b8-a888b685c9fd 7e95769243794e7e8769275f53604b54 88c6cb99387b4244bf2fccb72e43102f - - 2738a06b20ca4d8db2e656286a27e9d1 2738a06b20ca4d8db2e656286a27e9d1] 10.0.0.183 "DELETE /resource_providers/b097745a-8725-4ec0-b5be-4ef6b2e37795" status: 404 len: 246 microversion: 1.1 [pid: 8|app: 0|req: 425/850] 10.0.0.183 () {34 vars in 815 bytes} [Wed Mar 18 13:05:45 2026] DELETE /resource_providers/b097745a-8725-4ec0-b5be-4ef6b2e37795 => generated 246 bytes in 10 msecs (HTTP/1.1 404) 6 headers in 231 bytes (1 switches on core 0)
2026-03-18 13:05:45.276 7 INFO placement.requestlog [None req-437457c0-257a-4b89-bcac-a446d1176fe0 7e95769243794e7e8769275f53604b54 88c6cb99387b4244bf2fccb72e43102f - - 2738a06b20ca4d8db2e656286a27e9d1 2738a06b20ca4d8db2e656286a27e9d1] 10.0.0.183 "DELETE /resource_providers/b097745a-8725-4ec0-b5be-4ef6b2e37795" status: 404 len: 246 microversion: 1.1 [pid: 7|app: 0|req: 426/851] 10.0.0.183 () {34 vars in 815 bytes} [Wed Mar 18 13:05:45 2026] DELETE /resource_providers/b097745a-8725-4ec0-b5be-4ef6b2e37795 => generated 246 bytes in 14 msecs (HTTP/1.1 404) 6 headers in 231 bytes (1 switches on core 0)
2026-03-18 13:05:46.517 8 INFO placement.requestlog [None req-1cb036b8-4082-41a2-972b-2fb5a645e725 - - - - - -] 10.0.0.135 "GET /" status: 200 len: 136 microversion: 1.0
2026-03-18 13:05:46.519 7 INFO placement.requestlog [None req-eebe5a11-71c2-48fd-b456-d95e26cc5ef5 - - - - - -] 10.0.0.135 "GET /" status: 200 len: 136 microversion: 1.0
2026-03-18 13:05:47.275 8 INFO placement.requestlog [None req-3773f861-d4e4-4875-bcfa-e26630d489f6 7e95769243794e7e8769275f53604b54 88c6cb99387b4244bf2fccb72e43102f - - 2738a06b20ca4d8db2e656286a27e9d1 2738a06b20ca4d8db2e656286a27e9d1] 10.0.0.183 "GET /resource_providers/e4fb66c3-ccb6-45df-b0f6-947c52570e8d/aggregates" status: 404 len: 235 microversion: 1.1 [pid: 8|app: 0|req: 427/854] 10.0.0.183 () {32 vars in 815 bytes} [Wed Mar 18 13:05:47 2026] GET /resource_providers/e4fb66c3-ccb6-45df-b0f6-947c52570e8d/aggregates => generated 235 bytes in 11 msecs (HTTP/1.1 404) 5 headers in 202 bytes (1 switches on core 0)
2026-03-18 13:05:47.301 8 INFO placement.requestlog [None req-66ccea86-ec33-4036-a846-bf06d885da54 7e95769243794e7e8769275f53604b54 88c6cb99387b4244bf2fccb72e43102f - - 2738a06b20ca4d8db2e656286a27e9d1 2738a06b20ca4d8db2e656286a27e9d1] 10.0.0.183 "GET /resource_providers/e4fb66c3-ccb6-45df-b0f6-947c52570e8d/aggregates" status: 404 len: 235 microversion: 1.1
2026-03-18 13:05:47.302 7 INFO placement.requestlog [None req-047afd0c-ebe4-4558-b7a7-ff5941e7afb4 7e95769243794e7e8769275f53604b54 88c6cb99387b4244bf2fccb72e43102f - - 2738a06b20ca4d8db2e656286a27e9d1 2738a06b20ca4d8db2e656286a27e9d1] 10.0.0.183 "DELETE /resource_providers/e4fb66c3-ccb6-45df-b0f6-947c52570e8d" status: 404 len: 246 microversion: 1.1 [pid: 7|app: 0|req: 428/855] 10.0.0.183 () {34 vars in 815 bytes} [Wed Mar 18 13:05:47 2026] DELETE /resource_providers/e4fb66c3-ccb6-45df-b0f6-947c52570e8d => generated 246 bytes in 12 msecs (HTTP/1.1 404) 6 headers in 231 bytes (1 switches on core 0) [pid: 8|app: 0|req: 428/856] 10.0.0.183 () {32 vars in 815 bytes} [Wed Mar 18 13:05:47 2026] GET /resource_providers/e4fb66c3-ccb6-45df-b0f6-947c52570e8d/aggregates => generated 235 bytes in 11 msecs (HTTP/1.1 404) 5 headers in 202 bytes (1 switches on core 0)
2026-03-18 13:05:47.327 7 INFO placement.requestlog [None req-e4a59c8b-04f7-4a54-beef-19eabe31cb77 7e95769243794e7e8769275f53604b54 88c6cb99387b4244bf2fccb72e43102f - - 2738a06b20ca4d8db2e656286a27e9d1 2738a06b20ca4d8db2e656286a27e9d1] 10.0.0.183 "DELETE /resource_providers/e4fb66c3-ccb6-45df-b0f6-947c52570e8d" status: 404 len: 246 microversion: 1.1 [pid: 7|app: 0|req: 429/857] 10.0.0.183 () {34 vars in 815 bytes} [Wed Mar 18 13:05:47 2026] DELETE /resource_providers/e4fb66c3-ccb6-45df-b0f6-947c52570e8d => generated 246 bytes in 13 msecs (HTTP/1.1 404) 6 headers in 231 bytes (1 switches on core 0)
