2026-06-24 19:15:04.959 8 INFO placement.requestlog [req-c7a95a2d-22cf-4b4b-9460-c67b17b2fe01 req-5ceda210-0889-41bb-8b29-85b641125824 a09b1b07971046f3800132e4cf966c6c 580969bc14f8400287599d487078a569 - - 910a765bc4084786901456523978b307 910a765bc4084786901456523978b307] 199.19.213.188 "GET /resource_providers/3eb1c506-516e-4d1a-bbe2-0e882390f1f9/allocations" status: 200 len: 253 microversion: 1.0 [pid: 8|app: 0|req: 456/920] 199.19.213.188 () {32 vars in 857 bytes} [Wed Jun 24 19:15:04 2026] GET /resource_providers/3eb1c506-516e-4d1a-bbe2-0e882390f1f9/allocations => generated 253 bytes in 25 msecs (HTTP/1.1 200) 6 headers in 224 bytes (1 switches on core 0)
2026-06-24 19:15:04.980 7 INFO placement.requestlog [req-c7a95a2d-22cf-4b4b-9460-c67b17b2fe01 req-130640f9-a508-4683-9516-0e5a4caed0e4 a09b1b07971046f3800132e4cf966c6c 580969bc14f8400287599d487078a569 - - 910a765bc4084786901456523978b307 910a765bc4084786901456523978b307] 199.19.213.188 "GET /allocations/516ad613-f9c0-4997-b7a4-8f59a4294568" status: 200 len: 258 microversion: 1.28 [pid: 7|app: 0|req: 465/921] 199.19.213.188 () {34 vars in 863 bytes} [Wed Jun 24 19:15:04 2026] GET /allocations/516ad613-f9c0-4997-b7a4-8f59a4294568 => generated 258 bytes in 15 msecs (HTTP/1.1 200) 8 headers in 296 bytes (1 switches on core 0)
2026-06-24 19:15:05.000 8 INFO placement.requestlog [req-c7a95a2d-22cf-4b4b-9460-c67b17b2fe01 req-6800f48a-81ab-42a9-ae79-15f7d3d12daa a09b1b07971046f3800132e4cf966c6c 580969bc14f8400287599d487078a569 - - 910a765bc4084786901456523978b307 910a765bc4084786901456523978b307] 199.19.213.188 "GET /allocations/f967bfc0-096a-4d00-970c-aa6e0a20d05d" status: 200 len: 258 microversion: 1.28 [pid: 8|app: 0|req: 457/922] 199.19.213.188 () {34 vars in 863 bytes} [Wed Jun 24 19:15:04 2026] GET /allocations/f967bfc0-096a-4d00-970c-aa6e0a20d05d => generated 258 bytes in 14 msecs (HTTP/1.1 200) 8 headers in 296 bytes (1 switches on core 0)
2026-06-24 19:15:05.235 7 INFO placement.requestlog [None req-2e94693d-235d-4ab9-8549-d1e48152b7c9 - - - - - -] 10.0.0.150 "GET /" status: 200 len: 136 microversion: 1.0
2026-06-24 19:15:05.235 8 INFO placement.requestlog [None req-d1f03789-1f47-4f15-af26-83a233cee8d9 - - - - - -] 10.0.0.150 "GET /" status: 200 len: 136 microversion: 1.0
2026-06-24 19:15:06.046 8 INFO placement.requestlog [req-c7a95a2d-22cf-4b4b-9460-c67b17b2fe01 req-2b944020-3599-4b18-a2f9-b089758c636c a09b1b07971046f3800132e4cf966c6c 580969bc14f8400287599d487078a569 - - 910a765bc4084786901456523978b307 910a765bc4084786901456523978b307] 199.19.213.188 "DELETE /allocations/f967bfc0-096a-4d00-970c-aa6e0a20d05d" status: 204 len: 0 microversion: 1.0 [pid: 8|app: 0|req: 459/925] 199.19.213.188 () {34 vars in 841 bytes} [Wed Jun 24 19:15:06 2026] DELETE /allocations/f967bfc0-096a-4d00-970c-aa6e0a20d05d => generated 0 bytes in 23 msecs (HTTP/1.1 204) 5 headers in 198 bytes (1 switches on core 0)
2026-06-24 19:15:09.191 7 INFO placement.requestlog [None req-155d2285-b4a2-448b-b7e8-4cb9eea2319e d5486411de784e3f837110e9f3e1f2e8 580969bc14f8400287599d487078a569 - - 910a765bc4084786901456523978b307 910a765bc4084786901456523978b307] 10.0.0.194 "GET /resource_providers/ddc2382e-17ef-4a26-8b4a-5ef7fa6a8ee3/aggregates" status: 404 len: 235 microversion: 1.1 [pid: 7|app: 0|req: 467/926] 10.0.0.194 () {32 vars in 816 bytes} [Wed Jun 24 19:15:09 2026] GET /resource_providers/ddc2382e-17ef-4a26-8b4a-5ef7fa6a8ee3/aggregates => generated 235 bytes in 9 msecs (HTTP/1.1 404) 5 headers in 202 bytes (1 switches on core 0)
2026-06-24 19:15:09.193 8 INFO placement.requestlog [None req-f4f61ab5-bdfa-40f6-ba9b-1fa65d7e3bba d5486411de784e3f837110e9f3e1f2e8 580969bc14f8400287599d487078a569 - - 910a765bc4084786901456523978b307 910a765bc4084786901456523978b307] 10.0.0.194 "GET /resource_providers/ddc2382e-17ef-4a26-8b4a-5ef7fa6a8ee3/aggregates" status: 404 len: 235 microversion: 1.1 [pid: 8|app: 0|req: 460/927] 10.0.0.194 () {32 vars in 816 bytes} [Wed Jun 24 19:15:09 2026] GET /resource_providers/ddc2382e-17ef-4a26-8b4a-5ef7fa6a8ee3/aggregates => generated 235 bytes in 9 msecs (HTTP/1.1 404) 5 headers in 202 bytes (1 switches on core 0)
2026-06-24 19:15:09.215 8 INFO placement.requestlog [None req-db39afc3-fa5d-49e6-b2b9-8dfda98f9112 d5486411de784e3f837110e9f3e1f2e8 580969bc14f8400287599d487078a569 - - 910a765bc4084786901456523978b307 910a765bc4084786901456523978b307] 10.0.0.194 "DELETE /resource_providers/ddc2382e-17ef-4a26-8b4a-5ef7fa6a8ee3" status: 404 len: 246 microversion: 1.1 [pid: 8|app: 0|req: 461/928] 10.0.0.194 () {34 vars in 816 bytes} [Wed Jun 24 19:15:09 2026] DELETE /resource_providers/ddc2382e-17ef-4a26-8b4a-5ef7fa6a8ee3 => generated 246 bytes in 7 msecs (HTTP/1.1 404) 6 headers in 231 bytes (1 switches on core 0)
2026-06-24 19:15:09.221 7 INFO placement.requestlog [None req-a42a1b3f-b50a-47f3-b3a5-70a746be5af8 d5486411de784e3f837110e9f3e1f2e8 580969bc14f8400287599d487078a569 - - 910a765bc4084786901456523978b307 910a765bc4084786901456523978b307] 10.0.0.194 "DELETE /resource_providers/ddc2382e-17ef-4a26-8b4a-5ef7fa6a8ee3" status: 404 len: 246 microversion: 1.1 [pid: 7|app: 0|req: 468/929] 10.0.0.194 () {34 vars in 816 bytes} [Wed Jun 24 19:15:09 2026] DELETE /resource_providers/ddc2382e-17ef-4a26-8b4a-5ef7fa6a8ee3 => generated 246 bytes in 13 msecs (HTTP/1.1 404) 6 headers in 231 bytes (1 switches on core 0)
2026-06-24 19:15:09.822 8 INFO placement.requestlog [req-6d93bc6c-e3b7-4cf3-9561-90fb64112718 req-9ef3fd2e-d20f-48b7-b82a-21eb3d31d093 a09b1b07971046f3800132e4cf966c6c 580969bc14f8400287599d487078a569 - - 910a765bc4084786901456523978b307 910a765bc4084786901456523978b307] 199.19.213.188 "GET /resource_providers/3eb1c506-516e-4d1a-bbe2-0e882390f1f9/allocations" status: 200 len: 153 microversion: 1.0 [pid: 8|app: 0|req: 462/930] 199.19.213.188 () {32 vars in 857 bytes} [Wed Jun 24 19:15:09 2026] GET /resource_providers/3eb1c506-516e-4d1a-bbe2-0e882390f1f9/allocations => generated 153 bytes in 17 msecs (HTTP/1.1 200) 6 headers in 224 bytes (1 switches on core 0)
2026-06-24 19:15:09.847 7 INFO placement.requestlog [req-6d93bc6c-e3b7-4cf3-9561-90fb64112718 req-960b1c17-5969-4afd-b7ac-49863d62944a a09b1b07971046f3800132e4cf966c6c 580969bc14f8400287599d487078a569 - - 910a765bc4084786901456523978b307 910a765bc4084786901456523978b307] 199.19.213.188 "GET /allocations/516ad613-f9c0-4997-b7a4-8f59a4294568" status: 200 len: 258 microversion: 1.28 [pid: 7|app: 0|req: 469/931] 199.19.213.188 () {34 vars in 863 bytes} [Wed Jun 24 19:15:09 2026] GET /allocations/516ad613-f9c0-4997-b7a4-8f59a4294568 => generated 258 bytes in 23 msecs (HTTP/1.1 200) 8 headers in 296 bytes (1 switches on core 0)
2026-06-24 19:15:10.898 8 INFO placement.requestlog [req-6d93bc6c-e3b7-4cf3-9561-90fb64112718 req-10a46957-4c2a-45e2-8d06-0ea5f913bf14 a09b1b07971046f3800132e4cf966c6c 580969bc14f8400287599d487078a569 - - 910a765bc4084786901456523978b307 910a765bc4084786901456523978b307] 199.19.213.188 "DELETE /allocations/516ad613-f9c0-4997-b7a4-8f59a4294568" status: 204 len: 0 microversion: 1.0 [pid: 8|app: 0|req: 463/932] 199.19.213.188 () {34 vars in 841 bytes} [Wed Jun 24 19:15:10 2026] DELETE /allocations/516ad613-f9c0-4997-b7a4-8f59a4294568 => generated 0 bytes in 26 msecs (HTTP/1.1 204) 5 headers in 198 bytes (1 switches on core 0)
2026-06-24 19:15:14.859 7 INFO placement.requestlog [None req-a0b34247-f2f4-4e61-8c14-31013b802ed3 d5486411de784e3f837110e9f3e1f2e8 580969bc14f8400287599d487078a569 - - 910a765bc4084786901456523978b307 910a765bc4084786901456523978b307] 10.0.0.194 "GET /resource_providers/6ab3653d-edeb-43ea-a8de-fc68e238e9bc/aggregates" status: 404 len: 235 microversion: 1.1 [pid: 7|app: 0|req: 470/933] 10.0.0.194 () {32 vars in 816 bytes} [Wed Jun 24 19:15:14 2026] GET /resource_providers/6ab3653d-edeb-43ea-a8de-fc68e238e9bc/aggregates => generated 235 bytes in 10 msecs (HTTP/1.1 404) 5 headers in 202 bytes (1 switches on core 0)
2026-06-24 19:15:14.872 8 INFO placement.requestlog [None req-60bed5da-421f-4fb0-a68f-70fad8536cac d5486411de784e3f837110e9f3e1f2e8 580969bc14f8400287599d487078a569 - - 910a765bc4084786901456523978b307 910a765bc4084786901456523978b307] 10.0.0.194 "GET /resource_providers/6ab3653d-edeb-43ea-a8de-fc68e238e9bc/aggregates" status: 404 len: 235 microversion: 1.1 [pid: 8|app: 0|req: 464/934] 10.0.0.194 () {32 vars in 816 bytes} [Wed Jun 24 19:15:14 2026] GET /resource_providers/6ab3653d-edeb-43ea-a8de-fc68e238e9bc/aggregates => generated 235 bytes in 12 msecs (HTTP/1.1 404) 5 headers in 202 bytes (1 switches on core 0)
2026-06-24 19:15:14.885 7 INFO placement.requestlog [None req-f32a1dd1-9557-45dd-b7d7-012d6a674036 d5486411de784e3f837110e9f3e1f2e8 580969bc14f8400287599d487078a569 - - 910a765bc4084786901456523978b307 910a765bc4084786901456523978b307] 10.0.0.194 "DELETE /resource_providers/6ab3653d-edeb-43ea-a8de-fc68e238e9bc" status: 404 len: 246 microversion: 1.1 [pid: 7|app: 0|req: 471/935] 10.0.0.194 () {34 vars in 816 bytes} [Wed Jun 24 19:15:14 2026] DELETE /resource_providers/6ab3653d-edeb-43ea-a8de-fc68e238e9bc => generated 246 bytes in 13 msecs (HTTP/1.1 404) 6 headers in 231 bytes (1 switches on core 0)
2026-06-24 19:15:14.894 8 INFO placement.requestlog [None req-261ab94b-796d-4622-9b7a-1a9c71885abd d5486411de784e3f837110e9f3e1f2e8 580969bc14f8400287599d487078a569 - - 910a765bc4084786901456523978b307 910a765bc4084786901456523978b307] 10.0.0.194 "DELETE /resource_providers/6ab3653d-edeb-43ea-a8de-fc68e238e9bc" status: 404 len: 246 microversion: 1.1 [pid: 8|app: 0|req: 465/936] 10.0.0.194 () {34 vars in 816 bytes} [Wed Jun 24 19:15:14 2026] DELETE /resource_providers/6ab3653d-edeb-43ea-a8de-fc68e238e9bc => generated 246 bytes in 9 msecs (HTTP/1.1 404) 6 headers in 231 bytes (1 switches on core 0)
2026-06-24 19:15:15.235 8 INFO placement.requestlog [None req-3719b766-bcd5-494a-bd2e-e40ebeb67f31 - - - - - -] 10.0.0.150 "GET /" status: 200 len: 136 microversion: 1.0
2026-06-24 19:15:15.236 7 INFO placement.requestlog [None req-ea84858f-2484-46ef-ad5b-72496ae4fc04 - - - - - -] 10.0.0.150 "GET /" status: 200 len: 136 microversion: 1.0
2026-06-24 19:15:17.068 8 INFO placement.requestlog [None req-2ce7f409-fb74-40da-86de-383ba73074d2 d5486411de784e3f837110e9f3e1f2e8 580969bc14f8400287599d487078a569 - - 910a765bc4084786901456523978b307 910a765bc4084786901456523978b307] 10.0.0.194 "GET /resource_providers/7cb35ff8-97f2-41b8-b6b9-c2e932152a09/aggregates" status: 404 len: 235 microversion: 1.1 [pid: 8|app: 0|req: 467/939] 10.0.0.194 () {32 vars in 816 bytes} [Wed Jun 24 19:15:17 2026] GET /resource_providers/7cb35ff8-97f2-41b8-b6b9-c2e932152a09/aggregates => generated 235 bytes in 9 msecs (HTTP/1.1 404) 5 headers in 202 bytes (1 switches on core 0)
2026-06-24 19:15:17.070 7 INFO placement.requestlog [None req-0926cfb1-1b53-40c1-a7d7-f4f40d2a940a d5486411de784e3f837110e9f3e1f2e8 580969bc14f8400287599d487078a569 - - 910a765bc4084786901456523978b307 910a765bc4084786901456523978b307] 10.0.0.194 "GET /resource_providers/7cb35ff8-97f2-41b8-b6b9-c2e932152a09/aggregates" status: 404 len: 235 microversion: 1.1 [pid: 7|app: 0|req: 473/940] 10.0.0.194 () {32 vars in 816 bytes} [Wed Jun 24 19:15:17 2026] GET /resource_providers/7cb35ff8-97f2-41b8-b6b9-c2e932152a09/aggregates => generated 235 bytes in 11 msecs (HTTP/1.1 404) 5 headers in 202 bytes (1 switches on core 0)
2026-06-24 19:15:17.088 7 INFO placement.requestlog [None req-291e815c-5d77-4cab-bcd4-b3cd534bf6d0 d5486411de784e3f837110e9f3e1f2e8 580969bc14f8400287599d487078a569 - - 910a765bc4084786901456523978b307 910a765bc4084786901456523978b307] 10.0.0.194 "DELETE /resource_providers/7cb35ff8-97f2-41b8-b6b9-c2e932152a09" status: 404 len: 246 microversion: 1.1 [pid: 7|app: 0|req: 474/941] 10.0.0.194 () {34 vars in 816 bytes} [Wed Jun 24 19:15:17 2026] DELETE /resource_providers/7cb35ff8-97f2-41b8-b6b9-c2e932152a09 => generated 246 bytes in 9 msecs (HTTP/1.1 404) 6 headers in 231 bytes (1 switches on core 0)
2026-06-24 19:15:17.089 8 INFO placement.requestlog [None req-4904bffc-2a60-41c1-ba75-3cde8c855ddd d5486411de784e3f837110e9f3e1f2e8 580969bc14f8400287599d487078a569 - - 910a765bc4084786901456523978b307 910a765bc4084786901456523978b307] 10.0.0.194 "DELETE /resource_providers/7cb35ff8-97f2-41b8-b6b9-c2e932152a09" status: 404 len: 246 microversion: 1.1 [pid: 8|app: 0|req: 468/942] 10.0.0.194 () {34 vars in 816 bytes} [Wed Jun 24 19:15:17 2026] DELETE /resource_providers/7cb35ff8-97f2-41b8-b6b9-c2e932152a09 => generated 246 bytes in 10 msecs (HTTP/1.1 404) 6 headers in 231 bytes (1 switches on core 0)
2026-06-24 19:15:19.107 7 INFO placement.requestlog [None req-aec8210b-b70a-4de5-bbd4-771d956a369c d5486411de784e3f837110e9f3e1f2e8 580969bc14f8400287599d487078a569 - - 910a765bc4084786901456523978b307 910a765bc4084786901456523978b307] 10.0.0.194 "GET /resource_providers/c8b1ae06-79fb-4b85-94bf-ba5b0c585b0f/aggregates" status: 404 len: 235 microversion: 1.1 [pid: 7|app: 0|req: 475/943] 10.0.0.194 () {32 vars in 816 bytes} [Wed Jun 24 19:15:19 2026] GET /resource_providers/c8b1ae06-79fb-4b85-94bf-ba5b0c585b0f/aggregates => generated 235 bytes in 8 msecs (HTTP/1.1 404) 5 headers in 202 bytes (1 switches on core 0)
2026-06-24 19:15:19.109 8 INFO placement.requestlog [None req-ac17e91e-00e5-4860-8982-efbaf496d43c d5486411de784e3f837110e9f3e1f2e8 580969bc14f8400287599d487078a569 - - 910a765bc4084786901456523978b307 910a765bc4084786901456523978b307] 10.0.0.194 "GET /resource_providers/c8b1ae06-79fb-4b85-94bf-ba5b0c585b0f/aggregates" status: 404 len: 235 microversion: 1.1 [pid: 8|app: 0|req: 469/944] 10.0.0.194 () {32 vars in 816 bytes} [Wed Jun 24 19:15:19 2026] GET /resource_providers/c8b1ae06-79fb-4b85-94bf-ba5b0c585b0f/aggregates => generated 235 bytes in 8 msecs (HTTP/1.1 404) 5 headers in 202 bytes (1 switches on core 0)
2026-06-24 19:15:19.123 7 INFO placement.requestlog [None req-ff0ddc87-ff85-4cb6-ac17-482b5cf5da4f d5486411de784e3f837110e9f3e1f2e8 580969bc14f8400287599d487078a569 - - 910a765bc4084786901456523978b307 910a765bc4084786901456523978b307] 10.0.0.194 "DELETE /resource_providers/c8b1ae06-79fb-4b85-94bf-ba5b0c585b0f" status: 404 len: 246 microversion: 1.1 [pid: 7|app: 0|req: 476/945] 10.0.0.194 () {34 vars in 816 bytes} [Wed Jun 24 19:15:19 2026] DELETE /resource_providers/c8b1ae06-79fb-4b85-94bf-ba5b0c585b0f => generated 246 bytes in 7 msecs (HTTP/1.1 404) 6 headers in 231 bytes (1 switches on core 0)
2026-06-24 19:15:19.124 8 INFO placement.requestlog [None req-0299d9ea-cd72-4949-aa65-5dd5e0d3561f d5486411de784e3f837110e9f3e1f2e8 580969bc14f8400287599d487078a569 - - 910a765bc4084786901456523978b307 910a765bc4084786901456523978b307] 10.0.0.194 "DELETE /resource_providers/c8b1ae06-79fb-4b85-94bf-ba5b0c585b0f" status: 404 len: 246 microversion: 1.1 [pid: 8|app: 0|req: 470/946] 10.0.0.194 () {34 vars in 816 bytes} [Wed Jun 24 19:15:19 2026] DELETE /resource_providers/c8b1ae06-79fb-4b85-94bf-ba5b0c585b0f => generated 246 bytes in 7 msecs (HTTP/1.1 404) 6 headers in 231 bytes (1 switches on core 0)
2026-06-24 19:15:21.745 7 INFO placement.requestlog [None req-70685f94-10a3-4153-88c0-2649c20a9032 d5486411de784e3f837110e9f3e1f2e8 580969bc14f8400287599d487078a569 - - 910a765bc4084786901456523978b307 910a765bc4084786901456523978b307] 10.0.0.194 "GET /resource_providers/78be859e-c5af-461f-97fe-c51cb9e8dc3b/aggregates" status: 404 len: 235 microversion: 1.1 [pid: 7|app: 0|req: 477/947] 10.0.0.194 () {32 vars in 816 bytes} [Wed Jun 24 19:15:21 2026] GET /resource_providers/78be859e-c5af-461f-97fe-c51cb9e8dc3b/aggregates => generated 235 bytes in 10 msecs (HTTP/1.1 404) 5 headers in 202 bytes (1 switches on core 0)
2026-06-24 19:15:21.745 8 INFO placement.requestlog [None req-19fcd7c6-e588-4fe9-ad89-b6ac4f0b2cd0 d5486411de784e3f837110e9f3e1f2e8 580969bc14f8400287599d487078a569 - - 910a765bc4084786901456523978b307 910a765bc4084786901456523978b307] 10.0.0.194 "GET /resource_providers/78be859e-c5af-461f-97fe-c51cb9e8dc3b/aggregates" status: 404 len: 235 microversion: 1.1 [pid: 8|app: 0|req: 471/948] 10.0.0.194 () {32 vars in 816 bytes} [Wed Jun 24 19:15:21 2026] GET /resource_providers/78be859e-c5af-461f-97fe-c51cb9e8dc3b/aggregates => generated 235 bytes in 10 msecs (HTTP/1.1 404) 5 headers in 202 bytes (1 switches on core 0)
2026-06-24 19:15:21.773 7 INFO placement.requestlog [None req-3d21cb6e-2d4b-4643-ab9f-31b134502168 d5486411de784e3f837110e9f3e1f2e8 580969bc14f8400287599d487078a569 - - 910a765bc4084786901456523978b307 910a765bc4084786901456523978b307] 10.0.0.194 "DELETE /resource_providers/78be859e-c5af-461f-97fe-c51cb9e8dc3b" status: 404 len: 246 microversion: 1.1 [pid: 7|app: 0|req: 478/949] 10.0.0.194 () {34 vars in 816 bytes} [Wed Jun 24 19:15:21 2026] DELETE /resource_providers/78be859e-c5af-461f-97fe-c51cb9e8dc3b => generated 246 bytes in 15 msecs (HTTP/1.1 404) 6 headers in 231 bytes (1 switches on core 0)
2026-06-24 19:15:21.776 8 INFO placement.requestlog [None req-b5db574e-89e7-41d8-9418-3364850133e8 d5486411de784e3f837110e9f3e1f2e8 580969bc14f8400287599d487078a569 - - 910a765bc4084786901456523978b307 910a765bc4084786901456523978b307] 10.0.0.194 "DELETE /resource_providers/78be859e-c5af-461f-97fe-c51cb9e8dc3b" status: 404 len: 246 microversion: 1.1 [pid: 8|app: 0|req: 472/950] 10.0.0.194 () {34 vars in 816 bytes} [Wed Jun 24 19:15:21 2026] DELETE /resource_providers/78be859e-c5af-461f-97fe-c51cb9e8dc3b => generated 246 bytes in 12 msecs (HTTP/1.1 404) 6 headers in 231 bytes (1 switches on core 0)
2026-06-24 19:15:25.236 7 INFO placement.requestlog [None req-a2ac4e0a-876d-4a03-8d63-47396610b911 - - - - - -] 10.0.0.150 "GET /" status: 200 len: 136 microversion: 1.0
2026-06-24 19:15:25.236 8 INFO placement.requestlog [None req-33a420cc-513e-4686-91be-cec6a0cf356d - - - - - -] 10.0.0.150 "GET /" status: 200 len: 136 microversion: 1.0
2026-06-24 19:15:31.398 7 INFO placement.requestlog [req-877b8858-b587-4ce8-9f36-c3f31d3298c3 req-daf49d4d-fd31-4b86-bc7e-228afc4517a6 a09b1b07971046f3800132e4cf966c6c 580969bc14f8400287599d487078a569 - - 910a765bc4084786901456523978b307 910a765bc4084786901456523978b307] 199.19.213.188 "GET /resource_providers/3eb1c506-516e-4d1a-bbe2-0e882390f1f9/allocations" status: 200 len: 55 microversion: 1.0 [pid: 7|app: 0|req: 480/953] 199.19.213.188 () {32 vars in 857 bytes} [Wed Jun 24 19:15:31 2026] GET /resource_providers/3eb1c506-516e-4d1a-bbe2-0e882390f1f9/allocations => generated 55 bytes in 15 msecs (HTTP/1.1 200) 6 headers in 223 bytes (1 switches on core 0)
2026-06-24 19:15:31.416 8 INFO placement.requestlog [req-877b8858-b587-4ce8-9f36-c3f31d3298c3 req-3389af5e-ecf1-43f6-9ec8-6a2b343b0b49 a09b1b07971046f3800132e4cf966c6c 580969bc14f8400287599d487078a569 - - 910a765bc4084786901456523978b307 910a765bc4084786901456523978b307] 199.19.213.188 "GET /resource_providers/3eb1c506-516e-4d1a-bbe2-0e882390f1f9/allocations" status: 200 len: 55 microversion: 1.0 [pid: 8|app: 0|req: 474/954] 199.19.213.188 () {32 vars in 857 bytes} [Wed Jun 24 19:15:31 2026] GET /resource_providers/3eb1c506-516e-4d1a-bbe2-0e882390f1f9/allocations => generated 55 bytes in 12 msecs (HTTP/1.1 200) 6 headers in 223 bytes (1 switches on core 0)
2026-06-24 19:15:32.256 7 INFO placement.requestlog [None req-d1c38772-6cd2-470c-b9a7-9c751a563953 d5486411de784e3f837110e9f3e1f2e8 580969bc14f8400287599d487078a569 - - 910a765bc4084786901456523978b307 910a765bc4084786901456523978b307] 10.0.0.194 "GET /resource_providers/8b43e89a-5971-4bdc-afba-a0da231ca031/aggregates" status: 404 len: 235 microversion: 1.1 [pid: 7|app: 0|req: 481/955] 10.0.0.194 () {32 vars in 816 bytes} [Wed Jun 24 19:15:32 2026] GET /resource_providers/8b43e89a-5971-4bdc-afba-a0da231ca031/aggregates => generated 235 bytes in 9 msecs (HTTP/1.1 404) 5 headers in 202 bytes (1 switches on core 0)
2026-06-24 19:15:32.257 8 INFO placement.requestlog [None req-b8610ff0-13b6-42dd-bba4-fe2b4538eba9 d5486411de784e3f837110e9f3e1f2e8 580969bc14f8400287599d487078a569 - - 910a765bc4084786901456523978b307 910a765bc4084786901456523978b307] 10.0.0.194 "GET /resource_providers/8b43e89a-5971-4bdc-afba-a0da231ca031/aggregates" status: 404 len: 235 microversion: 1.1 [pid: 8|app: 0|req: 475/956] 10.0.0.194 () {32 vars in 816 bytes} [Wed Jun 24 19:15:32 2026] GET /resource_providers/8b43e89a-5971-4bdc-afba-a0da231ca031/aggregates => generated 235 bytes in 10 msecs (HTTP/1.1 404) 5 headers in 202 bytes (1 switches on core 0)
2026-06-24 19:15:32.281 7 INFO placement.requestlog [None req-9d96e643-0e63-4dda-9cfd-cccdbb033629 d5486411de784e3f837110e9f3e1f2e8 580969bc14f8400287599d487078a569 - - 910a765bc4084786901456523978b307 910a765bc4084786901456523978b307] 10.0.0.194 "DELETE /resource_providers/8b43e89a-5971-4bdc-afba-a0da231ca031" status: 404 len: 246 microversion: 1.1 [pid: 7|app: 0|req: 482/957] 10.0.0.194 () {34 vars in 816 bytes} [Wed Jun 24 19:15:32 2026] DELETE /resource_providers/8b43e89a-5971-4bdc-afba-a0da231ca031 => generated 246 bytes in 9 msecs (HTTP/1.1 404) 6 headers in 231 bytes (1 switches on core 0)
2026-06-24 19:15:32.285 8 INFO placement.requestlog [None req-e4ca0272-f7a9-4707-a1dc-ea7db3d3a75e d5486411de784e3f837110e9f3e1f2e8 580969bc14f8400287599d487078a569 - - 910a765bc4084786901456523978b307 910a765bc4084786901456523978b307] 10.0.0.194 "DELETE /resource_providers/8b43e89a-5971-4bdc-afba-a0da231ca031" status: 404 len: 246 microversion: 1.1 [pid: 8|app: 0|req: 476/958] 10.0.0.194 () {34 vars in 816 bytes} [Wed Jun 24 19:15:32 2026] DELETE /resource_providers/8b43e89a-5971-4bdc-afba-a0da231ca031 => generated 246 bytes in 10 msecs (HTTP/1.1 404) 6 headers in 231 bytes (1 switches on core 0)
2026-06-24 19:15:33.026 7 INFO placement.requestlog [None req-8b4708f1-a22e-4491-b43e-a93b56159987 d5486411de784e3f837110e9f3e1f2e8 580969bc14f8400287599d487078a569 - - 910a765bc4084786901456523978b307 910a765bc4084786901456523978b307] 10.0.0.194 "GET /resource_providers/c18411c4-6188-4aa7-9970-7f4f814a690d/aggregates" status: 404 len: 235 microversion: 1.1
2026-06-24 19:15:33.026 8 INFO placement.requestlog [None req-e9cf9d03-71db-4a61-adef-9afb1b230950 d5486411de784e3f837110e9f3e1f2e8 580969bc14f8400287599d487078a569 - - 910a765bc4084786901456523978b307 910a765bc4084786901456523978b307] 10.0.0.194 "GET /resource_providers/c18411c4-6188-4aa7-9970-7f4f814a690d/aggregates" status: 404 len: 235 microversion: 1.1 [pid: 7|app: 0|req: 483/959] 10.0.0.194 () {32 vars in 816 bytes} [Wed Jun 24 19:15:33 2026] GET /resource_providers/c18411c4-6188-4aa7-9970-7f4f814a690d/aggregates => generated 235 bytes in 10 msecs (HTTP/1.1 404) 5 headers in 202 bytes (1 switches on core 0) [pid: 8|app: 0|req: 477/960] 10.0.0.194 () {32 vars in 816 bytes} [Wed Jun 24 19:15:33 2026] GET /resource_providers/c18411c4-6188-4aa7-9970-7f4f814a690d/aggregates => generated 235 bytes in 10 msecs (HTTP/1.1 404) 5 headers in 202 bytes (1 switches on core 0)
2026-06-24 19:15:33.050 7 INFO placement.requestlog [None req-285f0e22-e884-4103-993b-33b3b6679d49 d5486411de784e3f837110e9f3e1f2e8 580969bc14f8400287599d487078a569 - - 910a765bc4084786901456523978b307 910a765bc4084786901456523978b307] 10.0.0.194 "DELETE /resource_providers/c18411c4-6188-4aa7-9970-7f4f814a690d" status: 404 len: 246 microversion: 1.1 [pid: 7|app: 0|req: 484/961] 10.0.0.194 () {34 vars in 816 bytes} [Wed Jun 24 19:15:33 2026] DELETE /resource_providers/c18411c4-6188-4aa7-9970-7f4f814a690d => generated 246 bytes in 10 msecs (HTTP/1.1 404) 6 headers in 231 bytes (1 switches on core 0)
2026-06-24 19:15:33.055 8 INFO placement.requestlog [None req-a4efc2fe-0f33-488b-ad78-2c423d7974ff d5486411de784e3f837110e9f3e1f2e8 580969bc14f8400287599d487078a569 - - 910a765bc4084786901456523978b307 910a765bc4084786901456523978b307] 10.0.0.194 "DELETE /resource_providers/c18411c4-6188-4aa7-9970-7f4f814a690d" status: 404 len: 246 microversion: 1.1 [pid: 8|app: 0|req: 478/962] 10.0.0.194 () {34 vars in 816 bytes} [Wed Jun 24 19:15:33 2026] DELETE /resource_providers/c18411c4-6188-4aa7-9970-7f4f814a690d => generated 246 bytes in 13 msecs (HTTP/1.1 404) 6 headers in 231 bytes (1 switches on core 0)
2026-06-24 19:15:34.303 7 INFO placement.requestlog [None req-a7367039-bdef-4597-9b09-2d85a0cf002a d5486411de784e3f837110e9f3e1f2e8 580969bc14f8400287599d487078a569 - - 910a765bc4084786901456523978b307 910a765bc4084786901456523978b307] 10.0.0.194 "GET /resource_providers/74efde2b-42c7-4d94-96ed-e2bf94f6bf64/aggregates" status: 404 len: 235 microversion: 1.1 [pid: 7|app: 0|req: 485/963] 10.0.0.194 () {32 vars in 816 bytes} [Wed Jun 24 19:15:34 2026] GET /resource_providers/74efde2b-42c7-4d94-96ed-e2bf94f6bf64/aggregates => generated 235 bytes in 8 msecs (HTTP/1.1 404) 5 headers in 202 bytes (1 switches on core 0)
2026-06-24 19:15:34.307 8 INFO placement.requestlog [None req-15cfba2e-22f7-4c9f-8caa-5f323b324eb3 d5486411de784e3f837110e9f3e1f2e8 580969bc14f8400287599d487078a569 - - 910a765bc4084786901456523978b307 910a765bc4084786901456523978b307] 10.0.0.194 "GET /resource_providers/74efde2b-42c7-4d94-96ed-e2bf94f6bf64/aggregates" status: 404 len: 235 microversion: 1.1 [pid: 8|app: 0|req: 479/964] 10.0.0.194 () {32 vars in 816 bytes} [Wed Jun 24 19:15:34 2026] GET /resource_providers/74efde2b-42c7-4d94-96ed-e2bf94f6bf64/aggregates => generated 235 bytes in 9 msecs (HTTP/1.1 404) 5 headers in 202 bytes (1 switches on core 0)
2026-06-24 19:15:34.320 8 INFO placement.requestlog [None req-2fc64bec-0274-4129-bbfb-de5c26321158 d5486411de784e3f837110e9f3e1f2e8 580969bc14f8400287599d487078a569 - - 910a765bc4084786901456523978b307 910a765bc4084786901456523978b307] 10.0.0.194 "DELETE /resource_providers/74efde2b-42c7-4d94-96ed-e2bf94f6bf64" status: 404 len: 246 microversion: 1.1 [pid: 8|app: 0|req: 480/965] 10.0.0.194 () {34 vars in 816 bytes} [Wed Jun 24 19:15:34 2026] DELETE /resource_providers/74efde2b-42c7-4d94-96ed-e2bf94f6bf64 => generated 246 bytes in 5 msecs (HTTP/1.1 404) 6 headers in 231 bytes (1 switches on core 0)
2026-06-24 19:15:34.323 7 INFO placement.requestlog [None req-e7f97da9-f244-4450-85ab-0432a4ecff25 d5486411de784e3f837110e9f3e1f2e8 580969bc14f8400287599d487078a569 - - 910a765bc4084786901456523978b307 910a765bc4084786901456523978b307] 10.0.0.194 "DELETE /resource_providers/74efde2b-42c7-4d94-96ed-e2bf94f6bf64" status: 404 len: 246 microversion: 1.1 [pid: 7|app: 0|req: 486/966] 10.0.0.194 () {34 vars in 816 bytes} [Wed Jun 24 19:15:34 2026] DELETE /resource_providers/74efde2b-42c7-4d94-96ed-e2bf94f6bf64 => generated 246 bytes in 10 msecs (HTTP/1.1 404) 6 headers in 231 bytes (1 switches on core 0)
2026-06-24 19:15:35.079 8 INFO placement.requestlog [None req-3776923c-d96f-44c7-9b94-5f5fb9245a3b d5486411de784e3f837110e9f3e1f2e8 580969bc14f8400287599d487078a569 - - 910a765bc4084786901456523978b307 910a765bc4084786901456523978b307] 10.0.0.194 "GET /resource_providers/2ecfae78-6250-43e0-b184-678799b029ed/aggregates" status: 404 len: 235 microversion: 1.1 [pid: 8|app: 0|req: 481/967] 10.0.0.194 () {32 vars in 816 bytes} [Wed Jun 24 19:15:35 2026] GET /resource_providers/2ecfae78-6250-43e0-b184-678799b029ed/aggregates => generated 235 bytes in 7 msecs (HTTP/1.1 404) 5 headers in 202 bytes (1 switches on core 0)
2026-06-24 19:15:35.086 7 INFO placement.requestlog [None req-1883dddc-0c24-40a4-8d45-6c6d2dbeff4b d5486411de784e3f837110e9f3e1f2e8 580969bc14f8400287599d487078a569 - - 910a765bc4084786901456523978b307 910a765bc4084786901456523978b307] 10.0.0.194 "GET /resource_providers/2ecfae78-6250-43e0-b184-678799b029ed/aggregates" status: 404 len: 235 microversion: 1.1 [pid: 7|app: 0|req: 487/968] 10.0.0.194 () {32 vars in 816 bytes} [Wed Jun 24 19:15:35 2026] GET /resource_providers/2ecfae78-6250-43e0-b184-678799b029ed/aggregates => generated 235 bytes in 10 msecs (HTTP/1.1 404) 5 headers in 202 bytes (1 switches on core 0)
2026-06-24 19:15:35.094 8 INFO placement.requestlog [None req-2119854e-1d37-4e87-9eb3-9670cd718752 d5486411de784e3f837110e9f3e1f2e8 580969bc14f8400287599d487078a569 - - 910a765bc4084786901456523978b307 910a765bc4084786901456523978b307] 10.0.0.194 "DELETE /resource_providers/2ecfae78-6250-43e0-b184-678799b029ed" status: 404 len: 246 microversion: 1.1 [pid: 8|app: 0|req: 482/969] 10.0.0.194 () {34 vars in 816 bytes} [Wed Jun 24 19:15:35 2026] DELETE /resource_providers/2ecfae78-6250-43e0-b184-678799b029ed => generated 246 bytes in 5 msecs (HTTP/1.1 404) 6 headers in 231 bytes (1 switches on core 0)
2026-06-24 19:15:35.115 7 INFO placement.requestlog [None req-9b89c689-4732-41a3-97b6-c08dd7ff1ac4 d5486411de784e3f837110e9f3e1f2e8 580969bc14f8400287599d487078a569 - - 910a765bc4084786901456523978b307 910a765bc4084786901456523978b307] 10.0.0.194 "DELETE /resource_providers/2ecfae78-6250-43e0-b184-678799b029ed" status: 404 len: 246 microversion: 1.1 [pid: 7|app: 0|req: 488/970] 10.0.0.194 () {34 vars in 816 bytes} [Wed Jun 24 19:15:35 2026] DELETE /resource_providers/2ecfae78-6250-43e0-b184-678799b029ed => generated 246 bytes in 9 msecs (HTTP/1.1 404) 6 headers in 231 bytes (1 switches on core 0)
2026-06-24 19:15:35.118 8 INFO placement.requestlog [None req-8f43f088-432d-460d-b69c-08bbc68c4fc0 d5486411de784e3f837110e9f3e1f2e8 580969bc14f8400287599d487078a569 - - 910a765bc4084786901456523978b307 910a765bc4084786901456523978b307] 10.0.0.194 "GET /resource_providers/11fc3768-87a0-44bd-b8c0-948a1a5dba37/aggregates" status: 404 len: 235 microversion: 1.1 [pid: 8|app: 0|req: 483/971] 10.0.0.194 () {32 vars in 816 bytes} [Wed Jun 24 19:15:35 2026] GET /resource_providers/11fc3768-87a0-44bd-b8c0-948a1a5dba37/aggregates => generated 235 bytes in 5 msecs (HTTP/1.1 404) 5 headers in 202 bytes (1 switches on core 0)
2026-06-24 19:15:35.144 7 INFO placement.requestlog [None req-ddfe96a0-72c4-4d24-8949-013b7779e5cc d5486411de784e3f837110e9f3e1f2e8 580969bc14f8400287599d487078a569 - - 910a765bc4084786901456523978b307 910a765bc4084786901456523978b307] 10.0.0.194 "GET /resource_providers/11fc3768-87a0-44bd-b8c0-948a1a5dba37/aggregates" status: 404 len: 235 microversion: 1.1 [pid: 7|app: 0|req: 489/972] 10.0.0.194 () {32 vars in 816 bytes} [Wed Jun 24 19:15:35 2026] GET /resource_providers/11fc3768-87a0-44bd-b8c0-948a1a5dba37/aggregates => generated 235 bytes in 11 msecs (HTTP/1.1 404) 5 headers in 202 bytes (1 switches on core 0)
2026-06-24 19:15:35.146 8 INFO placement.requestlog [None req-3cb1f02b-abb0-469d-baeb-d864cffced02 d5486411de784e3f837110e9f3e1f2e8 580969bc14f8400287599d487078a569 - - 910a765bc4084786901456523978b307 910a765bc4084786901456523978b307] 10.0.0.194 "DELETE /resource_providers/11fc3768-87a0-44bd-b8c0-948a1a5dba37" status: 404 len: 246 microversion: 1.1 [pid: 8|app: 0|req: 484/973] 10.0.0.194 () {34 vars in 816 bytes} [Wed Jun 24 19:15:35 2026] DELETE /resource_providers/11fc3768-87a0-44bd-b8c0-948a1a5dba37 => generated 246 bytes in 10 msecs (HTTP/1.1 404) 6 headers in 231 bytes (1 switches on core 0)
2026-06-24 19:15:35.169 7 INFO placement.requestlog [None req-79804388-6943-450a-a4e2-3db870671dc8 d5486411de784e3f837110e9f3e1f2e8 580969bc14f8400287599d487078a569 - - 910a765bc4084786901456523978b307 910a765bc4084786901456523978b307] 10.0.0.194 "DELETE /resource_providers/11fc3768-87a0-44bd-b8c0-948a1a5dba37" status: 404 len: 246 microversion: 1.1 [pid: 7|app: 0|req: 490/974] 10.0.0.194 () {34 vars in 816 bytes} [Wed Jun 24 19:15:35 2026] DELETE /resource_providers/11fc3768-87a0-44bd-b8c0-948a1a5dba37 => generated 246 bytes in 13 msecs (HTTP/1.1 404) 6 headers in 231 bytes (1 switches on core 0)
2026-06-24 19:15:35.235 8 INFO placement.requestlog [None req-85496099-2a90-433b-b511-0f4e77db9595 - - - - - -] 10.0.0.150 "GET /" status: 200 len: 136 microversion: 1.0
2026-06-24 19:15:35.236 7 INFO placement.requestlog [None req-49393c36-4d17-4d44-954b-d475629d8f59 - - - - - -] 10.0.0.150 "GET /" status: 200 len: 136 microversion: 1.0
2026-06-24 19:15:41.765 8 INFO placement.requestlog [req-728fde0b-d8ee-44df-81c4-73da14cb1ff4 req-2c786153-9390-41b2-bafb-dc031fe75d7a a09b1b07971046f3800132e4cf966c6c 580969bc14f8400287599d487078a569 - - 910a765bc4084786901456523978b307 910a765bc4084786901456523978b307] 10.0.0.121 "GET /allocation_candidates?limit=1000&resources=DISK_GB%3A1%2CMEMORY_MB%3A512%2CVCPU%3A1&root_required=%21COMPUTE_STATUS_DISABLED" status: 200 len: 2442 microversion: 1.36 [pid: 8|app: 0|req: 486/977] 10.0.0.121 () {34 vars in 1012 bytes} [Wed Jun 24 19:15:41 2026] GET /allocation_candidates?limit=1000&resources=DISK_GB%3A1%2CMEMORY_MB%3A512%2CVCPU%3A1&root_required=%21COMPUTE_STATUS_DISABLED => generated 2442 bytes in 33 msecs (HTTP/1.1 200) 8 headers in 297 bytes (1 switches on core 0)
2026-06-24 19:15:41.791 7 INFO placement.requestlog [req-728fde0b-d8ee-44df-81c4-73da14cb1ff4 req-109246c7-1211-4919-8b16-dbf9d2dd3e00 a09b1b07971046f3800132e4cf966c6c 580969bc14f8400287599d487078a569 - - 910a765bc4084786901456523978b307 910a765bc4084786901456523978b307] 10.0.0.121 "GET /allocations/a33831ab-4be2-4c49-bad0-ff7d3cc77aac" status: 200 len: 19 microversion: 1.28 [pid: 7|app: 0|req: 492/978] 10.0.0.121 () {34 vars in 861 bytes} [Wed Jun 24 19:15:41 2026] GET /allocations/a33831ab-4be2-4c49-bad0-ff7d3cc77aac => generated 19 bytes in 10 msecs (HTTP/1.1 200) 8 headers in 295 bytes (1 switches on core 0)
2026-06-24 19:15:41.870 8 INFO placement.requestlog [req-728fde0b-d8ee-44df-81c4-73da14cb1ff4 req-b61258ac-0f0b-4b44-80bb-b40c28372c14 a09b1b07971046f3800132e4cf966c6c 580969bc14f8400287599d487078a569 - - 910a765bc4084786901456523978b307 910a765bc4084786901456523978b307] 10.0.0.121 "PUT /allocations/a33831ab-4be2-4c49-bad0-ff7d3cc77aac" status: 204 len: 0 microversion: 1.36 [pid: 8|app: 0|req: 487/979] 10.0.0.121 () {38 vars in 914 bytes} [Wed Jun 24 19:15:41 2026] PUT /allocations/a33831ab-4be2-4c49-bad0-ff7d3cc77aac => generated 0 bytes in 74 msecs (HTTP/1.1 204) 5 headers in 199 bytes (1 switches on core 0)
2026-06-24 19:15:42.805 8 INFO placement.requestlog [None req-3460286b-69f6-4b7e-b590-cd6bbd6d622c d5486411de784e3f837110e9f3e1f2e8 580969bc14f8400287599d487078a569 - - 910a765bc4084786901456523978b307 910a765bc4084786901456523978b307] 10.0.0.194 "GET /resource_providers/bb0a63d6-4b29-4af1-bae8-a219a156c803/aggregates" status: 404 len: 235 microversion: 1.1 [pid: 8|app: 0|req: 488/980] 10.0.0.194 () {32 vars in 816 bytes} [Wed Jun 24 19:15:42 2026] GET /resource_providers/bb0a63d6-4b29-4af1-bae8-a219a156c803/aggregates => generated 235 bytes in 7 msecs (HTTP/1.1 404) 5 headers in 202 bytes (1 switches on core 0)
2026-06-24 19:15:42.805 7 INFO placement.requestlog [None req-d83b5b0e-84d7-44b1-96b9-621d19ab6d5e d5486411de784e3f837110e9f3e1f2e8 580969bc14f8400287599d487078a569 - - 910a765bc4084786901456523978b307 910a765bc4084786901456523978b307] 10.0.0.194 "GET /resource_providers/bb0a63d6-4b29-4af1-bae8-a219a156c803/aggregates" status: 404 len: 235 microversion: 1.1 [pid: 7|app: 0|req: 493/981] 10.0.0.194 () {32 vars in 816 bytes} [Wed Jun 24 19:15:42 2026] GET /resource_providers/bb0a63d6-4b29-4af1-bae8-a219a156c803/aggregates => generated 235 bytes in 11 msecs (HTTP/1.1 404) 5 headers in 202 bytes (1 switches on core 0)
2026-06-24 19:15:42.830 8 INFO placement.requestlog [None req-078a20fc-ad21-4f01-b857-5317556a86a7 d5486411de784e3f837110e9f3e1f2e8 580969bc14f8400287599d487078a569 - - 910a765bc4084786901456523978b307 910a765bc4084786901456523978b307] 10.0.0.194 "DELETE /resource_providers/bb0a63d6-4b29-4af1-bae8-a219a156c803" status: 404 len: 246 microversion: 1.1
2026-06-24 19:15:42.832 7 INFO placement.requestlog [None req-6a27ccc7-faba-48da-bd5f-0d888df6e2d5 d5486411de784e3f837110e9f3e1f2e8 580969bc14f8400287599d487078a569 - - 910a765bc4084786901456523978b307 910a765bc4084786901456523978b307] 10.0.0.194 "DELETE /resource_providers/bb0a63d6-4b29-4af1-bae8-a219a156c803" status: 404 len: 246 microversion: 1.1 [pid: 8|app: 0|req: 489/982] 10.0.0.194 () {34 vars in 816 bytes} [Wed Jun 24 19:15:42 2026] DELETE /resource_providers/bb0a63d6-4b29-4af1-bae8-a219a156c803 => generated 246 bytes in 15 msecs (HTTP/1.1 404) 6 headers in 231 bytes (1 switches on core 0) [pid: 7|app: 0|req: 494/983] 10.0.0.194 () {34 vars in 816 bytes} [Wed Jun 24 19:15:42 2026] DELETE /resource_providers/bb0a63d6-4b29-4af1-bae8-a219a156c803 => generated 246 bytes in 13 msecs (HTTP/1.1 404) 6 headers in 231 bytes (1 switches on core 0)
2026-06-24 19:15:43.374 8 INFO placement.requestlog [req-728fde0b-d8ee-44df-81c4-73da14cb1ff4 req-3060dac2-1e64-4210-9fba-e45204126f25 a09b1b07971046f3800132e4cf966c6c 580969bc14f8400287599d487078a569 - - 910a765bc4084786901456523978b307 910a765bc4084786901456523978b307] 199.19.213.188 "GET /allocations/a33831ab-4be2-4c49-bad0-ff7d3cc77aac" status: 200 len: 258 microversion: 1.28 [pid: 8|app: 0|req: 490/984] 199.19.213.188 () {34 vars in 863 bytes} [Wed Jun 24 19:15:43 2026] GET /allocations/a33831ab-4be2-4c49-bad0-ff7d3cc77aac => generated 258 bytes in 14 msecs (HTTP/1.1 200) 8 headers in 296 bytes (1 switches on core 0)
2026-06-24 19:15:44.414 7 INFO placement.requestlog [req-728fde0b-d8ee-44df-81c4-73da14cb1ff4 req-b20336a4-a664-45ad-9397-036488b9db3d a09b1b07971046f3800132e4cf966c6c 580969bc14f8400287599d487078a569 - - 910a765bc4084786901456523978b307 910a765bc4084786901456523978b307] 199.19.213.188 "GET /resource_providers/3eb1c506-516e-4d1a-bbe2-0e882390f1f9/allocations" status: 200 len: 153 microversion: 1.0 [pid: 7|app: 0|req: 495/985] 199.19.213.188 () {32 vars in 857 bytes} [Wed Jun 24 19:15:44 2026] GET /resource_providers/3eb1c506-516e-4d1a-bbe2-0e882390f1f9/allocations => generated 153 bytes in 15 msecs (HTTP/1.1 200) 6 headers in 224 bytes (1 switches on core 0)
2026-06-24 19:15:44.434 8 INFO placement.requestlog [req-728fde0b-d8ee-44df-81c4-73da14cb1ff4 req-f8773a50-4f0a-4c37-ae88-0325e96a92d9 a09b1b07971046f3800132e4cf966c6c 580969bc14f8400287599d487078a569 - - 910a765bc4084786901456523978b307 910a765bc4084786901456523978b307] 199.19.213.188 "GET /allocations/a33831ab-4be2-4c49-bad0-ff7d3cc77aac" status: 200 len: 258 microversion: 1.28 [pid: 8|app: 0|req: 491/986] 199.19.213.188 () {34 vars in 863 bytes} [Wed Jun 24 19:15:44 2026] GET /allocations/a33831ab-4be2-4c49-bad0-ff7d3cc77aac => generated 258 bytes in 12 msecs (HTTP/1.1 200) 8 headers in 296 bytes (1 switches on core 0)
2026-06-24 19:15:45.235 8 INFO placement.requestlog [None req-fbf7ec68-2527-4fdb-b874-bbe9aae8d056 - - - - - -] 10.0.0.150 "GET /" status: 200 len: 136 microversion: 1.0
2026-06-24 19:15:45.235 7 INFO placement.requestlog [None req-56fc21b6-0f13-4346-ab64-558ef0b5933f - - - - - -] 10.0.0.150 "GET /" status: 200 len: 136 microversion: 1.0
2026-06-24 19:15:51.683 8 INFO placement.requestlog [None req-d534a139-8e35-48ba-9617-795463e7d681 d5486411de784e3f837110e9f3e1f2e8 580969bc14f8400287599d487078a569 - - 910a765bc4084786901456523978b307 910a765bc4084786901456523978b307] 10.0.0.194 "GET /resource_providers/64e0db14-cf51-48ec-8848-d67ac2717044/aggregates" status: 404 len: 235 microversion: 1.1 [pid: 8|app: 0|req: 493/989] 10.0.0.194 () {32 vars in 816 bytes} [Wed Jun 24 19:15:51 2026] GET /resource_providers/64e0db14-cf51-48ec-8848-d67ac2717044/aggregates => generated 235 bytes in 10 msecs (HTTP/1.1 404) 5 headers in 202 bytes (1 switches on core 0)
2026-06-24 19:15:51.687 7 INFO placement.requestlog [None req-3069dff5-7530-4838-8b4c-459362a730b2 d5486411de784e3f837110e9f3e1f2e8 580969bc14f8400287599d487078a569 - - 910a765bc4084786901456523978b307 910a765bc4084786901456523978b307] 10.0.0.194 "GET /resource_providers/64e0db14-cf51-48ec-8848-d67ac2717044/aggregates" status: 404 len: 235 microversion: 1.1 [pid: 7|app: 0|req: 497/990] 10.0.0.194 () {32 vars in 816 bytes} [Wed Jun 24 19:15:51 2026] GET /resource_providers/64e0db14-cf51-48ec-8848-d67ac2717044/aggregates => generated 235 bytes in 11 msecs (HTTP/1.1 404) 5 headers in 202 bytes (1 switches on core 0)
2026-06-24 19:15:51.704 8 INFO placement.requestlog [None req-77d365b6-308a-41c1-8c66-30bec330b3b0 d5486411de784e3f837110e9f3e1f2e8 580969bc14f8400287599d487078a569 - - 910a765bc4084786901456523978b307 910a765bc4084786901456523978b307] 10.0.0.194 "DELETE /resource_providers/64e0db14-cf51-48ec-8848-d67ac2717044" status: 404 len: 246 microversion: 1.1 [pid: 8|app: 0|req: 494/991] 10.0.0.194 () {34 vars in 816 bytes} [Wed Jun 24 19:15:51 2026] DELETE /resource_providers/64e0db14-cf51-48ec-8848-d67ac2717044 => generated 246 bytes in 8 msecs (HTTP/1.1 404) 6 headers in 231 bytes (1 switches on core 0)
2026-06-24 19:15:51.715 7 INFO placement.requestlog [None req-383458d4-a6a9-4353-b0eb-f412bb1e0110 d5486411de784e3f837110e9f3e1f2e8 580969bc14f8400287599d487078a569 - - 910a765bc4084786901456523978b307 910a765bc4084786901456523978b307] 10.0.0.194 "DELETE /resource_providers/64e0db14-cf51-48ec-8848-d67ac2717044" status: 404 len: 246 microversion: 1.1 [pid: 7|app: 0|req: 498/992] 10.0.0.194 () {34 vars in 816 bytes} [Wed Jun 24 19:15:51 2026] DELETE /resource_providers/64e0db14-cf51-48ec-8848-d67ac2717044 => generated 246 bytes in 11 msecs (HTTP/1.1 404) 6 headers in 231 bytes (1 switches on core 0)
2026-06-24 19:15:55.235 8 INFO placement.requestlog [None req-1cccad64-83a8-4fd4-9dab-9046d9344713 - - - - - -] 10.0.0.150 "GET /" status: 200 len: 136 microversion: 1.0
2026-06-24 19:15:55.235 7 INFO placement.requestlog [None req-b1eb3948-c485-4c7b-8094-e911ed7de508 - - - - - -] 10.0.0.150 "GET /" status: 200 len: 136 microversion: 1.0
2026-06-24 19:16:05.235 8 INFO placement.requestlog [None req-6b6978bf-b568-4070-8282-f6ef2cb5a549 - - - - - -] 10.0.0.150 "GET /" status: 200 len: 136 microversion: 1.0
2026-06-24 19:16:05.235 7 INFO placement.requestlog [None req-da0e5f19-3819-4bfa-b955-df61144478bd - - - - - -] 10.0.0.150 "GET /" status: 200 len: 136 microversion: 1.0
2026-06-24 19:16:13.660 7 INFO placement.requestlog [None req-63e414c2-6316-45e1-b8f8-b61aa43bd66f d5486411de784e3f837110e9f3e1f2e8 580969bc14f8400287599d487078a569 - - 910a765bc4084786901456523978b307 910a765bc4084786901456523978b307] 10.0.0.194 "GET /resource_providers/4298c390-e0f8-4924-aa8e-c1ee5f95647c/aggregates" status: 404 len: 235 microversion: 1.1 [pid: 7|app: 0|req: 501/997] 10.0.0.194 () {32 vars in 816 bytes} [Wed Jun 24 19:16:13 2026] GET /resource_providers/4298c390-e0f8-4924-aa8e-c1ee5f95647c/aggregates => generated 235 bytes in 8 msecs (HTTP/1.1 404) 5 headers in 202 bytes (1 switches on core 0)
2026-06-24 19:16:13.665 8 INFO placement.requestlog [None req-01535dbb-14a3-4229-984d-21646d838764 d5486411de784e3f837110e9f3e1f2e8 580969bc14f8400287599d487078a569 - - 910a765bc4084786901456523978b307 910a765bc4084786901456523978b307] 10.0.0.194 "GET /resource_providers/4298c390-e0f8-4924-aa8e-c1ee5f95647c/aggregates" status: 404 len: 235 microversion: 1.1 [pid: 8|app: 0|req: 497/998] 10.0.0.194 () {32 vars in 816 bytes} [Wed Jun 24 19:16:13 2026] GET /resource_providers/4298c390-e0f8-4924-aa8e-c1ee5f95647c/aggregates => generated 235 bytes in 11 msecs (HTTP/1.1 404) 5 headers in 202 bytes (1 switches on core 0)
2026-06-24 19:16:13.678 7 INFO placement.requestlog [None req-bf927ffc-3d39-4ebd-ab16-b20af4003354 d5486411de784e3f837110e9f3e1f2e8 580969bc14f8400287599d487078a569 - - 910a765bc4084786901456523978b307 910a765bc4084786901456523978b307] 10.0.0.194 "DELETE /resource_providers/4298c390-e0f8-4924-aa8e-c1ee5f95647c" status: 404 len: 246 microversion: 1.1 [pid: 7|app: 0|req: 502/999] 10.0.0.194 () {34 vars in 816 bytes} [Wed Jun 24 19:16:13 2026] DELETE /resource_providers/4298c390-e0f8-4924-aa8e-c1ee5f95647c => generated 246 bytes in 6 msecs (HTTP/1.1 404) 6 headers in 231 bytes (1 switches on core 0)
2026-06-24 19:16:13.685 8 INFO placement.requestlog [None req-f655e291-65ea-4204-b202-4f4e7a67c4b0 d5486411de784e3f837110e9f3e1f2e8 580969bc14f8400287599d487078a569 - - 910a765bc4084786901456523978b307 910a765bc4084786901456523978b307] 10.0.0.194 "DELETE /resource_providers/4298c390-e0f8-4924-aa8e-c1ee5f95647c" status: 404 len: 246 microversion: 1.1 [pid: 8|app: 0|req: 498/1000] 10.0.0.194 () {34 vars in 816 bytes} [Wed Jun 24 19:16:13 2026] DELETE /resource_providers/4298c390-e0f8-4924-aa8e-c1ee5f95647c => generated 246 bytes in 11 msecs (HTTP/1.1 404) 6 headers in 231 bytes (1 switches on core 0)
2026-06-24 19:16:15.235 7 INFO placement.requestlog [None req-d5b289bb-1601-4a8c-9ea2-b9eda36b2c50 - - - - - -] 10.0.0.150 "GET /" status: 200 len: 136 microversion: 1.0
2026-06-24 19:16:15.235 8 INFO placement.requestlog [None req-d895fa0c-94a0-430f-aec6-8c1d672c6913 - - - - - -] 10.0.0.150 "GET /" status: 200 len: 136 microversion: 1.0
2026-06-24 19:16:25.235 7 INFO placement.requestlog [None req-8fb8f4e8-22ef-47ba-b530-79da532365e6 - - - - - -] 10.0.0.150 "GET /" status: 200 len: 136 microversion: 1.0
2026-06-24 19:16:25.235 8 INFO placement.requestlog [None req-88af5338-a00a-45be-8234-5ebc2311deac - - - - - -] 10.0.0.150 "GET /" status: 200 len: 136 microversion: 1.0
2026-06-24 19:16:26.542 7 INFO placement.requestlog [req-04384718-4dc2-45cc-a010-183aeba72e63 req-26dd4efb-d543-4899-959e-a7f45902d3a4 a09b1b07971046f3800132e4cf966c6c 580969bc14f8400287599d487078a569 - - 910a765bc4084786901456523978b307 910a765bc4084786901456523978b307] 199.19.213.188 "GET /resource_providers/3eb1c506-516e-4d1a-bbe2-0e882390f1f9/allocations" status: 200 len: 153 microversion: 1.0 [pid: 7|app: 0|req: 505/1005] 199.19.213.188 () {32 vars in 857 bytes} [Wed Jun 24 19:16:26 2026] GET /resource_providers/3eb1c506-516e-4d1a-bbe2-0e882390f1f9/allocations => generated 153 bytes in 16 msecs (HTTP/1.1 200) 6 headers in 224 bytes (1 switches on core 0)
2026-06-24 19:16:26.561 8 INFO placement.requestlog [req-04384718-4dc2-45cc-a010-183aeba72e63 req-c78cf251-b635-4be5-b682-4ae53ee1a564 a09b1b07971046f3800132e4cf966c6c 580969bc14f8400287599d487078a569 - - 910a765bc4084786901456523978b307 910a765bc4084786901456523978b307] 199.19.213.188 "GET /allocations/a33831ab-4be2-4c49-bad0-ff7d3cc77aac" status: 200 len: 258 microversion: 1.28 [pid: 8|app: 0|req: 501/1006] 199.19.213.188 () {34 vars in 863 bytes} [Wed Jun 24 19:16:26 2026] GET /allocations/a33831ab-4be2-4c49-bad0-ff7d3cc77aac => generated 258 bytes in 12 msecs (HTTP/1.1 200) 8 headers in 296 bytes (1 switches on core 0)
2026-06-24 19:16:26.686 7 INFO placement.requestlog [req-08a1ab99-493a-4c44-a859-0d3db6cf884e req-c71c8fb0-cc59-43ac-a051-e666ae9b6ca1 a09b1b07971046f3800132e4cf966c6c 580969bc14f8400287599d487078a569 - - 910a765bc4084786901456523978b307 910a765bc4084786901456523978b307] 10.0.0.121 "GET /allocation_candidates?limit=1000&resources=DISK_GB%3A1%2CMEMORY_MB%3A512%2CVCPU%3A1&root_required=%21COMPUTE_STATUS_DISABLED" status: 200 len: 2444 microversion: 1.36 [pid: 7|app: 0|req: 506/1007] 10.0.0.121 () {34 vars in 1012 bytes} [Wed Jun 24 19:16:26 2026] GET /allocation_candidates?limit=1000&resources=DISK_GB%3A1%2CMEMORY_MB%3A512%2CVCPU%3A1&root_required=%21COMPUTE_STATUS_DISABLED => generated 2444 bytes in 43 msecs (HTTP/1.1 200) 8 headers in 297 bytes (1 switches on core 0)
2026-06-24 19:16:26.717 8 INFO placement.requestlog [req-08a1ab99-493a-4c44-a859-0d3db6cf884e req-98901004-2ecc-4bf9-a31f-1da661bddaaa a09b1b07971046f3800132e4cf966c6c 580969bc14f8400287599d487078a569 - - 910a765bc4084786901456523978b307 910a765bc4084786901456523978b307] 10.0.0.121 "GET /allocations/e7fa5e48-20c7-4418-b068-28321a8c4f8a" status: 200 len: 19 microversion: 1.28 [pid: 8|app: 0|req: 502/1008] 10.0.0.121 () {34 vars in 861 bytes} [Wed Jun 24 19:16:26 2026] GET /allocations/e7fa5e48-20c7-4418-b068-28321a8c4f8a => generated 19 bytes in 13 msecs (HTTP/1.1 200) 8 headers in 295 bytes (1 switches on core 0)
2026-06-24 19:16:26.780 7 INFO placement.requestlog [req-08a1ab99-493a-4c44-a859-0d3db6cf884e req-8081d3d4-7902-4cce-988c-f2873a03c79d a09b1b07971046f3800132e4cf966c6c 580969bc14f8400287599d487078a569 - - 910a765bc4084786901456523978b307 910a765bc4084786901456523978b307] 10.0.0.121 "PUT /allocations/e7fa5e48-20c7-4418-b068-28321a8c4f8a" status: 204 len: 0 microversion: 1.36 [pid: 7|app: 0|req: 507/1009] 10.0.0.121 () {38 vars in 914 bytes} [Wed Jun 24 19:16:26 2026] PUT /allocations/e7fa5e48-20c7-4418-b068-28321a8c4f8a => generated 0 bytes in 55 msecs (HTTP/1.1 204) 5 headers in 199 bytes (1 switches on core 0)
2026-06-24 19:16:27.627 8 INFO placement.requestlog [req-04384718-4dc2-45cc-a010-183aeba72e63 req-bca776d6-420e-45e6-bdd4-5b841b148c0e a09b1b07971046f3800132e4cf966c6c 580969bc14f8400287599d487078a569 - - 910a765bc4084786901456523978b307 910a765bc4084786901456523978b307] 199.19.213.188 "DELETE /allocations/a33831ab-4be2-4c49-bad0-ff7d3cc77aac" status: 204 len: 0 microversion: 1.0 [pid: 8|app: 0|req: 503/1010] 199.19.213.188 () {34 vars in 841 bytes} [Wed Jun 24 19:16:27 2026] DELETE /allocations/a33831ab-4be2-4c49-bad0-ff7d3cc77aac => generated 0 bytes in 45 msecs (HTTP/1.1 204) 5 headers in 198 bytes (1 switches on core 0)
2026-06-24 19:16:28.301 7 INFO placement.requestlog [req-08a1ab99-493a-4c44-a859-0d3db6cf884e req-05619361-585b-4aa0-a807-0f01415854d3 a09b1b07971046f3800132e4cf966c6c 580969bc14f8400287599d487078a569 - - 910a765bc4084786901456523978b307 910a765bc4084786901456523978b307] 199.19.213.188 "GET /allocations/e7fa5e48-20c7-4418-b068-28321a8c4f8a" status: 200 len: 258 microversion: 1.28 [pid: 7|app: 0|req: 508/1011] 199.19.213.188 () {34 vars in 863 bytes} [Wed Jun 24 19:16:28 2026] GET /allocations/e7fa5e48-20c7-4418-b068-28321a8c4f8a => generated 258 bytes in 16 msecs (HTTP/1.1 200) 8 headers in 296 bytes (1 switches on core 0)
2026-06-24 19:16:29.355 8 INFO placement.requestlog [req-08a1ab99-493a-4c44-a859-0d3db6cf884e req-ecf5eec9-96aa-4b50-afdb-026be1633140 a09b1b07971046f3800132e4cf966c6c 580969bc14f8400287599d487078a569 - - 910a765bc4084786901456523978b307 910a765bc4084786901456523978b307] 199.19.213.188 "GET /resource_providers/3eb1c506-516e-4d1a-bbe2-0e882390f1f9/allocations" status: 200 len: 153 microversion: 1.0 [pid: 8|app: 0|req: 504/1012] 199.19.213.188 () {32 vars in 857 bytes} [Wed Jun 24 19:16:29 2026] GET /resource_providers/3eb1c506-516e-4d1a-bbe2-0e882390f1f9/allocations => generated 153 bytes in 26 msecs (HTTP/1.1 200) 6 headers in 224 bytes (1 switches on core 0)
