2026-06-24 19:12:42.718 7 INFO neutron.pecan_wsgi.hooks.translation [None req-26a5c1c1-c74d-41ee-be77-47d8ebe64975 b43bbfc9c0d6461fa87ff96fe96aef65 d0f0ea30ce2e453289e48551b259661a - - default default] DELETE failed (client error): The resource could not be found. [pid: 7|app: 0|req: 595/1185] 10.0.0.172 () {32 vars in 724 bytes} [Wed Jun 24 19:12:42 2026] DELETE /v2.0/subnets/66d0ce88-61c4-4706-8d30-71e231021b28 => generated 136 bytes in 13 msecs (HTTP/1.1 404) 4 headers in 164 bytes (1 switches on core 0)
2026-06-24 19:12:42.736 7 INFO neutron.pecan_wsgi.hooks.translation [None req-bcbb9d47-ab3a-4ec5-bd4e-b0f3d7a10627 b43bbfc9c0d6461fa87ff96fe96aef65 d0f0ea30ce2e453289e48551b259661a - - default default] DELETE failed (client error): The resource could not be found. [pid: 7|app: 0|req: 596/1186] 10.0.0.172 () {32 vars in 724 bytes} [Wed Jun 24 19:12:42 2026] DELETE /v2.0/subnets/05ab03fc-02b9-4d92-bf78-eff1b2d4db53 => generated 136 bytes in 14 msecs (HTTP/1.1 404) 4 headers in 164 bytes (1 switches on core 0)
2026-06-24 19:12:42.793 7 INFO neutron.services.segments.plugin [-] Segment d49cf382-d1aa-4128-b1f4-309b18015b53 resource provider aggregate not found
2026-06-24 19:12:42.793 7 INFO neutron.services.segments.plugin [-] Segment d49cf382-d1aa-4128-b1f4-309b18015b53 resource provider aggregate not found
2026-06-24 19:12:42.807 8 INFO neutron.db.ovn_revision_numbers_db [None req-dfbddc18-bcc8-4c57-800c-404736b52834 215e7cde14a44a5781c56ad83b3266ac 630488a9773d483a8e30638c259ba140 - - default default] Successfully bumped revision number for resource 21b771ac-73d4-4dfe-85ab-fdff901ce2ee (type: floatingips) to 2
2026-06-24 19:12:42.815 7 INFO neutron.services.segments.plugin [-] Segment d49cf382-d1aa-4128-b1f4-309b18015b53 resource provider not found; error: Placement Client Error (4xx): {"errors": [{"status": 404, "title": "Not Found", "detail": "The resource could not be found.\n\n No resource provider with uuid d49cf382-d1aa-4128-b1f4-309b18015b53 found for delete ", "request_id": "req-624c2981-3cd4-4ae4-b1c8-9272dafffc00"}]}
2026-06-24 19:12:42.833 7 INFO neutron.services.segments.plugin [-] Segment d49cf382-d1aa-4128-b1f4-309b18015b53 resource provider not found; error: Placement Client Error (4xx): {"errors": [{"status": 404, "title": "Not Found", "detail": "The resource could not be found.\n\n No resource provider with uuid d49cf382-d1aa-4128-b1f4-309b18015b53 found for delete ", "request_id": "req-4ada9fd4-9dd2-4a79-9d6f-e5e357c13071"}]}
2026-06-24 19:12:42.926 7 INFO neutron_taas.services.taas.taas_plugin [None req-abcc6a54-95bf-423f-8bc2-e500eb77c4f9 b43bbfc9c0d6461fa87ff96fe96aef65 d0f0ea30ce2e453289e48551b259661a - - default default] TaaS: Handle Delete Port: 97468e34-0621-4a73-8c40-89aeaa93a0ce
2026-06-24 19:12:42.930 7 INFO neutron_taas.services.taas.tap_mirror_plugin [None req-abcc6a54-95bf-423f-8bc2-e500eb77c4f9 b43bbfc9c0d6461fa87ff96fe96aef65 d0f0ea30ce2e453289e48551b259661a - - default default] Tap Mirror: Handle Delete Port: 97468e34-0621-4a73-8c40-89aeaa93a0ce
2026-06-24 19:12:42.937 8 INFO neutron.db.l3_db [None req-dfbddc18-bcc8-4c57-800c-404736b52834 215e7cde14a44a5781c56ad83b3266ac 630488a9773d483a8e30638c259ba140 - - default default] Floating IP 21b771ac-73d4-4dfe-85ab-fdff901ce2ee associated. External IP: 10.96.250.209, port: 641997cb-f40f-4d7d-baae-f29a61ff58db. [pid: 8|app: 0|req: 591/1187] 10.0.0.172 () {34 vars in 749 bytes} [Wed Jun 24 19:12:42 2026] PUT /v2.0/floatingips/21b771ac-73d4-4dfe-85ab-fdff901ce2ee => generated 845 bytes in 665 msecs (HTTP/1.1 200) 4 headers in 157 bytes (1 switches on core 0) [pid: 7|app: 0|req: 597/1188] 10.0.0.172 () {32 vars in 720 bytes} [Wed Jun 24 19:12:42 2026] DELETE /v2.0/ports/97468e34-0621-4a73-8c40-89aeaa93a0ce => generated 0 bytes in 308 msecs (HTTP/1.1 204) 3 headers in 131 bytes (1 switches on core 0) /var/lib/openstack/lib/python3.12/site-packages/pycadf/identifier.py:70: UserWarning: Invalid uuid: neutron. To ensure interoperability, identifiers should be a valid uuid. warnings.warn(('Invalid uuid: %s. To ensure interoperability, '
2026-06-24 19:12:43.165 8 INFO neutron.db.ovn_revision_numbers_db [None req-d245228d-d6f0-44aa-b524-7fee88a2ccde 215e7cde14a44a5781c56ad83b3266ac 630488a9773d483a8e30638c259ba140 - - default default] Successfully bumped revision number for resource 21b771ac-73d4-4dfe-85ab-fdff901ce2ee (type: floatingips) to 3
2026-06-24 19:12:43.186 7 INFO neutron_taas.services.taas.taas_plugin [None req-d31d027a-3cae-4ded-b475-61c34f5970c6 b43bbfc9c0d6461fa87ff96fe96aef65 d0f0ea30ce2e453289e48551b259661a - - default default] TaaS: Handle Delete Port: 774a63ca-005c-4068-87af-144805403537
2026-06-24 19:12:43.188 7 INFO neutron_taas.services.taas.tap_mirror_plugin [None req-d31d027a-3cae-4ded-b475-61c34f5970c6 b43bbfc9c0d6461fa87ff96fe96aef65 d0f0ea30ce2e453289e48551b259661a - - default default] Tap Mirror: Handle Delete Port: 774a63ca-005c-4068-87af-144805403537
2026-06-24 19:12:43.216 8 INFO neutron.db.l3_db [None req-d245228d-d6f0-44aa-b524-7fee88a2ccde 215e7cde14a44a5781c56ad83b3266ac 630488a9773d483a8e30638c259ba140 - - default default] Floating IP 21b771ac-73d4-4dfe-85ab-fdff901ce2ee disassociated. External IP: 10.96.250.209, port: 17b59647-09d4-4112-aafb-f200cdf18c6a. [pid: 8|app: 0|req: 592/1189] 10.0.0.172 () {34 vars in 749 bytes} [Wed Jun 24 19:12:42 2026] PUT /v2.0/floatingips/21b771ac-73d4-4dfe-85ab-fdff901ce2ee => generated 554 bytes in 248 msecs (HTTP/1.1 200) 4 headers in 157 bytes (1 switches on core 0)
2026-06-24 19:12:43.374 8 INFO neutron_taas.services.taas.taas_plugin [None req-54a3305f-bf67-4405-9f6c-c608475b5b37 215e7cde14a44a5781c56ad83b3266ac 630488a9773d483a8e30638c259ba140 - - default default] TaaS: Handle Delete Port: 03c60174-8391-4531-80e2-bcfd8a74413f
2026-06-24 19:12:43.378 8 INFO neutron_taas.services.taas.tap_mirror_plugin [None req-54a3305f-bf67-4405-9f6c-c608475b5b37 215e7cde14a44a5781c56ad83b3266ac 630488a9773d483a8e30638c259ba140 - - default default] Tap Mirror: Handle Delete Port: 03c60174-8391-4531-80e2-bcfd8a74413f [pid: 7|app: 0|req: 598/1190] 10.0.0.172 () {32 vars in 726 bytes} [Wed Jun 24 19:12:43 2026] DELETE /v2.0/networks/833039a6-e9ed-4088-a325-f5a0ebb84471 => generated 0 bytes in 351 msecs (HTTP/1.1 204) 3 headers in 131 bytes (1 switches on core 0) [pid: 7|app: 0|req: 599/1191] 10.0.0.103 () {34 vars in 990 bytes} [Wed Jun 24 19:12:43 2026] GET /v2.0/ports?device_id=5e84386a-e1a4-42bc-8e34-cbd203bd6338 => generated 969 bytes in 49 msecs (HTTP/1.1 200) 4 headers in 157 bytes (1 switches on core 0) [pid: 7|app: 0|req: 600/1192] 10.0.0.103 () {34 vars in 1040 bytes} [Wed Jun 24 19:12:43 2026] GET /v2.0/security-groups?id=0f20a90b-9161-4b4c-8c4a-5093c6c898d9&fields=id&fields=name => generated 112 bytes in 45 msecs (HTTP/1.1 200) 4 headers in 157 bytes (1 switches on core 0) [pid: 8|app: 0|req: 593/1193] 10.0.0.172 () {32 vars in 732 bytes} [Wed Jun 24 19:12:43 2026] DELETE /v2.0/floatingips/21b771ac-73d4-4dfe-85ab-fdff901ce2ee => generated 0 bytes in 301 msecs (HTTP/1.1 204) 2 headers in 112 bytes (1 switches on core 0)
2026-06-24 19:12:43.576 7 INFO neutron.api.v2.resource [None req-9177bb3b-abed-401d-9c99-857692544132 215e7cde14a44a5781c56ad83b3266ac 630488a9773d483a8e30638c259ba140 - - default default] delete failed (client error): The resource could not be found. [pid: 7|app: 0|req: 601/1194] 10.0.0.172 () {32 vars in 732 bytes} [Wed Jun 24 19:12:43 2026] DELETE /v2.0/floatingips/21b771ac-73d4-4dfe-85ab-fdff901ce2ee => generated 144 bytes in 24 msecs (HTTP/1.1 404) 4 headers in 164 bytes (1 switches on core 0)
2026-06-24 19:12:43.739 7 INFO neutron_taas.services.taas.taas_plugin [None req-7bc3f66c-afd5-4070-b148-5a396822d835 215e7cde14a44a5781c56ad83b3266ac 630488a9773d483a8e30638c259ba140 - - default default] TaaS: Handle Delete Port: 17b59647-09d4-4112-aafb-f200cdf18c6a
2026-06-24 19:12:43.741 7 INFO neutron_taas.services.taas.tap_mirror_plugin [None req-7bc3f66c-afd5-4070-b148-5a396822d835 215e7cde14a44a5781c56ad83b3266ac 630488a9773d483a8e30638c259ba140 - - default default] Tap Mirror: Handle Delete Port: 17b59647-09d4-4112-aafb-f200cdf18c6a
2026-06-24 19:12:43.896 7 INFO neutron.plugins.ml2.drivers.ovn.mech_driver.mech_driver [None req-5acf2bd3-ed66-4bcd-9162-eb76265e8877 - - - - - -] OVN reports status up for port: 65e2387c-8959-4836-ad7b-fb3fdebaf903
2026-06-24 19:12:43.918 7 INFO neutron.plugins.ml2.plugin [None req-5acf2bd3-ed66-4bcd-9162-eb76265e8877 - - - - - -] Attempt 1 to provision port 65e2387c-8959-4836-ad7b-fb3fdebaf903
2026-06-24 19:12:43.973 8 INFO neutron.db.ovn_revision_numbers_db [None req-588417a4-75d8-4eaa-8f48-5238b8102b77 cf37aef89ad14d958768eead8d557050 177e2a279f374562bf3a84dcbe1985d9 - - default default] Successfully bumped revision number for resource 024a7f9b-6047-42ee-b907-84d5897eb783 (type: security_groups) to 1
2026-06-24 19:12:43.992 8 INFO neutron.db.ovn_revision_numbers_db [None req-588417a4-75d8-4eaa-8f48-5238b8102b77 cf37aef89ad14d958768eead8d557050 177e2a279f374562bf3a84dcbe1985d9 - - default default] Successfully bumped revision number for resource 5894731d-befe-4b3e-a777-afa5b802e17c (type: security_group_rules) to 0 [pid: 7|app: 0|req: 602/1195] 10.0.0.172 () {32 vars in 720 bytes} [Wed Jun 24 19:12:43 2026] DELETE /v2.0/ports/17b59647-09d4-4112-aafb-f200cdf18c6a => generated 0 bytes in 414 msecs (HTTP/1.1 204) 3 headers in 131 bytes (1 switches on core 0)
2026-06-24 19:12:44.027 8 INFO neutron.db.ovn_revision_numbers_db [None req-588417a4-75d8-4eaa-8f48-5238b8102b77 cf37aef89ad14d958768eead8d557050 177e2a279f374562bf3a84dcbe1985d9 - - default default] Successfully bumped revision number for resource 62c605e3-9bc2-426b-853b-4e8ad0c99a11 (type: security_group_rules) to 0
2026-06-24 19:12:44.041 8 INFO neutron.db.ovn_revision_numbers_db [None req-588417a4-75d8-4eaa-8f48-5238b8102b77 cf37aef89ad14d958768eead8d557050 177e2a279f374562bf3a84dcbe1985d9 - - default default] Successfully bumped revision number for resource 9f7c0d5f-b686-4a1d-9bc4-2049ce41fd11 (type: security_group_rules) to 0
2026-06-24 19:12:44.053 8 INFO neutron.db.ovn_revision_numbers_db [None req-588417a4-75d8-4eaa-8f48-5238b8102b77 cf37aef89ad14d958768eead8d557050 177e2a279f374562bf3a84dcbe1985d9 - - default default] Successfully bumped revision number for resource c7be5006-432a-482c-bce6-84cf49b8f0d0 (type: security_group_rules) to 0
2026-06-24 19:12:44.099 7 INFO neutron.notifiers.nova [-] Nova event matching ['req-eff74db4-285f-44ba-9d00-228d37836e38'] response: {'server_uuid': '5e84386a-e1a4-42bc-8e34-cbd203bd6338', 'name': 'network-vif-plugged', 'status': 'completed', 'tag': '65e2387c-8959-4836-ad7b-fb3fdebaf903', 'code': 200}
2026-06-24 19:12:44.128 8 INFO neutron.db.segments_db [None req-588417a4-75d8-4eaa-8f48-5238b8102b77 cf37aef89ad14d958768eead8d557050 177e2a279f374562bf3a84dcbe1985d9 - - default default] Added segment 16887655-0358-4cfa-b0a3-bd4a429fa7fd of type geneve for network f95b0866-1c1d-47cc-8b06-2d411037ec5c [pid: 7|app: 0|req: 603/1196] 10.0.0.172 () {32 vars in 774 bytes} [Wed Jun 24 19:12:43 2026] GET /v2.0/security-groups?tenant_id=d0f0ea30ce2e453289e48551b259661a&name=default => generated 2925 bytes in 159 msecs (HTTP/1.1 200) 4 headers in 158 bytes (1 switches on core 0)
2026-06-24 19:12:44.231 8 INFO neutron.db.ovn_revision_numbers_db [None req-588417a4-75d8-4eaa-8f48-5238b8102b77 cf37aef89ad14d958768eead8d557050 177e2a279f374562bf3a84dcbe1985d9 - - default default] Successfully bumped revision number for resource f95b0866-1c1d-47cc-8b06-2d411037ec5c (type: networks) to 1
2026-06-24 19:12:44.295 7 INFO neutron.db.ovn_revision_numbers_db [None req-5acf2bd3-ed66-4bcd-9162-eb76265e8877 - - - - - -] Successfully bumped revision number for resource 65e2387c-8959-4836-ad7b-fb3fdebaf903 (type: ports) to 5
2026-06-24 19:12:44.367 7 INFO neutron_taas.services.taas.taas_plugin [None req-75a1c8c8-13ce-42e8-8b34-845702ab0a9a 215e7cde14a44a5781c56ad83b3266ac 630488a9773d483a8e30638c259ba140 - - default default] TaaS: Handle Delete Port: 641997cb-f40f-4d7d-baae-f29a61ff58db
2026-06-24 19:12:44.377 7 INFO neutron_taas.services.taas.tap_mirror_plugin [None req-75a1c8c8-13ce-42e8-8b34-845702ab0a9a 215e7cde14a44a5781c56ad83b3266ac 630488a9773d483a8e30638c259ba140 - - default default] Tap Mirror: Handle Delete Port: 641997cb-f40f-4d7d-baae-f29a61ff58db
2026-06-24 19:12:44.419 8 WARNING neutron.scheduler.dhcp_agent_scheduler [None req-588417a4-75d8-4eaa-8f48-5238b8102b77 cf37aef89ad14d958768eead8d557050 177e2a279f374562bf3a84dcbe1985d9 - - default default] No more DHCP agents
2026-06-24 19:12:44.420 8 WARNING neutron.api.rpc.agentnotifiers.dhcp_rpc_agent_api [None req-588417a4-75d8-4eaa-8f48-5238b8102b77 cf37aef89ad14d958768eead8d557050 177e2a279f374562bf3a84dcbe1985d9 - - default default] Unable to schedule network f95b0866-1c1d-47cc-8b06-2d411037ec5c: no agents available; will retry on subsequent port and subnet creation events.
2026-06-24 19:12:44.499 8 INFO neutron.db.ovn_revision_numbers_db [None req-588417a4-75d8-4eaa-8f48-5238b8102b77 cf37aef89ad14d958768eead8d557050 177e2a279f374562bf3a84dcbe1985d9 - - default default] Successfully bumped revision number for resource e76357c1-36df-4f68-9152-9cee9196fa5e (type: ports) to 1 [pid: 8|app: 0|req: 594/1197] 10.0.0.172 () {34 vars in 671 bytes} [Wed Jun 24 19:12:43 2026] POST /v2.0/networks => generated 739 bytes in 960 msecs (HTTP/1.1 201) 4 headers in 162 bytes (1 switches on core 0) [pid: 7|app: 0|req: 604/1198] 10.0.0.172 () {32 vars in 720 bytes} [Wed Jun 24 19:12:44 2026] DELETE /v2.0/ports/641997cb-f40f-4d7d-baae-f29a61ff58db => generated 0 bytes in 441 msecs (HTTP/1.1 204) 3 headers in 131 bytes (1 switches on core 0) /var/lib/openstack/lib/python3.12/site-packages/pycadf/identifier.py:70: UserWarning: Invalid uuid: neutron. To ensure interoperability, identifiers should be a valid uuid. warnings.warn(('Invalid uuid: %s. To ensure interoperability, ' [pid: 8|app: 0|req: 595/1199] 10.0.0.172 () {32 vars in 740 bytes} [Wed Jun 24 19:12:44 2026] DELETE /v2.0/security-groups/2169086f-6957-4859-95a9-2ae7213e85bd => generated 0 bytes in 216 msecs (HTTP/1.1 204) 2 headers in 112 bytes (1 switches on core 0)
2026-06-24 19:12:44.778 7 WARNING neutron.scheduler.dhcp_agent_scheduler [None req-fe9c9d1a-614d-4dfb-a1dc-ac596c0017d2 cf37aef89ad14d958768eead8d557050 177e2a279f374562bf3a84dcbe1985d9 - - default default] No more DHCP agents
2026-06-24 19:12:44.781 7 WARNING neutron.api.rpc.agentnotifiers.dhcp_rpc_agent_api [None req-fe9c9d1a-614d-4dfb-a1dc-ac596c0017d2 cf37aef89ad14d958768eead8d557050 177e2a279f374562bf3a84dcbe1985d9 - - default default] Unable to schedule network f95b0866-1c1d-47cc-8b06-2d411037ec5c: no agents available; will retry on subsequent port and subnet creation events. [pid: 8|app: 0|req: 596/1200] 10.0.0.103 () {34 vars in 990 bytes} [Wed Jun 24 19:12:44 2026] GET /v2.0/ports?device_id=5e84386a-e1a4-42bc-8e34-cbd203bd6338 => generated 971 bytes in 76 msecs (HTTP/1.1 200) 4 headers in 157 bytes (1 switches on core 0)
2026-06-24 19:12:44.856 7 INFO neutron.services.segments.plugin [-] Segment c3ad8f5f-b4b5-4bb7-9f3b-e269eba88b57 resource provider aggregate not found
2026-06-24 19:12:44.859 7 INFO neutron.services.segments.plugin [-] Segment c3ad8f5f-b4b5-4bb7-9f3b-e269eba88b57 resource provider aggregate not found
2026-06-24 19:12:44.881 7 INFO neutron.services.segments.plugin [-] Segment c3ad8f5f-b4b5-4bb7-9f3b-e269eba88b57 resource provider not found; error: Placement Client Error (4xx): {"errors": [{"status": 404, "title": "Not Found", "detail": "The resource could not be found.\n\n No resource provider with uuid c3ad8f5f-b4b5-4bb7-9f3b-e269eba88b57 found for delete ", "request_id": "req-4269b691-9635-415b-b211-158d1d1cd948"}]}
2026-06-24 19:12:44.887 7 INFO neutron.services.segments.plugin [-] Segment c3ad8f5f-b4b5-4bb7-9f3b-e269eba88b57 resource provider not found; error: Placement Client Error (4xx): {"errors": [{"status": 404, "title": "Not Found", "detail": "The resource could not be found.\n\n No resource provider with uuid c3ad8f5f-b4b5-4bb7-9f3b-e269eba88b57 found for delete ", "request_id": "req-adc8151e-acd6-4aa6-b8b3-6db60f9c73e9"}]} [pid: 8|app: 0|req: 597/1201] 10.0.0.172 () {32 vars in 736 bytes} [Wed Jun 24 19:12:44 2026] GET /v2.0/ports?device_id=29101360-c94f-4edc-ac5e-162f6a16e84e => generated 946 bytes in 90 msecs (HTTP/1.1 200) 4 headers in 157 bytes (1 switches on core 0) [pid: 8|app: 0|req: 598/1202] 10.0.0.103 () {34 vars in 1040 bytes} [Wed Jun 24 19:12:44 2026] GET /v2.0/security-groups?id=0f20a90b-9161-4b4c-8c4a-5093c6c898d9&fields=id&fields=name => generated 112 bytes in 37 msecs (HTTP/1.1 200) 4 headers in 157 bytes (1 switches on core 0)
2026-06-24 19:12:45.223 8 INFO neutron_taas.services.taas.taas_plugin [None req-cbe3f4ef-4976-412c-9379-f47c32a68fcc 215e7cde14a44a5781c56ad83b3266ac 630488a9773d483a8e30638c259ba140 - - default default] TaaS: Handle Delete Port: e9703c3d-4a7a-4778-bebe-2d67a163fe56
2026-06-24 19:12:45.226 8 INFO neutron_taas.services.taas.tap_mirror_plugin [None req-cbe3f4ef-4976-412c-9379-f47c32a68fcc 215e7cde14a44a5781c56ad83b3266ac 630488a9773d483a8e30638c259ba140 - - default default] Tap Mirror: Handle Delete Port: e9703c3d-4a7a-4778-bebe-2d67a163fe56
2026-06-24 19:12:45.290 7 INFO neutron.db.ovn_revision_numbers_db [None req-250ec7d7-5e76-4bc1-a436-5a7fc9bd5192 - - - - - -] Successfully bumped revision number for resource e76357c1-36df-4f68-9152-9cee9196fa5e (type: ports) to 2
2026-06-24 19:12:45.317 7 INFO neutron.db.ovn_revision_numbers_db [None req-250ec7d7-5e76-4bc1-a436-5a7fc9bd5192 - - - - - -] Successfully bumped revision number for resource e3d9ef0c-2206-42d8-b7b1-142b58fcbef4 (type: subnets) to 0 [pid: 7|app: 0|req: 605/1203] 10.0.0.172 () {34 vars in 669 bytes} [Wed Jun 24 19:12:44 2026] POST /v2.0/subnets => generated 685 bytes in 758 msecs (HTTP/1.1 201) 4 headers in 162 bytes (1 switches on core 0)
2026-06-24 19:12:45.636 8 WARNING neutron.plugins.ml2.drivers.ovn.mech_driver.ovsdb.ovn_client [None req-fc5ef716-6092-47a8-9dc3-e02be9ea2694 - - - - - -] No port found with ID e9703c3d-4a7a-4778-bebe-2d67a163fe56: RuntimeError: No port found with ID e9703c3d-4a7a-4778-bebe-2d67a163fe56
2026-06-24 19:12:45.648 8 INFO neutron.plugins.ml2.drivers.ovn.mech_driver.mech_driver [None req-fc5ef716-6092-47a8-9dc3-e02be9ea2694 - - - - - -] OVN reports status down for port: 641997cb-f40f-4d7d-baae-f29a61ff58db
2026-06-24 19:12:45.666 8 INFO neutron.plugins.ml2.drivers.ovn.mech_driver.mech_driver [None req-fc5ef716-6092-47a8-9dc3-e02be9ea2694 - - - - - -] OVN reports status down for port: c062a60b-48b3-430b-b803-f648a89d52d9
2026-06-24 19:12:45.687 8 INFO neutron.plugins.ml2.drivers.ovn.mech_driver.mech_driver [None req-fc5ef716-6092-47a8-9dc3-e02be9ea2694 - - - - - -] OVN reports status down for port: 0af31065-93b9-4b22-9cbe-1723e97dcfe4
2026-06-24 19:12:45.698 8 INFO neutron.plugins.ml2.drivers.ovn.mech_driver.mech_driver [None req-fc5ef716-6092-47a8-9dc3-e02be9ea2694 - - - - - -] OVN reports status down for port: 0af31065-93b9-4b22-9cbe-1723e97dcfe4
2026-06-24 19:12:45.775 8 INFO neutron.plugins.ml2.drivers.ovn.mech_driver.mech_driver [None req-fc5ef716-6092-47a8-9dc3-e02be9ea2694 - - - - - -] OVN reports status down for port: e76357c1-36df-4f68-9152-9cee9196fa5e [pid: 8|app: 0|req: 599/1204] 10.0.0.172 () {34 vars in 789 bytes} [Wed Jun 24 19:12:44 2026] PUT /v2.0/routers/29101360-c94f-4edc-ac5e-162f6a16e84e/remove_router_interface => generated 309 bytes in 839 msecs (HTTP/1.1 200) 4 headers in 157 bytes (1 switches on core 0) /var/lib/openstack/lib/python3.12/site-packages/pycadf/identifier.py:70: UserWarning: Invalid uuid: neutron. To ensure interoperability, identifiers should be a valid uuid. warnings.warn(('Invalid uuid: %s. To ensure interoperability, '
2026-06-24 19:12:45.795 7 WARNING neutron.scheduler.dhcp_agent_scheduler [None req-0075e175-ff22-480f-bdbd-2f51c4b7a257 cf37aef89ad14d958768eead8d557050 177e2a279f374562bf3a84dcbe1985d9 - - default default] No more DHCP agents
2026-06-24 19:12:45.796 7 WARNING neutron.api.rpc.agentnotifiers.dhcp_rpc_agent_api [None req-0075e175-ff22-480f-bdbd-2f51c4b7a257 cf37aef89ad14d958768eead8d557050 177e2a279f374562bf3a84dcbe1985d9 - - default default] Unable to schedule network b2ca3985-00dd-4559-953b-15867c6b572e: no agents available; will retry on subsequent port and subnet creation events.
2026-06-24 19:12:45.926 7 INFO neutron.plugins.ml2.drivers.ovn.mech_driver.mech_driver [None req-6a8321bd-213e-4536-82d7-4b9060ee0a0e - - - - - -] OVN reports status down for port: 3267441e-2d2a-400a-bcec-652bf4d3c6fd
2026-06-24 19:12:45.979 7 INFO neutron.db.ovn_revision_numbers_db [None req-0075e175-ff22-480f-bdbd-2f51c4b7a257 cf37aef89ad14d958768eead8d557050 177e2a279f374562bf3a84dcbe1985d9 - - default default] Successfully bumped revision number for resource 3267441e-2d2a-400a-bcec-652bf4d3c6fd (type: ports) to 1
2026-06-24 19:12:46.144 7 INFO neutron.notifiers.nova [-] Nova event matching ['req-dbc1ba5e-442d-4306-acfd-bd5fc8390b2f'] response: {'server_uuid': '5e84386a-e1a4-42bc-8e34-cbd203bd6338', 'name': 'network-vif-plugged', 'status': 'completed', 'tag': '65e2387c-8959-4836-ad7b-fb3fdebaf903', 'code': 200}
2026-06-24 19:12:46.600 8 INFO neutron_taas.services.taas.taas_plugin [None req-1cbbdd4f-e72c-499f-b0a1-47e9730aa93a 215e7cde14a44a5781c56ad83b3266ac 630488a9773d483a8e30638c259ba140 - - default default] TaaS: Handle Delete Port: a10d820a-5fad-4eb7-8818-217e64a04be5
2026-06-24 19:12:46.603 8 INFO neutron_taas.services.taas.tap_mirror_plugin [None req-1cbbdd4f-e72c-499f-b0a1-47e9730aa93a 215e7cde14a44a5781c56ad83b3266ac 630488a9773d483a8e30638c259ba140 - - default default] Tap Mirror: Handle Delete Port: a10d820a-5fad-4eb7-8818-217e64a04be5
2026-06-24 19:12:46.623 7 INFO neutron.plugins.ml2.drivers.ovn.mech_driver.ovsdb.commands [None req-33eae2b0-9ce2-44ea-8315-51d62789aefa - - - - - -] Schedule LRP lrp-3267441e-2d2a-400a-bcec-652bf4d3c6fd on gateway eac80634-691f-4e4b-aeab-5e57696522da with priority 1
2026-06-24 19:12:46.670 7 INFO neutron.plugins.ml2.drivers.ovn.mech_driver.ovsdb.ovsdb_monitor [None req-909fc5ff-5c01-483e-bc17-b5abd178b1e3 - - - - - -] Router fc345755-547a-436a-9e35-1c7343db8f49 is bound to host instance
2026-06-24 19:12:46.690 7 INFO neutron.plugins.ml2.drivers.ovn.mech_driver.mech_driver [None req-6a8321bd-213e-4536-82d7-4b9060ee0a0e - - - - - -] OVN reports status up for port: 3267441e-2d2a-400a-bcec-652bf4d3c6fd
2026-06-24 19:12:46.732 7 INFO neutron.plugins.ml2.plugin [None req-6a8321bd-213e-4536-82d7-4b9060ee0a0e - - - - - -] Attempt 1 to provision port 3267441e-2d2a-400a-bcec-652bf4d3c6fd
2026-06-24 19:12:46.783 7 INFO neutron.db.ovn_revision_numbers_db [None req-0075e175-ff22-480f-bdbd-2f51c4b7a257 cf37aef89ad14d958768eead8d557050 177e2a279f374562bf3a84dcbe1985d9 - - default default] Successfully bumped revision number for resource 3267441e-2d2a-400a-bcec-652bf4d3c6fd (type: router_ports) to 1 [pid: 8|app: 0|req: 600/1205] 10.0.0.172 () {32 vars in 724 bytes} [Wed Jun 24 19:12:45 2026] DELETE /v2.0/routers/29101360-c94f-4edc-ac5e-162f6a16e84e => generated 0 bytes in 1236 msecs (HTTP/1.1 204) 2 headers in 112 bytes (1 switches on core 0) [pid: 8|app: 0|req: 601/1206] 10.0.0.103 () {34 vars in 990 bytes} [Wed Jun 24 19:12:47 2026] GET /v2.0/ports?device_id=5e84386a-e1a4-42bc-8e34-cbd203bd6338 => generated 971 bytes in 51 msecs (HTTP/1.1 200) 4 headers in 157 bytes (1 switches on core 0)
2026-06-24 19:12:47.393 8 INFO neutron.db.ovn_revision_numbers_db [None req-634e1d56-a9cd-4362-8ee3-9cca88112b1e 2249c42343e945ca8af7b305a41e708e b00b75ec4ae14756b3c3eeb82e27f0e1 - - default default] Successfully bumped revision number for resource c1ff9f0b-17ef-43b9-806a-5f857297b258 (type: security_groups) to 1
2026-06-24 19:12:47.402 8 INFO neutron.db.ovn_revision_numbers_db [None req-634e1d56-a9cd-4362-8ee3-9cca88112b1e 2249c42343e945ca8af7b305a41e708e b00b75ec4ae14756b3c3eeb82e27f0e1 - - default default] Successfully bumped revision number for resource 34549f0a-ccc9-4757-95cc-f9863188af53 (type: security_group_rules) to 0
2026-06-24 19:12:47.415 8 INFO neutron.db.ovn_revision_numbers_db [None req-634e1d56-a9cd-4362-8ee3-9cca88112b1e 2249c42343e945ca8af7b305a41e708e b00b75ec4ae14756b3c3eeb82e27f0e1 - - default default] Successfully bumped revision number for resource 3f6cc78e-aef6-458a-b6e9-4185a81c54e5 (type: security_group_rules) to 0
2026-06-24 19:12:47.426 7 INFO neutron.db.ovn_revision_numbers_db [None req-0075e175-ff22-480f-bdbd-2f51c4b7a257 cf37aef89ad14d958768eead8d557050 177e2a279f374562bf3a84dcbe1985d9 - - default default] Successfully bumped revision number for resource fc345755-547a-436a-9e35-1c7343db8f49 (type: routers) to 2
2026-06-24 19:12:47.426 8 INFO neutron.db.ovn_revision_numbers_db [None req-634e1d56-a9cd-4362-8ee3-9cca88112b1e 2249c42343e945ca8af7b305a41e708e b00b75ec4ae14756b3c3eeb82e27f0e1 - - default default] Successfully bumped revision number for resource 617fce23-d2ba-4de8-8492-43868ae5b1db (type: security_group_rules) to 0
2026-06-24 19:12:47.439 8 INFO neutron.db.ovn_revision_numbers_db [None req-634e1d56-a9cd-4362-8ee3-9cca88112b1e 2249c42343e945ca8af7b305a41e708e b00b75ec4ae14756b3c3eeb82e27f0e1 - - default default] Successfully bumped revision number for resource 84f7c3b2-b499-4fb2-9f41-40310d65ae81 (type: security_group_rules) to 0 [pid: 7|app: 0|req: 606/1207] 10.0.0.172 () {34 vars in 669 bytes} [Wed Jun 24 19:12:45 2026] POST /v2.0/routers => generated 963 bytes in 2124 msecs (HTTP/1.1 201) 4 headers in 162 bytes (1 switches on core 0)
2026-06-24 19:12:47.531 8 INFO neutron.db.segments_db [None req-634e1d56-a9cd-4362-8ee3-9cca88112b1e 2249c42343e945ca8af7b305a41e708e b00b75ec4ae14756b3c3eeb82e27f0e1 - - default default] Added segment afb74379-2749-4f5b-8564-7d62c04fdb79 of type geneve for network 4f23f736-dfc1-4931-88ac-bf2250e9c4a9
2026-06-24 19:12:47.634 8 INFO neutron.db.ovn_revision_numbers_db [None req-634e1d56-a9cd-4362-8ee3-9cca88112b1e 2249c42343e945ca8af7b305a41e708e b00b75ec4ae14756b3c3eeb82e27f0e1 - - default default] Successfully bumped revision number for resource 4f23f736-dfc1-4931-88ac-bf2250e9c4a9 (type: networks) to 1 [pid: 7|app: 0|req: 607/1208] 10.0.0.172 () {32 vars in 724 bytes} [Wed Jun 24 19:12:47 2026] DELETE /v2.0/subnets/86ef811d-c2bb-4b5c-ad4c-f8781dd1477a => generated 0 bytes in 269 msecs (HTTP/1.1 204) 3 headers in 131 bytes (1 switches on core 0)
2026-06-24 19:12:47.802 8 WARNING neutron.scheduler.dhcp_agent_scheduler [None req-634e1d56-a9cd-4362-8ee3-9cca88112b1e 2249c42343e945ca8af7b305a41e708e b00b75ec4ae14756b3c3eeb82e27f0e1 - - default default] No more DHCP agents
2026-06-24 19:12:47.803 8 WARNING neutron.api.rpc.agentnotifiers.dhcp_rpc_agent_api [None req-634e1d56-a9cd-4362-8ee3-9cca88112b1e 2249c42343e945ca8af7b305a41e708e b00b75ec4ae14756b3c3eeb82e27f0e1 - - default default] Unable to schedule network 4f23f736-dfc1-4931-88ac-bf2250e9c4a9: no agents available; will retry on subsequent port and subnet creation events. [pid: 7|app: 0|req: 608/1209] 10.0.0.103 () {34 vars in 1040 bytes} [Wed Jun 24 19:12:47 2026] GET /v2.0/security-groups?id=0f20a90b-9161-4b4c-8c4a-5093c6c898d9&fields=id&fields=name => generated 112 bytes in 54 msecs (HTTP/1.1 200) 4 headers in 157 bytes (1 switches on core 0)
2026-06-24 19:12:47.913 8 INFO neutron.db.ovn_revision_numbers_db [None req-634e1d56-a9cd-4362-8ee3-9cca88112b1e 2249c42343e945ca8af7b305a41e708e b00b75ec4ae14756b3c3eeb82e27f0e1 - - default default] Successfully bumped revision number for resource 6ae03aa2-b5ae-435a-830d-e238ee542f28 (type: ports) to 1 [pid: 8|app: 0|req: 602/1210] 10.0.0.172 () {34 vars in 670 bytes} [Wed Jun 24 19:12:47 2026] POST /v2.0/networks => generated 633 bytes in 873 msecs (HTTP/1.1 201) 4 headers in 162 bytes (1 switches on core 0)
2026-06-24 19:12:48.073 8 INFO neutron_taas.services.taas.taas_plugin [None req-e3ef5b40-3c8c-4c07-a367-f4fc60cbf042 215e7cde14a44a5781c56ad83b3266ac 630488a9773d483a8e30638c259ba140 - - default default] TaaS: Handle Delete Port: 929467c8-3818-428c-86f6-4ad611c89cae
2026-06-24 19:12:48.076 8 INFO neutron_taas.services.taas.tap_mirror_plugin [None req-e3ef5b40-3c8c-4c07-a367-f4fc60cbf042 215e7cde14a44a5781c56ad83b3266ac 630488a9773d483a8e30638c259ba140 - - default default] Tap Mirror: Handle Delete Port: 929467c8-3818-428c-86f6-4ad611c89cae
2026-06-24 19:12:48.265 8 INFO neutron.services.segments.plugin [-] Segment 514affae-59e7-4b9e-b9db-a32a6c85c3ca resource provider aggregate not found
2026-06-24 19:12:48.270 8 INFO neutron.services.segments.plugin [-] Segment 514affae-59e7-4b9e-b9db-a32a6c85c3ca resource provider aggregate not found
2026-06-24 19:12:48.284 8 INFO neutron.services.segments.plugin [-] Segment 514affae-59e7-4b9e-b9db-a32a6c85c3ca resource provider not found; error: Placement Client Error (4xx): {"errors": [{"status": 404, "title": "Not Found", "detail": "The resource could not be found.\n\n No resource provider with uuid 514affae-59e7-4b9e-b9db-a32a6c85c3ca found for delete ", "request_id": "req-92599468-5808-4cee-bebb-4c096440d124"}]}
2026-06-24 19:12:48.290 8 INFO neutron.services.segments.plugin [-] Segment 514affae-59e7-4b9e-b9db-a32a6c85c3ca resource provider not found; error: Placement Client Error (4xx): {"errors": [{"status": 404, "title": "Not Found", "detail": "The resource could not be found.\n\n No resource provider with uuid 514affae-59e7-4b9e-b9db-a32a6c85c3ca found for delete ", "request_id": "req-db39f7ee-bef7-445d-9e60-5456bb187c97"}]} [pid: 8|app: 0|req: 603/1211] 10.0.0.172 () {32 vars in 726 bytes} [Wed Jun 24 19:12:47 2026] DELETE /v2.0/networks/287d3fdc-26ce-44b6-a3f2-592117332de0 => generated 0 bytes in 379 msecs (HTTP/1.1 204) 3 headers in 131 bytes (1 switches on core 0) [pid: 8|app: 0|req: 604/1212] 10.0.0.103 () {34 vars in 990 bytes} [Wed Jun 24 19:12:48 2026] GET /v2.0/ports?device_id=5e84386a-e1a4-42bc-8e34-cbd203bd6338 => generated 971 bytes in 38 msecs (HTTP/1.1 200) 4 headers in 157 bytes (1 switches on core 0)
2026-06-24 19:12:48.455 8 INFO neutron.db.segments_db [None req-d01c75aa-7767-4a6a-ae44-969b649da8cb 2249c42343e945ca8af7b305a41e708e b00b75ec4ae14756b3c3eeb82e27f0e1 - - default default] Added segment bb37b919-425a-419e-b6c8-8de6cc72a960 of type geneve for network c2feed25-f34e-4ed0-ade5-dfc9b097c0e4
2026-06-24 19:12:48.593 8 INFO neutron.db.ovn_revision_numbers_db [None req-d01c75aa-7767-4a6a-ae44-969b649da8cb 2249c42343e945ca8af7b305a41e708e b00b75ec4ae14756b3c3eeb82e27f0e1 - - default default] Successfully bumped revision number for resource c2feed25-f34e-4ed0-ade5-dfc9b097c0e4 (type: networks) to 1
2026-06-24 19:12:48.726 7 WARNING neutron.scheduler.dhcp_agent_scheduler [None req-de55cdaf-beb4-4054-9e94-b9bd8d1de806 cf37aef89ad14d958768eead8d557050 177e2a279f374562bf3a84dcbe1985d9 - - default default] No more DHCP agents
2026-06-24 19:12:48.732 7 WARNING neutron.api.rpc.agentnotifiers.dhcp_rpc_agent_api [None req-de55cdaf-beb4-4054-9e94-b9bd8d1de806 cf37aef89ad14d958768eead8d557050 177e2a279f374562bf3a84dcbe1985d9 - - default default] Unable to schedule network f95b0866-1c1d-47cc-8b06-2d411037ec5c: no agents available; will retry on subsequent port and subnet creation events.
2026-06-24 19:12:48.758 8 WARNING neutron.scheduler.dhcp_agent_scheduler [None req-d01c75aa-7767-4a6a-ae44-969b649da8cb 2249c42343e945ca8af7b305a41e708e b00b75ec4ae14756b3c3eeb82e27f0e1 - - default default] No more DHCP agents
2026-06-24 19:12:48.759 8 WARNING neutron.api.rpc.agentnotifiers.dhcp_rpc_agent_api [None req-d01c75aa-7767-4a6a-ae44-969b649da8cb 2249c42343e945ca8af7b305a41e708e b00b75ec4ae14756b3c3eeb82e27f0e1 - - default default] Unable to schedule network c2feed25-f34e-4ed0-ade5-dfc9b097c0e4: no agents available; will retry on subsequent port and subnet creation events.
2026-06-24 19:12:48.765 7 INFO neutron.db.ovn_revision_numbers_db [None req-106f1cb2-5c82-4bfd-85bd-41da3e9133b2 - - - - - -] Successfully bumped revision number for resource 3267441e-2d2a-400a-bcec-652bf4d3c6fd (type: ports) to 4
2026-06-24 19:12:48.807 8 INFO neutron.plugins.ml2.drivers.ovn.mech_driver.mech_driver [None req-fc5ef716-6092-47a8-9dc3-e02be9ea2694 - - - - - -] OVN reports status down for port: 81709962-673f-42ba-85de-ea023c68d700
2026-06-24 19:12:48.891 8 INFO neutron.db.ovn_revision_numbers_db [None req-d01c75aa-7767-4a6a-ae44-969b649da8cb 2249c42343e945ca8af7b305a41e708e b00b75ec4ae14756b3c3eeb82e27f0e1 - - default default] Successfully bumped revision number for resource 81709962-673f-42ba-85de-ea023c68d700 (type: ports) to 1 [pid: 8|app: 0|req: 605/1213] 10.0.0.172 () {34 vars in 670 bytes} [Wed Jun 24 19:12:48 2026] POST /v2.0/networks => generated 634 bytes in 604 msecs (HTTP/1.1 201) 4 headers in 162 bytes (1 switches on core 0)
2026-06-24 19:12:49.024 7 INFO neutron.db.ovn_revision_numbers_db [None req-de55cdaf-beb4-4054-9e94-b9bd8d1de806 cf37aef89ad14d958768eead8d557050 177e2a279f374562bf3a84dcbe1985d9 - - default default] Successfully bumped revision number for resource d53b04c6-49ea-457e-9dbd-8cb2fb55a703 (type: ports) to 1
2026-06-24 19:12:49.377 8 INFO neutron.db.ovn_revision_numbers_db [None req-f86015e5-08e8-4da9-a27a-11c71a58f433 2c1d868d41024b239227b093b2e9d31a 835996d67dcf4998af79a541cdc3316b - - default default] Successfully bumped revision number for resource f9853b5a-0ed0-47f9-8336-a5dfed9ef669 (type: floatingips) to 1
2026-06-24 19:12:49.397 7 INFO neutron.db.ovn_revision_numbers_db [None req-106f1cb2-5c82-4bfd-85bd-41da3e9133b2 - - - - - -] Successfully bumped revision number for resource 3267441e-2d2a-400a-bcec-652bf4d3c6fd (type: ports) to 5
2026-06-24 19:12:49.488 8 INFO neutron.db.ovn_revision_numbers_db [None req-f86015e5-08e8-4da9-a27a-11c71a58f433 2c1d868d41024b239227b093b2e9d31a 835996d67dcf4998af79a541cdc3316b - - default default] Successfully bumped revision number for resource f9853b5a-0ed0-47f9-8336-a5dfed9ef669 (type: floatingips) to 2
2026-06-24 19:12:49.489 8 INFO neutron.db.l3_db [None req-f86015e5-08e8-4da9-a27a-11c71a58f433 2c1d868d41024b239227b093b2e9d31a 835996d67dcf4998af79a541cdc3316b - - default default] Floating IP f9853b5a-0ed0-47f9-8336-a5dfed9ef669 associated. External IP: 10.96.250.201, port: 65e2387c-8959-4836-ad7b-fb3fdebaf903. [pid: 8|app: 0|req: 606/1214] 10.0.0.172 () {34 vars in 749 bytes} [Wed Jun 24 19:12:48 2026] PUT /v2.0/floatingips/f9853b5a-0ed0-47f9-8336-a5dfed9ef669 => generated 855 bytes in 547 msecs (HTTP/1.1 200) 4 headers in 157 bytes (1 switches on core 0)
2026-06-24 19:12:49.551 8 INFO neutron.notifiers.nova [-] Nova event matching ['req-6fcaa7e5-943b-4673-9ef1-da75ccdfe1fc'] response: {'name': 'network-changed', 'server_uuid': '5e84386a-e1a4-42bc-8e34-cbd203bd6338', 'tag': '65e2387c-8959-4836-ad7b-fb3fdebaf903', 'status': 'completed', 'code': 200} [pid: 8|app: 0|req: 607/1215] 10.0.0.172 () {32 vars in 774 bytes} [Wed Jun 24 19:12:49 2026] GET /v2.0/security-groups?tenant_id=630488a9773d483a8e30638c259ba140&name=default => generated 2925 bytes in 98 msecs (HTTP/1.1 200) 4 headers in 158 bytes (1 switches on core 0)
2026-06-24 19:12:49.832 8 WARNING neutron.scheduler.dhcp_agent_scheduler [None req-f69e538e-b8ef-48c8-b256-ad8c75129cd2 2249c42343e945ca8af7b305a41e708e b00b75ec4ae14756b3c3eeb82e27f0e1 - - default default] No more DHCP agents
2026-06-24 19:12:49.833 8 WARNING neutron.api.rpc.agentnotifiers.dhcp_rpc_agent_api [None req-f69e538e-b8ef-48c8-b256-ad8c75129cd2 2249c42343e945ca8af7b305a41e708e b00b75ec4ae14756b3c3eeb82e27f0e1 - - default default] Unable to schedule network 4f23f736-dfc1-4931-88ac-bf2250e9c4a9: no agents available; will retry on subsequent port and subnet creation events.
2026-06-24 19:12:49.863 8 INFO neutron.db.ovn_revision_numbers_db [None req-f69e538e-b8ef-48c8-b256-ad8c75129cd2 2249c42343e945ca8af7b305a41e708e b00b75ec4ae14756b3c3eeb82e27f0e1 - - default default] Successfully bumped revision number for resource 11cf202e-bbe9-4587-b40b-09d962b46df9 (type: subnets) to 0 [pid: 8|app: 0|req: 608/1216] 10.0.0.172 () {34 vars in 669 bytes} [Wed Jun 24 19:12:49 2026] POST /v2.0/subnets => generated 646 bytes in 262 msecs (HTTP/1.1 201) 4 headers in 162 bytes (1 switches on core 0)
2026-06-24 19:12:50.033 7 WARNING neutron.scheduler.dhcp_agent_scheduler [None req-de55cdaf-beb4-4054-9e94-b9bd8d1de806 cf37aef89ad14d958768eead8d557050 177e2a279f374562bf3a84dcbe1985d9 - - default default] No more DHCP agents
2026-06-24 19:12:50.035 7 WARNING neutron.api.rpc.agentnotifiers.dhcp_rpc_agent_api [None req-de55cdaf-beb4-4054-9e94-b9bd8d1de806 cf37aef89ad14d958768eead8d557050 177e2a279f374562bf3a84dcbe1985d9 - - default default] Unable to schedule network f95b0866-1c1d-47cc-8b06-2d411037ec5c: no agents available; will retry on subsequent port and subnet creation events. [pid: 8|app: 0|req: 609/1217] 10.0.0.172 () {32 vars in 740 bytes} [Wed Jun 24 19:12:49 2026] DELETE /v2.0/security-groups/2dadbe22-0f2b-4f28-a7eb-b6f4cbcae2c5 => generated 0 bytes in 278 msecs (HTTP/1.1 204) 2 headers in 112 bytes (1 switches on core 0)
2026-06-24 19:12:50.334 8 WARNING neutron.scheduler.dhcp_agent_scheduler [None req-8899edb9-70a6-4f0e-aeb7-cdf5358ffb2c 2249c42343e945ca8af7b305a41e708e b00b75ec4ae14756b3c3eeb82e27f0e1 - - default default] No more DHCP agents
2026-06-24 19:12:50.335 8 WARNING neutron.api.rpc.agentnotifiers.dhcp_rpc_agent_api [None req-8899edb9-70a6-4f0e-aeb7-cdf5358ffb2c 2249c42343e945ca8af7b305a41e708e b00b75ec4ae14756b3c3eeb82e27f0e1 - - default default] Unable to schedule network c2feed25-f34e-4ed0-ade5-dfc9b097c0e4: no agents available; will retry on subsequent port and subnet creation events.
2026-06-24 19:12:50.361 8 INFO neutron.db.ovn_revision_numbers_db [None req-8899edb9-70a6-4f0e-aeb7-cdf5358ffb2c 2249c42343e945ca8af7b305a41e708e b00b75ec4ae14756b3c3eeb82e27f0e1 - - default default] Successfully bumped revision number for resource ad96738c-e4e8-4364-bd00-0effc8b36f97 (type: subnets) to 0 [pid: 8|app: 0|req: 610/1218] 10.0.0.172 () {34 vars in 669 bytes} [Wed Jun 24 19:12:50 2026] POST /v2.0/subnets => generated 655 bytes in 216 msecs (HTTP/1.1 201) 4 headers in 162 bytes (1 switches on core 0) [pid: 8|app: 0|req: 611/1219] 199.19.213.188 () {34 vars in 1080 bytes} [Wed Jun 24 19:12:50 2026] GET /v2.0/ports?tenant_id=835996d67dcf4998af79a541cdc3316b&device_id=5e84386a-e1a4-42bc-8e34-cbd203bd6338 => generated 1209 bytes in 104 msecs (HTTP/1.1 200) 4 headers in 158 bytes (1 switches on core 0)
2026-06-24 19:12:50.556 7 INFO neutron.plugins.ml2.drivers.ovn.mech_driver.mech_driver [None req-6a8321bd-213e-4536-82d7-4b9060ee0a0e - - - - - -] OVN reports status down for port: 6ae03aa2-b5ae-435a-830d-e238ee542f28
2026-06-24 19:12:50.620 8 INFO neutron.db.ovn_revision_numbers_db [None req-0070fbb5-7258-4e38-8024-1dd6939dfe6e 2249c42343e945ca8af7b305a41e708e b00b75ec4ae14756b3c3eeb82e27f0e1 - - default default] Successfully bumped revision number for resource d67e53b0-a1be-43d1-a771-e3d7a2632467 (type: routers) to 1 [pid: 8|app: 0|req: 612/1220] 10.0.0.172 () {34 vars in 669 bytes} [Wed Jun 24 19:12:50 2026] POST /v2.0/routers => generated 607 bytes in 156 msecs (HTTP/1.1 201) 4 headers in 162 bytes (1 switches on core 0) [pid: 8|app: 0|req: 613/1221] 199.19.213.188 () {34 vars in 986 bytes} [Wed Jun 24 19:12:50 2026] GET /v2.0/networks?id=7fdb02fb-b11e-4727-b856-16dc87b925f9 => generated 775 bytes in 42 msecs (HTTP/1.1 200) 4 headers in 157 bytes (1 switches on core 0)
2026-06-24 19:12:50.686 7 INFO neutron.plugins.ml2.drivers.ovn.mech_driver.mech_driver [None req-6a8321bd-213e-4536-82d7-4b9060ee0a0e - - - - - -] OVN reports status down for port: d53b04c6-49ea-457e-9dbd-8cb2fb55a703
2026-06-24 19:12:50.743 7 INFO neutron.db.ovn_revision_numbers_db [None req-de55cdaf-beb4-4054-9e94-b9bd8d1de806 cf37aef89ad14d958768eead8d557050 177e2a279f374562bf3a84dcbe1985d9 - - default default] Successfully bumped revision number for resource d53b04c6-49ea-457e-9dbd-8cb2fb55a703 (type: router_ports) to 1 [pid: 7|app: 0|req: 609/1222] 10.0.0.172 () {34 vars in 783 bytes} [Wed Jun 24 19:12:47 2026] PUT /v2.0/routers/fc345755-547a-436a-9e35-1c7343db8f49/add_router_interface => generated 309 bytes in 2943 msecs (HTTP/1.1 200) 4 headers in 157 bytes (1 switches on core 0)
2026-06-24 19:12:50.815 7 WARNING neutron.plugins.ml2.drivers.ovn.mech_driver.ovsdb.ovn_client [None req-6a8321bd-213e-4536-82d7-4b9060ee0a0e - - - - - -] Logical_Switch_Port d53b04c6-49ea-457e-9dbd-8cb2fb55a703 host information not removed, the port state is up
2026-06-24 19:12:50.861 7 INFO neutron.plugins.ml2.drivers.ovn.mech_driver.mech_driver [None req-6a8321bd-213e-4536-82d7-4b9060ee0a0e - - - - - -] OVN reports status up for port: d53b04c6-49ea-457e-9dbd-8cb2fb55a703 [pid: 7|app: 0|req: 610/1223] 199.19.213.188 () {34 vars in 1058 bytes} [Wed Jun 24 19:12:50 2026] GET /v2.0/floatingips?fixed_ip_address=10.100.0.9&port_id=65e2387c-8959-4836-ad7b-fb3fdebaf903 => generated 860 bytes in 122 msecs (HTTP/1.1 200) 4 headers in 157 bytes (1 switches on core 0) /var/lib/openstack/lib/python3.12/site-packages/pycadf/identifier.py:70: UserWarning: Invalid uuid: neutron. To ensure interoperability, identifiers should be a valid uuid. warnings.warn(('Invalid uuid: %s. To ensure interoperability, '
2026-06-24 19:12:50.899 7 INFO neutron.plugins.ml2.plugin [None req-6a8321bd-213e-4536-82d7-4b9060ee0a0e - - - - - -] Attempt 1 to provision port d53b04c6-49ea-457e-9dbd-8cb2fb55a703 [pid: 7|app: 0|req: 611/1224] 199.19.213.188 () {34 vars in 984 bytes} [Wed Jun 24 19:12:50 2026] GET /v2.0/subnets?id=f99f46bd-156c-4439-993f-9df35e18b26d => generated 694 bytes in 56 msecs (HTTP/1.1 200) 4 headers in 157 bytes (1 switches on core 0) [pid: 7|app: 0|req: 612/1225] 199.19.213.188 () {34 vars in 1052 bytes} [Wed Jun 24 19:12:50 2026] GET /v2.0/ports?network_id=7fdb02fb-b11e-4727-b856-16dc87b925f9&device_owner=network%3Adhcp => generated 12 bytes in 31 msecs (HTTP/1.1 200) 4 headers in 156 bytes (1 switches on core 0)
2026-06-24 19:12:51.019 8 WARNING neutron.scheduler.dhcp_agent_scheduler [None req-50cc9d20-e44e-4c5c-9e8e-f178e8cf4418 2249c42343e945ca8af7b305a41e708e b00b75ec4ae14756b3c3eeb82e27f0e1 - - default default] No more DHCP agents
2026-06-24 19:12:51.021 8 WARNING neutron.api.rpc.agentnotifiers.dhcp_rpc_agent_api [None req-50cc9d20-e44e-4c5c-9e8e-f178e8cf4418 2249c42343e945ca8af7b305a41e708e b00b75ec4ae14756b3c3eeb82e27f0e1 - - default default] Unable to schedule network 4f23f736-dfc1-4931-88ac-bf2250e9c4a9: no agents available; will retry on subsequent port and subnet creation events. [pid: 7|app: 0|req: 613/1226] 199.19.213.188 () {34 vars in 1012 bytes} [Wed Jun 24 19:12:50 2026] GET /v2.0/networks/7fdb02fb-b11e-4727-b856-16dc87b925f9?fields=segments => generated 14 bytes in 81 msecs (HTTP/1.1 200) 4 headers in 156 bytes (1 switches on core 0)
2026-06-24 19:12:51.126 8 INFO neutron.db.ovn_revision_numbers_db [None req-50cc9d20-e44e-4c5c-9e8e-f178e8cf4418 2249c42343e945ca8af7b305a41e708e b00b75ec4ae14756b3c3eeb82e27f0e1 - - default default] Successfully bumped revision number for resource 0aa0cda6-6f86-41ea-b5b6-5aaa211827b2 (type: ports) to 1 [pid: 7|app: 0|req: 614/1227] 199.19.213.188 () {34 vars in 1112 bytes} [Wed Jun 24 19:12:51 2026] GET /v2.0/networks/7fdb02fb-b11e-4727-b856-16dc87b925f9?fields=provider%3Aphysical_network&fields=provider%3Anetwork_type => generated 79 bytes in 157 msecs (HTTP/1.1 200) 4 headers in 156 bytes (1 switches on core 0)
2026-06-24 19:12:51.630 7 INFO neutron.db.ovn_revision_numbers_db [None req-0f8a908d-5b1c-4a37-abca-a07c87f0e6fa 4fe1a773b6b64e91b9f8c99030db52cb dcff7d03aeff48a2bdb7f08e05663bc8 - - default default] Successfully bumped revision number for resource f4b7c284-de0f-4ce2-9c25-c2f13410c0c1 (type: security_groups) to 1
2026-06-24 19:12:51.635 7 INFO neutron.db.ovn_revision_numbers_db [None req-6a8321bd-213e-4536-82d7-4b9060ee0a0e - - - - - -] Successfully bumped revision number for resource d53b04c6-49ea-457e-9dbd-8cb2fb55a703 (type: ports) to 2
2026-06-24 19:12:51.649 7 INFO neutron.db.ovn_revision_numbers_db [None req-0f8a908d-5b1c-4a37-abca-a07c87f0e6fa 4fe1a773b6b64e91b9f8c99030db52cb dcff7d03aeff48a2bdb7f08e05663bc8 - - default default] Successfully bumped revision number for resource 03df06dd-02b9-41fe-b75b-bb404bf084aa (type: security_group_rules) to 0
2026-06-24 19:12:51.666 8 WARNING neutron.scheduler.dhcp_agent_scheduler [None req-50cc9d20-e44e-4c5c-9e8e-f178e8cf4418 2249c42343e945ca8af7b305a41e708e b00b75ec4ae14756b3c3eeb82e27f0e1 - - default default] No more DHCP agents
2026-06-24 19:12:51.667 8 WARNING neutron.api.rpc.agentnotifiers.dhcp_rpc_agent_api [None req-50cc9d20-e44e-4c5c-9e8e-f178e8cf4418 2249c42343e945ca8af7b305a41e708e b00b75ec4ae14756b3c3eeb82e27f0e1 - - default default] Unable to schedule network 4f23f736-dfc1-4931-88ac-bf2250e9c4a9: no agents available; will retry on subsequent port and subnet creation events.
2026-06-24 19:12:51.674 7 INFO neutron.db.ovn_revision_numbers_db [None req-0f8a908d-5b1c-4a37-abca-a07c87f0e6fa 4fe1a773b6b64e91b9f8c99030db52cb dcff7d03aeff48a2bdb7f08e05663bc8 - - default default] Successfully bumped revision number for resource 6bbd0e4e-f78e-451f-b29f-0ef1e50e2e5a (type: security_group_rules) to 0 [pid: 7|app: 0|req: 615/1228] 10.0.0.172 () {34 vars in 685 bytes} [Wed Jun 24 19:12:51 2026] POST /v2.0/security-groups => generated 1660 bytes in 378 msecs (HTTP/1.1 201) 4 headers in 163 bytes (1 switches on core 0)
2026-06-24 19:12:51.865 8 INFO neutron.db.ovn_revision_numbers_db [None req-50cc9d20-e44e-4c5c-9e8e-f178e8cf4418 2249c42343e945ca8af7b305a41e708e b00b75ec4ae14756b3c3eeb82e27f0e1 - - default default] Successfully bumped revision number for resource 0aa0cda6-6f86-41ea-b5b6-5aaa211827b2 (type: router_ports) to 1 [pid: 8|app: 0|req: 614/1229] 10.0.0.172 () {34 vars in 783 bytes} [Wed Jun 24 19:12:50 2026] PUT /v2.0/routers/d67e53b0-a1be-43d1-a771-e3d7a2632467/add_router_interface => generated 309 bytes in 1193 msecs (HTTP/1.1 200) 4 headers in 157 bytes (1 switches on core 0)
2026-06-24 19:12:51.972 7 INFO neutron.db.ovn_revision_numbers_db [None req-520ef817-48aa-4b16-8215-5a06cc1f54e7 4fe1a773b6b64e91b9f8c99030db52cb dcff7d03aeff48a2bdb7f08e05663bc8 - - default default] Successfully bumped revision number for resource 77e07e48-67d0-43e4-876e-448111780b8e (type: security_group_rules) to 0 [pid: 7|app: 0|req: 616/1230] 10.0.0.172 () {34 vars in 695 bytes} [Wed Jun 24 19:12:51 2026] POST /v2.0/security-group-rules => generated 597 bytes in 243 msecs (HTTP/1.1 201) 4 headers in 162 bytes (1 switches on core 0) [pid: 7|app: 0|req: 617/1231] 10.0.0.172 () {32 vars in 717 bytes} [Wed Jun 24 19:12:52 2026] GET /v2.0/ports/0aa0cda6-6f86-41ea-b5b6-5aaa211827b2 => generated 945 bytes in 66 msecs (HTTP/1.1 200) 4 headers in 157 bytes (1 switches on core 0)
2026-06-24 19:12:52.200 7 INFO neutron.db.ovn_revision_numbers_db [None req-47e22d67-db0e-47a7-b2ac-4e4a6d5ba63f 4fe1a773b6b64e91b9f8c99030db52cb dcff7d03aeff48a2bdb7f08e05663bc8 - - default default] Successfully bumped revision number for resource 98e192c7-80ea-4087-b29f-78382616c2e0 (type: security_group_rules) to 0
2026-06-24 19:12:52.201 8 INFO neutron.db.ovn_revision_numbers_db [None req-5c67ed90-be74-454e-ad31-c4836c1b6ad9 7be731c58328475b87ed3cc8d77078a4 1b9932fc883f4e3eb99d73a88b15298d - - default default] Successfully bumped revision number for resource bad42220-1dba-4231-9d77-dd1bd5d52742 (type: security_groups) to 1
2026-06-24 19:12:52.214 8 INFO neutron.db.ovn_revision_numbers_db [None req-5c67ed90-be74-454e-ad31-c4836c1b6ad9 7be731c58328475b87ed3cc8d77078a4 1b9932fc883f4e3eb99d73a88b15298d - - default default] Successfully bumped revision number for resource 1b3a3b17-870b-4540-9037-36cf1ad94b0f (type: security_group_rules) to 0
2026-06-24 19:12:52.224 8 INFO neutron.db.ovn_revision_numbers_db [None req-5c67ed90-be74-454e-ad31-c4836c1b6ad9 7be731c58328475b87ed3cc8d77078a4 1b9932fc883f4e3eb99d73a88b15298d - - default default] Successfully bumped revision number for resource 30577b99-da40-4ada-bb3b-10bb38eecea8 (type: security_group_rules) to 0 [pid: 7|app: 0|req: 618/1232] 10.0.0.172 () {34 vars in 695 bytes} [Wed Jun 24 19:12:52 2026] POST /v2.0/security-group-rules => generated 602 bytes in 161 msecs (HTTP/1.1 201) 4 headers in 162 bytes (1 switches on core 0)
2026-06-24 19:12:52.234 8 INFO neutron.db.ovn_revision_numbers_db [None req-5c67ed90-be74-454e-ad31-c4836c1b6ad9 7be731c58328475b87ed3cc8d77078a4 1b9932fc883f4e3eb99d73a88b15298d - - default default] Successfully bumped revision number for resource 67ce902b-c91a-4a57-b5f9-bd10a897a077 (type: security_group_rules) to 0
2026-06-24 19:12:52.244 8 INFO neutron.db.ovn_revision_numbers_db [None req-5c67ed90-be74-454e-ad31-c4836c1b6ad9 7be731c58328475b87ed3cc8d77078a4 1b9932fc883f4e3eb99d73a88b15298d - - default default] Successfully bumped revision number for resource 7f5d4b52-4824-45d9-9e04-87bc870eb481 (type: security_group_rules) to 0
2026-06-24 19:12:52.334 8 INFO neutron.db.segments_db [None req-5c67ed90-be74-454e-ad31-c4836c1b6ad9 7be731c58328475b87ed3cc8d77078a4 1b9932fc883f4e3eb99d73a88b15298d - - default default] Added segment e46b0ce3-b50e-436f-b842-9ca3017fbbb3 of type geneve for network 71e91409-0e32-4fc7-b27a-f6323fee2b0e
2026-06-24 19:12:52.425 8 INFO neutron.db.segments_db [None req-5c67ed90-be74-454e-ad31-c4836c1b6ad9 7be731c58328475b87ed3cc8d77078a4 1b9932fc883f4e3eb99d73a88b15298d - - default default] Added segment eaa57d3e-7f9f-4240-90e7-96429c990fbd of type geneve for network 44be77a6-a992-4a6b-9d22-34ab03f74067
2026-06-24 19:12:52.535 8 INFO neutron.db.ovn_revision_numbers_db [None req-5c67ed90-be74-454e-ad31-c4836c1b6ad9 7be731c58328475b87ed3cc8d77078a4 1b9932fc883f4e3eb99d73a88b15298d - - default default] Successfully bumped revision number for resource 71e91409-0e32-4fc7-b27a-f6323fee2b0e (type: networks) to 1
