2026-06-24 19:15:14.897 7 INFO neutron.services.segments.plugin [-] Segment 6ab3653d-edeb-43ea-a8de-fc68e238e9bc resource provider not found; error: Placement Client Error (4xx): {"errors": [{"status": 404, "title": "Not Found", "detail": "The resource could not be found.\n\n No resource provider with uuid 6ab3653d-edeb-43ea-a8de-fc68e238e9bc found for delete ", "request_id": "req-261ab94b-796d-4622-9b7a-1a9c71885abd"}]} [pid: 7|app: 0|req: 1143/2300] 10.0.0.172 () {32 vars in 726 bytes} [Wed Jun 24 19:15:14 2026] DELETE /v2.0/networks/655ab48f-d7f1-49a3-8cab-22ffb7213195 => generated 0 bytes in 386 msecs (HTTP/1.1 204) 3 headers in 131 bytes (1 switches on core 0) [pid: 7|app: 0|req: 1144/2301] 10.0.0.172 () {32 vars in 774 bytes} [Wed Jun 24 19:15:15 2026] GET /v2.0/security-groups?tenant_id=534ca03c492343118e9f208a03eb6840&name=default => generated 2925 bytes in 28 msecs (HTTP/1.1 200) 4 headers in 158 bytes (1 switches on core 0) [pid: 7|app: 0|req: 1145/2302] 10.0.0.172 () {32 vars in 740 bytes} [Wed Jun 24 19:15:15 2026] DELETE /v2.0/security-groups/80262689-ce1d-46ac-bb02-1c8a52c4d0ac => generated 0 bytes in 224 msecs (HTTP/1.1 204) 2 headers in 112 bytes (1 switches on core 0)
2026-06-24 19:15:15.374 8 INFO neutron.db.ovn_revision_numbers_db [None req-7e3d35cc-6b5a-4b72-ae1d-932c10261abc b9dce32adbf64ca6aa629363139b2100 fea51bac8935487a885f8c413ec636c8 - - default default] Successfully bumped revision number for resource 8d424c25-a9c8-4eaf-8c65-c54c8ef16402 (type: security_groups) to 1
2026-06-24 19:15:15.385 8 INFO neutron.db.ovn_revision_numbers_db [None req-7e3d35cc-6b5a-4b72-ae1d-932c10261abc b9dce32adbf64ca6aa629363139b2100 fea51bac8935487a885f8c413ec636c8 - - default default] Successfully bumped revision number for resource 327cf079-7796-4738-9bfa-8295b4a2c944 (type: security_group_rules) to 0
2026-06-24 19:15:15.396 8 INFO neutron.db.ovn_revision_numbers_db [None req-7e3d35cc-6b5a-4b72-ae1d-932c10261abc b9dce32adbf64ca6aa629363139b2100 fea51bac8935487a885f8c413ec636c8 - - default default] Successfully bumped revision number for resource 463fcf94-d59c-4ffd-a274-516eef9de966 (type: security_group_rules) to 0
2026-06-24 19:15:15.408 8 INFO neutron.db.ovn_revision_numbers_db [None req-7e3d35cc-6b5a-4b72-ae1d-932c10261abc b9dce32adbf64ca6aa629363139b2100 fea51bac8935487a885f8c413ec636c8 - - default default] Successfully bumped revision number for resource 56a3f705-2966-4079-96f4-bab9d2e07ada (type: security_group_rules) to 0
2026-06-24 19:15:15.420 8 INFO neutron.db.ovn_revision_numbers_db [None req-7e3d35cc-6b5a-4b72-ae1d-932c10261abc b9dce32adbf64ca6aa629363139b2100 fea51bac8935487a885f8c413ec636c8 - - default default] Successfully bumped revision number for resource c9c0dfd8-4488-4453-97be-3c91bca4a70d (type: security_group_rules) to 0
2026-06-24 19:15:15.496 8 INFO neutron.db.segments_db [None req-7e3d35cc-6b5a-4b72-ae1d-932c10261abc b9dce32adbf64ca6aa629363139b2100 fea51bac8935487a885f8c413ec636c8 - - default default] Added segment 7cb35ff8-97f2-41b8-b6b9-c2e932152a09 of type geneve for network eb43a2ec-4506-40f4-a4a0-8d9192f61cf8
2026-06-24 19:15:15.499 7 INFO neutron.db.ovn_revision_numbers_db [None req-2715ea73-6f07-4d18-87ab-4399b7509477 cf37aef89ad14d958768eead8d557050 177e2a279f374562bf3a84dcbe1985d9 - - default default] Successfully bumped revision number for resource 94a7140d-8524-469b-97cc-6467318ce41b (type: security_groups) to 1
2026-06-24 19:15:15.511 7 INFO neutron.db.ovn_revision_numbers_db [None req-2715ea73-6f07-4d18-87ab-4399b7509477 cf37aef89ad14d958768eead8d557050 177e2a279f374562bf3a84dcbe1985d9 - - default default] Successfully bumped revision number for resource 5db5755b-b0f2-4e64-9970-3ff8f1070eff (type: security_group_rules) to 0
2026-06-24 19:15:15.524 7 INFO neutron.db.ovn_revision_numbers_db [None req-2715ea73-6f07-4d18-87ab-4399b7509477 cf37aef89ad14d958768eead8d557050 177e2a279f374562bf3a84dcbe1985d9 - - default default] Successfully bumped revision number for resource 7913c236-5ff2-4912-a233-6be233af63bb (type: security_group_rules) to 0
2026-06-24 19:15:15.536 7 INFO neutron.db.ovn_revision_numbers_db [None req-2715ea73-6f07-4d18-87ab-4399b7509477 cf37aef89ad14d958768eead8d557050 177e2a279f374562bf3a84dcbe1985d9 - - default default] Successfully bumped revision number for resource 88722eb2-1628-4523-83c2-64b1b00d4610 (type: security_group_rules) to 0
2026-06-24 19:15:15.547 7 INFO neutron.db.ovn_revision_numbers_db [None req-2715ea73-6f07-4d18-87ab-4399b7509477 cf37aef89ad14d958768eead8d557050 177e2a279f374562bf3a84dcbe1985d9 - - default default] Successfully bumped revision number for resource bbe00723-54f1-4136-bb9b-590e3fc6ddb6 (type: security_group_rules) to 0 [pid: 7|app: 0|req: 1146/2303] 10.0.0.172 () {32 vars in 774 bytes} [Wed Jun 24 19:15:15 2026] GET /v2.0/security-groups?tenant_id=689e17942fc24e279e0b7472dd173ebe&name=default => generated 2925 bytes in 260 msecs (HTTP/1.1 200) 4 headers in 158 bytes (1 switches on core 0)
2026-06-24 19:15:15.592 8 INFO neutron.db.ovn_revision_numbers_db [None req-7e3d35cc-6b5a-4b72-ae1d-932c10261abc b9dce32adbf64ca6aa629363139b2100 fea51bac8935487a885f8c413ec636c8 - - default default] Successfully bumped revision number for resource eb43a2ec-4506-40f4-a4a0-8d9192f61cf8 (type: networks) to 1
2026-06-24 19:15:15.719 8 WARNING neutron.scheduler.dhcp_agent_scheduler [None req-7e3d35cc-6b5a-4b72-ae1d-932c10261abc b9dce32adbf64ca6aa629363139b2100 fea51bac8935487a885f8c413ec636c8 - - default default] No more DHCP agents
2026-06-24 19:15:15.720 8 WARNING neutron.api.rpc.agentnotifiers.dhcp_rpc_agent_api [None req-7e3d35cc-6b5a-4b72-ae1d-932c10261abc b9dce32adbf64ca6aa629363139b2100 fea51bac8935487a885f8c413ec636c8 - - default default] Unable to schedule network eb43a2ec-4506-40f4-a4a0-8d9192f61cf8: no agents available; will retry on subsequent port and subnet creation events.
2026-06-24 19:15:15.783 8 INFO neutron.plugins.ml2.drivers.ovn.mech_driver.mech_driver [None req-4f513be1-8d3d-4cd4-a22c-439240dcbe72 - - - - - -] OVN reports status down for port: 86f63822-e037-42f8-80a5-d64d35b46a76 [pid: 7|app: 0|req: 1147/2304] 10.0.0.172 () {32 vars in 740 bytes} [Wed Jun 24 19:15:15 2026] DELETE /v2.0/security-groups/94a7140d-8524-469b-97cc-6467318ce41b => generated 0 bytes in 247 msecs (HTTP/1.1 204) 2 headers in 112 bytes (1 switches on core 0)
2026-06-24 19:15:15.847 8 INFO neutron.db.ovn_revision_numbers_db [None req-7e3d35cc-6b5a-4b72-ae1d-932c10261abc b9dce32adbf64ca6aa629363139b2100 fea51bac8935487a885f8c413ec636c8 - - default default] Successfully bumped revision number for resource 86f63822-e037-42f8-80a5-d64d35b46a76 (type: ports) to 1 [pid: 8|app: 0|req: 1158/2305] 10.0.0.172 () {34 vars in 670 bytes} [Wed Jun 24 19:15:15 2026] POST /v2.0/networks => generated 730 bytes in 850 msecs (HTTP/1.1 201) 4 headers in 162 bytes (1 switches on core 0)
2026-06-24 19:15:16.031 7 WARNING neutron.scheduler.dhcp_agent_scheduler [None req-030d08a7-a469-4068-8961-6b2a3132f97b b9dce32adbf64ca6aa629363139b2100 fea51bac8935487a885f8c413ec636c8 - - default default] No more DHCP agents
2026-06-24 19:15:16.033 7 WARNING neutron.api.rpc.agentnotifiers.dhcp_rpc_agent_api [None req-030d08a7-a469-4068-8961-6b2a3132f97b b9dce32adbf64ca6aa629363139b2100 fea51bac8935487a885f8c413ec636c8 - - default default] Unable to schedule network eb43a2ec-4506-40f4-a4a0-8d9192f61cf8: no agents available; will retry on subsequent port and subnet creation events.
2026-06-24 19:15:16.072 8 INFO neutron.db.ovn_revision_numbers_db [None req-81b820e5-8c6f-4160-8dc1-ed55f4c0589d cf37aef89ad14d958768eead8d557050 177e2a279f374562bf3a84dcbe1985d9 - - default default] Successfully bumped revision number for resource 69eac42e-90a3-41ea-8214-a2326d757408 (type: security_groups) to 1
2026-06-24 19:15:16.085 8 INFO neutron.db.ovn_revision_numbers_db [None req-81b820e5-8c6f-4160-8dc1-ed55f4c0589d cf37aef89ad14d958768eead8d557050 177e2a279f374562bf3a84dcbe1985d9 - - default default] Successfully bumped revision number for resource 6daceb6c-5862-4b68-b810-95853773600d (type: security_group_rules) to 0
2026-06-24 19:15:16.097 8 INFO neutron.db.ovn_revision_numbers_db [None req-81b820e5-8c6f-4160-8dc1-ed55f4c0589d cf37aef89ad14d958768eead8d557050 177e2a279f374562bf3a84dcbe1985d9 - - default default] Successfully bumped revision number for resource 897fb8a2-1036-4427-9130-533296c1a259 (type: security_group_rules) to 0
2026-06-24 19:15:16.109 8 INFO neutron.db.ovn_revision_numbers_db [None req-81b820e5-8c6f-4160-8dc1-ed55f4c0589d cf37aef89ad14d958768eead8d557050 177e2a279f374562bf3a84dcbe1985d9 - - default default] Successfully bumped revision number for resource b634c7b0-4a22-413f-8f2d-0c8861a8c6b2 (type: security_group_rules) to 0
2026-06-24 19:15:16.125 8 INFO neutron.db.ovn_revision_numbers_db [None req-81b820e5-8c6f-4160-8dc1-ed55f4c0589d cf37aef89ad14d958768eead8d557050 177e2a279f374562bf3a84dcbe1985d9 - - default default] Successfully bumped revision number for resource ef5086d0-1fdf-499a-b16d-bb607e8793d5 (type: security_group_rules) to 0 [pid: 8|app: 0|req: 1159/2306] 10.0.0.172 () {32 vars in 774 bytes} [Wed Jun 24 19:15:15 2026] GET /v2.0/security-groups?tenant_id=24263e41b6b64b51824516cc0841b1bb&name=default => generated 2925 bytes in 212 msecs (HTTP/1.1 200) 4 headers in 158 bytes (1 switches on core 0) [pid: 8|app: 0|req: 1160/2307] 10.0.0.172 () {32 vars in 740 bytes} [Wed Jun 24 19:15:16 2026] DELETE /v2.0/security-groups/69eac42e-90a3-41ea-8214-a2326d757408 => generated 0 bytes in 211 msecs (HTTP/1.1 204) 2 headers in 112 bytes (1 switches on core 0)
2026-06-24 19:15:16.490 7 INFO neutron.db.ovn_revision_numbers_db [None req-fd7ec1e2-cde2-4809-adce-a08df7ff5b0f - - - - - -] Successfully bumped revision number for resource 86f63822-e037-42f8-80a5-d64d35b46a76 (type: ports) to 2
2026-06-24 19:15:16.524 7 INFO neutron.db.ovn_revision_numbers_db [None req-fd7ec1e2-cde2-4809-adce-a08df7ff5b0f - - - - - -] Successfully bumped revision number for resource 99d9e9b3-6b03-4e4c-9446-4c07c06a629b (type: subnets) to 0 [pid: 7|app: 0|req: 1148/2308] 10.0.0.172 () {34 vars in 669 bytes} [Wed Jun 24 19:15:15 2026] POST /v2.0/subnets => generated 644 bytes in 667 msecs (HTTP/1.1 201) 4 headers in 162 bytes (1 switches on core 0)
2026-06-24 19:15:16.555 7 WARNING neutron.api.v2.base [None req-f509a0ba-3c19-4cfa-8328-40d30bba5ba3 b9dce32adbf64ca6aa629363139b2100 fea51bac8935487a885f8c413ec636c8 - - default default] An exception happened while processing the request body. The exception message is [Invalid input for target_tenant. Reason: 'None' is not a valid string.].: webob.exc.HTTPBadRequest: Invalid input for target_tenant. Reason: 'None' is not a valid string.
2026-06-24 19:15:16.556 7 INFO neutron.api.v2.resource [None req-f509a0ba-3c19-4cfa-8328-40d30bba5ba3 b9dce32adbf64ca6aa629363139b2100 fea51bac8935487a885f8c413ec636c8 - - default default] create failed (client error): Invalid input for target_tenant. Reason: 'None' is not a valid string. [pid: 7|app: 0|req: 1149/2309] 10.0.0.172 () {34 vars in 681 bytes} [Wed Jun 24 19:15:16 2026] POST /v2.0/rbac-policies => generated 143 bytes in 6 msecs (HTTP/1.1 400) 4 headers in 166 bytes (1 switches on core 0)
2026-06-24 19:15:16.602 8 INFO neutron.db.ovn_revision_numbers_db [None req-37b60c48-d63e-4456-be7a-58cca5753f36 cf37aef89ad14d958768eead8d557050 177e2a279f374562bf3a84dcbe1985d9 - - default default] Successfully bumped revision number for resource b76ad624-033b-47e7-9ad0-fe986a0739ad (type: security_groups) to 1
2026-06-24 19:15:16.617 8 INFO neutron.db.ovn_revision_numbers_db [None req-37b60c48-d63e-4456-be7a-58cca5753f36 cf37aef89ad14d958768eead8d557050 177e2a279f374562bf3a84dcbe1985d9 - - default default] Successfully bumped revision number for resource 2ad41022-2bfe-4e36-88b3-8ed73067a699 (type: security_group_rules) to 0
2026-06-24 19:15:16.628 8 INFO neutron.db.ovn_revision_numbers_db [None req-37b60c48-d63e-4456-be7a-58cca5753f36 cf37aef89ad14d958768eead8d557050 177e2a279f374562bf3a84dcbe1985d9 - - default default] Successfully bumped revision number for resource 3d40c531-e08e-485b-850f-a1cd127a9c54 (type: security_group_rules) to 0
2026-06-24 19:15:16.640 8 INFO neutron.db.ovn_revision_numbers_db [None req-37b60c48-d63e-4456-be7a-58cca5753f36 cf37aef89ad14d958768eead8d557050 177e2a279f374562bf3a84dcbe1985d9 - - default default] Successfully bumped revision number for resource 93fbc112-67aa-4828-b6bb-4b58f43ea630 (type: security_group_rules) to 0
2026-06-24 19:15:16.652 8 INFO neutron.db.ovn_revision_numbers_db [None req-37b60c48-d63e-4456-be7a-58cca5753f36 cf37aef89ad14d958768eead8d557050 177e2a279f374562bf3a84dcbe1985d9 - - default default] Successfully bumped revision number for resource caed7921-29af-48f6-8c30-63e374b7876a (type: security_group_rules) to 0 [pid: 8|app: 0|req: 1161/2310] 10.0.0.172 () {32 vars in 774 bytes} [Wed Jun 24 19:15:16 2026] GET /v2.0/security-groups?tenant_id=f8415dddd44f4015a9c6f8981a39d43d&name=default => generated 2925 bytes in 230 msecs (HTTP/1.1 200) 4 headers in 158 bytes (1 switches on core 0)
2026-06-24 19:15:16.704 7 INFO neutron_taas.services.taas.taas_plugin [None req-bee2210a-48ae-4232-b672-691c22c86955 b9dce32adbf64ca6aa629363139b2100 fea51bac8935487a885f8c413ec636c8 - - default default] TaaS: Handle Delete Port: 86f63822-e037-42f8-80a5-d64d35b46a76
2026-06-24 19:15:16.706 7 INFO neutron_taas.services.taas.tap_mirror_plugin [None req-bee2210a-48ae-4232-b672-691c22c86955 b9dce32adbf64ca6aa629363139b2100 fea51bac8935487a885f8c413ec636c8 - - default default] Tap Mirror: Handle Delete Port: 86f63822-e037-42f8-80a5-d64d35b46a76 [pid: 8|app: 0|req: 1162/2311] 10.0.0.172 () {32 vars in 740 bytes} [Wed Jun 24 19:15:16 2026] DELETE /v2.0/security-groups/b76ad624-033b-47e7-9ad0-fe986a0739ad => generated 0 bytes in 259 msecs (HTTP/1.1 204) 2 headers in 112 bytes (1 switches on core 0)
2026-06-24 19:15:17.070 7 INFO neutron.services.segments.plugin [-] Segment 7cb35ff8-97f2-41b8-b6b9-c2e932152a09 resource provider aggregate not found
2026-06-24 19:15:17.072 7 INFO neutron.services.segments.plugin [-] Segment 7cb35ff8-97f2-41b8-b6b9-c2e932152a09 resource provider aggregate not found
2026-06-24 19:15:17.090 7 INFO neutron.services.segments.plugin [-] Segment 7cb35ff8-97f2-41b8-b6b9-c2e932152a09 resource provider not found; error: Placement Client Error (4xx): {"errors": [{"status": 404, "title": "Not Found", "detail": "The resource could not be found.\n\n No resource provider with uuid 7cb35ff8-97f2-41b8-b6b9-c2e932152a09 found for delete ", "request_id": "req-291e815c-5d77-4cab-bcd4-b3cd534bf6d0"}]}
2026-06-24 19:15:17.091 7 INFO neutron.services.segments.plugin [-] Segment 7cb35ff8-97f2-41b8-b6b9-c2e932152a09 resource provider not found; error: Placement Client Error (4xx): {"errors": [{"status": 404, "title": "Not Found", "detail": "The resource could not be found.\n\n No resource provider with uuid 7cb35ff8-97f2-41b8-b6b9-c2e932152a09 found for delete ", "request_id": "req-4904bffc-2a60-41c1-ba75-3cde8c855ddd"}]} [pid: 7|app: 0|req: 1150/2312] 10.0.0.172 () {32 vars in 726 bytes} [Wed Jun 24 19:15:16 2026] DELETE /v2.0/networks/eb43a2ec-4506-40f4-a4a0-8d9192f61cf8 => generated 0 bytes in 570 msecs (HTTP/1.1 204) 3 headers in 131 bytes (1 switches on core 0)
2026-06-24 19:15:17.214 8 INFO neutron.db.segments_db [None req-2274b6f6-c479-4b94-8e6f-cfc2b6b64834 b9dce32adbf64ca6aa629363139b2100 fea51bac8935487a885f8c413ec636c8 - - default default] Added segment c8b1ae06-79fb-4b85-94bf-ba5b0c585b0f of type geneve for network 81736237-cdfd-436a-b5fa-776876c19703
2026-06-24 19:15:17.315 8 INFO neutron.db.ovn_revision_numbers_db [None req-2274b6f6-c479-4b94-8e6f-cfc2b6b64834 b9dce32adbf64ca6aa629363139b2100 fea51bac8935487a885f8c413ec636c8 - - default default] Successfully bumped revision number for resource 81736237-cdfd-436a-b5fa-776876c19703 (type: networks) to 1
2026-06-24 19:15:17.445 8 WARNING neutron.scheduler.dhcp_agent_scheduler [None req-2274b6f6-c479-4b94-8e6f-cfc2b6b64834 b9dce32adbf64ca6aa629363139b2100 fea51bac8935487a885f8c413ec636c8 - - default default] No more DHCP agents
2026-06-24 19:15:17.446 8 WARNING neutron.api.rpc.agentnotifiers.dhcp_rpc_agent_api [None req-2274b6f6-c479-4b94-8e6f-cfc2b6b64834 b9dce32adbf64ca6aa629363139b2100 fea51bac8935487a885f8c413ec636c8 - - default default] Unable to schedule network 81736237-cdfd-436a-b5fa-776876c19703: no agents available; will retry on subsequent port and subnet creation events.
2026-06-24 19:15:17.506 7 INFO neutron.plugins.ml2.drivers.ovn.mech_driver.mech_driver [None req-ba0fcd28-82f4-467f-b8f3-f80d5099fe40 - - - - - -] OVN reports status down for port: 5d05966a-7efe-491f-9066-e42a1035423b
2026-06-24 19:15:17.532 8 INFO neutron.db.ovn_revision_numbers_db [None req-2274b6f6-c479-4b94-8e6f-cfc2b6b64834 b9dce32adbf64ca6aa629363139b2100 fea51bac8935487a885f8c413ec636c8 - - default default] Successfully bumped revision number for resource 5d05966a-7efe-491f-9066-e42a1035423b (type: ports) to 1 [pid: 8|app: 0|req: 1163/2313] 10.0.0.172 () {34 vars in 670 bytes} [Wed Jun 24 19:15:17 2026] POST /v2.0/networks => generated 730 bytes in 415 msecs (HTTP/1.1 201) 4 headers in 162 bytes (1 switches on core 0)
2026-06-24 19:15:17.697 7 WARNING neutron.scheduler.dhcp_agent_scheduler [None req-5a8a886f-08d5-4676-8465-bb66f5514434 b9dce32adbf64ca6aa629363139b2100 fea51bac8935487a885f8c413ec636c8 - - default default] No more DHCP agents
2026-06-24 19:15:17.699 7 WARNING neutron.api.rpc.agentnotifiers.dhcp_rpc_agent_api [None req-5a8a886f-08d5-4676-8465-bb66f5514434 b9dce32adbf64ca6aa629363139b2100 fea51bac8935487a885f8c413ec636c8 - - default default] Unable to schedule network 81736237-cdfd-436a-b5fa-776876c19703: no agents available; will retry on subsequent port and subnet creation events.
2026-06-24 19:15:18.227 7 INFO neutron.db.ovn_revision_numbers_db [None req-cd40da50-ab4c-403b-bb1f-bc0758d7763f - - - - - -] Successfully bumped revision number for resource 5d05966a-7efe-491f-9066-e42a1035423b (type: ports) to 2
2026-06-24 19:15:18.261 7 INFO neutron.db.ovn_revision_numbers_db [None req-cd40da50-ab4c-403b-bb1f-bc0758d7763f - - - - - -] Successfully bumped revision number for resource 49a1bb70-daee-4b24-a7a8-03e4a016ce32 (type: subnets) to 0 [pid: 7|app: 0|req: 1151/2314] 10.0.0.172 () {34 vars in 669 bytes} [Wed Jun 24 19:15:17 2026] POST /v2.0/subnets => generated 647 bytes in 721 msecs (HTTP/1.1 201) 4 headers in 162 bytes (1 switches on core 0)
2026-06-24 19:15:18.290 8 WARNING neutron.api.v2.base [None req-dece3be7-2aff-4aea-b755-7749c4fc6238 b9dce32adbf64ca6aa629363139b2100 fea51bac8935487a885f8c413ec636c8 - - default default] An exception happened while processing the request body. The exception message is [Invalid input for target_tenant. Reason: '1234123412341234123412341234123412341234123412341234123412341234123412341234123412341234123412341234123412341234123412341234123412341234123412341234123412341234123412341234123412341234123412341234123412341234123412341234123412341234123412341234123412341234123412341234123412341234123412341234123412341234123412341234123412341234123412341234123412341234123412341234123412341234123412341234123412341234' exceeds maximum length of 255.].: webob.exc.HTTPBadRequest: Invalid input for target_tenant. Reason: '1234123412341234123412341234123412341234123412341234123412341234123412341234123412341234123412341234123412341234123412341234123412341234123412341234123412341234123412341234123412341234123412341234123412341234123412341234123412341234123412341234123412341234123412341234123412341234123412341234123412341234123412341234123412341234123412341234123412341234123412341234123412341234123412341234123412341234' exceeds maximum length of 255.
2026-06-24 19:15:18.291 8 INFO neutron.api.v2.resource [None req-dece3be7-2aff-4aea-b755-7749c4fc6238 b9dce32adbf64ca6aa629363139b2100 fea51bac8935487a885f8c413ec636c8 - - default default] create failed (client error): Invalid input for target_tenant. Reason: '1234123412341234123412341234123412341234123412341234123412341234123412341234123412341234123412341234123412341234123412341234123412341234123412341234123412341234123412341234123412341234123412341234123412341234123412341234123412341234123412341234123412341234123412341234123412341234123412341234123412341234123412341234123412341234123412341234123412341234123412341234123412341234123412341234123412341234' exceeds maximum length of 255. [pid: 8|app: 0|req: 1164/2315] 10.0.0.172 () {34 vars in 681 bytes} [Wed Jun 24 19:15:18 2026] POST /v2.0/rbac-policies => generated 547 bytes in 8 msecs (HTTP/1.1 400) 4 headers in 166 bytes (1 switches on core 0)
2026-06-24 19:15:18.447 7 INFO neutron_taas.services.taas.taas_plugin [None req-e5427daf-12b5-4635-8364-2d6ba49e3103 b9dce32adbf64ca6aa629363139b2100 fea51bac8935487a885f8c413ec636c8 - - default default] TaaS: Handle Delete Port: 5d05966a-7efe-491f-9066-e42a1035423b
2026-06-24 19:15:18.449 7 INFO neutron_taas.services.taas.tap_mirror_plugin [None req-e5427daf-12b5-4635-8364-2d6ba49e3103 b9dce32adbf64ca6aa629363139b2100 fea51bac8935487a885f8c413ec636c8 - - default default] Tap Mirror: Handle Delete Port: 5d05966a-7efe-491f-9066-e42a1035423b [pid: 8|app: 0|req: 1165/2316] 10.0.0.155 () {30 vars in 650 bytes} [Wed Jun 24 19:15:18 2026] GET /v2.0/extensions => generated 20118 bytes in 111 msecs (HTTP/1.1 200) 4 headers in 159 bytes (1 switches on core 0) [pid: 7|app: 0|req: 1152/2317] 10.0.0.172 () {32 vars in 726 bytes} [Wed Jun 24 19:15:18 2026] DELETE /v2.0/networks/81736237-cdfd-436a-b5fa-776876c19703 => generated 0 bytes in 518 msecs (HTTP/1.1 204) 3 headers in 131 bytes (1 switches on core 0) [pid: 8|app: 0|req: 1166/2318] 10.0.0.155 () {30 vars in 724 bytes} [Wed Jun 24 19:15:18 2026] GET /v2.0/quotas/09bc1cb23a7b423dbfd4bb4c4149bdee/details => generated 847 bytes in 165 msecs (HTTP/1.1 200) 4 headers in 157 bytes (1 switches on core 0)
2026-06-24 19:15:18.941 7 INFO neutron.db.segments_db [None req-6153b792-c97c-454e-bbce-7ece074d32a2 b9dce32adbf64ca6aa629363139b2100 fea51bac8935487a885f8c413ec636c8 - - default default] Added segment 78be859e-c5af-461f-97fe-c51cb9e8dc3b of type geneve for network 8f2a1449-bb64-43bc-84fa-0d70154eba48
2026-06-24 19:15:19.110 7 INFO neutron.services.segments.plugin [-] Segment c8b1ae06-79fb-4b85-94bf-ba5b0c585b0f resource provider aggregate not found
2026-06-24 19:15:19.113 7 INFO neutron.services.segments.plugin [-] Segment c8b1ae06-79fb-4b85-94bf-ba5b0c585b0f resource provider aggregate not found
2026-06-24 19:15:19.123 7 INFO neutron.db.ovn_revision_numbers_db [None req-6153b792-c97c-454e-bbce-7ece074d32a2 b9dce32adbf64ca6aa629363139b2100 fea51bac8935487a885f8c413ec636c8 - - default default] Successfully bumped revision number for resource 8f2a1449-bb64-43bc-84fa-0d70154eba48 (type: networks) to 1
2026-06-24 19:15:19.125 7 INFO neutron.services.segments.plugin [-] Segment c8b1ae06-79fb-4b85-94bf-ba5b0c585b0f resource provider not found; error: Placement Client Error (4xx): {"errors": [{"status": 404, "title": "Not Found", "detail": "The resource could not be found.\n\n No resource provider with uuid c8b1ae06-79fb-4b85-94bf-ba5b0c585b0f found for delete ", "request_id": "req-ff0ddc87-ff85-4cb6-ac17-482b5cf5da4f"}]}
2026-06-24 19:15:19.126 7 INFO neutron.services.segments.plugin [-] Segment c8b1ae06-79fb-4b85-94bf-ba5b0c585b0f resource provider not found; error: Placement Client Error (4xx): {"errors": [{"status": 404, "title": "Not Found", "detail": "The resource could not be found.\n\n No resource provider with uuid c8b1ae06-79fb-4b85-94bf-ba5b0c585b0f found for delete ", "request_id": "req-0299d9ea-cd72-4949-aa65-5dd5e0d3561f"}]}
2026-06-24 19:15:19.273 7 WARNING neutron.scheduler.dhcp_agent_scheduler [None req-6153b792-c97c-454e-bbce-7ece074d32a2 b9dce32adbf64ca6aa629363139b2100 fea51bac8935487a885f8c413ec636c8 - - default default] No more DHCP agents
2026-06-24 19:15:19.274 7 WARNING neutron.api.rpc.agentnotifiers.dhcp_rpc_agent_api [None req-6153b792-c97c-454e-bbce-7ece074d32a2 b9dce32adbf64ca6aa629363139b2100 fea51bac8935487a885f8c413ec636c8 - - default default] Unable to schedule network 8f2a1449-bb64-43bc-84fa-0d70154eba48: no agents available; will retry on subsequent port and subnet creation events.
2026-06-24 19:15:19.331 7 INFO neutron.plugins.ml2.drivers.ovn.mech_driver.mech_driver [None req-ba0fcd28-82f4-467f-b8f3-f80d5099fe40 - - - - - -] OVN reports status down for port: e4b29032-f5fe-4c25-a824-35a593ee3c7f
2026-06-24 19:15:19.400 7 INFO neutron.db.ovn_revision_numbers_db [None req-6153b792-c97c-454e-bbce-7ece074d32a2 b9dce32adbf64ca6aa629363139b2100 fea51bac8935487a885f8c413ec636c8 - - default default] Successfully bumped revision number for resource e4b29032-f5fe-4c25-a824-35a593ee3c7f (type: ports) to 1 [pid: 7|app: 0|req: 1153/2319] 10.0.0.172 () {34 vars in 670 bytes} [Wed Jun 24 19:15:18 2026] POST /v2.0/networks => generated 729 bytes in 658 msecs (HTTP/1.1 201) 4 headers in 162 bytes (1 switches on core 0)
2026-06-24 19:15:19.634 8 WARNING neutron.scheduler.dhcp_agent_scheduler [None req-56bee456-857b-4150-b8ec-4ab31daca7a3 b9dce32adbf64ca6aa629363139b2100 fea51bac8935487a885f8c413ec636c8 - - default default] No more DHCP agents
2026-06-24 19:15:19.635 8 WARNING neutron.api.rpc.agentnotifiers.dhcp_rpc_agent_api [None req-56bee456-857b-4150-b8ec-4ab31daca7a3 b9dce32adbf64ca6aa629363139b2100 fea51bac8935487a885f8c413ec636c8 - - default default] Unable to schedule network 8f2a1449-bb64-43bc-84fa-0d70154eba48: no agents available; will retry on subsequent port and subnet creation events.
2026-06-24 19:15:20.073 8 INFO neutron.db.ovn_revision_numbers_db [None req-4a9a63ad-8501-4552-826c-d862a8436396 - - - - - -] Successfully bumped revision number for resource e4b29032-f5fe-4c25-a824-35a593ee3c7f (type: ports) to 2
2026-06-24 19:15:20.102 8 INFO neutron.db.ovn_revision_numbers_db [None req-4a9a63ad-8501-4552-826c-d862a8436396 - - - - - -] Successfully bumped revision number for resource e0a92cb5-6bcf-45af-a0d4-21a2a25c4a8c (type: subnets) to 0 [pid: 8|app: 0|req: 1167/2320] 10.0.0.172 () {34 vars in 669 bytes} [Wed Jun 24 19:15:19 2026] POST /v2.0/subnets => generated 647 bytes in 634 msecs (HTTP/1.1 201) 4 headers in 162 bytes (1 switches on core 0) [pid: 7|app: 0|req: 1154/2321] 10.0.0.172 () {34 vars in 681 bytes} [Wed Jun 24 19:15:20 2026] POST /v2.0/rbac-policies => generated 324 bytes in 216 msecs (HTTP/1.1 201) 4 headers in 162 bytes (1 switches on core 0) [pid: 8|app: 0|req: 1168/2322] 10.0.0.172 () {32 vars in 723 bytes} [Wed Jun 24 19:15:20 2026] GET /v2.0/networks/8f2a1449-bb64-43bc-84fa-0d70154eba48 => generated 655 bytes in 116 msecs (HTTP/1.1 200) 4 headers in 157 bytes (1 switches on core 0) [pid: 7|app: 0|req: 1155/2323] 10.0.0.155 () {30 vars in 650 bytes} [Wed Jun 24 19:15:20 2026] GET /v2.0/extensions => generated 20118 bytes in 7 msecs (HTTP/1.1 200) 4 headers in 159 bytes (1 switches on core 0) [pid: 8|app: 0|req: 1169/2324] 10.0.0.155 () {30 vars in 724 bytes} [Wed Jun 24 19:15:20 2026] GET /v2.0/quotas/09bc1cb23a7b423dbfd4bb4c4149bdee/details => generated 847 bytes in 119 msecs (HTTP/1.1 200) 4 headers in 157 bytes (1 switches on core 0)
2026-06-24 19:15:21.237 7 INFO neutron.pecan_wsgi.hooks.translation [None req-0d926dc9-cb1b-42b9-9da4-3d98775132d1 c5be02dc35b54409956f1b54f6884b26 fe638f54487a442892b4f2667170c4a8 - - default default] GET failed (client error): The resource could not be found. [pid: 7|app: 0|req: 1156/2325] 10.0.0.172 () {32 vars in 723 bytes} [Wed Jun 24 19:15:21 2026] GET /v2.0/networks/8f2a1449-bb64-43bc-84fa-0d70154eba48 => generated 138 bytes in 77 msecs (HTTP/1.1 404) 4 headers in 164 bytes (1 switches on core 0)
2026-06-24 19:15:21.392 8 INFO neutron_taas.services.taas.taas_plugin [None req-4d623943-170a-4eb6-ae45-1595c4c23612 b9dce32adbf64ca6aa629363139b2100 fea51bac8935487a885f8c413ec636c8 - - default default] TaaS: Handle Delete Port: e4b29032-f5fe-4c25-a824-35a593ee3c7f
2026-06-24 19:15:21.395 8 INFO neutron_taas.services.taas.tap_mirror_plugin [None req-4d623943-170a-4eb6-ae45-1595c4c23612 b9dce32adbf64ca6aa629363139b2100 fea51bac8935487a885f8c413ec636c8 - - default default] Tap Mirror: Handle Delete Port: e4b29032-f5fe-4c25-a824-35a593ee3c7f
2026-06-24 19:15:21.504 7 INFO neutron.db.ovn_revision_numbers_db [None req-03195ac1-6b70-4cfe-971e-9823c2f13612 237390af772144cf84db58a9e6a05221 67f55847911c4eb7b964bed7a35e269d - - default default] Successfully bumped revision number for resource 128d141d-f749-4def-ab6f-3a7a81c06c2c (type: security_groups) to 1
2026-06-24 19:15:21.516 7 INFO neutron.db.ovn_revision_numbers_db [None req-03195ac1-6b70-4cfe-971e-9823c2f13612 237390af772144cf84db58a9e6a05221 67f55847911c4eb7b964bed7a35e269d - - default default] Successfully bumped revision number for resource 2642786a-1132-425f-b8c3-d201a8315a85 (type: security_group_rules) to 0
2026-06-24 19:15:21.543 7 INFO neutron.db.ovn_revision_numbers_db [None req-03195ac1-6b70-4cfe-971e-9823c2f13612 237390af772144cf84db58a9e6a05221 67f55847911c4eb7b964bed7a35e269d - - default default] Successfully bumped revision number for resource 4726dd35-dc9c-4146-9700-cc00e3b4d2f5 (type: security_group_rules) to 0
2026-06-24 19:15:21.565 7 INFO neutron.db.ovn_revision_numbers_db [None req-03195ac1-6b70-4cfe-971e-9823c2f13612 237390af772144cf84db58a9e6a05221 67f55847911c4eb7b964bed7a35e269d - - default default] Successfully bumped revision number for resource 9ec59970-ac60-49f1-844c-da3be99c5081 (type: security_group_rules) to 0
2026-06-24 19:15:21.585 7 INFO neutron.db.ovn_revision_numbers_db [None req-03195ac1-6b70-4cfe-971e-9823c2f13612 237390af772144cf84db58a9e6a05221 67f55847911c4eb7b964bed7a35e269d - - default default] Successfully bumped revision number for resource ca8e54be-54f7-4d71-8d42-0c3f08ca83a8 (type: security_group_rules) to 0
2026-06-24 19:15:21.673 7 INFO neutron.db.segments_db [None req-03195ac1-6b70-4cfe-971e-9823c2f13612 237390af772144cf84db58a9e6a05221 67f55847911c4eb7b964bed7a35e269d - - default default] Added segment 8b43e89a-5971-4bdc-afba-a0da231ca031 of type geneve for network c2b4b8c0-afcd-4e09-a01b-aa4a5e3fe0fe
2026-06-24 19:15:21.748 8 INFO neutron.services.segments.plugin [-] Segment 78be859e-c5af-461f-97fe-c51cb9e8dc3b resource provider aggregate not found
2026-06-24 19:15:21.753 8 INFO neutron.services.segments.plugin [-] Segment 78be859e-c5af-461f-97fe-c51cb9e8dc3b resource provider aggregate not found
2026-06-24 19:15:21.777 8 INFO neutron.services.segments.plugin [-] Segment 78be859e-c5af-461f-97fe-c51cb9e8dc3b resource provider not found; error: Placement Client Error (4xx): {"errors": [{"status": 404, "title": "Not Found", "detail": "The resource could not be found.\n\n No resource provider with uuid 78be859e-c5af-461f-97fe-c51cb9e8dc3b found for delete ", "request_id": "req-3d21cb6e-2d4b-4643-ab9f-31b134502168"}]}
2026-06-24 19:15:21.780 8 INFO neutron.services.segments.plugin [-] Segment 78be859e-c5af-461f-97fe-c51cb9e8dc3b resource provider not found; error: Placement Client Error (4xx): {"errors": [{"status": 404, "title": "Not Found", "detail": "The resource could not be found.\n\n No resource provider with uuid 78be859e-c5af-461f-97fe-c51cb9e8dc3b found for delete ", "request_id": "req-b5db574e-89e7-41d8-9418-3364850133e8"}]} [pid: 8|app: 0|req: 1170/2326] 10.0.0.172 () {32 vars in 726 bytes} [Wed Jun 24 19:15:21 2026] DELETE /v2.0/networks/8f2a1449-bb64-43bc-84fa-0d70154eba48 => generated 0 bytes in 556 msecs (HTTP/1.1 204) 3 headers in 131 bytes (1 switches on core 0)
2026-06-24 19:15:21.828 8 INFO neutron.pecan_wsgi.hooks.translation [None req-d6a8e29d-8fed-49d0-9b59-beca3fe5bd90 b9dce32adbf64ca6aa629363139b2100 fea51bac8935487a885f8c413ec636c8 - - default default] DELETE failed (client error): The resource could not be found. [pid: 8|app: 0|req: 1171/2327] 10.0.0.172 () {32 vars in 724 bytes} [Wed Jun 24 19:15:21 2026] DELETE /v2.0/subnets/99d9e9b3-6b03-4e4c-9446-4c07c06a629b => generated 136 bytes in 26 msecs (HTTP/1.1 404) 4 headers in 164 bytes (1 switches on core 0)
2026-06-24 19:15:21.849 7 INFO neutron.db.ovn_revision_numbers_db [None req-03195ac1-6b70-4cfe-971e-9823c2f13612 237390af772144cf84db58a9e6a05221 67f55847911c4eb7b964bed7a35e269d - - default default] Successfully bumped revision number for resource c2b4b8c0-afcd-4e09-a01b-aa4a5e3fe0fe (type: networks) to 1
2026-06-24 19:15:21.850 8 INFO neutron.pecan_wsgi.hooks.translation [None req-788c6200-380f-406f-b675-3fdd2ddbc1f8 b9dce32adbf64ca6aa629363139b2100 fea51bac8935487a885f8c413ec636c8 - - default default] DELETE failed (client error): The resource could not be found. [pid: 8|app: 0|req: 1172/2328] 10.0.0.172 () {32 vars in 724 bytes} [Wed Jun 24 19:15:21 2026] DELETE /v2.0/subnets/49a1bb70-daee-4b24-a7a8-03e4a016ce32 => generated 136 bytes in 19 msecs (HTTP/1.1 404) 4 headers in 164 bytes (1 switches on core 0)
2026-06-24 19:15:21.875 8 INFO neutron.pecan_wsgi.hooks.translation [None req-3e39843a-5844-44de-8ca2-c28560a776cd b9dce32adbf64ca6aa629363139b2100 fea51bac8935487a885f8c413ec636c8 - - default default] DELETE failed (client error): The resource could not be found. [pid: 8|app: 0|req: 1173/2329] 10.0.0.172 () {32 vars in 724 bytes} [Wed Jun 24 19:15:21 2026] DELETE /v2.0/subnets/e0a92cb5-6bcf-45af-a0d4-21a2a25c4a8c => generated 136 bytes in 20 msecs (HTTP/1.1 404) 4 headers in 164 bytes (1 switches on core 0)
2026-06-24 19:15:22.029 7 WARNING neutron.scheduler.dhcp_agent_scheduler [None req-03195ac1-6b70-4cfe-971e-9823c2f13612 237390af772144cf84db58a9e6a05221 67f55847911c4eb7b964bed7a35e269d - - default default] No more DHCP agents
2026-06-24 19:15:22.030 7 WARNING neutron.api.rpc.agentnotifiers.dhcp_rpc_agent_api [None req-03195ac1-6b70-4cfe-971e-9823c2f13612 237390af772144cf84db58a9e6a05221 67f55847911c4eb7b964bed7a35e269d - - default default] Unable to schedule network c2b4b8c0-afcd-4e09-a01b-aa4a5e3fe0fe: no agents available; will retry on subsequent port and subnet creation events.
2026-06-24 19:15:22.096 8 INFO neutron.plugins.ml2.drivers.ovn.mech_driver.mech_driver [None req-4f513be1-8d3d-4cd4-a22c-439240dcbe72 - - - - - -] OVN reports status down for port: c4f9b79c-10b6-4ebb-85ef-f0eaa68b7a5e
2026-06-24 19:15:22.127 7 INFO neutron.db.ovn_revision_numbers_db [None req-03195ac1-6b70-4cfe-971e-9823c2f13612 237390af772144cf84db58a9e6a05221 67f55847911c4eb7b964bed7a35e269d - - default default] Successfully bumped revision number for resource c4f9b79c-10b6-4ebb-85ef-f0eaa68b7a5e (type: ports) to 1 [pid: 7|app: 0|req: 1157/2330] 10.0.0.172 () {34 vars in 670 bytes} [Wed Jun 24 19:15:21 2026] POST /v2.0/networks => generated 631 bytes in 861 msecs (HTTP/1.1 201) 4 headers in 162 bytes (1 switches on core 0)
2026-06-24 19:15:22.384 8 WARNING neutron.scheduler.dhcp_agent_scheduler [None req-6a99197e-f449-4099-81a8-8e6cb11c8d6b 237390af772144cf84db58a9e6a05221 67f55847911c4eb7b964bed7a35e269d - - default default] No more DHCP agents
2026-06-24 19:15:22.385 8 WARNING neutron.api.rpc.agentnotifiers.dhcp_rpc_agent_api [None req-6a99197e-f449-4099-81a8-8e6cb11c8d6b 237390af772144cf84db58a9e6a05221 67f55847911c4eb7b964bed7a35e269d - - default default] Unable to schedule network c2b4b8c0-afcd-4e09-a01b-aa4a5e3fe0fe: no agents available; will retry on subsequent port and subnet creation events.
2026-06-24 19:15:22.455 7 INFO neutron.plugins.ml2.drivers.ovn.mech_driver.mech_driver [None req-ba0fcd28-82f4-467f-b8f3-f80d5099fe40 - - - - - -] OVN reports status down for port: 4b497085-40fb-4ed5-ba34-68727826dd9f
2026-06-24 19:15:22.486 8 INFO neutron.db.ovn_revision_numbers_db [None req-6a99197e-f449-4099-81a8-8e6cb11c8d6b 237390af772144cf84db58a9e6a05221 67f55847911c4eb7b964bed7a35e269d - - default default] Successfully bumped revision number for resource 4b497085-40fb-4ed5-ba34-68727826dd9f (type: ports) to 1 [pid: 8|app: 0|req: 1174/2331] 10.0.0.172 () {34 vars in 664 bytes} [Wed Jun 24 19:15:22 2026] POST /v2.0/ports => generated 743 bytes in 380 msecs (HTTP/1.1 201) 4 headers in 162 bytes (1 switches on core 0) [pid: 7|app: 0|req: 1158/2332] 10.0.0.172 () {34 vars in 666 bytes} [Wed Jun 24 19:15:22 2026] POST /v2.0/trunks => generated 409 bytes in 245 msecs (HTTP/1.1 201) 4 headers in 162 bytes (1 switches on core 0) /var/lib/openstack/lib/python3.12/site-packages/pycadf/identifier.py:70: UserWarning: Invalid uuid: neutron. To ensure interoperability, identifiers should be a valid uuid. warnings.warn(('Invalid uuid: %s. To ensure interoperability, '
2026-06-24 19:15:22.929 7 INFO neutron.db.segments_db [None req-01466609-fc6e-4d3a-a7e2-57a72bf84a88 237390af772144cf84db58a9e6a05221 67f55847911c4eb7b964bed7a35e269d - - default default] Added segment 74efde2b-42c7-4d94-96ed-e2bf94f6bf64 of type geneve for network 1ca6ba93-c03b-491c-ba9e-c1554626f611
2026-06-24 19:15:23.022 8 INFO neutron.db.ovn_revision_numbers_db [None req-13300d11-670a-49fb-a7a2-78ad501f2b08 cf37aef89ad14d958768eead8d557050 177e2a279f374562bf3a84dcbe1985d9 - - default default] Successfully bumped revision number for resource 62c55234-1a4e-4007-8b81-700f9eafbc85 (type: security_groups) to 1
2026-06-24 19:15:23.036 8 INFO neutron.db.ovn_revision_numbers_db [None req-13300d11-670a-49fb-a7a2-78ad501f2b08 cf37aef89ad14d958768eead8d557050 177e2a279f374562bf3a84dcbe1985d9 - - default default] Successfully bumped revision number for resource 087ab486-800e-4f36-ab6c-491c7bc3f5a4 (type: security_group_rules) to 0
2026-06-24 19:15:23.052 8 INFO neutron.db.ovn_revision_numbers_db [None req-13300d11-670a-49fb-a7a2-78ad501f2b08 cf37aef89ad14d958768eead8d557050 177e2a279f374562bf3a84dcbe1985d9 - - default default] Successfully bumped revision number for resource 40025696-4a61-4c5c-af2b-d9dad5e9c1d9 (type: security_group_rules) to 0
2026-06-24 19:15:23.073 8 INFO neutron.db.ovn_revision_numbers_db [None req-13300d11-670a-49fb-a7a2-78ad501f2b08 cf37aef89ad14d958768eead8d557050 177e2a279f374562bf3a84dcbe1985d9 - - default default] Successfully bumped revision number for resource 5c9bdcf4-c798-488a-975a-cf6a56317080 (type: security_group_rules) to 0
2026-06-24 19:15:23.084 8 INFO neutron.db.ovn_revision_numbers_db [None req-13300d11-670a-49fb-a7a2-78ad501f2b08 cf37aef89ad14d958768eead8d557050 177e2a279f374562bf3a84dcbe1985d9 - - default default] Successfully bumped revision number for resource 7c575305-955e-4ef3-8630-546fc1c20369 (type: security_group_rules) to 0
2026-06-24 19:15:23.087 7 INFO neutron.db.ovn_revision_numbers_db [None req-01466609-fc6e-4d3a-a7e2-57a72bf84a88 237390af772144cf84db58a9e6a05221 67f55847911c4eb7b964bed7a35e269d - - default default] Successfully bumped revision number for resource 1ca6ba93-c03b-491c-ba9e-c1554626f611 (type: networks) to 1 [pid: 8|app: 0|req: 1175/2333] 10.0.0.172 () {32 vars in 774 bytes} [Wed Jun 24 19:15:22 2026] GET /v2.0/security-groups?tenant_id=fe638f54487a442892b4f2667170c4a8&name=default => generated 2925 bytes in 449 msecs (HTTP/1.1 200) 4 headers in 158 bytes (1 switches on core 0)
2026-06-24 19:15:23.264 7 WARNING neutron.scheduler.dhcp_agent_scheduler [None req-01466609-fc6e-4d3a-a7e2-57a72bf84a88 237390af772144cf84db58a9e6a05221 67f55847911c4eb7b964bed7a35e269d - - default default] No more DHCP agents
2026-06-24 19:15:23.267 7 WARNING neutron.api.rpc.agentnotifiers.dhcp_rpc_agent_api [None req-01466609-fc6e-4d3a-a7e2-57a72bf84a88 237390af772144cf84db58a9e6a05221 67f55847911c4eb7b964bed7a35e269d - - default default] Unable to schedule network 1ca6ba93-c03b-491c-ba9e-c1554626f611: no agents available; will retry on subsequent port and subnet creation events.
2026-06-24 19:15:23.270 8 INFO neutron.db.ovn_revision_numbers_db [None req-7204f6ac-376a-4fbd-b3ec-c571408f34da cf37aef89ad14d958768eead8d557050 177e2a279f374562bf3a84dcbe1985d9 - - default default] Successfully bumped revision number for resource 9a1d984f-0555-404b-bfe5-2c792ebb8f0a (type: security_groups) to 1
2026-06-24 19:15:23.281 8 INFO neutron.db.ovn_revision_numbers_db [None req-7204f6ac-376a-4fbd-b3ec-c571408f34da cf37aef89ad14d958768eead8d557050 177e2a279f374562bf3a84dcbe1985d9 - - default default] Successfully bumped revision number for resource 512b2d01-9da3-4953-aa86-0d86ffdf1d9a (type: security_group_rules) to 0
2026-06-24 19:15:23.292 8 INFO neutron.db.ovn_revision_numbers_db [None req-7204f6ac-376a-4fbd-b3ec-c571408f34da cf37aef89ad14d958768eead8d557050 177e2a279f374562bf3a84dcbe1985d9 - - default default] Successfully bumped revision number for resource 69ea2f72-f347-4c33-a777-afbbcdd0d671 (type: security_group_rules) to 0
2026-06-24 19:15:23.311 8 INFO neutron.db.ovn_revision_numbers_db [None req-7204f6ac-376a-4fbd-b3ec-c571408f34da cf37aef89ad14d958768eead8d557050 177e2a279f374562bf3a84dcbe1985d9 - - default default] Successfully bumped revision number for resource c356c7c8-35c1-4319-ba00-0b0e89aa9bb5 (type: security_group_rules) to 0
2026-06-24 19:15:23.321 7 INFO neutron.plugins.ml2.drivers.ovn.mech_driver.mech_driver [None req-ba0fcd28-82f4-467f-b8f3-f80d5099fe40 - - - - - -] OVN reports status down for port: efaccf75-54f2-4247-b958-119269e60430
2026-06-24 19:15:23.323 8 INFO neutron.db.ovn_revision_numbers_db [None req-7204f6ac-376a-4fbd-b3ec-c571408f34da cf37aef89ad14d958768eead8d557050 177e2a279f374562bf3a84dcbe1985d9 - - default default] Successfully bumped revision number for resource ebae80b0-aba1-4396-8eb2-0322aaae22b5 (type: security_group_rules) to 0 [pid: 8|app: 0|req: 1176/2334] 10.0.0.172 () {32 vars in 774 bytes} [Wed Jun 24 19:15:23 2026] GET /v2.0/security-groups?tenant_id=09bc1cb23a7b423dbfd4bb4c4149bdee&name=default => generated 2925 bytes in 240 msecs (HTTP/1.1 200) 4 headers in 158 bytes (1 switches on core 0)
2026-06-24 19:15:23.379 7 INFO neutron.db.ovn_revision_numbers_db [None req-01466609-fc6e-4d3a-a7e2-57a72bf84a88 237390af772144cf84db58a9e6a05221 67f55847911c4eb7b964bed7a35e269d - - default default] Successfully bumped revision number for resource efaccf75-54f2-4247-b958-119269e60430 (type: ports) to 1 [pid: 7|app: 0|req: 1159/2337] 10.0.0.172 () {34 vars in 670 bytes} [Wed Jun 24 19:15:22 2026] POST /v2.0/networks => generated 632 bytes in 633 msecs (HTTP/1.1 201) 4 headers in 162 bytes (1 switches on core 0) [pid: 8|app: 0|req: 1179/2338] 10.0.0.172 () {32 vars in 740 bytes} [Wed Jun 24 19:15:23 2026] DELETE /v2.0/security-groups/62c55234-1a4e-4007-8b81-700f9eafbc85 => generated 0 bytes in 220 msecs (HTTP/1.1 204) 2 headers in 112 bytes (1 switches on core 0) [pid: 7|app: 0|req: 1160/2339] 10.0.0.172 () {32 vars in 740 bytes} [Wed Jun 24 19:15:23 2026] DELETE /v2.0/security-groups/9a1d984f-0555-404b-bfe5-2c792ebb8f0a => generated 0 bytes in 251 msecs (HTTP/1.1 204) 2 headers in 112 bytes (1 switches on core 0) [pid: 7|app: 0|req: 1161/2340] 10.0.0.172 () {32 vars in 774 bytes} [Wed Jun 24 19:15:23 2026] GET /v2.0/security-groups?tenant_id=fea51bac8935487a885f8c413ec636c8&name=default => generated 2925 bytes in 29 msecs (HTTP/1.1 200) 4 headers in 158 bytes (1 switches on core 0)
2026-06-24 19:15:23.794 8 WARNING neutron.scheduler.dhcp_agent_scheduler [None req-1a04be65-80d1-4c2b-8da0-ea320fbeeedf 237390af772144cf84db58a9e6a05221 67f55847911c4eb7b964bed7a35e269d - - default default] No more DHCP agents
2026-06-24 19:15:23.795 8 WARNING neutron.api.rpc.agentnotifiers.dhcp_rpc_agent_api [None req-1a04be65-80d1-4c2b-8da0-ea320fbeeedf 237390af772144cf84db58a9e6a05221 67f55847911c4eb7b964bed7a35e269d - - default default] Unable to schedule network 1ca6ba93-c03b-491c-ba9e-c1554626f611: no agents available; will retry on subsequent port and subnet creation events.
2026-06-24 19:15:23.880 7 INFO neutron.plugins.ml2.drivers.ovn.mech_driver.mech_driver [None req-ba0fcd28-82f4-467f-b8f3-f80d5099fe40 - - - - - -] OVN reports status down for port: 23f5dfd8-adc4-4012-8a80-bcae4d129d8c
2026-06-24 19:15:23.898 8 INFO neutron.db.ovn_revision_numbers_db [None req-1a04be65-80d1-4c2b-8da0-ea320fbeeedf 237390af772144cf84db58a9e6a05221 67f55847911c4eb7b964bed7a35e269d - - default default] Successfully bumped revision number for resource 23f5dfd8-adc4-4012-8a80-bcae4d129d8c (type: ports) to 1 [pid: 8|app: 0|req: 1180/2341] 10.0.0.172 () {34 vars in 664 bytes} [Wed Jun 24 19:15:23 2026] POST /v2.0/ports => generated 743 bytes in 389 msecs (HTTP/1.1 201) 4 headers in 162 bytes (1 switches on core 0) /var/lib/openstack/lib/python3.12/site-packages/pycadf/identifier.py:70: UserWarning: Invalid uuid: neutron. To ensure interoperability, identifiers should be a valid uuid. warnings.warn(('Invalid uuid: %s. To ensure interoperability, ' [pid: 7|app: 0|req: 1162/2342] 10.0.0.172 () {32 vars in 740 bytes} [Wed Jun 24 19:15:23 2026] DELETE /v2.0/security-groups/8d424c25-a9c8-4eaf-8c65-c54c8ef16402 => generated 0 bytes in 308 msecs (HTTP/1.1 204) 2 headers in 112 bytes (1 switches on core 0) [pid: 8|app: 0|req: 1181/2343] 10.0.0.172 () {34 vars in 666 bytes} [Wed Jun 24 19:15:23 2026] POST /v2.0/trunks => generated 409 bytes in 290 msecs (HTTP/1.1 201) 4 headers in 162 bytes (1 switches on core 0)
2026-06-24 19:15:24.311 7 INFO neutron.db.ovn_revision_numbers_db [None req-3422c1eb-873f-417b-97bb-0b3e54672d16 cf37aef89ad14d958768eead8d557050 177e2a279f374562bf3a84dcbe1985d9 - - default default] Successfully bumped revision number for resource a1d6769f-c30d-4ebe-8083-8bb6b037c795 (type: security_groups) to 1
2026-06-24 19:15:24.323 7 INFO neutron.db.ovn_revision_numbers_db [None req-3422c1eb-873f-417b-97bb-0b3e54672d16 cf37aef89ad14d958768eead8d557050 177e2a279f374562bf3a84dcbe1985d9 - - default default] Successfully bumped revision number for resource 183b4a62-023f-45ba-b147-59d13899c50c (type: security_group_rules) to 0
2026-06-24 19:15:24.335 7 INFO neutron.db.ovn_revision_numbers_db [None req-3422c1eb-873f-417b-97bb-0b3e54672d16 cf37aef89ad14d958768eead8d557050 177e2a279f374562bf3a84dcbe1985d9 - - default default] Successfully bumped revision number for resource 2cda205e-bfe2-4ee9-bbf7-c718face91d5 (type: security_group_rules) to 0
2026-06-24 19:15:24.354 7 INFO neutron.db.ovn_revision_numbers_db [None req-3422c1eb-873f-417b-97bb-0b3e54672d16 cf37aef89ad14d958768eead8d557050 177e2a279f374562bf3a84dcbe1985d9 - - default default] Successfully bumped revision number for resource 75c1e51c-ed3f-43ab-8aea-000768a8f544 (type: security_group_rules) to 0
2026-06-24 19:15:24.386 7 INFO neutron.db.ovn_revision_numbers_db [None req-3422c1eb-873f-417b-97bb-0b3e54672d16 cf37aef89ad14d958768eead8d557050 177e2a279f374562bf3a84dcbe1985d9 - - default default] Successfully bumped revision number for resource e74933e8-6fea-4ce8-9d9e-77a98a1e3a75 (type: security_group_rules) to 0
2026-06-24 19:15:24.403 8 INFO neutron.db.segments_db [None req-53ad6693-2ba2-4a58-b781-68aff0bef722 237390af772144cf84db58a9e6a05221 67f55847911c4eb7b964bed7a35e269d - - default default] Added segment c18411c4-6188-4aa7-9970-7f4f814a690d of type geneve for network ef774cb3-a9f5-4e8f-bab0-a4af455cd7f5 [pid: 7|app: 0|req: 1163/2344] 10.0.0.172 () {32 vars in 774 bytes} [Wed Jun 24 19:15:24 2026] GET /v2.0/security-groups?tenant_id=d78057b0a338417d98ea5917a233085f&name=default => generated 2925 bytes in 225 msecs (HTTP/1.1 200) 4 headers in 158 bytes (1 switches on core 0)
2026-06-24 19:15:24.524 8 INFO neutron.db.ovn_revision_numbers_db [None req-53ad6693-2ba2-4a58-b781-68aff0bef722 237390af772144cf84db58a9e6a05221 67f55847911c4eb7b964bed7a35e269d - - default default] Successfully bumped revision number for resource ef774cb3-a9f5-4e8f-bab0-a4af455cd7f5 (type: networks) to 1 [pid: 7|app: 0|req: 1164/2345] 10.0.0.172 () {32 vars in 740 bytes} [Wed Jun 24 19:15:24 2026] DELETE /v2.0/security-groups/a1d6769f-c30d-4ebe-8083-8bb6b037c795 => generated 0 bytes in 214 msecs (HTTP/1.1 204) 2 headers in 112 bytes (1 switches on core 0)
2026-06-24 19:15:24.710 8 WARNING neutron.scheduler.dhcp_agent_scheduler [None req-53ad6693-2ba2-4a58-b781-68aff0bef722 237390af772144cf84db58a9e6a05221 67f55847911c4eb7b964bed7a35e269d - - default default] No more DHCP agents
2026-06-24 19:15:24.712 8 WARNING neutron.api.rpc.agentnotifiers.dhcp_rpc_agent_api [None req-53ad6693-2ba2-4a58-b781-68aff0bef722 237390af772144cf84db58a9e6a05221 67f55847911c4eb7b964bed7a35e269d - - default default] Unable to schedule network ef774cb3-a9f5-4e8f-bab0-a4af455cd7f5: no agents available; will retry on subsequent port and subnet creation events.
2026-06-24 19:15:24.762 8 INFO neutron.plugins.ml2.drivers.ovn.mech_driver.mech_driver [None req-4f513be1-8d3d-4cd4-a22c-439240dcbe72 - - - - - -] OVN reports status down for port: f6af0f6a-8f05-4a93-b85d-f0c866a2b308
2026-06-24 19:15:24.826 8 INFO neutron.db.ovn_revision_numbers_db [None req-53ad6693-2ba2-4a58-b781-68aff0bef722 237390af772144cf84db58a9e6a05221 67f55847911c4eb7b964bed7a35e269d - - default default] Successfully bumped revision number for resource f6af0f6a-8f05-4a93-b85d-f0c866a2b308 (type: ports) to 1 [pid: 8|app: 0|req: 1182/2346] 10.0.0.172 () {34 vars in 670 bytes} [Wed Jun 24 19:15:24 2026] POST /v2.0/networks => generated 631 bytes in 583 msecs (HTTP/1.1 201) 4 headers in 162 bytes (1 switches on core 0)
2026-06-24 19:15:25.052 7 WARNING neutron.scheduler.dhcp_agent_scheduler [None req-28f17922-fe30-43ad-824c-daa74063f061 237390af772144cf84db58a9e6a05221 67f55847911c4eb7b964bed7a35e269d - - default default] No more DHCP agents
2026-06-24 19:15:25.053 7 WARNING neutron.api.rpc.agentnotifiers.dhcp_rpc_agent_api [None req-28f17922-fe30-43ad-824c-daa74063f061 237390af772144cf84db58a9e6a05221 67f55847911c4eb7b964bed7a35e269d - - default default] Unable to schedule network ef774cb3-a9f5-4e8f-bab0-a4af455cd7f5: no agents available; will retry on subsequent port and subnet creation events.
2026-06-24 19:15:25.101 7 INFO neutron.plugins.ml2.drivers.ovn.mech_driver.mech_driver [None req-ba0fcd28-82f4-467f-b8f3-f80d5099fe40 - - - - - -] OVN reports status down for port: fa4b5540-8106-4b97-8d02-95302f31fca9
