Jul 08 21:16:20.812822 np0000184506 nova-scheduler[107397]: DEBUG cotyledon.oslo_config_glue [-] workarounds.disable_compute_service_check_for_ffu = False {{(pid=107397) log_opt_values /opt/stack/data/venv/lib/python3.12/site-packages/oslo_config/cfg.py:3253}}
Jul 08 21:16:20.812822 np0000184506 nova-scheduler[107397]: DEBUG cotyledon.oslo_config_glue [-] workarounds.disable_deep_image_inspection = False {{(pid=107397) log_opt_values /opt/stack/data/venv/lib/python3.12/site-packages/oslo_config/cfg.py:3253}}
Jul 08 21:16:20.812822 np0000184506 nova-scheduler[107397]: DEBUG cotyledon.oslo_config_glue [-] workarounds.disable_fallback_pcpu_query = False {{(pid=107397) log_opt_values /opt/stack/data/venv/lib/python3.12/site-packages/oslo_config/cfg.py:3253}}
Jul 08 21:16:20.812822 np0000184506 nova-scheduler[107397]: DEBUG cotyledon.oslo_config_glue [-] workarounds.disable_group_policy_check_upcall = False {{(pid=107397) log_opt_values /opt/stack/data/venv/lib/python3.12/site-packages/oslo_config/cfg.py:3253}}
Jul 08 21:16:20.812822 np0000184506 nova-scheduler[107397]: DEBUG cotyledon.oslo_config_glue [-] workarounds.disable_libvirt_livesnapshot = False {{(pid=107397) log_opt_values /opt/stack/data/venv/lib/python3.12/site-packages/oslo_config/cfg.py:3253}}
Jul 08 21:16:20.812822 np0000184506 nova-scheduler[107397]: DEBUG cotyledon.oslo_config_glue [-] workarounds.disable_rootwrap = False {{(pid=107397) log_opt_values /opt/stack/data/venv/lib/python3.12/site-packages/oslo_config/cfg.py:3253}}
Jul 08 21:16:20.813027 np0000184506 nova-scheduler[107393]: INFO nova.service [-] Starting scheduler node (version 33.1.0)
Jul 08 21:16:20.813066 np0000184506 nova-scheduler[107397]: DEBUG cotyledon.oslo_config_glue [-] workarounds.enable_numa_live_migration = False {{(pid=107397) log_opt_values /opt/stack/data/venv/lib/python3.12/site-packages/oslo_config/cfg.py:3253}}
Jul 08 21:16:20.813066 np0000184506 nova-scheduler[107397]: DEBUG cotyledon.oslo_config_glue [-] workarounds.enable_qemu_monitor_announce_self = False {{(pid=107397) log_opt_values /opt/stack/data/venv/lib/python3.12/site-packages/oslo_config/cfg.py:3253}}
Jul 08 21:16:20.813066 np0000184506 nova-scheduler[107397]: DEBUG cotyledon.oslo_config_glue [-] workarounds.ensure_libvirt_rbd_instance_dir_cleanup = False {{(pid=107397) log_opt_values /opt/stack/data/venv/lib/python3.12/site-packages/oslo_config/cfg.py:3253}}
Jul 08 21:16:20.813066 np0000184506 nova-scheduler[107397]: DEBUG cotyledon.oslo_config_glue [-] workarounds.handle_virt_lifecycle_events = True {{(pid=107397) log_opt_values /opt/stack/data/venv/lib/python3.12/site-packages/oslo_config/cfg.py:3253}}
Jul 08 21:16:20.813066 np0000184506 nova-scheduler[107397]: DEBUG cotyledon.oslo_config_glue [-] workarounds.libvirt_disable_apic = False {{(pid=107397) log_opt_values /opt/stack/data/venv/lib/python3.12/site-packages/oslo_config/cfg.py:3253}}
Jul 08 21:16:20.813066 np0000184506 nova-scheduler[107397]: DEBUG cotyledon.oslo_config_glue [-] workarounds.never_download_image_if_on_rbd = False {{(pid=107397) log_opt_values /opt/stack/data/venv/lib/python3.12/site-packages/oslo_config/cfg.py:3253}}
Jul 08 21:16:20.813066 np0000184506 nova-scheduler[107397]: DEBUG cotyledon.oslo_config_glue [-] workarounds.qemu_monitor_announce_self_count = 3 {{(pid=107397) log_opt_values /opt/stack/data/venv/lib/python3.12/site-packages/oslo_config/cfg.py:3253}}
Jul 08 21:16:20.813066 np0000184506 nova-scheduler[107397]: DEBUG cotyledon.oslo_config_glue [-] workarounds.qemu_monitor_announce_self_interval = 1 {{(pid=107397) log_opt_values /opt/stack/data/venv/lib/python3.12/site-packages/oslo_config/cfg.py:3253}}
Jul 08 21:16:20.813066 np0000184506 nova-scheduler[107397]: DEBUG cotyledon.oslo_config_glue [-] workarounds.reserve_disk_resource_for_image_cache = False {{(pid=107397) log_opt_values /opt/stack/data/venv/lib/python3.12/site-packages/oslo_config/cfg.py:3253}}
Jul 08 21:16:20.813279 np0000184506 nova-scheduler[107397]: DEBUG cotyledon.oslo_config_glue [-] workarounds.skip_cpu_compare_at_startup = False {{(pid=107397) log_opt_values /opt/stack/data/venv/lib/python3.12/site-packages/oslo_config/cfg.py:3253}}
Jul 08 21:16:20.813279 np0000184506 nova-scheduler[107397]: DEBUG cotyledon.oslo_config_glue [-] workarounds.skip_cpu_compare_on_dest = False {{(pid=107397) log_opt_values /opt/stack/data/venv/lib/python3.12/site-packages/oslo_config/cfg.py:3253}}
Jul 08 21:16:20.813279 np0000184506 nova-scheduler[107397]: DEBUG cotyledon.oslo_config_glue [-] workarounds.skip_hypervisor_version_check_on_lm = False {{(pid=107397) log_opt_values /opt/stack/data/venv/lib/python3.12/site-packages/oslo_config/cfg.py:3253}}
Jul 08 21:16:20.813279 np0000184506 nova-scheduler[107397]: DEBUG cotyledon.oslo_config_glue [-] workarounds.skip_reserve_in_use_ironic_nodes = False {{(pid=107397) log_opt_values /opt/stack/data/venv/lib/python3.12/site-packages/oslo_config/cfg.py:3253}}
Jul 08 21:16:20.813279 np0000184506 nova-scheduler[107397]: DEBUG cotyledon.oslo_config_glue [-] workarounds.unified_limits_count_pcpu_as_vcpu = False {{(pid=107397) log_opt_values /opt/stack/data/venv/lib/python3.12/site-packages/oslo_config/cfg.py:3253}}
Jul 08 21:16:20.813279 np0000184506 nova-scheduler[107397]: DEBUG cotyledon.oslo_config_glue [-] workarounds.wait_for_vif_plugged_event_during_hard_reboot = [] {{(pid=107397) log_opt_values /opt/stack/data/venv/lib/python3.12/site-packages/oslo_config/cfg.py:3253}}
Jul 08 21:16:20.813279 np0000184506 nova-scheduler[107397]: DEBUG cotyledon.oslo_config_glue [-] wsgi.api_paste_config = /etc/nova/api-paste.ini {{(pid=107397) log_opt_values /opt/stack/data/venv/lib/python3.12/site-packages/oslo_config/cfg.py:3253}}
Jul 08 21:16:20.813279 np0000184506 nova-scheduler[107397]: DEBUG cotyledon.oslo_config_glue [-] wsgi.secure_proxy_ssl_header = None {{(pid=107397) log_opt_values /opt/stack/data/venv/lib/python3.12/site-packages/oslo_config/cfg.py:3253}}
Jul 08 21:16:20.813279 np0000184506 nova-scheduler[107397]: DEBUG cotyledon.oslo_config_glue [-] zvm.ca_file = None {{(pid=107397) log_opt_values /opt/stack/data/venv/lib/python3.12/site-packages/oslo_config/cfg.py:3253}}
Jul 08 21:16:20.813511 np0000184506 nova-scheduler[107397]: DEBUG cotyledon.oslo_config_glue [-] zvm.cloud_connector_url = None {{(pid=107397) log_opt_values /opt/stack/data/venv/lib/python3.12/site-packages/oslo_config/cfg.py:3253}}
Jul 08 21:16:20.813511 np0000184506 nova-scheduler[107397]: DEBUG cotyledon.oslo_config_glue [-] zvm.image_tmp_path = /opt/stack/data/nova/images {{(pid=107397) log_opt_values /opt/stack/data/venv/lib/python3.12/site-packages/oslo_config/cfg.py:3253}}
Jul 08 21:16:20.813511 np0000184506 nova-scheduler[107397]: DEBUG cotyledon.oslo_config_glue [-] zvm.reachable_timeout = 300 {{(pid=107397) log_opt_values /opt/stack/data/venv/lib/python3.12/site-packages/oslo_config/cfg.py:3253}}
Jul 08 21:16:20.813511 np0000184506 nova-scheduler[107397]: DEBUG cotyledon.oslo_config_glue [-] oslo_versionedobjects.fatal_exception_format_errors = False {{(pid=107397) log_opt_values /opt/stack/data/venv/lib/python3.12/site-packages/oslo_config/cfg.py:3253}}
Jul 08 21:16:20.813511 np0000184506 nova-scheduler[107397]: DEBUG cotyledon.oslo_config_glue [-] oslo_middleware.http_basic_auth_user_file = /etc/htpasswd {{(pid=107397) log_opt_values /opt/stack/data/venv/lib/python3.12/site-packages/oslo_config/cfg.py:3253}}
Jul 08 21:16:20.813511 np0000184506 nova-scheduler[107397]: DEBUG cotyledon.oslo_config_glue [-] oslo_messaging_metrics.metrics_buffer_size = 1000 {{(pid=107397) log_opt_values /opt/stack/data/venv/lib/python3.12/site-packages/oslo_config/cfg.py:3253}}
Jul 08 21:16:20.813511 np0000184506 nova-scheduler[107397]: DEBUG cotyledon.oslo_config_glue [-] oslo_messaging_metrics.metrics_enabled = False {{(pid=107397) log_opt_values /opt/stack/data/venv/lib/python3.12/site-packages/oslo_config/cfg.py:3253}}
Jul 08 21:16:20.813511 np0000184506 nova-scheduler[107397]: DEBUG cotyledon.oslo_config_glue [-] oslo_messaging_metrics.metrics_process_name = {{(pid=107397) log_opt_values /opt/stack/data/venv/lib/python3.12/site-packages/oslo_config/cfg.py:3253}}
Jul 08 21:16:20.813698 np0000184506 nova-scheduler[107397]: DEBUG cotyledon.oslo_config_glue [-] oslo_messaging_metrics.metrics_socket_file = /var/tmp/metrics_collector.sock {{(pid=107397) log_opt_values /opt/stack/data/venv/lib/python3.12/site-packages/oslo_config/cfg.py:3253}}
Jul 08 21:16:20.813698 np0000184506 nova-scheduler[107397]: DEBUG cotyledon.oslo_config_glue [-] oslo_messaging_metrics.metrics_thread_stop_timeout = 10 {{(pid=107397) log_opt_values /opt/stack/data/venv/lib/python3.12/site-packages/oslo_config/cfg.py:3253}}
Jul 08 21:16:20.813698 np0000184506 nova-scheduler[107397]: DEBUG cotyledon.oslo_config_glue [-] profiler.connection_string = messaging:// {{(pid=107397) log_opt_values /opt/stack/data/venv/lib/python3.12/site-packages/oslo_config/cfg.py:3253}}
Jul 08 21:16:20.813698 np0000184506 nova-scheduler[107397]: DEBUG cotyledon.oslo_config_glue [-] profiler.enabled = False {{(pid=107397) log_opt_values /opt/stack/data/venv/lib/python3.12/site-packages/oslo_config/cfg.py:3253}}
Jul 08 21:16:20.813698 np0000184506 nova-scheduler[107397]: DEBUG cotyledon.oslo_config_glue [-] profiler.es_doc_type = notification {{(pid=107397) log_opt_values /opt/stack/data/venv/lib/python3.12/site-packages/oslo_config/cfg.py:3253}}
Jul 08 21:16:20.813698 np0000184506 nova-scheduler[107397]: DEBUG cotyledon.oslo_config_glue [-] profiler.es_scroll_size = 10000 {{(pid=107397) log_opt_values /opt/stack/data/venv/lib/python3.12/site-packages/oslo_config/cfg.py:3253}}
Jul 08 21:16:20.813698 np0000184506 nova-scheduler[107397]: DEBUG cotyledon.oslo_config_glue [-] profiler.es_scroll_time = 2m {{(pid=107397) log_opt_values /opt/stack/data/venv/lib/python3.12/site-packages/oslo_config/cfg.py:3253}}
Jul 08 21:16:20.813698 np0000184506 nova-scheduler[107397]: DEBUG cotyledon.oslo_config_glue [-] profiler.filter_error_trace = False {{(pid=107397) log_opt_values /opt/stack/data/venv/lib/python3.12/site-packages/oslo_config/cfg.py:3253}}
Jul 08 21:16:20.813698 np0000184506 nova-scheduler[107397]: DEBUG cotyledon.oslo_config_glue [-] profiler.hmac_keys = **** {{(pid=107397) log_opt_values /opt/stack/data/venv/lib/python3.12/site-packages/oslo_config/cfg.py:3253}}
Jul 08 21:16:20.813937 np0000184506 nova-scheduler[107397]: DEBUG cotyledon.oslo_config_glue [-] profiler.sentinel_service_name = mymaster {{(pid=107397) log_opt_values /opt/stack/data/venv/lib/python3.12/site-packages/oslo_config/cfg.py:3253}}
Jul 08 21:16:20.813937 np0000184506 nova-scheduler[107397]: DEBUG cotyledon.oslo_config_glue [-] profiler.socket_timeout = 0.1 {{(pid=107397) log_opt_values /opt/stack/data/venv/lib/python3.12/site-packages/oslo_config/cfg.py:3253}}
Jul 08 21:16:20.813937 np0000184506 nova-scheduler[107397]: DEBUG cotyledon.oslo_config_glue [-] profiler.trace_requests = False {{(pid=107397) log_opt_values /opt/stack/data/venv/lib/python3.12/site-packages/oslo_config/cfg.py:3253}}
Jul 08 21:16:20.813937 np0000184506 nova-scheduler[107397]: DEBUG cotyledon.oslo_config_glue [-] profiler.trace_sqlalchemy = False {{(pid=107397) log_opt_values /opt/stack/data/venv/lib/python3.12/site-packages/oslo_config/cfg.py:3253}}
Jul 08 21:16:20.813937 np0000184506 nova-scheduler[107397]: DEBUG cotyledon.oslo_config_glue [-] profiler_jaeger.process_tags = {} {{(pid=107397) log_opt_values /opt/stack/data/venv/lib/python3.12/site-packages/oslo_config/cfg.py:3253}}
Jul 08 21:16:20.813937 np0000184506 nova-scheduler[107397]: DEBUG cotyledon.oslo_config_glue [-] profiler_jaeger.service_name_prefix = None {{(pid=107397) log_opt_values /opt/stack/data/venv/lib/python3.12/site-packages/oslo_config/cfg.py:3253}}
Jul 08 21:16:20.813937 np0000184506 nova-scheduler[107397]: DEBUG cotyledon.oslo_config_glue [-] profiler_otlp.service_name_prefix = None {{(pid=107397) log_opt_values /opt/stack/data/venv/lib/python3.12/site-packages/oslo_config/cfg.py:3253}}
Jul 08 21:16:20.813937 np0000184506 nova-scheduler[107397]: DEBUG cotyledon.oslo_config_glue [-] oslo_messaging_rabbit.amqp_auto_delete = False {{(pid=107397) log_opt_values /opt/stack/data/venv/lib/python3.12/site-packages/oslo_config/cfg.py:3253}}
Jul 08 21:16:20.813937 np0000184506 nova-scheduler[107397]: DEBUG cotyledon.oslo_config_glue [-] oslo_messaging_rabbit.amqp_durable_queues = False {{(pid=107397) log_opt_values /opt/stack/data/venv/lib/python3.12/site-packages/oslo_config/cfg.py:3253}}
Jul 08 21:16:20.814172 np0000184506 nova-scheduler[107397]: DEBUG cotyledon.oslo_config_glue [-] oslo_messaging_rabbit.conn_pool_min_size = 2 {{(pid=107397) log_opt_values /opt/stack/data/venv/lib/python3.12/site-packages/oslo_config/cfg.py:3253}}
Jul 08 21:16:20.814172 np0000184506 nova-scheduler[107397]: DEBUG cotyledon.oslo_config_glue [-] oslo_messaging_rabbit.conn_pool_ttl = 1200 {{(pid=107397) log_opt_values /opt/stack/data/venv/lib/python3.12/site-packages/oslo_config/cfg.py:3253}}
Jul 08 21:16:20.814172 np0000184506 nova-scheduler[107397]: DEBUG cotyledon.oslo_config_glue [-] oslo_messaging_rabbit.direct_mandatory_flag = True {{(pid=107397) log_opt_values /opt/stack/data/venv/lib/python3.12/site-packages/oslo_config/cfg.py:3253}}
Jul 08 21:16:20.814172 np0000184506 nova-scheduler[107397]: DEBUG cotyledon.oslo_config_glue [-] oslo_messaging_rabbit.enable_cancel_on_failover = False {{(pid=107397) log_opt_values /opt/stack/data/venv/lib/python3.12/site-packages/oslo_config/cfg.py:3253}}
Jul 08 21:16:20.814172 np0000184506 nova-scheduler[107397]: DEBUG cotyledon.oslo_config_glue [-] oslo_messaging_rabbit.heartbeat_rate = 3 {{(pid=107397) log_opt_values /opt/stack/data/venv/lib/python3.12/site-packages/oslo_config/cfg.py:3253}}
Jul 08 21:16:20.814172 np0000184506 nova-scheduler[107397]: DEBUG cotyledon.oslo_config_glue [-] oslo_messaging_rabbit.heartbeat_timeout_threshold = 60 {{(pid=107397) log_opt_values /opt/stack/data/venv/lib/python3.12/site-packages/oslo_config/cfg.py:3253}}
Jul 08 21:16:20.814172 np0000184506 nova-scheduler[107397]: DEBUG cotyledon.oslo_config_glue [-] oslo_messaging_rabbit.hostname = np0000184506 {{(pid=107397) log_opt_values /opt/stack/data/venv/lib/python3.12/site-packages/oslo_config/cfg.py:3253}}
Jul 08 21:16:20.814172 np0000184506 nova-scheduler[107397]: DEBUG cotyledon.oslo_config_glue [-] oslo_messaging_rabbit.kombu_compression = None {{(pid=107397) log_opt_values /opt/stack/data/venv/lib/python3.12/site-packages/oslo_config/cfg.py:3253}}
Jul 08 21:16:20.814172 np0000184506 nova-scheduler[107397]: DEBUG cotyledon.oslo_config_glue [-] oslo_messaging_rabbit.kombu_failover_strategy = round-robin {{(pid=107397) log_opt_values /opt/stack/data/venv/lib/python3.12/site-packages/oslo_config/cfg.py:3253}}
Jul 08 21:16:20.814372 np0000184506 nova-scheduler[107397]: DEBUG cotyledon.oslo_config_glue [-] oslo_messaging_rabbit.kombu_missing_consumer_retry_timeout = 60 {{(pid=107397) log_opt_values /opt/stack/data/venv/lib/python3.12/site-packages/oslo_config/cfg.py:3253}}
Jul 08 21:16:20.814372 np0000184506 nova-scheduler[107397]: DEBUG cotyledon.oslo_config_glue [-] oslo_messaging_rabbit.kombu_reconnect_delay = 1.0 {{(pid=107397) log_opt_values /opt/stack/data/venv/lib/python3.12/site-packages/oslo_config/cfg.py:3253}}
Jul 08 21:16:20.814372 np0000184506 nova-scheduler[107397]: DEBUG cotyledon.oslo_config_glue [-] oslo_messaging_rabbit.kombu_reconnect_splay = 0.0 {{(pid=107397) log_opt_values /opt/stack/data/venv/lib/python3.12/site-packages/oslo_config/cfg.py:3253}}
Jul 08 21:16:20.814372 np0000184506 nova-scheduler[107397]: DEBUG cotyledon.oslo_config_glue [-] oslo_messaging_rabbit.processname = nova-scheduler {{(pid=107397) log_opt_values /opt/stack/data/venv/lib/python3.12/site-packages/oslo_config/cfg.py:3253}}
Jul 08 21:16:20.814372 np0000184506 nova-scheduler[107397]: DEBUG cotyledon.oslo_config_glue [-] oslo_messaging_rabbit.rabbit_ha_queues = False {{(pid=107397) log_opt_values /opt/stack/data/venv/lib/python3.12/site-packages/oslo_config/cfg.py:3253}}
Jul 08 21:16:20.814372 np0000184506 nova-scheduler[107397]: DEBUG cotyledon.oslo_config_glue [-] oslo_messaging_rabbit.rabbit_interval_max = 30 {{(pid=107397) log_opt_values /opt/stack/data/venv/lib/python3.12/site-packages/oslo_config/cfg.py:3253}}
Jul 08 21:16:20.814372 np0000184506 nova-scheduler[107397]: DEBUG cotyledon.oslo_config_glue [-] oslo_messaging_rabbit.rabbit_login_method = AMQPLAIN {{(pid=107397) log_opt_values /opt/stack/data/venv/lib/python3.12/site-packages/oslo_config/cfg.py:3253}}
Jul 08 21:16:20.814372 np0000184506 nova-scheduler[107397]: DEBUG cotyledon.oslo_config_glue [-] oslo_messaging_rabbit.rabbit_qos_prefetch_count = 0 {{(pid=107397) log_opt_values /opt/stack/data/venv/lib/python3.12/site-packages/oslo_config/cfg.py:3253}}
Jul 08 21:16:20.814587 np0000184506 nova-scheduler[107397]: DEBUG cotyledon.oslo_config_glue [-] oslo_messaging_rabbit.rabbit_quorum_delivery_limit = 0 {{(pid=107397) log_opt_values /opt/stack/data/venv/lib/python3.12/site-packages/oslo_config/cfg.py:3253}}
Jul 08 21:16:20.814587 np0000184506 nova-scheduler[107397]: DEBUG cotyledon.oslo_config_glue [-] oslo_messaging_rabbit.rabbit_quorum_max_memory_bytes = 0 {{(pid=107397) log_opt_values /opt/stack/data/venv/lib/python3.12/site-packages/oslo_config/cfg.py:3253}}
Jul 08 21:16:20.814587 np0000184506 nova-scheduler[107397]: DEBUG cotyledon.oslo_config_glue [-] oslo_messaging_rabbit.rabbit_quorum_max_memory_length = 0 {{(pid=107397) log_opt_values /opt/stack/data/venv/lib/python3.12/site-packages/oslo_config/cfg.py:3253}}
Jul 08 21:16:20.814587 np0000184506 nova-scheduler[107397]: DEBUG cotyledon.oslo_config_glue [-] oslo_messaging_rabbit.rabbit_quorum_queue = False {{(pid=107397) log_opt_values /opt/stack/data/venv/lib/python3.12/site-packages/oslo_config/cfg.py:3253}}
Jul 08 21:16:20.814587 np0000184506 nova-scheduler[107397]: DEBUG cotyledon.oslo_config_glue [-] oslo_messaging_rabbit.rabbit_retry_backoff = 2 {{(pid=107397) log_opt_values /opt/stack/data/venv/lib/python3.12/site-packages/oslo_config/cfg.py:3253}}
Jul 08 21:16:20.814587 np0000184506 nova-scheduler[107397]: DEBUG cotyledon.oslo_config_glue [-] oslo_messaging_rabbit.rabbit_retry_interval = 1 {{(pid=107397) log_opt_values /opt/stack/data/venv/lib/python3.12/site-packages/oslo_config/cfg.py:3253}}
Jul 08 21:16:20.814587 np0000184506 nova-scheduler[107397]: DEBUG cotyledon.oslo_config_glue [-] oslo_messaging_rabbit.rabbit_stream_fanout = False {{(pid=107397) log_opt_values /opt/stack/data/venv/lib/python3.12/site-packages/oslo_config/cfg.py:3253}}
Jul 08 21:16:20.814587 np0000184506 nova-scheduler[107397]: DEBUG cotyledon.oslo_config_glue [-] oslo_messaging_rabbit.rabbit_transient_queues_ttl = 1800 {{(pid=107397) log_opt_values /opt/stack/data/venv/lib/python3.12/site-packages/oslo_config/cfg.py:3253}}
Jul 08 21:16:20.814771 np0000184506 nova-scheduler[107397]: DEBUG cotyledon.oslo_config_glue [-] oslo_messaging_rabbit.rabbit_transient_quorum_queue = False {{(pid=107397) log_opt_values /opt/stack/data/venv/lib/python3.12/site-packages/oslo_config/cfg.py:3253}}
Jul 08 21:16:20.814771 np0000184506 nova-scheduler[107397]: DEBUG cotyledon.oslo_config_glue [-] oslo_messaging_rabbit.rpc_conn_pool_size = 30 {{(pid=107397) log_opt_values /opt/stack/data/venv/lib/python3.12/site-packages/oslo_config/cfg.py:3253}}
Jul 08 21:16:20.814771 np0000184506 nova-scheduler[107397]: DEBUG cotyledon.oslo_config_glue [-] oslo_messaging_rabbit.ssl = False {{(pid=107397) log_opt_values /opt/stack/data/venv/lib/python3.12/site-packages/oslo_config/cfg.py:3253}}
Jul 08 21:16:20.814771 np0000184506 nova-scheduler[107397]: DEBUG cotyledon.oslo_config_glue [-] oslo_messaging_rabbit.ssl_ca_file = {{(pid=107397) log_opt_values /opt/stack/data/venv/lib/python3.12/site-packages/oslo_config/cfg.py:3253}}
Jul 08 21:16:20.814771 np0000184506 nova-scheduler[107397]: DEBUG cotyledon.oslo_config_glue [-] oslo_messaging_rabbit.ssl_cert_file = {{(pid=107397) log_opt_values /opt/stack/data/venv/lib/python3.12/site-packages/oslo_config/cfg.py:3253}}
Jul 08 21:16:20.814771 np0000184506 nova-scheduler[107397]: DEBUG cotyledon.oslo_config_glue [-] oslo_messaging_rabbit.ssl_enforce_fips_mode = False {{(pid=107397) log_opt_values /opt/stack/data/venv/lib/python3.12/site-packages/oslo_config/cfg.py:3253}}
Jul 08 21:16:20.814771 np0000184506 nova-scheduler[107397]: DEBUG cotyledon.oslo_config_glue [-] oslo_messaging_rabbit.ssl_enforce_hostname_verification = True {{(pid=107397) log_opt_values /opt/stack/data/venv/lib/python3.12/site-packages/oslo_config/cfg.py:3253}}
Jul 08 21:16:20.814771 np0000184506 nova-scheduler[107397]: DEBUG cotyledon.oslo_config_glue [-] oslo_messaging_rabbit.ssl_key_file = {{(pid=107397) log_opt_values /opt/stack/data/venv/lib/python3.12/site-packages/oslo_config/cfg.py:3253}}
Jul 08 21:16:20.814771 np0000184506 nova-scheduler[107397]: DEBUG cotyledon.oslo_config_glue [-] oslo_messaging_rabbit.ssl_version = {{(pid=107397) log_opt_values /opt/stack/data/venv/lib/python3.12/site-packages/oslo_config/cfg.py:3253}}
Jul 08 21:16:20.815031 np0000184506 nova-scheduler[107397]: DEBUG cotyledon.oslo_config_glue [-] oslo_messaging_rabbit.use_queue_manager = False {{(pid=107397) log_opt_values /opt/stack/data/venv/lib/python3.12/site-packages/oslo_config/cfg.py:3253}}
Jul 08 21:16:20.815031 np0000184506 nova-scheduler[107397]: DEBUG cotyledon.oslo_config_glue [-] oslo_messaging_notifications.driver = ['messagingv2'] {{(pid=107397) log_opt_values /opt/stack/data/venv/lib/python3.12/site-packages/oslo_config/cfg.py:3253}}
Jul 08 21:16:20.815031 np0000184506 nova-scheduler[107397]: DEBUG cotyledon.oslo_config_glue [-] oslo_messaging_notifications.retry = -1 {{(pid=107397) log_opt_values /opt/stack/data/venv/lib/python3.12/site-packages/oslo_config/cfg.py:3253}}
Jul 08 21:16:20.815031 np0000184506 nova-scheduler[107397]: DEBUG cotyledon.oslo_config_glue [-] oslo_messaging_notifications.topics = ['notifications'] {{(pid=107397) log_opt_values /opt/stack/data/venv/lib/python3.12/site-packages/oslo_config/cfg.py:3253}}
Jul 08 21:16:20.815031 np0000184506 nova-scheduler[107397]: DEBUG cotyledon.oslo_config_glue [-] oslo_messaging_notifications.transport_url = **** {{(pid=107397) log_opt_values /opt/stack/data/venv/lib/python3.12/site-packages/oslo_config/cfg.py:3253}}
Jul 08 21:16:20.815031 np0000184506 nova-scheduler[107397]: DEBUG cotyledon.oslo_config_glue [-] oslo_limit.auth_section = None {{(pid=107397) log_opt_values /opt/stack/data/venv/lib/python3.12/site-packages/oslo_config/cfg.py:3253}}
Jul 08 21:16:20.815031 np0000184506 nova-scheduler[107397]: DEBUG cotyledon.oslo_config_glue [-] oslo_limit.auth_type = None {{(pid=107397) log_opt_values /opt/stack/data/venv/lib/python3.12/site-packages/oslo_config/cfg.py:3253}}
Jul 08 21:16:20.815031 np0000184506 nova-scheduler[107397]: DEBUG cotyledon.oslo_config_glue [-] oslo_limit.cafile = None {{(pid=107397) log_opt_values /opt/stack/data/venv/lib/python3.12/site-packages/oslo_config/cfg.py:3253}}
Jul 08 21:16:20.815031 np0000184506 nova-scheduler[107397]: DEBUG cotyledon.oslo_config_glue [-] oslo_limit.certfile = None {{(pid=107397) log_opt_values /opt/stack/data/venv/lib/python3.12/site-packages/oslo_config/cfg.py:3253}}
Jul 08 21:16:20.815244 np0000184506 nova-scheduler[107397]: DEBUG cotyledon.oslo_config_glue [-] oslo_limit.collect_timing = False {{(pid=107397) log_opt_values /opt/stack/data/venv/lib/python3.12/site-packages/oslo_config/cfg.py:3253}}
Jul 08 21:16:20.815244 np0000184506 nova-scheduler[107397]: DEBUG cotyledon.oslo_config_glue [-] oslo_limit.connect_retries = None {{(pid=107397) log_opt_values /opt/stack/data/venv/lib/python3.12/site-packages/oslo_config/cfg.py:3253}}
Jul 08 21:16:20.815244 np0000184506 nova-scheduler[107397]: DEBUG cotyledon.oslo_config_glue [-] oslo_limit.connect_retry_delay = None {{(pid=107397) log_opt_values /opt/stack/data/venv/lib/python3.12/site-packages/oslo_config/cfg.py:3253}}
Jul 08 21:16:20.815244 np0000184506 nova-scheduler[107397]: DEBUG cotyledon.oslo_config_glue [-] oslo_limit.endpoint_id = None {{(pid=107397) log_opt_values /opt/stack/data/venv/lib/python3.12/site-packages/oslo_config/cfg.py:3253}}
Jul 08 21:16:20.815244 np0000184506 nova-scheduler[107397]: DEBUG cotyledon.oslo_config_glue [-] oslo_limit.endpoint_interface = public {{(pid=107397) log_opt_values /opt/stack/data/venv/lib/python3.12/site-packages/oslo_config/cfg.py:3253}}
Jul 08 21:16:20.815244 np0000184506 nova-scheduler[107397]: DEBUG cotyledon.oslo_config_glue [-] oslo_limit.endpoint_override = None {{(pid=107397) log_opt_values /opt/stack/data/venv/lib/python3.12/site-packages/oslo_config/cfg.py:3253}}
Jul 08 21:16:20.815244 np0000184506 nova-scheduler[107397]: DEBUG cotyledon.oslo_config_glue [-] oslo_limit.endpoint_region_name = None {{(pid=107397) log_opt_values /opt/stack/data/venv/lib/python3.12/site-packages/oslo_config/cfg.py:3253}}
Jul 08 21:16:20.815244 np0000184506 nova-scheduler[107397]: DEBUG cotyledon.oslo_config_glue [-] oslo_limit.endpoint_service_name = None {{(pid=107397) log_opt_values /opt/stack/data/venv/lib/python3.12/site-packages/oslo_config/cfg.py:3253}}
Jul 08 21:16:20.815244 np0000184506 nova-scheduler[107397]: DEBUG cotyledon.oslo_config_glue [-] oslo_limit.endpoint_service_type = None {{(pid=107397) log_opt_values /opt/stack/data/venv/lib/python3.12/site-packages/oslo_config/cfg.py:3253}}
Jul 08 21:16:20.815456 np0000184506 nova-scheduler[107397]: DEBUG cotyledon.oslo_config_glue [-] oslo_limit.insecure = False {{(pid=107397) log_opt_values /opt/stack/data/venv/lib/python3.12/site-packages/oslo_config/cfg.py:3253}}
Jul 08 21:16:20.815456 np0000184506 nova-scheduler[107397]: DEBUG cotyledon.oslo_config_glue [-] oslo_limit.keyfile = None {{(pid=107397) log_opt_values /opt/stack/data/venv/lib/python3.12/site-packages/oslo_config/cfg.py:3253}}
Jul 08 21:16:20.815456 np0000184506 nova-scheduler[107397]: DEBUG cotyledon.oslo_config_glue [-] oslo_limit.max_version = None {{(pid=107397) log_opt_values /opt/stack/data/venv/lib/python3.12/site-packages/oslo_config/cfg.py:3253}}
Jul 08 21:16:20.815456 np0000184506 nova-scheduler[107397]: DEBUG cotyledon.oslo_config_glue [-] oslo_limit.min_version = None {{(pid=107397) log_opt_values /opt/stack/data/venv/lib/python3.12/site-packages/oslo_config/cfg.py:3253}}
Jul 08 21:16:20.815456 np0000184506 nova-scheduler[107397]: DEBUG cotyledon.oslo_config_glue [-] oslo_limit.region_name = None {{(pid=107397) log_opt_values /opt/stack/data/venv/lib/python3.12/site-packages/oslo_config/cfg.py:3253}}
Jul 08 21:16:20.815456 np0000184506 nova-scheduler[107397]: DEBUG cotyledon.oslo_config_glue [-] oslo_limit.retriable_status_codes = None {{(pid=107397) log_opt_values /opt/stack/data/venv/lib/python3.12/site-packages/oslo_config/cfg.py:3253}}
Jul 08 21:16:20.815456 np0000184506 nova-scheduler[107397]: DEBUG cotyledon.oslo_config_glue [-] oslo_limit.service_name = None {{(pid=107397) log_opt_values /opt/stack/data/venv/lib/python3.12/site-packages/oslo_config/cfg.py:3253}}
Jul 08 21:16:20.815456 np0000184506 nova-scheduler[107397]: DEBUG cotyledon.oslo_config_glue [-] oslo_limit.service_type = None {{(pid=107397) log_opt_values /opt/stack/data/venv/lib/python3.12/site-packages/oslo_config/cfg.py:3253}}
Jul 08 21:16:20.815456 np0000184506 nova-scheduler[107397]: DEBUG cotyledon.oslo_config_glue [-] oslo_limit.split_loggers = False {{(pid=107397) log_opt_values /opt/stack/data/venv/lib/python3.12/site-packages/oslo_config/cfg.py:3253}}
Jul 08 21:16:20.815695 np0000184506 nova-scheduler[107397]: DEBUG cotyledon.oslo_config_glue [-] oslo_limit.status_code_retries = None {{(pid=107397) log_opt_values /opt/stack/data/venv/lib/python3.12/site-packages/oslo_config/cfg.py:3253}}
Jul 08 21:16:20.815695 np0000184506 nova-scheduler[107397]: DEBUG cotyledon.oslo_config_glue [-] oslo_limit.status_code_retry_delay = None {{(pid=107397) log_opt_values /opt/stack/data/venv/lib/python3.12/site-packages/oslo_config/cfg.py:3253}}
Jul 08 21:16:20.815695 np0000184506 nova-scheduler[107397]: DEBUG cotyledon.oslo_config_glue [-] oslo_limit.timeout = None {{(pid=107397) log_opt_values /opt/stack/data/venv/lib/python3.12/site-packages/oslo_config/cfg.py:3253}}
Jul 08 21:16:20.815695 np0000184506 nova-scheduler[107397]: DEBUG cotyledon.oslo_config_glue [-] oslo_limit.valid_interfaces = None {{(pid=107397) log_opt_values /opt/stack/data/venv/lib/python3.12/site-packages/oslo_config/cfg.py:3253}}
Jul 08 21:16:20.815695 np0000184506 nova-scheduler[107397]: DEBUG cotyledon.oslo_config_glue [-] oslo_limit.version = None {{(pid=107397) log_opt_values /opt/stack/data/venv/lib/python3.12/site-packages/oslo_config/cfg.py:3253}}
Jul 08 21:16:20.815695 np0000184506 nova-scheduler[107397]: DEBUG cotyledon.oslo_config_glue [-] oslo_reports.file_event_handler = None {{(pid=107397) log_opt_values /opt/stack/data/venv/lib/python3.12/site-packages/oslo_config/cfg.py:3253}}
Jul 08 21:16:20.815695 np0000184506 nova-scheduler[107397]: DEBUG cotyledon.oslo_config_glue [-] oslo_reports.file_event_handler_interval = 1 {{(pid=107397) log_opt_values /opt/stack/data/venv/lib/python3.12/site-packages/oslo_config/cfg.py:3253}}
Jul 08 21:16:20.815695 np0000184506 nova-scheduler[107397]: DEBUG cotyledon.oslo_config_glue [-] oslo_reports.log_dir = None {{(pid=107397) log_opt_values /opt/stack/data/venv/lib/python3.12/site-packages/oslo_config/cfg.py:3253}}
Jul 08 21:16:20.815695 np0000184506 nova-scheduler[107397]: DEBUG cotyledon.oslo_config_glue [-] ******************************************************************************** {{(pid=107397) log_opt_values /opt/stack/data/venv/lib/python3.12/site-packages/oslo_config/cfg.py:3260}}
Jul 08 21:16:20.815913 np0000184506 nova-scheduler[107397]: DEBUG cotyledon._service_worker [-] Run service ServiceWrapper(3) [107397] {{(pid=107397) wait_forever /opt/stack/data/venv/lib/python3.12/site-packages/cotyledon/_service_worker.py:218}}
Jul 08 21:16:20.815913 np0000184506 nova-scheduler[107397]: INFO nova.service [-] Starting scheduler node (version 33.1.0)
Jul 08 21:16:20.815964 np0000184506 nova-scheduler[107393]: INFO dbcounter [None req-aa9e8000-e7f0-4fee-8ecf-1dda8b703fe0 None None] Registered counter for database nova_cell0
Jul 08 21:16:20.816015 np0000184506 nova-scheduler[107397]: INFO dbcounter [None req-be572113-2e8c-4b8e-b4c5-439cdb92ab45 None None] Registered counter for database nova_cell0
Jul 08 21:16:20.816046 np0000184506 nova-scheduler[107376]: DEBUG oslo_db.sqlalchemy.engines [None req-18a1b127-aed6-4b9b-b253-8de3d02757a4 None None] MySQL server mode set to STRICT_TRANS_TABLES,STRICT_ALL_TABLES,NO_ZERO_IN_DATE,NO_ZERO_DATE,ERROR_FOR_DIVISION_BY_ZERO,TRADITIONAL,NO_ENGINE_SUBSTITUTION {{(pid=107376) _check_effective_sql_mode /opt/stack/data/venv/lib/python3.12/site-packages/oslo_db/sqlalchemy/engines.py:325}}
Jul 08 21:16:20.823708 np0000184506 nova-scheduler[107382]: DEBUG oslo_db.sqlalchemy.engines [None req-04d48103-c8e6-4d93-a02a-d4ab5b47a8d5 None None] MySQL server mode set to STRICT_TRANS_TABLES,STRICT_ALL_TABLES,NO_ZERO_IN_DATE,NO_ZERO_DATE,ERROR_FOR_DIVISION_BY_ZERO,TRADITIONAL,NO_ENGINE_SUBSTITUTION {{(pid=107382) _check_effective_sql_mode /opt/stack/data/venv/lib/python3.12/site-packages/oslo_db/sqlalchemy/engines.py:325}}
Jul 08 21:16:20.823815 np0000184506 nova-scheduler[107376]: DEBUG dbcounter [-] [107376] Writer thread running {{(pid=107376) stat_writer /opt/stack/data/venv/lib/python3.12/site-packages/dbcounter.py:102}}
Jul 08 21:16:20.835330 np0000184506 nova-scheduler[107393]: DEBUG oslo_db.sqlalchemy.engines [None req-aa9e8000-e7f0-4fee-8ecf-1dda8b703fe0 None None] MySQL server mode set to STRICT_TRANS_TABLES,STRICT_ALL_TABLES,NO_ZERO_IN_DATE,NO_ZERO_DATE,ERROR_FOR_DIVISION_BY_ZERO,TRADITIONAL,NO_ENGINE_SUBSTITUTION {{(pid=107393) _check_effective_sql_mode /opt/stack/data/venv/lib/python3.12/site-packages/oslo_db/sqlalchemy/engines.py:325}}
Jul 08 21:16:20.837202 np0000184506 nova-scheduler[107382]: DEBUG dbcounter [-] [107382] Writer thread running {{(pid=107382) stat_writer /opt/stack/data/venv/lib/python3.12/site-packages/dbcounter.py:102}}
Jul 08 21:16:20.839592 np0000184506 nova-scheduler[107397]: DEBUG oslo_db.sqlalchemy.engines [None req-be572113-2e8c-4b8e-b4c5-439cdb92ab45 None None] MySQL server mode set to STRICT_TRANS_TABLES,STRICT_ALL_TABLES,NO_ZERO_IN_DATE,NO_ZERO_DATE,ERROR_FOR_DIVISION_BY_ZERO,TRADITIONAL,NO_ENGINE_SUBSTITUTION {{(pid=107397) _check_effective_sql_mode /opt/stack/data/venv/lib/python3.12/site-packages/oslo_db/sqlalchemy/engines.py:325}}
Jul 08 21:16:20.846554 np0000184506 nova-scheduler[107376]: DEBUG nova.service [None req-18a1b127-aed6-4b9b-b253-8de3d02757a4 None None] Creating RPC server for service: nova-scheduler on topic: scheduler {{(pid=107376) start /opt/stack/nova/nova/service.py:196}}
Jul 08 21:16:20.850407 np0000184506 nova-scheduler[107393]: DEBUG dbcounter [-] [107393] Writer thread running {{(pid=107393) stat_writer /opt/stack/data/venv/lib/python3.12/site-packages/dbcounter.py:102}}
Jul 08 21:16:20.852102 np0000184506 nova-scheduler[107397]: DEBUG dbcounter [-] [107397] Writer thread running {{(pid=107397) stat_writer /opt/stack/data/venv/lib/python3.12/site-packages/dbcounter.py:102}}
Jul 08 21:16:20.853356 np0000184506 nova-scheduler[107393]: DEBUG nova.service [None req-aa9e8000-e7f0-4fee-8ecf-1dda8b703fe0 None None] Creating RPC server for service: nova-scheduler on topic: scheduler {{(pid=107393) start /opt/stack/nova/nova/service.py:196}}
Jul 08 21:16:20.855498 np0000184506 nova-scheduler[107397]: DEBUG nova.service [None req-be572113-2e8c-4b8e-b4c5-439cdb92ab45 None None] Creating RPC server for service: nova-scheduler on topic: scheduler {{(pid=107397) start /opt/stack/nova/nova/service.py:196}}
Jul 08 21:16:20.858845 np0000184506 nova-scheduler[107382]: DEBUG nova.service [None req-04d48103-c8e6-4d93-a02a-d4ab5b47a8d5 None None] Creating RPC server for service: nova-scheduler on topic: scheduler {{(pid=107382) start /opt/stack/nova/nova/service.py:196}}
Jul 08 21:16:20.875541 np0000184506 nova-scheduler[107397]: DEBUG nova.service [None req-be572113-2e8c-4b8e-b4c5-439cdb92ab45 None None] Join ServiceGroup membership for this service scheduler {{(pid=107397) start /opt/stack/nova/nova/service.py:222}}
Jul 08 21:16:20.875741 np0000184506 nova-scheduler[107397]: DEBUG nova.servicegroup.drivers.db [None req-be572113-2e8c-4b8e-b4c5-439cdb92ab45 None None] DB_Driver: join new ServiceGroup member np0000184506 to the scheduler group, service = {{(pid=107397) join /opt/stack/nova/nova/servicegroup/drivers/db.py:44}}
Jul 08 21:16:20.876118 np0000184506 nova-scheduler[107376]: DEBUG nova.service [None req-18a1b127-aed6-4b9b-b253-8de3d02757a4 None None] Join ServiceGroup membership for this service scheduler {{(pid=107376) start /opt/stack/nova/nova/service.py:222}}
Jul 08 21:16:20.876637 np0000184506 nova-scheduler[107376]: DEBUG nova.servicegroup.drivers.db [None req-18a1b127-aed6-4b9b-b253-8de3d02757a4 None None] DB_Driver: join new ServiceGroup member np0000184506 to the scheduler group, service = {{(pid=107376) join /opt/stack/nova/nova/servicegroup/drivers/db.py:44}}
Jul 08 21:16:20.881754 np0000184506 nova-scheduler[107382]: DEBUG nova.service [None req-04d48103-c8e6-4d93-a02a-d4ab5b47a8d5 None None] Join ServiceGroup membership for this service scheduler {{(pid=107382) start /opt/stack/nova/nova/service.py:222}}
Jul 08 21:16:20.882053 np0000184506 nova-scheduler[107382]: DEBUG nova.servicegroup.drivers.db [None req-04d48103-c8e6-4d93-a02a-d4ab5b47a8d5 None None] DB_Driver: join new ServiceGroup member np0000184506 to the scheduler group, service = {{(pid=107382) join /opt/stack/nova/nova/servicegroup/drivers/db.py:44}}
Jul 08 21:16:20.885916 np0000184506 nova-scheduler[107393]: DEBUG nova.service [None req-aa9e8000-e7f0-4fee-8ecf-1dda8b703fe0 None None] Join ServiceGroup membership for this service scheduler {{(pid=107393) start /opt/stack/nova/nova/service.py:222}}
Jul 08 21:16:20.886309 np0000184506 nova-scheduler[107393]: DEBUG nova.servicegroup.drivers.db [None req-aa9e8000-e7f0-4fee-8ecf-1dda8b703fe0 None None] DB_Driver: join new ServiceGroup member np0000184506 to the scheduler group, service = {{(pid=107393) join /opt/stack/nova/nova/servicegroup/drivers/db.py:44}}
Jul 08 21:16:25.905134 np0000184506 nova-scheduler[107376]: DEBUG oslo.service.backend._threading.loopingcall [-] Fixed interval looping call 'nova.servicegroup.drivers.db.DbDriver._report_state' sleeping for 119.98 seconds {{(pid=107376) _run_loop /opt/stack/data/venv/lib/python3.12/site-packages/oslo_service/backend/_threading/loopingcall.py:125}}
Jul 08 21:16:25.907158 np0000184506 nova-scheduler[107397]: DEBUG oslo.service.backend._threading.loopingcall [-] Fixed interval looping call 'nova.servicegroup.drivers.db.DbDriver._report_state' sleeping for 119.97 seconds {{(pid=107397) _run_loop /opt/stack/data/venv/lib/python3.12/site-packages/oslo_service/backend/_threading/loopingcall.py:125}}
Jul 08 21:16:25.908489 np0000184506 nova-scheduler[107382]: DEBUG oslo.service.backend._threading.loopingcall [-] Fixed interval looping call 'nova.servicegroup.drivers.db.DbDriver._report_state' sleeping for 119.98 seconds {{(pid=107382) _run_loop /opt/stack/data/venv/lib/python3.12/site-packages/oslo_service/backend/_threading/loopingcall.py:125}}
Jul 08 21:16:25.910665 np0000184506 nova-scheduler[107393]: DEBUG oslo.service.backend._threading.loopingcall [-] Fixed interval looping call 'nova.servicegroup.drivers.db.DbDriver._report_state' sleeping for 119.98 seconds {{(pid=107393) _run_loop /opt/stack/data/venv/lib/python3.12/site-packages/oslo_service/backend/_threading/loopingcall.py:125}}
Jul 08 21:16:26.880347 np0000184506 nova-scheduler[107397]: DEBUG oslo.service.backend._threading.loopingcall [None req-8fe28160-4de5-4dc4-a9c1-ed7c53593cbb None None] Dynamic interval looping call 'nova.service.Service.periodic_tasks' sleeping for 60.00 seconds {{(pid=107397) _run_loop /opt/stack/data/venv/lib/python3.12/site-packages/oslo_service/backend/_threading/loopingcall.py:125}}
Jul 08 21:16:29.351881 np0000184506 nova-scheduler[106690]: DEBUG dbcounter [-] [106690] Writing DB stats nova_api:SELECT=3 {{(pid=106690) stat_writer /opt/stack/data/venv/lib/python3.12/site-packages/dbcounter.py:115}}
Jul 08 21:16:29.506297 np0000184506 nova-scheduler[106690]: DEBUG dbcounter [-] [106690] Writing DB stats nova_cell1:SELECT=1 {{(pid=106690) stat_writer /opt/stack/data/venv/lib/python3.12/site-packages/dbcounter.py:115}}
Jul 08 21:16:29.510123 np0000184506 nova-scheduler[106690]: DEBUG dbcounter [-] [106690] Writing DB stats nova_cell0:SELECT=1 {{(pid=106690) stat_writer /opt/stack/data/venv/lib/python3.12/site-packages/dbcounter.py:115}}
Jul 08 21:16:35.898012 np0000184506 nova-scheduler[107376]: DEBUG dbcounter [-] [107376] Writing DB stats nova_cell0:SELECT=4,nova_cell0:INSERT=1,nova_cell0:UPDATE=1 {{(pid=107376) stat_writer /opt/stack/data/venv/lib/python3.12/site-packages/dbcounter.py:115}}
Jul 08 21:16:35.898952 np0000184506 nova-scheduler[107397]: DEBUG dbcounter [-] [107397] Writing DB stats nova_cell0:SELECT=3,nova_cell0:UPDATE=1 {{(pid=107397) stat_writer /opt/stack/data/venv/lib/python3.12/site-packages/dbcounter.py:115}}
Jul 08 21:16:35.901284 np0000184506 nova-scheduler[107382]: DEBUG dbcounter [-] [107382] Writing DB stats nova_cell0:SELECT=5,nova_cell0:INSERT=1,nova_cell0:UPDATE=1 {{(pid=107382) stat_writer /opt/stack/data/venv/lib/python3.12/site-packages/dbcounter.py:115}}
Jul 08 21:16:35.903624 np0000184506 nova-scheduler[107393]: DEBUG dbcounter [-] [107393] Writing DB stats nova_cell0:SELECT=3,nova_cell0:UPDATE=1 {{(pid=107393) stat_writer /opt/stack/data/venv/lib/python3.12/site-packages/dbcounter.py:115}}
Jul 08 21:16:45.888993 np0000184506 nova-scheduler[107393]: DEBUG oslo.service.backend._threading.loopingcall [None req-e3cfee30-bc78-4dc4-b931-869d9350f590 None None] Dynamic interval looping call 'nova.service.Service.periodic_tasks' sleeping for 60.00 seconds {{(pid=107393) _run_loop /opt/stack/data/venv/lib/python3.12/site-packages/oslo_service/backend/_threading/loopingcall.py:125}}
Jul 08 21:16:48.885582 np0000184506 nova-scheduler[107382]: DEBUG oslo.service.backend._threading.loopingcall [None req-4a3f0b67-92c6-42e5-b9b3-6e4378f37a90 None None] Dynamic interval looping call 'nova.service.Service.periodic_tasks' sleeping for 60.00 seconds {{(pid=107382) _run_loop /opt/stack/data/venv/lib/python3.12/site-packages/oslo_service/backend/_threading/loopingcall.py:125}}
Jul 08 21:17:10.882081 np0000184506 nova-scheduler[107376]: DEBUG oslo.service.backend._threading.loopingcall [None req-6311ba10-aa3e-43d0-9274-ea2379cf1b55 None None] Dynamic interval looping call 'nova.service.Service.periodic_tasks' sleeping for 60.00 seconds {{(pid=107376) _run_loop /opt/stack/data/venv/lib/python3.12/site-packages/oslo_service/backend/_threading/loopingcall.py:125}}
Jul 08 21:17:26.881195 np0000184506 nova-scheduler[107397]: DEBUG oslo.service.backend._threading.loopingcall [None req-8fe28160-4de5-4dc4-a9c1-ed7c53593cbb None None] Dynamic interval looping call 'nova.service.Service.periodic_tasks' sleeping for 60.00 seconds {{(pid=107397) _run_loop /opt/stack/data/venv/lib/python3.12/site-packages/oslo_service/backend/_threading/loopingcall.py:125}}
Jul 08 21:17:45.890277 np0000184506 nova-scheduler[107393]: DEBUG oslo.service.backend._threading.loopingcall [None req-e3cfee30-bc78-4dc4-b931-869d9350f590 None None] Dynamic interval looping call 'nova.service.Service.periodic_tasks' sleeping for 60.00 seconds {{(pid=107393) _run_loop /opt/stack/data/venv/lib/python3.12/site-packages/oslo_service/backend/_threading/loopingcall.py:125}}
Jul 08 21:17:48.886337 np0000184506 nova-scheduler[107382]: DEBUG oslo.service.backend._threading.loopingcall [None req-4a3f0b67-92c6-42e5-b9b3-6e4378f37a90 None None] Dynamic interval looping call 'nova.service.Service.periodic_tasks' sleeping for 60.00 seconds {{(pid=107382) _run_loop /opt/stack/data/venv/lib/python3.12/site-packages/oslo_service/backend/_threading/loopingcall.py:125}}
Jul 08 21:18:10.882911 np0000184506 nova-scheduler[107376]: DEBUG oslo.service.backend._threading.loopingcall [None req-6311ba10-aa3e-43d0-9274-ea2379cf1b55 None None] Dynamic interval looping call 'nova.service.Service.periodic_tasks' sleeping for 60.00 seconds {{(pid=107376) _run_loop /opt/stack/data/venv/lib/python3.12/site-packages/oslo_service/backend/_threading/loopingcall.py:125}}
Jul 08 21:18:25.887414 np0000184506 nova-scheduler[107397]: DEBUG oslo.service.backend._threading.loopingcall [-] Fixed interval looping call 'nova.servicegroup.drivers.db.DbDriver._report_state' sleeping for 119.99 seconds {{(pid=107397) _run_loop /opt/stack/data/venv/lib/python3.12/site-packages/oslo_service/backend/_threading/loopingcall.py:125}}
Jul 08 21:18:25.895172 np0000184506 nova-scheduler[107376]: DEBUG oslo.service.backend._threading.loopingcall [-] Fixed interval looping call 'nova.servicegroup.drivers.db.DbDriver._report_state' sleeping for 119.99 seconds {{(pid=107376) _run_loop /opt/stack/data/venv/lib/python3.12/site-packages/oslo_service/backend/_threading/loopingcall.py:125}}
Jul 08 21:18:25.896994 np0000184506 nova-scheduler[107393]: DEBUG oslo.service.backend._threading.loopingcall [-] Fixed interval looping call 'nova.servicegroup.drivers.db.DbDriver._report_state' sleeping for 119.99 seconds {{(pid=107393) _run_loop /opt/stack/data/venv/lib/python3.12/site-packages/oslo_service/backend/_threading/loopingcall.py:125}}
Jul 08 21:18:25.897469 np0000184506 nova-scheduler[107382]: DEBUG oslo.service.backend._threading.loopingcall [-] Fixed interval looping call 'nova.servicegroup.drivers.db.DbDriver._report_state' sleeping for 119.99 seconds {{(pid=107382) _run_loop /opt/stack/data/venv/lib/python3.12/site-packages/oslo_service/backend/_threading/loopingcall.py:125}}
Jul 08 21:18:26.882435 np0000184506 nova-scheduler[107397]: DEBUG oslo.service.backend._threading.loopingcall [None req-8fe28160-4de5-4dc4-a9c1-ed7c53593cbb None None] Dynamic interval looping call 'nova.service.Service.periodic_tasks' sleeping for 60.00 seconds {{(pid=107397) _run_loop /opt/stack/data/venv/lib/python3.12/site-packages/oslo_service/backend/_threading/loopingcall.py:125}}
Jul 08 21:18:35.880575 np0000184506 nova-scheduler[107397]: DEBUG dbcounter [-] [107397] Writing DB stats nova_cell0:SELECT=1,nova_cell0:UPDATE=1 {{(pid=107397) stat_writer /opt/stack/data/venv/lib/python3.12/site-packages/dbcounter.py:115}}
Jul 08 21:18:35.890961 np0000184506 nova-scheduler[107376]: DEBUG dbcounter [-] [107376] Writing DB stats nova_cell0:SELECT=1 {{(pid=107376) stat_writer /opt/stack/data/venv/lib/python3.12/site-packages/dbcounter.py:115}}
Jul 08 21:18:35.891489 np0000184506 nova-scheduler[107382]: DEBUG dbcounter [-] [107382] Writing DB stats nova_cell0:SELECT=1 {{(pid=107382) stat_writer /opt/stack/data/venv/lib/python3.12/site-packages/dbcounter.py:115}}
Jul 08 21:18:35.893373 np0000184506 nova-scheduler[107393]: DEBUG dbcounter [-] [107393] Writing DB stats nova_cell0:SELECT=1 {{(pid=107393) stat_writer /opt/stack/data/venv/lib/python3.12/site-packages/dbcounter.py:115}}
Jul 08 21:18:45.891107 np0000184506 nova-scheduler[107393]: DEBUG oslo.service.backend._threading.loopingcall [None req-e3cfee30-bc78-4dc4-b931-869d9350f590 None None] Dynamic interval looping call 'nova.service.Service.periodic_tasks' sleeping for 60.00 seconds {{(pid=107393) _run_loop /opt/stack/data/venv/lib/python3.12/site-packages/oslo_service/backend/_threading/loopingcall.py:125}}
Jul 08 21:18:48.887090 np0000184506 nova-scheduler[107382]: DEBUG oslo.service.backend._threading.loopingcall [None req-4a3f0b67-92c6-42e5-b9b3-6e4378f37a90 None None] Dynamic interval looping call 'nova.service.Service.periodic_tasks' sleeping for 60.00 seconds {{(pid=107382) _run_loop /opt/stack/data/venv/lib/python3.12/site-packages/oslo_service/backend/_threading/loopingcall.py:125}}
Jul 08 21:19:10.883556 np0000184506 nova-scheduler[107376]: DEBUG oslo.service.backend._threading.loopingcall [None req-6311ba10-aa3e-43d0-9274-ea2379cf1b55 None None] Dynamic interval looping call 'nova.service.Service.periodic_tasks' sleeping for 60.00 seconds {{(pid=107376) _run_loop /opt/stack/data/venv/lib/python3.12/site-packages/oslo_service/backend/_threading/loopingcall.py:125}}
Jul 08 21:19:26.883302 np0000184506 nova-scheduler[107397]: DEBUG oslo.service.backend._threading.loopingcall [None req-8fe28160-4de5-4dc4-a9c1-ed7c53593cbb None None] Dynamic interval looping call 'nova.service.Service.periodic_tasks' sleeping for 60.00 seconds {{(pid=107397) _run_loop /opt/stack/data/venv/lib/python3.12/site-packages/oslo_service/backend/_threading/loopingcall.py:125}}
Jul 08 21:19:45.893279 np0000184506 nova-scheduler[107393]: DEBUG oslo.service.backend._threading.loopingcall [None req-e3cfee30-bc78-4dc4-b931-869d9350f590 None None] Dynamic interval looping call 'nova.service.Service.periodic_tasks' sleeping for 60.00 seconds {{(pid=107393) _run_loop /opt/stack/data/venv/lib/python3.12/site-packages/oslo_service/backend/_threading/loopingcall.py:125}}
Jul 08 21:19:48.887808 np0000184506 nova-scheduler[107382]: DEBUG oslo.service.backend._threading.loopingcall [None req-4a3f0b67-92c6-42e5-b9b3-6e4378f37a90 None None] Dynamic interval looping call 'nova.service.Service.periodic_tasks' sleeping for 60.00 seconds {{(pid=107382) _run_loop /opt/stack/data/venv/lib/python3.12/site-packages/oslo_service/backend/_threading/loopingcall.py:125}}
Jul 08 21:20:10.885339 np0000184506 nova-scheduler[107376]: DEBUG oslo.service.backend._threading.loopingcall [None req-6311ba10-aa3e-43d0-9274-ea2379cf1b55 None None] Dynamic interval looping call 'nova.service.Service.periodic_tasks' sleeping for 60.00 seconds {{(pid=107376) _run_loop /opt/stack/data/venv/lib/python3.12/site-packages/oslo_service/backend/_threading/loopingcall.py:125}}
Jul 08 21:20:25.888194 np0000184506 nova-scheduler[107397]: DEBUG oslo.service.backend._threading.loopingcall [-] Fixed interval looping call 'nova.servicegroup.drivers.db.DbDriver._report_state' sleeping for 119.99 seconds {{(pid=107397) _run_loop /opt/stack/data/venv/lib/python3.12/site-packages/oslo_service/backend/_threading/loopingcall.py:125}}
Jul 08 21:20:25.891887 np0000184506 nova-scheduler[107376]: DEBUG oslo.service.backend._threading.loopingcall [-] Fixed interval looping call 'nova.servicegroup.drivers.db.DbDriver._report_state' sleeping for 119.99 seconds {{(pid=107376) _run_loop /opt/stack/data/venv/lib/python3.12/site-packages/oslo_service/backend/_threading/loopingcall.py:125}}
Jul 08 21:20:25.892796 np0000184506 nova-scheduler[107382]: DEBUG oslo.service.backend._threading.loopingcall [-] Fixed interval looping call 'nova.servicegroup.drivers.db.DbDriver._report_state' sleeping for 120.00 seconds {{(pid=107382) _run_loop /opt/stack/data/venv/lib/python3.12/site-packages/oslo_service/backend/_threading/loopingcall.py:125}}
Jul 08 21:20:25.893361 np0000184506 nova-scheduler[107393]: DEBUG oslo.service.backend._threading.loopingcall [-] Fixed interval looping call 'nova.servicegroup.drivers.db.DbDriver._report_state' sleeping for 119.99 seconds {{(pid=107393) _run_loop /opt/stack/data/venv/lib/python3.12/site-packages/oslo_service/backend/_threading/loopingcall.py:125}}
Jul 08 21:20:26.883838 np0000184506 nova-scheduler[107397]: DEBUG oslo.service.backend._threading.loopingcall [None req-8fe28160-4de5-4dc4-a9c1-ed7c53593cbb None None] Dynamic interval looping call 'nova.service.Service.periodic_tasks' sleeping for 60.00 seconds {{(pid=107397) _run_loop /opt/stack/data/venv/lib/python3.12/site-packages/oslo_service/backend/_threading/loopingcall.py:125}}
