Jul 08 21:14:55.240326 np0000184505 systemd[1]: Starting devstack@n-api-meta.service - Devstack devstack@n-api-meta.service...
Jul 08 21:14:55.251854 np0000184505 devstack@n-api-meta.service[107008]: [uWSGI] getting INI configuration from /etc/nova/nova-metadata-uwsgi.ini
Jul 08 21:14:55.254582 np0000184505 devstack@n-api-meta.service[107008]: *** Starting uWSGI 2.0.24-debian (64bit) on [Wed Jul 8 21:14:55 2026] ***
Jul 08 21:14:55.254582 np0000184505 devstack@n-api-meta.service[107008]: compiled with version: 13.2.0 on 17 April 2024 16:23:48
Jul 08 21:14:55.254582 np0000184505 devstack@n-api-meta.service[107008]: os: Linux-6.8.0-134-generic #134-Ubuntu SMP PREEMPT_DYNAMIC Fri Jun 26 18:43:11 UTC 2026
Jul 08 21:14:55.254582 np0000184505 devstack@n-api-meta.service[107008]: nodename: np0000184505
Jul 08 21:14:55.254582 np0000184505 devstack@n-api-meta.service[107008]: machine: x86_64
Jul 08 21:14:55.254582 np0000184505 devstack@n-api-meta.service[107008]: clock source: unix
Jul 08 21:14:55.254582 np0000184505 devstack@n-api-meta.service[107008]: pcre jit disabled
Jul 08 21:14:55.254582 np0000184505 devstack@n-api-meta.service[107008]: detected number of CPU cores: 16
Jul 08 21:14:55.254582 np0000184505 devstack@n-api-meta.service[107008]: current working directory: /
Jul 08 21:14:55.254582 np0000184505 devstack@n-api-meta.service[107008]: detected binary path: /usr/bin/uwsgi-core
Jul 08 21:14:55.254582 np0000184505 devstack@n-api-meta.service[107008]: your processes number limit is 256916
Jul 08 21:14:55.254582 np0000184505 devstack@n-api-meta.service[107008]: your memory page size is 4096 bytes
Jul 08 21:14:55.254582 np0000184505 devstack@n-api-meta.service[107008]: detected max file descriptor number: 2048
Jul 08 21:14:55.254582 np0000184505 devstack@n-api-meta.service[107008]: lock engine: pthread robust mutexes
Jul 08 21:14:55.255338 np0000184505 devstack@n-api-meta.service[107008]: thunder lock: enabled
Jul 08 21:14:55.255338 np0000184505 devstack@n-api-meta.service[107008]: uWSGI http bound on 0.0.0.0:8775 fd 5
Jul 08 21:14:55.255338 np0000184505 devstack@n-api-meta.service[107008]: uwsgi socket 0 bound to TCP address 127.0.0.1:43579 (port auto-assigned) fd 4
Jul 08 21:14:55.255338 np0000184505 devstack@n-api-meta.service[107008]: Python version: 3.12.3 (main, Jun 19 2026, 12:46:00) [GCC 13.3.0]
Jul 08 21:14:55.255338 np0000184505 devstack@n-api-meta.service[107008]: PEP 405 virtualenv detected: /opt/stack/data/venv
Jul 08 21:14:55.255338 np0000184505 devstack@n-api-meta.service[107008]: Set PythonHome to /opt/stack/data/venv
Jul 08 21:14:55.288783 np0000184505 devstack@n-api-meta.service[107008]: Python main interpreter initialized at 0x709108ca4668
Jul 08 21:14:55.288783 np0000184505 devstack@n-api-meta.service[107008]: python threads support enabled
Jul 08 21:14:55.288783 np0000184505 devstack@n-api-meta.service[107008]: your server socket listen backlog is limited to 100 connections
Jul 08 21:14:55.288783 np0000184505 devstack@n-api-meta.service[107008]: your mercy for graceful operations on workers is 80 seconds
Jul 08 21:14:55.289286 np0000184505 devstack@n-api-meta.service[107008]: mapped 671795 bytes (656 KB) for 4 cores
Jul 08 21:14:55.289417 np0000184505 devstack@n-api-meta.service[107008]: *** Operational MODE: preforking ***
Jul 08 21:14:55.289566 np0000184505 devstack@n-api-meta.service[107008]: *** uWSGI is running in multiple interpreter mode ***
Jul 08 21:14:55.289566 np0000184505 devstack@n-api-meta.service[107008]: spawned uWSGI master process (pid: 107008)
Jul 08 21:14:55.289722 np0000184505 systemd[1]: Started devstack@n-api-meta.service - Devstack devstack@n-api-meta.service.
Jul 08 21:14:55.290318 np0000184505 devstack@n-api-meta.service[107008]: spawned uWSGI worker 1 (pid: 107009, cores: 1)
Jul 08 21:14:55.291030 np0000184505 devstack@n-api-meta.service[107008]: spawned uWSGI worker 2 (pid: 107010, cores: 1)
Jul 08 21:14:55.291534 np0000184505 devstack@n-api-meta.service[107008]: spawned uWSGI worker 3 (pid: 107011, cores: 1)
Jul 08 21:14:55.292192 np0000184505 devstack@n-api-meta.service[107008]: spawned uWSGI worker 4 (pid: 107012, cores: 1)
Jul 08 21:14:55.292700 np0000184505 devstack@n-api-meta.service[107008]: spawned uWSGI http 1 (pid: 107013)
Jul 08 21:14:55.292700 np0000184505 devstack@n-api-meta.service[107008]: running "unix_signal:15 gracefully_kill_them_all" (master-start)...
Jul 08 21:14:56.867775 np0000184505 devstack@n-api-meta.service[107011]: INFO dbcounter [None req-a99e0a0a-74a1-4dec-95f2-1251fc5f5970 None None] Registered counter for database nova_api
Jul 08 21:14:56.910104 np0000184505 devstack@n-api-meta.service[107011]: DEBUG oslo_db.sqlalchemy.engines [None req-a99e0a0a-74a1-4dec-95f2-1251fc5f5970 None None] MySQL server mode set to STRICT_TRANS_TABLES,STRICT_ALL_TABLES,NO_ZERO_IN_DATE,NO_ZERO_DATE,ERROR_FOR_DIVISION_BY_ZERO,TRADITIONAL,NO_ENGINE_SUBSTITUTION {{(pid=107011) _check_effective_sql_mode /opt/stack/data/venv/lib/python3.12/site-packages/oslo_db/sqlalchemy/engines.py:325}}
Jul 08 21:14:56.929492 np0000184505 devstack@n-api-meta.service[107009]: INFO dbcounter [None req-fab04608-2861-48af-a7b8-a78d592a5856 None None] Registered counter for database nova_api
Jul 08 21:14:56.943399 np0000184505 devstack@n-api-meta.service[107011]: DEBUG dbcounter [-] [107011] Writer thread running {{(pid=107011) stat_writer /opt/stack/data/venv/lib/python3.12/site-packages/dbcounter.py:102}}
Jul 08 21:14:56.945442 np0000184505 devstack@n-api-meta.service[107011]: DEBUG nova.context [None req-a99e0a0a-74a1-4dec-95f2-1251fc5f5970 None None] Found 2 cells: 00000000-0000-0000-0000-000000000000(cell0),9487b1e5-8630-408a-b08d-fc0117bcd456(cell1) {{(pid=107011) load_cells /opt/stack/nova/nova/context.py:509}}
Jul 08 21:14:56.945662 np0000184505 devstack@n-api-meta.service[107011]: INFO nova.utils [None req-a99e0a0a-74a1-4dec-95f2-1251fc5f5970 None None] The cell worker thread pool MainProcess.cell_worker is initialized
Jul 08 21:14:56.947412 np0000184505 devstack@n-api-meta.service[107011]: DEBUG oslo_concurrency.lockutils [None req-a99e0a0a-74a1-4dec-95f2-1251fc5f5970 None None] Acquiring lock "00000000-0000-0000-0000-000000000000" by "nova.context.set_target_cell..get_or_set_cached_cell_and_set_connections" {{(pid=107011) inner /opt/stack/data/venv/lib/python3.12/site-packages/oslo_concurrency/lockutils.py:511}}
Jul 08 21:14:56.947579 np0000184505 devstack@n-api-meta.service[107011]: DEBUG oslo_concurrency.lockutils [None req-a99e0a0a-74a1-4dec-95f2-1251fc5f5970 None None] Lock "00000000-0000-0000-0000-000000000000" acquired by "nova.context.set_target_cell..get_or_set_cached_cell_and_set_connections" :: waited 0.000s {{(pid=107011) inner /opt/stack/data/venv/lib/python3.12/site-packages/oslo_concurrency/lockutils.py:524}}
Jul 08 21:14:56.947928 np0000184505 devstack@n-api-meta.service[107011]: DEBUG oslo_concurrency.lockutils [None req-a99e0a0a-74a1-4dec-95f2-1251fc5f5970 None None] Lock "00000000-0000-0000-0000-000000000000" "released" by "nova.context.set_target_cell..get_or_set_cached_cell_and_set_connections" :: held 0.000s {{(pid=107011) inner /opt/stack/data/venv/lib/python3.12/site-packages/oslo_concurrency/lockutils.py:543}}
Jul 08 21:14:56.948558 np0000184505 devstack@n-api-meta.service[107011]: DEBUG oslo_concurrency.lockutils [None req-a99e0a0a-74a1-4dec-95f2-1251fc5f5970 None None] Acquiring lock "9487b1e5-8630-408a-b08d-fc0117bcd456" by "nova.context.set_target_cell..get_or_set_cached_cell_and_set_connections" {{(pid=107011) inner /opt/stack/data/venv/lib/python3.12/site-packages/oslo_concurrency/lockutils.py:511}}
Jul 08 21:14:56.948679 np0000184505 devstack@n-api-meta.service[107011]: DEBUG oslo_concurrency.lockutils [None req-a99e0a0a-74a1-4dec-95f2-1251fc5f5970 None None] Lock "9487b1e5-8630-408a-b08d-fc0117bcd456" acquired by "nova.context.set_target_cell..get_or_set_cached_cell_and_set_connections" :: waited 0.000s {{(pid=107011) inner /opt/stack/data/venv/lib/python3.12/site-packages/oslo_concurrency/lockutils.py:524}}
Jul 08 21:14:56.949521 np0000184505 devstack@n-api-meta.service[107011]: DEBUG oslo_concurrency.lockutils [None req-a99e0a0a-74a1-4dec-95f2-1251fc5f5970 None None] Lock "9487b1e5-8630-408a-b08d-fc0117bcd456" "released" by "nova.context.set_target_cell..get_or_set_cached_cell_and_set_connections" :: held 0.001s {{(pid=107011) inner /opt/stack/data/venv/lib/python3.12/site-packages/oslo_concurrency/lockutils.py:543}}
Jul 08 21:14:56.951832 np0000184505 devstack@n-api-meta.service[107011]: INFO dbcounter [None req-a99e0a0a-74a1-4dec-95f2-1251fc5f5970 None None] Registered counter for database nova_cell0
Jul 08 21:14:56.956330 np0000184505 devstack@n-api-meta.service[107011]: INFO dbcounter [None req-a99e0a0a-74a1-4dec-95f2-1251fc5f5970 None None] Registered counter for database nova_cell1
Jul 08 21:14:56.961654 np0000184505 devstack@n-api-meta.service[107010]: INFO dbcounter [None req-223a8fc1-0f0c-49ca-9327-ba38198a39fd None None] Registered counter for database nova_api
Jul 08 21:14:56.975821 np0000184505 devstack@n-api-meta.service[107009]: DEBUG oslo_db.sqlalchemy.engines [None req-fab04608-2861-48af-a7b8-a78d592a5856 None None] MySQL server mode set to STRICT_TRANS_TABLES,STRICT_ALL_TABLES,NO_ZERO_IN_DATE,NO_ZERO_DATE,ERROR_FOR_DIVISION_BY_ZERO,TRADITIONAL,NO_ENGINE_SUBSTITUTION {{(pid=107009) _check_effective_sql_mode /opt/stack/data/venv/lib/python3.12/site-packages/oslo_db/sqlalchemy/engines.py:325}}
Jul 08 21:14:56.988735 np0000184505 devstack@n-api-meta.service[107012]: INFO dbcounter [None req-3727641c-57ad-49ce-8225-1b91f4784fa4 None None] Registered counter for database nova_api
Jul 08 21:14:57.004204 np0000184505 devstack@n-api-meta.service[107009]: DEBUG dbcounter [-] [107009] Writer thread running {{(pid=107009) stat_writer /opt/stack/data/venv/lib/python3.12/site-packages/dbcounter.py:102}}
Jul 08 21:14:57.006304 np0000184505 devstack@n-api-meta.service[107009]: DEBUG nova.context [None req-fab04608-2861-48af-a7b8-a78d592a5856 None None] Found 2 cells: 00000000-0000-0000-0000-000000000000(cell0),9487b1e5-8630-408a-b08d-fc0117bcd456(cell1) {{(pid=107009) load_cells /opt/stack/nova/nova/context.py:509}}
Jul 08 21:14:57.006519 np0000184505 devstack@n-api-meta.service[107009]: INFO nova.utils [None req-fab04608-2861-48af-a7b8-a78d592a5856 None None] The cell worker thread pool MainProcess.cell_worker is initialized
Jul 08 21:14:57.008214 np0000184505 devstack@n-api-meta.service[107009]: DEBUG oslo_concurrency.lockutils [None req-fab04608-2861-48af-a7b8-a78d592a5856 None None] Acquiring lock "00000000-0000-0000-0000-000000000000" by "nova.context.set_target_cell..get_or_set_cached_cell_and_set_connections" {{(pid=107009) inner /opt/stack/data/venv/lib/python3.12/site-packages/oslo_concurrency/lockutils.py:511}}
Jul 08 21:14:57.010907 np0000184505 devstack@n-api-meta.service[107010]: DEBUG oslo_db.sqlalchemy.engines [None req-223a8fc1-0f0c-49ca-9327-ba38198a39fd None None] MySQL server mode set to STRICT_TRANS_TABLES,STRICT_ALL_TABLES,NO_ZERO_IN_DATE,NO_ZERO_DATE,ERROR_FOR_DIVISION_BY_ZERO,TRADITIONAL,NO_ENGINE_SUBSTITUTION {{(pid=107010) _check_effective_sql_mode /opt/stack/data/venv/lib/python3.12/site-packages/oslo_db/sqlalchemy/engines.py:325}}
Jul 08 21:14:57.010988 np0000184505 devstack@n-api-meta.service[107009]: DEBUG oslo_concurrency.lockutils [None req-fab04608-2861-48af-a7b8-a78d592a5856 None None] Lock "00000000-0000-0000-0000-000000000000" acquired by "nova.context.set_target_cell..get_or_set_cached_cell_and_set_connections" :: waited 0.000s {{(pid=107009) inner /opt/stack/data/venv/lib/python3.12/site-packages/oslo_concurrency/lockutils.py:524}}
Jul 08 21:14:57.010988 np0000184505 devstack@n-api-meta.service[107009]: DEBUG oslo_concurrency.lockutils [None req-fab04608-2861-48af-a7b8-a78d592a5856 None None] Lock "00000000-0000-0000-0000-000000000000" "released" by "nova.context.set_target_cell..get_or_set_cached_cell_and_set_connections" :: held 0.000s {{(pid=107009) inner /opt/stack/data/venv/lib/python3.12/site-packages/oslo_concurrency/lockutils.py:543}}
Jul 08 21:14:57.010988 np0000184505 devstack@n-api-meta.service[107009]: DEBUG oslo_concurrency.lockutils [None req-fab04608-2861-48af-a7b8-a78d592a5856 None None] Acquiring lock "9487b1e5-8630-408a-b08d-fc0117bcd456" by "nova.context.set_target_cell..get_or_set_cached_cell_and_set_connections" {{(pid=107009) inner /opt/stack/data/venv/lib/python3.12/site-packages/oslo_concurrency/lockutils.py:511}}
Jul 08 21:14:57.010988 np0000184505 devstack@n-api-meta.service[107009]: DEBUG oslo_concurrency.lockutils [None req-fab04608-2861-48af-a7b8-a78d592a5856 None None] Lock "9487b1e5-8630-408a-b08d-fc0117bcd456" acquired by "nova.context.set_target_cell..get_or_set_cached_cell_and_set_connections" :: waited 0.000s {{(pid=107009) inner /opt/stack/data/venv/lib/python3.12/site-packages/oslo_concurrency/lockutils.py:524}}
Jul 08 21:14:57.010988 np0000184505 devstack@n-api-meta.service[107009]: DEBUG oslo_concurrency.lockutils [None req-fab04608-2861-48af-a7b8-a78d592a5856 None None] Lock "9487b1e5-8630-408a-b08d-fc0117bcd456" "released" by "nova.context.set_target_cell..get_or_set_cached_cell_and_set_connections" :: held 0.001s {{(pid=107009) inner /opt/stack/data/venv/lib/python3.12/site-packages/oslo_concurrency/lockutils.py:543}}
Jul 08 21:14:57.013550 np0000184505 devstack@n-api-meta.service[107009]: INFO dbcounter [None req-fab04608-2861-48af-a7b8-a78d592a5856 None None] Registered counter for database nova_cell0
Jul 08 21:14:57.013630 np0000184505 devstack@n-api-meta.service[107011]: DEBUG oslo_db.sqlalchemy.engines [None req-a99e0a0a-74a1-4dec-95f2-1251fc5f5970 None None] MySQL server mode set to STRICT_TRANS_TABLES,STRICT_ALL_TABLES,NO_ZERO_IN_DATE,NO_ZERO_DATE,ERROR_FOR_DIVISION_BY_ZERO,TRADITIONAL,NO_ENGINE_SUBSTITUTION {{(pid=107011) _check_effective_sql_mode /opt/stack/data/venv/lib/python3.12/site-packages/oslo_db/sqlalchemy/engines.py:325}}
Jul 08 21:14:57.017526 np0000184505 devstack@n-api-meta.service[107009]: INFO dbcounter [None req-fab04608-2861-48af-a7b8-a78d592a5856 None None] Registered counter for database nova_cell1
Jul 08 21:14:57.020698 np0000184505 devstack@n-api-meta.service[107011]: DEBUG oslo_db.sqlalchemy.engines [None req-a99e0a0a-74a1-4dec-95f2-1251fc5f5970 None None] MySQL server mode set to STRICT_TRANS_TABLES,STRICT_ALL_TABLES,NO_ZERO_IN_DATE,NO_ZERO_DATE,ERROR_FOR_DIVISION_BY_ZERO,TRADITIONAL,NO_ENGINE_SUBSTITUTION {{(pid=107011) _check_effective_sql_mode /opt/stack/data/venv/lib/python3.12/site-packages/oslo_db/sqlalchemy/engines.py:325}}
Jul 08 21:14:57.039373 np0000184505 devstack@n-api-meta.service[107012]: DEBUG oslo_db.sqlalchemy.engines [None req-3727641c-57ad-49ce-8225-1b91f4784fa4 None None] MySQL server mode set to STRICT_TRANS_TABLES,STRICT_ALL_TABLES,NO_ZERO_IN_DATE,NO_ZERO_DATE,ERROR_FOR_DIVISION_BY_ZERO,TRADITIONAL,NO_ENGINE_SUBSTITUTION {{(pid=107012) _check_effective_sql_mode /opt/stack/data/venv/lib/python3.12/site-packages/oslo_db/sqlalchemy/engines.py:325}}
Jul 08 21:14:57.042450 np0000184505 devstack@n-api-meta.service[107010]: DEBUG dbcounter [-] [107010] Writer thread running {{(pid=107010) stat_writer /opt/stack/data/venv/lib/python3.12/site-packages/dbcounter.py:102}}
Jul 08 21:14:57.045981 np0000184505 devstack@n-api-meta.service[107010]: DEBUG nova.context [None req-223a8fc1-0f0c-49ca-9327-ba38198a39fd None None] Found 2 cells: 00000000-0000-0000-0000-000000000000(cell0),9487b1e5-8630-408a-b08d-fc0117bcd456(cell1) {{(pid=107010) load_cells /opt/stack/nova/nova/context.py:509}}
Jul 08 21:14:57.046203 np0000184505 devstack@n-api-meta.service[107010]: INFO nova.utils [None req-223a8fc1-0f0c-49ca-9327-ba38198a39fd None None] The cell worker thread pool MainProcess.cell_worker is initialized
Jul 08 21:14:57.047906 np0000184505 devstack@n-api-meta.service[107010]: DEBUG oslo_concurrency.lockutils [None req-223a8fc1-0f0c-49ca-9327-ba38198a39fd None None] Acquiring lock "00000000-0000-0000-0000-000000000000" by "nova.context.set_target_cell..get_or_set_cached_cell_and_set_connections" {{(pid=107010) inner /opt/stack/data/venv/lib/python3.12/site-packages/oslo_concurrency/lockutils.py:511}}
Jul 08 21:14:57.048075 np0000184505 devstack@n-api-meta.service[107010]: DEBUG oslo_concurrency.lockutils [None req-223a8fc1-0f0c-49ca-9327-ba38198a39fd None None] Lock "00000000-0000-0000-0000-000000000000" acquired by "nova.context.set_target_cell..get_or_set_cached_cell_and_set_connections" :: waited 0.000s {{(pid=107010) inner /opt/stack/data/venv/lib/python3.12/site-packages/oslo_concurrency/lockutils.py:524}}
Jul 08 21:14:57.048411 np0000184505 devstack@n-api-meta.service[107010]: DEBUG oslo_concurrency.lockutils [None req-223a8fc1-0f0c-49ca-9327-ba38198a39fd None None] Lock "00000000-0000-0000-0000-000000000000" "released" by "nova.context.set_target_cell..get_or_set_cached_cell_and_set_connections" :: held 0.000s {{(pid=107010) inner /opt/stack/data/venv/lib/python3.12/site-packages/oslo_concurrency/lockutils.py:543}}
Jul 08 21:14:57.049045 np0000184505 devstack@n-api-meta.service[107010]: DEBUG oslo_concurrency.lockutils [None req-223a8fc1-0f0c-49ca-9327-ba38198a39fd None None] Acquiring lock "9487b1e5-8630-408a-b08d-fc0117bcd456" by "nova.context.set_target_cell..get_or_set_cached_cell_and_set_connections" {{(pid=107010) inner /opt/stack/data/venv/lib/python3.12/site-packages/oslo_concurrency/lockutils.py:511}}
Jul 08 21:14:57.049177 np0000184505 devstack@n-api-meta.service[107010]: DEBUG oslo_concurrency.lockutils [None req-223a8fc1-0f0c-49ca-9327-ba38198a39fd None None] Lock "9487b1e5-8630-408a-b08d-fc0117bcd456" acquired by "nova.context.set_target_cell..get_or_set_cached_cell_and_set_connections" :: waited 0.000s {{(pid=107010) inner /opt/stack/data/venv/lib/python3.12/site-packages/oslo_concurrency/lockutils.py:524}}
Jul 08 21:14:57.050121 np0000184505 devstack@n-api-meta.service[107010]: DEBUG oslo_concurrency.lockutils [None req-223a8fc1-0f0c-49ca-9327-ba38198a39fd None None] Lock "9487b1e5-8630-408a-b08d-fc0117bcd456" "released" by "nova.context.set_target_cell..get_or_set_cached_cell_and_set_connections" :: held 0.001s {{(pid=107010) inner /opt/stack/data/venv/lib/python3.12/site-packages/oslo_concurrency/lockutils.py:543}}
Jul 08 21:14:57.052268 np0000184505 devstack@n-api-meta.service[107010]: INFO dbcounter [None req-223a8fc1-0f0c-49ca-9327-ba38198a39fd None None] Registered counter for database nova_cell0
Jul 08 21:14:57.055091 np0000184505 devstack@n-api-meta.service[107010]: INFO dbcounter [None req-223a8fc1-0f0c-49ca-9327-ba38198a39fd None None] Registered counter for database nova_cell1
Jul 08 21:14:57.074234 np0000184505 devstack@n-api-meta.service[107012]: DEBUG dbcounter [-] [107012] Writer thread running {{(pid=107012) stat_writer /opt/stack/data/venv/lib/python3.12/site-packages/dbcounter.py:102}}
Jul 08 21:14:57.076459 np0000184505 devstack@n-api-meta.service[107012]: DEBUG nova.context [None req-3727641c-57ad-49ce-8225-1b91f4784fa4 None None] Found 2 cells: 00000000-0000-0000-0000-000000000000(cell0),9487b1e5-8630-408a-b08d-fc0117bcd456(cell1) {{(pid=107012) load_cells /opt/stack/nova/nova/context.py:509}}
Jul 08 21:14:57.076675 np0000184505 devstack@n-api-meta.service[107012]: INFO nova.utils [None req-3727641c-57ad-49ce-8225-1b91f4784fa4 None None] The cell worker thread pool MainProcess.cell_worker is initialized
Jul 08 21:14:57.078408 np0000184505 devstack@n-api-meta.service[107012]: DEBUG oslo_concurrency.lockutils [None req-3727641c-57ad-49ce-8225-1b91f4784fa4 None None] Acquiring lock "00000000-0000-0000-0000-000000000000" by "nova.context.set_target_cell..get_or_set_cached_cell_and_set_connections" {{(pid=107012) inner /opt/stack/data/venv/lib/python3.12/site-packages/oslo_concurrency/lockutils.py:511}}
Jul 08 21:14:57.078578 np0000184505 devstack@n-api-meta.service[107009]: DEBUG oslo_db.sqlalchemy.engines [None req-fab04608-2861-48af-a7b8-a78d592a5856 None None] MySQL server mode set to STRICT_TRANS_TABLES,STRICT_ALL_TABLES,NO_ZERO_IN_DATE,NO_ZERO_DATE,ERROR_FOR_DIVISION_BY_ZERO,TRADITIONAL,NO_ENGINE_SUBSTITUTION {{(pid=107009) _check_effective_sql_mode /opt/stack/data/venv/lib/python3.12/site-packages/oslo_db/sqlalchemy/engines.py:325}}
Jul 08 21:14:57.078625 np0000184505 devstack@n-api-meta.service[107012]: DEBUG oslo_concurrency.lockutils [None req-3727641c-57ad-49ce-8225-1b91f4784fa4 None None] Lock "00000000-0000-0000-0000-000000000000" acquired by "nova.context.set_target_cell..get_or_set_cached_cell_and_set_connections" :: waited 0.000s {{(pid=107012) inner /opt/stack/data/venv/lib/python3.12/site-packages/oslo_concurrency/lockutils.py:524}}
Jul 08 21:14:57.078926 np0000184505 devstack@n-api-meta.service[107012]: DEBUG oslo_concurrency.lockutils [None req-3727641c-57ad-49ce-8225-1b91f4784fa4 None None] Lock "00000000-0000-0000-0000-000000000000" "released" by "nova.context.set_target_cell..get_or_set_cached_cell_and_set_connections" :: held 0.000s {{(pid=107012) inner /opt/stack/data/venv/lib/python3.12/site-packages/oslo_concurrency/lockutils.py:543}}
Jul 08 21:14:57.078976 np0000184505 devstack@n-api-meta.service[107009]: DEBUG oslo_db.sqlalchemy.engines [None req-fab04608-2861-48af-a7b8-a78d592a5856 None None] MySQL server mode set to STRICT_TRANS_TABLES,STRICT_ALL_TABLES,NO_ZERO_IN_DATE,NO_ZERO_DATE,ERROR_FOR_DIVISION_BY_ZERO,TRADITIONAL,NO_ENGINE_SUBSTITUTION {{(pid=107009) _check_effective_sql_mode /opt/stack/data/venv/lib/python3.12/site-packages/oslo_db/sqlalchemy/engines.py:325}}
Jul 08 21:14:57.079506 np0000184505 devstack@n-api-meta.service[107012]: DEBUG oslo_concurrency.lockutils [None req-3727641c-57ad-49ce-8225-1b91f4784fa4 None None] Acquiring lock "9487b1e5-8630-408a-b08d-fc0117bcd456" by "nova.context.set_target_cell..get_or_set_cached_cell_and_set_connections" {{(pid=107012) inner /opt/stack/data/venv/lib/python3.12/site-packages/oslo_concurrency/lockutils.py:511}}
Jul 08 21:14:57.079658 np0000184505 devstack@n-api-meta.service[107012]: DEBUG oslo_concurrency.lockutils [None req-3727641c-57ad-49ce-8225-1b91f4784fa4 None None] Lock "9487b1e5-8630-408a-b08d-fc0117bcd456" acquired by "nova.context.set_target_cell..get_or_set_cached_cell_and_set_connections" :: waited 0.000s {{(pid=107012) inner /opt/stack/data/venv/lib/python3.12/site-packages/oslo_concurrency/lockutils.py:524}}
Jul 08 21:14:57.080462 np0000184505 devstack@n-api-meta.service[107012]: DEBUG oslo_concurrency.lockutils [None req-3727641c-57ad-49ce-8225-1b91f4784fa4 None None] Lock "9487b1e5-8630-408a-b08d-fc0117bcd456" "released" by "nova.context.set_target_cell..get_or_set_cached_cell_and_set_connections" :: held 0.001s {{(pid=107012) inner /opt/stack/data/venv/lib/python3.12/site-packages/oslo_concurrency/lockutils.py:543}}
Jul 08 21:14:57.082931 np0000184505 devstack@n-api-meta.service[107012]: INFO dbcounter [None req-3727641c-57ad-49ce-8225-1b91f4784fa4 None None] Registered counter for database nova_cell0
Jul 08 21:14:57.087518 np0000184505 devstack@n-api-meta.service[107012]: INFO dbcounter [None req-3727641c-57ad-49ce-8225-1b91f4784fa4 None None] Registered counter for database nova_cell1
Jul 08 21:14:57.105704 np0000184505 devstack@n-api-meta.service[107011]: DEBUG dbcounter [-] [107011] Writer thread running {{(pid=107011) stat_writer /opt/stack/data/venv/lib/python3.12/site-packages/dbcounter.py:102}}
Jul 08 21:14:57.112956 np0000184505 devstack@n-api-meta.service[107011]: DEBUG dbcounter [-] [107011] Writer thread running {{(pid=107011) stat_writer /opt/stack/data/venv/lib/python3.12/site-packages/dbcounter.py:102}}
Jul 08 21:14:57.114682 np0000184505 devstack@n-api-meta.service[107010]: DEBUG oslo_db.sqlalchemy.engines [None req-223a8fc1-0f0c-49ca-9327-ba38198a39fd None None] MySQL server mode set to STRICT_TRANS_TABLES,STRICT_ALL_TABLES,NO_ZERO_IN_DATE,NO_ZERO_DATE,ERROR_FOR_DIVISION_BY_ZERO,TRADITIONAL,NO_ENGINE_SUBSTITUTION {{(pid=107010) _check_effective_sql_mode /opt/stack/data/venv/lib/python3.12/site-packages/oslo_db/sqlalchemy/engines.py:325}}
Jul 08 21:14:57.117399 np0000184505 devstack@n-api-meta.service[107011]: INFO dbcounter [None req-a99e0a0a-74a1-4dec-95f2-1251fc5f5970 None None] Registered counter for database nova_cell0
Jul 08 21:14:57.119418 np0000184505 devstack@n-api-meta.service[107010]: DEBUG oslo_db.sqlalchemy.engines [None req-223a8fc1-0f0c-49ca-9327-ba38198a39fd None None] MySQL server mode set to STRICT_TRANS_TABLES,STRICT_ALL_TABLES,NO_ZERO_IN_DATE,NO_ZERO_DATE,ERROR_FOR_DIVISION_BY_ZERO,TRADITIONAL,NO_ENGINE_SUBSTITUTION {{(pid=107010) _check_effective_sql_mode /opt/stack/data/venv/lib/python3.12/site-packages/oslo_db/sqlalchemy/engines.py:325}}
Jul 08 21:14:57.145282 np0000184505 devstack@n-api-meta.service[107012]: DEBUG oslo_db.sqlalchemy.engines [None req-3727641c-57ad-49ce-8225-1b91f4784fa4 None None] MySQL server mode set to STRICT_TRANS_TABLES,STRICT_ALL_TABLES,NO_ZERO_IN_DATE,NO_ZERO_DATE,ERROR_FOR_DIVISION_BY_ZERO,TRADITIONAL,NO_ENGINE_SUBSTITUTION {{(pid=107012) _check_effective_sql_mode /opt/stack/data/venv/lib/python3.12/site-packages/oslo_db/sqlalchemy/engines.py:325}}
Jul 08 21:14:57.150498 np0000184505 devstack@n-api-meta.service[107012]: DEBUG oslo_db.sqlalchemy.engines [None req-3727641c-57ad-49ce-8225-1b91f4784fa4 None None] MySQL server mode set to STRICT_TRANS_TABLES,STRICT_ALL_TABLES,NO_ZERO_IN_DATE,NO_ZERO_DATE,ERROR_FOR_DIVISION_BY_ZERO,TRADITIONAL,NO_ENGINE_SUBSTITUTION {{(pid=107012) _check_effective_sql_mode /opt/stack/data/venv/lib/python3.12/site-packages/oslo_db/sqlalchemy/engines.py:325}}
Jul 08 21:14:57.164731 np0000184505 devstack@n-api-meta.service[107011]: DEBUG oslo_db.sqlalchemy.engines [None req-a99e0a0a-74a1-4dec-95f2-1251fc5f5970 None None] MySQL server mode set to STRICT_TRANS_TABLES,STRICT_ALL_TABLES,NO_ZERO_IN_DATE,NO_ZERO_DATE,ERROR_FOR_DIVISION_BY_ZERO,TRADITIONAL,NO_ENGINE_SUBSTITUTION {{(pid=107011) _check_effective_sql_mode /opt/stack/data/venv/lib/python3.12/site-packages/oslo_db/sqlalchemy/engines.py:325}}
Jul 08 21:14:57.170500 np0000184505 devstack@n-api-meta.service[107011]: DEBUG dbcounter [-] [107011] Writer thread running {{(pid=107011) stat_writer /opt/stack/data/venv/lib/python3.12/site-packages/dbcounter.py:102}}
Jul 08 21:14:57.186450 np0000184505 devstack@n-api-meta.service[107009]: DEBUG dbcounter [-] [107009] Writer thread running {{(pid=107009) stat_writer /opt/stack/data/venv/lib/python3.12/site-packages/dbcounter.py:102}}
Jul 08 21:14:57.187469 np0000184505 devstack@n-api-meta.service[107009]: DEBUG dbcounter [-] [107009] Writer thread running {{(pid=107009) stat_writer /opt/stack/data/venv/lib/python3.12/site-packages/dbcounter.py:102}}
Jul 08 21:14:57.193233 np0000184505 devstack@n-api-meta.service[107009]: INFO dbcounter [None req-fab04608-2861-48af-a7b8-a78d592a5856 None None] Registered counter for database nova_cell0
Jul 08 21:14:57.203217 np0000184505 devstack@n-api-meta.service[107010]: DEBUG dbcounter [-] [107010] Writer thread running {{(pid=107010) stat_writer /opt/stack/data/venv/lib/python3.12/site-packages/dbcounter.py:102}}
Jul 08 21:14:57.209674 np0000184505 devstack@n-api-meta.service[107010]: DEBUG dbcounter [-] [107010] Writer thread running {{(pid=107010) stat_writer /opt/stack/data/venv/lib/python3.12/site-packages/dbcounter.py:102}}
Jul 08 21:14:57.209742 np0000184505 devstack@n-api-meta.service[107011]: WARNING nova.api.metadata.handler [None req-a99e0a0a-74a1-4dec-95f2-1251fc5f5970 None None] metadata_proxy_shared_secret is not configured, the metadata information returned by the proxy cannot be trusted
Jul 08 21:14:57.212037 np0000184505 devstack@n-api-meta.service[107011]: DEBUG nova.api.openstack.wsgi_app [None req-a99e0a0a-74a1-4dec-95f2-1251fc5f5970 None None] ******************************************************************************** {{(pid=107011) log_opt_values /opt/stack/data/venv/lib/python3.12/site-packages/oslo_config/cfg.py:3226}}
Jul 08 21:14:57.212150 np0000184505 devstack@n-api-meta.service[107011]: DEBUG nova.api.openstack.wsgi_app [None req-a99e0a0a-74a1-4dec-95f2-1251fc5f5970 None None] Configuration options gathered from: {{(pid=107011) log_opt_values /opt/stack/data/venv/lib/python3.12/site-packages/oslo_config/cfg.py:3227}}
Jul 08 21:14:57.212261 np0000184505 devstack@n-api-meta.service[107011]: DEBUG nova.api.openstack.wsgi_app [None req-a99e0a0a-74a1-4dec-95f2-1251fc5f5970 None None] command line args: [] {{(pid=107011) log_opt_values /opt/stack/data/venv/lib/python3.12/site-packages/oslo_config/cfg.py:3228}}
Jul 08 21:14:57.212412 np0000184505 devstack@n-api-meta.service[107011]: DEBUG nova.api.openstack.wsgi_app [None req-a99e0a0a-74a1-4dec-95f2-1251fc5f5970 None None] config files: ['/etc/nova/api-paste.ini', '/etc/nova/nova.conf'] {{(pid=107011) log_opt_values /opt/stack/data/venv/lib/python3.12/site-packages/oslo_config/cfg.py:3229}}
Jul 08 21:14:57.212511 np0000184505 devstack@n-api-meta.service[107011]: DEBUG nova.api.openstack.wsgi_app [None req-a99e0a0a-74a1-4dec-95f2-1251fc5f5970 None None] ================================================================================ {{(pid=107011) log_opt_values /opt/stack/data/venv/lib/python3.12/site-packages/oslo_config/cfg.py:3234}}
Jul 08 21:14:57.212683 np0000184505 devstack@n-api-meta.service[107011]: DEBUG nova.api.openstack.wsgi_app [None req-a99e0a0a-74a1-4dec-95f2-1251fc5f5970 None None] allow_resize_to_same_host = True {{(pid=107011) log_opt_values /opt/stack/data/venv/lib/python3.12/site-packages/oslo_config/cfg.py:3242}}
Jul 08 21:14:57.212822 np0000184505 devstack@n-api-meta.service[107011]: DEBUG nova.api.openstack.wsgi_app [None req-a99e0a0a-74a1-4dec-95f2-1251fc5f5970 None None] arq_binding_timeout = 300 {{(pid=107011) log_opt_values /opt/stack/data/venv/lib/python3.12/site-packages/oslo_config/cfg.py:3242}}
Jul 08 21:14:57.212970 np0000184505 devstack@n-api-meta.service[107011]: DEBUG nova.api.openstack.wsgi_app [None req-a99e0a0a-74a1-4dec-95f2-1251fc5f5970 None None] block_device_allocate_retries = 60 {{(pid=107011) log_opt_values /opt/stack/data/venv/lib/python3.12/site-packages/oslo_config/cfg.py:3242}}
Jul 08 21:14:57.213100 np0000184505 devstack@n-api-meta.service[107011]: DEBUG nova.api.openstack.wsgi_app [None req-a99e0a0a-74a1-4dec-95f2-1251fc5f5970 None None] block_device_allocate_retries_interval = 3 {{(pid=107011) log_opt_values /opt/stack/data/venv/lib/python3.12/site-packages/oslo_config/cfg.py:3242}}
Jul 08 21:14:57.213230 np0000184505 devstack@n-api-meta.service[107011]: DEBUG nova.api.openstack.wsgi_app [None req-a99e0a0a-74a1-4dec-95f2-1251fc5f5970 None None] cell_worker_thread_pool_size = 5 {{(pid=107011) log_opt_values /opt/stack/data/venv/lib/python3.12/site-packages/oslo_config/cfg.py:3242}}
Jul 08 21:14:57.213364 np0000184505 devstack@n-api-meta.service[107011]: DEBUG nova.api.openstack.wsgi_app [None req-a99e0a0a-74a1-4dec-95f2-1251fc5f5970 None None] cert = self.pem {{(pid=107011) log_opt_values /opt/stack/data/venv/lib/python3.12/site-packages/oslo_config/cfg.py:3242}}
Jul 08 21:14:57.213525 np0000184505 devstack@n-api-meta.service[107011]: DEBUG nova.api.openstack.wsgi_app [None req-a99e0a0a-74a1-4dec-95f2-1251fc5f5970 None None] compute_driver = libvirt.LibvirtDriver {{(pid=107011) log_opt_values /opt/stack/data/venv/lib/python3.12/site-packages/oslo_config/cfg.py:3242}}
Jul 08 21:14:57.213679 np0000184505 devstack@n-api-meta.service[107011]: DEBUG nova.api.openstack.wsgi_app [None req-a99e0a0a-74a1-4dec-95f2-1251fc5f5970 None None] compute_monitors = [] {{(pid=107011) log_opt_values /opt/stack/data/venv/lib/python3.12/site-packages/oslo_config/cfg.py:3242}}
Jul 08 21:14:57.213814 np0000184505 devstack@n-api-meta.service[107011]: DEBUG nova.api.openstack.wsgi_app [None req-a99e0a0a-74a1-4dec-95f2-1251fc5f5970 None None] concurrency_backend = auto {{(pid=107011) log_opt_values /opt/stack/data/venv/lib/python3.12/site-packages/oslo_config/cfg.py:3242}}
Jul 08 21:14:57.213978 np0000184505 devstack@n-api-meta.service[107011]: DEBUG nova.api.openstack.wsgi_app [None req-a99e0a0a-74a1-4dec-95f2-1251fc5f5970 None None] config_dir = [] {{(pid=107011) log_opt_values /opt/stack/data/venv/lib/python3.12/site-packages/oslo_config/cfg.py:3242}}
Jul 08 21:14:57.214115 np0000184505 devstack@n-api-meta.service[107011]: DEBUG nova.api.openstack.wsgi_app [None req-a99e0a0a-74a1-4dec-95f2-1251fc5f5970 None None] config_drive_format = iso9660 {{(pid=107011) log_opt_values /opt/stack/data/venv/lib/python3.12/site-packages/oslo_config/cfg.py:3242}}
Jul 08 21:14:57.214219 np0000184505 devstack@n-api-meta.service[107011]: DEBUG nova.api.openstack.wsgi_app [None req-a99e0a0a-74a1-4dec-95f2-1251fc5f5970 None None] config_file = ['/etc/nova/api-paste.ini', '/etc/nova/nova.conf'] {{(pid=107011) log_opt_values /opt/stack/data/venv/lib/python3.12/site-packages/oslo_config/cfg.py:3242}}
Jul 08 21:14:57.214346 np0000184505 devstack@n-api-meta.service[107011]: DEBUG nova.api.openstack.wsgi_app [None req-a99e0a0a-74a1-4dec-95f2-1251fc5f5970 None None] config_source = [] {{(pid=107011) log_opt_values /opt/stack/data/venv/lib/python3.12/site-packages/oslo_config/cfg.py:3242}}
Jul 08 21:14:57.214477 np0000184505 devstack@n-api-meta.service[107011]: DEBUG nova.api.openstack.wsgi_app [None req-a99e0a0a-74a1-4dec-95f2-1251fc5f5970 None None] console_host = np0000184505 {{(pid=107011) log_opt_values /opt/stack/data/venv/lib/python3.12/site-packages/oslo_config/cfg.py:3242}}
Jul 08 21:14:57.214556 np0000184505 devstack@n-api-meta.service[107010]: INFO dbcounter [None req-223a8fc1-0f0c-49ca-9327-ba38198a39fd None None] Registered counter for database nova_cell0
Jul 08 21:14:57.214615 np0000184505 devstack@n-api-meta.service[107011]: DEBUG nova.api.openstack.wsgi_app [None req-a99e0a0a-74a1-4dec-95f2-1251fc5f5970 None None] control_exchange = nova {{(pid=107011) log_opt_values /opt/stack/data/venv/lib/python3.12/site-packages/oslo_config/cfg.py:3242}}
Jul 08 21:14:57.214734 np0000184505 devstack@n-api-meta.service[107011]: DEBUG nova.api.openstack.wsgi_app [None req-a99e0a0a-74a1-4dec-95f2-1251fc5f5970 None None] cpu_allocation_ratio = None {{(pid=107011) log_opt_values /opt/stack/data/venv/lib/python3.12/site-packages/oslo_config/cfg.py:3242}}
Jul 08 21:14:57.214860 np0000184505 devstack@n-api-meta.service[107011]: DEBUG nova.api.openstack.wsgi_app [None req-a99e0a0a-74a1-4dec-95f2-1251fc5f5970 None None] daemon = False {{(pid=107011) log_opt_values /opt/stack/data/venv/lib/python3.12/site-packages/oslo_config/cfg.py:3242}}
Jul 08 21:14:57.215074 np0000184505 devstack@n-api-meta.service[107011]: DEBUG nova.api.openstack.wsgi_app [None req-a99e0a0a-74a1-4dec-95f2-1251fc5f5970 None None] debug = True {{(pid=107011) log_opt_values /opt/stack/data/venv/lib/python3.12/site-packages/oslo_config/cfg.py:3242}}
Jul 08 21:14:57.215197 np0000184505 devstack@n-api-meta.service[107011]: DEBUG nova.api.openstack.wsgi_app [None req-a99e0a0a-74a1-4dec-95f2-1251fc5f5970 None None] default_access_ip_network_name = None {{(pid=107011) log_opt_values /opt/stack/data/venv/lib/python3.12/site-packages/oslo_config/cfg.py:3242}}
Jul 08 21:14:57.215329 np0000184505 devstack@n-api-meta.service[107011]: DEBUG nova.api.openstack.wsgi_app [None req-a99e0a0a-74a1-4dec-95f2-1251fc5f5970 None None] default_availability_zone = nova {{(pid=107011) log_opt_values /opt/stack/data/venv/lib/python3.12/site-packages/oslo_config/cfg.py:3242}}
Jul 08 21:14:57.215458 np0000184505 devstack@n-api-meta.service[107011]: DEBUG nova.api.openstack.wsgi_app [None req-a99e0a0a-74a1-4dec-95f2-1251fc5f5970 None None] default_ephemeral_format = ext4 {{(pid=107011) log_opt_values /opt/stack/data/venv/lib/python3.12/site-packages/oslo_config/cfg.py:3242}}
Jul 08 21:14:57.215585 np0000184505 devstack@n-api-meta.service[107011]: DEBUG nova.api.openstack.wsgi_app [None req-a99e0a0a-74a1-4dec-95f2-1251fc5f5970 None None] default_green_pool_size = 1000 {{(pid=107011) log_opt_values /opt/stack/data/venv/lib/python3.12/site-packages/oslo_config/cfg.py:3242}}
Jul 08 21:14:57.215797 np0000184505 devstack@n-api-meta.service[107011]: DEBUG nova.api.openstack.wsgi_app [None req-a99e0a0a-74a1-4dec-95f2-1251fc5f5970 None None] default_log_levels = ['amqp=WARN', 'boto=WARN', 'sqlalchemy=WARN', 'suds=INFO', 'oslo.messaging=INFO', 'oslo_messaging=INFO', 'iso8601=WARN', 'requests.packages.urllib3.connectionpool=WARN', 'urllib3.connectionpool=WARN', 'websocket=WARN', 'requests.packages.urllib3.util.retry=WARN', 'urllib3.util.retry=WARN', 'keystonemiddleware=WARN', 'routes.middleware=WARN', 'stevedore=WARN', 'taskflow=WARN', 'keystoneauth=WARN', 'oslo.cache=INFO', 'oslo_policy=INFO', 'dogpile.core.dogpile=INFO', 'glanceclient=WARN', 'oslo.privsep.daemon=INFO'] {{(pid=107011) log_opt_values /opt/stack/data/venv/lib/python3.12/site-packages/oslo_config/cfg.py:3242}}
Jul 08 21:14:57.215938 np0000184505 devstack@n-api-meta.service[107011]: DEBUG nova.api.openstack.wsgi_app [None req-a99e0a0a-74a1-4dec-95f2-1251fc5f5970 None None] default_schedule_zone = None {{(pid=107011) log_opt_values /opt/stack/data/venv/lib/python3.12/site-packages/oslo_config/cfg.py:3242}}
Jul 08 21:14:57.216065 np0000184505 devstack@n-api-meta.service[107011]: DEBUG nova.api.openstack.wsgi_app [None req-a99e0a0a-74a1-4dec-95f2-1251fc5f5970 None None] default_thread_pool_size = 10 {{(pid=107011) log_opt_values /opt/stack/data/venv/lib/python3.12/site-packages/oslo_config/cfg.py:3242}}
Jul 08 21:14:57.216185 np0000184505 devstack@n-api-meta.service[107011]: DEBUG nova.api.openstack.wsgi_app [None req-a99e0a0a-74a1-4dec-95f2-1251fc5f5970 None None] disk_allocation_ratio = None {{(pid=107011) log_opt_values /opt/stack/data/venv/lib/python3.12/site-packages/oslo_config/cfg.py:3242}}
Jul 08 21:14:57.216309 np0000184505 devstack@n-api-meta.service[107011]: DEBUG nova.api.openstack.wsgi_app [None req-a99e0a0a-74a1-4dec-95f2-1251fc5f5970 None None] enable_new_services = True {{(pid=107011) log_opt_values /opt/stack/data/venv/lib/python3.12/site-packages/oslo_config/cfg.py:3242}}
Jul 08 21:14:57.216435 np0000184505 devstack@n-api-meta.service[107011]: DEBUG nova.api.openstack.wsgi_app [None req-a99e0a0a-74a1-4dec-95f2-1251fc5f5970 None None] flat_injected = False {{(pid=107011) log_opt_values /opt/stack/data/venv/lib/python3.12/site-packages/oslo_config/cfg.py:3242}}
Jul 08 21:14:57.216559 np0000184505 devstack@n-api-meta.service[107011]: DEBUG nova.api.openstack.wsgi_app [None req-a99e0a0a-74a1-4dec-95f2-1251fc5f5970 None None] force_config_drive = False {{(pid=107011) log_opt_values /opt/stack/data/venv/lib/python3.12/site-packages/oslo_config/cfg.py:3242}}
Jul 08 21:14:57.216682 np0000184505 devstack@n-api-meta.service[107011]: DEBUG nova.api.openstack.wsgi_app [None req-a99e0a0a-74a1-4dec-95f2-1251fc5f5970 None None] force_raw_images = True {{(pid=107011) log_opt_values /opt/stack/data/venv/lib/python3.12/site-packages/oslo_config/cfg.py:3242}}
Jul 08 21:14:57.216818 np0000184505 devstack@n-api-meta.service[107011]: DEBUG nova.api.openstack.wsgi_app [None req-a99e0a0a-74a1-4dec-95f2-1251fc5f5970 None None] graceful_shutdown_timeout = 5 {{(pid=107011) log_opt_values /opt/stack/data/venv/lib/python3.12/site-packages/oslo_config/cfg.py:3242}}
Jul 08 21:14:57.216963 np0000184505 devstack@n-api-meta.service[107011]: DEBUG nova.api.openstack.wsgi_app [None req-a99e0a0a-74a1-4dec-95f2-1251fc5f5970 None None] heal_instance_info_cache_interval = -1 {{(pid=107011) log_opt_values /opt/stack/data/venv/lib/python3.12/site-packages/oslo_config/cfg.py:3242}}
Jul 08 21:14:57.217134 np0000184505 devstack@n-api-meta.service[107011]: DEBUG nova.api.openstack.wsgi_app [None req-a99e0a0a-74a1-4dec-95f2-1251fc5f5970 None None] host = np0000184505 {{(pid=107011) log_opt_values /opt/stack/data/venv/lib/python3.12/site-packages/oslo_config/cfg.py:3242}}
Jul 08 21:14:57.217266 np0000184505 devstack@n-api-meta.service[107011]: DEBUG nova.api.openstack.wsgi_app [None req-a99e0a0a-74a1-4dec-95f2-1251fc5f5970 None None] initial_cpu_allocation_ratio = 4.0 {{(pid=107011) log_opt_values /opt/stack/data/venv/lib/python3.12/site-packages/oslo_config/cfg.py:3242}}
Jul 08 21:14:57.217393 np0000184505 devstack@n-api-meta.service[107011]: DEBUG nova.api.openstack.wsgi_app [None req-a99e0a0a-74a1-4dec-95f2-1251fc5f5970 None None] initial_disk_allocation_ratio = 1.0 {{(pid=107011) log_opt_values /opt/stack/data/venv/lib/python3.12/site-packages/oslo_config/cfg.py:3242}}
Jul 08 21:14:57.217913 np0000184505 devstack@n-api-meta.service[107011]: DEBUG nova.api.openstack.wsgi_app [None req-a99e0a0a-74a1-4dec-95f2-1251fc5f5970 None None] initial_ram_allocation_ratio = 1.0 {{(pid=107011) log_opt_values /opt/stack/data/venv/lib/python3.12/site-packages/oslo_config/cfg.py:3242}}
Jul 08 21:14:57.218096 np0000184505 devstack@n-api-meta.service[107011]: DEBUG nova.api.openstack.wsgi_app [None req-a99e0a0a-74a1-4dec-95f2-1251fc5f5970 None None] injected_network_template = /opt/stack/nova/nova/virt/interfaces.template {{(pid=107011) log_opt_values /opt/stack/data/venv/lib/python3.12/site-packages/oslo_config/cfg.py:3242}}
Jul 08 21:14:57.218225 np0000184505 devstack@n-api-meta.service[107011]: DEBUG nova.api.openstack.wsgi_app [None req-a99e0a0a-74a1-4dec-95f2-1251fc5f5970 None None] instance_build_timeout = 0 {{(pid=107011) log_opt_values /opt/stack/data/venv/lib/python3.12/site-packages/oslo_config/cfg.py:3242}}
Jul 08 21:14:57.218382 np0000184505 devstack@n-api-meta.service[107011]: DEBUG nova.api.openstack.wsgi_app [None req-a99e0a0a-74a1-4dec-95f2-1251fc5f5970 None None] instance_delete_interval = 300 {{(pid=107011) log_opt_values /opt/stack/data/venv/lib/python3.12/site-packages/oslo_config/cfg.py:3242}}
Jul 08 21:14:57.218481 np0000184505 devstack@n-api-meta.service[107011]: DEBUG nova.api.openstack.wsgi_app [None req-a99e0a0a-74a1-4dec-95f2-1251fc5f5970 None None] instance_format = [instance: %(uuid)s] {{(pid=107011) log_opt_values /opt/stack/data/venv/lib/python3.12/site-packages/oslo_config/cfg.py:3242}}
Jul 08 21:14:57.218611 np0000184505 devstack@n-api-meta.service[107011]: DEBUG nova.api.openstack.wsgi_app [None req-a99e0a0a-74a1-4dec-95f2-1251fc5f5970 None None] instance_name_template = instance-%08x {{(pid=107011) log_opt_values /opt/stack/data/venv/lib/python3.12/site-packages/oslo_config/cfg.py:3242}}
Jul 08 21:14:57.218736 np0000184505 devstack@n-api-meta.service[107011]: DEBUG nova.api.openstack.wsgi_app [None req-a99e0a0a-74a1-4dec-95f2-1251fc5f5970 None None] instance_usage_audit = False {{(pid=107011) log_opt_values /opt/stack/data/venv/lib/python3.12/site-packages/oslo_config/cfg.py:3242}}
Jul 08 21:14:57.218869 np0000184505 devstack@n-api-meta.service[107011]: DEBUG nova.api.openstack.wsgi_app [None req-a99e0a0a-74a1-4dec-95f2-1251fc5f5970 None None] instance_usage_audit_period = month {{(pid=107011) log_opt_values /opt/stack/data/venv/lib/python3.12/site-packages/oslo_config/cfg.py:3242}}
Jul 08 21:14:57.219016 np0000184505 devstack@n-api-meta.service[107011]: DEBUG nova.api.openstack.wsgi_app [None req-a99e0a0a-74a1-4dec-95f2-1251fc5f5970 None None] instance_uuid_format = [instance: %(uuid)s] {{(pid=107011) log_opt_values /opt/stack/data/venv/lib/python3.12/site-packages/oslo_config/cfg.py:3242}}
Jul 08 21:14:57.219153 np0000184505 devstack@n-api-meta.service[107011]: DEBUG nova.api.openstack.wsgi_app [None req-a99e0a0a-74a1-4dec-95f2-1251fc5f5970 None None] instances_path = /opt/stack/data/nova/instances {{(pid=107011) log_opt_values /opt/stack/data/venv/lib/python3.12/site-packages/oslo_config/cfg.py:3242}}
Jul 08 21:14:57.219284 np0000184505 devstack@n-api-meta.service[107011]: DEBUG nova.api.openstack.wsgi_app [None req-a99e0a0a-74a1-4dec-95f2-1251fc5f5970 None None] internal_service_availability_zone = internal {{(pid=107011) log_opt_values /opt/stack/data/venv/lib/python3.12/site-packages/oslo_config/cfg.py:3242}}
Jul 08 21:14:57.219406 np0000184505 devstack@n-api-meta.service[107011]: DEBUG nova.api.openstack.wsgi_app [None req-a99e0a0a-74a1-4dec-95f2-1251fc5f5970 None None] key = None {{(pid=107011) log_opt_values /opt/stack/data/venv/lib/python3.12/site-packages/oslo_config/cfg.py:3242}}
Jul 08 21:14:57.219535 np0000184505 devstack@n-api-meta.service[107011]: DEBUG nova.api.openstack.wsgi_app [None req-a99e0a0a-74a1-4dec-95f2-1251fc5f5970 None None] live_migration_retry_count = 30 {{(pid=107011) log_opt_values /opt/stack/data/venv/lib/python3.12/site-packages/oslo_config/cfg.py:3242}}
Jul 08 21:14:57.219663 np0000184505 devstack@n-api-meta.service[107011]: DEBUG nova.api.openstack.wsgi_app [None req-a99e0a0a-74a1-4dec-95f2-1251fc5f5970 None None] log_color = False {{(pid=107011) log_opt_values /opt/stack/data/venv/lib/python3.12/site-packages/oslo_config/cfg.py:3242}}
Jul 08 21:14:57.219793 np0000184505 devstack@n-api-meta.service[107011]: DEBUG nova.api.openstack.wsgi_app [None req-a99e0a0a-74a1-4dec-95f2-1251fc5f5970 None None] log_config_append = None {{(pid=107011) log_opt_values /opt/stack/data/venv/lib/python3.12/site-packages/oslo_config/cfg.py:3242}}
Jul 08 21:14:57.219940 np0000184505 devstack@n-api-meta.service[107011]: DEBUG nova.api.openstack.wsgi_app [None req-a99e0a0a-74a1-4dec-95f2-1251fc5f5970 None None] log_date_format = %Y-%m-%d %H:%M:%S {{(pid=107011) log_opt_values /opt/stack/data/venv/lib/python3.12/site-packages/oslo_config/cfg.py:3242}}
Jul 08 21:14:57.220069 np0000184505 devstack@n-api-meta.service[107011]: DEBUG nova.api.openstack.wsgi_app [None req-a99e0a0a-74a1-4dec-95f2-1251fc5f5970 None None] log_dir = None {{(pid=107011) log_opt_values /opt/stack/data/venv/lib/python3.12/site-packages/oslo_config/cfg.py:3242}}
Jul 08 21:14:57.220193 np0000184505 devstack@n-api-meta.service[107011]: DEBUG nova.api.openstack.wsgi_app [None req-a99e0a0a-74a1-4dec-95f2-1251fc5f5970 None None] log_file = None {{(pid=107011) log_opt_values /opt/stack/data/venv/lib/python3.12/site-packages/oslo_config/cfg.py:3242}}
Jul 08 21:14:57.220292 np0000184505 devstack@n-api-meta.service[107011]: DEBUG nova.api.openstack.wsgi_app [None req-a99e0a0a-74a1-4dec-95f2-1251fc5f5970 None None] log_options = True {{(pid=107011) log_opt_values /opt/stack/data/venv/lib/python3.12/site-packages/oslo_config/cfg.py:3242}}
Jul 08 21:14:57.220418 np0000184505 devstack@n-api-meta.service[107011]: DEBUG nova.api.openstack.wsgi_app [None req-a99e0a0a-74a1-4dec-95f2-1251fc5f5970 None None] log_rotate_interval = 1 {{(pid=107011) log_opt_values /opt/stack/data/venv/lib/python3.12/site-packages/oslo_config/cfg.py:3242}}
Jul 08 21:14:57.220549 np0000184505 devstack@n-api-meta.service[107011]: DEBUG nova.api.openstack.wsgi_app [None req-a99e0a0a-74a1-4dec-95f2-1251fc5f5970 None None] log_rotate_interval_type = days {{(pid=107011) log_opt_values /opt/stack/data/venv/lib/python3.12/site-packages/oslo_config/cfg.py:3242}}
Jul 08 21:14:57.220679 np0000184505 devstack@n-api-meta.service[107011]: DEBUG nova.api.openstack.wsgi_app [None req-a99e0a0a-74a1-4dec-95f2-1251fc5f5970 None None] log_rotation_type = none {{(pid=107011) log_opt_values /opt/stack/data/venv/lib/python3.12/site-packages/oslo_config/cfg.py:3242}}
Jul 08 21:14:57.220779 np0000184505 devstack@n-api-meta.service[107011]: DEBUG nova.api.openstack.wsgi_app [None req-a99e0a0a-74a1-4dec-95f2-1251fc5f5970 None None] logging_context_format_string = %(color)s%(levelname)s %(name)s [%(global_request_id)s %(request_id)s %(project_name)s %(user_name)s%(color)s] %(instance)s%(color)s%(message)s {{(pid=107011) log_opt_values /opt/stack/data/venv/lib/python3.12/site-packages/oslo_config/cfg.py:3242}}
Jul 08 21:14:57.220886 np0000184505 devstack@n-api-meta.service[107011]: DEBUG nova.api.openstack.wsgi_app [None req-a99e0a0a-74a1-4dec-95f2-1251fc5f5970 None None] logging_debug_format_suffix = {{(pid=%(process)d) %(funcName)s %(pathname)s:%(lineno)d}} {{(pid=107011) log_opt_values /opt/stack/data/venv/lib/python3.12/site-packages/oslo_config/cfg.py:3242}}
Jul 08 21:14:57.221023 np0000184505 devstack@n-api-meta.service[107011]: DEBUG nova.api.openstack.wsgi_app [None req-a99e0a0a-74a1-4dec-95f2-1251fc5f5970 None None] logging_default_format_string = %(color)s%(levelname)s %(name)s [-%(color)s] %(instance)s%(color)s%(message)s {{(pid=107011) log_opt_values /opt/stack/data/venv/lib/python3.12/site-packages/oslo_config/cfg.py:3242}}
Jul 08 21:14:57.221151 np0000184505 devstack@n-api-meta.service[107011]: DEBUG nova.api.openstack.wsgi_app [None req-a99e0a0a-74a1-4dec-95f2-1251fc5f5970 None None] logging_exception_prefix = ERROR %(name)s %(instance)s {{(pid=107011) log_opt_values /opt/stack/data/venv/lib/python3.12/site-packages/oslo_config/cfg.py:3242}}
Jul 08 21:14:57.221249 np0000184505 devstack@n-api-meta.service[107011]: DEBUG nova.api.openstack.wsgi_app [None req-a99e0a0a-74a1-4dec-95f2-1251fc5f5970 None None] logging_user_identity_format = %(user)s %(project)s %(domain)s %(system_scope)s %(user_domain)s %(project_domain)s {{(pid=107011) log_opt_values /opt/stack/data/venv/lib/python3.12/site-packages/oslo_config/cfg.py:3242}}
Jul 08 21:14:57.221374 np0000184505 devstack@n-api-meta.service[107011]: DEBUG nova.api.openstack.wsgi_app [None req-a99e0a0a-74a1-4dec-95f2-1251fc5f5970 None None] long_rpc_timeout = 1800 {{(pid=107011) log_opt_values /opt/stack/data/venv/lib/python3.12/site-packages/oslo_config/cfg.py:3242}}
Jul 08 21:14:57.221564 np0000184505 devstack@n-api-meta.service[107011]: DEBUG nova.api.openstack.wsgi_app [None req-a99e0a0a-74a1-4dec-95f2-1251fc5f5970 None None] manager_shutdown_timeout = 160 {{(pid=107011) log_opt_values /opt/stack/data/venv/lib/python3.12/site-packages/oslo_config/cfg.py:3242}}
Jul 08 21:14:57.221652 np0000184505 devstack@n-api-meta.service[107011]: DEBUG nova.api.openstack.wsgi_app [None req-a99e0a0a-74a1-4dec-95f2-1251fc5f5970 None None] max_concurrent_builds = 10 {{(pid=107011) log_opt_values /opt/stack/data/venv/lib/python3.12/site-packages/oslo_config/cfg.py:3242}}
