Jun 19 01:11:32.284076 np0000182256 systemd[1]: Starting devstack@n-api.service - Devstack devstack@n-api.service...
Jun 19 01:11:32.293900 np0000182256 devstack@n-api.service[99926]: [uWSGI] getting INI configuration from /etc/nova/nova-api-uwsgi.ini
Jun 19 01:11:32.297221 np0000182256 devstack@n-api.service[99926]: *** Starting uWSGI 2.0.24-debian (64bit) on [Fri Jun 19 01:11:32 2026] ***
Jun 19 01:11:32.297221 np0000182256 devstack@n-api.service[99926]: compiled with version: 13.2.0 on 17 April 2024 16:23:48
Jun 19 01:11:32.297221 np0000182256 devstack@n-api.service[99926]: os: Linux-6.8.0-124-generic #124-Ubuntu SMP PREEMPT_DYNAMIC Tue May 26 13:00:45 UTC 2026
Jun 19 01:11:32.297221 np0000182256 devstack@n-api.service[99926]: nodename: np0000182256
Jun 19 01:11:32.297221 np0000182256 devstack@n-api.service[99926]: machine: x86_64
Jun 19 01:11:32.297221 np0000182256 devstack@n-api.service[99926]: clock source: unix
Jun 19 01:11:32.297221 np0000182256 devstack@n-api.service[99926]: pcre jit disabled
Jun 19 01:11:32.297221 np0000182256 devstack@n-api.service[99926]: detected number of CPU cores: 16
Jun 19 01:11:32.297221 np0000182256 devstack@n-api.service[99926]: current working directory: /
Jun 19 01:11:32.297221 np0000182256 devstack@n-api.service[99926]: detected binary path: /usr/bin/uwsgi-core
Jun 19 01:11:32.297221 np0000182256 devstack@n-api.service[99926]: your processes number limit is 256917
Jun 19 01:11:32.297221 np0000182256 devstack@n-api.service[99926]: your memory page size is 4096 bytes
Jun 19 01:11:32.297221 np0000182256 devstack@n-api.service[99926]: detected max file descriptor number: 2048
Jun 19 01:11:32.297630 np0000182256 devstack@n-api.service[99926]: lock engine: pthread robust mutexes
Jun 19 01:11:32.297630 np0000182256 devstack@n-api.service[99926]: thunder lock: enabled
Jun 19 01:11:32.297740 np0000182256 devstack@n-api.service[99926]: uwsgi socket 0 bound to UNIX address /var/run/uwsgi/nova-api.socket fd 4
Jun 19 01:11:32.297793 np0000182256 devstack@n-api.service[99926]: Python version: 3.12.3 (main, Mar 23 2026, 19:04:32) [GCC 13.3.0]
Jun 19 01:11:32.297825 np0000182256 devstack@n-api.service[99926]: PEP 405 virtualenv detected: /opt/stack/data/venv
Jun 19 01:11:32.297825 np0000182256 devstack@n-api.service[99926]: Set PythonHome to /opt/stack/data/venv
Jun 19 01:11:32.335216 np0000182256 devstack@n-api.service[99926]: Python main interpreter initialized at 0x7e7720ca3668
Jun 19 01:11:32.335216 np0000182256 devstack@n-api.service[99926]: python threads support enabled
Jun 19 01:11:32.335216 np0000182256 devstack@n-api.service[99926]: your server socket listen backlog is limited to 100 connections
Jun 19 01:11:32.335216 np0000182256 devstack@n-api.service[99926]: your mercy for graceful operations on workers is 80 seconds
Jun 19 01:11:32.335798 np0000182256 devstack@n-api.service[99926]: mapped 671795 bytes (656 KB) for 4 cores
Jun 19 01:11:32.335963 np0000182256 devstack@n-api.service[99926]: *** Operational MODE: preforking ***
Jun 19 01:11:32.336148 np0000182256 devstack@n-api.service[99926]: *** uWSGI is running in multiple interpreter mode ***
Jun 19 01:11:32.336148 np0000182256 devstack@n-api.service[99926]: spawned uWSGI master process (pid: 99926)
Jun 19 01:11:32.336432 np0000182256 systemd[1]: Started devstack@n-api.service - Devstack devstack@n-api.service.
Jun 19 01:11:32.337011 np0000182256 devstack@n-api.service[99926]: spawned uWSGI worker 1 (pid: 99927, cores: 1)
Jun 19 01:11:32.337459 np0000182256 devstack@n-api.service[99926]: spawned uWSGI worker 2 (pid: 99928, cores: 1)
Jun 19 01:11:32.337912 np0000182256 devstack@n-api.service[99926]: spawned uWSGI worker 3 (pid: 99929, cores: 1)
Jun 19 01:11:32.338496 np0000182256 devstack@n-api.service[99926]: spawned uWSGI worker 4 (pid: 99930, cores: 1)
Jun 19 01:11:32.338588 np0000182256 devstack@n-api.service[99926]: running "unix_signal:15 gracefully_kill_them_all" (master-start)...
Jun 19 01:11:34.054103 np0000182256 devstack@n-api.service[99927]: INFO dbcounter [None req-477eb8c4-ab7f-49c7-967f-5b82e57998b5 None None] Registered counter for database nova_api
Jun 19 01:11:34.065682 np0000182256 devstack@n-api.service[99928]: INFO dbcounter [None req-747bfb3b-0857-4e67-a161-5e4398dd447e None None] Registered counter for database nova_api
Jun 19 01:11:34.100754 np0000182256 devstack@n-api.service[99927]: DEBUG oslo_db.sqlalchemy.engines [None req-477eb8c4-ab7f-49c7-967f-5b82e57998b5 None None] MySQL server mode set to STRICT_TRANS_TABLES,STRICT_ALL_TABLES,NO_ZERO_IN_DATE,NO_ZERO_DATE,ERROR_FOR_DIVISION_BY_ZERO,TRADITIONAL,NO_ENGINE_SUBSTITUTION {{(pid=99927) _check_effective_sql_mode /opt/stack/data/venv/lib/python3.12/site-packages/oslo_db/sqlalchemy/engines.py:325}}
Jun 19 01:11:34.136363 np0000182256 devstack@n-api.service[99930]: INFO dbcounter [None req-8203e70c-3bb6-4ba4-8d8a-16371d0450c0 None None] Registered counter for database nova_api
Jun 19 01:11:34.137033 np0000182256 devstack@n-api.service[99927]: DEBUG dbcounter [-] [99927] Writer thread running {{(pid=99927) stat_writer /opt/stack/data/venv/lib/python3.12/site-packages/dbcounter.py:102}}
Jun 19 01:11:34.138901 np0000182256 devstack@n-api.service[99927]: DEBUG nova.context [None req-477eb8c4-ab7f-49c7-967f-5b82e57998b5 None None] Found 2 cells: 00000000-0000-0000-0000-000000000000(cell0),18c5f0db-cf25-40a7-8689-dd0a57bebfae(cell1) {{(pid=99927) load_cells /opt/stack/nova/nova/context.py:509}}
Jun 19 01:11:34.139124 np0000182256 devstack@n-api.service[99927]: INFO nova.utils [None req-477eb8c4-ab7f-49c7-967f-5b82e57998b5 None None] The cell worker thread pool MainProcess.cell_worker is initialized
Jun 19 01:11:34.140895 np0000182256 devstack@n-api.service[99927]: DEBUG oslo_concurrency.lockutils [None req-477eb8c4-ab7f-49c7-967f-5b82e57998b5 None None] Acquiring lock "00000000-0000-0000-0000-000000000000" by "nova.context.set_target_cell..get_or_set_cached_cell_and_set_connections" {{(pid=99927) inner /opt/stack/data/venv/lib/python3.12/site-packages/oslo_concurrency/lockutils.py:511}}
Jun 19 01:11:34.141088 np0000182256 devstack@n-api.service[99927]: DEBUG oslo_concurrency.lockutils [None req-477eb8c4-ab7f-49c7-967f-5b82e57998b5 None None] Lock "00000000-0000-0000-0000-000000000000" acquired by "nova.context.set_target_cell..get_or_set_cached_cell_and_set_connections" :: waited 0.000s {{(pid=99927) inner /opt/stack/data/venv/lib/python3.12/site-packages/oslo_concurrency/lockutils.py:524}}
Jun 19 01:11:34.141506 np0000182256 devstack@n-api.service[99927]: DEBUG oslo_concurrency.lockutils [None req-477eb8c4-ab7f-49c7-967f-5b82e57998b5 None None] Lock "00000000-0000-0000-0000-000000000000" "released" by "nova.context.set_target_cell..get_or_set_cached_cell_and_set_connections" :: held 0.000s {{(pid=99927) inner /opt/stack/data/venv/lib/python3.12/site-packages/oslo_concurrency/lockutils.py:543}}
Jun 19 01:11:34.142214 np0000182256 devstack@n-api.service[99927]: DEBUG oslo_concurrency.lockutils [None req-477eb8c4-ab7f-49c7-967f-5b82e57998b5 None None] Acquiring lock "18c5f0db-cf25-40a7-8689-dd0a57bebfae" by "nova.context.set_target_cell..get_or_set_cached_cell_and_set_connections" {{(pid=99927) inner /opt/stack/data/venv/lib/python3.12/site-packages/oslo_concurrency/lockutils.py:511}}
Jun 19 01:11:34.144206 np0000182256 devstack@n-api.service[99927]: INFO dbcounter [None req-477eb8c4-ab7f-49c7-967f-5b82e57998b5 None None] Registered counter for database nova_cell0
Jun 19 01:11:34.145601 np0000182256 devstack@n-api.service[99927]: DEBUG oslo_concurrency.lockutils [None req-477eb8c4-ab7f-49c7-967f-5b82e57998b5 None None] Lock "18c5f0db-cf25-40a7-8689-dd0a57bebfae" acquired by "nova.context.set_target_cell..get_or_set_cached_cell_and_set_connections" :: waited 0.002s {{(pid=99927) inner /opt/stack/data/venv/lib/python3.12/site-packages/oslo_concurrency/lockutils.py:524}}
Jun 19 01:11:34.146803 np0000182256 devstack@n-api.service[99927]: DEBUG oslo_concurrency.lockutils [None req-477eb8c4-ab7f-49c7-967f-5b82e57998b5 None None] Lock "18c5f0db-cf25-40a7-8689-dd0a57bebfae" "released" by "nova.context.set_target_cell..get_or_set_cached_cell_and_set_connections" :: held 0.003s {{(pid=99927) inner /opt/stack/data/venv/lib/python3.12/site-packages/oslo_concurrency/lockutils.py:543}}
Jun 19 01:11:34.147449 np0000182256 devstack@n-api.service[99928]: DEBUG oslo_db.sqlalchemy.engines [None req-747bfb3b-0857-4e67-a161-5e4398dd447e None None] MySQL server mode set to STRICT_TRANS_TABLES,STRICT_ALL_TABLES,NO_ZERO_IN_DATE,NO_ZERO_DATE,ERROR_FOR_DIVISION_BY_ZERO,TRADITIONAL,NO_ENGINE_SUBSTITUTION {{(pid=99928) _check_effective_sql_mode /opt/stack/data/venv/lib/python3.12/site-packages/oslo_db/sqlalchemy/engines.py:325}}
Jun 19 01:11:34.149908 np0000182256 devstack@n-api.service[99929]: INFO dbcounter [None req-b515f7ba-6b48-4b71-b284-7682090479d8 None None] Registered counter for database nova_api
Jun 19 01:11:34.150547 np0000182256 devstack@n-api.service[99927]: INFO dbcounter [None req-477eb8c4-ab7f-49c7-967f-5b82e57998b5 None None] Registered counter for database nova_cell1
Jun 19 01:11:34.173276 np0000182256 devstack@n-api.service[99930]: DEBUG oslo_db.sqlalchemy.engines [None req-8203e70c-3bb6-4ba4-8d8a-16371d0450c0 None None] MySQL server mode set to STRICT_TRANS_TABLES,STRICT_ALL_TABLES,NO_ZERO_IN_DATE,NO_ZERO_DATE,ERROR_FOR_DIVISION_BY_ZERO,TRADITIONAL,NO_ENGINE_SUBSTITUTION {{(pid=99930) _check_effective_sql_mode /opt/stack/data/venv/lib/python3.12/site-packages/oslo_db/sqlalchemy/engines.py:325}}
Jun 19 01:11:34.188147 np0000182256 devstack@n-api.service[99928]: DEBUG dbcounter [-] [99928] Writer thread running {{(pid=99928) stat_writer /opt/stack/data/venv/lib/python3.12/site-packages/dbcounter.py:102}}
Jun 19 01:11:34.190566 np0000182256 devstack@n-api.service[99928]: DEBUG nova.context [None req-747bfb3b-0857-4e67-a161-5e4398dd447e None None] Found 2 cells: 00000000-0000-0000-0000-000000000000(cell0),18c5f0db-cf25-40a7-8689-dd0a57bebfae(cell1) {{(pid=99928) load_cells /opt/stack/nova/nova/context.py:509}}
Jun 19 01:11:34.190765 np0000182256 devstack@n-api.service[99928]: INFO nova.utils [None req-747bfb3b-0857-4e67-a161-5e4398dd447e None None] The cell worker thread pool MainProcess.cell_worker is initialized
Jun 19 01:11:34.192643 np0000182256 devstack@n-api.service[99928]: DEBUG oslo_concurrency.lockutils [None req-747bfb3b-0857-4e67-a161-5e4398dd447e None None] Acquiring lock "00000000-0000-0000-0000-000000000000" by "nova.context.set_target_cell..get_or_set_cached_cell_and_set_connections" {{(pid=99928) inner /opt/stack/data/venv/lib/python3.12/site-packages/oslo_concurrency/lockutils.py:511}}
Jun 19 01:11:34.192887 np0000182256 devstack@n-api.service[99928]: DEBUG oslo_concurrency.lockutils [None req-747bfb3b-0857-4e67-a161-5e4398dd447e None None] Lock "00000000-0000-0000-0000-000000000000" acquired by "nova.context.set_target_cell..get_or_set_cached_cell_and_set_connections" :: waited 0.000s {{(pid=99928) inner /opt/stack/data/venv/lib/python3.12/site-packages/oslo_concurrency/lockutils.py:524}}
Jun 19 01:11:34.193208 np0000182256 devstack@n-api.service[99928]: DEBUG oslo_concurrency.lockutils [None req-747bfb3b-0857-4e67-a161-5e4398dd447e None None] Lock "00000000-0000-0000-0000-000000000000" "released" by "nova.context.set_target_cell..get_or_set_cached_cell_and_set_connections" :: held 0.000s {{(pid=99928) inner /opt/stack/data/venv/lib/python3.12/site-packages/oslo_concurrency/lockutils.py:543}}
Jun 19 01:11:34.194142 np0000182256 devstack@n-api.service[99928]: DEBUG oslo_concurrency.lockutils [None req-747bfb3b-0857-4e67-a161-5e4398dd447e None None] Acquiring lock "18c5f0db-cf25-40a7-8689-dd0a57bebfae" by "nova.context.set_target_cell..get_or_set_cached_cell_and_set_connections" {{(pid=99928) inner /opt/stack/data/venv/lib/python3.12/site-packages/oslo_concurrency/lockutils.py:511}}
Jun 19 01:11:34.194307 np0000182256 devstack@n-api.service[99928]: DEBUG oslo_concurrency.lockutils [None req-747bfb3b-0857-4e67-a161-5e4398dd447e None None] Lock "18c5f0db-cf25-40a7-8689-dd0a57bebfae" acquired by "nova.context.set_target_cell..get_or_set_cached_cell_and_set_connections" :: waited 0.000s {{(pid=99928) inner /opt/stack/data/venv/lib/python3.12/site-packages/oslo_concurrency/lockutils.py:524}}
Jun 19 01:11:34.195270 np0000182256 devstack@n-api.service[99928]: DEBUG oslo_concurrency.lockutils [None req-747bfb3b-0857-4e67-a161-5e4398dd447e None None] Lock "18c5f0db-cf25-40a7-8689-dd0a57bebfae" "released" by "nova.context.set_target_cell..get_or_set_cached_cell_and_set_connections" :: held 0.001s {{(pid=99928) inner /opt/stack/data/venv/lib/python3.12/site-packages/oslo_concurrency/lockutils.py:543}}
Jun 19 01:11:34.198663 np0000182256 devstack@n-api.service[99928]: INFO dbcounter [None req-747bfb3b-0857-4e67-a161-5e4398dd447e None None] Registered counter for database nova_cell0
Jun 19 01:11:34.202469 np0000182256 devstack@n-api.service[99928]: INFO dbcounter [None req-747bfb3b-0857-4e67-a161-5e4398dd447e None None] Registered counter for database nova_cell1
Jun 19 01:11:34.204902 np0000182256 devstack@n-api.service[99927]: DEBUG oslo_db.sqlalchemy.engines [None req-477eb8c4-ab7f-49c7-967f-5b82e57998b5 None None] MySQL server mode set to STRICT_TRANS_TABLES,STRICT_ALL_TABLES,NO_ZERO_IN_DATE,NO_ZERO_DATE,ERROR_FOR_DIVISION_BY_ZERO,TRADITIONAL,NO_ENGINE_SUBSTITUTION {{(pid=99927) _check_effective_sql_mode /opt/stack/data/venv/lib/python3.12/site-packages/oslo_db/sqlalchemy/engines.py:325}}
Jun 19 01:11:34.205216 np0000182256 devstack@n-api.service[99930]: DEBUG dbcounter [-] [99930] Writer thread running {{(pid=99930) stat_writer /opt/stack/data/venv/lib/python3.12/site-packages/dbcounter.py:102}}
Jun 19 01:11:34.208459 np0000182256 devstack@n-api.service[99930]: DEBUG nova.context [None req-8203e70c-3bb6-4ba4-8d8a-16371d0450c0 None None] Found 2 cells: 00000000-0000-0000-0000-000000000000(cell0),18c5f0db-cf25-40a7-8689-dd0a57bebfae(cell1) {{(pid=99930) load_cells /opt/stack/nova/nova/context.py:509}}
Jun 19 01:11:34.209025 np0000182256 devstack@n-api.service[99930]: INFO nova.utils [None req-8203e70c-3bb6-4ba4-8d8a-16371d0450c0 None None] The cell worker thread pool MainProcess.cell_worker is initialized
Jun 19 01:11:34.211284 np0000182256 devstack@n-api.service[99929]: DEBUG oslo_db.sqlalchemy.engines [None req-b515f7ba-6b48-4b71-b284-7682090479d8 None None] MySQL server mode set to STRICT_TRANS_TABLES,STRICT_ALL_TABLES,NO_ZERO_IN_DATE,NO_ZERO_DATE,ERROR_FOR_DIVISION_BY_ZERO,TRADITIONAL,NO_ENGINE_SUBSTITUTION {{(pid=99929) _check_effective_sql_mode /opt/stack/data/venv/lib/python3.12/site-packages/oslo_db/sqlalchemy/engines.py:325}}
Jun 19 01:11:34.212917 np0000182256 devstack@n-api.service[99930]: DEBUG oslo_concurrency.lockutils [None req-8203e70c-3bb6-4ba4-8d8a-16371d0450c0 None None] Acquiring lock "00000000-0000-0000-0000-000000000000" by "nova.context.set_target_cell..get_or_set_cached_cell_and_set_connections" {{(pid=99930) inner /opt/stack/data/venv/lib/python3.12/site-packages/oslo_concurrency/lockutils.py:511}}
Jun 19 01:11:34.213150 np0000182256 devstack@n-api.service[99930]: DEBUG oslo_concurrency.lockutils [None req-8203e70c-3bb6-4ba4-8d8a-16371d0450c0 None None] Lock "00000000-0000-0000-0000-000000000000" acquired by "nova.context.set_target_cell..get_or_set_cached_cell_and_set_connections" :: waited 0.000s {{(pid=99930) inner /opt/stack/data/venv/lib/python3.12/site-packages/oslo_concurrency/lockutils.py:524}}
Jun 19 01:11:34.213679 np0000182256 devstack@n-api.service[99930]: DEBUG oslo_concurrency.lockutils [None req-8203e70c-3bb6-4ba4-8d8a-16371d0450c0 None None] Lock "00000000-0000-0000-0000-000000000000" "released" by "nova.context.set_target_cell..get_or_set_cached_cell_and_set_connections" :: held 0.001s {{(pid=99930) inner /opt/stack/data/venv/lib/python3.12/site-packages/oslo_concurrency/lockutils.py:543}}
Jun 19 01:11:34.214455 np0000182256 devstack@n-api.service[99930]: DEBUG oslo_concurrency.lockutils [None req-8203e70c-3bb6-4ba4-8d8a-16371d0450c0 None None] Acquiring lock "18c5f0db-cf25-40a7-8689-dd0a57bebfae" by "nova.context.set_target_cell..get_or_set_cached_cell_and_set_connections" {{(pid=99930) inner /opt/stack/data/venv/lib/python3.12/site-packages/oslo_concurrency/lockutils.py:511}}
Jun 19 01:11:34.216168 np0000182256 devstack@n-api.service[99930]: INFO dbcounter [None req-8203e70c-3bb6-4ba4-8d8a-16371d0450c0 None None] Registered counter for database nova_cell0
Jun 19 01:11:34.217959 np0000182256 devstack@n-api.service[99930]: DEBUG oslo_concurrency.lockutils [None req-8203e70c-3bb6-4ba4-8d8a-16371d0450c0 None None] Lock "18c5f0db-cf25-40a7-8689-dd0a57bebfae" acquired by "nova.context.set_target_cell..get_or_set_cached_cell_and_set_connections" :: waited 0.002s {{(pid=99930) inner /opt/stack/data/venv/lib/python3.12/site-packages/oslo_concurrency/lockutils.py:524}}
Jun 19 01:11:34.219466 np0000182256 devstack@n-api.service[99930]: DEBUG oslo_concurrency.lockutils [None req-8203e70c-3bb6-4ba4-8d8a-16371d0450c0 None None] Lock "18c5f0db-cf25-40a7-8689-dd0a57bebfae" "released" by "nova.context.set_target_cell..get_or_set_cached_cell_and_set_connections" :: held 0.003s {{(pid=99930) inner /opt/stack/data/venv/lib/python3.12/site-packages/oslo_concurrency/lockutils.py:543}}
Jun 19 01:11:34.222882 np0000182256 devstack@n-api.service[99930]: INFO dbcounter [None req-8203e70c-3bb6-4ba4-8d8a-16371d0450c0 None None] Registered counter for database nova_cell1
Jun 19 01:11:34.246419 np0000182256 devstack@n-api.service[99929]: DEBUG dbcounter [-] [99929] Writer thread running {{(pid=99929) stat_writer /opt/stack/data/venv/lib/python3.12/site-packages/dbcounter.py:102}}
Jun 19 01:11:34.248967 np0000182256 devstack@n-api.service[99929]: DEBUG nova.context [None req-b515f7ba-6b48-4b71-b284-7682090479d8 None None] Found 2 cells: 00000000-0000-0000-0000-000000000000(cell0),18c5f0db-cf25-40a7-8689-dd0a57bebfae(cell1) {{(pid=99929) load_cells /opt/stack/nova/nova/context.py:509}}
Jun 19 01:11:34.249197 np0000182256 devstack@n-api.service[99929]: INFO nova.utils [None req-b515f7ba-6b48-4b71-b284-7682090479d8 None None] The cell worker thread pool MainProcess.cell_worker is initialized
Jun 19 01:11:34.250958 np0000182256 devstack@n-api.service[99929]: DEBUG oslo_concurrency.lockutils [None req-b515f7ba-6b48-4b71-b284-7682090479d8 None None] Acquiring lock "00000000-0000-0000-0000-000000000000" by "nova.context.set_target_cell..get_or_set_cached_cell_and_set_connections" {{(pid=99929) inner /opt/stack/data/venv/lib/python3.12/site-packages/oslo_concurrency/lockutils.py:511}}
Jun 19 01:11:34.251186 np0000182256 devstack@n-api.service[99929]: DEBUG oslo_concurrency.lockutils [None req-b515f7ba-6b48-4b71-b284-7682090479d8 None None] Lock "00000000-0000-0000-0000-000000000000" acquired by "nova.context.set_target_cell..get_or_set_cached_cell_and_set_connections" :: waited 0.000s {{(pid=99929) inner /opt/stack/data/venv/lib/python3.12/site-packages/oslo_concurrency/lockutils.py:524}}
Jun 19 01:11:34.251531 np0000182256 devstack@n-api.service[99929]: DEBUG oslo_concurrency.lockutils [None req-b515f7ba-6b48-4b71-b284-7682090479d8 None None] Lock "00000000-0000-0000-0000-000000000000" "released" by "nova.context.set_target_cell..get_or_set_cached_cell_and_set_connections" :: held 0.000s {{(pid=99929) inner /opt/stack/data/venv/lib/python3.12/site-packages/oslo_concurrency/lockutils.py:543}}
Jun 19 01:11:34.252223 np0000182256 devstack@n-api.service[99929]: DEBUG oslo_concurrency.lockutils [None req-b515f7ba-6b48-4b71-b284-7682090479d8 None None] Acquiring lock "18c5f0db-cf25-40a7-8689-dd0a57bebfae" by "nova.context.set_target_cell..get_or_set_cached_cell_and_set_connections" {{(pid=99929) inner /opt/stack/data/venv/lib/python3.12/site-packages/oslo_concurrency/lockutils.py:511}}
Jun 19 01:11:34.252446 np0000182256 devstack@n-api.service[99929]: DEBUG oslo_concurrency.lockutils [None req-b515f7ba-6b48-4b71-b284-7682090479d8 None None] Lock "18c5f0db-cf25-40a7-8689-dd0a57bebfae" acquired by "nova.context.set_target_cell..get_or_set_cached_cell_and_set_connections" :: waited 0.000s {{(pid=99929) inner /opt/stack/data/venv/lib/python3.12/site-packages/oslo_concurrency/lockutils.py:524}}
Jun 19 01:11:34.253246 np0000182256 devstack@n-api.service[99929]: DEBUG oslo_concurrency.lockutils [None req-b515f7ba-6b48-4b71-b284-7682090479d8 None None] Lock "18c5f0db-cf25-40a7-8689-dd0a57bebfae" "released" by "nova.context.set_target_cell..get_or_set_cached_cell_and_set_connections" :: held 0.001s {{(pid=99929) inner /opt/stack/data/venv/lib/python3.12/site-packages/oslo_concurrency/lockutils.py:543}}
Jun 19 01:11:34.255679 np0000182256 devstack@n-api.service[99929]: INFO dbcounter [None req-b515f7ba-6b48-4b71-b284-7682090479d8 None None] Registered counter for database nova_cell0
Jun 19 01:11:34.259135 np0000182256 devstack@n-api.service[99929]: INFO dbcounter [None req-b515f7ba-6b48-4b71-b284-7682090479d8 None None] Registered counter for database nova_cell1
Jun 19 01:11:34.268813 np0000182256 devstack@n-api.service[99928]: DEBUG oslo_db.sqlalchemy.engines [None req-747bfb3b-0857-4e67-a161-5e4398dd447e None None] MySQL server mode set to STRICT_TRANS_TABLES,STRICT_ALL_TABLES,NO_ZERO_IN_DATE,NO_ZERO_DATE,ERROR_FOR_DIVISION_BY_ZERO,TRADITIONAL,NO_ENGINE_SUBSTITUTION {{(pid=99928) _check_effective_sql_mode /opt/stack/data/venv/lib/python3.12/site-packages/oslo_db/sqlalchemy/engines.py:325}}
Jun 19 01:11:34.269028 np0000182256 devstack@n-api.service[99927]: DEBUG oslo_db.sqlalchemy.engines [None req-477eb8c4-ab7f-49c7-967f-5b82e57998b5 None None] MySQL server mode set to STRICT_TRANS_TABLES,STRICT_ALL_TABLES,NO_ZERO_IN_DATE,NO_ZERO_DATE,ERROR_FOR_DIVISION_BY_ZERO,TRADITIONAL,NO_ENGINE_SUBSTITUTION {{(pid=99927) _check_effective_sql_mode /opt/stack/data/venv/lib/python3.12/site-packages/oslo_db/sqlalchemy/engines.py:325}}
Jun 19 01:11:34.275484 np0000182256 devstack@n-api.service[99928]: DEBUG oslo_db.sqlalchemy.engines [None req-747bfb3b-0857-4e67-a161-5e4398dd447e None None] MySQL server mode set to STRICT_TRANS_TABLES,STRICT_ALL_TABLES,NO_ZERO_IN_DATE,NO_ZERO_DATE,ERROR_FOR_DIVISION_BY_ZERO,TRADITIONAL,NO_ENGINE_SUBSTITUTION {{(pid=99928) _check_effective_sql_mode /opt/stack/data/venv/lib/python3.12/site-packages/oslo_db/sqlalchemy/engines.py:325}}
Jun 19 01:11:34.278847 np0000182256 devstack@n-api.service[99930]: DEBUG oslo_db.sqlalchemy.engines [None req-8203e70c-3bb6-4ba4-8d8a-16371d0450c0 None None] MySQL server mode set to STRICT_TRANS_TABLES,STRICT_ALL_TABLES,NO_ZERO_IN_DATE,NO_ZERO_DATE,ERROR_FOR_DIVISION_BY_ZERO,TRADITIONAL,NO_ENGINE_SUBSTITUTION {{(pid=99930) _check_effective_sql_mode /opt/stack/data/venv/lib/python3.12/site-packages/oslo_db/sqlalchemy/engines.py:325}}
Jun 19 01:11:34.282301 np0000182256 devstack@n-api.service[99930]: DEBUG oslo_db.sqlalchemy.engines [None req-8203e70c-3bb6-4ba4-8d8a-16371d0450c0 None None] MySQL server mode set to STRICT_TRANS_TABLES,STRICT_ALL_TABLES,NO_ZERO_IN_DATE,NO_ZERO_DATE,ERROR_FOR_DIVISION_BY_ZERO,TRADITIONAL,NO_ENGINE_SUBSTITUTION {{(pid=99930) _check_effective_sql_mode /opt/stack/data/venv/lib/python3.12/site-packages/oslo_db/sqlalchemy/engines.py:325}}
Jun 19 01:11:34.298060 np0000182256 devstack@n-api.service[99927]: DEBUG dbcounter [-] [99927] Writer thread running {{(pid=99927) stat_writer /opt/stack/data/venv/lib/python3.12/site-packages/dbcounter.py:102}}
Jun 19 01:11:34.303067 np0000182256 devstack@n-api.service[99927]: DEBUG dbcounter [-] [99927] Writer thread running {{(pid=99927) stat_writer /opt/stack/data/venv/lib/python3.12/site-packages/dbcounter.py:102}}
Jun 19 01:11:34.307113 np0000182256 devstack@n-api.service[99927]: INFO dbcounter [None req-477eb8c4-ab7f-49c7-967f-5b82e57998b5 None None] Registered counter for database nova_cell0
Jun 19 01:11:34.312373 np0000182256 devstack@n-api.service[99929]: DEBUG oslo_db.sqlalchemy.engines [None req-b515f7ba-6b48-4b71-b284-7682090479d8 None None] MySQL server mode set to STRICT_TRANS_TABLES,STRICT_ALL_TABLES,NO_ZERO_IN_DATE,NO_ZERO_DATE,ERROR_FOR_DIVISION_BY_ZERO,TRADITIONAL,NO_ENGINE_SUBSTITUTION {{(pid=99929) _check_effective_sql_mode /opt/stack/data/venv/lib/python3.12/site-packages/oslo_db/sqlalchemy/engines.py:325}}
Jun 19 01:11:34.314961 np0000182256 devstack@n-api.service[99929]: DEBUG oslo_db.sqlalchemy.engines [None req-b515f7ba-6b48-4b71-b284-7682090479d8 None None] MySQL server mode set to STRICT_TRANS_TABLES,STRICT_ALL_TABLES,NO_ZERO_IN_DATE,NO_ZERO_DATE,ERROR_FOR_DIVISION_BY_ZERO,TRADITIONAL,NO_ENGINE_SUBSTITUTION {{(pid=99929) _check_effective_sql_mode /opt/stack/data/venv/lib/python3.12/site-packages/oslo_db/sqlalchemy/engines.py:325}}
Jun 19 01:11:34.347799 np0000182256 devstack@n-api.service[99927]: DEBUG oslo_db.sqlalchemy.engines [None req-477eb8c4-ab7f-49c7-967f-5b82e57998b5 None None] MySQL server mode set to STRICT_TRANS_TABLES,STRICT_ALL_TABLES,NO_ZERO_IN_DATE,NO_ZERO_DATE,ERROR_FOR_DIVISION_BY_ZERO,TRADITIONAL,NO_ENGINE_SUBSTITUTION {{(pid=99927) _check_effective_sql_mode /opt/stack/data/venv/lib/python3.12/site-packages/oslo_db/sqlalchemy/engines.py:325}}
Jun 19 01:11:34.358930 np0000182256 devstack@n-api.service[99927]: DEBUG dbcounter [-] [99927] Writer thread running {{(pid=99927) stat_writer /opt/stack/data/venv/lib/python3.12/site-packages/dbcounter.py:102}}
Jun 19 01:11:34.368539 np0000182256 devstack@n-api.service[99928]: DEBUG dbcounter [-] [99928] Writer thread running {{(pid=99928) stat_writer /opt/stack/data/venv/lib/python3.12/site-packages/dbcounter.py:102}}
Jun 19 01:11:34.376230 np0000182256 devstack@n-api.service[99928]: DEBUG dbcounter [-] [99928] Writer thread running {{(pid=99928) stat_writer /opt/stack/data/venv/lib/python3.12/site-packages/dbcounter.py:102}}
Jun 19 01:11:34.384566 np0000182256 devstack@n-api.service[99930]: DEBUG dbcounter [-] [99930] Writer thread running {{(pid=99930) stat_writer /opt/stack/data/venv/lib/python3.12/site-packages/dbcounter.py:102}}
Jun 19 01:11:34.385157 np0000182256 devstack@n-api.service[99930]: DEBUG dbcounter [-] [99930] Writer thread running {{(pid=99930) stat_writer /opt/stack/data/venv/lib/python3.12/site-packages/dbcounter.py:102}}
Jun 19 01:11:34.405596 np0000182256 devstack@n-api.service[99929]: DEBUG dbcounter [-] [99929] Writer thread running {{(pid=99929) stat_writer /opt/stack/data/venv/lib/python3.12/site-packages/dbcounter.py:102}}
Jun 19 01:11:34.409657 np0000182256 devstack@n-api.service[99929]: DEBUG dbcounter [-] [99929] Writer thread running {{(pid=99929) stat_writer /opt/stack/data/venv/lib/python3.12/site-packages/dbcounter.py:102}}
Jun 19 01:11:34.433400 np0000182256 devstack@n-api.service[99928]: INFO dbcounter [None req-747bfb3b-0857-4e67-a161-5e4398dd447e None None] Registered counter for database nova_cell0
Jun 19 01:11:34.435382 np0000182256 devstack@n-api.service[99929]: INFO dbcounter [None req-b515f7ba-6b48-4b71-b284-7682090479d8 None None] Registered counter for database nova_cell0
Jun 19 01:11:34.435750 np0000182256 devstack@n-api.service[99930]: INFO dbcounter [None req-8203e70c-3bb6-4ba4-8d8a-16371d0450c0 None None] Registered counter for database nova_cell0
Jun 19 01:11:34.479537 np0000182256 devstack@n-api.service[99928]: DEBUG oslo_db.sqlalchemy.engines [None req-747bfb3b-0857-4e67-a161-5e4398dd447e None None] MySQL server mode set to STRICT_TRANS_TABLES,STRICT_ALL_TABLES,NO_ZERO_IN_DATE,NO_ZERO_DATE,ERROR_FOR_DIVISION_BY_ZERO,TRADITIONAL,NO_ENGINE_SUBSTITUTION {{(pid=99928) _check_effective_sql_mode /opt/stack/data/venv/lib/python3.12/site-packages/oslo_db/sqlalchemy/engines.py:325}}
Jun 19 01:11:34.484791 np0000182256 devstack@n-api.service[99929]: DEBUG oslo_db.sqlalchemy.engines [None req-b515f7ba-6b48-4b71-b284-7682090479d8 None None] MySQL server mode set to STRICT_TRANS_TABLES,STRICT_ALL_TABLES,NO_ZERO_IN_DATE,NO_ZERO_DATE,ERROR_FOR_DIVISION_BY_ZERO,TRADITIONAL,NO_ENGINE_SUBSTITUTION {{(pid=99929) _check_effective_sql_mode /opt/stack/data/venv/lib/python3.12/site-packages/oslo_db/sqlalchemy/engines.py:325}}
Jun 19 01:11:34.488194 np0000182256 devstack@n-api.service[99928]: DEBUG dbcounter [-] [99928] Writer thread running {{(pid=99928) stat_writer /opt/stack/data/venv/lib/python3.12/site-packages/dbcounter.py:102}}
Jun 19 01:11:34.488758 np0000182256 devstack@n-api.service[99930]: DEBUG oslo_db.sqlalchemy.engines [None req-8203e70c-3bb6-4ba4-8d8a-16371d0450c0 None None] MySQL server mode set to STRICT_TRANS_TABLES,STRICT_ALL_TABLES,NO_ZERO_IN_DATE,NO_ZERO_DATE,ERROR_FOR_DIVISION_BY_ZERO,TRADITIONAL,NO_ENGINE_SUBSTITUTION {{(pid=99930) _check_effective_sql_mode /opt/stack/data/venv/lib/python3.12/site-packages/oslo_db/sqlalchemy/engines.py:325}}
Jun 19 01:11:34.493744 np0000182256 devstack@n-api.service[99929]: DEBUG dbcounter [-] [99929] Writer thread running {{(pid=99929) stat_writer /opt/stack/data/venv/lib/python3.12/site-packages/dbcounter.py:102}}
Jun 19 01:11:34.499641 np0000182256 devstack@n-api.service[99930]: DEBUG dbcounter [-] [99930] Writer thread running {{(pid=99930) stat_writer /opt/stack/data/venv/lib/python3.12/site-packages/dbcounter.py:102}}
Jun 19 01:11:34.741673 np0000182256 devstack@n-api.service[99927]: DEBUG oslo_concurrency.processutils [None req-477eb8c4-ab7f-49c7-967f-5b82e57998b5 None None] Running cmd (subprocess): grep -F node.session.scan /sbin/iscsiadm {{(pid=99927) execute /opt/stack/data/venv/lib/python3.12/site-packages/oslo_concurrency/processutils.py:440}}
Jun 19 01:11:34.760656 np0000182256 devstack@n-api.service[99927]: DEBUG oslo_concurrency.processutils [None req-477eb8c4-ab7f-49c7-967f-5b82e57998b5 None None] CMD "grep -F node.session.scan /sbin/iscsiadm" returned: 0 in 0.019s {{(pid=99927) execute /opt/stack/data/venv/lib/python3.12/site-packages/oslo_concurrency/processutils.py:468}}
Jun 19 01:11:34.846373 np0000182256 devstack@n-api.service[99929]: DEBUG oslo_concurrency.processutils [None req-b515f7ba-6b48-4b71-b284-7682090479d8 None None] Running cmd (subprocess): grep -F node.session.scan /sbin/iscsiadm {{(pid=99929) execute /opt/stack/data/venv/lib/python3.12/site-packages/oslo_concurrency/processutils.py:440}}
Jun 19 01:11:34.849130 np0000182256 devstack@n-api.service[99928]: DEBUG oslo_concurrency.processutils [None req-747bfb3b-0857-4e67-a161-5e4398dd447e None None] Running cmd (subprocess): grep -F node.session.scan /sbin/iscsiadm {{(pid=99928) execute /opt/stack/data/venv/lib/python3.12/site-packages/oslo_concurrency/processutils.py:440}}
Jun 19 01:11:34.863773 np0000182256 devstack@n-api.service[99929]: DEBUG oslo_concurrency.processutils [None req-b515f7ba-6b48-4b71-b284-7682090479d8 None None] CMD "grep -F node.session.scan /sbin/iscsiadm" returned: 0 in 0.017s {{(pid=99929) execute /opt/stack/data/venv/lib/python3.12/site-packages/oslo_concurrency/processutils.py:468}}
Jun 19 01:11:34.869840 np0000182256 devstack@n-api.service[99928]: DEBUG oslo_concurrency.processutils [None req-747bfb3b-0857-4e67-a161-5e4398dd447e None None] CMD "grep -F node.session.scan /sbin/iscsiadm" returned: 0 in 0.021s {{(pid=99928) execute /opt/stack/data/venv/lib/python3.12/site-packages/oslo_concurrency/processutils.py:468}}
Jun 19 01:11:34.881401 np0000182256 devstack@n-api.service[99930]: DEBUG oslo_concurrency.processutils [None req-8203e70c-3bb6-4ba4-8d8a-16371d0450c0 None None] Running cmd (subprocess): grep -F node.session.scan /sbin/iscsiadm {{(pid=99930) execute /opt/stack/data/venv/lib/python3.12/site-packages/oslo_concurrency/processutils.py:440}}
Jun 19 01:11:34.901285 np0000182256 devstack@n-api.service[99930]: DEBUG oslo_concurrency.processutils [None req-8203e70c-3bb6-4ba4-8d8a-16371d0450c0 None None] CMD "grep -F node.session.scan /sbin/iscsiadm" returned: 0 in 0.020s {{(pid=99930) execute /opt/stack/data/venv/lib/python3.12/site-packages/oslo_concurrency/processutils.py:468}}
Jun 19 01:11:35.391505 np0000182256 devstack@n-api.service[99927]: DEBUG nova.api.openstack.wsgi_app [None req-477eb8c4-ab7f-49c7-967f-5b82e57998b5 None None] ******************************************************************************** {{(pid=99927) log_opt_values /opt/stack/data/venv/lib/python3.12/site-packages/oslo_config/cfg.py:3226}}
Jun 19 01:11:35.391505 np0000182256 devstack@n-api.service[99927]: DEBUG nova.api.openstack.wsgi_app [None req-477eb8c4-ab7f-49c7-967f-5b82e57998b5 None None] Configuration options gathered from: {{(pid=99927) log_opt_values /opt/stack/data/venv/lib/python3.12/site-packages/oslo_config/cfg.py:3227}}
Jun 19 01:11:35.392455 np0000182256 devstack@n-api.service[99927]: DEBUG nova.api.openstack.wsgi_app [None req-477eb8c4-ab7f-49c7-967f-5b82e57998b5 None None] command line args: [] {{(pid=99927) log_opt_values /opt/stack/data/venv/lib/python3.12/site-packages/oslo_config/cfg.py:3228}}
Jun 19 01:11:35.392455 np0000182256 devstack@n-api.service[99927]: DEBUG nova.api.openstack.wsgi_app [None req-477eb8c4-ab7f-49c7-967f-5b82e57998b5 None None] config files: ['/etc/nova/api-paste.ini', '/etc/nova/nova.conf'] {{(pid=99927) log_opt_values /opt/stack/data/venv/lib/python3.12/site-packages/oslo_config/cfg.py:3229}}
Jun 19 01:11:35.392455 np0000182256 devstack@n-api.service[99927]: DEBUG nova.api.openstack.wsgi_app [None req-477eb8c4-ab7f-49c7-967f-5b82e57998b5 None None] ================================================================================ {{(pid=99927) log_opt_values /opt/stack/data/venv/lib/python3.12/site-packages/oslo_config/cfg.py:3234}}
Jun 19 01:11:35.392455 np0000182256 devstack@n-api.service[99927]: DEBUG nova.api.openstack.wsgi_app [None req-477eb8c4-ab7f-49c7-967f-5b82e57998b5 None None] allow_resize_to_same_host = True {{(pid=99927) log_opt_values /opt/stack/data/venv/lib/python3.12/site-packages/oslo_config/cfg.py:3242}}
Jun 19 01:11:35.392728 np0000182256 devstack@n-api.service[99927]: DEBUG nova.api.openstack.wsgi_app [None req-477eb8c4-ab7f-49c7-967f-5b82e57998b5 None None] arq_binding_timeout = 300 {{(pid=99927) log_opt_values /opt/stack/data/venv/lib/python3.12/site-packages/oslo_config/cfg.py:3242}}
Jun 19 01:11:35.392728 np0000182256 devstack@n-api.service[99927]: DEBUG nova.api.openstack.wsgi_app [None req-477eb8c4-ab7f-49c7-967f-5b82e57998b5 None None] block_device_allocate_retries = 60 {{(pid=99927) log_opt_values /opt/stack/data/venv/lib/python3.12/site-packages/oslo_config/cfg.py:3242}}
Jun 19 01:11:35.392856 np0000182256 devstack@n-api.service[99927]: DEBUG nova.api.openstack.wsgi_app [None req-477eb8c4-ab7f-49c7-967f-5b82e57998b5 None None] block_device_allocate_retries_interval = 3 {{(pid=99927) log_opt_values /opt/stack/data/venv/lib/python3.12/site-packages/oslo_config/cfg.py:3242}}
Jun 19 01:11:35.393308 np0000182256 devstack@n-api.service[99927]: DEBUG nova.api.openstack.wsgi_app [None req-477eb8c4-ab7f-49c7-967f-5b82e57998b5 None None] cell_worker_thread_pool_size = 5 {{(pid=99927) log_opt_values /opt/stack/data/venv/lib/python3.12/site-packages/oslo_config/cfg.py:3242}}
Jun 19 01:11:35.393308 np0000182256 devstack@n-api.service[99927]: DEBUG nova.api.openstack.wsgi_app [None req-477eb8c4-ab7f-49c7-967f-5b82e57998b5 None None] cert = self.pem {{(pid=99927) log_opt_values /opt/stack/data/venv/lib/python3.12/site-packages/oslo_config/cfg.py:3242}}
Jun 19 01:11:35.393308 np0000182256 devstack@n-api.service[99927]: DEBUG nova.api.openstack.wsgi_app [None req-477eb8c4-ab7f-49c7-967f-5b82e57998b5 None None] compute_driver = libvirt.LibvirtDriver {{(pid=99927) log_opt_values /opt/stack/data/venv/lib/python3.12/site-packages/oslo_config/cfg.py:3242}}
Jun 19 01:11:35.393308 np0000182256 devstack@n-api.service[99927]: DEBUG nova.api.openstack.wsgi_app [None req-477eb8c4-ab7f-49c7-967f-5b82e57998b5 None None] compute_monitors = [] {{(pid=99927) log_opt_values /opt/stack/data/venv/lib/python3.12/site-packages/oslo_config/cfg.py:3242}}
Jun 19 01:11:35.393621 np0000182256 devstack@n-api.service[99927]: DEBUG nova.api.openstack.wsgi_app [None req-477eb8c4-ab7f-49c7-967f-5b82e57998b5 None None] config_dir = [] {{(pid=99927) log_opt_values /opt/stack/data/venv/lib/python3.12/site-packages/oslo_config/cfg.py:3242}}
Jun 19 01:11:35.393621 np0000182256 devstack@n-api.service[99927]: DEBUG nova.api.openstack.wsgi_app [None req-477eb8c4-ab7f-49c7-967f-5b82e57998b5 None None] config_drive_format = iso9660 {{(pid=99927) log_opt_values /opt/stack/data/venv/lib/python3.12/site-packages/oslo_config/cfg.py:3242}}
Jun 19 01:11:35.393738 np0000182256 devstack@n-api.service[99927]: DEBUG nova.api.openstack.wsgi_app [None req-477eb8c4-ab7f-49c7-967f-5b82e57998b5 None None] config_file = ['/etc/nova/api-paste.ini', '/etc/nova/nova.conf'] {{(pid=99927) log_opt_values /opt/stack/data/venv/lib/python3.12/site-packages/oslo_config/cfg.py:3242}}
Jun 19 01:11:35.394191 np0000182256 devstack@n-api.service[99927]: DEBUG nova.api.openstack.wsgi_app [None req-477eb8c4-ab7f-49c7-967f-5b82e57998b5 None None] config_source = [] {{(pid=99927) log_opt_values /opt/stack/data/venv/lib/python3.12/site-packages/oslo_config/cfg.py:3242}}
Jun 19 01:11:35.394191 np0000182256 devstack@n-api.service[99927]: DEBUG nova.api.openstack.wsgi_app [None req-477eb8c4-ab7f-49c7-967f-5b82e57998b5 None None] console_host = np0000182256 {{(pid=99927) log_opt_values /opt/stack/data/venv/lib/python3.12/site-packages/oslo_config/cfg.py:3242}}
Jun 19 01:11:35.394191 np0000182256 devstack@n-api.service[99927]: DEBUG nova.api.openstack.wsgi_app [None req-477eb8c4-ab7f-49c7-967f-5b82e57998b5 None None] control_exchange = nova {{(pid=99927) log_opt_values /opt/stack/data/venv/lib/python3.12/site-packages/oslo_config/cfg.py:3242}}
Jun 19 01:11:35.394588 np0000182256 devstack@n-api.service[99927]: DEBUG nova.api.openstack.wsgi_app [None req-477eb8c4-ab7f-49c7-967f-5b82e57998b5 None None] cpu_allocation_ratio = None {{(pid=99927) log_opt_values /opt/stack/data/venv/lib/python3.12/site-packages/oslo_config/cfg.py:3242}}
Jun 19 01:11:35.394588 np0000182256 devstack@n-api.service[99927]: DEBUG nova.api.openstack.wsgi_app [None req-477eb8c4-ab7f-49c7-967f-5b82e57998b5 None None] daemon = False {{(pid=99927) log_opt_values /opt/stack/data/venv/lib/python3.12/site-packages/oslo_config/cfg.py:3242}}
Jun 19 01:11:35.394588 np0000182256 devstack@n-api.service[99927]: DEBUG nova.api.openstack.wsgi_app [None req-477eb8c4-ab7f-49c7-967f-5b82e57998b5 None None] debug = True {{(pid=99927) log_opt_values /opt/stack/data/venv/lib/python3.12/site-packages/oslo_config/cfg.py:3242}}
Jun 19 01:11:35.394918 np0000182256 devstack@n-api.service[99927]: DEBUG nova.api.openstack.wsgi_app [None req-477eb8c4-ab7f-49c7-967f-5b82e57998b5 None None] default_access_ip_network_name = None {{(pid=99927) log_opt_values /opt/stack/data/venv/lib/python3.12/site-packages/oslo_config/cfg.py:3242}}
Jun 19 01:11:35.394918 np0000182256 devstack@n-api.service[99927]: DEBUG nova.api.openstack.wsgi_app [None req-477eb8c4-ab7f-49c7-967f-5b82e57998b5 None None] default_availability_zone = nova {{(pid=99927) log_opt_values /opt/stack/data/venv/lib/python3.12/site-packages/oslo_config/cfg.py:3242}}
Jun 19 01:11:35.394918 np0000182256 devstack@n-api.service[99927]: DEBUG nova.api.openstack.wsgi_app [None req-477eb8c4-ab7f-49c7-967f-5b82e57998b5 None None] default_ephemeral_format = ext4 {{(pid=99927) log_opt_values /opt/stack/data/venv/lib/python3.12/site-packages/oslo_config/cfg.py:3242}}
Jun 19 01:11:35.395241 np0000182256 devstack@n-api.service[99927]: DEBUG nova.api.openstack.wsgi_app [None req-477eb8c4-ab7f-49c7-967f-5b82e57998b5 None None] default_green_pool_size = 1000 {{(pid=99927) log_opt_values /opt/stack/data/venv/lib/python3.12/site-packages/oslo_config/cfg.py:3242}}
Jun 19 01:11:35.395374 np0000182256 devstack@n-api.service[99927]: DEBUG nova.api.openstack.wsgi_app [None req-477eb8c4-ab7f-49c7-967f-5b82e57998b5 None None] default_log_levels = ['amqp=WARN', 'boto=WARN', 'sqlalchemy=WARN', 'suds=INFO', 'oslo.messaging=INFO', 'oslo_messaging=INFO', 'iso8601=WARN', 'requests.packages.urllib3.connectionpool=WARN', 'urllib3.connectionpool=WARN', 'websocket=WARN', 'requests.packages.urllib3.util.retry=WARN', 'urllib3.util.retry=WARN', 'keystonemiddleware=WARN', 'routes.middleware=WARN', 'stevedore=WARN', 'taskflow=WARN', 'keystoneauth=WARN', 'oslo.cache=INFO', 'oslo_policy=INFO', 'dogpile.core.dogpile=INFO', 'glanceclient=WARN', 'oslo.privsep.daemon=INFO'] {{(pid=99927) log_opt_values /opt/stack/data/venv/lib/python3.12/site-packages/oslo_config/cfg.py:3242}}
Jun 19 01:11:35.395589 np0000182256 devstack@n-api.service[99927]: DEBUG nova.api.openstack.wsgi_app [None req-477eb8c4-ab7f-49c7-967f-5b82e57998b5 None None] default_schedule_zone = None {{(pid=99927) log_opt_values /opt/stack/data/venv/lib/python3.12/site-packages/oslo_config/cfg.py:3242}}
Jun 19 01:11:35.395589 np0000182256 devstack@n-api.service[99927]: DEBUG nova.api.openstack.wsgi_app [None req-477eb8c4-ab7f-49c7-967f-5b82e57998b5 None None] default_thread_pool_size = 10 {{(pid=99927) log_opt_values /opt/stack/data/venv/lib/python3.12/site-packages/oslo_config/cfg.py:3242}}
Jun 19 01:11:35.395838 np0000182256 devstack@n-api.service[99927]: DEBUG nova.api.openstack.wsgi_app [None req-477eb8c4-ab7f-49c7-967f-5b82e57998b5 None None] disk_allocation_ratio = None {{(pid=99927) log_opt_values /opt/stack/data/venv/lib/python3.12/site-packages/oslo_config/cfg.py:3242}}
Jun 19 01:11:35.395838 np0000182256 devstack@n-api.service[99927]: DEBUG nova.api.openstack.wsgi_app [None req-477eb8c4-ab7f-49c7-967f-5b82e57998b5 None None] enable_new_services = True {{(pid=99927) log_opt_values /opt/stack/data/venv/lib/python3.12/site-packages/oslo_config/cfg.py:3242}}
Jun 19 01:11:35.396050 np0000182256 devstack@n-api.service[99927]: DEBUG nova.api.openstack.wsgi_app [None req-477eb8c4-ab7f-49c7-967f-5b82e57998b5 None None] flat_injected = False {{(pid=99927) log_opt_values /opt/stack/data/venv/lib/python3.12/site-packages/oslo_config/cfg.py:3242}}
Jun 19 01:11:35.396050 np0000182256 devstack@n-api.service[99927]: DEBUG nova.api.openstack.wsgi_app [None req-477eb8c4-ab7f-49c7-967f-5b82e57998b5 None None] force_config_drive = False {{(pid=99927) log_opt_values /opt/stack/data/venv/lib/python3.12/site-packages/oslo_config/cfg.py:3242}}
Jun 19 01:11:35.396264 np0000182256 devstack@n-api.service[99927]: DEBUG nova.api.openstack.wsgi_app [None req-477eb8c4-ab7f-49c7-967f-5b82e57998b5 None None] force_raw_images = True {{(pid=99927) log_opt_values /opt/stack/data/venv/lib/python3.12/site-packages/oslo_config/cfg.py:3242}}
Jun 19 01:11:35.396264 np0000182256 devstack@n-api.service[99927]: DEBUG nova.api.openstack.wsgi_app [None req-477eb8c4-ab7f-49c7-967f-5b82e57998b5 None None] graceful_shutdown_timeout = 5 {{(pid=99927) log_opt_values /opt/stack/data/venv/lib/python3.12/site-packages/oslo_config/cfg.py:3242}}
Jun 19 01:11:35.396543 np0000182256 devstack@n-api.service[99927]: DEBUG nova.api.openstack.wsgi_app [None req-477eb8c4-ab7f-49c7-967f-5b82e57998b5 None None] heal_instance_info_cache_interval = -1 {{(pid=99927) log_opt_values /opt/stack/data/venv/lib/python3.12/site-packages/oslo_config/cfg.py:3242}}
Jun 19 01:11:35.396666 np0000182256 devstack@n-api.service[99927]: DEBUG nova.api.openstack.wsgi_app [None req-477eb8c4-ab7f-49c7-967f-5b82e57998b5 None None] host = np0000182256 {{(pid=99927) log_opt_values /opt/stack/data/venv/lib/python3.12/site-packages/oslo_config/cfg.py:3242}}
Jun 19 01:11:35.396794 np0000182256 devstack@n-api.service[99927]: DEBUG nova.api.openstack.wsgi_app [None req-477eb8c4-ab7f-49c7-967f-5b82e57998b5 None None] initial_cpu_allocation_ratio = 4.0 {{(pid=99927) log_opt_values /opt/stack/data/venv/lib/python3.12/site-packages/oslo_config/cfg.py:3242}}
Jun 19 01:11:35.396967 np0000182256 devstack@n-api.service[99927]: DEBUG nova.api.openstack.wsgi_app [None req-477eb8c4-ab7f-49c7-967f-5b82e57998b5 None None] initial_disk_allocation_ratio = 1.0 {{(pid=99927) log_opt_values /opt/stack/data/venv/lib/python3.12/site-packages/oslo_config/cfg.py:3242}}
Jun 19 01:11:35.397101 np0000182256 devstack@n-api.service[99927]: DEBUG nova.api.openstack.wsgi_app [None req-477eb8c4-ab7f-49c7-967f-5b82e57998b5 None None] initial_ram_allocation_ratio = 1.0 {{(pid=99927) log_opt_values /opt/stack/data/venv/lib/python3.12/site-packages/oslo_config/cfg.py:3242}}
Jun 19 01:11:35.397211 np0000182256 devstack@n-api.service[99927]: DEBUG nova.api.openstack.wsgi_app [None req-477eb8c4-ab7f-49c7-967f-5b82e57998b5 None None] injected_network_template = /opt/stack/nova/nova/virt/interfaces.template {{(pid=99927) log_opt_values /opt/stack/data/venv/lib/python3.12/site-packages/oslo_config/cfg.py:3242}}
Jun 19 01:11:35.397368 np0000182256 devstack@n-api.service[99927]: DEBUG nova.api.openstack.wsgi_app [None req-477eb8c4-ab7f-49c7-967f-5b82e57998b5 None None] instance_build_timeout = 0 {{(pid=99927) log_opt_values /opt/stack/data/venv/lib/python3.12/site-packages/oslo_config/cfg.py:3242}}
Jun 19 01:11:35.397493 np0000182256 devstack@n-api.service[99927]: DEBUG nova.api.openstack.wsgi_app [None req-477eb8c4-ab7f-49c7-967f-5b82e57998b5 None None] instance_delete_interval = 300 {{(pid=99927) log_opt_values /opt/stack/data/venv/lib/python3.12/site-packages/oslo_config/cfg.py:3242}}
Jun 19 01:11:35.397606 np0000182256 devstack@n-api.service[99927]: DEBUG nova.api.openstack.wsgi_app [None req-477eb8c4-ab7f-49c7-967f-5b82e57998b5 None None] instance_format = [instance: %(uuid)s] {{(pid=99927) log_opt_values /opt/stack/data/venv/lib/python3.12/site-packages/oslo_config/cfg.py:3242}}
Jun 19 01:11:35.397750 np0000182256 devstack@n-api.service[99927]: DEBUG nova.api.openstack.wsgi_app [None req-477eb8c4-ab7f-49c7-967f-5b82e57998b5 None None] instance_name_template = instance-%08x {{(pid=99927) log_opt_values /opt/stack/data/venv/lib/python3.12/site-packages/oslo_config/cfg.py:3242}}
Jun 19 01:11:35.397838 np0000182256 devstack@n-api.service[99927]: DEBUG nova.api.openstack.wsgi_app [None req-477eb8c4-ab7f-49c7-967f-5b82e57998b5 None None] instance_usage_audit = False {{(pid=99927) log_opt_values /opt/stack/data/venv/lib/python3.12/site-packages/oslo_config/cfg.py:3242}}
Jun 19 01:11:35.397995 np0000182256 devstack@n-api.service[99927]: DEBUG nova.api.openstack.wsgi_app [None req-477eb8c4-ab7f-49c7-967f-5b82e57998b5 None None] instance_usage_audit_period = month {{(pid=99927) log_opt_values /opt/stack/data/venv/lib/python3.12/site-packages/oslo_config/cfg.py:3242}}
Jun 19 01:11:35.398137 np0000182256 devstack@n-api.service[99927]: DEBUG nova.api.openstack.wsgi_app [None req-477eb8c4-ab7f-49c7-967f-5b82e57998b5 None None] instance_uuid_format = [instance: %(uuid)s] {{(pid=99927) log_opt_values /opt/stack/data/venv/lib/python3.12/site-packages/oslo_config/cfg.py:3242}}
Jun 19 01:11:35.398242 np0000182256 devstack@n-api.service[99927]: DEBUG nova.api.openstack.wsgi_app [None req-477eb8c4-ab7f-49c7-967f-5b82e57998b5 None None] instances_path = /opt/stack/data/nova/instances {{(pid=99927) log_opt_values /opt/stack/data/venv/lib/python3.12/site-packages/oslo_config/cfg.py:3242}}
Jun 19 01:11:35.398434 np0000182256 devstack@n-api.service[99927]: DEBUG nova.api.openstack.wsgi_app [None req-477eb8c4-ab7f-49c7-967f-5b82e57998b5 None None] internal_service_availability_zone = internal {{(pid=99927) log_opt_values /opt/stack/data/venv/lib/python3.12/site-packages/oslo_config/cfg.py:3242}}
Jun 19 01:11:35.398502 np0000182256 devstack@n-api.service[99927]: DEBUG nova.api.openstack.wsgi_app [None req-477eb8c4-ab7f-49c7-967f-5b82e57998b5 None None] key = None {{(pid=99927) log_opt_values /opt/stack/data/venv/lib/python3.12/site-packages/oslo_config/cfg.py:3242}}
Jun 19 01:11:35.398653 np0000182256 devstack@n-api.service[99927]: DEBUG nova.api.openstack.wsgi_app [None req-477eb8c4-ab7f-49c7-967f-5b82e57998b5 None None] live_migration_retry_count = 30 {{(pid=99927) log_opt_values /opt/stack/data/venv/lib/python3.12/site-packages/oslo_config/cfg.py:3242}}
Jun 19 01:11:35.398776 np0000182256 devstack@n-api.service[99927]: DEBUG nova.api.openstack.wsgi_app [None req-477eb8c4-ab7f-49c7-967f-5b82e57998b5 None None] log_color = False {{(pid=99927) log_opt_values /opt/stack/data/venv/lib/python3.12/site-packages/oslo_config/cfg.py:3242}}
Jun 19 01:11:35.398897 np0000182256 devstack@n-api.service[99927]: DEBUG nova.api.openstack.wsgi_app [None req-477eb8c4-ab7f-49c7-967f-5b82e57998b5 None None] log_config_append = None {{(pid=99927) log_opt_values /opt/stack/data/venv/lib/python3.12/site-packages/oslo_config/cfg.py:3242}}
Jun 19 01:11:35.399041 np0000182256 devstack@n-api.service[99930]: DEBUG nova.api.openstack.wsgi_app [None req-8203e70c-3bb6-4ba4-8d8a-16371d0450c0 None None] ******************************************************************************** {{(pid=99930) log_opt_values /opt/stack/data/venv/lib/python3.12/site-packages/oslo_config/cfg.py:3226}}
Jun 19 01:11:35.399794 np0000182256 devstack@n-api.service[99927]: DEBUG nova.api.openstack.wsgi_app [None req-477eb8c4-ab7f-49c7-967f-5b82e57998b5 None None] log_date_format = %Y-%m-%d %H:%M:%S {{(pid=99927) log_opt_values /opt/stack/data/venv/lib/python3.12/site-packages/oslo_config/cfg.py:3242}}
Jun 19 01:11:35.399910 np0000182256 devstack@n-api.service[99930]: DEBUG nova.api.openstack.wsgi_app [None req-8203e70c-3bb6-4ba4-8d8a-16371d0450c0 None None] Configuration options gathered from: {{(pid=99930) log_opt_values /opt/stack/data/venv/lib/python3.12/site-packages/oslo_config/cfg.py:3227}}
Jun 19 01:11:35.400044 np0000182256 devstack@n-api.service[99927]: DEBUG nova.api.openstack.wsgi_app [None req-477eb8c4-ab7f-49c7-967f-5b82e57998b5 None None] log_dir = None {{(pid=99927) log_opt_values /opt/stack/data/venv/lib/python3.12/site-packages/oslo_config/cfg.py:3242}}
Jun 19 01:11:35.400044 np0000182256 devstack@n-api.service[99927]: DEBUG nova.api.openstack.wsgi_app [None req-477eb8c4-ab7f-49c7-967f-5b82e57998b5 None None] log_file = None {{(pid=99927) log_opt_values /opt/stack/data/venv/lib/python3.12/site-packages/oslo_config/cfg.py:3242}}
