Mar 30 18:10:22.324297 np0000161484 devstack@neutron-api.service[102498]: DEBUG neutron.api.extensions [None req-b308889e-0276-456d-87b3-80764a1fb526 None None] Ext name="Expose CT target rules for conntrack helper" alias="expose-l3-conntrack-helper" description="Expose allow adding CT target rules for conntrack helper" updated="2019-04-04T10:00:00-00:00" {{(pid=102498) _check_extension /opt/stack/neutron/neutron/api/extensions.py:415}}
Mar 30 18:10:22.324297 np0000161484 devstack@neutron-api.service[102498]: INFO neutron.api.extensions [None req-b308889e-0276-456d-87b3-80764a1fb526 None None] Extension expose-l3-conntrack-helper not supported by any of loaded plugins
Mar 30 18:10:22.324494 np0000161484 devstack@neutron-api.service[102495]: DEBUG neutron.api.extensions [None req-fc18cbd7-c295-4044-9944-8d9ce6d324e3 None None] Ext name="Router support to enable NDP proxy" alias="l3-ext-ndp-proxy" description="Router extension to enable ndp proxy" updated="2020-08-25T00:00:00-00:00" {{(pid=102495) _check_extension /opt/stack/neutron/neutron/api/extensions.py:415}}
Mar 30 18:10:22.324611 np0000161484 devstack@neutron-api.service[102498]: DEBUG neutron.api.extensions [None req-b308889e-0276-456d-87b3-80764a1fb526 None None] Loading extension file: expose_port_forwarding_in_fip.py {{(pid=102498) _load_all_extensions_from_path /opt/stack/neutron/neutron/api/extensions.py:449}}
Mar 30 18:10:22.324749 np0000161484 devstack@neutron-api.service[102495]: INFO neutron.api.extensions [None req-fc18cbd7-c295-4044-9944-8d9ce6d324e3 None None] Extension l3-ext-ndp-proxy not supported by any of loaded plugins
Mar 30 18:10:22.324749 np0000161484 devstack@neutron-api.service[102495]: DEBUG neutron.api.extensions [None req-fc18cbd7-c295-4044-9944-8d9ce6d324e3 None None] Loading extension file: l3_extra_gws.py {{(pid=102495) _load_all_extensions_from_path /opt/stack/neutron/neutron/api/extensions.py:449}}
Mar 30 18:10:22.324867 np0000161484 devstack@neutron-api.service[102497]: DEBUG neutron.plugins.ml2.plugin [None req-5b6fdcc9-fdb9-47ed-a7db-82fe6b10896c None None] neutron.plugins.ml2.plugin.Ml2Plugin method _start_rpc_notifiers called with arguments () {} {{(pid=102497) wrapper /opt/stack/data/venv/lib/python3.12/site-packages/oslo_log/helpers.py:77}}
Mar 30 18:10:22.324955 np0000161484 devstack@neutron-api.service[102498]: DEBUG neutron.api.extensions [None req-b308889e-0276-456d-87b3-80764a1fb526 None None] Ext name="Expose Floating IP port forwardings" alias="expose-port-forwarding-in-fip" description="Expose port forwarding fields in floating IP response" updated="2018-06-28T16:00:00-00:00" {{(pid=102498) _check_extension /opt/stack/neutron/neutron/api/extensions.py:415}}
Mar 30 18:10:22.324955 np0000161484 devstack@neutron-api.service[102498]: INFO neutron.api.extensions [None req-b308889e-0276-456d-87b3-80764a1fb526 None None] Extension expose-port-forwarding-in-fip not supported by any of loaded plugins
Mar 30 18:10:22.325061 np0000161484 devstack@neutron-api.service[102495]: DEBUG neutron.api.extensions [None req-fc18cbd7-c295-4044-9944-8d9ce6d324e3 None None] Ext name="Neutron L3 External Gateway Multihoming" alias="external-gateway-multihoming" description="Allow multiple external gateway ports per router" updated="2023-01-18T00:00:00-00:00" {{(pid=102495) _check_extension /opt/stack/neutron/neutron/api/extensions.py:415}}
Mar 30 18:10:22.325255 np0000161484 devstack@neutron-api.service[102498]: DEBUG neutron.api.extensions [None req-b308889e-0276-456d-87b3-80764a1fb526 None None] Loading extension file: external_net.py {{(pid=102498) _load_all_extensions_from_path /opt/stack/neutron/neutron/api/extensions.py:449}}
Mar 30 18:10:22.325347 np0000161484 devstack@neutron-api.service[102495]: INFO neutron.api.extensions [None req-fc18cbd7-c295-4044-9944-8d9ce6d324e3 None None] Loaded extension: external-gateway-multihoming
Mar 30 18:10:22.325651 np0000161484 devstack@neutron-api.service[102497]: DEBUG neutron_lib.callbacks.manager [None req-5b6fdcc9-fdb9-47ed-a7db-82fe6b10896c None None] Subscribe: > port after_create 55550000, False {{(pid=102497) subscribe /opt/stack/data/venv/lib/python3.12/site-packages/neutron_lib/callbacks/manager.py:52}}
Mar 30 18:10:22.325748 np0000161484 devstack@neutron-api.service[102495]: DEBUG neutron.api.extensions [None req-fc18cbd7-c295-4044-9944-8d9ce6d324e3 None None] Loading extension file: l3_flavors.py {{(pid=102495) _load_all_extensions_from_path /opt/stack/neutron/neutron/api/extensions.py:449}}
Mar 30 18:10:22.325920 np0000161484 devstack@neutron-api.service[102498]: DEBUG neutron.api.extensions [None req-b308889e-0276-456d-87b3-80764a1fb526 None None] Ext name="Neutron external network" alias="external-net" description="Adds external network attribute to network resource." updated="2013-01-14T10:00:00-00:00" {{(pid=102498) _check_extension /opt/stack/neutron/neutron/api/extensions.py:415}}
Mar 30 18:10:22.326012 np0000161484 devstack@neutron-api.service[102497]: DEBUG neutron_lib.callbacks.manager [None req-5b6fdcc9-fdb9-47ed-a7db-82fe6b10896c None None] Subscribe: > port after_update 55550000, False {{(pid=102497) subscribe /opt/stack/data/venv/lib/python3.12/site-packages/neutron_lib/callbacks/manager.py:52}}
Mar 30 18:10:22.326184 np0000161484 devstack@neutron-api.service[102498]: INFO neutron.api.extensions [None req-b308889e-0276-456d-87b3-80764a1fb526 None None] Loaded extension: external-net
Mar 30 18:10:22.326283 np0000161484 devstack@neutron-api.service[102495]: DEBUG neutron.api.extensions [None req-fc18cbd7-c295-4044-9944-8d9ce6d324e3 None None] Ext name="Router Flavor Extension" alias="l3-flavors" description="Flavor support for routers." updated="2016-05-17T00:00:00-00:00" {{(pid=102495) _check_extension /opt/stack/neutron/neutron/api/extensions.py:415}}
Mar 30 18:10:22.326424 np0000161484 devstack@neutron-api.service[102498]: DEBUG neutron.api.extensions [None req-b308889e-0276-456d-87b3-80764a1fb526 None None] Loading extension file: extra_dhcp_opt.py {{(pid=102498) _load_all_extensions_from_path /opt/stack/neutron/neutron/api/extensions.py:449}}
Mar 30 18:10:22.326520 np0000161484 devstack@neutron-api.service[102497]: DEBUG neutron_lib.callbacks.manager [None req-5b6fdcc9-fdb9-47ed-a7db-82fe6b10896c None None] Subscribe: > port after_delete 55550000, False {{(pid=102497) subscribe /opt/stack/data/venv/lib/python3.12/site-packages/neutron_lib/callbacks/manager.py:52}}
Mar 30 18:10:22.326619 np0000161484 devstack@neutron-api.service[102495]: INFO neutron.api.extensions [None req-fc18cbd7-c295-4044-9944-8d9ce6d324e3 None None] Loaded extension: l3-flavors
Mar 30 18:10:22.326879 np0000161484 devstack@neutron-api.service[102497]: DEBUG neutron_lib.callbacks.manager [None req-5b6fdcc9-fdb9-47ed-a7db-82fe6b10896c None None] Subscribe: > subnet after_create 55550000, False {{(pid=102497) subscribe /opt/stack/data/venv/lib/python3.12/site-packages/neutron_lib/callbacks/manager.py:52}}
Mar 30 18:10:22.326998 np0000161484 devstack@neutron-api.service[102495]: DEBUG neutron.api.extensions [None req-fc18cbd7-c295-4044-9944-8d9ce6d324e3 None None] Loading extension file: l3_ndp_proxy.py {{(pid=102495) _load_all_extensions_from_path /opt/stack/neutron/neutron/api/extensions.py:449}}
Mar 30 18:10:22.327088 np0000161484 devstack@neutron-api.service[102498]: DEBUG neutron.api.extensions [None req-b308889e-0276-456d-87b3-80764a1fb526 None None] Ext name="Neutron Extra DHCP options" alias="extra_dhcp_opt" description="Extra options configuration for DHCP. For example PXE boot options to DHCP clients can be specified (e.g. tftp-server, server-ip-address, bootfile-name)" updated="2013-03-17T12:00:00-00:00" {{(pid=102498) _check_extension /opt/stack/neutron/neutron/api/extensions.py:415}}
Mar 30 18:10:22.328232 np0000161484 devstack@neutron-api.service[102497]: DEBUG neutron_lib.callbacks.manager [None req-5b6fdcc9-fdb9-47ed-a7db-82fe6b10896c None None] Subscribe: > subnet after_update 55550000, False {{(pid=102497) subscribe /opt/stack/data/venv/lib/python3.12/site-packages/neutron_lib/callbacks/manager.py:52}}
Mar 30 18:10:22.328321 np0000161484 devstack@neutron-api.service[102498]: INFO neutron.api.extensions [None req-b308889e-0276-456d-87b3-80764a1fb526 None None] Loaded extension: extra_dhcp_opt
Mar 30 18:10:22.328321 np0000161484 devstack@neutron-api.service[102498]: DEBUG neutron.api.extensions [None req-b308889e-0276-456d-87b3-80764a1fb526 None None] Loading extension file: extraroute.py {{(pid=102498) _load_all_extensions_from_path /opt/stack/neutron/neutron/api/extensions.py:449}}
Mar 30 18:10:22.328482 np0000161484 devstack@neutron-api.service[102497]: DEBUG neutron_lib.callbacks.manager [None req-5b6fdcc9-fdb9-47ed-a7db-82fe6b10896c None None] Subscribe: > subnet after_delete 55550000, False {{(pid=102497) subscribe /opt/stack/data/venv/lib/python3.12/site-packages/neutron_lib/callbacks/manager.py:52}}
Mar 30 18:10:22.328607 np0000161484 devstack@neutron-api.service[102495]: DEBUG neutron.api.extensions [None req-fc18cbd7-c295-4044-9944-8d9ce6d324e3 None None] Ext name="name" alias="l3-ndp-proxy" description="description" updated="2021-06-29T10:00:00-00:00" {{(pid=102495) _check_extension /opt/stack/neutron/neutron/api/extensions.py:415}}
Mar 30 18:10:22.328769 np0000161484 devstack@neutron-api.service[102497]: DEBUG neutron_lib.callbacks.manager [None req-5b6fdcc9-fdb9-47ed-a7db-82fe6b10896c None None] Subscribe: > network after_create 55550000, False {{(pid=102497) subscribe /opt/stack/data/venv/lib/python3.12/site-packages/neutron_lib/callbacks/manager.py:52}}
Mar 30 18:10:22.328871 np0000161484 devstack@neutron-api.service[102498]: DEBUG neutron.api.extensions [None req-b308889e-0276-456d-87b3-80764a1fb526 None None] Ext name="Neutron Extra Route" alias="extraroute" description="Extra routes configuration for L3 router" updated="2013-02-01T10:00:00-00:00" {{(pid=102498) _check_extension /opt/stack/neutron/neutron/api/extensions.py:415}}
Mar 30 18:10:22.329034 np0000161484 devstack@neutron-api.service[102495]: INFO neutron.api.extensions [None req-fc18cbd7-c295-4044-9944-8d9ce6d324e3 None None] Extension l3-ndp-proxy not supported by any of loaded plugins
Mar 30 18:10:22.329124 np0000161484 devstack@neutron-api.service[102497]: DEBUG neutron_lib.callbacks.manager [None req-5b6fdcc9-fdb9-47ed-a7db-82fe6b10896c None None] Subscribe: > network after_update 55550000, False {{(pid=102497) subscribe /opt/stack/data/venv/lib/python3.12/site-packages/neutron_lib/callbacks/manager.py:52}}
Mar 30 18:10:22.329265 np0000161484 devstack@neutron-api.service[102495]: DEBUG neutron.api.extensions [None req-fc18cbd7-c295-4044-9944-8d9ce6d324e3 None None] Loading extension file: l3_port_ip_change_not_allowed.py {{(pid=102495) _load_all_extensions_from_path /opt/stack/neutron/neutron/api/extensions.py:449}}
Mar 30 18:10:22.329366 np0000161484 devstack@neutron-api.service[102498]: INFO neutron.api.extensions [None req-b308889e-0276-456d-87b3-80764a1fb526 None None] Loaded extension: extraroute
Mar 30 18:10:22.329518 np0000161484 devstack@neutron-api.service[102497]: DEBUG neutron_lib.callbacks.manager [None req-5b6fdcc9-fdb9-47ed-a7db-82fe6b10896c None None] Subscribe: > network after_delete 55550000, False {{(pid=102497) subscribe /opt/stack/data/venv/lib/python3.12/site-packages/neutron_lib/callbacks/manager.py:52}}
Mar 30 18:10:22.329624 np0000161484 devstack@neutron-api.service[102498]: DEBUG neutron.api.extensions [None req-b308889e-0276-456d-87b3-80764a1fb526 None None] Loading extension file: extraroute_atomic.py {{(pid=102498) _load_all_extensions_from_path /opt/stack/neutron/neutron/api/extensions.py:449}}
Mar 30 18:10:22.329789 np0000161484 devstack@neutron-api.service[102497]: DEBUG neutron_lib.callbacks.manager [None req-5b6fdcc9-fdb9-47ed-a7db-82fe6b10896c None None] Subscribe: > security_group after_create 55550000, False {{(pid=102497) subscribe /opt/stack/data/venv/lib/python3.12/site-packages/neutron_lib/callbacks/manager.py:52}}
Mar 30 18:10:22.329887 np0000161484 devstack@neutron-api.service[102495]: DEBUG neutron.api.extensions [None req-fc18cbd7-c295-4044-9944-8d9ce6d324e3 None None] Ext name="Prevent L3 router ports IP address change extension" alias="l3-port-ip-change-not-allowed" description="Prevent change of IP address for some L3 router ports" updated="2018-10-09T10:00:00-00:00" {{(pid=102495) _check_extension /opt/stack/neutron/neutron/api/extensions.py:415}}
Mar 30 18:10:22.329887 np0000161484 devstack@neutron-api.service[102495]: INFO neutron.api.extensions [None req-fc18cbd7-c295-4044-9944-8d9ce6d324e3 None None] Extension l3-port-ip-change-not-allowed not supported by any of loaded plugins
Mar 30 18:10:22.330184 np0000161484 devstack@neutron-api.service[102497]: DEBUG neutron_lib.callbacks.manager [None req-5b6fdcc9-fdb9-47ed-a7db-82fe6b10896c None None] Subscribe: > security_group after_update 55550000, False {{(pid=102497) subscribe /opt/stack/data/venv/lib/python3.12/site-packages/neutron_lib/callbacks/manager.py:52}}
Mar 30 18:10:22.330316 np0000161484 devstack@neutron-api.service[102498]: DEBUG neutron.api.extensions [None req-b308889e-0276-456d-87b3-80764a1fb526 None None] Ext name="Atomically add/remove extra routes" alias="extraroute-atomic" description="Edit extra routes of a router on server side by atomically adding/removing extra routes" updated="2019-07-10T00:00:00+00:00" {{(pid=102498) _check_extension /opt/stack/neutron/neutron/api/extensions.py:415}}
Mar 30 18:10:22.330440 np0000161484 devstack@neutron-api.service[102495]: DEBUG neutron.api.extensions [None req-fc18cbd7-c295-4044-9944-8d9ce6d324e3 None None] Loading extension file: l3agentscheduler.py {{(pid=102495) _load_all_extensions_from_path /opt/stack/neutron/neutron/api/extensions.py:449}}
Mar 30 18:10:22.330547 np0000161484 devstack@neutron-api.service[102497]: DEBUG neutron_lib.callbacks.manager [None req-5b6fdcc9-fdb9-47ed-a7db-82fe6b10896c None None] Subscribe: > security_group after_delete 55550000, False {{(pid=102497) subscribe /opt/stack/data/venv/lib/python3.12/site-packages/neutron_lib/callbacks/manager.py:52}}
Mar 30 18:10:22.330741 np0000161484 devstack@neutron-api.service[102498]: INFO neutron.api.extensions [None req-b308889e-0276-456d-87b3-80764a1fb526 None None] Loaded extension: extraroute-atomic
Mar 30 18:10:22.330741 np0000161484 devstack@neutron-api.service[102498]: DEBUG neutron.api.extensions [None req-b308889e-0276-456d-87b3-80764a1fb526 None None] Loading extension file: filter_validation.py {{(pid=102498) _load_all_extensions_from_path /opt/stack/neutron/neutron/api/extensions.py:449}}
Mar 30 18:10:22.330883 np0000161484 devstack@neutron-api.service[102497]: DEBUG neutron_lib.callbacks.manager [None req-5b6fdcc9-fdb9-47ed-a7db-82fe6b10896c None None] Subscribe: > security_group_rule after_create 55550000, False {{(pid=102497) subscribe /opt/stack/data/venv/lib/python3.12/site-packages/neutron_lib/callbacks/manager.py:52}}
Mar 30 18:10:22.330883 np0000161484 devstack@neutron-api.service[102497]: DEBUG neutron_lib.callbacks.manager [None req-5b6fdcc9-fdb9-47ed-a7db-82fe6b10896c None None] Subscribe: > security_group_rule after_update 55550000, False {{(pid=102497) subscribe /opt/stack/data/venv/lib/python3.12/site-packages/neutron_lib/callbacks/manager.py:52}}
Mar 30 18:10:22.331060 np0000161484 devstack@neutron-api.service[102495]: DEBUG neutron.api.extensions [None req-fc18cbd7-c295-4044-9944-8d9ce6d324e3 None None] Ext name="L3 Agent Scheduler" alias="l3_agent_scheduler" description="Schedule routers among l3 agents" updated="2013-02-07T10:00:00-00:00" {{(pid=102495) _check_extension /opt/stack/neutron/neutron/api/extensions.py:415}}
Mar 30 18:10:22.331182 np0000161484 devstack@neutron-api.service[102498]: DEBUG neutron.api.extensions [None req-b308889e-0276-456d-87b3-80764a1fb526 None None] Ext name="Filter parameters validation" alias="filter-validation" description="Provides validation on filter parameters." updated="2018-07-04T10:00:00-00:00" {{(pid=102498) _check_extension /opt/stack/neutron/neutron/api/extensions.py:415}}
Mar 30 18:10:22.331325 np0000161484 devstack@neutron-api.service[102495]: INFO neutron.api.extensions [None req-fc18cbd7-c295-4044-9944-8d9ce6d324e3 None None] Extension l3_agent_scheduler not supported by any of loaded plugins
Mar 30 18:10:22.331426 np0000161484 devstack@neutron-api.service[102497]: DEBUG neutron_lib.callbacks.manager [None req-5b6fdcc9-fdb9-47ed-a7db-82fe6b10896c None None] Subscribe: > security_group_rule after_delete 55550000, False {{(pid=102497) subscribe /opt/stack/data/venv/lib/python3.12/site-packages/neutron_lib/callbacks/manager.py:52}}
Mar 30 18:10:22.331589 np0000161484 devstack@neutron-api.service[102495]: DEBUG neutron.api.extensions [None req-fc18cbd7-c295-4044-9944-8d9ce6d324e3 None None] Loading extension file: local_ip.py {{(pid=102495) _load_all_extensions_from_path /opt/stack/neutron/neutron/api/extensions.py:449}}
Mar 30 18:10:22.331724 np0000161484 devstack@neutron-api.service[102498]: INFO neutron.api.extensions [None req-b308889e-0276-456d-87b3-80764a1fb526 None None] Loaded extension: filter-validation
Mar 30 18:10:22.331968 np0000161484 devstack@neutron-api.service[102497]: DEBUG neutron_lib.callbacks.manager [None req-5b6fdcc9-fdb9-47ed-a7db-82fe6b10896c None None] Subscribe: > address_group after_create 55550000, False {{(pid=102497) subscribe /opt/stack/data/venv/lib/python3.12/site-packages/neutron_lib/callbacks/manager.py:52}}
Mar 30 18:10:22.332066 np0000161484 devstack@neutron-api.service[102498]: DEBUG neutron.api.extensions [None req-b308889e-0276-456d-87b3-80764a1fb526 None None] Loading extension file: fip_pf_description.py {{(pid=102498) _load_all_extensions_from_path /opt/stack/neutron/neutron/api/extensions.py:449}}
Mar 30 18:10:22.332232 np0000161484 devstack@neutron-api.service[102495]: DEBUG neutron.api.extensions [None req-fc18cbd7-c295-4044-9944-8d9ce6d324e3 None None] Ext name="Local IP" alias="local_ip" description="Support Node Local Virtual IP" updated="2021-07-26T10:00:00-00:00" {{(pid=102495) _check_extension /opt/stack/neutron/neutron/api/extensions.py:415}}
Mar 30 18:10:22.332334 np0000161484 devstack@neutron-api.service[102497]: DEBUG neutron_lib.callbacks.manager [None req-5b6fdcc9-fdb9-47ed-a7db-82fe6b10896c None None] Subscribe: > address_group after_update 55550000, False {{(pid=102497) subscribe /opt/stack/data/venv/lib/python3.12/site-packages/neutron_lib/callbacks/manager.py:52}}
Mar 30 18:10:22.332534 np0000161484 devstack@neutron-api.service[102498]: DEBUG neutron.api.extensions [None req-b308889e-0276-456d-87b3-80764a1fb526 None None] Ext name="Floating IP Port Forwarding new attribute description" alias="floating-ip-port-forwarding-description" description="Add a description field to Port Forwarding rules" updated="2019-11-01T10:00:00-00:00" {{(pid=102498) _check_extension /opt/stack/neutron/neutron/api/extensions.py:415}}
Mar 30 18:10:22.332639 np0000161484 devstack@neutron-api.service[102495]: INFO neutron.api.extensions [None req-fc18cbd7-c295-4044-9944-8d9ce6d324e3 None None] Extension local_ip not supported by any of loaded plugins
Mar 30 18:10:22.332795 np0000161484 devstack@neutron-api.service[102497]: DEBUG neutron_lib.callbacks.manager [None req-5b6fdcc9-fdb9-47ed-a7db-82fe6b10896c None None] Subscribe: > address_group after_delete 55550000, False {{(pid=102497) subscribe /opt/stack/data/venv/lib/python3.12/site-packages/neutron_lib/callbacks/manager.py:52}}
Mar 30 18:10:22.332901 np0000161484 devstack@neutron-api.service[102495]: DEBUG neutron.api.extensions [None req-fc18cbd7-c295-4044-9944-8d9ce6d324e3 None None] Loading extension file: logging.py {{(pid=102495) _load_all_extensions_from_path /opt/stack/neutron/neutron/api/extensions.py:449}}
Mar 30 18:10:22.333052 np0000161484 devstack@neutron-api.service[102498]: INFO neutron.api.extensions [None req-b308889e-0276-456d-87b3-80764a1fb526 None None] Extension floating-ip-port-forwarding-description not supported by any of loaded plugins
Mar 30 18:10:22.333173 np0000161484 devstack@neutron-api.service[102497]: DEBUG neutron.plugins.ml2.ovo_rpc [None req-5b6fdcc9-fdb9-47ed-a7db-82fe6b10896c None None] ML2 OVO RPC backend initialized. {{(pid=102497) __init__ /opt/stack/neutron/neutron/plugins/ml2/ovo_rpc.py:117}}
Mar 30 18:10:22.333312 np0000161484 devstack@neutron-api.service[102498]: DEBUG neutron.api.extensions [None req-b308889e-0276-456d-87b3-80764a1fb526 None None] Loading extension file: fip_pf_detail.py {{(pid=102498) _load_all_extensions_from_path /opt/stack/neutron/neutron/api/extensions.py:449}}
Mar 30 18:10:22.333419 np0000161484 devstack@neutron-api.service[102495]: DEBUG neutron.api.extensions [None req-fc18cbd7-c295-4044-9944-8d9ce6d324e3 None None] Ext name="Logging API Extension" alias="logging" description="Provides a logging API for resources such as security group and firewall." updated="2017-01-01T10:00:00-00:00" {{(pid=102495) _check_extension /opt/stack/neutron/neutron/api/extensions.py:415}}
Mar 30 18:10:22.333419 np0000161484 devstack@neutron-api.service[102495]: INFO neutron.api.extensions [None req-fc18cbd7-c295-4044-9944-8d9ce6d324e3 None None] Extension logging not supported by any of loaded plugins
Mar 30 18:10:22.333571 np0000161484 devstack@neutron-api.service[102498]: DEBUG neutron.api.extensions [None req-b308889e-0276-456d-87b3-80764a1fb526 None None] Ext name="Floating IP port forwarding detail" alias="floating-ip-port-forwarding-detail" description="Allow list floating ip return more port forwarding data, include'id' and 'internal_port_id'" updated="2022-05-06T10:00:00-00:00" {{(pid=102498) _check_extension /opt/stack/neutron/neutron/api/extensions.py:415}}
Mar 30 18:10:22.333676 np0000161484 devstack@neutron-api.service[102495]: DEBUG neutron.api.extensions [None req-fc18cbd7-c295-4044-9944-8d9ce6d324e3 None None] Loading extension file: metering.py {{(pid=102495) _load_all_extensions_from_path /opt/stack/neutron/neutron/api/extensions.py:449}}
Mar 30 18:10:22.333793 np0000161484 devstack@neutron-api.service[102498]: INFO neutron.api.extensions [None req-b308889e-0276-456d-87b3-80764a1fb526 None None] Loaded extension: floating-ip-port-forwarding-detail
Mar 30 18:10:22.333793 np0000161484 devstack@neutron-api.service[102498]: DEBUG neutron.api.extensions [None req-b308889e-0276-456d-87b3-80764a1fb526 None None] Loading extension file: fip_pf_port_range.py {{(pid=102498) _load_all_extensions_from_path /opt/stack/neutron/neutron/api/extensions.py:449}}
Mar 30 18:10:22.334016 np0000161484 devstack@neutron-api.service[102495]: DEBUG neutron.api.extensions [None req-fc18cbd7-c295-4044-9944-8d9ce6d324e3 None None] Ext name="Neutron Metering" alias="metering" description="Neutron Metering extension." updated="2013-06-12T10:00:00-00:00" {{(pid=102495) _check_extension /opt/stack/neutron/neutron/api/extensions.py:415}}
Mar 30 18:10:22.334016 np0000161484 devstack@neutron-api.service[102495]: INFO neutron.api.extensions [None req-fc18cbd7-c295-4044-9944-8d9ce6d324e3 None None] Extension metering not supported by any of loaded plugins
Mar 30 18:10:22.334182 np0000161484 devstack@neutron-api.service[102498]: DEBUG neutron.api.extensions [None req-b308889e-0276-456d-87b3-80764a1fb526 None None] Ext name="Floating IP Port Forwarding support port ranges" alias="floating-ip-port-forwarding-port-ranges" description="Add support to port ranges" updated="2020-07-01T10:00:00-00:00" {{(pid=102498) _check_extension /opt/stack/neutron/neutron/api/extensions.py:415}}
Mar 30 18:10:22.334491 np0000161484 devstack@neutron-api.service[102495]: DEBUG neutron.api.extensions [None req-fc18cbd7-c295-4044-9944-8d9ce6d324e3 None None] Loading extension file: metering_source_and_destination_fields.py {{(pid=102495) _load_all_extensions_from_path /opt/stack/neutron/neutron/api/extensions.py:449}}
Mar 30 18:10:22.334694 np0000161484 devstack@neutron-api.service[102498]: INFO neutron.api.extensions [None req-b308889e-0276-456d-87b3-80764a1fb526 None None] Extension floating-ip-port-forwarding-port-ranges not supported by any of loaded plugins
Mar 30 18:10:22.334798 np0000161484 devstack@neutron-api.service[102495]: DEBUG neutron.api.extensions [None req-fc18cbd7-c295-4044-9944-8d9ce6d324e3 None None] Ext name="Neutron Metering with source and destination filtering" alias="metering_source_and_destination_fields" description="Neutron Metering extension that enables the use of source and destination IP prefixes to create metering label rules." updated="2020-08-21T08:12:00-00:00" {{(pid=102495) _check_extension /opt/stack/neutron/neutron/api/extensions.py:415}}
Mar 30 18:10:22.335126 np0000161484 devstack@neutron-api.service[102498]: DEBUG neutron.api.extensions [None req-b308889e-0276-456d-87b3-80764a1fb526 None None] Loading extension file: fip_port_details.py {{(pid=102498) _load_all_extensions_from_path /opt/stack/neutron/neutron/api/extensions.py:449}}
Mar 30 18:10:22.335486 np0000161484 devstack@neutron-api.service[102495]: INFO neutron.api.extensions [None req-fc18cbd7-c295-4044-9944-8d9ce6d324e3 None None] Extension metering_source_and_destination_fields not supported by any of loaded plugins
Mar 30 18:10:22.335486 np0000161484 devstack@neutron-api.service[102495]: DEBUG neutron.api.extensions [None req-fc18cbd7-c295-4044-9944-8d9ce6d324e3 None None] Loading extension file: multiprovidernet.py {{(pid=102495) _load_all_extensions_from_path /opt/stack/neutron/neutron/api/extensions.py:449}}
Mar 30 18:10:22.335789 np0000161484 devstack@neutron-api.service[102497]: INFO neutron.quota [None req-5b6fdcc9-fdb9-47ed-a7db-82fe6b10896c None None] Loaded quota_driver: .
Mar 30 18:10:22.335894 np0000161484 devstack@neutron-api.service[102498]: DEBUG neutron.api.extensions [None req-b308889e-0276-456d-87b3-80764a1fb526 None None] Ext name="Floating IP Port Details Extension" alias="fip-port-details" description="Add port_details attribute to Floating IP resource" updated="2018-04-09T10:00:00-00:00" {{(pid=102498) _check_extension /opt/stack/neutron/neutron/api/extensions.py:415}}
Mar 30 18:10:22.336529 np0000161484 devstack@neutron-api.service[102497]: INFO neutron.plugins.ml2.plugin [None req-5b6fdcc9-fdb9-47ed-a7db-82fe6b10896c None None] Modular L2 Plugin initialization complete
Mar 30 18:10:22.336858 np0000161484 devstack@neutron-api.service[102495]: DEBUG neutron.api.extensions [None req-fc18cbd7-c295-4044-9944-8d9ce6d324e3 None None] Ext name="Multi Provider Network" alias="multi-provider" description="Expose mapping of virtual networks to multiple physical networks" updated="2013-06-27T10:00:00-00:00" {{(pid=102495) _check_extension /opt/stack/neutron/neutron/api/extensions.py:415}}
Mar 30 18:10:22.336858 np0000161484 devstack@neutron-api.service[102495]: INFO neutron.api.extensions [None req-fc18cbd7-c295-4044-9944-8d9ce6d324e3 None None] Loaded extension: multi-provider
Mar 30 18:10:22.337266 np0000161484 devstack@neutron-api.service[102497]: DEBUG neutron.manager [None req-5b6fdcc9-fdb9-47ed-a7db-82fe6b10896c None None] Loading services supported by the core plugin {{(pid=102497) _load_services_from_core_plugin /opt/stack/neutron/neutron/manager.py:170}}
Mar 30 18:10:22.337565 np0000161484 devstack@neutron-api.service[102495]: DEBUG neutron.api.extensions [None req-fc18cbd7-c295-4044-9944-8d9ce6d324e3 None None] Loading extension file: netmtu.py {{(pid=102495) _load_all_extensions_from_path /opt/stack/neutron/neutron/api/extensions.py:449}}
Mar 30 18:10:22.337889 np0000161484 devstack@neutron-api.service[102498]: INFO neutron.api.extensions [None req-b308889e-0276-456d-87b3-80764a1fb526 None None] Loaded extension: fip-port-details
Mar 30 18:10:22.338368 np0000161484 devstack@neutron-api.service[102497]: INFO neutron.plugins.ml2.managers [None req-5b6fdcc9-fdb9-47ed-a7db-82fe6b10896c None None] Got port-security extension from driver 'port_security'
Mar 30 18:10:22.338735 np0000161484 devstack@neutron-api.service[102498]: DEBUG neutron.api.extensions [None req-b308889e-0276-456d-87b3-80764a1fb526 None None] Loading extension file: flavors.py {{(pid=102498) _load_all_extensions_from_path /opt/stack/neutron/neutron/api/extensions.py:449}}
Mar 30 18:10:22.339188 np0000161484 devstack@neutron-api.service[102495]: DEBUG neutron.api.extensions [None req-fc18cbd7-c295-4044-9944-8d9ce6d324e3 None None] Ext name="Network MTU" alias="net-mtu" description="Provides MTU attribute for a network resource." updated="2015-03-25T10:00:00-00:00" {{(pid=102495) _check_extension /opt/stack/neutron/neutron/api/extensions.py:415}}
Mar 30 18:10:22.339188 np0000161484 devstack@neutron-api.service[102495]: INFO neutron.api.extensions [None req-fc18cbd7-c295-4044-9944-8d9ce6d324e3 None None] Loaded extension: net-mtu
Mar 30 18:10:22.339188 np0000161484 devstack@neutron-api.service[102495]: DEBUG neutron.api.extensions [None req-fc18cbd7-c295-4044-9944-8d9ce6d324e3 None None] Loading extension file: netmtu_writable.py {{(pid=102495) _load_all_extensions_from_path /opt/stack/neutron/neutron/api/extensions.py:449}}
Mar 30 18:10:22.339563 np0000161484 devstack@neutron-api.service[102498]: DEBUG neutron.api.extensions [None req-b308889e-0276-456d-87b3-80764a1fb526 None None] Ext name="Neutron Service Flavors" alias="flavors" description="Flavor specification for Neutron advanced services." updated="2015-09-17T10:00:00-00:00" {{(pid=102498) _check_extension /opt/stack/neutron/neutron/api/extensions.py:415}}
Mar 30 18:10:22.339944 np0000161484 devstack@neutron-api.service[102497]: DEBUG neutron.manager [None req-5b6fdcc9-fdb9-47ed-a7db-82fe6b10896c None None] Loading service plugins: ['ovn-router', 'auto_allocate', 'tag', 'timestamp', 'network_ip_availability', 'flavors', 'revisions'] {{(pid=102497) _load_service_plugins /opt/stack/neutron/neutron/manager.py:195}}
Mar 30 18:10:22.340325 np0000161484 devstack@neutron-api.service[102495]: DEBUG neutron.api.extensions [None req-fc18cbd7-c295-4044-9944-8d9ce6d324e3 None None] Ext name="Network MTU (writable)" alias="net-mtu-writable" description="Provides a writable MTU attribute for a network resource." updated="2017-07-12T00:00:00-00:00" {{(pid=102495) _check_extension /opt/stack/neutron/neutron/api/extensions.py:415}}
Mar 30 18:10:22.340650 np0000161484 devstack@neutron-api.service[102498]: INFO neutron.api.extensions [None req-b308889e-0276-456d-87b3-80764a1fb526 None None] Loaded extension: flavors
Mar 30 18:10:22.340650 np0000161484 devstack@neutron-api.service[102498]: DEBUG neutron.api.extensions [None req-b308889e-0276-456d-87b3-80764a1fb526 None None] Loading extension file: floating_ip_port_forwarding.py {{(pid=102498) _load_all_extensions_from_path /opt/stack/neutron/neutron/api/extensions.py:449}}
Mar 30 18:10:22.340994 np0000161484 devstack@neutron-api.service[102497]: INFO neutron.manager [None req-5b6fdcc9-fdb9-47ed-a7db-82fe6b10896c None None] Loading Plugin: ovn-router
Mar 30 18:10:22.341329 np0000161484 devstack@neutron-api.service[102495]: INFO neutron.api.extensions [None req-fc18cbd7-c295-4044-9944-8d9ce6d324e3 None None] Loaded extension: net-mtu-writable
Mar 30 18:10:22.341329 np0000161484 devstack@neutron-api.service[102495]: DEBUG neutron.api.extensions [None req-fc18cbd7-c295-4044-9944-8d9ce6d324e3 None None] Loading extension file: network_availability_zone.py {{(pid=102495) _load_all_extensions_from_path /opt/stack/neutron/neutron/api/extensions.py:449}}
Mar 30 18:10:22.341804 np0000161484 devstack@neutron-api.service[102498]: DEBUG neutron.api.extensions [None req-b308889e-0276-456d-87b3-80764a1fb526 None None] Ext name="Floating IP Port Forwarding" alias="floating-ip-port-forwarding" description="Allow port forwarding from floating IP port to an internal port" updated="2018-01-19T10:00:00-00:00" {{(pid=102498) _check_extension /opt/stack/neutron/neutron/api/extensions.py:415}}
Mar 30 18:10:22.342148 np0000161484 devstack@neutron-api.service[102495]: DEBUG neutron.api.extensions [None req-fc18cbd7-c295-4044-9944-8d9ce6d324e3 None None] Ext name="Network Availability Zone" alias="network_availability_zone" description="Availability zone support for network." updated="2015-01-01T10:00:00-00:00" {{(pid=102495) _check_extension /opt/stack/neutron/neutron/api/extensions.py:415}}
Mar 30 18:10:22.342497 np0000161484 devstack@neutron-api.service[102498]: INFO neutron.api.extensions [None req-b308889e-0276-456d-87b3-80764a1fb526 None None] Extension floating-ip-port-forwarding not supported by any of loaded plugins
Mar 30 18:10:22.342809 np0000161484 devstack@neutron-api.service[102495]: INFO neutron.api.extensions [None req-fc18cbd7-c295-4044-9944-8d9ce6d324e3 None None] Loaded extension: network_availability_zone
Mar 30 18:10:22.343231 np0000161484 devstack@neutron-api.service[102498]: DEBUG neutron.api.extensions [None req-b308889e-0276-456d-87b3-80764a1fb526 None None] Loading extension file: floatingip_pools.py {{(pid=102498) _load_all_extensions_from_path /opt/stack/neutron/neutron/api/extensions.py:449}}
Mar 30 18:10:22.343583 np0000161484 devstack@neutron-api.service[102495]: DEBUG neutron.api.extensions [None req-fc18cbd7-c295-4044-9944-8d9ce6d324e3 None None] Loading extension file: network_ha.py {{(pid=102495) _load_all_extensions_from_path /opt/stack/neutron/neutron/api/extensions.py:449}}
Mar 30 18:10:22.344929 np0000161484 devstack@neutron-api.service[102498]: DEBUG neutron.api.extensions [None req-b308889e-0276-456d-87b3-80764a1fb526 None None] Ext name="Floating IP Pools Extension" alias="floatingip-pools" description="Provides a floating IP pools API." updated="2018-03-21T10:00:00-00:00" {{(pid=102498) _check_extension /opt/stack/neutron/neutron/api/extensions.py:415}}
Mar 30 18:10:22.345239 np0000161484 devstack@neutron-api.service[102495]: DEBUG neutron.api.extensions [None req-fc18cbd7-c295-4044-9944-8d9ce6d324e3 None None] Ext name="Network HA creation flag" alias="network_ha" description="Network high availability creation flag." updated="2023-04-27T10:00:00-00:00" {{(pid=102495) _check_extension /opt/stack/neutron/neutron/api/extensions.py:415}}
Mar 30 18:10:22.345599 np0000161484 devstack@neutron-api.service[102498]: INFO neutron.api.extensions [None req-b308889e-0276-456d-87b3-80764a1fb526 None None] Loaded extension: floatingip-pools
Mar 30 18:10:22.345910 np0000161484 devstack@neutron-api.service[102495]: INFO neutron.api.extensions [None req-fc18cbd7-c295-4044-9944-8d9ce6d324e3 None None] Extension network_ha not supported by any of loaded plugins
Mar 30 18:10:22.346296 np0000161484 devstack@neutron-api.service[102498]: DEBUG neutron.api.extensions [None req-b308889e-0276-456d-87b3-80764a1fb526 None None] Loading extension file: ip_allocation.py {{(pid=102498) _load_all_extensions_from_path /opt/stack/neutron/neutron/api/extensions.py:449}}
Mar 30 18:10:22.346687 np0000161484 devstack@neutron-api.service[102495]: DEBUG neutron.api.extensions [None req-fc18cbd7-c295-4044-9944-8d9ce6d324e3 None None] Loading extension file: network_ip_availability.py {{(pid=102495) _load_all_extensions_from_path /opt/stack/neutron/neutron/api/extensions.py:449}}
Mar 30 18:10:22.347025 np0000161484 devstack@neutron-api.service[102498]: DEBUG neutron.api.extensions [None req-b308889e-0276-456d-87b3-80764a1fb526 None None] Ext name="IP Allocation" alias="ip_allocation" description="IP allocation extension." updated="2016-06-10T23:00:00-00:00" {{(pid=102498) _check_extension /opt/stack/neutron/neutron/api/extensions.py:415}}
Mar 30 18:10:22.347438 np0000161484 devstack@neutron-api.service[102495]: DEBUG neutron.api.extensions [None req-fc18cbd7-c295-4044-9944-8d9ce6d324e3 None None] Ext name="Network IP Availability" alias="network-ip-availability" description="Provides IP availability data for each network and subnet." updated="2015-09-24T00:00:00-00:00" {{(pid=102495) _check_extension /opt/stack/neutron/neutron/api/extensions.py:415}}
Mar 30 18:10:22.347831 np0000161484 devstack@neutron-api.service[102498]: INFO neutron.api.extensions [None req-b308889e-0276-456d-87b3-80764a1fb526 None None] Extension ip_allocation not supported by any of loaded plugins
Mar 30 18:10:22.348323 np0000161484 devstack@neutron-api.service[102495]: INFO neutron.api.extensions [None req-fc18cbd7-c295-4044-9944-8d9ce6d324e3 None None] Loaded extension: network-ip-availability
Mar 30 18:10:22.348689 np0000161484 devstack@neutron-api.service[102498]: DEBUG neutron.api.extensions [None req-b308889e-0276-456d-87b3-80764a1fb526 None None] Loading extension file: ip_substring_port_filtering.py {{(pid=102498) _load_all_extensions_from_path /opt/stack/neutron/neutron/api/extensions.py:449}}
Mar 30 18:10:22.349340 np0000161484 devstack@neutron-api.service[102495]: DEBUG neutron.api.extensions [None req-fc18cbd7-c295-4044-9944-8d9ce6d324e3 None None] Loading extension file: network_ip_availability_details.py {{(pid=102495) _load_all_extensions_from_path /opt/stack/neutron/neutron/api/extensions.py:449}}
Mar 30 18:10:22.349742 np0000161484 devstack@neutron-api.service[102498]: DEBUG neutron.api.extensions [None req-b308889e-0276-456d-87b3-80764a1fb526 None None] Ext name="IP address substring filtering" alias="ip-substring-filtering" description="Provides IP address substring filtering when listing ports" updated="2017-11-28T09:00:00-00:00" {{(pid=102498) _check_extension /opt/stack/neutron/neutron/api/extensions.py:415}}
Mar 30 18:10:22.350150 np0000161484 devstack@neutron-api.service[102495]: DEBUG neutron.api.extensions [None req-fc18cbd7-c295-4044-9944-8d9ce6d324e3 None None] Ext name="Network IP Availability Details Extension" alias="network-ip-availability-details" description="Add ip_availability_details attribute to network-ip-availabilities resource." updated="2025-10-31T00:00:00-00:00" {{(pid=102495) _check_extension /opt/stack/neutron/neutron/api/extensions.py:415}}
Mar 30 18:10:22.350476 np0000161484 devstack@neutron-api.service[102498]: INFO neutron.api.extensions [None req-b308889e-0276-456d-87b3-80764a1fb526 None None] Extension ip-substring-filtering not supported by any of loaded plugins
Mar 30 18:10:22.350849 np0000161484 devstack@neutron-api.service[102495]: INFO neutron.api.extensions [None req-fc18cbd7-c295-4044-9944-8d9ce6d324e3 None None] Loaded extension: network-ip-availability-details
Mar 30 18:10:22.351173 np0000161484 devstack@neutron-api.service[102498]: DEBUG neutron.api.extensions [None req-b308889e-0276-456d-87b3-80764a1fb526 None None] Loading extension file: l2_adjacency.py {{(pid=102498) _load_all_extensions_from_path /opt/stack/neutron/neutron/api/extensions.py:449}}
Mar 30 18:10:22.351491 np0000161484 devstack@neutron-api.service[102495]: DEBUG neutron.api.extensions [None req-fc18cbd7-c295-4044-9944-8d9ce6d324e3 None None] Loading extension file: network_segment_range.py {{(pid=102495) _load_all_extensions_from_path /opt/stack/neutron/neutron/api/extensions.py:449}}
Mar 30 18:10:22.351792 np0000161484 devstack@neutron-api.service[102498]: DEBUG neutron.api.extensions [None req-b308889e-0276-456d-87b3-80764a1fb526 None None] Ext name="L2 Adjacency" alias="l2_adjacency" description="Display L2 Adjacency for Neutron Networks." updated="2016-04-12T16:00:00-00:00" {{(pid=102498) _check_extension /opt/stack/neutron/neutron/api/extensions.py:415}}
Mar 30 18:10:22.352084 np0000161484 devstack@neutron-api.service[102495]: DEBUG neutron.api.extensions [None req-fc18cbd7-c295-4044-9944-8d9ce6d324e3 None None] Ext name="Neutron Network Segment Range" alias="network-segment-range" description="Provides support for the network segment range management" updated="2018-11-29T00:00:00-00:00" {{(pid=102495) _check_extension /opt/stack/neutron/neutron/api/extensions.py:415}}
Mar 30 18:10:22.352475 np0000161484 devstack@neutron-api.service[102498]: INFO neutron.api.extensions [None req-b308889e-0276-456d-87b3-80764a1fb526 None None] Extension l2_adjacency not supported by any of loaded plugins
Mar 30 18:10:22.352475 np0000161484 devstack@neutron-api.service[102498]: DEBUG neutron.api.extensions [None req-b308889e-0276-456d-87b3-80764a1fb526 None None] Loading extension file: l3.py {{(pid=102498) _load_all_extensions_from_path /opt/stack/neutron/neutron/api/extensions.py:449}}
Mar 30 18:10:22.352802 np0000161484 devstack@neutron-api.service[102495]: INFO neutron.api.extensions [None req-fc18cbd7-c295-4044-9944-8d9ce6d324e3 None None] Extension network-segment-range not supported by any of loaded plugins
Mar 30 18:10:22.352802 np0000161484 devstack@neutron-api.service[102495]: DEBUG neutron.api.extensions [None req-fc18cbd7-c295-4044-9944-8d9ce6d324e3 None None] Loading extension file: pagination.py {{(pid=102495) _load_all_extensions_from_path /opt/stack/neutron/neutron/api/extensions.py:449}}
Mar 30 18:10:22.352802 np0000161484 devstack@neutron-api.service[102495]: DEBUG neutron.api.extensions [None req-fc18cbd7-c295-4044-9944-8d9ce6d324e3 None None] Ext name="Pagination support" alias="pagination" description="Extension that indicates that pagination is enabled." updated="2016-06-12T00:00:00-00:00" {{(pid=102495) _check_extension /opt/stack/neutron/neutron/api/extensions.py:415}}
Mar 30 18:10:22.353152 np0000161484 devstack@neutron-api.service[102498]: DEBUG neutron.api.extensions [None req-b308889e-0276-456d-87b3-80764a1fb526 None None] Ext name="Neutron L3 Router" alias="router" description="Router abstraction for basic L3 forwarding between L2 Neutron networks and access to external networks via a NAT gateway." updated="2012-07-20T10:00:00-00:00" {{(pid=102498) _check_extension /opt/stack/neutron/neutron/api/extensions.py:415}}
Mar 30 18:10:22.353451 np0000161484 devstack@neutron-api.service[102495]: INFO neutron.api.extensions [None req-fc18cbd7-c295-4044-9944-8d9ce6d324e3 None None] Loaded extension: pagination
Mar 30 18:10:22.353451 np0000161484 devstack@neutron-api.service[102495]: DEBUG neutron.api.extensions [None req-fc18cbd7-c295-4044-9944-8d9ce6d324e3 None None] Loading extension file: port_device_profile.py {{(pid=102495) _load_all_extensions_from_path /opt/stack/neutron/neutron/api/extensions.py:449}}
Mar 30 18:10:22.353784 np0000161484 devstack@neutron-api.service[102498]: INFO neutron.api.extensions [None req-b308889e-0276-456d-87b3-80764a1fb526 None None] Loaded extension: router
Mar 30 18:10:22.353784 np0000161484 devstack@neutron-api.service[102498]: DEBUG neutron.api.extensions [None req-b308889e-0276-456d-87b3-80764a1fb526 None None] Loading extension file: l3_conntrack_helper.py {{(pid=102498) _load_all_extensions_from_path /opt/stack/neutron/neutron/api/extensions.py:449}}
Mar 30 18:10:22.354113 np0000161484 devstack@neutron-api.service[102495]: DEBUG neutron.api.extensions [None req-fc18cbd7-c295-4044-9944-8d9ce6d324e3 None None] Ext name="Port device profile" alias="port-device-profile" description="Expose the port device profile (Cyborg)" updated="2020-12-17T10:00:00-00:00" {{(pid=102495) _check_extension /opt/stack/neutron/neutron/api/extensions.py:415}}
Mar 30 18:10:22.354113 np0000161484 devstack@neutron-api.service[102495]: INFO neutron.api.extensions [None req-fc18cbd7-c295-4044-9944-8d9ce6d324e3 None None] Loaded extension: port-device-profile
Mar 30 18:10:22.354113 np0000161484 devstack@neutron-api.service[102495]: DEBUG neutron.api.extensions [None req-fc18cbd7-c295-4044-9944-8d9ce6d324e3 None None] Loading extension file: port_hardware_offload_type.py {{(pid=102495) _load_all_extensions_from_path /opt/stack/neutron/neutron/api/extensions.py:449}}
Mar 30 18:10:22.354113 np0000161484 devstack@neutron-api.service[102495]: DEBUG neutron.api.extensions [None req-fc18cbd7-c295-4044-9944-8d9ce6d324e3 None None] Ext name="Port hardware offload" alias="port-hardware-offload-type" description="Expose port hardware offload extension" updated="2023-05-09T10:00:00-00:00" {{(pid=102495) _check_extension /opt/stack/neutron/neutron/api/extensions.py:415}}
Mar 30 18:10:22.354514 np0000161484 devstack@neutron-api.service[102498]: DEBUG neutron.api.extensions [None req-b308889e-0276-456d-87b3-80764a1fb526 None None] Ext name="L3 Conntrack helper" alias="l3-conntrack-helper" description="Allow adding CT target rules for conntrack helper" updated="2019-04-04T10:00:00-00:00" {{(pid=102498) _check_extension /opt/stack/neutron/neutron/api/extensions.py:415}}
Mar 30 18:10:22.354826 np0000161484 devstack@neutron-api.service[102495]: INFO neutron.api.extensions [None req-fc18cbd7-c295-4044-9944-8d9ce6d324e3 None None] Extension port-hardware-offload-type not supported by any of loaded plugins
Mar 30 18:10:22.355242 np0000161484 devstack@neutron-api.service[102498]: INFO neutron.api.extensions [None req-b308889e-0276-456d-87b3-80764a1fb526 None None] Extension l3-conntrack-helper not supported by any of loaded plugins
Mar 30 18:10:22.355563 np0000161484 devstack@neutron-api.service[102495]: DEBUG neutron.api.extensions [None req-fc18cbd7-c295-4044-9944-8d9ce6d324e3 None None] Loading extension file: port_hint_ovs_tx_steering.py {{(pid=102495) _load_all_extensions_from_path /opt/stack/neutron/neutron/api/extensions.py:449}}
Mar 30 18:10:22.355879 np0000161484 devstack@neutron-api.service[102498]: DEBUG neutron.api.extensions [None req-b308889e-0276-456d-87b3-80764a1fb526 None None] Loading extension file: l3_enable_default_route_bfd.py {{(pid=102498) _load_all_extensions_from_path /opt/stack/neutron/neutron/api/extensions.py:449}}
Mar 30 18:10:22.356210 np0000161484 devstack@neutron-api.service[102495]: DEBUG neutron.api.extensions [None req-fc18cbd7-c295-4044-9944-8d9ce6d324e3 None None] Ext name="Port hint: Open vSwitch Tx steering" alias="port-hint-ovs-tx-steering" description="Enable Port hint: Open vSwitch Tx steering" updated="2023-01-01T00:00:00-00:00" {{(pid=102495) _check_extension /opt/stack/neutron/neutron/api/extensions.py:415}}
Mar 30 18:10:22.356619 np0000161484 devstack@neutron-api.service[102498]: DEBUG neutron.api.extensions [None req-b308889e-0276-456d-87b3-80764a1fb526 None None] Ext name="Enable Default Route BFD" alias="enable-default-route-bfd" description="Enables configurable BFD behavior for default routes" updated="2023-02-27T00:00:00-00:00" {{(pid=102498) _check_extension /opt/stack/neutron/neutron/api/extensions.py:415}}
Mar 30 18:10:22.356996 np0000161484 devstack@neutron-api.service[102495]: INFO neutron.api.extensions [None req-fc18cbd7-c295-4044-9944-8d9ce6d324e3 None None] Extension port-hint-ovs-tx-steering not supported by any of loaded plugins
Mar 30 18:10:22.357323 np0000161484 devstack@neutron-api.service[102498]: INFO neutron.api.extensions [None req-b308889e-0276-456d-87b3-80764a1fb526 None None] Loaded extension: enable-default-route-bfd
Mar 30 18:10:22.357629 np0000161484 devstack@neutron-api.service[102495]: DEBUG neutron.api.extensions [None req-fc18cbd7-c295-4044-9944-8d9ce6d324e3 None None] Loading extension file: port_hints.py {{(pid=102495) _load_all_extensions_from_path /opt/stack/neutron/neutron/api/extensions.py:449}}
Mar 30 18:10:22.357990 np0000161484 devstack@neutron-api.service[102498]: DEBUG neutron.api.extensions [None req-b308889e-0276-456d-87b3-80764a1fb526 None None] Loading extension file: l3_enable_default_route_ecmp.py {{(pid=102498) _load_all_extensions_from_path /opt/stack/neutron/neutron/api/extensions.py:449}}
Mar 30 18:10:22.358310 np0000161484 devstack@neutron-api.service[102495]: DEBUG neutron.api.extensions [None req-fc18cbd7-c295-4044-9944-8d9ce6d324e3 None None] Ext name="Port hints" alias="port-hints" description="Backend specific port hints to allow backend specific tuning" updated="2023-01-01T00:00:00-00:00" {{(pid=102495) _check_extension /opt/stack/neutron/neutron/api/extensions.py:415}}
Mar 30 18:10:22.358617 np0000161484 devstack@neutron-api.service[102498]: DEBUG neutron.api.extensions [None req-b308889e-0276-456d-87b3-80764a1fb526 None None] Ext name="Enable Default Route ECMP" alias="enable-default-route-ecmp" description="Enables configurable ECMP behavior for default routes" updated="2023-02-27T00:00:00-00:00" {{(pid=102498) _check_extension /opt/stack/neutron/neutron/api/extensions.py:415}}
Mar 30 18:10:22.358930 np0000161484 devstack@neutron-api.service[102495]: INFO neutron.api.extensions [None req-fc18cbd7-c295-4044-9944-8d9ce6d324e3 None None] Extension port-hints not supported by any of loaded plugins
Mar 30 18:10:22.358930 np0000161484 devstack@neutron-api.service[102495]: DEBUG neutron.api.extensions [None req-fc18cbd7-c295-4044-9944-8d9ce6d324e3 None None] Loading extension file: port_mac_address_override.py {{(pid=102495) _load_all_extensions_from_path /opt/stack/neutron/neutron/api/extensions.py:449}}
Mar 30 18:10:22.359248 np0000161484 devstack@neutron-api.service[102498]: INFO neutron.api.extensions [None req-b308889e-0276-456d-87b3-80764a1fb526 None None] Loaded extension: enable-default-route-ecmp
Mar 30 18:10:22.359248 np0000161484 devstack@neutron-api.service[102498]: DEBUG neutron.api.extensions [None req-b308889e-0276-456d-87b3-80764a1fb526 None None] Loading extension file: l3_ext_gw_mode.py {{(pid=102498) _load_all_extensions_from_path /opt/stack/neutron/neutron/api/extensions.py:449}}
Mar 30 18:10:22.359577 np0000161484 devstack@neutron-api.service[102495]: DEBUG neutron.api.extensions [None req-fc18cbd7-c295-4044-9944-8d9ce6d324e3 None None] Ext name="Neutron Port MAC address override" alias="port-mac-override" description="Allow overriding the MAC address of a direct-physical Port via the active binding profile" updated="2022-03-18T10:00:00-00:00" {{(pid=102495) _check_extension /opt/stack/neutron/neutron/api/extensions.py:415}}
