Mar 30 18:10:54.646164 np0000161484 nova-scheduler[107720]: DEBUG cotyledon.oslo_config_glue [-] workarounds.disable_deep_image_inspection = False {{(pid=107720) log_opt_values /opt/stack/data/venv/lib/python3.12/site-packages/oslo_config/cfg.py:3006}}
Mar 30 18:10:54.646164 np0000161484 nova-scheduler[107720]: DEBUG cotyledon.oslo_config_glue [-] workarounds.disable_fallback_pcpu_query = False {{(pid=107720) log_opt_values /opt/stack/data/venv/lib/python3.12/site-packages/oslo_config/cfg.py:3006}}
Mar 30 18:10:54.646164 np0000161484 nova-scheduler[107720]: DEBUG cotyledon.oslo_config_glue [-] workarounds.disable_group_policy_check_upcall = False {{(pid=107720) log_opt_values /opt/stack/data/venv/lib/python3.12/site-packages/oslo_config/cfg.py:3006}}
Mar 30 18:10:54.646386 np0000161484 nova-scheduler[107720]: DEBUG cotyledon.oslo_config_glue [-] workarounds.disable_libvirt_livesnapshot = False {{(pid=107720) log_opt_values /opt/stack/data/venv/lib/python3.12/site-packages/oslo_config/cfg.py:3006}}
Mar 30 18:10:54.646414 np0000161484 nova-scheduler[107712]: INFO dbcounter [None req-4e8f73cd-b178-4509-a4b4-d87c2eddff50 None None] Registered counter for database nova_cell0
Mar 30 18:10:54.646442 np0000161484 nova-scheduler[107720]: DEBUG cotyledon.oslo_config_glue [-] workarounds.disable_rootwrap = False {{(pid=107720) log_opt_values /opt/stack/data/venv/lib/python3.12/site-packages/oslo_config/cfg.py:3006}}
Mar 30 18:10:54.646442 np0000161484 nova-scheduler[107720]: DEBUG cotyledon.oslo_config_glue [-] workarounds.enable_numa_live_migration = False {{(pid=107720) log_opt_values /opt/stack/data/venv/lib/python3.12/site-packages/oslo_config/cfg.py:3006}}
Mar 30 18:10:54.646442 np0000161484 nova-scheduler[107720]: DEBUG cotyledon.oslo_config_glue [-] workarounds.enable_qemu_monitor_announce_self = False {{(pid=107720) log_opt_values /opt/stack/data/venv/lib/python3.12/site-packages/oslo_config/cfg.py:3006}}
Mar 30 18:10:54.646442 np0000161484 nova-scheduler[107720]: DEBUG cotyledon.oslo_config_glue [-] workarounds.ensure_libvirt_rbd_instance_dir_cleanup = False {{(pid=107720) log_opt_values /opt/stack/data/venv/lib/python3.12/site-packages/oslo_config/cfg.py:3006}}
Mar 30 18:10:54.646442 np0000161484 nova-scheduler[107720]: DEBUG cotyledon.oslo_config_glue [-] workarounds.handle_virt_lifecycle_events = True {{(pid=107720) log_opt_values /opt/stack/data/venv/lib/python3.12/site-packages/oslo_config/cfg.py:3006}}
Mar 30 18:10:54.646442 np0000161484 nova-scheduler[107720]: DEBUG cotyledon.oslo_config_glue [-] workarounds.libvirt_disable_apic = False {{(pid=107720) log_opt_values /opt/stack/data/venv/lib/python3.12/site-packages/oslo_config/cfg.py:3006}}
Mar 30 18:10:54.646442 np0000161484 nova-scheduler[107720]: DEBUG cotyledon.oslo_config_glue [-] workarounds.never_download_image_if_on_rbd = False {{(pid=107720) log_opt_values /opt/stack/data/venv/lib/python3.12/site-packages/oslo_config/cfg.py:3006}}
Mar 30 18:10:54.646442 np0000161484 nova-scheduler[107720]: DEBUG cotyledon.oslo_config_glue [-] workarounds.qemu_monitor_announce_self_count = 3 {{(pid=107720) log_opt_values /opt/stack/data/venv/lib/python3.12/site-packages/oslo_config/cfg.py:3006}}
Mar 30 18:10:54.646442 np0000161484 nova-scheduler[107720]: DEBUG cotyledon.oslo_config_glue [-] workarounds.qemu_monitor_announce_self_interval = 1 {{(pid=107720) log_opt_values /opt/stack/data/venv/lib/python3.12/site-packages/oslo_config/cfg.py:3006}}
Mar 30 18:10:54.646653 np0000161484 nova-scheduler[107720]: DEBUG cotyledon.oslo_config_glue [-] workarounds.reserve_disk_resource_for_image_cache = False {{(pid=107720) log_opt_values /opt/stack/data/venv/lib/python3.12/site-packages/oslo_config/cfg.py:3006}}
Mar 30 18:10:54.646653 np0000161484 nova-scheduler[107720]: DEBUG cotyledon.oslo_config_glue [-] workarounds.skip_cpu_compare_at_startup = False {{(pid=107720) log_opt_values /opt/stack/data/venv/lib/python3.12/site-packages/oslo_config/cfg.py:3006}}
Mar 30 18:10:54.646653 np0000161484 nova-scheduler[107720]: DEBUG cotyledon.oslo_config_glue [-] workarounds.skip_cpu_compare_on_dest = False {{(pid=107720) log_opt_values /opt/stack/data/venv/lib/python3.12/site-packages/oslo_config/cfg.py:3006}}
Mar 30 18:10:54.646653 np0000161484 nova-scheduler[107720]: DEBUG cotyledon.oslo_config_glue [-] workarounds.skip_hypervisor_version_check_on_lm = False {{(pid=107720) log_opt_values /opt/stack/data/venv/lib/python3.12/site-packages/oslo_config/cfg.py:3006}}
Mar 30 18:10:54.646653 np0000161484 nova-scheduler[107720]: DEBUG cotyledon.oslo_config_glue [-] workarounds.skip_reserve_in_use_ironic_nodes = False {{(pid=107720) log_opt_values /opt/stack/data/venv/lib/python3.12/site-packages/oslo_config/cfg.py:3006}}
Mar 30 18:10:54.646653 np0000161484 nova-scheduler[107720]: DEBUG cotyledon.oslo_config_glue [-] workarounds.unified_limits_count_pcpu_as_vcpu = False {{(pid=107720) log_opt_values /opt/stack/data/venv/lib/python3.12/site-packages/oslo_config/cfg.py:3006}}
Mar 30 18:10:54.646653 np0000161484 nova-scheduler[107720]: DEBUG cotyledon.oslo_config_glue [-] workarounds.wait_for_vif_plugged_event_during_hard_reboot = [] {{(pid=107720) log_opt_values /opt/stack/data/venv/lib/python3.12/site-packages/oslo_config/cfg.py:3006}}
Mar 30 18:10:54.646653 np0000161484 nova-scheduler[107720]: DEBUG cotyledon.oslo_config_glue [-] wsgi.api_paste_config = /etc/nova/api-paste.ini {{(pid=107720) log_opt_values /opt/stack/data/venv/lib/python3.12/site-packages/oslo_config/cfg.py:3006}}
Mar 30 18:10:54.646881 np0000161484 nova-scheduler[107720]: DEBUG cotyledon.oslo_config_glue [-] wsgi.secure_proxy_ssl_header = None {{(pid=107720) log_opt_values /opt/stack/data/venv/lib/python3.12/site-packages/oslo_config/cfg.py:3006}}
Mar 30 18:10:54.646881 np0000161484 nova-scheduler[107720]: DEBUG cotyledon.oslo_config_glue [-] zvm.ca_file = None {{(pid=107720) log_opt_values /opt/stack/data/venv/lib/python3.12/site-packages/oslo_config/cfg.py:3006}}
Mar 30 18:10:54.646881 np0000161484 nova-scheduler[107720]: DEBUG cotyledon.oslo_config_glue [-] zvm.cloud_connector_url = None {{(pid=107720) log_opt_values /opt/stack/data/venv/lib/python3.12/site-packages/oslo_config/cfg.py:3006}}
Mar 30 18:10:54.646881 np0000161484 nova-scheduler[107720]: DEBUG cotyledon.oslo_config_glue [-] zvm.image_tmp_path = /opt/stack/data/nova/images {{(pid=107720) log_opt_values /opt/stack/data/venv/lib/python3.12/site-packages/oslo_config/cfg.py:3006}}
Mar 30 18:10:54.646881 np0000161484 nova-scheduler[107720]: DEBUG cotyledon.oslo_config_glue [-] zvm.reachable_timeout = 300 {{(pid=107720) log_opt_values /opt/stack/data/venv/lib/python3.12/site-packages/oslo_config/cfg.py:3006}}
Mar 30 18:10:54.646881 np0000161484 nova-scheduler[107720]: DEBUG cotyledon.oslo_config_glue [-] oslo_versionedobjects.fatal_exception_format_errors = False {{(pid=107720) log_opt_values /opt/stack/data/venv/lib/python3.12/site-packages/oslo_config/cfg.py:3006}}
Mar 30 18:10:54.646881 np0000161484 nova-scheduler[107720]: DEBUG cotyledon.oslo_config_glue [-] oslo_middleware.http_basic_auth_user_file = /etc/htpasswd {{(pid=107720) log_opt_values /opt/stack/data/venv/lib/python3.12/site-packages/oslo_config/cfg.py:3006}}
Mar 30 18:10:54.646881 np0000161484 nova-scheduler[107720]: DEBUG cotyledon.oslo_config_glue [-] oslo_messaging_metrics.metrics_buffer_size = 1000 {{(pid=107720) log_opt_values /opt/stack/data/venv/lib/python3.12/site-packages/oslo_config/cfg.py:3006}}
Mar 30 18:10:54.646881 np0000161484 nova-scheduler[107720]: DEBUG cotyledon.oslo_config_glue [-] oslo_messaging_metrics.metrics_enabled = False {{(pid=107720) log_opt_values /opt/stack/data/venv/lib/python3.12/site-packages/oslo_config/cfg.py:3006}}
Mar 30 18:10:54.647082 np0000161484 nova-scheduler[107720]: DEBUG cotyledon.oslo_config_glue [-] oslo_messaging_metrics.metrics_process_name = {{(pid=107720) log_opt_values /opt/stack/data/venv/lib/python3.12/site-packages/oslo_config/cfg.py:3006}}
Mar 30 18:10:54.647082 np0000161484 nova-scheduler[107720]: DEBUG cotyledon.oslo_config_glue [-] oslo_messaging_metrics.metrics_socket_file = /var/tmp/metrics_collector.sock {{(pid=107720) log_opt_values /opt/stack/data/venv/lib/python3.12/site-packages/oslo_config/cfg.py:3006}}
Mar 30 18:10:54.647082 np0000161484 nova-scheduler[107720]: DEBUG cotyledon.oslo_config_glue [-] oslo_messaging_metrics.metrics_thread_stop_timeout = 10 {{(pid=107720) log_opt_values /opt/stack/data/venv/lib/python3.12/site-packages/oslo_config/cfg.py:3006}}
Mar 30 18:10:54.647082 np0000161484 nova-scheduler[107720]: DEBUG cotyledon.oslo_config_glue [-] profiler.connection_string = messaging:// {{(pid=107720) log_opt_values /opt/stack/data/venv/lib/python3.12/site-packages/oslo_config/cfg.py:3006}}
Mar 30 18:10:54.647082 np0000161484 nova-scheduler[107720]: DEBUG cotyledon.oslo_config_glue [-] profiler.enabled = False {{(pid=107720) log_opt_values /opt/stack/data/venv/lib/python3.12/site-packages/oslo_config/cfg.py:3006}}
Mar 30 18:10:54.647082 np0000161484 nova-scheduler[107720]: DEBUG cotyledon.oslo_config_glue [-] profiler.es_doc_type = notification {{(pid=107720) log_opt_values /opt/stack/data/venv/lib/python3.12/site-packages/oslo_config/cfg.py:3006}}
Mar 30 18:10:54.647082 np0000161484 nova-scheduler[107720]: DEBUG cotyledon.oslo_config_glue [-] profiler.es_scroll_size = 10000 {{(pid=107720) log_opt_values /opt/stack/data/venv/lib/python3.12/site-packages/oslo_config/cfg.py:3006}}
Mar 30 18:10:54.647082 np0000161484 nova-scheduler[107720]: DEBUG cotyledon.oslo_config_glue [-] profiler.es_scroll_time = 2m {{(pid=107720) log_opt_values /opt/stack/data/venv/lib/python3.12/site-packages/oslo_config/cfg.py:3006}}
Mar 30 18:10:54.647082 np0000161484 nova-scheduler[107720]: DEBUG cotyledon.oslo_config_glue [-] profiler.filter_error_trace = False {{(pid=107720) log_opt_values /opt/stack/data/venv/lib/python3.12/site-packages/oslo_config/cfg.py:3006}}
Mar 30 18:10:54.647353 np0000161484 nova-scheduler[107720]: DEBUG cotyledon.oslo_config_glue [-] profiler.hmac_keys = **** {{(pid=107720) log_opt_values /opt/stack/data/venv/lib/python3.12/site-packages/oslo_config/cfg.py:3006}}
Mar 30 18:10:54.647353 np0000161484 nova-scheduler[107720]: DEBUG cotyledon.oslo_config_glue [-] profiler.sentinel_service_name = mymaster {{(pid=107720) log_opt_values /opt/stack/data/venv/lib/python3.12/site-packages/oslo_config/cfg.py:3006}}
Mar 30 18:10:54.647353 np0000161484 nova-scheduler[107720]: DEBUG cotyledon.oslo_config_glue [-] profiler.socket_timeout = 0.1 {{(pid=107720) log_opt_values /opt/stack/data/venv/lib/python3.12/site-packages/oslo_config/cfg.py:3006}}
Mar 30 18:10:54.647353 np0000161484 nova-scheduler[107720]: DEBUG cotyledon.oslo_config_glue [-] profiler.trace_requests = False {{(pid=107720) log_opt_values /opt/stack/data/venv/lib/python3.12/site-packages/oslo_config/cfg.py:3006}}
Mar 30 18:10:54.647353 np0000161484 nova-scheduler[107720]: DEBUG cotyledon.oslo_config_glue [-] profiler.trace_sqlalchemy = False {{(pid=107720) log_opt_values /opt/stack/data/venv/lib/python3.12/site-packages/oslo_config/cfg.py:3006}}
Mar 30 18:10:54.647353 np0000161484 nova-scheduler[107720]: DEBUG cotyledon.oslo_config_glue [-] profiler_jaeger.process_tags = {} {{(pid=107720) log_opt_values /opt/stack/data/venv/lib/python3.12/site-packages/oslo_config/cfg.py:3006}}
Mar 30 18:10:54.647353 np0000161484 nova-scheduler[107720]: DEBUG cotyledon.oslo_config_glue [-] profiler_jaeger.service_name_prefix = None {{(pid=107720) log_opt_values /opt/stack/data/venv/lib/python3.12/site-packages/oslo_config/cfg.py:3006}}
Mar 30 18:10:54.647353 np0000161484 nova-scheduler[107720]: DEBUG cotyledon.oslo_config_glue [-] profiler_otlp.service_name_prefix = None {{(pid=107720) log_opt_values /opt/stack/data/venv/lib/python3.12/site-packages/oslo_config/cfg.py:3006}}
Mar 30 18:10:54.647353 np0000161484 nova-scheduler[107720]: DEBUG cotyledon.oslo_config_glue [-] oslo_messaging_rabbit.amqp_auto_delete = False {{(pid=107720) log_opt_values /opt/stack/data/venv/lib/python3.12/site-packages/oslo_config/cfg.py:3006}}
Mar 30 18:10:54.647845 np0000161484 nova-scheduler[107720]: DEBUG cotyledon.oslo_config_glue [-] oslo_messaging_rabbit.amqp_durable_queues = False {{(pid=107720) log_opt_values /opt/stack/data/venv/lib/python3.12/site-packages/oslo_config/cfg.py:3006}}
Mar 30 18:10:54.647845 np0000161484 nova-scheduler[107720]: DEBUG cotyledon.oslo_config_glue [-] oslo_messaging_rabbit.conn_pool_min_size = 2 {{(pid=107720) log_opt_values /opt/stack/data/venv/lib/python3.12/site-packages/oslo_config/cfg.py:3006}}
Mar 30 18:10:54.647845 np0000161484 nova-scheduler[107720]: DEBUG cotyledon.oslo_config_glue [-] oslo_messaging_rabbit.conn_pool_ttl = 1200 {{(pid=107720) log_opt_values /opt/stack/data/venv/lib/python3.12/site-packages/oslo_config/cfg.py:3006}}
Mar 30 18:10:54.647845 np0000161484 nova-scheduler[107720]: DEBUG cotyledon.oslo_config_glue [-] oslo_messaging_rabbit.direct_mandatory_flag = True {{(pid=107720) log_opt_values /opt/stack/data/venv/lib/python3.12/site-packages/oslo_config/cfg.py:3006}}
Mar 30 18:10:54.647845 np0000161484 nova-scheduler[107720]: DEBUG cotyledon.oslo_config_glue [-] oslo_messaging_rabbit.enable_cancel_on_failover = False {{(pid=107720) log_opt_values /opt/stack/data/venv/lib/python3.12/site-packages/oslo_config/cfg.py:3006}}
Mar 30 18:10:54.647845 np0000161484 nova-scheduler[107720]: DEBUG cotyledon.oslo_config_glue [-] oslo_messaging_rabbit.heartbeat_in_pthread = False {{(pid=107720) log_opt_values /opt/stack/data/venv/lib/python3.12/site-packages/oslo_config/cfg.py:3006}}
Mar 30 18:10:54.647845 np0000161484 nova-scheduler[107720]: DEBUG cotyledon.oslo_config_glue [-] oslo_messaging_rabbit.heartbeat_rate = 3 {{(pid=107720) log_opt_values /opt/stack/data/venv/lib/python3.12/site-packages/oslo_config/cfg.py:3006}}
Mar 30 18:10:54.647845 np0000161484 nova-scheduler[107720]: DEBUG cotyledon.oslo_config_glue [-] oslo_messaging_rabbit.heartbeat_timeout_threshold = 60 {{(pid=107720) log_opt_values /opt/stack/data/venv/lib/python3.12/site-packages/oslo_config/cfg.py:3006}}
Mar 30 18:10:54.647845 np0000161484 nova-scheduler[107720]: DEBUG cotyledon.oslo_config_glue [-] oslo_messaging_rabbit.hostname = np0000161484 {{(pid=107720) log_opt_values /opt/stack/data/venv/lib/python3.12/site-packages/oslo_config/cfg.py:3006}}
Mar 30 18:10:54.648056 np0000161484 nova-scheduler[107720]: DEBUG cotyledon.oslo_config_glue [-] oslo_messaging_rabbit.kombu_compression = None {{(pid=107720) log_opt_values /opt/stack/data/venv/lib/python3.12/site-packages/oslo_config/cfg.py:3006}}
Mar 30 18:10:54.648056 np0000161484 nova-scheduler[107720]: DEBUG cotyledon.oslo_config_glue [-] oslo_messaging_rabbit.kombu_failover_strategy = round-robin {{(pid=107720) log_opt_values /opt/stack/data/venv/lib/python3.12/site-packages/oslo_config/cfg.py:3006}}
Mar 30 18:10:54.648056 np0000161484 nova-scheduler[107720]: DEBUG cotyledon.oslo_config_glue [-] oslo_messaging_rabbit.kombu_missing_consumer_retry_timeout = 60 {{(pid=107720) log_opt_values /opt/stack/data/venv/lib/python3.12/site-packages/oslo_config/cfg.py:3006}}
Mar 30 18:10:54.648056 np0000161484 nova-scheduler[107720]: DEBUG cotyledon.oslo_config_glue [-] oslo_messaging_rabbit.kombu_reconnect_delay = 1.0 {{(pid=107720) log_opt_values /opt/stack/data/venv/lib/python3.12/site-packages/oslo_config/cfg.py:3006}}
Mar 30 18:10:54.648056 np0000161484 nova-scheduler[107720]: DEBUG cotyledon.oslo_config_glue [-] oslo_messaging_rabbit.kombu_reconnect_splay = 0.0 {{(pid=107720) log_opt_values /opt/stack/data/venv/lib/python3.12/site-packages/oslo_config/cfg.py:3006}}
Mar 30 18:10:54.648056 np0000161484 nova-scheduler[107720]: DEBUG cotyledon.oslo_config_glue [-] oslo_messaging_rabbit.processname = nova-scheduler {{(pid=107720) log_opt_values /opt/stack/data/venv/lib/python3.12/site-packages/oslo_config/cfg.py:3006}}
Mar 30 18:10:54.648056 np0000161484 nova-scheduler[107720]: DEBUG cotyledon.oslo_config_glue [-] oslo_messaging_rabbit.rabbit_ha_queues = False {{(pid=107720) log_opt_values /opt/stack/data/venv/lib/python3.12/site-packages/oslo_config/cfg.py:3006}}
Mar 30 18:10:54.648056 np0000161484 nova-scheduler[107720]: DEBUG cotyledon.oslo_config_glue [-] oslo_messaging_rabbit.rabbit_interval_max = 30 {{(pid=107720) log_opt_values /opt/stack/data/venv/lib/python3.12/site-packages/oslo_config/cfg.py:3006}}
Mar 30 18:10:54.648269 np0000161484 nova-scheduler[107720]: DEBUG cotyledon.oslo_config_glue [-] oslo_messaging_rabbit.rabbit_login_method = AMQPLAIN {{(pid=107720) log_opt_values /opt/stack/data/venv/lib/python3.12/site-packages/oslo_config/cfg.py:3006}}
Mar 30 18:10:54.648269 np0000161484 nova-scheduler[107720]: DEBUG cotyledon.oslo_config_glue [-] oslo_messaging_rabbit.rabbit_qos_prefetch_count = 0 {{(pid=107720) log_opt_values /opt/stack/data/venv/lib/python3.12/site-packages/oslo_config/cfg.py:3006}}
Mar 30 18:10:54.648269 np0000161484 nova-scheduler[107720]: DEBUG cotyledon.oslo_config_glue [-] oslo_messaging_rabbit.rabbit_quorum_delivery_limit = 0 {{(pid=107720) log_opt_values /opt/stack/data/venv/lib/python3.12/site-packages/oslo_config/cfg.py:3006}}
Mar 30 18:10:54.648269 np0000161484 nova-scheduler[107720]: DEBUG cotyledon.oslo_config_glue [-] oslo_messaging_rabbit.rabbit_quorum_max_memory_bytes = 0 {{(pid=107720) log_opt_values /opt/stack/data/venv/lib/python3.12/site-packages/oslo_config/cfg.py:3006}}
Mar 30 18:10:54.648269 np0000161484 nova-scheduler[107720]: DEBUG cotyledon.oslo_config_glue [-] oslo_messaging_rabbit.rabbit_quorum_max_memory_length = 0 {{(pid=107720) log_opt_values /opt/stack/data/venv/lib/python3.12/site-packages/oslo_config/cfg.py:3006}}
Mar 30 18:10:54.648269 np0000161484 nova-scheduler[107720]: DEBUG cotyledon.oslo_config_glue [-] oslo_messaging_rabbit.rabbit_quorum_queue = False {{(pid=107720) log_opt_values /opt/stack/data/venv/lib/python3.12/site-packages/oslo_config/cfg.py:3006}}
Mar 30 18:10:54.648269 np0000161484 nova-scheduler[107720]: DEBUG cotyledon.oslo_config_glue [-] oslo_messaging_rabbit.rabbit_retry_backoff = 2 {{(pid=107720) log_opt_values /opt/stack/data/venv/lib/python3.12/site-packages/oslo_config/cfg.py:3006}}
Mar 30 18:10:54.648269 np0000161484 nova-scheduler[107720]: DEBUG cotyledon.oslo_config_glue [-] oslo_messaging_rabbit.rabbit_retry_interval = 1 {{(pid=107720) log_opt_values /opt/stack/data/venv/lib/python3.12/site-packages/oslo_config/cfg.py:3006}}
Mar 30 18:10:54.648474 np0000161484 nova-scheduler[107720]: DEBUG cotyledon.oslo_config_glue [-] oslo_messaging_rabbit.rabbit_stream_fanout = False {{(pid=107720) log_opt_values /opt/stack/data/venv/lib/python3.12/site-packages/oslo_config/cfg.py:3006}}
Mar 30 18:10:54.648474 np0000161484 nova-scheduler[107720]: DEBUG cotyledon.oslo_config_glue [-] oslo_messaging_rabbit.rabbit_transient_queues_ttl = 1800 {{(pid=107720) log_opt_values /opt/stack/data/venv/lib/python3.12/site-packages/oslo_config/cfg.py:3006}}
Mar 30 18:10:54.648474 np0000161484 nova-scheduler[107720]: DEBUG cotyledon.oslo_config_glue [-] oslo_messaging_rabbit.rabbit_transient_quorum_queue = False {{(pid=107720) log_opt_values /opt/stack/data/venv/lib/python3.12/site-packages/oslo_config/cfg.py:3006}}
Mar 30 18:10:54.648474 np0000161484 nova-scheduler[107720]: DEBUG cotyledon.oslo_config_glue [-] oslo_messaging_rabbit.rpc_conn_pool_size = 30 {{(pid=107720) log_opt_values /opt/stack/data/venv/lib/python3.12/site-packages/oslo_config/cfg.py:3006}}
Mar 30 18:10:54.648474 np0000161484 nova-scheduler[107720]: DEBUG cotyledon.oslo_config_glue [-] oslo_messaging_rabbit.ssl = False {{(pid=107720) log_opt_values /opt/stack/data/venv/lib/python3.12/site-packages/oslo_config/cfg.py:3006}}
Mar 30 18:10:54.648474 np0000161484 nova-scheduler[107720]: DEBUG cotyledon.oslo_config_glue [-] oslo_messaging_rabbit.ssl_ca_file = {{(pid=107720) log_opt_values /opt/stack/data/venv/lib/python3.12/site-packages/oslo_config/cfg.py:3006}}
Mar 30 18:10:54.648474 np0000161484 nova-scheduler[107720]: DEBUG cotyledon.oslo_config_glue [-] oslo_messaging_rabbit.ssl_cert_file = {{(pid=107720) log_opt_values /opt/stack/data/venv/lib/python3.12/site-packages/oslo_config/cfg.py:3006}}
Mar 30 18:10:54.648474 np0000161484 nova-scheduler[107720]: DEBUG cotyledon.oslo_config_glue [-] oslo_messaging_rabbit.ssl_enforce_fips_mode = False {{(pid=107720) log_opt_values /opt/stack/data/venv/lib/python3.12/site-packages/oslo_config/cfg.py:3006}}
Mar 30 18:10:54.648474 np0000161484 nova-scheduler[107720]: DEBUG cotyledon.oslo_config_glue [-] oslo_messaging_rabbit.ssl_key_file = {{(pid=107720) log_opt_values /opt/stack/data/venv/lib/python3.12/site-packages/oslo_config/cfg.py:3006}}
Mar 30 18:10:54.648748 np0000161484 nova-scheduler[107720]: DEBUG cotyledon.oslo_config_glue [-] oslo_messaging_rabbit.ssl_version = {{(pid=107720) log_opt_values /opt/stack/data/venv/lib/python3.12/site-packages/oslo_config/cfg.py:3006}}
Mar 30 18:10:54.648748 np0000161484 nova-scheduler[107720]: DEBUG cotyledon.oslo_config_glue [-] oslo_messaging_rabbit.use_queue_manager = False {{(pid=107720) log_opt_values /opt/stack/data/venv/lib/python3.12/site-packages/oslo_config/cfg.py:3006}}
Mar 30 18:10:54.648748 np0000161484 nova-scheduler[107720]: DEBUG cotyledon.oslo_config_glue [-] oslo_messaging_notifications.driver = ['messagingv2'] {{(pid=107720) log_opt_values /opt/stack/data/venv/lib/python3.12/site-packages/oslo_config/cfg.py:3006}}
Mar 30 18:10:54.648748 np0000161484 nova-scheduler[107720]: DEBUG cotyledon.oslo_config_glue [-] oslo_messaging_notifications.retry = -1 {{(pid=107720) log_opt_values /opt/stack/data/venv/lib/python3.12/site-packages/oslo_config/cfg.py:3006}}
Mar 30 18:10:54.648748 np0000161484 nova-scheduler[107720]: DEBUG cotyledon.oslo_config_glue [-] oslo_messaging_notifications.topics = ['notifications'] {{(pid=107720) log_opt_values /opt/stack/data/venv/lib/python3.12/site-packages/oslo_config/cfg.py:3006}}
Mar 30 18:10:54.648748 np0000161484 nova-scheduler[107720]: DEBUG cotyledon.oslo_config_glue [-] oslo_messaging_notifications.transport_url = **** {{(pid=107720) log_opt_values /opt/stack/data/venv/lib/python3.12/site-packages/oslo_config/cfg.py:3006}}
Mar 30 18:10:54.648748 np0000161484 nova-scheduler[107720]: DEBUG cotyledon.oslo_config_glue [-] oslo_limit.auth_section = None {{(pid=107720) log_opt_values /opt/stack/data/venv/lib/python3.12/site-packages/oslo_config/cfg.py:3006}}
Mar 30 18:10:54.648748 np0000161484 nova-scheduler[107720]: DEBUG cotyledon.oslo_config_glue [-] oslo_limit.auth_type = None {{(pid=107720) log_opt_values /opt/stack/data/venv/lib/python3.12/site-packages/oslo_config/cfg.py:3006}}
Mar 30 18:10:54.648748 np0000161484 nova-scheduler[107720]: DEBUG cotyledon.oslo_config_glue [-] oslo_limit.cafile = None {{(pid=107720) log_opt_values /opt/stack/data/venv/lib/python3.12/site-packages/oslo_config/cfg.py:3006}}
Mar 30 18:10:54.649019 np0000161484 nova-scheduler[107720]: DEBUG cotyledon.oslo_config_glue [-] oslo_limit.certfile = None {{(pid=107720) log_opt_values /opt/stack/data/venv/lib/python3.12/site-packages/oslo_config/cfg.py:3006}}
Mar 30 18:10:54.649019 np0000161484 nova-scheduler[107720]: DEBUG cotyledon.oslo_config_glue [-] oslo_limit.collect_timing = False {{(pid=107720) log_opt_values /opt/stack/data/venv/lib/python3.12/site-packages/oslo_config/cfg.py:3006}}
Mar 30 18:10:54.649019 np0000161484 nova-scheduler[107720]: DEBUG cotyledon.oslo_config_glue [-] oslo_limit.connect_retries = None {{(pid=107720) log_opt_values /opt/stack/data/venv/lib/python3.12/site-packages/oslo_config/cfg.py:3006}}
Mar 30 18:10:54.649019 np0000161484 nova-scheduler[107720]: DEBUG cotyledon.oslo_config_glue [-] oslo_limit.connect_retry_delay = None {{(pid=107720) log_opt_values /opt/stack/data/venv/lib/python3.12/site-packages/oslo_config/cfg.py:3006}}
Mar 30 18:10:54.649019 np0000161484 nova-scheduler[107720]: DEBUG cotyledon.oslo_config_glue [-] oslo_limit.endpoint_id = None {{(pid=107720) log_opt_values /opt/stack/data/venv/lib/python3.12/site-packages/oslo_config/cfg.py:3006}}
Mar 30 18:10:54.649019 np0000161484 nova-scheduler[107720]: DEBUG cotyledon.oslo_config_glue [-] oslo_limit.endpoint_interface = public {{(pid=107720) log_opt_values /opt/stack/data/venv/lib/python3.12/site-packages/oslo_config/cfg.py:3006}}
Mar 30 18:10:54.649019 np0000161484 nova-scheduler[107720]: DEBUG cotyledon.oslo_config_glue [-] oslo_limit.endpoint_override = None {{(pid=107720) log_opt_values /opt/stack/data/venv/lib/python3.12/site-packages/oslo_config/cfg.py:3006}}
Mar 30 18:10:54.649019 np0000161484 nova-scheduler[107720]: DEBUG cotyledon.oslo_config_glue [-] oslo_limit.endpoint_region_name = None {{(pid=107720) log_opt_values /opt/stack/data/venv/lib/python3.12/site-packages/oslo_config/cfg.py:3006}}
Mar 30 18:10:54.649019 np0000161484 nova-scheduler[107720]: DEBUG cotyledon.oslo_config_glue [-] oslo_limit.endpoint_service_name = None {{(pid=107720) log_opt_values /opt/stack/data/venv/lib/python3.12/site-packages/oslo_config/cfg.py:3006}}
Mar 30 18:10:54.649303 np0000161484 nova-scheduler[107720]: DEBUG cotyledon.oslo_config_glue [-] oslo_limit.endpoint_service_type = None {{(pid=107720) log_opt_values /opt/stack/data/venv/lib/python3.12/site-packages/oslo_config/cfg.py:3006}}
Mar 30 18:10:54.649303 np0000161484 nova-scheduler[107720]: DEBUG cotyledon.oslo_config_glue [-] oslo_limit.insecure = False {{(pid=107720) log_opt_values /opt/stack/data/venv/lib/python3.12/site-packages/oslo_config/cfg.py:3006}}
Mar 30 18:10:54.649303 np0000161484 nova-scheduler[107720]: DEBUG cotyledon.oslo_config_glue [-] oslo_limit.keyfile = None {{(pid=107720) log_opt_values /opt/stack/data/venv/lib/python3.12/site-packages/oslo_config/cfg.py:3006}}
Mar 30 18:10:54.649303 np0000161484 nova-scheduler[107720]: DEBUG cotyledon.oslo_config_glue [-] oslo_limit.max_version = None {{(pid=107720) log_opt_values /opt/stack/data/venv/lib/python3.12/site-packages/oslo_config/cfg.py:3006}}
Mar 30 18:10:54.649303 np0000161484 nova-scheduler[107720]: DEBUG cotyledon.oslo_config_glue [-] oslo_limit.min_version = None {{(pid=107720) log_opt_values /opt/stack/data/venv/lib/python3.12/site-packages/oslo_config/cfg.py:3006}}
Mar 30 18:10:54.649303 np0000161484 nova-scheduler[107720]: DEBUG cotyledon.oslo_config_glue [-] oslo_limit.region_name = None {{(pid=107720) log_opt_values /opt/stack/data/venv/lib/python3.12/site-packages/oslo_config/cfg.py:3006}}
Mar 30 18:10:54.649303 np0000161484 nova-scheduler[107720]: DEBUG cotyledon.oslo_config_glue [-] oslo_limit.retriable_status_codes = None {{(pid=107720) log_opt_values /opt/stack/data/venv/lib/python3.12/site-packages/oslo_config/cfg.py:3006}}
Mar 30 18:10:54.649303 np0000161484 nova-scheduler[107720]: DEBUG cotyledon.oslo_config_glue [-] oslo_limit.service_name = None {{(pid=107720) log_opt_values /opt/stack/data/venv/lib/python3.12/site-packages/oslo_config/cfg.py:3006}}
Mar 30 18:10:54.649303 np0000161484 nova-scheduler[107720]: DEBUG cotyledon.oslo_config_glue [-] oslo_limit.service_type = None {{(pid=107720) log_opt_values /opt/stack/data/venv/lib/python3.12/site-packages/oslo_config/cfg.py:3006}}
Mar 30 18:10:54.649638 np0000161484 nova-scheduler[107720]: DEBUG cotyledon.oslo_config_glue [-] oslo_limit.split_loggers = False {{(pid=107720) log_opt_values /opt/stack/data/venv/lib/python3.12/site-packages/oslo_config/cfg.py:3006}}
Mar 30 18:10:54.649638 np0000161484 nova-scheduler[107720]: DEBUG cotyledon.oslo_config_glue [-] oslo_limit.status_code_retries = None {{(pid=107720) log_opt_values /opt/stack/data/venv/lib/python3.12/site-packages/oslo_config/cfg.py:3006}}
Mar 30 18:10:54.649638 np0000161484 nova-scheduler[107720]: DEBUG cotyledon.oslo_config_glue [-] oslo_limit.status_code_retry_delay = None {{(pid=107720) log_opt_values /opt/stack/data/venv/lib/python3.12/site-packages/oslo_config/cfg.py:3006}}
Mar 30 18:10:54.649638 np0000161484 nova-scheduler[107720]: DEBUG cotyledon.oslo_config_glue [-] oslo_limit.timeout = None {{(pid=107720) log_opt_values /opt/stack/data/venv/lib/python3.12/site-packages/oslo_config/cfg.py:3006}}
Mar 30 18:10:54.649638 np0000161484 nova-scheduler[107720]: DEBUG cotyledon.oslo_config_glue [-] oslo_limit.valid_interfaces = None {{(pid=107720) log_opt_values /opt/stack/data/venv/lib/python3.12/site-packages/oslo_config/cfg.py:3006}}
Mar 30 18:10:54.649638 np0000161484 nova-scheduler[107720]: DEBUG cotyledon.oslo_config_glue [-] oslo_limit.version = None {{(pid=107720) log_opt_values /opt/stack/data/venv/lib/python3.12/site-packages/oslo_config/cfg.py:3006}}
Mar 30 18:10:54.649638 np0000161484 nova-scheduler[107720]: DEBUG cotyledon.oslo_config_glue [-] oslo_reports.file_event_handler = None {{(pid=107720) log_opt_values /opt/stack/data/venv/lib/python3.12/site-packages/oslo_config/cfg.py:3006}}
Mar 30 18:10:54.649638 np0000161484 nova-scheduler[107720]: DEBUG cotyledon.oslo_config_glue [-] oslo_reports.file_event_handler_interval = 1 {{(pid=107720) log_opt_values /opt/stack/data/venv/lib/python3.12/site-packages/oslo_config/cfg.py:3006}}
Mar 30 18:10:54.649638 np0000161484 nova-scheduler[107720]: DEBUG cotyledon.oslo_config_glue [-] oslo_reports.log_dir = None {{(pid=107720) log_opt_values /opt/stack/data/venv/lib/python3.12/site-packages/oslo_config/cfg.py:3006}}
Mar 30 18:10:54.649915 np0000161484 nova-scheduler[107720]: DEBUG cotyledon.oslo_config_glue [-] ******************************************************************************** {{(pid=107720) log_opt_values /opt/stack/data/venv/lib/python3.12/site-packages/oslo_config/cfg.py:3013}}
Mar 30 18:10:54.649915 np0000161484 nova-scheduler[107720]: DEBUG cotyledon._service_worker [-] Run service ServiceWrapper(3) [107720] {{(pid=107720) wait_forever /opt/stack/data/venv/lib/python3.12/site-packages/cotyledon/_service_worker.py:218}}
Mar 30 18:10:54.649915 np0000161484 nova-scheduler[107720]: INFO nova.service [-] Starting scheduler node (version 33.1.0)
Mar 30 18:10:54.649989 np0000161484 nova-scheduler[107704]: DEBUG dbcounter [-] [107704] Writer thread running {{(pid=107704) stat_writer /opt/stack/data/venv/lib/python3.12/site-packages/dbcounter.py:102}}
Mar 30 18:10:54.650026 np0000161484 nova-scheduler[107712]: DEBUG oslo_db.sqlalchemy.engines [None req-4e8f73cd-b178-4509-a4b4-d87c2eddff50 None None] MySQL server mode set to STRICT_TRANS_TABLES,STRICT_ALL_TABLES,NO_ZERO_IN_DATE,NO_ZERO_DATE,ERROR_FOR_DIVISION_BY_ZERO,TRADITIONAL,NO_ENGINE_SUBSTITUTION {{(pid=107712) _check_effective_sql_mode /opt/stack/data/venv/lib/python3.12/site-packages/oslo_db/sqlalchemy/engines.py:325}}
Mar 30 18:10:54.650060 np0000161484 nova-scheduler[107720]: INFO dbcounter [None req-8359f6b4-dcad-44cc-bb37-3c77d189cfd2 None None] Registered counter for database nova_cell0
Mar 30 18:10:54.650087 np0000161484 nova-scheduler[107712]: DEBUG dbcounter [-] [107712] Writer thread running {{(pid=107712) stat_writer /opt/stack/data/venv/lib/python3.12/site-packages/dbcounter.py:102}}
Mar 30 18:10:54.650118 np0000161484 nova-scheduler[107720]: DEBUG oslo_db.sqlalchemy.engines [None req-8359f6b4-dcad-44cc-bb37-3c77d189cfd2 None None] MySQL server mode set to STRICT_TRANS_TABLES,STRICT_ALL_TABLES,NO_ZERO_IN_DATE,NO_ZERO_DATE,ERROR_FOR_DIVISION_BY_ZERO,TRADITIONAL,NO_ENGINE_SUBSTITUTION {{(pid=107720) _check_effective_sql_mode /opt/stack/data/venv/lib/python3.12/site-packages/oslo_db/sqlalchemy/engines.py:325}}
Mar 30 18:10:54.650118 np0000161484 nova-scheduler[107720]: DEBUG dbcounter [-] [107720] Writer thread running {{(pid=107720) stat_writer /opt/stack/data/venv/lib/python3.12/site-packages/dbcounter.py:102}}
Mar 30 18:10:54.789030 np0000161484 nova-scheduler[107695]: DEBUG nova.service [None req-63d3672b-0cc3-4968-96f2-5d7b0183a55d None None] Creating RPC server for service: nova-scheduler on topic: scheduler {{(pid=107695) start /opt/stack/nova/nova/service.py:195}}
Mar 30 18:10:54.818810 np0000161484 nova-scheduler[107695]: DEBUG nova.service [None req-63d3672b-0cc3-4968-96f2-5d7b0183a55d None None] Join ServiceGroup membership for this service scheduler {{(pid=107695) start /opt/stack/nova/nova/service.py:221}}
Mar 30 18:10:54.819060 np0000161484 nova-scheduler[107695]: DEBUG nova.servicegroup.drivers.db [None req-63d3672b-0cc3-4968-96f2-5d7b0183a55d None None] DB_Driver: join new ServiceGroup member np0000161484 to the scheduler group, service = {{(pid=107695) join /opt/stack/nova/nova/servicegroup/drivers/db.py:44}}
Mar 30 18:10:54.942894 np0000161484 nova-scheduler[107720]: DEBUG nova.service [None req-8359f6b4-dcad-44cc-bb37-3c77d189cfd2 None None] Creating RPC server for service: nova-scheduler on topic: scheduler {{(pid=107720) start /opt/stack/nova/nova/service.py:195}}
Mar 30 18:10:54.944518 np0000161484 nova-scheduler[107712]: DEBUG nova.service [None req-4e8f73cd-b178-4509-a4b4-d87c2eddff50 None None] Creating RPC server for service: nova-scheduler on topic: scheduler {{(pid=107712) start /opt/stack/nova/nova/service.py:195}}
Mar 30 18:10:54.968500 np0000161484 nova-scheduler[107712]: DEBUG nova.service [None req-4e8f73cd-b178-4509-a4b4-d87c2eddff50 None None] Join ServiceGroup membership for this service scheduler {{(pid=107712) start /opt/stack/nova/nova/service.py:221}}
Mar 30 18:10:54.968724 np0000161484 nova-scheduler[107720]: DEBUG nova.service [None req-8359f6b4-dcad-44cc-bb37-3c77d189cfd2 None None] Join ServiceGroup membership for this service scheduler {{(pid=107720) start /opt/stack/nova/nova/service.py:221}}
Mar 30 18:10:54.968880 np0000161484 nova-scheduler[107712]: DEBUG nova.servicegroup.drivers.db [None req-4e8f73cd-b178-4509-a4b4-d87c2eddff50 None None] DB_Driver: join new ServiceGroup member np0000161484 to the scheduler group, service = {{(pid=107712) join /opt/stack/nova/nova/servicegroup/drivers/db.py:44}}
Mar 30 18:10:54.969266 np0000161484 nova-scheduler[107720]: DEBUG nova.servicegroup.drivers.db [None req-8359f6b4-dcad-44cc-bb37-3c77d189cfd2 None None] DB_Driver: join new ServiceGroup member np0000161484 to the scheduler group, service = {{(pid=107720) join /opt/stack/nova/nova/servicegroup/drivers/db.py:44}}
Mar 30 18:10:55.042985 np0000161484 nova-scheduler[107704]: DEBUG nova.service [None req-55138502-ae52-4bc5-ae13-2ece7f9512ee None None] Creating RPC server for service: nova-scheduler on topic: scheduler {{(pid=107704) start /opt/stack/nova/nova/service.py:195}}
Mar 30 18:10:55.063305 np0000161484 nova-scheduler[107704]: DEBUG nova.service [None req-55138502-ae52-4bc5-ae13-2ece7f9512ee None None] Join ServiceGroup membership for this service scheduler {{(pid=107704) start /opt/stack/nova/nova/service.py:221}}
Mar 30 18:10:55.063444 np0000161484 nova-scheduler[107704]: DEBUG nova.servicegroup.drivers.db [None req-55138502-ae52-4bc5-ae13-2ece7f9512ee None None] DB_Driver: join new ServiceGroup member np0000161484 to the scheduler group, service = {{(pid=107704) join /opt/stack/nova/nova/servicegroup/drivers/db.py:44}}
Mar 30 18:10:59.890078 np0000161484 nova-scheduler[107695]: DEBUG oslo.service.backend._threading.loopingcall [-] Fixed interval looping call 'nova.servicegroup.drivers.db.DbDriver._report_state' sleeping for 119.93 seconds {{(pid=107695) _run_loop /opt/stack/data/venv/lib/python3.12/site-packages/oslo_service/backend/_threading/loopingcall.py:125}}
Mar 30 18:10:59.983549 np0000161484 nova-scheduler[107720]: DEBUG oslo.service.backend._threading.loopingcall [-] Fixed interval looping call 'nova.servicegroup.drivers.db.DbDriver._report_state' sleeping for 119.99 seconds {{(pid=107720) _run_loop /opt/stack/data/venv/lib/python3.12/site-packages/oslo_service/backend/_threading/loopingcall.py:125}}
Mar 30 18:10:59.985561 np0000161484 nova-scheduler[107712]: DEBUG oslo.service.backend._threading.loopingcall [-] Fixed interval looping call 'nova.servicegroup.drivers.db.DbDriver._report_state' sleeping for 119.99 seconds {{(pid=107712) _run_loop /opt/stack/data/venv/lib/python3.12/site-packages/oslo_service/backend/_threading/loopingcall.py:125}}
Mar 30 18:11:00.079742 np0000161484 nova-scheduler[107704]: DEBUG oslo.service.backend._threading.loopingcall [-] Fixed interval looping call 'nova.servicegroup.drivers.db.DbDriver._report_state' sleeping for 119.99 seconds {{(pid=107704) _run_loop /opt/stack/data/venv/lib/python3.12/site-packages/oslo_service/backend/_threading/loopingcall.py:125}}
Mar 30 18:11:03.265260 np0000161484 nova-scheduler[106963]: DEBUG dbcounter [-] [106963] Writing DB stats nova_api:SELECT=3 {{(pid=106963) stat_writer /opt/stack/data/venv/lib/python3.12/site-packages/dbcounter.py:115}}
Mar 30 18:11:03.365191 np0000161484 nova-scheduler[106963]: DEBUG dbcounter [-] [106963] Writing DB stats nova_cell1:SELECT=1 {{(pid=106963) stat_writer /opt/stack/data/venv/lib/python3.12/site-packages/dbcounter.py:115}}
Mar 30 18:11:03.369666 np0000161484 nova-scheduler[106963]: DEBUG dbcounter [-] [106963] Writing DB stats nova_cell0:SELECT=1 {{(pid=106963) stat_writer /opt/stack/data/venv/lib/python3.12/site-packages/dbcounter.py:115}}
Mar 30 18:11:09.830904 np0000161484 nova-scheduler[107695]: DEBUG dbcounter [-] [107695] Writing DB stats nova_cell0:SELECT=4,nova_cell0:INSERT=1,nova_cell0:UPDATE=1 {{(pid=107695) stat_writer /opt/stack/data/venv/lib/python3.12/site-packages/dbcounter.py:115}}
Mar 30 18:11:09.982073 np0000161484 nova-scheduler[107720]: DEBUG dbcounter [-] [107720] Writing DB stats nova_cell0:SELECT=5,nova_cell0:INSERT=1 {{(pid=107720) stat_writer /opt/stack/data/venv/lib/python3.12/site-packages/dbcounter.py:115}}
Mar 30 18:11:09.983368 np0000161484 nova-scheduler[107712]: DEBUG dbcounter [-] [107712] Writing DB stats nova_cell0:SELECT=5,nova_cell0:INSERT=1 {{(pid=107712) stat_writer /opt/stack/data/venv/lib/python3.12/site-packages/dbcounter.py:115}}
Mar 30 18:11:10.074334 np0000161484 nova-scheduler[107704]: DEBUG dbcounter [-] [107704] Writing DB stats nova_cell0:SELECT=5,nova_cell0:INSERT=1 {{(pid=107704) stat_writer /opt/stack/data/venv/lib/python3.12/site-packages/dbcounter.py:115}}
Mar 30 18:11:10.972383 np0000161484 nova-scheduler[107720]: DEBUG oslo.service.backend._threading.loopingcall [None req-823dbfde-1871-4781-9c19-8549f05ff70e None None] Dynamic interval looping call 'nova.service.Service.periodic_tasks' sleeping for 60.00 seconds {{(pid=107720) _run_loop /opt/stack/data/venv/lib/python3.12/site-packages/oslo_service/backend/_threading/loopingcall.py:125}}
Mar 30 18:11:36.822090 np0000161484 nova-scheduler[107695]: DEBUG oslo.service.backend._threading.loopingcall [None req-3cd192b2-6eae-48e3-b0f2-b523b47b5fb4 None None] Dynamic interval looping call 'nova.service.Service.periodic_tasks' sleeping for 60.00 seconds {{(pid=107695) _run_loop /opt/stack/data/venv/lib/python3.12/site-packages/oslo_service/backend/_threading/loopingcall.py:125}}
Mar 30 18:11:43.065667 np0000161484 nova-scheduler[107704]: DEBUG oslo.service.backend._threading.loopingcall [None req-afd65863-dfd3-4ac0-bbc2-dc53bee5f3f5 None None] Dynamic interval looping call 'nova.service.Service.periodic_tasks' sleeping for 60.00 seconds {{(pid=107704) _run_loop /opt/stack/data/venv/lib/python3.12/site-packages/oslo_service/backend/_threading/loopingcall.py:125}}
Mar 30 18:11:44.971545 np0000161484 nova-scheduler[107712]: DEBUG oslo.service.backend._threading.loopingcall [None req-b441baa8-20a8-4ade-abd3-001754b9f551 None None] Dynamic interval looping call 'nova.service.Service.periodic_tasks' sleeping for 60.00 seconds {{(pid=107712) _run_loop /opt/stack/data/venv/lib/python3.12/site-packages/oslo_service/backend/_threading/loopingcall.py:125}}
Mar 30 18:12:10.973170 np0000161484 nova-scheduler[107720]: DEBUG oslo.service.backend._threading.loopingcall [None req-823dbfde-1871-4781-9c19-8549f05ff70e None None] Dynamic interval looping call 'nova.service.Service.periodic_tasks' sleeping for 60.00 seconds {{(pid=107720) _run_loop /opt/stack/data/venv/lib/python3.12/site-packages/oslo_service/backend/_threading/loopingcall.py:125}}
Mar 30 18:12:36.822881 np0000161484 nova-scheduler[107695]: DEBUG oslo.service.backend._threading.loopingcall [None req-3cd192b2-6eae-48e3-b0f2-b523b47b5fb4 None None] Dynamic interval looping call 'nova.service.Service.periodic_tasks' sleeping for 60.00 seconds {{(pid=107695) _run_loop /opt/stack/data/venv/lib/python3.12/site-packages/oslo_service/backend/_threading/loopingcall.py:125}}
Mar 30 18:12:43.066462 np0000161484 nova-scheduler[107704]: DEBUG oslo.service.backend._threading.loopingcall [None req-afd65863-dfd3-4ac0-bbc2-dc53bee5f3f5 None None] Dynamic interval looping call 'nova.service.Service.periodic_tasks' sleeping for 60.00 seconds {{(pid=107704) _run_loop /opt/stack/data/venv/lib/python3.12/site-packages/oslo_service/backend/_threading/loopingcall.py:125}}
Mar 30 18:12:44.972573 np0000161484 nova-scheduler[107712]: DEBUG oslo.service.backend._threading.loopingcall [None req-b441baa8-20a8-4ade-abd3-001754b9f551 None None] Dynamic interval looping call 'nova.service.Service.periodic_tasks' sleeping for 60.00 seconds {{(pid=107712) _run_loop /opt/stack/data/venv/lib/python3.12/site-packages/oslo_service/backend/_threading/loopingcall.py:125}}
Mar 30 18:12:59.841771 np0000161484 nova-scheduler[107695]: DEBUG oslo.service.backend._threading.loopingcall [-] Fixed interval looping call 'nova.servicegroup.drivers.db.DbDriver._report_state' sleeping for 119.98 seconds {{(pid=107695) _run_loop /opt/stack/data/venv/lib/python3.12/site-packages/oslo_service/backend/_threading/loopingcall.py:125}}
Mar 30 18:12:59.980344 np0000161484 nova-scheduler[107720]: DEBUG oslo.service.backend._threading.loopingcall [-] Fixed interval looping call 'nova.servicegroup.drivers.db.DbDriver._report_state' sleeping for 119.99 seconds {{(pid=107720) _run_loop /opt/stack/data/venv/lib/python3.12/site-packages/oslo_service/backend/_threading/loopingcall.py:125}}
Mar 30 18:12:59.984978 np0000161484 nova-scheduler[107712]: DEBUG oslo.service.backend._threading.loopingcall [-] Fixed interval looping call 'nova.servicegroup.drivers.db.DbDriver._report_state' sleeping for 119.99 seconds {{(pid=107712) _run_loop /opt/stack/data/venv/lib/python3.12/site-packages/oslo_service/backend/_threading/loopingcall.py:125}}
Mar 30 18:13:00.074972 np0000161484 nova-scheduler[107704]: DEBUG oslo.service.backend._threading.loopingcall [-] Fixed interval looping call 'nova.servicegroup.drivers.db.DbDriver._report_state' sleeping for 120.00 seconds {{(pid=107704) _run_loop /opt/stack/data/venv/lib/python3.12/site-packages/oslo_service/backend/_threading/loopingcall.py:125}}
Mar 30 18:13:09.826169 np0000161484 nova-scheduler[107695]: DEBUG dbcounter [-] [107695] Writing DB stats nova_cell0:SELECT=1,nova_cell0:UPDATE=1 {{(pid=107695) stat_writer /opt/stack/data/venv/lib/python3.12/site-packages/dbcounter.py:115}}
Mar 30 18:13:09.976153 np0000161484 nova-scheduler[107720]: DEBUG dbcounter [-] [107720] Writing DB stats nova_cell0:SELECT=1 {{(pid=107720) stat_writer /opt/stack/data/venv/lib/python3.12/site-packages/dbcounter.py:115}}
Mar 30 18:13:09.986442 np0000161484 nova-scheduler[107712]: DEBUG dbcounter [-] [107712] Writing DB stats nova_cell0:SELECT=1 {{(pid=107712) stat_writer /opt/stack/data/venv/lib/python3.12/site-packages/dbcounter.py:115}}
Mar 30 18:13:10.072705 np0000161484 nova-scheduler[107704]: DEBUG dbcounter [-] [107704] Writing DB stats nova_cell0:SELECT=1 {{(pid=107704) stat_writer /opt/stack/data/venv/lib/python3.12/site-packages/dbcounter.py:115}}
Mar 30 18:13:10.975209 np0000161484 nova-scheduler[107720]: DEBUG oslo.service.backend._threading.loopingcall [None req-823dbfde-1871-4781-9c19-8549f05ff70e None None] Dynamic interval looping call 'nova.service.Service.periodic_tasks' sleeping for 60.00 seconds {{(pid=107720) _run_loop /opt/stack/data/venv/lib/python3.12/site-packages/oslo_service/backend/_threading/loopingcall.py:125}}
Mar 30 18:13:36.826924 np0000161484 nova-scheduler[107695]: DEBUG oslo.service.backend._threading.loopingcall [None req-3cd192b2-6eae-48e3-b0f2-b523b47b5fb4 None None] Dynamic interval looping call 'nova.service.Service.periodic_tasks' sleeping for 60.00 seconds {{(pid=107695) _run_loop /opt/stack/data/venv/lib/python3.12/site-packages/oslo_service/backend/_threading/loopingcall.py:125}}
Mar 30 18:13:43.067353 np0000161484 nova-scheduler[107704]: DEBUG oslo.service.backend._threading.loopingcall [None req-afd65863-dfd3-4ac0-bbc2-dc53bee5f3f5 None None] Dynamic interval looping call 'nova.service.Service.periodic_tasks' sleeping for 60.00 seconds {{(pid=107704) _run_loop /opt/stack/data/venv/lib/python3.12/site-packages/oslo_service/backend/_threading/loopingcall.py:125}}
Mar 30 18:13:44.974170 np0000161484 nova-scheduler[107712]: DEBUG oslo.service.backend._threading.loopingcall [None req-b441baa8-20a8-4ade-abd3-001754b9f551 None None] Dynamic interval looping call 'nova.service.Service.periodic_tasks' sleeping for 60.00 seconds {{(pid=107712) _run_loop /opt/stack/data/venv/lib/python3.12/site-packages/oslo_service/backend/_threading/loopingcall.py:125}}
Mar 30 18:14:10.976754 np0000161484 nova-scheduler[107720]: DEBUG oslo.service.backend._threading.loopingcall [None req-823dbfde-1871-4781-9c19-8549f05ff70e None None] Dynamic interval looping call 'nova.service.Service.periodic_tasks' sleeping for 60.00 seconds {{(pid=107720) _run_loop /opt/stack/data/venv/lib/python3.12/site-packages/oslo_service/backend/_threading/loopingcall.py:125}}
Mar 30 18:14:36.827654 np0000161484 nova-scheduler[107695]: DEBUG oslo.service.backend._threading.loopingcall [None req-3cd192b2-6eae-48e3-b0f2-b523b47b5fb4 None None] Dynamic interval looping call 'nova.service.Service.periodic_tasks' sleeping for 60.00 seconds {{(pid=107695) _run_loop /opt/stack/data/venv/lib/python3.12/site-packages/oslo_service/backend/_threading/loopingcall.py:125}}
Mar 30 18:14:43.068064 np0000161484 nova-scheduler[107704]: DEBUG oslo.service.backend._threading.loopingcall [None req-afd65863-dfd3-4ac0-bbc2-dc53bee5f3f5 None None] Dynamic interval looping call 'nova.service.Service.periodic_tasks' sleeping for 60.00 seconds {{(pid=107704) _run_loop /opt/stack/data/venv/lib/python3.12/site-packages/oslo_service/backend/_threading/loopingcall.py:125}}
Mar 30 18:14:44.974946 np0000161484 nova-scheduler[107712]: DEBUG oslo.service.backend._threading.loopingcall [None req-b441baa8-20a8-4ade-abd3-001754b9f551 None None] Dynamic interval looping call 'nova.service.Service.periodic_tasks' sleeping for 60.00 seconds {{(pid=107712) _run_loop /opt/stack/data/venv/lib/python3.12/site-packages/oslo_service/backend/_threading/loopingcall.py:125}}
Mar 30 18:14:59.839549 np0000161484 nova-scheduler[107695]: DEBUG oslo.service.backend._threading.loopingcall [-] Fixed interval looping call 'nova.servicegroup.drivers.db.DbDriver._report_state' sleeping for 119.98 seconds {{(pid=107695) _run_loop /opt/stack/data/venv/lib/python3.12/site-packages/oslo_service/backend/_threading/loopingcall.py:125}}
Mar 30 18:14:59.977601 np0000161484 nova-scheduler[107720]: DEBUG oslo.service.backend._threading.loopingcall [-] Fixed interval looping call 'nova.servicegroup.drivers.db.DbDriver._report_state' sleeping for 119.99 seconds {{(pid=107720) _run_loop /opt/stack/data/venv/lib/python3.12/site-packages/oslo_service/backend/_threading/loopingcall.py:125}}
Mar 30 18:14:59.979863 np0000161484 nova-scheduler[107712]: DEBUG oslo.service.backend._threading.loopingcall [-] Fixed interval looping call 'nova.servicegroup.drivers.db.DbDriver._report_state' sleeping for 120.00 seconds {{(pid=107712) _run_loop /opt/stack/data/venv/lib/python3.12/site-packages/oslo_service/backend/_threading/loopingcall.py:125}}
Mar 30 18:15:00.080536 np0000161484 nova-scheduler[107704]: DEBUG oslo.service.backend._threading.loopingcall [-] Fixed interval looping call 'nova.servicegroup.drivers.db.DbDriver._report_state' sleeping for 119.99 seconds {{(pid=107704) _run_loop /opt/stack/data/venv/lib/python3.12/site-packages/oslo_service/backend/_threading/loopingcall.py:125}}
Mar 30 18:15:09.826955 np0000161484 nova-scheduler[107695]: DEBUG dbcounter [-] [107695] Writing DB stats nova_cell0:SELECT=1,nova_cell0:UPDATE=1 {{(pid=107695) stat_writer /opt/stack/data/venv/lib/python3.12/site-packages/dbcounter.py:115}}
Mar 30 18:15:09.973337 np0000161484 nova-scheduler[107720]: DEBUG dbcounter [-] [107720] Writing DB stats nova_cell0:SELECT=1 {{(pid=107720) stat_writer /opt/stack/data/venv/lib/python3.12/site-packages/dbcounter.py:115}}
Mar 30 18:15:09.977903 np0000161484 nova-scheduler[107712]: DEBUG dbcounter [-] [107712] Writing DB stats nova_cell0:SELECT=1 {{(pid=107712) stat_writer /opt/stack/data/venv/lib/python3.12/site-packages/dbcounter.py:115}}
Mar 30 18:15:10.077900 np0000161484 nova-scheduler[107704]: DEBUG dbcounter [-] [107704] Writing DB stats nova_cell0:SELECT=1 {{(pid=107704) stat_writer /opt/stack/data/venv/lib/python3.12/site-packages/dbcounter.py:115}}
Mar 30 18:15:10.977351 np0000161484 nova-scheduler[107720]: DEBUG oslo.service.backend._threading.loopingcall [None req-823dbfde-1871-4781-9c19-8549f05ff70e None None] Dynamic interval looping call 'nova.service.Service.periodic_tasks' sleeping for 60.00 seconds {{(pid=107720) _run_loop /opt/stack/data/venv/lib/python3.12/site-packages/oslo_service/backend/_threading/loopingcall.py:125}}
Mar 30 18:15:36.828551 np0000161484 nova-scheduler[107695]: DEBUG oslo.service.backend._threading.loopingcall [None req-3cd192b2-6eae-48e3-b0f2-b523b47b5fb4 None None] Dynamic interval looping call 'nova.service.Service.periodic_tasks' sleeping for 60.00 seconds {{(pid=107695) _run_loop /opt/stack/data/venv/lib/python3.12/site-packages/oslo_service/backend/_threading/loopingcall.py:125}}
