May 20 05:27:33.374847 np0000175272 devstack@g-api.service[115261]: DEBUG glance.api.v2.cached_images [None req-4c7fed1b-1b1b-4fdb-a1bc-99c8e54a0675 None None] Started cache worker thread {{(pid=115261) __init__ /opt/stack/glance/glance/api/v2/cached_images.py:69}}
May 20 05:27:33.375694 np0000175272 devstack@g-api.service[115261]: INFO glance.image_cache [None req-4c7fed1b-1b1b-4fdb-a1bc-99c8e54a0675 None None] Image cache loaded driver 'centralized_db'.
May 20 05:27:33.378703 np0000175272 devstack@g-api.service[115264]: INFO dbcounter [None req-0219c971-d4d9-451c-b517-b225cbaea158 None None] Registered counter for database glance
May 20 05:27:33.380590 np0000175272 devstack@g-api.service[115263]: INFO glance.image_cache [None req-a18b3776-64a4-4b39-9c84-ef77dadfc1a3 None None] Image cache loaded driver 'centralized_db'.
May 20 05:27:33.382620 np0000175272 devstack@g-api.service[115265]: DEBUG glance.api.v2.cached_images [None req-788343f5-aa17-4777-8301-332d3b7e36ee None None] Started cache worker thread {{(pid=115265) __init__ /opt/stack/glance/glance/api/v2/cached_images.py:69}}
May 20 05:27:33.383280 np0000175272 devstack@g-api.service[115261]: DEBUG glance.image_cache.drivers.centralized_db [None req-4c7fed1b-1b1b-4fdb-a1bc-99c8e54a0675 None None] Node reference is already recorded, ignoring it {{(pid=115261) configure /opt/stack/glance/glance/image_cache/drivers/centralized_db.py:71}}
May 20 05:27:33.383670 np0000175272 devstack@g-api.service[115265]: INFO glance.image_cache [None req-788343f5-aa17-4777-8301-332d3b7e36ee None None] Image cache loaded driver 'centralized_db'.
May 20 05:27:33.388395 np0000175272 devstack@g-api.service[115261]: INFO glance.api.middleware.cache_manage [None req-4c7fed1b-1b1b-4fdb-a1bc-99c8e54a0675 None None] Initialized image cache management middleware
May 20 05:27:33.388395 np0000175272 devstack@g-api.service[115261]: INFO glance.image_cache [None req-4c7fed1b-1b1b-4fdb-a1bc-99c8e54a0675 None None] Image cache loaded driver 'centralized_db'.
May 20 05:27:33.389202 np0000175272 devstack@g-api.service[115263]: DEBUG glance.image_cache.drivers.centralized_db [None req-a18b3776-64a4-4b39-9c84-ef77dadfc1a3 None None] Node reference is already recorded, ignoring it {{(pid=115263) configure /opt/stack/glance/glance/image_cache/drivers/centralized_db.py:71}}
May 20 05:27:33.391862 np0000175272 devstack@g-api.service[115265]: DEBUG glance.image_cache.drivers.centralized_db [None req-788343f5-aa17-4777-8301-332d3b7e36ee None None] Node reference is already recorded, ignoring it {{(pid=115265) configure /opt/stack/glance/glance/image_cache/drivers/centralized_db.py:71}}
May 20 05:27:33.395423 np0000175272 devstack@g-api.service[115263]: DEBUG glance.api.v2.cached_images [None req-a18b3776-64a4-4b39-9c84-ef77dadfc1a3 None None] Started cache worker thread {{(pid=115263) __init__ /opt/stack/glance/glance/api/v2/cached_images.py:69}}
May 20 05:27:33.395423 np0000175272 devstack@g-api.service[115263]: INFO glance.image_cache [None req-a18b3776-64a4-4b39-9c84-ef77dadfc1a3 None None] Image cache loaded driver 'centralized_db'.
May 20 05:27:33.396944 np0000175272 devstack@g-api.service[115261]: DEBUG glance.image_cache.drivers.centralized_db [None req-4c7fed1b-1b1b-4fdb-a1bc-99c8e54a0675 None None] Node reference is already recorded, ignoring it {{(pid=115261) configure /opt/stack/glance/glance/image_cache/drivers/centralized_db.py:71}}
May 20 05:27:33.397949 np0000175272 devstack@g-api.service[115264]: DEBUG oslo_db.sqlalchemy.engines [None req-0219c971-d4d9-451c-b517-b225cbaea158 None None] MySQL server mode set to STRICT_TRANS_TABLES,STRICT_ALL_TABLES,NO_ZERO_IN_DATE,NO_ZERO_DATE,ERROR_FOR_DIVISION_BY_ZERO,TRADITIONAL,NO_ENGINE_SUBSTITUTION {{(pid=115264) _check_effective_sql_mode /opt/stack/data/venv/lib/python3.12/site-packages/oslo_db/sqlalchemy/engines.py:325}}
May 20 05:27:33.398023 np0000175272 devstack@g-api.service[115265]: INFO glance.api.middleware.cache_manage [None req-788343f5-aa17-4777-8301-332d3b7e36ee None None] Initialized image cache management middleware
May 20 05:27:33.398218 np0000175272 devstack@g-api.service[115265]: INFO glance.image_cache [None req-788343f5-aa17-4777-8301-332d3b7e36ee None None] Image cache loaded driver 'centralized_db'.
May 20 05:27:33.400896 np0000175272 devstack@g-api.service[115261]: INFO glance.api.middleware.cache [None req-4c7fed1b-1b1b-4fdb-a1bc-99c8e54a0675 None None] Initialized image cache middleware
May 20 05:27:33.407150 np0000175272 devstack@g-api.service[115263]: DEBUG glance.image_cache.drivers.centralized_db [None req-a18b3776-64a4-4b39-9c84-ef77dadfc1a3 None None] Node reference is already recorded, ignoring it {{(pid=115263) configure /opt/stack/glance/glance/image_cache/drivers/centralized_db.py:71}}
May 20 05:27:33.409684 np0000175272 devstack@g-api.service[115265]: DEBUG glance.image_cache.drivers.centralized_db [None req-788343f5-aa17-4777-8301-332d3b7e36ee None None] Node reference is already recorded, ignoring it {{(pid=115265) configure /opt/stack/glance/glance/image_cache/drivers/centralized_db.py:71}}
May 20 05:27:33.410493 np0000175272 devstack@g-api.service[115263]: INFO glance.api.middleware.cache_manage [None req-a18b3776-64a4-4b39-9c84-ef77dadfc1a3 None None] Initialized image cache management middleware
May 20 05:27:33.410683 np0000175272 devstack@g-api.service[115263]: INFO glance.image_cache [None req-a18b3776-64a4-4b39-9c84-ef77dadfc1a3 None None] Image cache loaded driver 'centralized_db'.
May 20 05:27:33.415001 np0000175272 devstack@g-api.service[115265]: INFO glance.api.middleware.cache [None req-788343f5-aa17-4777-8301-332d3b7e36ee None None] Initialized image cache middleware
May 20 05:27:33.415593 np0000175272 devstack@g-api.service[115261]: DEBUG glance.common.config [None req-4c7fed1b-1b1b-4fdb-a1bc-99c8e54a0675 None None] ******************************************************************************** {{(pid=115261) log_opt_values /opt/stack/data/venv/lib/python3.12/site-packages/oslo_config/cfg.py:3229}}
May 20 05:27:33.415686 np0000175272 devstack@g-api.service[115261]: DEBUG glance.common.config [None req-4c7fed1b-1b1b-4fdb-a1bc-99c8e54a0675 None None] Configuration options gathered from: {{(pid=115261) log_opt_values /opt/stack/data/venv/lib/python3.12/site-packages/oslo_config/cfg.py:3230}}
May 20 05:27:33.416017 np0000175272 devstack@g-api.service[115261]: DEBUG glance.common.config [None req-4c7fed1b-1b1b-4fdb-a1bc-99c8e54a0675 None None] command line args: [] {{(pid=115261) log_opt_values /opt/stack/data/venv/lib/python3.12/site-packages/oslo_config/cfg.py:3231}}
May 20 05:27:33.416147 np0000175272 devstack@g-api.service[115261]: DEBUG glance.common.config [None req-4c7fed1b-1b1b-4fdb-a1bc-99c8e54a0675 None None] config files: ['/etc/glance/glance-image-import.conf', '/etc/glance/glance-api.conf'] {{(pid=115261) log_opt_values /opt/stack/data/venv/lib/python3.12/site-packages/oslo_config/cfg.py:3232}}
May 20 05:27:33.416218 np0000175272 devstack@g-api.service[115261]: DEBUG glance.common.config [None req-4c7fed1b-1b1b-4fdb-a1bc-99c8e54a0675 None None] ================================================================================ {{(pid=115261) log_opt_values /opt/stack/data/venv/lib/python3.12/site-packages/oslo_config/cfg.py:3237}}
May 20 05:27:33.416372 np0000175272 devstack@g-api.service[115261]: DEBUG glance.common.config [None req-4c7fed1b-1b1b-4fdb-a1bc-99c8e54a0675 None None] allow_anonymous_access = False {{(pid=115261) log_opt_values /opt/stack/data/venv/lib/python3.12/site-packages/oslo_config/cfg.py:3245}}
May 20 05:27:33.416488 np0000175272 devstack@g-api.service[115261]: DEBUG glance.common.config [None req-4c7fed1b-1b1b-4fdb-a1bc-99c8e54a0675 None None] api_limit_max = 1000 {{(pid=115261) log_opt_values /opt/stack/data/venv/lib/python3.12/site-packages/oslo_config/cfg.py:3245}}
May 20 05:27:33.416586 np0000175272 devstack@g-api.service[115261]: DEBUG glance.common.config [None req-4c7fed1b-1b1b-4fdb-a1bc-99c8e54a0675 None None] backlog = 4096 {{(pid=115261) log_opt_values /opt/stack/data/venv/lib/python3.12/site-packages/oslo_config/cfg.py:3245}}
May 20 05:27:33.416728 np0000175272 devstack@g-api.service[115261]: DEBUG glance.common.config [None req-4c7fed1b-1b1b-4fdb-a1bc-99c8e54a0675 None None] bind_host = 0.0.0.0 {{(pid=115261) log_opt_values /opt/stack/data/venv/lib/python3.12/site-packages/oslo_config/cfg.py:3245}}
May 20 05:27:33.416844 np0000175272 devstack@g-api.service[115261]: DEBUG glance.common.config [None req-4c7fed1b-1b1b-4fdb-a1bc-99c8e54a0675 None None] bind_port = 19292 {{(pid=115261) log_opt_values /opt/stack/data/venv/lib/python3.12/site-packages/oslo_config/cfg.py:3245}}
May 20 05:27:33.417134 np0000175272 devstack@g-api.service[115261]: DEBUG glance.common.config [None req-4c7fed1b-1b1b-4fdb-a1bc-99c8e54a0675 None None] client_socket_timeout = 900 {{(pid=115261) log_opt_values /opt/stack/data/venv/lib/python3.12/site-packages/oslo_config/cfg.py:3245}}
May 20 05:27:33.417243 np0000175272 devstack@g-api.service[115261]: DEBUG glance.common.config [None req-4c7fed1b-1b1b-4fdb-a1bc-99c8e54a0675 None None] config_dir = [] {{(pid=115261) log_opt_values /opt/stack/data/venv/lib/python3.12/site-packages/oslo_config/cfg.py:3245}}
May 20 05:27:33.417318 np0000175272 devstack@g-api.service[115261]: DEBUG glance.common.config [None req-4c7fed1b-1b1b-4fdb-a1bc-99c8e54a0675 None None] config_file = ['/etc/glance/glance-image-import.conf', '/etc/glance/glance-api.conf'] {{(pid=115261) log_opt_values /opt/stack/data/venv/lib/python3.12/site-packages/oslo_config/cfg.py:3245}}
May 20 05:27:33.417449 np0000175272 devstack@g-api.service[115261]: DEBUG glance.common.config [None req-4c7fed1b-1b1b-4fdb-a1bc-99c8e54a0675 None None] config_source = [] {{(pid=115261) log_opt_values /opt/stack/data/venv/lib/python3.12/site-packages/oslo_config/cfg.py:3245}}
May 20 05:27:33.417550 np0000175272 devstack@g-api.service[115261]: DEBUG glance.common.config [None req-4c7fed1b-1b1b-4fdb-a1bc-99c8e54a0675 None None] control_exchange = glance {{(pid=115261) log_opt_values /opt/stack/data/venv/lib/python3.12/site-packages/oslo_config/cfg.py:3245}}
May 20 05:27:33.417643 np0000175272 devstack@g-api.service[115261]: DEBUG glance.common.config [None req-4c7fed1b-1b1b-4fdb-a1bc-99c8e54a0675 None None] debug = True {{(pid=115261) log_opt_values /opt/stack/data/venv/lib/python3.12/site-packages/oslo_config/cfg.py:3245}}
May 20 05:27:33.417843 np0000175272 devstack@g-api.service[115261]: DEBUG glance.common.config [None req-4c7fed1b-1b1b-4fdb-a1bc-99c8e54a0675 None None] default_log_levels = ['amqp=WARN', 'boto=WARN', 'sqlalchemy=WARN', 'suds=INFO', 'oslo.messaging=INFO', 'oslo_messaging=INFO', 'iso8601=WARN', 'requests.packages.urllib3.connectionpool=WARN', 'urllib3.connectionpool=WARN', 'websocket=WARN', 'requests.packages.urllib3.util.retry=WARN', 'urllib3.util.retry=WARN', 'keystonemiddleware=WARN', 'routes.middleware=WARN', 'stevedore=WARN', 'taskflow=WARN', 'keystoneauth=WARN', 'oslo.cache=INFO', 'oslo_policy=INFO', 'dogpile.core.dogpile=INFO'] {{(pid=115261) log_opt_values /opt/stack/data/venv/lib/python3.12/site-packages/oslo_config/cfg.py:3245}}
May 20 05:27:33.417972 np0000175272 devstack@g-api.service[115261]: DEBUG glance.common.config [None req-4c7fed1b-1b1b-4fdb-a1bc-99c8e54a0675 None None] default_publisher_id = image.localhost {{(pid=115261) log_opt_values /opt/stack/data/venv/lib/python3.12/site-packages/oslo_config/cfg.py:3245}}
May 20 05:27:33.418044 np0000175272 devstack@g-api.service[115261]: DEBUG glance.common.config [None req-4c7fed1b-1b1b-4fdb-a1bc-99c8e54a0675 None None] delayed_delete = False {{(pid=115261) log_opt_values /opt/stack/data/venv/lib/python3.12/site-packages/oslo_config/cfg.py:3245}}
May 20 05:27:33.418142 np0000175272 devstack@g-api.service[115261]: DEBUG glance.common.config [None req-4c7fed1b-1b1b-4fdb-a1bc-99c8e54a0675 None None] digest_algorithm = sha256 {{(pid=115261) log_opt_values /opt/stack/data/venv/lib/python3.12/site-packages/oslo_config/cfg.py:3245}}
May 20 05:27:33.418255 np0000175272 devstack@g-api.service[115261]: DEBUG glance.common.config [None req-4c7fed1b-1b1b-4fdb-a1bc-99c8e54a0675 None None] disabled_notifications = [] {{(pid=115261) log_opt_values /opt/stack/data/venv/lib/python3.12/site-packages/oslo_config/cfg.py:3245}}
May 20 05:27:33.418349 np0000175272 devstack@g-api.service[115261]: DEBUG glance.common.config [None req-4c7fed1b-1b1b-4fdb-a1bc-99c8e54a0675 None None] do_secure_hash = True {{(pid=115261) log_opt_values /opt/stack/data/venv/lib/python3.12/site-packages/oslo_config/cfg.py:3245}}
May 20 05:27:33.418481 np0000175272 devstack@g-api.service[115261]: DEBUG glance.common.config [None req-4c7fed1b-1b1b-4fdb-a1bc-99c8e54a0675 None None] enabled_backends = None {{(pid=115261) log_opt_values /opt/stack/data/venv/lib/python3.12/site-packages/oslo_config/cfg.py:3245}}
May 20 05:27:33.418851 np0000175272 devstack@g-api.service[115261]: DEBUG glance.common.config [None req-4c7fed1b-1b1b-4fdb-a1bc-99c8e54a0675 None None] enabled_import_methods = ['glance-direct', 'web-download', 'copy-image'] {{(pid=115261) log_opt_values /opt/stack/data/venv/lib/python3.12/site-packages/oslo_config/cfg.py:3245}}
May 20 05:27:33.418851 np0000175272 devstack@g-api.service[115261]: DEBUG glance.common.config [None req-4c7fed1b-1b1b-4fdb-a1bc-99c8e54a0675 None None] hashing_algorithm = sha512 {{(pid=115261) log_opt_values /opt/stack/data/venv/lib/python3.12/site-packages/oslo_config/cfg.py:3245}}
May 20 05:27:33.418851 np0000175272 devstack@g-api.service[115261]: DEBUG glance.common.config [None req-4c7fed1b-1b1b-4fdb-a1bc-99c8e54a0675 None None] http_keepalive = True {{(pid=115261) log_opt_values /opt/stack/data/venv/lib/python3.12/site-packages/oslo_config/cfg.py:3245}}
May 20 05:27:33.418851 np0000175272 devstack@g-api.service[115261]: DEBUG glance.common.config [None req-4c7fed1b-1b1b-4fdb-a1bc-99c8e54a0675 None None] http_retries = 3 {{(pid=115261) log_opt_values /opt/stack/data/venv/lib/python3.12/site-packages/oslo_config/cfg.py:3245}}
May 20 05:27:33.419157 np0000175272 devstack@g-api.service[115261]: DEBUG glance.common.config [None req-4c7fed1b-1b1b-4fdb-a1bc-99c8e54a0675 None None] image_cache_dir = /opt/stack/data/glance/cache/ {{(pid=115261) log_opt_values /opt/stack/data/venv/lib/python3.12/site-packages/oslo_config/cfg.py:3245}}
May 20 05:27:33.419157 np0000175272 devstack@g-api.service[115261]: DEBUG glance.common.config [None req-4c7fed1b-1b1b-4fdb-a1bc-99c8e54a0675 None None] image_cache_driver = centralized_db {{(pid=115261) log_opt_values /opt/stack/data/venv/lib/python3.12/site-packages/oslo_config/cfg.py:3245}}
May 20 05:27:33.419157 np0000175272 devstack@g-api.service[115261]: DEBUG glance.common.config [None req-4c7fed1b-1b1b-4fdb-a1bc-99c8e54a0675 None None] image_cache_max_size = 10737418240 {{(pid=115261) log_opt_values /opt/stack/data/venv/lib/python3.12/site-packages/oslo_config/cfg.py:3245}}
May 20 05:27:33.419322 np0000175272 devstack@g-api.service[115261]: DEBUG glance.common.config [None req-4c7fed1b-1b1b-4fdb-a1bc-99c8e54a0675 None None] image_cache_sqlite_db = cache.db {{(pid=115261) log_opt_values /opt/stack/data/venv/lib/python3.12/site-packages/oslo_config/cfg.py:3245}}
May 20 05:27:33.419446 np0000175272 devstack@g-api.service[115261]: DEBUG glance.common.config [None req-4c7fed1b-1b1b-4fdb-a1bc-99c8e54a0675 None None] image_cache_stall_time = 86400 {{(pid=115261) log_opt_values /opt/stack/data/venv/lib/python3.12/site-packages/oslo_config/cfg.py:3245}}
May 20 05:27:33.419507 np0000175272 devstack@g-api.service[115261]: DEBUG glance.common.config [None req-4c7fed1b-1b1b-4fdb-a1bc-99c8e54a0675 None None] image_location_quota = 10 {{(pid=115261) log_opt_values /opt/stack/data/venv/lib/python3.12/site-packages/oslo_config/cfg.py:3245}}
May 20 05:27:33.419570 np0000175272 devstack@g-api.service[115261]: DEBUG glance.common.config [None req-4c7fed1b-1b1b-4fdb-a1bc-99c8e54a0675 None None] image_member_quota = 128 {{(pid=115261) log_opt_values /opt/stack/data/venv/lib/python3.12/site-packages/oslo_config/cfg.py:3245}}
May 20 05:27:33.419667 np0000175272 devstack@g-api.service[115261]: DEBUG glance.common.config [None req-4c7fed1b-1b1b-4fdb-a1bc-99c8e54a0675 None None] image_property_quota = 128 {{(pid=115261) log_opt_values /opt/stack/data/venv/lib/python3.12/site-packages/oslo_config/cfg.py:3245}}
May 20 05:27:33.419758 np0000175272 devstack@g-api.service[115261]: DEBUG glance.common.config [None req-4c7fed1b-1b1b-4fdb-a1bc-99c8e54a0675 None None] image_size_cap = 1099511627776 {{(pid=115261) log_opt_values /opt/stack/data/venv/lib/python3.12/site-packages/oslo_config/cfg.py:3245}}
May 20 05:27:33.419876 np0000175272 devstack@g-api.service[115261]: DEBUG glance.common.config [None req-4c7fed1b-1b1b-4fdb-a1bc-99c8e54a0675 None None] image_tag_quota = 128 {{(pid=115261) log_opt_values /opt/stack/data/venv/lib/python3.12/site-packages/oslo_config/cfg.py:3245}}
May 20 05:27:33.420127 np0000175272 devstack@g-api.service[115261]: DEBUG glance.common.config [None req-4c7fed1b-1b1b-4fdb-a1bc-99c8e54a0675 None None] instance_format = [instance: %(uuid)s] {{(pid=115261) log_opt_values /opt/stack/data/venv/lib/python3.12/site-packages/oslo_config/cfg.py:3245}}
May 20 05:27:33.420465 np0000175272 devstack@g-api.service[115261]: DEBUG glance.common.config [None req-4c7fed1b-1b1b-4fdb-a1bc-99c8e54a0675 None None] instance_uuid_format = [instance: %(uuid)s] {{(pid=115261) log_opt_values /opt/stack/data/venv/lib/python3.12/site-packages/oslo_config/cfg.py:3245}}
May 20 05:27:33.420465 np0000175272 devstack@g-api.service[115261]: DEBUG glance.common.config [None req-4c7fed1b-1b1b-4fdb-a1bc-99c8e54a0675 None None] limit_param_default = 25 {{(pid=115261) log_opt_values /opt/stack/data/venv/lib/python3.12/site-packages/oslo_config/cfg.py:3245}}
May 20 05:27:33.420465 np0000175272 devstack@g-api.service[115261]: DEBUG glance.common.config [None req-4c7fed1b-1b1b-4fdb-a1bc-99c8e54a0675 None None] log_color = False {{(pid=115261) log_opt_values /opt/stack/data/venv/lib/python3.12/site-packages/oslo_config/cfg.py:3245}}
May 20 05:27:33.420672 np0000175272 devstack@g-api.service[115261]: DEBUG glance.common.config [None req-4c7fed1b-1b1b-4fdb-a1bc-99c8e54a0675 None None] log_config_append = None {{(pid=115261) log_opt_values /opt/stack/data/venv/lib/python3.12/site-packages/oslo_config/cfg.py:3245}}
May 20 05:27:33.420672 np0000175272 devstack@g-api.service[115261]: DEBUG glance.common.config [None req-4c7fed1b-1b1b-4fdb-a1bc-99c8e54a0675 None None] log_date_format = %Y-%m-%d %H:%M:%S {{(pid=115261) log_opt_values /opt/stack/data/venv/lib/python3.12/site-packages/oslo_config/cfg.py:3245}}
May 20 05:27:33.420794 np0000175272 devstack@g-api.service[115261]: DEBUG glance.common.config [None req-4c7fed1b-1b1b-4fdb-a1bc-99c8e54a0675 None None] log_dir = None {{(pid=115261) log_opt_values /opt/stack/data/venv/lib/python3.12/site-packages/oslo_config/cfg.py:3245}}
May 20 05:27:33.420846 np0000175272 devstack@g-api.service[115261]: DEBUG glance.common.config [None req-4c7fed1b-1b1b-4fdb-a1bc-99c8e54a0675 None None] log_file = None {{(pid=115261) log_opt_values /opt/stack/data/venv/lib/python3.12/site-packages/oslo_config/cfg.py:3245}}
May 20 05:27:33.420925 np0000175272 devstack@g-api.service[115261]: DEBUG glance.common.config [None req-4c7fed1b-1b1b-4fdb-a1bc-99c8e54a0675 None None] log_rotate_interval = 1 {{(pid=115261) log_opt_values /opt/stack/data/venv/lib/python3.12/site-packages/oslo_config/cfg.py:3245}}
May 20 05:27:33.421026 np0000175272 devstack@g-api.service[115261]: DEBUG glance.common.config [None req-4c7fed1b-1b1b-4fdb-a1bc-99c8e54a0675 None None] log_rotate_interval_type = days {{(pid=115261) log_opt_values /opt/stack/data/venv/lib/python3.12/site-packages/oslo_config/cfg.py:3245}}
May 20 05:27:33.421127 np0000175272 devstack@g-api.service[115261]: DEBUG glance.common.config [None req-4c7fed1b-1b1b-4fdb-a1bc-99c8e54a0675 None None] log_rotation_type = none {{(pid=115261) log_opt_values /opt/stack/data/venv/lib/python3.12/site-packages/oslo_config/cfg.py:3245}}
May 20 05:27:33.421185 np0000175272 devstack@g-api.service[115261]: DEBUG glance.common.config [None req-4c7fed1b-1b1b-4fdb-a1bc-99c8e54a0675 None None] logging_context_format_string = %(color)s%(levelname)s %(name)s [%(global_request_id)s %(request_id)s %(project_name)s %(user_name)s%(color)s] %(instance)s%(color)s%(message)s {{(pid=115261) log_opt_values /opt/stack/data/venv/lib/python3.12/site-packages/oslo_config/cfg.py:3245}}
May 20 05:27:33.421263 np0000175272 devstack@g-api.service[115261]: DEBUG glance.common.config [None req-4c7fed1b-1b1b-4fdb-a1bc-99c8e54a0675 None None] logging_debug_format_suffix = {{(pid=%(process)d) %(funcName)s %(pathname)s:%(lineno)d}} {{(pid=115261) log_opt_values /opt/stack/data/venv/lib/python3.12/site-packages/oslo_config/cfg.py:3245}}
May 20 05:27:33.421369 np0000175272 devstack@g-api.service[115261]: DEBUG glance.common.config [None req-4c7fed1b-1b1b-4fdb-a1bc-99c8e54a0675 None None] logging_default_format_string = %(color)s%(levelname)s %(name)s [-%(color)s] %(instance)s%(color)s%(message)s {{(pid=115261) log_opt_values /opt/stack/data/venv/lib/python3.12/site-packages/oslo_config/cfg.py:3245}}
May 20 05:27:33.421480 np0000175272 devstack@g-api.service[115261]: DEBUG glance.common.config [None req-4c7fed1b-1b1b-4fdb-a1bc-99c8e54a0675 None None] logging_exception_prefix = ERROR %(name)s %(instance)s {{(pid=115261) log_opt_values /opt/stack/data/venv/lib/python3.12/site-packages/oslo_config/cfg.py:3245}}
May 20 05:27:33.421555 np0000175272 devstack@g-api.service[115261]: DEBUG glance.common.config [None req-4c7fed1b-1b1b-4fdb-a1bc-99c8e54a0675 None None] logging_user_identity_format = %(user)s %(project)s %(domain)s %(system_scope)s %(user_domain)s %(project_domain)s {{(pid=115261) log_opt_values /opt/stack/data/venv/lib/python3.12/site-packages/oslo_config/cfg.py:3245}}
May 20 05:27:33.421674 np0000175272 devstack@g-api.service[115261]: DEBUG glance.common.config [None req-4c7fed1b-1b1b-4fdb-a1bc-99c8e54a0675 None None] max_header_line = 16384 {{(pid=115261) log_opt_values /opt/stack/data/venv/lib/python3.12/site-packages/oslo_config/cfg.py:3245}}
May 20 05:27:33.421749 np0000175272 devstack@g-api.service[115261]: DEBUG glance.common.config [None req-4c7fed1b-1b1b-4fdb-a1bc-99c8e54a0675 None None] max_logfile_count = 30 {{(pid=115261) log_opt_values /opt/stack/data/venv/lib/python3.12/site-packages/oslo_config/cfg.py:3245}}
May 20 05:27:33.421847 np0000175272 devstack@g-api.service[115261]: DEBUG glance.common.config [None req-4c7fed1b-1b1b-4fdb-a1bc-99c8e54a0675 None None] max_logfile_size_mb = 200 {{(pid=115261) log_opt_values /opt/stack/data/venv/lib/python3.12/site-packages/oslo_config/cfg.py:3245}}
May 20 05:27:33.421941 np0000175272 devstack@g-api.service[115261]: DEBUG glance.common.config [None req-4c7fed1b-1b1b-4fdb-a1bc-99c8e54a0675 None None] max_request_id_length = 64 {{(pid=115261) log_opt_values /opt/stack/data/venv/lib/python3.12/site-packages/oslo_config/cfg.py:3245}}
May 20 05:27:33.422033 np0000175272 devstack@g-api.service[115261]: DEBUG glance.common.config [None req-4c7fed1b-1b1b-4fdb-a1bc-99c8e54a0675 None None] metadata_encryption_key = **** {{(pid=115261) log_opt_values /opt/stack/data/venv/lib/python3.12/site-packages/oslo_config/cfg.py:3245}}
May 20 05:27:33.422133 np0000175272 devstack@g-api.service[115261]: DEBUG glance.common.config [None req-4c7fed1b-1b1b-4fdb-a1bc-99c8e54a0675 None None] node_staging_uri = file:///tmp/staging/ {{(pid=115261) log_opt_values /opt/stack/data/venv/lib/python3.12/site-packages/oslo_config/cfg.py:3245}}
May 20 05:27:33.422235 np0000175272 devstack@g-api.service[115261]: DEBUG glance.common.config [None req-4c7fed1b-1b1b-4fdb-a1bc-99c8e54a0675 None None] property_protection_file = None {{(pid=115261) log_opt_values /opt/stack/data/venv/lib/python3.12/site-packages/oslo_config/cfg.py:3245}}
May 20 05:27:33.422408 np0000175272 devstack@g-api.service[115261]: DEBUG glance.common.config [None req-4c7fed1b-1b1b-4fdb-a1bc-99c8e54a0675 None None] property_protection_rule_format = roles {{(pid=115261) log_opt_values /opt/stack/data/venv/lib/python3.12/site-packages/oslo_config/cfg.py:3245}}
May 20 05:27:33.422463 np0000175272 devstack@g-api.service[115261]: DEBUG glance.common.config [None req-4c7fed1b-1b1b-4fdb-a1bc-99c8e54a0675 None None] public_endpoint = https://199.204.45.244/image {{(pid=115261) log_opt_values /opt/stack/data/venv/lib/python3.12/site-packages/oslo_config/cfg.py:3245}}
May 20 05:27:33.422549 np0000175272 devstack@g-api.service[115261]: DEBUG glance.common.config [None req-4c7fed1b-1b1b-4fdb-a1bc-99c8e54a0675 None None] publish_errors = False {{(pid=115261) log_opt_values /opt/stack/data/venv/lib/python3.12/site-packages/oslo_config/cfg.py:3245}}
May 20 05:27:33.422640 np0000175272 devstack@g-api.service[115261]: DEBUG glance.common.config [None req-4c7fed1b-1b1b-4fdb-a1bc-99c8e54a0675 None None] pydev_worker_debug_host = None {{(pid=115261) log_opt_values /opt/stack/data/venv/lib/python3.12/site-packages/oslo_config/cfg.py:3245}}
May 20 05:27:33.422840 np0000175272 devstack@g-api.service[115261]: DEBUG glance.common.config [None req-4c7fed1b-1b1b-4fdb-a1bc-99c8e54a0675 None None] pydev_worker_debug_port = 5678 {{(pid=115261) log_opt_values /opt/stack/data/venv/lib/python3.12/site-packages/oslo_config/cfg.py:3245}}
May 20 05:27:33.422840 np0000175272 devstack@g-api.service[115261]: DEBUG glance.common.config [None req-4c7fed1b-1b1b-4fdb-a1bc-99c8e54a0675 None None] rate_limit_burst = 0 {{(pid=115261) log_opt_values /opt/stack/data/venv/lib/python3.12/site-packages/oslo_config/cfg.py:3245}}
May 20 05:27:33.422918 np0000175272 devstack@g-api.service[115261]: DEBUG glance.common.config [None req-4c7fed1b-1b1b-4fdb-a1bc-99c8e54a0675 None None] rate_limit_except_level = CRITICAL {{(pid=115261) log_opt_values /opt/stack/data/venv/lib/python3.12/site-packages/oslo_config/cfg.py:3245}}
May 20 05:27:33.423090 np0000175272 devstack@g-api.service[115261]: DEBUG glance.common.config [None req-4c7fed1b-1b1b-4fdb-a1bc-99c8e54a0675 None None] rate_limit_interval = 0 {{(pid=115261) log_opt_values /opt/stack/data/venv/lib/python3.12/site-packages/oslo_config/cfg.py:3245}}
May 20 05:27:33.423145 np0000175272 devstack@g-api.service[115261]: DEBUG glance.common.config [None req-4c7fed1b-1b1b-4fdb-a1bc-99c8e54a0675 None None] scrub_pool_size = 1 {{(pid=115261) log_opt_values /opt/stack/data/venv/lib/python3.12/site-packages/oslo_config/cfg.py:3245}}
May 20 05:27:33.423217 np0000175272 devstack@g-api.service[115261]: DEBUG glance.common.config [None req-4c7fed1b-1b1b-4fdb-a1bc-99c8e54a0675 None None] scrub_time = 0 {{(pid=115261) log_opt_values /opt/stack/data/venv/lib/python3.12/site-packages/oslo_config/cfg.py:3245}}
May 20 05:27:33.423304 np0000175272 devstack@g-api.service[115261]: DEBUG glance.common.config [None req-4c7fed1b-1b1b-4fdb-a1bc-99c8e54a0675 None None] shell_completion = None {{(pid=115261) log_opt_values /opt/stack/data/venv/lib/python3.12/site-packages/oslo_config/cfg.py:3245}}
May 20 05:27:33.423423 np0000175272 devstack@g-api.service[115261]: DEBUG glance.common.config [None req-4c7fed1b-1b1b-4fdb-a1bc-99c8e54a0675 None None] show_image_direct_url = False {{(pid=115261) log_opt_values /opt/stack/data/venv/lib/python3.12/site-packages/oslo_config/cfg.py:3245}}
May 20 05:27:33.423638 np0000175272 devstack@g-api.service[115261]: WARNING oslo_config.cfg [None req-4c7fed1b-1b1b-4fdb-a1bc-99c8e54a0675 None None] Deprecated: Option "show_multiple_locations" from group "DEFAULT" is deprecated for removal (Use of this option, deprecated since Newton, is a security risk and will be removed once we figure out a way to satisfy those use cases that currently require it. An earlier announcement that the same functionality can be achieved with greater granularity by using policies is incorrect. You cannot work around this option via policy configuration at the present time, though that is the direction we believe the fix will take. Please keep an eye on the Glance release notes to stay up to date on progress in addressing this issue.). Its value may be silently ignored in the future.
May 20 05:27:33.423762 np0000175272 devstack@g-api.service[115261]: DEBUG glance.common.config [None req-4c7fed1b-1b1b-4fdb-a1bc-99c8e54a0675 None None] show_multiple_locations = False {{(pid=115261) log_opt_values /opt/stack/data/venv/lib/python3.12/site-packages/oslo_config/cfg.py:3245}}
May 20 05:27:33.423850 np0000175272 devstack@g-api.service[115261]: DEBUG glance.common.config [None req-4c7fed1b-1b1b-4fdb-a1bc-99c8e54a0675 None None] syslog_log_facility = LOG_USER {{(pid=115261) log_opt_values /opt/stack/data/venv/lib/python3.12/site-packages/oslo_config/cfg.py:3245}}
May 20 05:27:33.423949 np0000175272 devstack@g-api.service[115261]: DEBUG glance.common.config [None req-4c7fed1b-1b1b-4fdb-a1bc-99c8e54a0675 None None] tcp_keepidle = 600 {{(pid=115261) log_opt_values /opt/stack/data/venv/lib/python3.12/site-packages/oslo_config/cfg.py:3245}}
May 20 05:27:33.424047 np0000175272 devstack@g-api.service[115261]: DEBUG glance.common.config [None req-4c7fed1b-1b1b-4fdb-a1bc-99c8e54a0675 None None] transport_url = **** {{(pid=115261) log_opt_values /opt/stack/data/venv/lib/python3.12/site-packages/oslo_config/cfg.py:3245}}
May 20 05:27:33.424146 np0000175272 devstack@g-api.service[115261]: DEBUG glance.common.config [None req-4c7fed1b-1b1b-4fdb-a1bc-99c8e54a0675 None None] use_journal = False {{(pid=115261) log_opt_values /opt/stack/data/venv/lib/python3.12/site-packages/oslo_config/cfg.py:3245}}
May 20 05:27:33.424242 np0000175272 devstack@g-api.service[115261]: DEBUG glance.common.config [None req-4c7fed1b-1b1b-4fdb-a1bc-99c8e54a0675 None None] use_json = False {{(pid=115261) log_opt_values /opt/stack/data/venv/lib/python3.12/site-packages/oslo_config/cfg.py:3245}}
May 20 05:27:33.424343 np0000175272 devstack@g-api.service[115261]: DEBUG glance.common.config [None req-4c7fed1b-1b1b-4fdb-a1bc-99c8e54a0675 None None] use_keystone_limits = True {{(pid=115261) log_opt_values /opt/stack/data/venv/lib/python3.12/site-packages/oslo_config/cfg.py:3245}}
May 20 05:27:33.424465 np0000175272 devstack@g-api.service[115261]: DEBUG glance.common.config [None req-4c7fed1b-1b1b-4fdb-a1bc-99c8e54a0675 None None] use_stderr = False {{(pid=115261) log_opt_values /opt/stack/data/venv/lib/python3.12/site-packages/oslo_config/cfg.py:3245}}
May 20 05:27:33.424560 np0000175272 devstack@g-api.service[115261]: DEBUG glance.common.config [None req-4c7fed1b-1b1b-4fdb-a1bc-99c8e54a0675 None None] use_syslog = False {{(pid=115261) log_opt_values /opt/stack/data/venv/lib/python3.12/site-packages/oslo_config/cfg.py:3245}}
May 20 05:27:33.424662 np0000175272 devstack@g-api.service[115261]: DEBUG glance.common.config [None req-4c7fed1b-1b1b-4fdb-a1bc-99c8e54a0675 None None] user_storage_quota = 0 {{(pid=115261) log_opt_values /opt/stack/data/venv/lib/python3.12/site-packages/oslo_config/cfg.py:3245}}
May 20 05:27:33.424760 np0000175272 devstack@g-api.service[115261]: DEBUG glance.common.config [None req-4c7fed1b-1b1b-4fdb-a1bc-99c8e54a0675 None None] worker_self_reference_url = http://127.0.0.1:60999 {{(pid=115261) log_opt_values /opt/stack/data/venv/lib/python3.12/site-packages/oslo_config/cfg.py:3245}}
May 20 05:27:33.424854 np0000175272 devstack@g-api.service[115261]: DEBUG glance.common.config [None req-4c7fed1b-1b1b-4fdb-a1bc-99c8e54a0675 None None] workers = None {{(pid=115261) log_opt_values /opt/stack/data/venv/lib/python3.12/site-packages/oslo_config/cfg.py:3245}}
May 20 05:27:33.424930 np0000175272 devstack@g-api.service[115264]: DEBUG dbcounter [-] [115264] Writer thread running {{(pid=115264) stat_writer /opt/stack/data/venv/lib/python3.12/site-packages/dbcounter.py:102}}
May 20 05:27:33.424981 np0000175272 devstack@g-api.service[115261]: DEBUG glance.common.config [None req-4c7fed1b-1b1b-4fdb-a1bc-99c8e54a0675 None None] oslo_concurrency.disable_process_locking = False {{(pid=115261) log_opt_values /opt/stack/data/venv/lib/python3.12/site-packages/oslo_config/cfg.py:3256}}
May 20 05:27:33.425067 np0000175272 devstack@g-api.service[115261]: DEBUG glance.common.config [None req-4c7fed1b-1b1b-4fdb-a1bc-99c8e54a0675 None None] oslo_concurrency.lock_path = /opt/stack/data/glance/locks {{(pid=115261) log_opt_values /opt/stack/data/venv/lib/python3.12/site-packages/oslo_config/cfg.py:3256}}
May 20 05:27:33.425468 np0000175272 devstack@g-api.service[115261]: DEBUG glance.common.config [None req-4c7fed1b-1b1b-4fdb-a1bc-99c8e54a0675 None None] oslo_middleware.enable_proxy_headers_parsing = False {{(pid=115261) log_opt_values /opt/stack/data/venv/lib/python3.12/site-packages/oslo_config/cfg.py:3256}}
May 20 05:27:33.425468 np0000175272 devstack@g-api.service[115261]: DEBUG glance.common.config [None req-4c7fed1b-1b1b-4fdb-a1bc-99c8e54a0675 None None] oslo_middleware.http_basic_auth_user_file = /etc/htpasswd {{(pid=115261) log_opt_values /opt/stack/data/venv/lib/python3.12/site-packages/oslo_config/cfg.py:3256}}
May 20 05:27:33.425468 np0000175272 devstack@g-api.service[115261]: DEBUG glance.common.config [None req-4c7fed1b-1b1b-4fdb-a1bc-99c8e54a0675 None None] paste_deploy.config_file = None {{(pid=115261) log_opt_values /opt/stack/data/venv/lib/python3.12/site-packages/oslo_config/cfg.py:3256}}
May 20 05:27:33.425468 np0000175272 devstack@g-api.service[115261]: DEBUG glance.common.config [None req-4c7fed1b-1b1b-4fdb-a1bc-99c8e54a0675 None None] paste_deploy.flavor = keystone+cachemanagement {{(pid=115261) log_opt_values /opt/stack/data/venv/lib/python3.12/site-packages/oslo_config/cfg.py:3256}}
May 20 05:27:33.425646 np0000175272 devstack@g-api.service[115263]: DEBUG glance.image_cache.drivers.centralized_db [None req-a18b3776-64a4-4b39-9c84-ef77dadfc1a3 None None] Node reference is already recorded, ignoring it {{(pid=115263) configure /opt/stack/glance/glance/image_cache/drivers/centralized_db.py:71}}
May 20 05:27:33.425718 np0000175272 devstack@g-api.service[115261]: DEBUG glance.common.config [None req-4c7fed1b-1b1b-4fdb-a1bc-99c8e54a0675 None None] image_format.container_formats = ['ami', 'ari', 'aki', 'bare', 'ovf', 'ova', 'docker', 'compressed'] {{(pid=115261) log_opt_values /opt/stack/data/venv/lib/python3.12/site-packages/oslo_config/cfg.py:3256}}
May 20 05:27:33.425806 np0000175272 devstack@g-api.service[115261]: DEBUG glance.common.config [None req-4c7fed1b-1b1b-4fdb-a1bc-99c8e54a0675 None None] image_format.disk_formats = ['ami', 'ari', 'aki', 'vhd', 'vhdx', 'vmdk', 'raw', 'qcow2', 'vdi', 'iso', 'ploop'] {{(pid=115261) log_opt_values /opt/stack/data/venv/lib/python3.12/site-packages/oslo_config/cfg.py:3256}}
May 20 05:27:33.425906 np0000175272 devstack@g-api.service[115261]: DEBUG glance.common.config [None req-4c7fed1b-1b1b-4fdb-a1bc-99c8e54a0675 None None] image_format.gpt_safety_checks_nonfatal = [] {{(pid=115261) log_opt_values /opt/stack/data/venv/lib/python3.12/site-packages/oslo_config/cfg.py:3256}}
May 20 05:27:33.426009 np0000175272 devstack@g-api.service[115261]: DEBUG glance.common.config [None req-4c7fed1b-1b1b-4fdb-a1bc-99c8e54a0675 None None] image_format.require_image_format_match = True {{(pid=115261) log_opt_values /opt/stack/data/venv/lib/python3.12/site-packages/oslo_config/cfg.py:3256}}
May 20 05:27:33.426120 np0000175272 devstack@g-api.service[115261]: DEBUG glance.common.config [None req-4c7fed1b-1b1b-4fdb-a1bc-99c8e54a0675 None None] image_format.vmdk_allowed_types = ['streamOptimized', 'monolithicSparse'] {{(pid=115261) log_opt_values /opt/stack/data/venv/lib/python3.12/site-packages/oslo_config/cfg.py:3256}}
May 20 05:27:33.426228 np0000175272 devstack@g-api.service[115261]: DEBUG glance.common.config [None req-4c7fed1b-1b1b-4fdb-a1bc-99c8e54a0675 None None] task.task_executor = taskflow {{(pid=115261) log_opt_values /opt/stack/data/venv/lib/python3.12/site-packages/oslo_config/cfg.py:3256}}
May 20 05:27:33.426353 np0000175272 devstack@g-api.service[115261]: DEBUG glance.common.config [None req-4c7fed1b-1b1b-4fdb-a1bc-99c8e54a0675 None None] task.task_time_to_live = 48 {{(pid=115261) log_opt_values /opt/stack/data/venv/lib/python3.12/site-packages/oslo_config/cfg.py:3256}}
May 20 05:27:33.426481 np0000175272 devstack@g-api.service[115261]: DEBUG glance.common.config [None req-4c7fed1b-1b1b-4fdb-a1bc-99c8e54a0675 None None] task.work_dir = None {{(pid=115261) log_opt_values /opt/stack/data/venv/lib/python3.12/site-packages/oslo_config/cfg.py:3256}}
May 20 05:27:33.426594 np0000175272 devstack@g-api.service[115261]: DEBUG glance.common.config [None req-4c7fed1b-1b1b-4fdb-a1bc-99c8e54a0675 None None] wsgi.python_interpreter = /opt/stack/data/venv/bin/python3 {{(pid=115261) log_opt_values /opt/stack/data/venv/lib/python3.12/site-packages/oslo_config/cfg.py:3256}}
May 20 05:27:33.426687 np0000175272 devstack@g-api.service[115261]: DEBUG glance.common.config [None req-4c7fed1b-1b1b-4fdb-a1bc-99c8e54a0675 None None] wsgi.task_pool_threads = 16 {{(pid=115261) log_opt_values /opt/stack/data/venv/lib/python3.12/site-packages/oslo_config/cfg.py:3256}}
May 20 05:27:33.426820 np0000175272 devstack@g-api.service[115261]: DEBUG glance.common.config [None req-4c7fed1b-1b1b-4fdb-a1bc-99c8e54a0675 None None] profiler.connection_string = messaging:// {{(pid=115261) log_opt_values /opt/stack/data/venv/lib/python3.12/site-packages/oslo_config/cfg.py:3256}}
May 20 05:27:33.426896 np0000175272 devstack@g-api.service[115261]: DEBUG glance.common.config [None req-4c7fed1b-1b1b-4fdb-a1bc-99c8e54a0675 None None] profiler.enabled = False {{(pid=115261) log_opt_values /opt/stack/data/venv/lib/python3.12/site-packages/oslo_config/cfg.py:3256}}
May 20 05:27:33.427000 np0000175272 devstack@g-api.service[115261]: DEBUG glance.common.config [None req-4c7fed1b-1b1b-4fdb-a1bc-99c8e54a0675 None None] profiler.es_doc_type = notification {{(pid=115261) log_opt_values /opt/stack/data/venv/lib/python3.12/site-packages/oslo_config/cfg.py:3256}}
May 20 05:27:33.427102 np0000175272 devstack@g-api.service[115261]: DEBUG glance.common.config [None req-4c7fed1b-1b1b-4fdb-a1bc-99c8e54a0675 None None] profiler.es_scroll_size = 10000 {{(pid=115261) log_opt_values /opt/stack/data/venv/lib/python3.12/site-packages/oslo_config/cfg.py:3256}}
May 20 05:27:33.427205 np0000175272 devstack@g-api.service[115261]: DEBUG glance.common.config [None req-4c7fed1b-1b1b-4fdb-a1bc-99c8e54a0675 None None] profiler.es_scroll_time = 2m {{(pid=115261) log_opt_values /opt/stack/data/venv/lib/python3.12/site-packages/oslo_config/cfg.py:3256}}
May 20 05:27:33.427303 np0000175272 devstack@g-api.service[115261]: DEBUG glance.common.config [None req-4c7fed1b-1b1b-4fdb-a1bc-99c8e54a0675 None None] profiler.filter_error_trace = False {{(pid=115261) log_opt_values /opt/stack/data/venv/lib/python3.12/site-packages/oslo_config/cfg.py:3256}}
May 20 05:27:33.427454 np0000175272 devstack@g-api.service[115261]: DEBUG glance.common.config [None req-4c7fed1b-1b1b-4fdb-a1bc-99c8e54a0675 None None] profiler.hmac_keys = **** {{(pid=115261) log_opt_values /opt/stack/data/venv/lib/python3.12/site-packages/oslo_config/cfg.py:3256}}
May 20 05:27:33.427529 np0000175272 devstack@g-api.service[115261]: DEBUG glance.common.config [None req-4c7fed1b-1b1b-4fdb-a1bc-99c8e54a0675 None None] profiler.sentinel_service_name = mymaster {{(pid=115261) log_opt_values /opt/stack/data/venv/lib/python3.12/site-packages/oslo_config/cfg.py:3256}}
May 20 05:27:33.427641 np0000175272 devstack@g-api.service[115261]: DEBUG glance.common.config [None req-4c7fed1b-1b1b-4fdb-a1bc-99c8e54a0675 None None] profiler.socket_timeout = 0.1 {{(pid=115261) log_opt_values /opt/stack/data/venv/lib/python3.12/site-packages/oslo_config/cfg.py:3256}}
May 20 05:27:33.427745 np0000175272 devstack@g-api.service[115261]: DEBUG glance.common.config [None req-4c7fed1b-1b1b-4fdb-a1bc-99c8e54a0675 None None] profiler.trace_requests = False {{(pid=115261) log_opt_values /opt/stack/data/venv/lib/python3.12/site-packages/oslo_config/cfg.py:3256}}
May 20 05:27:33.427874 np0000175272 devstack@g-api.service[115261]: DEBUG glance.common.config [None req-4c7fed1b-1b1b-4fdb-a1bc-99c8e54a0675 None None] profiler.trace_sqlalchemy = False {{(pid=115261) log_opt_values /opt/stack/data/venv/lib/python3.12/site-packages/oslo_config/cfg.py:3256}}
May 20 05:27:33.427949 np0000175272 devstack@g-api.service[115261]: DEBUG glance.common.config [None req-4c7fed1b-1b1b-4fdb-a1bc-99c8e54a0675 None None] profiler_jaeger.process_tags = {} {{(pid=115261) log_opt_values /opt/stack/data/venv/lib/python3.12/site-packages/oslo_config/cfg.py:3256}}
May 20 05:27:33.428043 np0000175272 devstack@g-api.service[115261]: DEBUG glance.common.config [None req-4c7fed1b-1b1b-4fdb-a1bc-99c8e54a0675 None None] profiler_jaeger.service_name_prefix = None {{(pid=115261) log_opt_values /opt/stack/data/venv/lib/python3.12/site-packages/oslo_config/cfg.py:3256}}
May 20 05:27:33.428203 np0000175272 devstack@g-api.service[115261]: DEBUG glance.common.config [None req-4c7fed1b-1b1b-4fdb-a1bc-99c8e54a0675 None None] profiler_otlp.service_name_prefix = None {{(pid=115261) log_opt_values /opt/stack/data/venv/lib/python3.12/site-packages/oslo_config/cfg.py:3256}}
May 20 05:27:33.428258 np0000175272 devstack@g-api.service[115261]: DEBUG glance.common.config [None req-4c7fed1b-1b1b-4fdb-a1bc-99c8e54a0675 None None] import_filtering_opts.allowed_hosts = [] {{(pid=115261) log_opt_values /opt/stack/data/venv/lib/python3.12/site-packages/oslo_config/cfg.py:3256}}
May 20 05:27:33.428367 np0000175272 devstack@g-api.service[115261]: DEBUG glance.common.config [None req-4c7fed1b-1b1b-4fdb-a1bc-99c8e54a0675 None None] import_filtering_opts.allowed_ports = [80, 443] {{(pid=115261) log_opt_values /opt/stack/data/venv/lib/python3.12/site-packages/oslo_config/cfg.py:3256}}
May 20 05:27:33.428482 np0000175272 devstack@g-api.service[115261]: DEBUG glance.common.config [None req-4c7fed1b-1b1b-4fdb-a1bc-99c8e54a0675 None None] import_filtering_opts.allowed_schemes = ['http', 'https'] {{(pid=115261) log_opt_values /opt/stack/data/venv/lib/python3.12/site-packages/oslo_config/cfg.py:3256}}
May 20 05:27:33.428582 np0000175272 devstack@g-api.service[115261]: DEBUG glance.common.config [None req-4c7fed1b-1b1b-4fdb-a1bc-99c8e54a0675 None None] import_filtering_opts.disallowed_hosts = [] {{(pid=115261) log_opt_values /opt/stack/data/venv/lib/python3.12/site-packages/oslo_config/cfg.py:3256}}
May 20 05:27:33.428661 np0000175272 devstack@g-api.service[115264]: DEBUG glance.image_cache.drivers.centralized_db [None req-0219c971-d4d9-451c-b517-b225cbaea158 None None] Node reference is already recorded, ignoring it {{(pid=115264) configure /opt/stack/glance/glance/image_cache/drivers/centralized_db.py:71}}
May 20 05:27:33.428705 np0000175272 devstack@g-api.service[115261]: DEBUG glance.common.config [None req-4c7fed1b-1b1b-4fdb-a1bc-99c8e54a0675 None None] import_filtering_opts.disallowed_ports = [] {{(pid=115261) log_opt_values /opt/stack/data/venv/lib/python3.12/site-packages/oslo_config/cfg.py:3256}}
May 20 05:27:33.428775 np0000175272 devstack@g-api.service[115261]: DEBUG glance.common.config [None req-4c7fed1b-1b1b-4fdb-a1bc-99c8e54a0675 None None] import_filtering_opts.disallowed_schemes = [] {{(pid=115261) log_opt_values /opt/stack/data/venv/lib/python3.12/site-packages/oslo_config/cfg.py:3256}}
May 20 05:27:33.428878 np0000175272 devstack@g-api.service[115261]: DEBUG glance.common.config [None req-4c7fed1b-1b1b-4fdb-a1bc-99c8e54a0675 None None] oslo_messaging_metrics.metrics_buffer_size = 1000 {{(pid=115261) log_opt_values /opt/stack/data/venv/lib/python3.12/site-packages/oslo_config/cfg.py:3256}}
May 20 05:27:33.428971 np0000175272 devstack@g-api.service[115261]: DEBUG glance.common.config [None req-4c7fed1b-1b1b-4fdb-a1bc-99c8e54a0675 None None] oslo_messaging_metrics.metrics_enabled = False {{(pid=115261) log_opt_values /opt/stack/data/venv/lib/python3.12/site-packages/oslo_config/cfg.py:3256}}
May 20 05:27:33.429076 np0000175272 devstack@g-api.service[115261]: DEBUG glance.common.config [None req-4c7fed1b-1b1b-4fdb-a1bc-99c8e54a0675 None None] oslo_messaging_metrics.metrics_process_name = {{(pid=115261) log_opt_values /opt/stack/data/venv/lib/python3.12/site-packages/oslo_config/cfg.py:3256}}
May 20 05:27:33.429177 np0000175272 devstack@g-api.service[115261]: DEBUG glance.common.config [None req-4c7fed1b-1b1b-4fdb-a1bc-99c8e54a0675 None None] oslo_messaging_metrics.metrics_socket_file = /var/tmp/metrics_collector.sock {{(pid=115261) log_opt_values /opt/stack/data/venv/lib/python3.12/site-packages/oslo_config/cfg.py:3256}}
May 20 05:27:33.429274 np0000175272 devstack@g-api.service[115261]: DEBUG glance.common.config [None req-4c7fed1b-1b1b-4fdb-a1bc-99c8e54a0675 None None] oslo_messaging_metrics.metrics_thread_stop_timeout = 10 {{(pid=115261) log_opt_values /opt/stack/data/venv/lib/python3.12/site-packages/oslo_config/cfg.py:3256}}
May 20 05:27:33.429456 np0000175272 devstack@g-api.service[115261]: DEBUG glance.common.config [None req-4c7fed1b-1b1b-4fdb-a1bc-99c8e54a0675 None None] os_brick.lightos_discovery_client_address = localhost {{(pid=115261) log_opt_values /opt/stack/data/venv/lib/python3.12/site-packages/oslo_config/cfg.py:3256}}
May 20 05:27:33.429564 np0000175272 devstack@g-api.service[115261]: DEBUG glance.common.config [None req-4c7fed1b-1b1b-4fdb-a1bc-99c8e54a0675 None None] os_brick.lightos_discovery_client_dir_path = /etc/discovery-client/discovery.d/ {{(pid=115261) log_opt_values /opt/stack/data/venv/lib/python3.12/site-packages/oslo_config/cfg.py:3256}}
May 20 05:27:33.429665 np0000175272 devstack@g-api.service[115261]: DEBUG glance.common.config [None req-4c7fed1b-1b1b-4fdb-a1bc-99c8e54a0675 None None] os_brick.lightos_discovery_client_port = 6060 {{(pid=115261) log_opt_values /opt/stack/data/venv/lib/python3.12/site-packages/oslo_config/cfg.py:3256}}
May 20 05:27:33.429795 np0000175272 devstack@g-api.service[115261]: DEBUG glance.common.config [None req-4c7fed1b-1b1b-4fdb-a1bc-99c8e54a0675 None None] os_brick.lock_path = /opt/stack/data/os_brick {{(pid=115261) log_opt_values /opt/stack/data/venv/lib/python3.12/site-packages/oslo_config/cfg.py:3256}}
May 20 05:27:33.429862 np0000175272 devstack@g-api.service[115265]: DEBUG glance.common.config [None req-788343f5-aa17-4777-8301-332d3b7e36ee None None] ******************************************************************************** {{(pid=115265) log_opt_values /opt/stack/data/venv/lib/python3.12/site-packages/oslo_config/cfg.py:3229}}
May 20 05:27:33.429913 np0000175272 devstack@g-api.service[115261]: DEBUG glance.common.config [None req-4c7fed1b-1b1b-4fdb-a1bc-99c8e54a0675 None None] os_brick.wait_mpath_device_attempts = 4 {{(pid=115261) log_opt_values /opt/stack/data/venv/lib/python3.12/site-packages/oslo_config/cfg.py:3256}}
May 20 05:27:33.429960 np0000175272 devstack@g-api.service[115265]: DEBUG glance.common.config [None req-788343f5-aa17-4777-8301-332d3b7e36ee None None] Configuration options gathered from: {{(pid=115265) log_opt_values /opt/stack/data/venv/lib/python3.12/site-packages/oslo_config/cfg.py:3230}}
May 20 05:27:33.430001 np0000175272 devstack@g-api.service[115261]: DEBUG glance.common.config [None req-4c7fed1b-1b1b-4fdb-a1bc-99c8e54a0675 None None] os_brick.wait_mpath_device_interval = 1 {{(pid=115261) log_opt_values /opt/stack/data/venv/lib/python3.12/site-packages/oslo_config/cfg.py:3256}}
May 20 05:27:33.430084 np0000175272 devstack@g-api.service[115261]: DEBUG glance.common.config [None req-4c7fed1b-1b1b-4fdb-a1bc-99c8e54a0675 None None] privsep_osbrick.capabilities = [21, 2] {{(pid=115261) log_opt_values /opt/stack/data/venv/lib/python3.12/site-packages/oslo_config/cfg.py:3256}}
May 20 05:27:33.430180 np0000175272 devstack@g-api.service[115261]: DEBUG glance.common.config [None req-4c7fed1b-1b1b-4fdb-a1bc-99c8e54a0675 None None] privsep_osbrick.group = None {{(pid=115261) log_opt_values /opt/stack/data/venv/lib/python3.12/site-packages/oslo_config/cfg.py:3256}}
May 20 05:27:33.430246 np0000175272 devstack@g-api.service[115265]: DEBUG glance.common.config [None req-788343f5-aa17-4777-8301-332d3b7e36ee None None] command line args: [] {{(pid=115265) log_opt_values /opt/stack/data/venv/lib/python3.12/site-packages/oslo_config/cfg.py:3231}}
May 20 05:27:33.430287 np0000175272 devstack@g-api.service[115261]: DEBUG glance.common.config [None req-4c7fed1b-1b1b-4fdb-a1bc-99c8e54a0675 None None] privsep_osbrick.helper_command = None {{(pid=115261) log_opt_values /opt/stack/data/venv/lib/python3.12/site-packages/oslo_config/cfg.py:3256}}
May 20 05:27:33.430369 np0000175272 devstack@g-api.service[115265]: DEBUG glance.common.config [None req-788343f5-aa17-4777-8301-332d3b7e36ee None None] config files: ['/etc/glance/glance-image-import.conf', '/etc/glance/glance-api.conf'] {{(pid=115265) log_opt_values /opt/stack/data/venv/lib/python3.12/site-packages/oslo_config/cfg.py:3232}}
May 20 05:27:33.430401 np0000175272 devstack@g-api.service[115261]: DEBUG glance.common.config [None req-4c7fed1b-1b1b-4fdb-a1bc-99c8e54a0675 None None] privsep_osbrick.log_daemon_traceback = False {{(pid=115261) log_opt_values /opt/stack/data/venv/lib/python3.12/site-packages/oslo_config/cfg.py:3256}}
May 20 05:27:33.430459 np0000175272 devstack@g-api.service[115265]: DEBUG glance.common.config [None req-788343f5-aa17-4777-8301-332d3b7e36ee None None] ================================================================================ {{(pid=115265) log_opt_values /opt/stack/data/venv/lib/python3.12/site-packages/oslo_config/cfg.py:3237}}
May 20 05:27:33.430501 np0000175272 devstack@g-api.service[115261]: DEBUG glance.common.config [None req-4c7fed1b-1b1b-4fdb-a1bc-99c8e54a0675 None None] privsep_osbrick.logger_name = brick_privsep_hide_output {{(pid=115261) log_opt_values /opt/stack/data/venv/lib/python3.12/site-packages/oslo_config/cfg.py:3256}}
