Jun 26 01:35:02.350833 np0000183026 devstack@neutron-api.service[103277]: INFO neutron.api.extensions [None req-9e034def-1608-4fd5-8b9a-826e96a60c35 None None] Loaded extension: auto-allocated-topology
Jun 26 01:35:02.350922 np0000183026 devstack@neutron-api.service[103277]: DEBUG neutron.api.extensions [None req-9e034def-1608-4fd5-8b9a-826e96a60c35 None None] Loading extension file: availability_zone.py {{(pid=103277) _load_all_extensions_from_path /opt/stack/neutron/neutron/api/extensions.py:449}}
Jun 26 01:35:02.351315 np0000183026 devstack@neutron-api.service[103277]: DEBUG neutron.api.extensions [None req-9e034def-1608-4fd5-8b9a-826e96a60c35 None None] Ext name="Availability Zone" alias="availability_zone" description="The availability zone extension." updated="2015-01-01T10:00:00-00:00" {{(pid=103277) _check_extension /opt/stack/neutron/neutron/api/extensions.py:415}}
Jun 26 01:35:02.351511 np0000183026 devstack@neutron-api.service[103277]: INFO neutron.api.extensions [None req-9e034def-1608-4fd5-8b9a-826e96a60c35 None None] Loaded extension: availability_zone
Jun 26 01:35:02.351536 np0000183026 devstack@neutron-api.service[103275]: DEBUG neutron_lib.callbacks.manager [None req-d9fc968c-9d6c-48ef-ba7f-3fcabe57f012 None None] Subscribe: > router before_delete 55550000, False {{(pid=103275) subscribe /opt/stack/data/venv/lib/python3.12/site-packages/neutron_lib/callbacks/manager.py:52}}
Jun 26 01:35:02.351566 np0000183026 devstack@neutron-api.service[103277]: DEBUG neutron.api.extensions [None req-9e034def-1608-4fd5-8b9a-826e96a60c35 None None] Loading extension file: availability_zone_filter.py {{(pid=103277) _load_all_extensions_from_path /opt/stack/neutron/neutron/api/extensions.py:449}}
Jun 26 01:35:02.351747 np0000183026 devstack@neutron-api.service[103275]: DEBUG neutron_lib.callbacks.manager [None req-d9fc968c-9d6c-48ef-ba7f-3fcabe57f012 None None] Subscribe: port before_update 55550000, False {{(pid=103275) subscribe /opt/stack/data/venv/lib/python3.12/site-packages/neutron_lib/callbacks/manager.py:52}}
Jun 26 01:35:02.351822 np0000183026 devstack@neutron-api.service[103275]: DEBUG neutron_lib.callbacks.manager [None req-d9fc968c-9d6c-48ef-ba7f-3fcabe57f012 None None] Subscribe: port after_update 55550000, False {{(pid=103275) subscribe /opt/stack/data/venv/lib/python3.12/site-packages/neutron_lib/callbacks/manager.py:52}}
Jun 26 01:35:02.351896 np0000183026 devstack@neutron-api.service[103277]: DEBUG neutron.api.extensions [None req-9e034def-1608-4fd5-8b9a-826e96a60c35 None None] Ext name="Availability Zone Filter Extension" alias="availability_zone_filter" description="Add filter parameters to AvailabilityZone resource" updated="2018-06-22T10:00:00-00:00" {{(pid=103277) _check_extension /opt/stack/neutron/neutron/api/extensions.py:415}}
Jun 26 01:35:02.351965 np0000183026 devstack@neutron-api.service[103275]: DEBUG neutron_lib.callbacks.manager [None req-d9fc968c-9d6c-48ef-ba7f-3fcabe57f012 None None] Subscribe: > port precommit_delete 55550000, False {{(pid=103275) subscribe /opt/stack/data/venv/lib/python3.12/site-packages/neutron_lib/callbacks/manager.py:52}}
Jun 26 01:35:02.352029 np0000183026 devstack@neutron-api.service[103277]: INFO neutron.api.extensions [None req-9e034def-1608-4fd5-8b9a-826e96a60c35 None None] Extension availability_zone_filter not supported by any of loaded plugins
Jun 26 01:35:02.352058 np0000183026 devstack@neutron-api.service[103275]: DEBUG neutron_lib.callbacks.manager [None req-d9fc968c-9d6c-48ef-ba7f-3fcabe57f012 None None] Subscribe: port before_update 55550000, False {{(pid=103275) subscribe /opt/stack/data/venv/lib/python3.12/site-packages/neutron_lib/callbacks/manager.py:52}}
Jun 26 01:35:02.352083 np0000183026 devstack@neutron-api.service[103277]: DEBUG neutron.api.extensions [None req-9e034def-1608-4fd5-8b9a-826e96a60c35 None None] Loading extension file: data_plane_status.py {{(pid=103277) _load_all_extensions_from_path /opt/stack/neutron/neutron/api/extensions.py:449}}
Jun 26 01:35:02.352132 np0000183026 devstack@neutron-api.service[103275]: DEBUG neutron_lib.callbacks.manager [None req-d9fc968c-9d6c-48ef-ba7f-3fcabe57f012 None None] Subscribe: port before_delete 55550000, False {{(pid=103275) subscribe /opt/stack/data/venv/lib/python3.12/site-packages/neutron_lib/callbacks/manager.py:52}}
Jun 26 01:35:02.352182 np0000183026 devstack@neutron-api.service[103275]: DEBUG neutron_lib.callbacks.manager [None req-d9fc968c-9d6c-48ef-ba7f-3fcabe57f012 None None] Subscribe: > router precommit_create 55550000, False {{(pid=103275) subscribe /opt/stack/data/venv/lib/python3.12/site-packages/neutron_lib/callbacks/manager.py:52}}
Jun 26 01:35:02.352289 np0000183026 devstack@neutron-api.service[103275]: DEBUG neutron_lib.callbacks.manager [None req-d9fc968c-9d6c-48ef-ba7f-3fcabe57f012 None None] Subscribe: > router precommit_create 55550000, False {{(pid=103275) subscribe /opt/stack/data/venv/lib/python3.12/site-packages/neutron_lib/callbacks/manager.py:52}}
Jun 26 01:35:02.352368 np0000183026 devstack@neutron-api.service[103277]: DEBUG neutron.api.extensions [None req-9e034def-1608-4fd5-8b9a-826e96a60c35 None None] Ext name="Port data plane status extension" alias="data-plane-status" description="Expose status of underlying data plane" updated="2017-01-24T10:00:00-00:00" {{(pid=103277) _check_extension /opt/stack/neutron/neutron/api/extensions.py:415}}
Jun 26 01:35:02.352432 np0000183026 devstack@neutron-api.service[103275]: DEBUG neutron_lib.callbacks.manager [None req-d9fc968c-9d6c-48ef-ba7f-3fcabe57f012 None None] Subscribe: > router precommit_update 55550000, False {{(pid=103275) subscribe /opt/stack/data/venv/lib/python3.12/site-packages/neutron_lib/callbacks/manager.py:52}}
Jun 26 01:35:02.352540 np0000183026 devstack@neutron-api.service[103277]: INFO neutron.api.extensions [None req-9e034def-1608-4fd5-8b9a-826e96a60c35 None None] Extension data-plane-status not supported by any of loaded plugins
Jun 26 01:35:02.352720 np0000183026 devstack@neutron-api.service[103275]: DEBUG neutron_lib.callbacks.manager [None req-d9fc968c-9d6c-48ef-ba7f-3fcabe57f012 None None] Subscribe: subnet after_update 55550000, False {{(pid=103275) subscribe /opt/stack/data/venv/lib/python3.12/site-packages/neutron_lib/callbacks/manager.py:52}}
Jun 26 01:35:02.352788 np0000183026 devstack@neutron-api.service[103277]: DEBUG neutron.api.extensions [None req-9e034def-1608-4fd5-8b9a-826e96a60c35 None None] Loading extension file: default_subnetpools.py {{(pid=103277) _load_all_extensions_from_path /opt/stack/neutron/neutron/api/extensions.py:449}}
Jun 26 01:35:02.352854 np0000183026 devstack@neutron-api.service[103275]: DEBUG neutron.quota.resource_registry [None req-d9fc968c-9d6c-48ef-ba7f-3fcabe57f012 None None] Tracking information for resource: router configured {{(pid=103275) set_tracked_resource /opt/stack/neutron/neutron/quota/resource_registry.py:203}}
Jun 26 01:35:02.352964 np0000183026 devstack@neutron-api.service[103277]: DEBUG neutron.api.extensions [None req-9e034def-1608-4fd5-8b9a-826e96a60c35 None None] Ext name="Default Subnetpools" alias="default-subnetpools" description="Provides ability to mark and use a subnetpool as the default." updated="2016-02-18T18:00:00-00:00" {{(pid=103277) _check_extension /opt/stack/neutron/neutron/api/extensions.py:415}}
Jun 26 01:35:02.353111 np0000183026 devstack@neutron-api.service[103275]: DEBUG neutron.quota.resource_registry [None req-d9fc968c-9d6c-48ef-ba7f-3fcabe57f012 None None] Tracking information for resource: floatingip configured {{(pid=103275) set_tracked_resource /opt/stack/neutron/neutron/quota/resource_registry.py:203}}
Jun 26 01:35:02.353111 np0000183026 devstack@neutron-api.service[103275]: INFO neutron.services.ovn_l3.plugin [None req-d9fc968c-9d6c-48ef-ba7f-3fcabe57f012 None None] Starting OVNL3RouterPlugin
Jun 26 01:35:02.353213 np0000183026 devstack@neutron-api.service[103277]: INFO neutron.api.extensions [None req-9e034def-1608-4fd5-8b9a-826e96a60c35 None None] Loaded extension: default-subnetpools
Jun 26 01:35:02.353213 np0000183026 devstack@neutron-api.service[103277]: DEBUG neutron.api.extensions [None req-9e034def-1608-4fd5-8b9a-826e96a60c35 None None] Loading extension file: dhcpagentscheduler.py {{(pid=103277) _load_all_extensions_from_path /opt/stack/neutron/neutron/api/extensions.py:449}}
Jun 26 01:35:02.353308 np0000183026 devstack@neutron-api.service[103275]: DEBUG neutron_lib.callbacks.manager [None req-d9fc968c-9d6c-48ef-ba7f-3fcabe57f012 None None] Subscribe: > port_forwarding_plugin after_init 55550000, False {{(pid=103275) subscribe /opt/stack/data/venv/lib/python3.12/site-packages/neutron_lib/callbacks/manager.py:52}}
Jun 26 01:35:02.353308 np0000183026 devstack@neutron-api.service[103275]: DEBUG neutron_lib.callbacks.manager [None req-d9fc968c-9d6c-48ef-ba7f-3fcabe57f012 None None] Subscribe: > router before_create 55550100, False {{(pid=103275) subscribe /opt/stack/data/venv/lib/python3.12/site-packages/neutron_lib/callbacks/manager.py:52}}
Jun 26 01:35:02.353387 np0000183026 devstack@neutron-api.service[103275]: DEBUG neutron_lib.callbacks.manager [None req-d9fc968c-9d6c-48ef-ba7f-3fcabe57f012 None None] Subscribe: > router precommit_delete 55550100, False {{(pid=103275) subscribe /opt/stack/data/venv/lib/python3.12/site-packages/neutron_lib/callbacks/manager.py:52}}
Jun 26 01:35:02.353417 np0000183026 devstack@neutron-api.service[103277]: DEBUG neutron.api.extensions [None req-9e034def-1608-4fd5-8b9a-826e96a60c35 None None] Ext name="DHCP Agent Scheduler" alias="dhcp_agent_scheduler" description="Schedule networks among dhcp agents" updated="2013-02-07T10:00:00-00:00" {{(pid=103277) _check_extension /opt/stack/neutron/neutron/api/extensions.py:415}}
Jun 26 01:35:02.353529 np0000183026 devstack@neutron-api.service[103275]: DEBUG neutron_lib.callbacks.manager [None req-d9fc968c-9d6c-48ef-ba7f-3fcabe57f012 None None] Subscribe: > router precommit_create 55550100, False {{(pid=103275) subscribe /opt/stack/data/venv/lib/python3.12/site-packages/neutron_lib/callbacks/manager.py:52}}
Jun 26 01:35:02.353643 np0000183026 devstack@neutron-api.service[103277]: INFO neutron.api.extensions [None req-9e034def-1608-4fd5-8b9a-826e96a60c35 None None] Loaded extension: dhcp_agent_scheduler
Jun 26 01:35:02.353819 np0000183026 devstack@neutron-api.service[103275]: DEBUG neutron_lib.callbacks.manager [None req-d9fc968c-9d6c-48ef-ba7f-3fcabe57f012 None None] Subscribe: > router precommit_update 55550100, False {{(pid=103275) subscribe /opt/stack/data/venv/lib/python3.12/site-packages/neutron_lib/callbacks/manager.py:52}}
Jun 26 01:35:02.353884 np0000183026 devstack@neutron-api.service[103277]: DEBUG neutron.api.extensions [None req-9e034def-1608-4fd5-8b9a-826e96a60c35 None None] Loading extension file: dns.py {{(pid=103277) _load_all_extensions_from_path /opt/stack/neutron/neutron/api/extensions.py:449}}
Jun 26 01:35:02.353884 np0000183026 devstack@neutron-api.service[103277]: DEBUG neutron.api.extensions [None req-9e034def-1608-4fd5-8b9a-826e96a60c35 None None] Ext name="DNS Integration" alias="dns-integration" description="Provides integration with DNS." updated="2015-08-15T18:00:00-00:00" {{(pid=103277) _check_extension /opt/stack/neutron/neutron/api/extensions.py:415}}
Jun 26 01:35:02.354098 np0000183026 devstack@neutron-api.service[103277]: INFO neutron.api.extensions [None req-9e034def-1608-4fd5-8b9a-826e96a60c35 None None] Loaded extension: dns-integration
Jun 26 01:35:02.354150 np0000183026 devstack@neutron-api.service[103277]: DEBUG neutron.api.extensions [None req-9e034def-1608-4fd5-8b9a-826e96a60c35 None None] Loading extension file: dns_domain_ports.py {{(pid=103277) _load_all_extensions_from_path /opt/stack/neutron/neutron/api/extensions.py:449}}
Jun 26 01:35:02.354379 np0000183026 devstack@neutron-api.service[103277]: DEBUG neutron.api.extensions [None req-9e034def-1608-4fd5-8b9a-826e96a60c35 None None] Ext name="dns_domain for ports" alias="dns-domain-ports" description="Allows the DNS domain to be specified for a network port." updated="2017-04-24T10:00:00-00:00" {{(pid=103277) _check_extension /opt/stack/neutron/neutron/api/extensions.py:415}}
Jun 26 01:35:02.354548 np0000183026 devstack@neutron-api.service[103277]: INFO neutron.api.extensions [None req-9e034def-1608-4fd5-8b9a-826e96a60c35 None None] Loaded extension: dns-domain-ports
Jun 26 01:35:02.354619 np0000183026 devstack@neutron-api.service[103277]: DEBUG neutron.api.extensions [None req-9e034def-1608-4fd5-8b9a-826e96a60c35 None None] Loading extension file: dns_integration_domain_keywords.py {{(pid=103277) _load_all_extensions_from_path /opt/stack/neutron/neutron/api/extensions.py:449}}
Jun 26 01:35:02.354863 np0000183026 devstack@neutron-api.service[103277]: DEBUG neutron.api.extensions [None req-9e034def-1608-4fd5-8b9a-826e96a60c35 None None] Ext name="DNS domain names with keywords allowed" alias="dns-integration-domain-keywords" description="Allows to use keywords like , , and as DNS domain name" updated="2020-06-15T18:00:00-00:00" {{(pid=103277) _check_extension /opt/stack/neutron/neutron/api/extensions.py:415}}
Jun 26 01:35:02.355035 np0000183026 devstack@neutron-api.service[103277]: INFO neutron.api.extensions [None req-9e034def-1608-4fd5-8b9a-826e96a60c35 None None] Loaded extension: dns-integration-domain-keywords
Jun 26 01:35:02.355188 np0000183026 devstack@neutron-api.service[103277]: DEBUG neutron.api.extensions [None req-9e034def-1608-4fd5-8b9a-826e96a60c35 None None] Loading extension file: dvr.py {{(pid=103277) _load_all_extensions_from_path /opt/stack/neutron/neutron/api/extensions.py:449}}
Jun 26 01:35:02.355452 np0000183026 devstack@neutron-api.service[103277]: DEBUG neutron.api.extensions [None req-9e034def-1608-4fd5-8b9a-826e96a60c35 None None] Ext name="Distributed Virtual Router" alias="dvr" description="Enables configuration of Distributed Virtual Routers." updated="2014-06-1T10:00:00-00:00" {{(pid=103277) _check_extension /opt/stack/neutron/neutron/api/extensions.py:415}}
Jun 26 01:35:02.355481 np0000183026 devstack@neutron-api.service[103276]: DEBUG neutron_lib.callbacks.manager [None req-1cf973a0-c844-40f7-995b-9d3727f98302 None None] Subscribe: > router before_delete 55550000, False {{(pid=103276) subscribe /opt/stack/data/venv/lib/python3.12/site-packages/neutron_lib/callbacks/manager.py:52}}
Jun 26 01:35:02.355531 np0000183026 devstack@neutron-api.service[103277]: INFO neutron.api.extensions [None req-9e034def-1608-4fd5-8b9a-826e96a60c35 None None] Extension dvr not supported by any of loaded plugins
Jun 26 01:35:02.355556 np0000183026 devstack@neutron-api.service[103276]: DEBUG neutron_lib.callbacks.manager [None req-1cf973a0-c844-40f7-995b-9d3727f98302 None None] Subscribe: port before_update 55550000, False {{(pid=103276) subscribe /opt/stack/data/venv/lib/python3.12/site-packages/neutron_lib/callbacks/manager.py:52}}
Jun 26 01:35:02.355681 np0000183026 devstack@neutron-api.service[103277]: DEBUG neutron.api.extensions [None req-9e034def-1608-4fd5-8b9a-826e96a60c35 None None] Loading extension file: ecmp_routes.py {{(pid=103277) _load_all_extensions_from_path /opt/stack/neutron/neutron/api/extensions.py:449}}
Jun 26 01:35:02.355738 np0000183026 devstack@neutron-api.service[103276]: DEBUG neutron_lib.callbacks.manager [None req-1cf973a0-c844-40f7-995b-9d3727f98302 None None] Subscribe: port after_update 55550000, False {{(pid=103276) subscribe /opt/stack/data/venv/lib/python3.12/site-packages/neutron_lib/callbacks/manager.py:52}}
Jun 26 01:35:02.355738 np0000183026 devstack@neutron-api.service[103276]: DEBUG neutron_lib.callbacks.manager [None req-1cf973a0-c844-40f7-995b-9d3727f98302 None None] Subscribe: > port precommit_delete 55550000, False {{(pid=103276) subscribe /opt/stack/data/venv/lib/python3.12/site-packages/neutron_lib/callbacks/manager.py:52}}
Jun 26 01:35:02.355933 np0000183026 devstack@neutron-api.service[103276]: DEBUG neutron_lib.callbacks.manager [None req-1cf973a0-c844-40f7-995b-9d3727f98302 None None] Subscribe: port before_update 55550000, False {{(pid=103276) subscribe /opt/stack/data/venv/lib/python3.12/site-packages/neutron_lib/callbacks/manager.py:52}}
Jun 26 01:35:02.356088 np0000183026 devstack@neutron-api.service[103277]: DEBUG neutron.api.extensions [None req-9e034def-1608-4fd5-8b9a-826e96a60c35 None None] Ext name="Equal Cost Multipath Routing" alias="ecmp_routes" description="Allows traffic to reach thesame destination via multiple different links " updated="2020-11-26T18:00:00-00:00" {{(pid=103277) _check_extension /opt/stack/neutron/neutron/api/extensions.py:415}}
Jun 26 01:35:02.356134 np0000183026 devstack@neutron-api.service[103276]: DEBUG neutron_lib.callbacks.manager [None req-1cf973a0-c844-40f7-995b-9d3727f98302 None None] Subscribe: port before_delete 55550000, False {{(pid=103276) subscribe /opt/stack/data/venv/lib/python3.12/site-packages/neutron_lib/callbacks/manager.py:52}}
Jun 26 01:35:02.356251 np0000183026 devstack@neutron-api.service[103277]: INFO neutron.api.extensions [None req-9e034def-1608-4fd5-8b9a-826e96a60c35 None None] Extension ecmp_routes not supported by any of loaded plugins
Jun 26 01:35:02.356313 np0000183026 devstack@neutron-api.service[103276]: DEBUG neutron_lib.callbacks.manager [None req-1cf973a0-c844-40f7-995b-9d3727f98302 None None] Subscribe: > router precommit_create 55550000, False {{(pid=103276) subscribe /opt/stack/data/venv/lib/python3.12/site-packages/neutron_lib/callbacks/manager.py:52}}
Jun 26 01:35:02.356472 np0000183026 devstack@neutron-api.service[103277]: DEBUG neutron.api.extensions [None req-9e034def-1608-4fd5-8b9a-826e96a60c35 None None] Loading extension file: empty_string_filtering.py {{(pid=103277) _load_all_extensions_from_path /opt/stack/neutron/neutron/api/extensions.py:449}}
Jun 26 01:35:02.356504 np0000183026 devstack@neutron-api.service[103276]: DEBUG neutron_lib.callbacks.manager [None req-1cf973a0-c844-40f7-995b-9d3727f98302 None None] Subscribe: > router precommit_create 55550000, False {{(pid=103276) subscribe /opt/stack/data/venv/lib/python3.12/site-packages/neutron_lib/callbacks/manager.py:52}}
Jun 26 01:35:02.356504 np0000183026 devstack@neutron-api.service[103276]: DEBUG neutron_lib.callbacks.manager [None req-1cf973a0-c844-40f7-995b-9d3727f98302 None None] Subscribe: > router precommit_update 55550000, False {{(pid=103276) subscribe /opt/stack/data/venv/lib/python3.12/site-packages/neutron_lib/callbacks/manager.py:52}}
Jun 26 01:35:02.356553 np0000183026 devstack@neutron-api.service[103277]: DEBUG neutron.api.extensions [None req-9e034def-1608-4fd5-8b9a-826e96a60c35 None None] Ext name="Empty String Filtering Extension" alias="empty-string-filtering" description="Allow filtering by attributes with empty string value" updated="2018-05-01T10:00:00-00:00" {{(pid=103277) _check_extension /opt/stack/neutron/neutron/api/extensions.py:415}}
Jun 26 01:35:02.356604 np0000183026 devstack@neutron-api.service[103276]: DEBUG neutron_lib.callbacks.manager [None req-1cf973a0-c844-40f7-995b-9d3727f98302 None None] Subscribe: subnet after_update 55550000, False {{(pid=103276) subscribe /opt/stack/data/venv/lib/python3.12/site-packages/neutron_lib/callbacks/manager.py:52}}
Jun 26 01:35:02.356628 np0000183026 devstack@neutron-api.service[103277]: INFO neutron.api.extensions [None req-9e034def-1608-4fd5-8b9a-826e96a60c35 None None] Loaded extension: empty-string-filtering
Jun 26 01:35:02.356651 np0000183026 devstack@neutron-api.service[103276]: DEBUG neutron.quota.resource_registry [None req-1cf973a0-c844-40f7-995b-9d3727f98302 None None] Tracking information for resource: router configured {{(pid=103276) set_tracked_resource /opt/stack/neutron/neutron/quota/resource_registry.py:203}}
Jun 26 01:35:02.356674 np0000183026 devstack@neutron-api.service[103277]: DEBUG neutron.api.extensions [None req-9e034def-1608-4fd5-8b9a-826e96a60c35 None None] Loading extension file: evpn.py {{(pid=103277) _load_all_extensions_from_path /opt/stack/neutron/neutron/api/extensions.py:449}}
Jun 26 01:35:02.356726 np0000183026 devstack@neutron-api.service[103276]: DEBUG neutron.quota.resource_registry [None req-1cf973a0-c844-40f7-995b-9d3727f98302 None None] Tracking information for resource: floatingip configured {{(pid=103276) set_tracked_resource /opt/stack/neutron/neutron/quota/resource_registry.py:203}}
Jun 26 01:35:02.356795 np0000183026 devstack@neutron-api.service[103276]: INFO neutron.services.ovn_l3.plugin [None req-1cf973a0-c844-40f7-995b-9d3727f98302 None None] Starting OVNL3RouterPlugin
Jun 26 01:35:02.356948 np0000183026 devstack@neutron-api.service[103277]: DEBUG neutron.api.extensions [None req-9e034def-1608-4fd5-8b9a-826e96a60c35 None None] Ext name="EVPN" alias="evpn" description="Router extension to support EVPN Type-5 route advertisement" updated="2026-04-28T00:00:00-00:00" {{(pid=103277) _check_extension /opt/stack/neutron/neutron/api/extensions.py:415}}
Jun 26 01:35:02.357063 np0000183026 devstack@neutron-api.service[103276]: DEBUG neutron_lib.callbacks.manager [None req-1cf973a0-c844-40f7-995b-9d3727f98302 None None] Subscribe: > port_forwarding_plugin after_init 55550000, False {{(pid=103276) subscribe /opt/stack/data/venv/lib/python3.12/site-packages/neutron_lib/callbacks/manager.py:52}}
Jun 26 01:35:02.357118 np0000183026 devstack@neutron-api.service[103275]: DEBUG neutron.services.provider_configuration [None req-d9fc968c-9d6c-48ef-ba7f-3fcabe57f012 None None] Service providers = [] {{(pid=103275) parse_service_provider_opt /opt/stack/neutron/neutron/services/provider_configuration.py:170}}
Jun 26 01:35:02.357277 np0000183026 devstack@neutron-api.service[103277]: INFO neutron.api.extensions [None req-9e034def-1608-4fd5-8b9a-826e96a60c35 None None] Extension evpn not supported by any of loaded plugins
Jun 26 01:35:02.357329 np0000183026 devstack@neutron-api.service[103275]: DEBUG neutron.db.servicetype_db [None req-d9fc968c-9d6c-48ef-ba7f-3fcabe57f012 None None] Adding provider configuration for service L3_ROUTER_NAT {{(pid=103275) add_provider_configuration /opt/stack/neutron/neutron/db/servicetype_db.py:45}}
Jun 26 01:35:02.357387 np0000183026 devstack@neutron-api.service[103277]: DEBUG neutron.api.extensions [None req-9e034def-1608-4fd5-8b9a-826e96a60c35 None None] Loading extension file: expose_l3_conntrack_helper.py {{(pid=103277) _load_all_extensions_from_path /opt/stack/neutron/neutron/api/extensions.py:449}}
Jun 26 01:35:02.357494 np0000183026 devstack@neutron-api.service[103276]: DEBUG neutron_lib.callbacks.manager [None req-1cf973a0-c844-40f7-995b-9d3727f98302 None None] Subscribe: > router before_create 55550100, False {{(pid=103276) subscribe /opt/stack/data/venv/lib/python3.12/site-packages/neutron_lib/callbacks/manager.py:52}}
Jun 26 01:35:02.357494 np0000183026 devstack@neutron-api.service[103276]: DEBUG neutron_lib.callbacks.manager [None req-1cf973a0-c844-40f7-995b-9d3727f98302 None None] Subscribe: > router precommit_delete 55550100, False {{(pid=103276) subscribe /opt/stack/data/venv/lib/python3.12/site-packages/neutron_lib/callbacks/manager.py:52}}
Jun 26 01:35:02.357711 np0000183026 devstack@neutron-api.service[103277]: DEBUG neutron.api.extensions [None req-9e034def-1608-4fd5-8b9a-826e96a60c35 None None] Ext name="Expose CT target rules for conntrack helper" alias="expose-l3-conntrack-helper" description="Expose allow adding CT target rules for conntrack helper" updated="2019-04-04T10:00:00-00:00" {{(pid=103277) _check_extension /opt/stack/neutron/neutron/api/extensions.py:415}}
Jun 26 01:35:02.357759 np0000183026 devstack@neutron-api.service[103276]: DEBUG neutron_lib.callbacks.manager [None req-1cf973a0-c844-40f7-995b-9d3727f98302 None None] Subscribe: > router precommit_create 55550100, False {{(pid=103276) subscribe /opt/stack/data/venv/lib/python3.12/site-packages/neutron_lib/callbacks/manager.py:52}}
Jun 26 01:35:02.357759 np0000183026 devstack@neutron-api.service[103276]: DEBUG neutron_lib.callbacks.manager [None req-1cf973a0-c844-40f7-995b-9d3727f98302 None None] Subscribe: > router precommit_update 55550100, False {{(pid=103276) subscribe /opt/stack/data/venv/lib/python3.12/site-packages/neutron_lib/callbacks/manager.py:52}}
Jun 26 01:35:02.357939 np0000183026 devstack@neutron-api.service[103277]: INFO neutron.api.extensions [None req-9e034def-1608-4fd5-8b9a-826e96a60c35 None None] Extension expose-l3-conntrack-helper not supported by any of loaded plugins
Jun 26 01:35:02.357939 np0000183026 devstack@neutron-api.service[103277]: DEBUG neutron.api.extensions [None req-9e034def-1608-4fd5-8b9a-826e96a60c35 None None] Loading extension file: expose_port_forwarding_in_fip.py {{(pid=103277) _load_all_extensions_from_path /opt/stack/neutron/neutron/api/extensions.py:449}}
Jun 26 01:35:02.357939 np0000183026 devstack@neutron-api.service[103277]: DEBUG neutron.api.extensions [None req-9e034def-1608-4fd5-8b9a-826e96a60c35 None None] Ext name="Expose Floating IP port forwardings" alias="expose-port-forwarding-in-fip" description="Expose port forwarding fields in floating IP response" updated="2018-06-28T16:00:00-00:00" {{(pid=103277) _check_extension /opt/stack/neutron/neutron/api/extensions.py:415}}
Jun 26 01:35:02.358118 np0000183026 devstack@neutron-api.service[103277]: INFO neutron.api.extensions [None req-9e034def-1608-4fd5-8b9a-826e96a60c35 None None] Extension expose-port-forwarding-in-fip not supported by any of loaded plugins
Jun 26 01:35:02.358118 np0000183026 devstack@neutron-api.service[103277]: DEBUG neutron.api.extensions [None req-9e034def-1608-4fd5-8b9a-826e96a60c35 None None] Loading extension file: external_net.py {{(pid=103277) _load_all_extensions_from_path /opt/stack/neutron/neutron/api/extensions.py:449}}
Jun 26 01:35:02.358280 np0000183026 devstack@neutron-api.service[103275]: DEBUG neutron_lib.callbacks.manager [None req-d9fc968c-9d6c-48ef-ba7f-3fcabe57f012 None None] Subscribe: > router precommit_create 55549900, False {{(pid=103275) subscribe /opt/stack/data/venv/lib/python3.12/site-packages/neutron_lib/callbacks/manager.py:52}}
Jun 26 01:35:02.358349 np0000183026 devstack@neutron-api.service[103277]: DEBUG neutron.api.extensions [None req-9e034def-1608-4fd5-8b9a-826e96a60c35 None None] Ext name="Neutron external network" alias="external-net" description="Adds external network attribute to network resource." updated="2013-01-14T10:00:00-00:00" {{(pid=103277) _check_extension /opt/stack/neutron/neutron/api/extensions.py:415}}
Jun 26 01:35:02.358453 np0000183026 devstack@neutron-api.service[103275]: DEBUG neutron_lib.callbacks.manager [None req-d9fc968c-9d6c-48ef-ba7f-3fcabe57f012 None None] Subscribe: > router_interface after_create 55550000, False {{(pid=103275) subscribe /opt/stack/data/venv/lib/python3.12/site-packages/neutron_lib/callbacks/manager.py:52}}
Jun 26 01:35:02.358453 np0000183026 devstack@neutron-api.service[103275]: DEBUG neutron_lib.callbacks.manager [None req-d9fc968c-9d6c-48ef-ba7f-3fcabe57f012 None None] Subscribe: > floatingip after_create 55550000, False {{(pid=103275) subscribe /opt/stack/data/venv/lib/python3.12/site-packages/neutron_lib/callbacks/manager.py:52}}
Jun 26 01:35:02.358499 np0000183026 devstack@neutron-api.service[103277]: INFO neutron.api.extensions [None req-9e034def-1608-4fd5-8b9a-826e96a60c35 None None] Loaded extension: external-net
Jun 26 01:35:02.358523 np0000183026 devstack@neutron-api.service[103275]: DEBUG neutron_lib.callbacks.manager [None req-d9fc968c-9d6c-48ef-ba7f-3fcabe57f012 None None] Subscribe: > floatingip precommit_create 55550000, False {{(pid=103275) subscribe /opt/stack/data/venv/lib/python3.12/site-packages/neutron_lib/callbacks/manager.py:52}}
Jun 26 01:35:02.358549 np0000183026 devstack@neutron-api.service[103277]: DEBUG neutron.api.extensions [None req-9e034def-1608-4fd5-8b9a-826e96a60c35 None None] Loading extension file: extra_dhcp_opt.py {{(pid=103277) _load_all_extensions_from_path /opt/stack/neutron/neutron/api/extensions.py:449}}
Jun 26 01:35:02.358577 np0000183026 devstack@neutron-api.service[103275]: DEBUG neutron_lib.callbacks.manager [None req-d9fc968c-9d6c-48ef-ba7f-3fcabe57f012 None None] Subscribe: > floatingip precommit_update 55550000, False {{(pid=103275) subscribe /opt/stack/data/venv/lib/python3.12/site-packages/neutron_lib/callbacks/manager.py:52}}
Jun 26 01:35:02.358690 np0000183026 devstack@neutron-api.service[103275]: DEBUG neutron_lib.callbacks.manager [None req-d9fc968c-9d6c-48ef-ba7f-3fcabe57f012 None None] Subscribe: > floatingip after_delete 55550000, False {{(pid=103275) subscribe /opt/stack/data/venv/lib/python3.12/site-packages/neutron_lib/callbacks/manager.py:52}}
Jun 26 01:35:02.358757 np0000183026 devstack@neutron-api.service[103277]: DEBUG neutron.api.extensions [None req-9e034def-1608-4fd5-8b9a-826e96a60c35 None None] Ext name="Neutron Extra DHCP options" alias="extra_dhcp_opt" description="Extra options configuration for DHCP. For example PXE boot options to DHCP clients can be specified (e.g. tftp-server, server-ip-address, bootfile-name)" updated="2013-03-17T12:00:00-00:00" {{(pid=103277) _check_extension /opt/stack/neutron/neutron/api/extensions.py:415}}
Jun 26 01:35:02.358829 np0000183026 devstack@neutron-api.service[103275]: DEBUG neutron_lib.callbacks.manager [None req-d9fc968c-9d6c-48ef-ba7f-3fcabe57f012 None None] Subscribe: > floatingip after_status_update 55550000, False {{(pid=103275) subscribe /opt/stack/data/venv/lib/python3.12/site-packages/neutron_lib/callbacks/manager.py:52}}
Jun 26 01:35:02.358900 np0000183026 devstack@neutron-api.service[103275]: DEBUG neutron_lib.callbacks.manager [None req-d9fc968c-9d6c-48ef-ba7f-3fcabe57f012 None None] Subscribe: > floatingip after_update 55550000, False {{(pid=103275) subscribe /opt/stack/data/venv/lib/python3.12/site-packages/neutron_lib/callbacks/manager.py:52}}
Jun 26 01:35:02.358951 np0000183026 devstack@neutron-api.service[103277]: INFO neutron.api.extensions [None req-9e034def-1608-4fd5-8b9a-826e96a60c35 None None] Loaded extension: extra_dhcp_opt
Jun 26 01:35:02.359016 np0000183026 devstack@neutron-api.service[103275]: DEBUG neutron_lib.callbacks.manager [None req-d9fc968c-9d6c-48ef-ba7f-3fcabe57f012 None None] Subscribe: > port_forwarding after_create 55550000, False {{(pid=103275) subscribe /opt/stack/data/venv/lib/python3.12/site-packages/neutron_lib/callbacks/manager.py:52}}
Jun 26 01:35:02.359045 np0000183026 devstack@neutron-api.service[103277]: DEBUG neutron.api.extensions [None req-9e034def-1608-4fd5-8b9a-826e96a60c35 None None] Loading extension file: extraroute.py {{(pid=103277) _load_all_extensions_from_path /opt/stack/neutron/neutron/api/extensions.py:449}}
Jun 26 01:35:02.359119 np0000183026 devstack@neutron-api.service[103275]: DEBUG neutron_lib.callbacks.manager [None req-d9fc968c-9d6c-48ef-ba7f-3fcabe57f012 None None] Subscribe: > router_interface after_delete 55550000, False {{(pid=103275) subscribe /opt/stack/data/venv/lib/python3.12/site-packages/neutron_lib/callbacks/manager.py:52}}
Jun 26 01:35:02.359212 np0000183026 devstack@neutron-api.service[103275]: DEBUG neutron_lib.callbacks.manager [None req-d9fc968c-9d6c-48ef-ba7f-3fcabe57f012 None None] Subscribe: > router after_create 55550000, False {{(pid=103275) subscribe /opt/stack/data/venv/lib/python3.12/site-packages/neutron_lib/callbacks/manager.py:52}}
Jun 26 01:35:02.359372 np0000183026 devstack@neutron-api.service[103277]: DEBUG neutron.api.extensions [None req-9e034def-1608-4fd5-8b9a-826e96a60c35 None None] Ext name="Neutron Extra Route" alias="extraroute" description="Extra routes configuration for L3 router" updated="2013-02-01T10:00:00-00:00" {{(pid=103277) _check_extension /opt/stack/neutron/neutron/api/extensions.py:415}}
Jun 26 01:35:02.359426 np0000183026 devstack@neutron-api.service[103275]: DEBUG neutron_lib.callbacks.manager [None req-d9fc968c-9d6c-48ef-ba7f-3fcabe57f012 None None] Subscribe: > router precommit_create 55550000, False {{(pid=103275) subscribe /opt/stack/data/venv/lib/python3.12/site-packages/neutron_lib/callbacks/manager.py:52}}
Jun 26 01:35:02.359426 np0000183026 devstack@neutron-api.service[103275]: DEBUG neutron_lib.callbacks.manager [None req-d9fc968c-9d6c-48ef-ba7f-3fcabe57f012 None None] Subscribe: > router after_delete 55550000, False {{(pid=103275) subscribe /opt/stack/data/venv/lib/python3.12/site-packages/neutron_lib/callbacks/manager.py:52}}
Jun 26 01:35:02.359529 np0000183026 devstack@neutron-api.service[103277]: INFO neutron.api.extensions [None req-9e034def-1608-4fd5-8b9a-826e96a60c35 None None] Loaded extension: extraroute
Jun 26 01:35:02.359588 np0000183026 devstack@neutron-api.service[103275]: DEBUG neutron_lib.callbacks.manager [None req-d9fc968c-9d6c-48ef-ba7f-3fcabe57f012 None None] Subscribe: > router after_update 55550000, False {{(pid=103275) subscribe /opt/stack/data/venv/lib/python3.12/site-packages/neutron_lib/callbacks/manager.py:52}}
Jun 26 01:35:02.359613 np0000183026 devstack@neutron-api.service[103277]: DEBUG neutron.api.extensions [None req-9e034def-1608-4fd5-8b9a-826e96a60c35 None None] Loading extension file: extraroute_atomic.py {{(pid=103277) _load_all_extensions_from_path /opt/stack/neutron/neutron/api/extensions.py:449}}
Jun 26 01:35:02.359678 np0000183026 devstack@neutron-api.service[103275]: DEBUG neutron.services.service_base [None req-d9fc968c-9d6c-48ef-ba7f-3fcabe57f012 None None] Loaded 'neutron.services.ovn_l3.service_providers.ovn.OvnDriver' provider for service L3_ROUTER_NAT {{(pid=103275) load_drivers /opt/stack/neutron/neutron/services/service_base.py:49}}
Jun 26 01:35:02.359678 np0000183026 devstack@neutron-api.service[103275]: DEBUG neutron_lib.callbacks.manager [None req-d9fc968c-9d6c-48ef-ba7f-3fcabe57f012 None None] Subscribe: > process after_init 55550001, True {{(pid=103275) subscribe /opt/stack/data/venv/lib/python3.12/site-packages/neutron_lib/callbacks/manager.py:52}}
Jun 26 01:35:02.359747 np0000183026 devstack@neutron-api.service[103277]: DEBUG neutron.api.extensions [None req-9e034def-1608-4fd5-8b9a-826e96a60c35 None None] Ext name="Atomically add/remove extra routes" alias="extraroute-atomic" description="Edit extra routes of a router on server side by atomically adding/removing extra routes" updated="2019-07-10T00:00:00+00:00" {{(pid=103277) _check_extension /opt/stack/neutron/neutron/api/extensions.py:415}}
Jun 26 01:35:02.359892 np0000183026 devstack@neutron-api.service[103275]: DEBUG neutron.manager [None req-d9fc968c-9d6c-48ef-ba7f-3fcabe57f012 None None] Successfully loaded L3_ROUTER_NAT plugin. Description: L3 Router Service Plugin for basic L3 forwarding using OVN {{(pid=103275) _create_and_add_service_plugin /opt/stack/neutron/neutron/manager.py:236}}
Jun 26 01:35:02.359892 np0000183026 devstack@neutron-api.service[103275]: INFO neutron.manager [None req-d9fc968c-9d6c-48ef-ba7f-3fcabe57f012 None None] Loading Plugin: auto_allocate
Jun 26 01:35:02.360059 np0000183026 devstack@neutron-api.service[103277]: INFO neutron.api.extensions [None req-9e034def-1608-4fd5-8b9a-826e96a60c35 None None] Loaded extension: extraroute-atomic
Jun 26 01:35:02.360059 np0000183026 devstack@neutron-api.service[103277]: DEBUG neutron.api.extensions [None req-9e034def-1608-4fd5-8b9a-826e96a60c35 None None] Loading extension file: filter_validation.py {{(pid=103277) _load_all_extensions_from_path /opt/stack/neutron/neutron/api/extensions.py:449}}
Jun 26 01:35:02.360318 np0000183026 devstack@neutron-api.service[103277]: DEBUG neutron.api.extensions [None req-9e034def-1608-4fd5-8b9a-826e96a60c35 None None] Ext name="Filter parameters validation" alias="filter-validation" description="Provides validation on filter parameters." updated="2018-07-04T10:00:00-00:00" {{(pid=103277) _check_extension /opt/stack/neutron/neutron/api/extensions.py:415}}
Jun 26 01:35:02.360502 np0000183026 devstack@neutron-api.service[103277]: INFO neutron.api.extensions [None req-9e034def-1608-4fd5-8b9a-826e96a60c35 None None] Loaded extension: filter-validation
Jun 26 01:35:02.360502 np0000183026 devstack@neutron-api.service[103277]: DEBUG neutron.api.extensions [None req-9e034def-1608-4fd5-8b9a-826e96a60c35 None None] Loading extension file: fip_pf_description.py {{(pid=103277) _load_all_extensions_from_path /opt/stack/neutron/neutron/api/extensions.py:449}}
Jun 26 01:35:02.360755 np0000183026 devstack@neutron-api.service[103277]: DEBUG neutron.api.extensions [None req-9e034def-1608-4fd5-8b9a-826e96a60c35 None None] Ext name="Floating IP Port Forwarding new attribute description" alias="floating-ip-port-forwarding-description" description="Add a description field to Port Forwarding rules" updated="2019-11-01T10:00:00-00:00" {{(pid=103277) _check_extension /opt/stack/neutron/neutron/api/extensions.py:415}}
Jun 26 01:35:02.360836 np0000183026 devstack@neutron-api.service[103275]: DEBUG neutron_lib.callbacks.manager [None req-d9fc968c-9d6c-48ef-ba7f-3fcabe57f012 None None] Subscribe: network precommit_update 55550000, False {{(pid=103275) subscribe /opt/stack/data/venv/lib/python3.12/site-packages/neutron_lib/callbacks/manager.py:52}}
Jun 26 01:35:02.360910 np0000183026 devstack@neutron-api.service[103276]: DEBUG neutron.services.provider_configuration [None req-1cf973a0-c844-40f7-995b-9d3727f98302 None None] Service providers = [] {{(pid=103276) parse_service_provider_opt /opt/stack/neutron/neutron/services/provider_configuration.py:170}}
Jun 26 01:35:02.360942 np0000183026 devstack@neutron-api.service[103277]: INFO neutron.api.extensions [None req-9e034def-1608-4fd5-8b9a-826e96a60c35 None None] Extension floating-ip-port-forwarding-description not supported by any of loaded plugins
Jun 26 01:35:02.360975 np0000183026 devstack@neutron-api.service[103275]: DEBUG neutron_lib.callbacks.manager [None req-d9fc968c-9d6c-48ef-ba7f-3fcabe57f012 None None] Subscribe: network precommit_create 55550000, False {{(pid=103275) subscribe /opt/stack/data/venv/lib/python3.12/site-packages/neutron_lib/callbacks/manager.py:52}}
Jun 26 01:35:02.361032 np0000183026 devstack@neutron-api.service[103277]: DEBUG neutron.api.extensions [None req-9e034def-1608-4fd5-8b9a-826e96a60c35 None None] Loading extension file: fip_pf_detail.py {{(pid=103277) _load_all_extensions_from_path /opt/stack/neutron/neutron/api/extensions.py:449}}
Jun 26 01:35:02.361090 np0000183026 devstack@neutron-api.service[103276]: DEBUG neutron.db.servicetype_db [None req-1cf973a0-c844-40f7-995b-9d3727f98302 None None] Adding provider configuration for service L3_ROUTER_NAT {{(pid=103276) add_provider_configuration /opt/stack/neutron/neutron/db/servicetype_db.py:45}}
Jun 26 01:35:02.361116 np0000183026 devstack@neutron-api.service[103275]: DEBUG neutron.manager [None req-d9fc968c-9d6c-48ef-ba7f-3fcabe57f012 None None] Successfully loaded auto-allocated-topology plugin. Description: Auto Allocated Topology - aka get me a network. {{(pid=103275) _create_and_add_service_plugin /opt/stack/neutron/neutron/manager.py:236}}
Jun 26 01:35:02.361226 np0000183026 devstack@neutron-api.service[103275]: INFO neutron.manager [None req-d9fc968c-9d6c-48ef-ba7f-3fcabe57f012 None None] Loading Plugin: tag
Jun 26 01:35:02.361349 np0000183026 devstack@neutron-api.service[103277]: DEBUG neutron.api.extensions [None req-9e034def-1608-4fd5-8b9a-826e96a60c35 None None] Ext name="Floating IP port forwarding detail" alias="floating-ip-port-forwarding-detail" description="Allow list floating ip return more port forwarding data, include'id' and 'internal_port_id'" updated="2022-05-06T10:00:00-00:00" {{(pid=103277) _check_extension /opt/stack/neutron/neutron/api/extensions.py:415}}
Jun 26 01:35:02.361458 np0000183026 devstack@neutron-api.service[103277]: INFO neutron.api.extensions [None req-9e034def-1608-4fd5-8b9a-826e96a60c35 None None] Loaded extension: floating-ip-port-forwarding-detail
Jun 26 01:35:02.361458 np0000183026 devstack@neutron-api.service[103277]: DEBUG neutron.api.extensions [None req-9e034def-1608-4fd5-8b9a-826e96a60c35 None None] Loading extension file: fip_pf_port_range.py {{(pid=103277) _load_all_extensions_from_path /opt/stack/neutron/neutron/api/extensions.py:449}}
Jun 26 01:35:02.361679 np0000183026 devstack@neutron-api.service[103277]: DEBUG neutron.api.extensions [None req-9e034def-1608-4fd5-8b9a-826e96a60c35 None None] Ext name="Floating IP Port Forwarding support port ranges" alias="floating-ip-port-forwarding-port-ranges" description="Add support to port ranges" updated="2020-07-01T10:00:00-00:00" {{(pid=103277) _check_extension /opt/stack/neutron/neutron/api/extensions.py:415}}
Jun 26 01:35:02.361854 np0000183026 devstack@neutron-api.service[103277]: INFO neutron.api.extensions [None req-9e034def-1608-4fd5-8b9a-826e96a60c35 None None] Extension floating-ip-port-forwarding-port-ranges not supported by any of loaded plugins
Jun 26 01:35:02.361938 np0000183026 devstack@neutron-api.service[103277]: DEBUG neutron.api.extensions [None req-9e034def-1608-4fd5-8b9a-826e96a60c35 None None] Loading extension file: fip_port_details.py {{(pid=103277) _load_all_extensions_from_path /opt/stack/neutron/neutron/api/extensions.py:449}}
Jun 26 01:35:02.362104 np0000183026 devstack@neutron-api.service[103276]: DEBUG neutron_lib.callbacks.manager [None req-1cf973a0-c844-40f7-995b-9d3727f98302 None None] Subscribe: > router precommit_create 55549900, False {{(pid=103276) subscribe /opt/stack/data/venv/lib/python3.12/site-packages/neutron_lib/callbacks/manager.py:52}}
Jun 26 01:35:02.362187 np0000183026 devstack@neutron-api.service[103277]: DEBUG neutron.api.extensions [None req-9e034def-1608-4fd5-8b9a-826e96a60c35 None None] Ext name="Floating IP Port Details Extension" alias="fip-port-details" description="Add port_details attribute to Floating IP resource" updated="2018-04-09T10:00:00-00:00" {{(pid=103277) _check_extension /opt/stack/neutron/neutron/api/extensions.py:415}}
Jun 26 01:35:02.362222 np0000183026 devstack@neutron-api.service[103276]: DEBUG neutron_lib.callbacks.manager [None req-1cf973a0-c844-40f7-995b-9d3727f98302 None None] Subscribe: > router_interface after_create 55550000, False {{(pid=103276) subscribe /opt/stack/data/venv/lib/python3.12/site-packages/neutron_lib/callbacks/manager.py:52}}
Jun 26 01:35:02.362312 np0000183026 devstack@neutron-api.service[103276]: DEBUG neutron_lib.callbacks.manager [None req-1cf973a0-c844-40f7-995b-9d3727f98302 None None] Subscribe: > floatingip after_create 55550000, False {{(pid=103276) subscribe /opt/stack/data/venv/lib/python3.12/site-packages/neutron_lib/callbacks/manager.py:52}}
Jun 26 01:35:02.362350 np0000183026 devstack@neutron-api.service[103277]: INFO neutron.api.extensions [None req-9e034def-1608-4fd5-8b9a-826e96a60c35 None None] Loaded extension: fip-port-details
Jun 26 01:35:02.362414 np0000183026 devstack@neutron-api.service[103276]: DEBUG neutron_lib.callbacks.manager [None req-1cf973a0-c844-40f7-995b-9d3727f98302 None None] Subscribe: > floatingip precommit_create 55550000, False {{(pid=103276) subscribe /opt/stack/data/venv/lib/python3.12/site-packages/neutron_lib/callbacks/manager.py:52}}
Jun 26 01:35:02.362473 np0000183026 devstack@neutron-api.service[103277]: DEBUG neutron.api.extensions [None req-9e034def-1608-4fd5-8b9a-826e96a60c35 None None] Loading extension file: flavors.py {{(pid=103277) _load_all_extensions_from_path /opt/stack/neutron/neutron/api/extensions.py:449}}
Jun 26 01:35:02.362525 np0000183026 devstack@neutron-api.service[103276]: DEBUG neutron_lib.callbacks.manager [None req-1cf973a0-c844-40f7-995b-9d3727f98302 None None] Subscribe: > floatingip precommit_update 55550000, False {{(pid=103276) subscribe /opt/stack/data/venv/lib/python3.12/site-packages/neutron_lib/callbacks/manager.py:52}}
Jun 26 01:35:02.362609 np0000183026 devstack@neutron-api.service[103276]: DEBUG neutron_lib.callbacks.manager [None req-1cf973a0-c844-40f7-995b-9d3727f98302 None None] Subscribe: > floatingip after_delete 55550000, False {{(pid=103276) subscribe /opt/stack/data/venv/lib/python3.12/site-packages/neutron_lib/callbacks/manager.py:52}}
Jun 26 01:35:02.362680 np0000183026 devstack@neutron-api.service[103277]: DEBUG neutron.api.extensions [None req-9e034def-1608-4fd5-8b9a-826e96a60c35 None None] Ext name="Neutron Service Flavors" alias="flavors" description="Flavor specification for Neutron advanced services." updated="2015-09-17T10:00:00-00:00" {{(pid=103277) _check_extension /opt/stack/neutron/neutron/api/extensions.py:415}}
Jun 26 01:35:02.362728 np0000183026 devstack@neutron-api.service[103276]: DEBUG neutron_lib.callbacks.manager [None req-1cf973a0-c844-40f7-995b-9d3727f98302 None None] Subscribe: > floatingip after_status_update 55550000, False {{(pid=103276) subscribe /opt/stack/data/venv/lib/python3.12/site-packages/neutron_lib/callbacks/manager.py:52}}
Jun 26 01:35:02.362808 np0000183026 devstack@neutron-api.service[103276]: DEBUG neutron_lib.callbacks.manager [None req-1cf973a0-c844-40f7-995b-9d3727f98302 None None] Subscribe: > floatingip after_update 55550000, False {{(pid=103276) subscribe /opt/stack/data/venv/lib/python3.12/site-packages/neutron_lib/callbacks/manager.py:52}}
Jun 26 01:35:02.362847 np0000183026 devstack@neutron-api.service[103277]: INFO neutron.api.extensions [None req-9e034def-1608-4fd5-8b9a-826e96a60c35 None None] Loaded extension: flavors
Jun 26 01:35:02.362937 np0000183026 devstack@neutron-api.service[103276]: DEBUG neutron_lib.callbacks.manager [None req-1cf973a0-c844-40f7-995b-9d3727f98302 None None] Subscribe: > port_forwarding after_create 55550000, False {{(pid=103276) subscribe /opt/stack/data/venv/lib/python3.12/site-packages/neutron_lib/callbacks/manager.py:52}}
Jun 26 01:35:02.362972 np0000183026 devstack@neutron-api.service[103277]: DEBUG neutron.api.extensions [None req-9e034def-1608-4fd5-8b9a-826e96a60c35 None None] Loading extension file: floating_ip_port_forwarding.py {{(pid=103277) _load_all_extensions_from_path /opt/stack/neutron/neutron/api/extensions.py:449}}
Jun 26 01:35:02.363040 np0000183026 devstack@neutron-api.service[103276]: DEBUG neutron_lib.callbacks.manager [None req-1cf973a0-c844-40f7-995b-9d3727f98302 None None] Subscribe: > router_interface after_delete 55550000, False {{(pid=103276) subscribe /opt/stack/data/venv/lib/python3.12/site-packages/neutron_lib/callbacks/manager.py:52}}
Jun 26 01:35:02.363114 np0000183026 devstack@neutron-api.service[103276]: DEBUG neutron_lib.callbacks.manager [None req-1cf973a0-c844-40f7-995b-9d3727f98302 None None] Subscribe: > router after_create 55550000, False {{(pid=103276) subscribe /opt/stack/data/venv/lib/python3.12/site-packages/neutron_lib/callbacks/manager.py:52}}
Jun 26 01:35:02.363213 np0000183026 devstack@neutron-api.service[103276]: DEBUG neutron_lib.callbacks.manager [None req-1cf973a0-c844-40f7-995b-9d3727f98302 None None] Subscribe: > router precommit_create 55550000, False {{(pid=103276) subscribe /opt/stack/data/venv/lib/python3.12/site-packages/neutron_lib/callbacks/manager.py:52}}
Jun 26 01:35:02.363245 np0000183026 devstack@neutron-api.service[103277]: DEBUG neutron.api.extensions [None req-9e034def-1608-4fd5-8b9a-826e96a60c35 None None] Ext name="Floating IP Port Forwarding" alias="floating-ip-port-forwarding" description="Allow port forwarding from floating IP port to an internal port" updated="2018-01-19T10:00:00-00:00" {{(pid=103277) _check_extension /opt/stack/neutron/neutron/api/extensions.py:415}}
Jun 26 01:35:02.363322 np0000183026 devstack@neutron-api.service[103276]: DEBUG neutron_lib.callbacks.manager [None req-1cf973a0-c844-40f7-995b-9d3727f98302 None None] Subscribe: > router after_delete 55550000, False {{(pid=103276) subscribe /opt/stack/data/venv/lib/python3.12/site-packages/neutron_lib/callbacks/manager.py:52}}
Jun 26 01:35:02.363431 np0000183026 devstack@neutron-api.service[103276]: DEBUG neutron_lib.callbacks.manager [None req-1cf973a0-c844-40f7-995b-9d3727f98302 None None] Subscribe: > router after_update 55550000, False {{(pid=103276) subscribe /opt/stack/data/venv/lib/python3.12/site-packages/neutron_lib/callbacks/manager.py:52}}
Jun 26 01:35:02.363460 np0000183026 devstack@neutron-api.service[103277]: INFO neutron.api.extensions [None req-9e034def-1608-4fd5-8b9a-826e96a60c35 None None] Extension floating-ip-port-forwarding not supported by any of loaded plugins
Jun 26 01:35:02.363488 np0000183026 devstack@neutron-api.service[103277]: DEBUG neutron.api.extensions [None req-9e034def-1608-4fd5-8b9a-826e96a60c35 None None] Loading extension file: floatingip_pools.py {{(pid=103277) _load_all_extensions_from_path /opt/stack/neutron/neutron/api/extensions.py:449}}
Jun 26 01:35:02.363516 np0000183026 devstack@neutron-api.service[103276]: DEBUG neutron.services.service_base [None req-1cf973a0-c844-40f7-995b-9d3727f98302 None None] Loaded 'neutron.services.ovn_l3.service_providers.ovn.OvnDriver' provider for service L3_ROUTER_NAT {{(pid=103276) load_drivers /opt/stack/neutron/neutron/services/service_base.py:49}}
Jun 26 01:35:02.363625 np0000183026 devstack@neutron-api.service[103276]: DEBUG neutron_lib.callbacks.manager [None req-1cf973a0-c844-40f7-995b-9d3727f98302 None None] Subscribe: > process after_init 55550001, True {{(pid=103276) subscribe /opt/stack/data/venv/lib/python3.12/site-packages/neutron_lib/callbacks/manager.py:52}}
Jun 26 01:35:02.363733 np0000183026 devstack@neutron-api.service[103275]: DEBUG neutron.manager [None req-d9fc968c-9d6c-48ef-ba7f-3fcabe57f012 None None] Successfully loaded TAG plugin. Description: Tag support {{(pid=103275) _create_and_add_service_plugin /opt/stack/neutron/neutron/manager.py:236}}
Jun 26 01:35:02.363766 np0000183026 devstack@neutron-api.service[103276]: DEBUG neutron.manager [None req-1cf973a0-c844-40f7-995b-9d3727f98302 None None] Successfully loaded L3_ROUTER_NAT plugin. Description: L3 Router Service Plugin for basic L3 forwarding using OVN {{(pid=103276) _create_and_add_service_plugin /opt/stack/neutron/neutron/manager.py:236}}
