2026-06-16 02:09:48.759 7 INFO placement.requestlog [None req-d285867e-daee-4e81-8611-7f236b93f4b2 67ed070a6a15499095a1976c36067363 24b3864722b740c9a68048ccdd43b9aa - - 7cffbd866e6d4b12826766f932416def 7cffbd866e6d4b12826766f932416def] 10.0.0.75 "GET /resource_providers/c2b27d8c-c875-4daf-a862-1b9259040297/aggregates" status: 404 len: 235 microversion: 1.1 [pid: 8|app: 0|req: 505/1010] 10.0.0.75 () {32 vars in 815 bytes} [Tue Jun 16 02:09:48 2026] GET /resource_providers/c2b27d8c-c875-4daf-a862-1b9259040297/aggregates => generated 235 bytes in 11 msecs (HTTP/1.1 404) 5 headers in 202 bytes (1 switches on core 0) [pid: 7|app: 0|req: 506/1011] 10.0.0.75 () {32 vars in 815 bytes} [Tue Jun 16 02:09:48 2026] GET /resource_providers/c2b27d8c-c875-4daf-a862-1b9259040297/aggregates => generated 235 bytes in 8 msecs (HTTP/1.1 404) 5 headers in 202 bytes (1 switches on core 0)
2026-06-16 02:09:48.778 8 INFO placement.requestlog [None req-b69e7bcf-f133-42cc-9ff1-2b681920b02d 67ed070a6a15499095a1976c36067363 24b3864722b740c9a68048ccdd43b9aa - - 7cffbd866e6d4b12826766f932416def 7cffbd866e6d4b12826766f932416def] 10.0.0.75 "DELETE /resource_providers/c2b27d8c-c875-4daf-a862-1b9259040297" status: 404 len: 246 microversion: 1.1 [pid: 8|app: 0|req: 506/1012] 10.0.0.75 () {34 vars in 815 bytes} [Tue Jun 16 02:09:48 2026] DELETE /resource_providers/c2b27d8c-c875-4daf-a862-1b9259040297 => generated 246 bytes in 7 msecs (HTTP/1.1 404) 6 headers in 231 bytes (1 switches on core 0)
2026-06-16 02:09:48.779 7 INFO placement.requestlog [None req-a70fdeb4-a56d-4e4b-aeff-24f3e48a58ed 67ed070a6a15499095a1976c36067363 24b3864722b740c9a68048ccdd43b9aa - - 7cffbd866e6d4b12826766f932416def 7cffbd866e6d4b12826766f932416def] 10.0.0.75 "DELETE /resource_providers/c2b27d8c-c875-4daf-a862-1b9259040297" status: 404 len: 246 microversion: 1.1 [pid: 7|app: 0|req: 507/1013] 10.0.0.75 () {34 vars in 815 bytes} [Tue Jun 16 02:09:48 2026] DELETE /resource_providers/c2b27d8c-c875-4daf-a862-1b9259040297 => generated 246 bytes in 7 msecs (HTTP/1.1 404) 6 headers in 231 bytes (1 switches on core 0)
2026-06-16 02:09:50.797 8 INFO placement.requestlog [None req-d3250fb0-5833-472a-9e65-6a87631e088e 67ed070a6a15499095a1976c36067363 24b3864722b740c9a68048ccdd43b9aa - - 7cffbd866e6d4b12826766f932416def 7cffbd866e6d4b12826766f932416def] 10.0.0.75 "GET /resource_providers/be6b40f1-25fe-4274-946f-cf7ac7c92bb5/aggregates" status: 404 len: 235 microversion: 1.1 [pid: 8|app: 0|req: 507/1014] 10.0.0.75 () {32 vars in 815 bytes} [Tue Jun 16 02:09:50 2026] GET /resource_providers/be6b40f1-25fe-4274-946f-cf7ac7c92bb5/aggregates => generated 235 bytes in 8 msecs (HTTP/1.1 404) 5 headers in 202 bytes (1 switches on core 0)
2026-06-16 02:09:50.815 7 INFO placement.requestlog [None req-50f57e1d-f12f-420e-91e5-b0edf20104c1 67ed070a6a15499095a1976c36067363 24b3864722b740c9a68048ccdd43b9aa - - 7cffbd866e6d4b12826766f932416def 7cffbd866e6d4b12826766f932416def] 10.0.0.75 "GET /resource_providers/be6b40f1-25fe-4274-946f-cf7ac7c92bb5/aggregates" status: 404 len: 235 microversion: 1.1 [pid: 7|app: 0|req: 508/1015] 10.0.0.75 () {32 vars in 815 bytes} [Tue Jun 16 02:09:50 2026] GET /resource_providers/be6b40f1-25fe-4274-946f-cf7ac7c92bb5/aggregates => generated 235 bytes in 8 msecs (HTTP/1.1 404) 5 headers in 202 bytes (1 switches on core 0)
2026-06-16 02:09:50.819 8 INFO placement.requestlog [None req-eb5e9383-a415-453f-bb33-ca6b4e4a472b 67ed070a6a15499095a1976c36067363 24b3864722b740c9a68048ccdd43b9aa - - 7cffbd866e6d4b12826766f932416def 7cffbd866e6d4b12826766f932416def] 10.0.0.75 "DELETE /resource_providers/be6b40f1-25fe-4274-946f-cf7ac7c92bb5" status: 404 len: 246 microversion: 1.1 [pid: 8|app: 0|req: 508/1016] 10.0.0.75 () {34 vars in 815 bytes} [Tue Jun 16 02:09:50 2026] DELETE /resource_providers/be6b40f1-25fe-4274-946f-cf7ac7c92bb5 => generated 246 bytes in 8 msecs (HTTP/1.1 404) 6 headers in 231 bytes (1 switches on core 0)
2026-06-16 02:09:50.837 7 INFO placement.requestlog [None req-379e4c44-2e1c-4480-9b2a-bd65fb2bf993 67ed070a6a15499095a1976c36067363 24b3864722b740c9a68048ccdd43b9aa - - 7cffbd866e6d4b12826766f932416def 7cffbd866e6d4b12826766f932416def] 10.0.0.75 "DELETE /resource_providers/be6b40f1-25fe-4274-946f-cf7ac7c92bb5" status: 404 len: 246 microversion: 1.1 [pid: 7|app: 0|req: 509/1017] 10.0.0.75 () {34 vars in 815 bytes} [Tue Jun 16 02:09:50 2026] DELETE /resource_providers/be6b40f1-25fe-4274-946f-cf7ac7c92bb5 => generated 246 bytes in 7 msecs (HTTP/1.1 404) 6 headers in 231 bytes (1 switches on core 0)
2026-06-16 02:09:51.104 7 INFO placement.requestlog [None req-9df136ad-c3e5-4576-afeb-4452dbc74dbf 67ed070a6a15499095a1976c36067363 24b3864722b740c9a68048ccdd43b9aa - - 7cffbd866e6d4b12826766f932416def 7cffbd866e6d4b12826766f932416def] 10.0.0.75 "GET /resource_providers/81faf578-f45b-4b4f-8492-643df2f03b03/aggregates" status: 404 len: 235 microversion: 1.1 [pid: 7|app: 0|req: 510/1018] 10.0.0.75 () {32 vars in 815 bytes} [Tue Jun 16 02:09:51 2026] GET /resource_providers/81faf578-f45b-4b4f-8492-643df2f03b03/aggregates => generated 235 bytes in 9 msecs (HTTP/1.1 404) 5 headers in 202 bytes (1 switches on core 0)
2026-06-16 02:09:51.105 8 INFO placement.requestlog [None req-ea8decf2-2e6d-4cae-8e5d-9479b514855d 67ed070a6a15499095a1976c36067363 24b3864722b740c9a68048ccdd43b9aa - - 7cffbd866e6d4b12826766f932416def 7cffbd866e6d4b12826766f932416def] 10.0.0.75 "GET /resource_providers/81faf578-f45b-4b4f-8492-643df2f03b03/aggregates" status: 404 len: 235 microversion: 1.1 [pid: 8|app: 0|req: 509/1019] 10.0.0.75 () {32 vars in 815 bytes} [Tue Jun 16 02:09:51 2026] GET /resource_providers/81faf578-f45b-4b4f-8492-643df2f03b03/aggregates => generated 235 bytes in 10 msecs (HTTP/1.1 404) 5 headers in 202 bytes (1 switches on core 0)
2026-06-16 02:09:51.124 7 INFO placement.requestlog [None req-d05a059b-ea31-4606-951b-35d09c22168f 67ed070a6a15499095a1976c36067363 24b3864722b740c9a68048ccdd43b9aa - - 7cffbd866e6d4b12826766f932416def 7cffbd866e6d4b12826766f932416def] 10.0.0.75 "DELETE /resource_providers/81faf578-f45b-4b4f-8492-643df2f03b03" status: 404 len: 246 microversion: 1.1 [pid: 7|app: 0|req: 511/1020] 10.0.0.75 () {34 vars in 815 bytes} [Tue Jun 16 02:09:51 2026] DELETE /resource_providers/81faf578-f45b-4b4f-8492-643df2f03b03 => generated 246 bytes in 7 msecs (HTTP/1.1 404) 6 headers in 231 bytes (1 switches on core 0)
2026-06-16 02:09:51.127 8 INFO placement.requestlog [None req-85747eac-a106-4f0f-b186-f12142ebda22 67ed070a6a15499095a1976c36067363 24b3864722b740c9a68048ccdd43b9aa - - 7cffbd866e6d4b12826766f932416def 7cffbd866e6d4b12826766f932416def] 10.0.0.75 "DELETE /resource_providers/81faf578-f45b-4b4f-8492-643df2f03b03" status: 404 len: 246 microversion: 1.1 [pid: 8|app: 0|req: 510/1021] 10.0.0.75 () {34 vars in 815 bytes} [Tue Jun 16 02:09:51 2026] DELETE /resource_providers/81faf578-f45b-4b4f-8492-643df2f03b03 => generated 246 bytes in 8 msecs (HTTP/1.1 404) 6 headers in 231 bytes (1 switches on core 0)
2026-06-16 02:09:55.499 7 INFO placement.requestlog [req-f466dd6d-ed19-4885-b96e-e6c4f00fd86b req-c3ce46f9-010f-4b45-bca1-8d34fee0ecb9 79dfa8bb388c4e01828d756d96f40f2c 24b3864722b740c9a68048ccdd43b9aa - - 7cffbd866e6d4b12826766f932416def 7cffbd866e6d4b12826766f932416def] 199.204.45.140 "GET /resource_providers/ef69d011-a6de-4d1c-82de-26d4b8a483c1/allocations" status: 200 len: 253 microversion: 1.0 [pid: 7|app: 0|req: 512/1022] 199.204.45.140 () {32 vars in 857 bytes} [Tue Jun 16 02:09:55 2026] GET /resource_providers/ef69d011-a6de-4d1c-82de-26d4b8a483c1/allocations => generated 253 bytes in 22 msecs (HTTP/1.1 200) 6 headers in 224 bytes (1 switches on core 0)
2026-06-16 02:09:55.520 8 INFO placement.requestlog [req-f466dd6d-ed19-4885-b96e-e6c4f00fd86b req-238c8cd4-a1b0-4c56-a0b4-c010df7038c3 79dfa8bb388c4e01828d756d96f40f2c 24b3864722b740c9a68048ccdd43b9aa - - 7cffbd866e6d4b12826766f932416def 7cffbd866e6d4b12826766f932416def] 199.204.45.140 "GET /allocations/9d51b95e-1860-48fd-a29a-5cfa41ebc75e" status: 200 len: 258 microversion: 1.28 [pid: 8|app: 0|req: 511/1023] 199.204.45.140 () {34 vars in 863 bytes} [Tue Jun 16 02:09:55 2026] GET /allocations/9d51b95e-1860-48fd-a29a-5cfa41ebc75e => generated 258 bytes in 13 msecs (HTTP/1.1 200) 8 headers in 296 bytes (1 switches on core 0)
2026-06-16 02:09:55.540 7 INFO placement.requestlog [req-f466dd6d-ed19-4885-b96e-e6c4f00fd86b req-fa9f5052-a6fb-4461-b66f-eeeb3eef1bb2 79dfa8bb388c4e01828d756d96f40f2c 24b3864722b740c9a68048ccdd43b9aa - - 7cffbd866e6d4b12826766f932416def 7cffbd866e6d4b12826766f932416def] 199.204.45.140 "GET /allocations/b3a54284-6085-4ce6-add6-6a3dba39323f" status: 200 len: 258 microversion: 1.28 [pid: 7|app: 0|req: 513/1024] 199.204.45.140 () {34 vars in 863 bytes} [Tue Jun 16 02:09:55 2026] GET /allocations/b3a54284-6085-4ce6-add6-6a3dba39323f => generated 258 bytes in 16 msecs (HTTP/1.1 200) 8 headers in 296 bytes (1 switches on core 0)
2026-06-16 02:09:56.589 8 INFO placement.requestlog [req-f466dd6d-ed19-4885-b96e-e6c4f00fd86b req-94ce1e9d-c1ac-436c-ad50-c01cb944909e 79dfa8bb388c4e01828d756d96f40f2c 24b3864722b740c9a68048ccdd43b9aa - - 7cffbd866e6d4b12826766f932416def 7cffbd866e6d4b12826766f932416def] 199.204.45.140 "DELETE /allocations/b3a54284-6085-4ce6-add6-6a3dba39323f" status: 204 len: 0 microversion: 1.0 [pid: 8|app: 0|req: 512/1025] 199.204.45.140 () {34 vars in 841 bytes} [Tue Jun 16 02:09:56 2026] DELETE /allocations/b3a54284-6085-4ce6-add6-6a3dba39323f => generated 0 bytes in 22 msecs (HTTP/1.1 204) 5 headers in 198 bytes (1 switches on core 0)
2026-06-16 02:09:57.659 7 INFO placement.requestlog [None req-4f0df99a-a618-44f7-8ad8-30381b10c9b0 - - - - - -] 10.0.0.35 "GET /" status: 200 len: 136 microversion: 1.0
2026-06-16 02:09:57.660 8 INFO placement.requestlog [None req-37cd0ca8-a04d-4be6-aba2-2f41c790d00e - - - - - -] 10.0.0.35 "GET /" status: 200 len: 136 microversion: 1.0
2026-06-16 02:10:02.507 7 INFO placement.requestlog [req-58295381-ccb9-47f9-a75b-542445f47d8d req-d7233cb1-c198-46f9-91d8-0d355db42fd7 79dfa8bb388c4e01828d756d96f40f2c 24b3864722b740c9a68048ccdd43b9aa - - 7cffbd866e6d4b12826766f932416def 7cffbd866e6d4b12826766f932416def] 199.204.45.140 "GET /resource_providers/ef69d011-a6de-4d1c-82de-26d4b8a483c1/allocations" status: 200 len: 153 microversion: 1.0 [pid: 7|app: 0|req: 515/1028] 199.204.45.140 () {32 vars in 857 bytes} [Tue Jun 16 02:10:02 2026] GET /resource_providers/ef69d011-a6de-4d1c-82de-26d4b8a483c1/allocations => generated 153 bytes in 22 msecs (HTTP/1.1 200) 6 headers in 224 bytes (1 switches on core 0)
2026-06-16 02:10:02.524 8 INFO placement.requestlog [req-58295381-ccb9-47f9-a75b-542445f47d8d req-1b292e15-282e-4f56-bc41-adf8d5e9b4ff 79dfa8bb388c4e01828d756d96f40f2c 24b3864722b740c9a68048ccdd43b9aa - - 7cffbd866e6d4b12826766f932416def 7cffbd866e6d4b12826766f932416def] 199.204.45.140 "GET /allocations/9d51b95e-1860-48fd-a29a-5cfa41ebc75e" status: 200 len: 258 microversion: 1.28 [pid: 8|app: 0|req: 514/1029] 199.204.45.140 () {34 vars in 863 bytes} [Tue Jun 16 02:10:02 2026] GET /allocations/9d51b95e-1860-48fd-a29a-5cfa41ebc75e => generated 258 bytes in 12 msecs (HTTP/1.1 200) 8 headers in 296 bytes (1 switches on core 0)
2026-06-16 02:10:03.569 7 INFO placement.requestlog [req-58295381-ccb9-47f9-a75b-542445f47d8d req-a8c32baa-e684-4dc9-85e0-ad304f501588 79dfa8bb388c4e01828d756d96f40f2c 24b3864722b740c9a68048ccdd43b9aa - - 7cffbd866e6d4b12826766f932416def 7cffbd866e6d4b12826766f932416def] 199.204.45.140 "DELETE /allocations/9d51b95e-1860-48fd-a29a-5cfa41ebc75e" status: 204 len: 0 microversion: 1.0 [pid: 7|app: 0|req: 516/1030] 199.204.45.140 () {34 vars in 841 bytes} [Tue Jun 16 02:10:03 2026] DELETE /allocations/9d51b95e-1860-48fd-a29a-5cfa41ebc75e => generated 0 bytes in 24 msecs (HTTP/1.1 204) 5 headers in 198 bytes (1 switches on core 0)
2026-06-16 02:10:03.979 8 INFO placement.requestlog [None req-4aaf620a-dd84-4bfe-989a-35715285c129 67ed070a6a15499095a1976c36067363 24b3864722b740c9a68048ccdd43b9aa - - 7cffbd866e6d4b12826766f932416def 7cffbd866e6d4b12826766f932416def] 10.0.0.75 "GET /resource_providers/5e0b14e7-0b17-4c26-ad0c-3e735ec7dc8f/aggregates" status: 404 len: 235 microversion: 1.1 [pid: 8|app: 0|req: 515/1031] 10.0.0.75 () {32 vars in 815 bytes} [Tue Jun 16 02:10:03 2026] GET /resource_providers/5e0b14e7-0b17-4c26-ad0c-3e735ec7dc8f/aggregates => generated 235 bytes in 14 msecs (HTTP/1.1 404) 5 headers in 202 bytes (1 switches on core 0)
2026-06-16 02:10:03.987 7 INFO placement.requestlog [None req-05bfe0c5-b0eb-4c67-97d0-084ac480c504 67ed070a6a15499095a1976c36067363 24b3864722b740c9a68048ccdd43b9aa - - 7cffbd866e6d4b12826766f932416def 7cffbd866e6d4b12826766f932416def] 10.0.0.75 "GET /resource_providers/5e0b14e7-0b17-4c26-ad0c-3e735ec7dc8f/aggregates" status: 404 len: 235 microversion: 1.1 [pid: 7|app: 0|req: 517/1032] 10.0.0.75 () {32 vars in 815 bytes} [Tue Jun 16 02:10:03 2026] GET /resource_providers/5e0b14e7-0b17-4c26-ad0c-3e735ec7dc8f/aggregates => generated 235 bytes in 9 msecs (HTTP/1.1 404) 5 headers in 202 bytes (1 switches on core 0)
2026-06-16 02:10:04.004 8 INFO placement.requestlog [None req-037bf61d-e18b-41c6-a00d-0c9a92622545 67ed070a6a15499095a1976c36067363 24b3864722b740c9a68048ccdd43b9aa - - 7cffbd866e6d4b12826766f932416def 7cffbd866e6d4b12826766f932416def] 10.0.0.75 "DELETE /resource_providers/5e0b14e7-0b17-4c26-ad0c-3e735ec7dc8f" status: 404 len: 246 microversion: 1.1 [pid: 8|app: 0|req: 516/1033] 10.0.0.75 () {34 vars in 815 bytes} [Tue Jun 16 02:10:03 2026] DELETE /resource_providers/5e0b14e7-0b17-4c26-ad0c-3e735ec7dc8f => generated 246 bytes in 12 msecs (HTTP/1.1 404) 6 headers in 231 bytes (1 switches on core 0)
2026-06-16 02:10:04.016 7 INFO placement.requestlog [None req-c354bf27-8d13-4c19-a041-d78c05d7dfd9 67ed070a6a15499095a1976c36067363 24b3864722b740c9a68048ccdd43b9aa - - 7cffbd866e6d4b12826766f932416def 7cffbd866e6d4b12826766f932416def] 10.0.0.75 "DELETE /resource_providers/5e0b14e7-0b17-4c26-ad0c-3e735ec7dc8f" status: 404 len: 246 microversion: 1.1 [pid: 7|app: 0|req: 518/1034] 10.0.0.75 () {34 vars in 815 bytes} [Tue Jun 16 02:10:04 2026] DELETE /resource_providers/5e0b14e7-0b17-4c26-ad0c-3e735ec7dc8f => generated 246 bytes in 15 msecs (HTTP/1.1 404) 6 headers in 231 bytes (1 switches on core 0)
2026-06-16 02:10:07.154 8 INFO placement.requestlog [None req-2f511332-d55f-460b-983f-f59ccf3c8ba7 67ed070a6a15499095a1976c36067363 24b3864722b740c9a68048ccdd43b9aa - - 7cffbd866e6d4b12826766f932416def 7cffbd866e6d4b12826766f932416def] 10.0.0.75 "GET /resource_providers/8f47516f-f4a0-4dd7-9f8e-41428c92cd08/aggregates" status: 404 len: 235 microversion: 1.1 [pid: 8|app: 0|req: 517/1035] 10.0.0.75 () {32 vars in 815 bytes} [Tue Jun 16 02:10:07 2026] GET /resource_providers/8f47516f-f4a0-4dd7-9f8e-41428c92cd08/aggregates => generated 235 bytes in 15 msecs (HTTP/1.1 404) 5 headers in 202 bytes (1 switches on core 0)
2026-06-16 02:10:07.157 7 INFO placement.requestlog [None req-2df1abf8-b62b-4c84-a1d5-faed4ede5620 67ed070a6a15499095a1976c36067363 24b3864722b740c9a68048ccdd43b9aa - - 7cffbd866e6d4b12826766f932416def 7cffbd866e6d4b12826766f932416def] 10.0.0.75 "GET /resource_providers/8f47516f-f4a0-4dd7-9f8e-41428c92cd08/aggregates" status: 404 len: 235 microversion: 1.1 [pid: 7|app: 0|req: 519/1036] 10.0.0.75 () {32 vars in 815 bytes} [Tue Jun 16 02:10:07 2026] GET /resource_providers/8f47516f-f4a0-4dd7-9f8e-41428c92cd08/aggregates => generated 235 bytes in 13 msecs (HTTP/1.1 404) 5 headers in 202 bytes (1 switches on core 0)
2026-06-16 02:10:07.176 7 INFO placement.requestlog [None req-7f4dc469-f40a-4a64-b7c1-771ae9e8989d 67ed070a6a15499095a1976c36067363 24b3864722b740c9a68048ccdd43b9aa - - 7cffbd866e6d4b12826766f932416def 7cffbd866e6d4b12826766f932416def] 10.0.0.75 "DELETE /resource_providers/8f47516f-f4a0-4dd7-9f8e-41428c92cd08" status: 404 len: 246 microversion: 1.1 [pid: 7|app: 0|req: 520/1037] 10.0.0.75 () {34 vars in 815 bytes} [Tue Jun 16 02:10:07 2026] DELETE /resource_providers/8f47516f-f4a0-4dd7-9f8e-41428c92cd08 => generated 246 bytes in 7 msecs (HTTP/1.1 404) 6 headers in 231 bytes (1 switches on core 0)
2026-06-16 02:10:07.178 8 INFO placement.requestlog [None req-505e7859-b4b5-4a24-8646-f11f3d572649 67ed070a6a15499095a1976c36067363 24b3864722b740c9a68048ccdd43b9aa - - 7cffbd866e6d4b12826766f932416def 7cffbd866e6d4b12826766f932416def] 10.0.0.75 "DELETE /resource_providers/8f47516f-f4a0-4dd7-9f8e-41428c92cd08" status: 404 len: 246 microversion: 1.1 [pid: 8|app: 0|req: 518/1038] 10.0.0.75 () {34 vars in 815 bytes} [Tue Jun 16 02:10:07 2026] DELETE /resource_providers/8f47516f-f4a0-4dd7-9f8e-41428c92cd08 => generated 246 bytes in 10 msecs (HTTP/1.1 404) 6 headers in 231 bytes (1 switches on core 0)
2026-06-16 02:10:07.535 7 INFO placement.requestlog [None req-7904420c-2aae-464c-803f-a3756eef85b7 67ed070a6a15499095a1976c36067363 24b3864722b740c9a68048ccdd43b9aa - - 7cffbd866e6d4b12826766f932416def 7cffbd866e6d4b12826766f932416def] 10.0.0.75 "GET /resource_providers/29b0673c-7bb0-4a3d-a1ae-b268fc4eb5bc/aggregates" status: 404 len: 235 microversion: 1.1 [pid: 7|app: 0|req: 521/1039] 10.0.0.75 () {32 vars in 815 bytes} [Tue Jun 16 02:10:07 2026] GET /resource_providers/29b0673c-7bb0-4a3d-a1ae-b268fc4eb5bc/aggregates => generated 235 bytes in 11 msecs (HTTP/1.1 404) 5 headers in 202 bytes (1 switches on core 0)
2026-06-16 02:10:07.536 8 INFO placement.requestlog [None req-f341e866-4331-4a01-a852-9bc94210de4d 67ed070a6a15499095a1976c36067363 24b3864722b740c9a68048ccdd43b9aa - - 7cffbd866e6d4b12826766f932416def 7cffbd866e6d4b12826766f932416def] 10.0.0.75 "GET /resource_providers/29b0673c-7bb0-4a3d-a1ae-b268fc4eb5bc/aggregates" status: 404 len: 235 microversion: 1.1 [pid: 8|app: 0|req: 519/1040] 10.0.0.75 () {32 vars in 815 bytes} [Tue Jun 16 02:10:07 2026] GET /resource_providers/29b0673c-7bb0-4a3d-a1ae-b268fc4eb5bc/aggregates => generated 235 bytes in 11 msecs (HTTP/1.1 404) 5 headers in 202 bytes (1 switches on core 0)
2026-06-16 02:10:07.570 8 INFO placement.requestlog [None req-5e4e7eb7-4a77-4590-a54d-debdfe24148d 67ed070a6a15499095a1976c36067363 24b3864722b740c9a68048ccdd43b9aa - - 7cffbd866e6d4b12826766f932416def 7cffbd866e6d4b12826766f932416def] 10.0.0.75 "DELETE /resource_providers/29b0673c-7bb0-4a3d-a1ae-b268fc4eb5bc" status: 404 len: 246 microversion: 1.1 [pid: 8|app: 0|req: 520/1041] 10.0.0.75 () {34 vars in 815 bytes} [Tue Jun 16 02:10:07 2026] DELETE /resource_providers/29b0673c-7bb0-4a3d-a1ae-b268fc4eb5bc => generated 246 bytes in 15 msecs (HTTP/1.1 404) 6 headers in 231 bytes (1 switches on core 0)
2026-06-16 02:10:07.578 7 INFO placement.requestlog [None req-190944d0-beb2-440d-8548-5cacfa78b39c 67ed070a6a15499095a1976c36067363 24b3864722b740c9a68048ccdd43b9aa - - 7cffbd866e6d4b12826766f932416def 7cffbd866e6d4b12826766f932416def] 10.0.0.75 "DELETE /resource_providers/29b0673c-7bb0-4a3d-a1ae-b268fc4eb5bc" status: 404 len: 246 microversion: 1.1 [pid: 7|app: 0|req: 522/1042] 10.0.0.75 () {34 vars in 815 bytes} [Tue Jun 16 02:10:07 2026] DELETE /resource_providers/29b0673c-7bb0-4a3d-a1ae-b268fc4eb5bc => generated 246 bytes in 26 msecs (HTTP/1.1 404) 6 headers in 231 bytes (1 switches on core 0)
2026-06-16 02:10:07.660 8 INFO placement.requestlog [None req-73ea884a-9e8f-48c2-b209-4968fae3abf8 - - - - - -] 10.0.0.35 "GET /" status: 200 len: 136 microversion: 1.0
2026-06-16 02:10:07.663 7 INFO placement.requestlog [None req-7ff9100d-57f1-41fc-ad9b-96f3cba85479 - - - - - -] 10.0.0.35 "GET /" status: 200 len: 136 microversion: 1.0
2026-06-16 02:10:15.604 8 INFO placement.requestlog [None req-775fe8db-7356-4cbc-a6af-e83d9fbc9511 67ed070a6a15499095a1976c36067363 24b3864722b740c9a68048ccdd43b9aa - - 7cffbd866e6d4b12826766f932416def 7cffbd866e6d4b12826766f932416def] 10.0.0.75 "GET /resource_providers/429f9e0c-873d-46f7-bcde-bfef61b4084c/aggregates" status: 404 len: 235 microversion: 1.1 [pid: 8|app: 0|req: 522/1045] 10.0.0.75 () {32 vars in 815 bytes} [Tue Jun 16 02:10:15 2026] GET /resource_providers/429f9e0c-873d-46f7-bcde-bfef61b4084c/aggregates => generated 235 bytes in 12 msecs (HTTP/1.1 404) 5 headers in 202 bytes (1 switches on core 0)
2026-06-16 02:10:15.607 7 INFO placement.requestlog [None req-b1f6eaad-bacd-4cf2-955b-a7272e164357 67ed070a6a15499095a1976c36067363 24b3864722b740c9a68048ccdd43b9aa - - 7cffbd866e6d4b12826766f932416def 7cffbd866e6d4b12826766f932416def] 10.0.0.75 "GET /resource_providers/429f9e0c-873d-46f7-bcde-bfef61b4084c/aggregates" status: 404 len: 235 microversion: 1.1 [pid: 7|app: 0|req: 524/1046] 10.0.0.75 () {32 vars in 815 bytes} [Tue Jun 16 02:10:15 2026] GET /resource_providers/429f9e0c-873d-46f7-bcde-bfef61b4084c/aggregates => generated 235 bytes in 14 msecs (HTTP/1.1 404) 5 headers in 202 bytes (1 switches on core 0)
2026-06-16 02:10:15.628 8 INFO placement.requestlog [None req-b6a554f8-4987-4a53-93b9-f2a5c01feea2 67ed070a6a15499095a1976c36067363 24b3864722b740c9a68048ccdd43b9aa - - 7cffbd866e6d4b12826766f932416def 7cffbd866e6d4b12826766f932416def] 10.0.0.75 "DELETE /resource_providers/429f9e0c-873d-46f7-bcde-bfef61b4084c" status: 404 len: 246 microversion: 1.1 [pid: 8|app: 0|req: 523/1047] 10.0.0.75 () {34 vars in 815 bytes} [Tue Jun 16 02:10:15 2026] DELETE /resource_providers/429f9e0c-873d-46f7-bcde-bfef61b4084c => generated 246 bytes in 11 msecs (HTTP/1.1 404) 6 headers in 231 bytes (1 switches on core 0)
2026-06-16 02:10:15.632 7 INFO placement.requestlog [None req-460fde22-93f5-4c29-ae35-be94a5b2286d 67ed070a6a15499095a1976c36067363 24b3864722b740c9a68048ccdd43b9aa - - 7cffbd866e6d4b12826766f932416def 7cffbd866e6d4b12826766f932416def] 10.0.0.75 "DELETE /resource_providers/429f9e0c-873d-46f7-bcde-bfef61b4084c" status: 404 len: 246 microversion: 1.1 [pid: 7|app: 0|req: 525/1048] 10.0.0.75 () {34 vars in 815 bytes} [Tue Jun 16 02:10:15 2026] DELETE /resource_providers/429f9e0c-873d-46f7-bcde-bfef61b4084c => generated 246 bytes in 11 msecs (HTTP/1.1 404) 6 headers in 231 bytes (1 switches on core 0)
2026-06-16 02:10:16.486 8 INFO placement.requestlog [None req-9b050306-0708-4b9c-8bd5-c0cc0f2fddc3 67ed070a6a15499095a1976c36067363 24b3864722b740c9a68048ccdd43b9aa - - 7cffbd866e6d4b12826766f932416def 7cffbd866e6d4b12826766f932416def] 10.0.0.75 "GET /resource_providers/3669bdab-cb40-4583-b4d5-a86c8e37d105/aggregates" status: 404 len: 235 microversion: 1.1 [pid: 8|app: 0|req: 524/1049] 10.0.0.75 () {32 vars in 815 bytes} [Tue Jun 16 02:10:16 2026] GET /resource_providers/3669bdab-cb40-4583-b4d5-a86c8e37d105/aggregates => generated 235 bytes in 8 msecs (HTTP/1.1 404) 5 headers in 202 bytes (1 switches on core 0)
2026-06-16 02:10:16.491 7 INFO placement.requestlog [None req-f39435a0-9c9b-46a0-8e8f-75a5eb0120c1 67ed070a6a15499095a1976c36067363 24b3864722b740c9a68048ccdd43b9aa - - 7cffbd866e6d4b12826766f932416def 7cffbd866e6d4b12826766f932416def] 10.0.0.75 "GET /resource_providers/3669bdab-cb40-4583-b4d5-a86c8e37d105/aggregates" status: 404 len: 235 microversion: 1.1 [pid: 7|app: 0|req: 526/1050] 10.0.0.75 () {32 vars in 815 bytes} [Tue Jun 16 02:10:16 2026] GET /resource_providers/3669bdab-cb40-4583-b4d5-a86c8e37d105/aggregates => generated 235 bytes in 10 msecs (HTTP/1.1 404) 5 headers in 202 bytes (1 switches on core 0)
2026-06-16 02:10:16.514 8 INFO placement.requestlog [None req-e7ac69aa-8aaf-4ab5-ab25-55418bc302dd 67ed070a6a15499095a1976c36067363 24b3864722b740c9a68048ccdd43b9aa - - 7cffbd866e6d4b12826766f932416def 7cffbd866e6d4b12826766f932416def] 10.0.0.75 "DELETE /resource_providers/3669bdab-cb40-4583-b4d5-a86c8e37d105" status: 404 len: 246 microversion: 1.1 [pid: 8|app: 0|req: 525/1051] 10.0.0.75 () {34 vars in 815 bytes} [Tue Jun 16 02:10:16 2026] DELETE /resource_providers/3669bdab-cb40-4583-b4d5-a86c8e37d105 => generated 246 bytes in 10 msecs (HTTP/1.1 404) 6 headers in 231 bytes (1 switches on core 0)
2026-06-16 02:10:16.515 7 INFO placement.requestlog [None req-2127378d-55d2-49d7-ac0a-0a210114aa80 67ed070a6a15499095a1976c36067363 24b3864722b740c9a68048ccdd43b9aa - - 7cffbd866e6d4b12826766f932416def 7cffbd866e6d4b12826766f932416def] 10.0.0.75 "DELETE /resource_providers/3669bdab-cb40-4583-b4d5-a86c8e37d105" status: 404 len: 246 microversion: 1.1 [pid: 7|app: 0|req: 527/1052] 10.0.0.75 () {34 vars in 815 bytes} [Tue Jun 16 02:10:16 2026] DELETE /resource_providers/3669bdab-cb40-4583-b4d5-a86c8e37d105 => generated 246 bytes in 11 msecs (HTTP/1.1 404) 6 headers in 231 bytes (1 switches on core 0)
2026-06-16 02:10:17.657 8 INFO placement.requestlog [None req-4ba4fabe-c4bd-4cba-9832-e51094088c3e 67ed070a6a15499095a1976c36067363 24b3864722b740c9a68048ccdd43b9aa - - 7cffbd866e6d4b12826766f932416def 7cffbd866e6d4b12826766f932416def] 10.0.0.75 "GET /resource_providers/4a6aa6c7-1857-4f41-bf95-d0b6eabee24b/aggregates" status: 404 len: 235 microversion: 1.1 [pid: 8|app: 0|req: 526/1053] 10.0.0.75 () {32 vars in 815 bytes} [Tue Jun 16 02:10:17 2026] GET /resource_providers/4a6aa6c7-1857-4f41-bf95-d0b6eabee24b/aggregates => generated 235 bytes in 14 msecs (HTTP/1.1 404) 5 headers in 202 bytes (1 switches on core 0)
2026-06-16 02:10:17.659 8 INFO placement.requestlog [None req-840ae149-006e-4094-9b44-11d681e940c5 - - - - - -] 10.0.0.35 "GET /" status: 200 len: 136 microversion: 1.0
2026-06-16 02:10:17.659 8 INFO placement.requestlog [None req-990d2c13-de40-4e1d-b6ad-9ca4632e8380 - - - - - -] 10.0.0.35 "GET /" status: 200 len: 136 microversion: 1.0
2026-06-16 02:10:17.667 7 INFO placement.requestlog [None req-a0ac60ed-a374-4cf0-bb21-1fecf20b493a 67ed070a6a15499095a1976c36067363 24b3864722b740c9a68048ccdd43b9aa - - 7cffbd866e6d4b12826766f932416def 7cffbd866e6d4b12826766f932416def] 10.0.0.75 "GET /resource_providers/4a6aa6c7-1857-4f41-bf95-d0b6eabee24b/aggregates" status: 404 len: 235 microversion: 1.1 [pid: 7|app: 0|req: 528/1056] 10.0.0.75 () {32 vars in 815 bytes} [Tue Jun 16 02:10:17 2026] GET /resource_providers/4a6aa6c7-1857-4f41-bf95-d0b6eabee24b/aggregates => generated 235 bytes in 10 msecs (HTTP/1.1 404) 5 headers in 202 bytes (1 switches on core 0)
2026-06-16 02:10:17.673 8 INFO placement.requestlog [None req-b0101806-9793-4d4e-bbb1-089013f6efde 67ed070a6a15499095a1976c36067363 24b3864722b740c9a68048ccdd43b9aa - - 7cffbd866e6d4b12826766f932416def 7cffbd866e6d4b12826766f932416def] 10.0.0.75 "DELETE /resource_providers/4a6aa6c7-1857-4f41-bf95-d0b6eabee24b" status: 404 len: 246 microversion: 1.1 [pid: 8|app: 0|req: 529/1057] 10.0.0.75 () {34 vars in 815 bytes} [Tue Jun 16 02:10:17 2026] DELETE /resource_providers/4a6aa6c7-1857-4f41-bf95-d0b6eabee24b => generated 246 bytes in 6 msecs (HTTP/1.1 404) 6 headers in 231 bytes (1 switches on core 0)
2026-06-16 02:10:17.678 7 INFO placement.requestlog [None req-d67b2529-5b91-4143-86c2-15249537164b 67ed070a6a15499095a1976c36067363 24b3864722b740c9a68048ccdd43b9aa - - 7cffbd866e6d4b12826766f932416def 7cffbd866e6d4b12826766f932416def] 10.0.0.75 "DELETE /resource_providers/4a6aa6c7-1857-4f41-bf95-d0b6eabee24b" status: 404 len: 246 microversion: 1.1 [pid: 7|app: 0|req: 529/1058] 10.0.0.75 () {34 vars in 815 bytes} [Tue Jun 16 02:10:17 2026] DELETE /resource_providers/4a6aa6c7-1857-4f41-bf95-d0b6eabee24b => generated 246 bytes in 5 msecs (HTTP/1.1 404) 6 headers in 231 bytes (1 switches on core 0)
2026-06-16 02:10:18.540 8 INFO placement.requestlog [None req-392aa5d6-8538-4a58-905f-fbe65881765b 67ed070a6a15499095a1976c36067363 24b3864722b740c9a68048ccdd43b9aa - - 7cffbd866e6d4b12826766f932416def 7cffbd866e6d4b12826766f932416def] 10.0.0.75 "GET /resource_providers/35b237d8-644d-4d06-9860-107446cd82f5/aggregates" status: 404 len: 235 microversion: 1.1 [pid: 8|app: 0|req: 530/1059] 10.0.0.75 () {32 vars in 815 bytes} [Tue Jun 16 02:10:18 2026] GET /resource_providers/35b237d8-644d-4d06-9860-107446cd82f5/aggregates => generated 235 bytes in 10 msecs (HTTP/1.1 404) 5 headers in 202 bytes (1 switches on core 0)
2026-06-16 02:10:18.545 7 INFO placement.requestlog [None req-752d5b86-ded7-4a6e-ac31-6a8844224c23 67ed070a6a15499095a1976c36067363 24b3864722b740c9a68048ccdd43b9aa - - 7cffbd866e6d4b12826766f932416def 7cffbd866e6d4b12826766f932416def] 10.0.0.75 "GET /resource_providers/35b237d8-644d-4d06-9860-107446cd82f5/aggregates" status: 404 len: 235 microversion: 1.1 [pid: 7|app: 0|req: 530/1060] 10.0.0.75 () {32 vars in 815 bytes} [Tue Jun 16 02:10:18 2026] GET /resource_providers/35b237d8-644d-4d06-9860-107446cd82f5/aggregates => generated 235 bytes in 12 msecs (HTTP/1.1 404) 5 headers in 202 bytes (1 switches on core 0)
2026-06-16 02:10:18.559 8 INFO placement.requestlog [None req-690f52f3-7865-4462-98f1-e55bdfbaf902 67ed070a6a15499095a1976c36067363 24b3864722b740c9a68048ccdd43b9aa - - 7cffbd866e6d4b12826766f932416def 7cffbd866e6d4b12826766f932416def] 10.0.0.75 "DELETE /resource_providers/35b237d8-644d-4d06-9860-107446cd82f5" status: 404 len: 246 microversion: 1.1 [pid: 8|app: 0|req: 531/1061] 10.0.0.75 () {34 vars in 815 bytes} [Tue Jun 16 02:10:18 2026] DELETE /resource_providers/35b237d8-644d-4d06-9860-107446cd82f5 => generated 246 bytes in 7 msecs (HTTP/1.1 404) 6 headers in 231 bytes (1 switches on core 0)
2026-06-16 02:10:18.563 7 INFO placement.requestlog [None req-027d2cdf-7e60-4301-adbe-2270eb977af2 67ed070a6a15499095a1976c36067363 24b3864722b740c9a68048ccdd43b9aa - - 7cffbd866e6d4b12826766f932416def 7cffbd866e6d4b12826766f932416def] 10.0.0.75 "DELETE /resource_providers/35b237d8-644d-4d06-9860-107446cd82f5" status: 404 len: 246 microversion: 1.1 [pid: 7|app: 0|req: 531/1062] 10.0.0.75 () {34 vars in 815 bytes} [Tue Jun 16 02:10:18 2026] DELETE /resource_providers/35b237d8-644d-4d06-9860-107446cd82f5 => generated 246 bytes in 9 msecs (HTTP/1.1 404) 6 headers in 231 bytes (1 switches on core 0)
2026-06-16 02:10:23.658 8 INFO placement.requestlog [req-4bc03b24-900b-40d4-8cbb-27376248cd4f req-8fb9c979-301b-4cff-b106-68bd4bf7c33a 79dfa8bb388c4e01828d756d96f40f2c 24b3864722b740c9a68048ccdd43b9aa - - 7cffbd866e6d4b12826766f932416def 7cffbd866e6d4b12826766f932416def] 10.0.0.102 "GET /allocation_candidates?limit=1000&resources=DISK_GB%3A1%2CMEMORY_MB%3A512%2CVCPU%3A1&root_required=%21COMPUTE_STATUS_DISABLED" status: 200 len: 2781 microversion: 1.36 [pid: 8|app: 0|req: 532/1063] 10.0.0.102 () {34 vars in 1012 bytes} [Tue Jun 16 02:10:23 2026] GET /allocation_candidates?limit=1000&resources=DISK_GB%3A1%2CMEMORY_MB%3A512%2CVCPU%3A1&root_required=%21COMPUTE_STATUS_DISABLED => generated 2781 bytes in 52 msecs (HTTP/1.1 200) 8 headers in 297 bytes (1 switches on core 0)
2026-06-16 02:10:23.693 7 INFO placement.requestlog [req-4bc03b24-900b-40d4-8cbb-27376248cd4f req-4b261d71-6f90-4b42-8280-88a655465a88 79dfa8bb388c4e01828d756d96f40f2c 24b3864722b740c9a68048ccdd43b9aa - - 7cffbd866e6d4b12826766f932416def 7cffbd866e6d4b12826766f932416def] 10.0.0.102 "GET /allocations/3f4bb75e-fc06-48c6-b855-b42815a4f061" status: 200 len: 19 microversion: 1.28 [pid: 7|app: 0|req: 532/1064] 10.0.0.102 () {34 vars in 861 bytes} [Tue Jun 16 02:10:23 2026] GET /allocations/3f4bb75e-fc06-48c6-b855-b42815a4f061 => generated 19 bytes in 10 msecs (HTTP/1.1 200) 8 headers in 295 bytes (1 switches on core 0)
2026-06-16 02:10:23.763 8 INFO placement.requestlog [req-4bc03b24-900b-40d4-8cbb-27376248cd4f req-f17ae6cf-0297-4e1b-ab04-1fde43fbaf01 79dfa8bb388c4e01828d756d96f40f2c 24b3864722b740c9a68048ccdd43b9aa - - 7cffbd866e6d4b12826766f932416def 7cffbd866e6d4b12826766f932416def] 10.0.0.102 "PUT /allocations/3f4bb75e-fc06-48c6-b855-b42815a4f061" status: 204 len: 0 microversion: 1.36 [pid: 8|app: 0|req: 533/1065] 10.0.0.102 () {38 vars in 914 bytes} [Tue Jun 16 02:10:23 2026] PUT /allocations/3f4bb75e-fc06-48c6-b855-b42815a4f061 => generated 0 bytes in 61 msecs (HTTP/1.1 204) 5 headers in 199 bytes (1 switches on core 0)
2026-06-16 02:10:25.249 7 INFO placement.requestlog [req-4bc03b24-900b-40d4-8cbb-27376248cd4f req-f687cf11-4164-4420-945c-1e0d7ee27fac 79dfa8bb388c4e01828d756d96f40f2c 24b3864722b740c9a68048ccdd43b9aa - - 7cffbd866e6d4b12826766f932416def 7cffbd866e6d4b12826766f932416def] 199.204.45.140 "GET /allocations/3f4bb75e-fc06-48c6-b855-b42815a4f061" status: 200 len: 258 microversion: 1.28 [pid: 7|app: 0|req: 533/1066] 199.204.45.140 () {34 vars in 863 bytes} [Tue Jun 16 02:10:25 2026] GET /allocations/3f4bb75e-fc06-48c6-b855-b42815a4f061 => generated 258 bytes in 20 msecs (HTTP/1.1 200) 8 headers in 296 bytes (1 switches on core 0)
2026-06-16 02:10:26.301 8 INFO placement.requestlog [req-4bc03b24-900b-40d4-8cbb-27376248cd4f req-2c29df5c-2975-4a32-914a-b320e2364a1a 79dfa8bb388c4e01828d756d96f40f2c 24b3864722b740c9a68048ccdd43b9aa - - 7cffbd866e6d4b12826766f932416def 7cffbd866e6d4b12826766f932416def] 199.204.45.140 "GET /resource_providers/ef69d011-a6de-4d1c-82de-26d4b8a483c1/allocations" status: 200 len: 153 microversion: 1.0 [pid: 8|app: 0|req: 534/1067] 199.204.45.140 () {32 vars in 857 bytes} [Tue Jun 16 02:10:26 2026] GET /resource_providers/ef69d011-a6de-4d1c-82de-26d4b8a483c1/allocations => generated 153 bytes in 19 msecs (HTTP/1.1 200) 6 headers in 224 bytes (1 switches on core 0)
2026-06-16 02:10:26.333 7 INFO placement.requestlog [req-4bc03b24-900b-40d4-8cbb-27376248cd4f req-8b9a3dc7-bbe2-4c71-abd1-51c5ae8b47f0 79dfa8bb388c4e01828d756d96f40f2c 24b3864722b740c9a68048ccdd43b9aa - - 7cffbd866e6d4b12826766f932416def 7cffbd866e6d4b12826766f932416def] 199.204.45.140 "GET /allocations/3f4bb75e-fc06-48c6-b855-b42815a4f061" status: 200 len: 258 microversion: 1.28 [pid: 7|app: 0|req: 534/1068] 199.204.45.140 () {34 vars in 863 bytes} [Tue Jun 16 02:10:26 2026] GET /allocations/3f4bb75e-fc06-48c6-b855-b42815a4f061 => generated 258 bytes in 24 msecs (HTTP/1.1 200) 8 headers in 296 bytes (1 switches on core 0)
2026-06-16 02:10:27.659 8 INFO placement.requestlog [None req-c6741d3b-24ca-4077-ba86-4b15a64c5446 - - - - - -] 10.0.0.35 "GET /" status: 200 len: 136 microversion: 1.0
2026-06-16 02:10:27.659 7 INFO placement.requestlog [None req-8f80f90d-bfdb-43d6-bf50-f04017003745 - - - - - -] 10.0.0.35 "GET /" status: 200 len: 136 microversion: 1.0
2026-06-16 02:10:29.233 7 INFO placement.requestlog [None req-82a9b3b0-a6d3-4d30-a782-c3e790b0688a 67ed070a6a15499095a1976c36067363 24b3864722b740c9a68048ccdd43b9aa - - 7cffbd866e6d4b12826766f932416def 7cffbd866e6d4b12826766f932416def] 10.0.0.75 "GET /resource_providers/40ef2069-1017-4f86-927b-5446856a17ce/aggregates" status: 404 len: 235 microversion: 1.1
2026-06-16 02:10:29.233 8 INFO placement.requestlog [None req-4dae1fc8-6d64-4218-8d57-9d237400fe7a 67ed070a6a15499095a1976c36067363 24b3864722b740c9a68048ccdd43b9aa - - 7cffbd866e6d4b12826766f932416def 7cffbd866e6d4b12826766f932416def] 10.0.0.75 "GET /resource_providers/40ef2069-1017-4f86-927b-5446856a17ce/aggregates" status: 404 len: 235 microversion: 1.1 [pid: 7|app: 0|req: 536/1071] 10.0.0.75 () {32 vars in 815 bytes} [Tue Jun 16 02:10:29 2026] GET /resource_providers/40ef2069-1017-4f86-927b-5446856a17ce/aggregates => generated 235 bytes in 8 msecs (HTTP/1.1 404) 5 headers in 202 bytes (1 switches on core 0) [pid: 8|app: 0|req: 536/1072] 10.0.0.75 () {32 vars in 815 bytes} [Tue Jun 16 02:10:29 2026] GET /resource_providers/40ef2069-1017-4f86-927b-5446856a17ce/aggregates => generated 235 bytes in 8 msecs (HTTP/1.1 404) 5 headers in 202 bytes (1 switches on core 0)
2026-06-16 02:10:29.262 7 INFO placement.requestlog [None req-24cf690c-6146-4919-8522-b6904a6bf31a 67ed070a6a15499095a1976c36067363 24b3864722b740c9a68048ccdd43b9aa - - 7cffbd866e6d4b12826766f932416def 7cffbd866e6d4b12826766f932416def] 10.0.0.75 "DELETE /resource_providers/40ef2069-1017-4f86-927b-5446856a17ce" status: 404 len: 246 microversion: 1.1
2026-06-16 02:10:29.262 8 INFO placement.requestlog [None req-a5b41f78-a7e3-495e-b860-bd441da490c4 67ed070a6a15499095a1976c36067363 24b3864722b740c9a68048ccdd43b9aa - - 7cffbd866e6d4b12826766f932416def 7cffbd866e6d4b12826766f932416def] 10.0.0.75 "DELETE /resource_providers/40ef2069-1017-4f86-927b-5446856a17ce" status: 404 len: 246 microversion: 1.1 [pid: 7|app: 0|req: 537/1073] 10.0.0.75 () {34 vars in 815 bytes} [Tue Jun 16 02:10:29 2026] DELETE /resource_providers/40ef2069-1017-4f86-927b-5446856a17ce => generated 246 bytes in 8 msecs (HTTP/1.1 404) 6 headers in 231 bytes (1 switches on core 0) [pid: 8|app: 0|req: 537/1074] 10.0.0.75 () {34 vars in 815 bytes} [Tue Jun 16 02:10:29 2026] DELETE /resource_providers/40ef2069-1017-4f86-927b-5446856a17ce => generated 246 bytes in 10 msecs (HTTP/1.1 404) 6 headers in 231 bytes (1 switches on core 0)
2026-06-16 02:10:29.409 7 INFO placement.requestlog [None req-502e6f7c-0b11-4760-ba4f-4ba8ff26fc31 67ed070a6a15499095a1976c36067363 24b3864722b740c9a68048ccdd43b9aa - - 7cffbd866e6d4b12826766f932416def 7cffbd866e6d4b12826766f932416def] 10.0.0.75 "GET /resource_providers/580133ba-953b-4892-b0a6-722ce8cf3223/aggregates" status: 404 len: 235 microversion: 1.1
2026-06-16 02:10:29.409 8 INFO placement.requestlog [None req-bb1667fc-9dd2-4444-9838-8187791986c6 67ed070a6a15499095a1976c36067363 24b3864722b740c9a68048ccdd43b9aa - - 7cffbd866e6d4b12826766f932416def 7cffbd866e6d4b12826766f932416def] 10.0.0.75 "GET /resource_providers/580133ba-953b-4892-b0a6-722ce8cf3223/aggregates" status: 404 len: 235 microversion: 1.1 [pid: 7|app: 0|req: 538/1075] 10.0.0.75 () {32 vars in 815 bytes} [Tue Jun 16 02:10:29 2026] GET /resource_providers/580133ba-953b-4892-b0a6-722ce8cf3223/aggregates => generated 235 bytes in 9 msecs (HTTP/1.1 404) 5 headers in 202 bytes (1 switches on core 0) [pid: 8|app: 0|req: 538/1076] 10.0.0.75 () {32 vars in 815 bytes} [Tue Jun 16 02:10:29 2026] GET /resource_providers/580133ba-953b-4892-b0a6-722ce8cf3223/aggregates => generated 235 bytes in 9 msecs (HTTP/1.1 404) 5 headers in 202 bytes (1 switches on core 0)
2026-06-16 02:10:29.437 7 INFO placement.requestlog [None req-e03030f4-9f1a-4df7-a670-dae573dd0c61 67ed070a6a15499095a1976c36067363 24b3864722b740c9a68048ccdd43b9aa - - 7cffbd866e6d4b12826766f932416def 7cffbd866e6d4b12826766f932416def] 10.0.0.75 "DELETE /resource_providers/580133ba-953b-4892-b0a6-722ce8cf3223" status: 404 len: 246 microversion: 1.1 [pid: 7|app: 0|req: 539/1077] 10.0.0.75 () {34 vars in 815 bytes} [Tue Jun 16 02:10:29 2026] DELETE /resource_providers/580133ba-953b-4892-b0a6-722ce8cf3223 => generated 246 bytes in 12 msecs (HTTP/1.1 404) 6 headers in 231 bytes (1 switches on core 0)
2026-06-16 02:10:29.437 8 INFO placement.requestlog [None req-99ce5d14-f387-447f-8577-b4f4d183473d 67ed070a6a15499095a1976c36067363 24b3864722b740c9a68048ccdd43b9aa - - 7cffbd866e6d4b12826766f932416def 7cffbd866e6d4b12826766f932416def] 10.0.0.75 "DELETE /resource_providers/580133ba-953b-4892-b0a6-722ce8cf3223" status: 404 len: 246 microversion: 1.1 [pid: 8|app: 0|req: 539/1078] 10.0.0.75 () {34 vars in 815 bytes} [Tue Jun 16 02:10:29 2026] DELETE /resource_providers/580133ba-953b-4892-b0a6-722ce8cf3223 => generated 246 bytes in 10 msecs (HTTP/1.1 404) 6 headers in 231 bytes (1 switches on core 0)
2026-06-16 02:10:31.291 8 INFO placement.requestlog [None req-cfac23dc-9a0e-4679-9902-a5b82194d01f 67ed070a6a15499095a1976c36067363 24b3864722b740c9a68048ccdd43b9aa - - 7cffbd866e6d4b12826766f932416def 7cffbd866e6d4b12826766f932416def] 10.0.0.75 "GET /resource_providers/445aa8ea-b4f0-431c-8072-9b1cbbef22f7/aggregates" status: 404 len: 235 microversion: 1.1 [pid: 8|app: 0|req: 540/1079] 10.0.0.75 () {32 vars in 815 bytes} [Tue Jun 16 02:10:31 2026] GET /resource_providers/445aa8ea-b4f0-431c-8072-9b1cbbef22f7/aggregates => generated 235 bytes in 13 msecs (HTTP/1.1 404) 5 headers in 202 bytes (1 switches on core 0)
2026-06-16 02:10:31.292 7 INFO placement.requestlog [None req-69fb55b5-03f2-473f-8387-9c5705a66333 67ed070a6a15499095a1976c36067363 24b3864722b740c9a68048ccdd43b9aa - - 7cffbd866e6d4b12826766f932416def 7cffbd866e6d4b12826766f932416def] 10.0.0.75 "GET /resource_providers/445aa8ea-b4f0-431c-8072-9b1cbbef22f7/aggregates" status: 404 len: 235 microversion: 1.1 [pid: 7|app: 0|req: 540/1080] 10.0.0.75 () {32 vars in 815 bytes} [Tue Jun 16 02:10:31 2026] GET /resource_providers/445aa8ea-b4f0-431c-8072-9b1cbbef22f7/aggregates => generated 235 bytes in 15 msecs (HTTP/1.1 404) 5 headers in 202 bytes (1 switches on core 0)
2026-06-16 02:10:31.310 7 INFO placement.requestlog [None req-2221e2c3-b113-4592-874a-28790194dc7d 67ed070a6a15499095a1976c36067363 24b3864722b740c9a68048ccdd43b9aa - - 7cffbd866e6d4b12826766f932416def 7cffbd866e6d4b12826766f932416def] 10.0.0.75 "DELETE /resource_providers/445aa8ea-b4f0-431c-8072-9b1cbbef22f7" status: 404 len: 246 microversion: 1.1 [pid: 7|app: 0|req: 541/1081] 10.0.0.75 () {34 vars in 815 bytes} [Tue Jun 16 02:10:31 2026] DELETE /resource_providers/445aa8ea-b4f0-431c-8072-9b1cbbef22f7 => generated 246 bytes in 7 msecs (HTTP/1.1 404) 6 headers in 231 bytes (1 switches on core 0)
2026-06-16 02:10:31.311 8 INFO placement.requestlog [None req-3429fa8c-8824-4da7-8d17-3f6f4f472880 67ed070a6a15499095a1976c36067363 24b3864722b740c9a68048ccdd43b9aa - - 7cffbd866e6d4b12826766f932416def 7cffbd866e6d4b12826766f932416def] 10.0.0.75 "DELETE /resource_providers/445aa8ea-b4f0-431c-8072-9b1cbbef22f7" status: 404 len: 246 microversion: 1.1 [pid: 8|app: 0|req: 541/1082] 10.0.0.75 () {34 vars in 815 bytes} [Tue Jun 16 02:10:31 2026] DELETE /resource_providers/445aa8ea-b4f0-431c-8072-9b1cbbef22f7 => generated 246 bytes in 11 msecs (HTTP/1.1 404) 6 headers in 231 bytes (1 switches on core 0)
2026-06-16 02:10:31.460 8 INFO placement.requestlog [None req-2d8141dd-bec8-4429-b48b-a255484fe63d 67ed070a6a15499095a1976c36067363 24b3864722b740c9a68048ccdd43b9aa - - 7cffbd866e6d4b12826766f932416def 7cffbd866e6d4b12826766f932416def] 10.0.0.75 "GET /resource_providers/d28df503-b038-417e-91cd-8219a9376acd/aggregates" status: 404 len: 235 microversion: 1.1
2026-06-16 02:10:31.460 7 INFO placement.requestlog [None req-55069ad3-0420-457a-94e2-0eda958cdadc 67ed070a6a15499095a1976c36067363 24b3864722b740c9a68048ccdd43b9aa - - 7cffbd866e6d4b12826766f932416def 7cffbd866e6d4b12826766f932416def] 10.0.0.75 "GET /resource_providers/d28df503-b038-417e-91cd-8219a9376acd/aggregates" status: 404 len: 235 microversion: 1.1 [pid: 8|app: 0|req: 542/1083] 10.0.0.75 () {32 vars in 815 bytes} [Tue Jun 16 02:10:31 2026] GET /resource_providers/d28df503-b038-417e-91cd-8219a9376acd/aggregates => generated 235 bytes in 8 msecs (HTTP/1.1 404) 5 headers in 202 bytes (1 switches on core 0) [pid: 7|app: 0|req: 542/1084] 10.0.0.75 () {32 vars in 815 bytes} [Tue Jun 16 02:10:31 2026] GET /resource_providers/d28df503-b038-417e-91cd-8219a9376acd/aggregates => generated 235 bytes in 10 msecs (HTTP/1.1 404) 5 headers in 202 bytes (1 switches on core 0)
2026-06-16 02:10:31.479 7 INFO placement.requestlog [None req-edc89a53-4212-4497-8164-57e8852043be 67ed070a6a15499095a1976c36067363 24b3864722b740c9a68048ccdd43b9aa - - 7cffbd866e6d4b12826766f932416def 7cffbd866e6d4b12826766f932416def] 10.0.0.75 "DELETE /resource_providers/d28df503-b038-417e-91cd-8219a9376acd" status: 404 len: 246 microversion: 1.1
2026-06-16 02:10:31.480 8 INFO placement.requestlog [None req-0748aa73-eaa3-4bae-acab-1be861a00a82 67ed070a6a15499095a1976c36067363 24b3864722b740c9a68048ccdd43b9aa - - 7cffbd866e6d4b12826766f932416def 7cffbd866e6d4b12826766f932416def] 10.0.0.75 "DELETE /resource_providers/d28df503-b038-417e-91cd-8219a9376acd" status: 404 len: 246 microversion: 1.1 [pid: 7|app: 0|req: 543/1085] 10.0.0.75 () {34 vars in 815 bytes} [Tue Jun 16 02:10:31 2026] DELETE /resource_providers/d28df503-b038-417e-91cd-8219a9376acd => generated 246 bytes in 9 msecs (HTTP/1.1 404) 6 headers in 231 bytes (1 switches on core 0) [pid: 8|app: 0|req: 543/1086] 10.0.0.75 () {34 vars in 815 bytes} [Tue Jun 16 02:10:31 2026] DELETE /resource_providers/d28df503-b038-417e-91cd-8219a9376acd => generated 246 bytes in 10 msecs (HTTP/1.1 404) 6 headers in 231 bytes (1 switches on core 0)
2026-06-16 02:10:31.497 7 INFO placement.requestlog [None req-197373ed-7fff-4441-b870-c8f5cdd0a8be 67ed070a6a15499095a1976c36067363 24b3864722b740c9a68048ccdd43b9aa - - 7cffbd866e6d4b12826766f932416def 7cffbd866e6d4b12826766f932416def] 10.0.0.75 "GET /resource_providers/c97f5e01-916b-4944-a0ef-78cb1f34de59/aggregates" status: 404 len: 235 microversion: 1.1 [pid: 7|app: 0|req: 544/1087] 10.0.0.75 () {32 vars in 815 bytes} [Tue Jun 16 02:10:31 2026] GET /resource_providers/c97f5e01-916b-4944-a0ef-78cb1f34de59/aggregates => generated 235 bytes in 8 msecs (HTTP/1.1 404) 5 headers in 202 bytes (1 switches on core 0)
2026-06-16 02:10:31.499 8 INFO placement.requestlog [None req-51b081ec-6b9d-4b0e-9dca-d7607e89dbf8 67ed070a6a15499095a1976c36067363 24b3864722b740c9a68048ccdd43b9aa - - 7cffbd866e6d4b12826766f932416def 7cffbd866e6d4b12826766f932416def] 10.0.0.75 "GET /resource_providers/c97f5e01-916b-4944-a0ef-78cb1f34de59/aggregates" status: 404 len: 235 microversion: 1.1 [pid: 8|app: 0|req: 544/1088] 10.0.0.75 () {32 vars in 815 bytes} [Tue Jun 16 02:10:31 2026] GET /resource_providers/c97f5e01-916b-4944-a0ef-78cb1f34de59/aggregates => generated 235 bytes in 9 msecs (HTTP/1.1 404) 5 headers in 202 bytes (1 switches on core 0)
2026-06-16 02:10:31.518 8 INFO placement.requestlog [None req-c40e8176-259b-4477-9e56-d3688e5f383b 67ed070a6a15499095a1976c36067363 24b3864722b740c9a68048ccdd43b9aa - - 7cffbd866e6d4b12826766f932416def 7cffbd866e6d4b12826766f932416def] 10.0.0.75 "DELETE /resource_providers/c97f5e01-916b-4944-a0ef-78cb1f34de59" status: 404 len: 246 microversion: 1.1 [pid: 8|app: 0|req: 545/1089] 10.0.0.75 () {34 vars in 815 bytes} [Tue Jun 16 02:10:31 2026] DELETE /resource_providers/c97f5e01-916b-4944-a0ef-78cb1f34de59 => generated 246 bytes in 9 msecs (HTTP/1.1 404) 6 headers in 231 bytes (1 switches on core 0)
2026-06-16 02:10:31.519 7 INFO placement.requestlog [None req-47199ea1-eb62-4b49-b0b8-3dc2f0964a80 67ed070a6a15499095a1976c36067363 24b3864722b740c9a68048ccdd43b9aa - - 7cffbd866e6d4b12826766f932416def 7cffbd866e6d4b12826766f932416def] 10.0.0.75 "DELETE /resource_providers/c97f5e01-916b-4944-a0ef-78cb1f34de59" status: 404 len: 246 microversion: 1.1 [pid: 7|app: 0|req: 545/1090] 10.0.0.75 () {34 vars in 815 bytes} [Tue Jun 16 02:10:31 2026] DELETE /resource_providers/c97f5e01-916b-4944-a0ef-78cb1f34de59 => generated 246 bytes in 11 msecs (HTTP/1.1 404) 6 headers in 231 bytes (1 switches on core 0)
2026-06-16 02:10:37.661 7 INFO placement.requestlog [None req-1ad75430-8476-4d1c-a1f6-eaf1d5c72506 - - - - - -] 10.0.0.35 "GET /" status: 200 len: 136 microversion: 1.0
2026-06-16 02:10:37.661 8 INFO placement.requestlog [None req-1a712c4d-10e1-4ccf-b247-686f08484211 - - - - - -] 10.0.0.35 "GET /" status: 200 len: 136 microversion: 1.0
2026-06-16 02:10:44.567 7 INFO placement.requestlog [req-21e3cdd5-a011-417f-9b0a-68dd939f30ac req-531ea7db-1ba8-47c1-8d0c-db2262b3e7bb 79dfa8bb388c4e01828d756d96f40f2c 24b3864722b740c9a68048ccdd43b9aa - - 7cffbd866e6d4b12826766f932416def 7cffbd866e6d4b12826766f932416def] 199.204.45.140 "GET /resource_providers/ef69d011-a6de-4d1c-82de-26d4b8a483c1/allocations" status: 200 len: 153 microversion: 1.0 [pid: 7|app: 0|req: 547/1093] 199.204.45.140 () {32 vars in 857 bytes} [Tue Jun 16 02:10:44 2026] GET /resource_providers/ef69d011-a6de-4d1c-82de-26d4b8a483c1/allocations => generated 153 bytes in 252 msecs (HTTP/1.1 200) 6 headers in 224 bytes (1 switches on core 0)
2026-06-16 02:10:44.591 8 INFO placement.requestlog [req-21e3cdd5-a011-417f-9b0a-68dd939f30ac req-31a60b53-ca04-486b-9b1e-01bfb90ebc11 79dfa8bb388c4e01828d756d96f40f2c 24b3864722b740c9a68048ccdd43b9aa - - 7cffbd866e6d4b12826766f932416def 7cffbd866e6d4b12826766f932416def] 199.204.45.140 "GET /resource_providers?in_tree=ef69d011-a6de-4d1c-82de-26d4b8a483c1" status: 200 len: 798 microversion: 1.14 [pid: 8|app: 0|req: 547/1094] 199.204.45.140 () {34 vars in 892 bytes} [Tue Jun 16 02:10:44 2026] GET /resource_providers?in_tree=ef69d011-a6de-4d1c-82de-26d4b8a483c1 => generated 798 bytes in 14 msecs (HTTP/1.1 200) 6 headers in 225 bytes (1 switches on core 0)
2026-06-16 02:10:44.615 7 INFO placement.requestlog [req-21e3cdd5-a011-417f-9b0a-68dd939f30ac req-b5c112a6-9ca8-4f8d-a745-bcc78350a5f8 79dfa8bb388c4e01828d756d96f40f2c 24b3864722b740c9a68048ccdd43b9aa - - 7cffbd866e6d4b12826766f932416def 7cffbd866e6d4b12826766f932416def] 199.204.45.140 "GET /resource_providers/ef69d011-a6de-4d1c-82de-26d4b8a483c1/inventories" status: 200 len: 401 microversion: 1.0 [pid: 7|app: 0|req: 548/1095] 199.204.45.140 () {32 vars in 857 bytes} [Tue Jun 16 02:10:44 2026] GET /resource_providers/ef69d011-a6de-4d1c-82de-26d4b8a483c1/inventories => generated 401 bytes in 15 msecs (HTTP/1.1 200) 6 headers in 224 bytes (1 switches on core 0)
2026-06-16 02:10:44.635 8 INFO placement.requestlog [req-21e3cdd5-a011-417f-9b0a-68dd939f30ac req-908f1c09-80e3-4e4f-b14a-b5f55a79822d 79dfa8bb388c4e01828d756d96f40f2c 24b3864722b740c9a68048ccdd43b9aa - - 7cffbd866e6d4b12826766f932416def 7cffbd866e6d4b12826766f932416def] 199.204.45.140 "GET /resource_providers/ef69d011-a6de-4d1c-82de-26d4b8a483c1/aggregates" status: 200 len: 54 microversion: 1.19 [pid: 8|app: 0|req: 548/1096] 199.204.45.140 () {34 vars in 899 bytes} [Tue Jun 16 02:10:44 2026] GET /resource_providers/ef69d011-a6de-4d1c-82de-26d4b8a483c1/aggregates => generated 54 bytes in 13 msecs (HTTP/1.1 200) 8 headers in 295 bytes (1 switches on core 0)
2026-06-16 02:10:44.676 7 INFO placement.requestlog [req-21e3cdd5-a011-417f-9b0a-68dd939f30ac req-8c078166-507e-4ecc-a4fb-0fa04a8812d8 79dfa8bb388c4e01828d756d96f40f2c 24b3864722b740c9a68048ccdd43b9aa - - 7cffbd866e6d4b12826766f932416def 7cffbd866e6d4b12826766f932416def] 199.204.45.140 "GET /resource_providers/ef69d011-a6de-4d1c-82de-26d4b8a483c1/traits" status: 200 len: 2317 microversion: 1.6 [pid: 7|app: 0|req: 549/1097] 199.204.45.140 () {34 vars in 890 bytes} [Tue Jun 16 02:10:44 2026] GET /resource_providers/ef69d011-a6de-4d1c-82de-26d4b8a483c1/traits => generated 2317 bytes in 35 msecs (HTTP/1.1 200) 6 headers in 225 bytes (1 switches on core 0)
