2026-07-01 02:02:29.260 9 WARNING neutron.scheduler.dhcp_agent_scheduler [None req-46f7d1df-dff3-40b1-a815-ab3818440857 b04d118397b44f44bd125bd42656f79b b83352c45fd04e0ea8ff955cf854e993 - - default default] No more DHCP agents
2026-07-01 02:02:29.261 9 WARNING neutron.api.rpc.agentnotifiers.dhcp_rpc_agent_api [None req-46f7d1df-dff3-40b1-a815-ab3818440857 b04d118397b44f44bd125bd42656f79b b83352c45fd04e0ea8ff955cf854e993 - - default default] Unable to schedule network de8dea47-d796-4c8e-92a5-491273846f97: no agents available; will retry on subsequent port and subnet creation events.
2026-07-01 02:02:29.332 9 WARNING neutron.scheduler.dhcp_agent_scheduler [None req-bb99afca-472d-4cdd-8a38-b3f36286b5cd 6775a505b33246898c557453a6eed607 a6dec8187bb74f7cb5ebe0c80cdcf421 - - default default] No more DHCP agents
2026-07-01 02:02:29.335 9 WARNING neutron.api.rpc.agentnotifiers.dhcp_rpc_agent_api [None req-bb99afca-472d-4cdd-8a38-b3f36286b5cd 6775a505b33246898c557453a6eed607 a6dec8187bb74f7cb5ebe0c80cdcf421 - - default default] Unable to schedule network 3d22bb25-4d75-4f44-a367-3d8586e689c2: no agents available; will retry on subsequent port and subnet creation events.
2026-07-01 02:02:29.379 9 INFO neutron.db.ovn_revision_numbers_db [None req-bb99afca-472d-4cdd-8a38-b3f36286b5cd 6775a505b33246898c557453a6eed607 a6dec8187bb74f7cb5ebe0c80cdcf421 - - default default] Successfully bumped revision number for resource f6b3bbc9-5019-4d9f-91f4-2d0e9aca6546 (type: subnets) to 0
2026-07-01 02:02:29.380 10 INFO neutron.plugins.ml2.drivers.ovn.mech_driver.mech_driver [None req-e132af68-0dd8-4fdc-980f-d14887c913fe - - - - - -] OVN reports status down for port: b957477f-30bf-4295-86f6-7040ff2c1258
2026-07-01 02:02:29.404 9 INFO neutron.api.wsgi [None req-bb99afca-472d-4cdd-8a38-b3f36286b5cd 6775a505b33246898c557453a6eed607 a6dec8187bb74f7cb5ebe0c80cdcf421 - - default default] 10.0.0.179 "POST /v2.0/subnets HTTP/1.1" status: 201 len: 925 time: 0.3767641
2026-07-01 02:02:29.413 10 WARNING neutron_lib.context [None req-57bfa7fe-9ed5-42cf-a124-90430fff236c 6775a505b33246898c557453a6eed607 a6dec8187bb74f7cb5ebe0c80cdcf421 - - default default] Method 'is_advsvc' is deprecated since 2023.2 release (neutron-lib 3.8.0) and will be removed once support for the old RBAC API policies will be removed from Neutron. Please use method 'is_service_role' instead.
2026-07-01 02:02:29.525 9 INFO neutron.db.ovn_revision_numbers_db [None req-46f7d1df-dff3-40b1-a815-ab3818440857 b04d118397b44f44bd125bd42656f79b b83352c45fd04e0ea8ff955cf854e993 - - default default] Successfully bumped revision number for resource 77e2dfc4-abce-45b8-8fdc-56aa2aa6b7f5 (type: router_ports) to 1
2026-07-01 02:02:29.531 9 INFO neutron.api.wsgi [None req-46f7d1df-dff3-40b1-a815-ab3818440857 b04d118397b44f44bd125bd42656f79b b83352c45fd04e0ea8ff955cf854e993 - - default default] 10.0.0.179 "PUT /v2.0/routers/c4369906-bbef-4bc4-87b9-0401f6050af3/add_router_interface HTTP/1.1" status: 200 len: 503 time: 1.3405440
2026-07-01 02:02:29.532 10 INFO neutron.db.segments_db [None req-57bfa7fe-9ed5-42cf-a124-90430fff236c 6775a505b33246898c557453a6eed607 a6dec8187bb74f7cb5ebe0c80cdcf421 - - default default] Added segment 9ed5ba2b-2035-44e7-9018-8f79c8d923ca of type geneve for network 174b4a95-a4b4-41b2-a91a-8f1c10c8209b
2026-07-01 02:02:29.574 10 INFO neutron.notifiers.nova [-] Nova event matching ['req-02e0a082-f611-4507-a9b0-6f4af7240010'] response: {'name': 'network-changed', 'server_uuid': 'c46847c8-281c-4e7d-bb3d-fef50ca6dfca', 'tag': 'b957477f-30bf-4295-86f6-7040ff2c1258', 'status': 'completed', 'code': 200}
2026-07-01 02:02:29.574 10 INFO neutron.notifiers.nova [-] Nova event matching ['req-02e0a082-f611-4507-a9b0-6f4af7240010'] response: {'server_uuid': 'c46847c8-281c-4e7d-bb3d-fef50ca6dfca', 'name': 'network-vif-unplugged', 'status': 'completed', 'tag': 'b957477f-30bf-4295-86f6-7040ff2c1258', 'code': 200}
2026-07-01 02:02:29.630 10 INFO neutron.api.wsgi [None req-de6d4a32-a755-4b7a-bb8f-da09b4e456ca b04d118397b44f44bd125bd42656f79b b83352c45fd04e0ea8ff955cf854e993 - - default default] 10.0.0.179 "GET /v2.0/ports/77e2dfc4-abce-45b8-8fdc-56aa2aa6b7f5 HTTP/1.1" status: 200 len: 1139 time: 0.0880229
2026-07-01 02:02:29.674 9 INFO neutron.api.wsgi [None req-74ba537e-d2d4-44ac-85fb-3459648a4481 b04d118397b44f44bd125bd42656f79b b83352c45fd04e0ea8ff955cf854e993 - - default default] 10.0.0.179 "GET /v2.0/ports/77e2dfc4-abce-45b8-8fdc-56aa2aa6b7f5 HTTP/1.1" status: 200 len: 1139 time: 0.0355926
2026-07-01 02:02:29.721 10 INFO neutron.db.ovn_revision_numbers_db [None req-57bfa7fe-9ed5-42cf-a124-90430fff236c 6775a505b33246898c557453a6eed607 a6dec8187bb74f7cb5ebe0c80cdcf421 - - default default] Successfully bumped revision number for resource 174b4a95-a4b4-41b2-a91a-8f1c10c8209b (type: networks) to 1
2026-07-01 02:02:29.742 10 INFO neutron.db.ovn_revision_numbers_db [None req-e132af68-0dd8-4fdc-980f-d14887c913fe - - - - - -] Successfully bumped revision number for resource b957477f-30bf-4295-86f6-7040ff2c1258 (type: ports) to 6
2026-07-01 02:02:29.877 10 WARNING neutron.scheduler.dhcp_agent_scheduler [None req-57bfa7fe-9ed5-42cf-a124-90430fff236c 6775a505b33246898c557453a6eed607 a6dec8187bb74f7cb5ebe0c80cdcf421 - - default default] No more DHCP agents
2026-07-01 02:02:29.885 10 WARNING neutron.api.rpc.agentnotifiers.dhcp_rpc_agent_api [None req-57bfa7fe-9ed5-42cf-a124-90430fff236c 6775a505b33246898c557453a6eed607 a6dec8187bb74f7cb5ebe0c80cdcf421 - - default default] Unable to schedule network 174b4a95-a4b4-41b2-a91a-8f1c10c8209b: no agents available; will retry on subsequent port and subnet creation events.
2026-07-01 02:02:29.947 10 INFO neutron.db.ovn_revision_numbers_db [None req-57bfa7fe-9ed5-42cf-a124-90430fff236c 6775a505b33246898c557453a6eed607 a6dec8187bb74f7cb5ebe0c80cdcf421 - - default default] Successfully bumped revision number for resource df4c8d46-c063-4fce-9a55-42db52140040 (type: ports) to 1
2026-07-01 02:02:29.968 10 INFO neutron.api.wsgi [None req-57bfa7fe-9ed5-42cf-a124-90430fff236c 6775a505b33246898c557453a6eed607 a6dec8187bb74f7cb5ebe0c80cdcf421 - - default default] 10.0.0.179 "POST /v2.0/networks HTTP/1.1" status: 201 len: 836 time: 0.5606380 /var/lib/openstack/lib/python3.12/site-packages/pycadf/identifier.py:71: UserWarning: Invalid uuid: neutron. To ensure interoperability, identifiers should be a valid uuid. warnings.warn(('Invalid uuid: %s. To ensure interoperability, '
2026-07-01 02:02:29.980 10 WARNING neutron_lib.context [None req-da284f20-34c6-4cc8-9204-6f042dfce38b 6775a505b33246898c557453a6eed607 a6dec8187bb74f7cb5ebe0c80cdcf421 - - default default] Method 'is_advsvc' is deprecated since 2023.2 release (neutron-lib 3.8.0) and will be removed once support for the old RBAC API policies will be removed from Neutron. Please use method 'is_service_role' instead.
2026-07-01 02:02:30.054 9 INFO neutron.api.wsgi [req-ba67a90a-764f-4b6a-a71b-93df2ff4e06c req-00a9f852-4eb5-49a4-99d9-87e0d0182165 e1ddeacea8f041689a0c2820d9256446 f4dd16ab644d47a0b27e3731ac18fc14 - - default default] 10.0.0.12 "GET /v2.0/ports?device_id=c46847c8-281c-4e7d-bb3d-fef50ca6dfca HTTP/1.1" status: 200 len: 1172 time: 0.0544999
2026-07-01 02:02:30.100 9 INFO neutron.api.wsgi [req-ba67a90a-764f-4b6a-a71b-93df2ff4e06c req-38a77326-e991-4136-87d8-51fa0b449ad1 e1ddeacea8f041689a0c2820d9256446 f4dd16ab644d47a0b27e3731ac18fc14 - - default default] 10.0.0.12 "GET /v2.0/security-groups?id=586aa326-7fa0-47e9-a89c-01c310228368&fields=id&fields=name HTTP/1.1" status: 200 len: 311 time: 0.0396593
2026-07-01 02:02:30.120 9 INFO neutron.api.wsgi [req-9e8730ef-ed69-4903-b00a-96210a42cada req-5cf94ce7-e2c8-4e80-8fca-55b15955a035 0746676e60fb4efe8b29012ba137f9ce a001d5f3965e404585f5f6102d39a46b - - d98b857e90864c74adc3bf5bfdf4dc38 d98b857e90864c74adc3bf5bfdf4dc38] 199.204.45.22 "GET /v2.0/ports?tenant_id=f4dd16ab644d47a0b27e3731ac18fc14&device_id=c46847c8-281c-4e7d-bb3d-fef50ca6dfca HTTP/1.1" status: 200 len: 1411 time: 0.0374148
2026-07-01 02:02:30.127 9 WARNING neutron.plugins.ml2.drivers.ovn.mech_driver.ovsdb.ovn_client [None req-2c8fd973-7290-4820-9390-c976a924456e - - - - - -] No port found with ID 6d9098b3-a812-41f6-99da-80133e1fddd8: RuntimeError: No port found with ID 6d9098b3-a812-41f6-99da-80133e1fddd8
2026-07-01 02:02:30.166 9 INFO neutron.plugins.ml2.drivers.ovn.mech_driver.mech_driver [None req-2c8fd973-7290-4820-9390-c976a924456e - - - - - -] OVN reports status up for port: 77e2dfc4-abce-45b8-8fdc-56aa2aa6b7f5
2026-07-01 02:02:30.181 9 INFO neutron.plugins.ml2.plugin [None req-2c8fd973-7290-4820-9390-c976a924456e - - - - - -] Attempt 1 to provision port 77e2dfc4-abce-45b8-8fdc-56aa2aa6b7f5
2026-07-01 02:02:30.206 10 WARNING neutron.scheduler.dhcp_agent_scheduler [None req-da284f20-34c6-4cc8-9204-6f042dfce38b 6775a505b33246898c557453a6eed607 a6dec8187bb74f7cb5ebe0c80cdcf421 - - default default] No more DHCP agents
2026-07-01 02:02:30.206 9 INFO neutron.api.wsgi [req-9e8730ef-ed69-4903-b00a-96210a42cada req-e6b23509-1cc8-4cfe-b656-8975754a6eb7 0746676e60fb4efe8b29012ba137f9ce a001d5f3965e404585f5f6102d39a46b - - d98b857e90864c74adc3bf5bfdf4dc38 d98b857e90864c74adc3bf5bfdf4dc38] 199.204.45.22 "GET /v2.0/networks?id=10314b42-6959-473b-bdef-289f50c291ec HTTP/1.1" status: 200 len: 973 time: 0.0803103
2026-07-01 02:02:30.207 10 WARNING neutron.api.rpc.agentnotifiers.dhcp_rpc_agent_api [None req-da284f20-34c6-4cc8-9204-6f042dfce38b 6775a505b33246898c557453a6eed607 a6dec8187bb74f7cb5ebe0c80cdcf421 - - default default] Unable to schedule network 174b4a95-a4b4-41b2-a91a-8f1c10c8209b: no agents available; will retry on subsequent port and subnet creation events. /var/lib/openstack/lib/python3.12/site-packages/pycadf/identifier.py:71: UserWarning: Invalid uuid: neutron. To ensure interoperability, identifiers should be a valid uuid. warnings.warn(('Invalid uuid: %s. To ensure interoperability, '
2026-07-01 02:02:30.250 9 INFO neutron.api.wsgi [req-9e8730ef-ed69-4903-b00a-96210a42cada req-d217474e-b224-44cb-8b02-242b62889fd7 0746676e60fb4efe8b29012ba137f9ce a001d5f3965e404585f5f6102d39a46b - - d98b857e90864c74adc3bf5bfdf4dc38 d98b857e90864c74adc3bf5bfdf4dc38] 199.204.45.22 "GET /v2.0/floatingips?fixed_ip_address=10.100.0.14&port_id=b957477f-30bf-4295-86f6-7040ff2c1258 HTTP/1.1" status: 200 len: 1058 time: 0.0378060
2026-07-01 02:02:30.279 9 INFO neutron.api.wsgi [req-9e8730ef-ed69-4903-b00a-96210a42cada req-214fa9dc-dd1e-44e4-af87-08ad67c9a60a 0746676e60fb4efe8b29012ba137f9ce a001d5f3965e404585f5f6102d39a46b - - d98b857e90864c74adc3bf5bfdf4dc38 d98b857e90864c74adc3bf5bfdf4dc38] 199.204.45.22 "GET /v2.0/subnets?id=787d4d75-7a85-432a-9b82-aa7b21b6dc92 HTTP/1.1" status: 200 len: 892 time: 0.0226581
2026-07-01 02:02:30.302 9 INFO neutron.api.wsgi [req-9e8730ef-ed69-4903-b00a-96210a42cada req-b4222089-0911-47f5-bd6d-0ff34b0c93d1 0746676e60fb4efe8b29012ba137f9ce a001d5f3965e404585f5f6102d39a46b - - d98b857e90864c74adc3bf5bfdf4dc38 d98b857e90864c74adc3bf5bfdf4dc38] 199.204.45.22 "GET /v2.0/ports?network_id=10314b42-6959-473b-bdef-289f50c291ec&device_owner=network%3Adhcp HTTP/1.1" status: 200 len: 210 time: 0.0166163
2026-07-01 02:02:30.359 9 INFO neutron.api.wsgi [req-9e8730ef-ed69-4903-b00a-96210a42cada req-e8c9b45e-62f1-4159-87d8-8e6c8a60d1db 0746676e60fb4efe8b29012ba137f9ce a001d5f3965e404585f5f6102d39a46b - - d98b857e90864c74adc3bf5bfdf4dc38 d98b857e90864c74adc3bf5bfdf4dc38] 199.204.45.22 "GET /v2.0/networks/10314b42-6959-473b-bdef-289f50c291ec?fields=segments HTTP/1.1" status: 200 len: 212 time: 0.0519798
2026-07-01 02:02:30.426 9 INFO neutron.api.wsgi [req-9e8730ef-ed69-4903-b00a-96210a42cada req-fac72280-3ce9-48e6-82d6-48424ab1eb6a 0746676e60fb4efe8b29012ba137f9ce a001d5f3965e404585f5f6102d39a46b - - d98b857e90864c74adc3bf5bfdf4dc38 d98b857e90864c74adc3bf5bfdf4dc38] 199.204.45.22 "GET /v2.0/networks/10314b42-6959-473b-bdef-289f50c291ec?fields=provider%3Aphysical_network&fields=provider%3Anetwork_type HTTP/1.1" status: 200 len: 277 time: 0.0632367
2026-07-01 02:02:30.582 9 INFO neutron.db.ovn_revision_numbers_db [None req-2c8fd973-7290-4820-9390-c976a924456e - - - - - -] Successfully bumped revision number for resource 77e2dfc4-abce-45b8-8fdc-56aa2aa6b7f5 (type: ports) to 2
2026-07-01 02:02:30.662 10 INFO neutron.db.ovn_revision_numbers_db [None req-455506ee-054c-433d-9a97-a080b8fc9ca3 - - - - - -] Successfully bumped revision number for resource df4c8d46-c063-4fce-9a55-42db52140040 (type: ports) to 2
2026-07-01 02:02:30.709 10 INFO neutron.db.ovn_revision_numbers_db [None req-455506ee-054c-433d-9a97-a080b8fc9ca3 - - - - - -] Successfully bumped revision number for resource d560b479-3817-4062-939d-6b9da2506817 (type: subnets) to 0
2026-07-01 02:02:30.726 10 INFO neutron.api.wsgi [None req-38624a13-34c4-4007-afad-a47d274a9b05 b04d118397b44f44bd125bd42656f79b b83352c45fd04e0ea8ff955cf854e993 - - default default] 10.0.0.179 "GET /v2.0/ports/77e2dfc4-abce-45b8-8fdc-56aa2aa6b7f5 HTTP/1.1" status: 200 len: 1141 time: 0.0432916
2026-07-01 02:02:30.731 10 INFO neutron.api.wsgi [None req-da284f20-34c6-4cc8-9204-6f042dfce38b 6775a505b33246898c557453a6eed607 a6dec8187bb74f7cb5ebe0c80cdcf421 - - default default] 10.0.0.179 "POST /v2.0/subnets HTTP/1.1" status: 201 len: 854 time: 0.7555048
2026-07-01 02:02:30.741 9 INFO neutron.api.wsgi [req-2c6c2dcf-3dff-4372-b06f-621fa276d75a req-53931492-6fd6-42f1-9ffd-607b741afd9a e1ddeacea8f041689a0c2820d9256446 f4dd16ab644d47a0b27e3731ac18fc14 - - default default] 199.204.45.22 "GET /v2.0/ports?device_id=c46847c8-281c-4e7d-bb3d-fef50ca6dfca HTTP/1.1" status: 200 len: 1172 time: 0.0506248
2026-07-01 02:02:30.745 10 WARNING neutron_lib.context [None req-c4038b4e-983d-40d4-9b5f-8d1f065874a4 6775a505b33246898c557453a6eed607 a6dec8187bb74f7cb5ebe0c80cdcf421 - - default default] Method 'is_advsvc' is deprecated since 2023.2 release (neutron-lib 3.8.0) and will be removed once support for the old RBAC API policies will be removed from Neutron. Please use method 'is_service_role' instead.
2026-07-01 02:02:31.001 10 WARNING neutron.scheduler.dhcp_agent_scheduler [None req-c4038b4e-983d-40d4-9b5f-8d1f065874a4 6775a505b33246898c557453a6eed607 a6dec8187bb74f7cb5ebe0c80cdcf421 - - default default] No more DHCP agents
2026-07-01 02:02:31.003 10 WARNING neutron.api.rpc.agentnotifiers.dhcp_rpc_agent_api [None req-c4038b4e-983d-40d4-9b5f-8d1f065874a4 6775a505b33246898c557453a6eed607 a6dec8187bb74f7cb5ebe0c80cdcf421 - - default default] Unable to schedule network 174b4a95-a4b4-41b2-a91a-8f1c10c8209b: no agents available; will retry on subsequent port and subnet creation events.
2026-07-01 02:02:31.069 10 INFO neutron.db.ovn_revision_numbers_db [None req-c4038b4e-983d-40d4-9b5f-8d1f065874a4 6775a505b33246898c557453a6eed607 a6dec8187bb74f7cb5ebe0c80cdcf421 - - default default] Successfully bumped revision number for resource b2880694-dce0-4777-803b-4400ce1c4c1c (type: subnets) to 0
2026-07-01 02:02:31.078 9 INFO neutron.db.l3_db [req-2c6c2dcf-3dff-4372-b06f-621fa276d75a req-a16ccb90-eedc-4db3-83ce-64ada60a718f e1ddeacea8f041689a0c2820d9256446 f4dd16ab644d47a0b27e3731ac18fc14 - - default default] Floating IP 59f1c141-f801-4000-9ac3-d9b28aeda216 disassociated. External IP: 10.96.250.210, port: b957477f-30bf-4295-86f6-7040ff2c1258.
2026-07-01 02:02:31.084 10 INFO neutron.api.wsgi [None req-c4038b4e-983d-40d4-9b5f-8d1f065874a4 6775a505b33246898c557453a6eed607 a6dec8187bb74f7cb5ebe0c80cdcf421 - - default default] 10.0.0.179 "POST /v2.0/subnets HTTP/1.1" status: 201 len: 927 time: 0.3444810
2026-07-01 02:02:31.099 10 WARNING neutron_lib.context [None req-fa516c12-0257-407f-a308-50bdfbfe4aef 6775a505b33246898c557453a6eed607 a6dec8187bb74f7cb5ebe0c80cdcf421 - - default default] Method 'is_advsvc' is deprecated since 2023.2 release (neutron-lib 3.8.0) and will be removed once support for the old RBAC API policies will be removed from Neutron. Please use method 'is_service_role' instead.
2026-07-01 02:02:31.204 9 INFO neutron.api.wsgi [req-2c6c2dcf-3dff-4372-b06f-621fa276d75a req-a16ccb90-eedc-4db3-83ce-64ada60a718f e1ddeacea8f041689a0c2820d9256446 f4dd16ab644d47a0b27e3731ac18fc14 - - default default] 199.204.45.22 "DELETE /v2.0/ports/b957477f-30bf-4295-86f6-7040ff2c1258 HTTP/1.1" status: 204 len: 173 time: 0.4589829
2026-07-01 02:02:31.212 10 INFO neutron.api.wsgi [req-ea5f7fe5-ff0b-456e-8bba-0d0232dcebad req-c45af5e9-fcef-4844-b105-c87336f4eadb e1ddeacea8f041689a0c2820d9256446 f4dd16ab644d47a0b27e3731ac18fc14 - - default default] 10.0.0.12 "GET /v2.0/ports?device_id=c46847c8-281c-4e7d-bb3d-fef50ca6dfca HTTP/1.1" status: 200 len: 210 time: 0.0331025
2026-07-01 02:02:31.247 9 INFO neutron.notifiers.nova [-] Nova event matching ['req-fe857c34-16dc-438d-9565-49ced03a4fad'] response: {'server_uuid': 'c46847c8-281c-4e7d-bb3d-fef50ca6dfca', 'name': 'network-vif-deleted', 'tag': 'b957477f-30bf-4295-86f6-7040ff2c1258', 'status': 'completed', 'code': 200}
2026-07-01 02:02:31.476 10 INFO neutron.api.wsgi [None req-b0a97fd9-ae99-4ecb-b347-0c5f5ea49d85 b04d118397b44f44bd125bd42656f79b b83352c45fd04e0ea8ff955cf854e993 - - default default] 10.0.0.179 "PUT /v2.0/routers/c4369906-bbef-4bc4-87b9-0401f6050af3/remove_router_interface HTTP/1.1" status: 200 len: 503 time: 0.7448628
2026-07-01 02:02:31.500 9 INFO neutron.api.wsgi [None req-845c5e0b-6013-488e-b2f9-e8042cf46ea8 b04d118397b44f44bd125bd42656f79b b83352c45fd04e0ea8ff955cf854e993 - - default default] 10.0.0.179 "GET /v2.0/ports?device_id=c4369906-bbef-4bc4-87b9-0401f6050af3 HTTP/1.1" status: 200 len: 205 time: 0.0190771
2026-07-01 02:02:31.611 10 INFO neutron.notifiers.nova [-] Nova event matching ['req-21e2e9d1-bb90-4051-b9eb-a2438da63d63'] response: {'server_uuid': 'c46847c8-281c-4e7d-bb3d-fef50ca6dfca', 'name': 'network-vif-unplugged', 'status': 'completed', 'tag': 'b957477f-30bf-4295-86f6-7040ff2c1258', 'code': 200}
2026-07-01 02:02:31.666 10 WARNING neutron.scheduler.dhcp_agent_scheduler [None req-fa516c12-0257-407f-a308-50bdfbfe4aef 6775a505b33246898c557453a6eed607 a6dec8187bb74f7cb5ebe0c80cdcf421 - - default default] No more DHCP agents
2026-07-01 02:02:31.669 10 WARNING neutron.api.rpc.agentnotifiers.dhcp_rpc_agent_api [None req-fa516c12-0257-407f-a308-50bdfbfe4aef 6775a505b33246898c557453a6eed607 a6dec8187bb74f7cb5ebe0c80cdcf421 - - default default] Unable to schedule network c3a7df79-e9e7-40b4-ac86-3230c57ce204: no agents available; will retry on subsequent port and subnet creation events.
2026-07-01 02:02:31.707 9 INFO neutron.api.wsgi [None req-6df3e5f7-d76b-4f90-85d0-b88a46997c35 b04d118397b44f44bd125bd42656f79b b83352c45fd04e0ea8ff955cf854e993 - - default default] 10.0.0.179 "DELETE /v2.0/routers/c4369906-bbef-4bc4-87b9-0401f6050af3 HTTP/1.1" status: 204 len: 168 time: 0.2029660
2026-07-01 02:02:31.817 10 INFO neutron.db.ovn_revision_numbers_db [None req-fa516c12-0257-407f-a308-50bdfbfe4aef 6775a505b33246898c557453a6eed607 a6dec8187bb74f7cb5ebe0c80cdcf421 - - default default] Successfully bumped revision number for resource d618b998-d2f2-440e-979c-b4544ce51846 (type: ports) to 1
2026-07-01 02:02:31.862 9 INFO neutron.api.wsgi [None req-3da92e31-533d-4858-81f9-a689bd36fbcd b04d118397b44f44bd125bd42656f79b b83352c45fd04e0ea8ff955cf854e993 - - default default] 10.0.0.179 "DELETE /v2.0/subnets/8ea7a2d8-d8e2-4aa4-a629-f248e708bf15 HTTP/1.1" status: 204 len: 168 time: 0.1465433
2026-07-01 02:02:32.169 9 INFO neutron.services.segments.plugin [-] Segment 38865cb2-7ab9-414e-a33f-ca935e49d602 resource provider aggregate not found
2026-07-01 02:02:32.175 9 INFO neutron.services.segments.plugin [-] Segment 38865cb2-7ab9-414e-a33f-ca935e49d602 resource provider aggregate not found
2026-07-01 02:02:32.189 9 INFO neutron.services.segments.plugin [-] Segment 38865cb2-7ab9-414e-a33f-ca935e49d602 resource provider not found; error: Placement Client Error (4xx): {"errors": [{"status": 404, "title": "Not Found", "detail": "The resource could not be found.\n\n No resource provider with uuid 38865cb2-7ab9-414e-a33f-ca935e49d602 found for delete ", "request_id": "req-2025279d-8053-44f6-9b31-44038769463d"}]}
2026-07-01 02:02:32.190 9 INFO neutron.services.segments.plugin [-] Segment 38865cb2-7ab9-414e-a33f-ca935e49d602 resource provider not found; error: Placement Client Error (4xx): {"errors": [{"status": 404, "title": "Not Found", "detail": "The resource could not be found.\n\n No resource provider with uuid 38865cb2-7ab9-414e-a33f-ca935e49d602 found for delete ", "request_id": "req-7979bb9a-f1c0-4d34-ac08-a5ff729785c3"}]}
2026-07-01 02:02:32.204 9 INFO neutron.api.wsgi [None req-33f21694-8a3b-43c7-a6a6-e0fe82c2cff1 b04d118397b44f44bd125bd42656f79b b83352c45fd04e0ea8ff955cf854e993 - - default default] 10.0.0.179 "DELETE /v2.0/networks/de8dea47-d796-4c8e-92a5-491273846f97 HTTP/1.1" status: 204 len: 168 time: 0.3392549
2026-07-01 02:02:32.216 9 WARNING neutron_lib.context [None req-4cd3b20f-4615-40e9-aecc-82e140a6b5c4 b04d118397b44f44bd125bd42656f79b b83352c45fd04e0ea8ff955cf854e993 - - default default] Method 'is_advsvc' is deprecated since 2023.2 release (neutron-lib 3.8.0) and will be removed once support for the old RBAC API policies will be removed from Neutron. Please use method 'is_service_role' instead.
2026-07-01 02:02:32.305 9 INFO neutron.api.wsgi [req-7fa0232f-8b19-4446-9d88-b34ff57e57ef req-5be56d3e-453b-4182-9b49-6caffc972697 e1ddeacea8f041689a0c2820d9256446 f4dd16ab644d47a0b27e3731ac18fc14 - - default default] 10.0.0.12 "GET /v2.0/ports?device_id=c46847c8-281c-4e7d-bb3d-fef50ca6dfca HTTP/1.1" status: 200 len: 210 time: 0.0264201
2026-07-01 02:02:32.384 10 INFO neutron.plugins.ml2.drivers.ovn.mech_driver.ovsdb.commands [None req-4f612f82-f06c-4c09-9036-e4758fe90a5f - - - - - -] Schedule LRP lrp-d618b998-d2f2-440e-979c-b4544ce51846 on gateway 18aad834-2a8d-4bb1-9019-11d6bf7f1e3f with priority 1
2026-07-01 02:02:32.392 10 INFO neutron.plugins.ml2.drivers.ovn.mech_driver.mech_driver [None req-f393686f-7f5a-4e4c-9e65-b39d29cd0a5c - - - - - -] OVN reports status up for port: d618b998-d2f2-440e-979c-b4544ce51846
2026-07-01 02:02:32.417 10 INFO neutron.plugins.ml2.drivers.ovn.mech_driver.ovsdb.ovsdb_monitor [None req-999cdb6f-7ec6-494e-a545-0a872ee6ebd6 - - - - - -] Router fd38dbf0-df13-4d91-bfe3-45b7f77e7d62 is bound to host instance
2026-07-01 02:02:32.418 10 INFO neutron.plugins.ml2.plugin [None req-f393686f-7f5a-4e4c-9e65-b39d29cd0a5c - - - - - -] Attempt 1 to provision port d618b998-d2f2-440e-979c-b4544ce51846
2026-07-01 02:02:32.448 10 INFO neutron.db.ovn_revision_numbers_db [None req-fa516c12-0257-407f-a308-50bdfbfe4aef 6775a505b33246898c557453a6eed607 a6dec8187bb74f7cb5ebe0c80cdcf421 - - default default] Successfully bumped revision number for resource d618b998-d2f2-440e-979c-b4544ce51846 (type: router_ports) to 1
2026-07-01 02:02:32.531 10 INFO neutron.db.ovn_revision_numbers_db [None req-fa516c12-0257-407f-a308-50bdfbfe4aef 6775a505b33246898c557453a6eed607 a6dec8187bb74f7cb5ebe0c80cdcf421 - - default default] Successfully bumped revision number for resource fd38dbf0-df13-4d91-bfe3-45b7f77e7d62 (type: routers) to 2
2026-07-01 02:02:32.546 10 INFO neutron.api.wsgi [None req-fa516c12-0257-407f-a308-50bdfbfe4aef 6775a505b33246898c557453a6eed607 a6dec8187bb74f7cb5ebe0c80cdcf421 - - default default] 10.0.0.179 "POST /v2.0/routers HTTP/1.1" status: 201 len: 1143 time: 1.4522657 /var/lib/openstack/lib/python3.12/site-packages/pycadf/identifier.py:71: UserWarning: Invalid uuid: neutron. To ensure interoperability, identifiers should be a valid uuid. warnings.warn(('Invalid uuid: %s. To ensure interoperability, '
2026-07-01 02:02:32.585 9 WARNING neutron.scheduler.dhcp_agent_scheduler [None req-4cd3b20f-4615-40e9-aecc-82e140a6b5c4 b04d118397b44f44bd125bd42656f79b b83352c45fd04e0ea8ff955cf854e993 - - default default] No more DHCP agents
2026-07-01 02:02:32.587 9 WARNING neutron.api.rpc.agentnotifiers.dhcp_rpc_agent_api [None req-4cd3b20f-4615-40e9-aecc-82e140a6b5c4 b04d118397b44f44bd125bd42656f79b b83352c45fd04e0ea8ff955cf854e993 - - default default] Unable to schedule network c3a7df79-e9e7-40b4-ac86-3230c57ce204: no agents available; will retry on subsequent port and subnet creation events.
2026-07-01 02:02:32.720 9 INFO neutron.db.ovn_revision_numbers_db [None req-4cd3b20f-4615-40e9-aecc-82e140a6b5c4 b04d118397b44f44bd125bd42656f79b b83352c45fd04e0ea8ff955cf854e993 - - default default] Successfully bumped revision number for resource 960f7699-e101-419c-bddb-aa26a31666b3 (type: ports) to 1
2026-07-01 02:02:32.977 10 INFO neutron.db.ovn_revision_numbers_db [None req-906ab2a6-1716-469c-9359-c79f5ffa2810 - - - - - -] Successfully bumped revision number for resource d618b998-d2f2-440e-979c-b4544ce51846 (type: ports) to 1
2026-07-01 02:02:33.040 10 INFO neutron.db.ovn_revision_numbers_db [None req-ee4a1d6d-3660-4e0f-9397-c74f786c5971 a33a965b76fc462d9b652971c6641128 93ce8b2fcfc948b3b1b917365da7aa0c - - default default] Successfully bumped revision number for resource 0a1f0bd4-25ee-4747-9355-336d52f8da5e (type: security_groups) to 1
2026-07-01 02:02:33.070 10 INFO neutron.db.ovn_revision_numbers_db [None req-ee4a1d6d-3660-4e0f-9397-c74f786c5971 a33a965b76fc462d9b652971c6641128 93ce8b2fcfc948b3b1b917365da7aa0c - - default default] Successfully bumped revision number for resource 77f8d546-5944-45a6-9f8c-46223549cf95 (type: security_group_rules) to 0
2026-07-01 02:02:33.099 10 INFO neutron.db.ovn_revision_numbers_db [None req-ee4a1d6d-3660-4e0f-9397-c74f786c5971 a33a965b76fc462d9b652971c6641128 93ce8b2fcfc948b3b1b917365da7aa0c - - default default] Successfully bumped revision number for resource 816d3df2-9071-4091-84db-3ab60c0fced3 (type: security_group_rules) to 0
2026-07-01 02:02:33.122 10 INFO neutron.db.ovn_revision_numbers_db [None req-ee4a1d6d-3660-4e0f-9397-c74f786c5971 a33a965b76fc462d9b652971c6641128 93ce8b2fcfc948b3b1b917365da7aa0c - - default default] Successfully bumped revision number for resource c3df450b-a660-43ba-b868-0747e453ea97 (type: security_group_rules) to 0
2026-07-01 02:02:33.142 10 INFO neutron.db.ovn_revision_numbers_db [None req-ee4a1d6d-3660-4e0f-9397-c74f786c5971 a33a965b76fc462d9b652971c6641128 93ce8b2fcfc948b3b1b917365da7aa0c - - default default] Successfully bumped revision number for resource f014db6f-f246-4774-a15b-afe66caffc95 (type: security_group_rules) to 0
2026-07-01 02:02:33.180 10 WARNING neutron.scheduler.dhcp_agent_scheduler [None req-27b16abd-48d2-4b01-9892-59af91fd6916 6775a505b33246898c557453a6eed607 a6dec8187bb74f7cb5ebe0c80cdcf421 - - default default] No more DHCP agents
2026-07-01 02:02:33.182 10 WARNING neutron.api.rpc.agentnotifiers.dhcp_rpc_agent_api [None req-27b16abd-48d2-4b01-9892-59af91fd6916 6775a505b33246898c557453a6eed607 a6dec8187bb74f7cb5ebe0c80cdcf421 - - default default] Unable to schedule network e14165a1-6d96-4f33-b98f-7c92d69b728a: no agents available; will retry on subsequent port and subnet creation events.
2026-07-01 02:02:33.197 10 INFO neutron.api.wsgi [None req-ee4a1d6d-3660-4e0f-9397-c74f786c5971 a33a965b76fc462d9b652971c6641128 93ce8b2fcfc948b3b1b917365da7aa0c - - default default] 10.0.0.179 "GET /v2.0/security-groups?tenant_id=ac4c45c4261b4fe5b0b0d8836095ff87&name=default HTTP/1.1" status: 200 len: 3120 time: 0.3963935
2026-07-01 02:02:33.317 10 INFO neutron.db.ovn_revision_numbers_db [None req-27b16abd-48d2-4b01-9892-59af91fd6916 6775a505b33246898c557453a6eed607 a6dec8187bb74f7cb5ebe0c80cdcf421 - - default default] Successfully bumped revision number for resource 0468438e-6dac-4940-8125-75b09bb0a99e (type: ports) to 1
2026-07-01 02:02:33.379 9 INFO neutron.plugins.ml2.drivers.ovn.mech_driver.ovsdb.commands [None req-5be845b5-f327-4bb0-a3d7-f2656508c130 - - - - - -] Schedule LRP lrp-960f7699-e101-419c-bddb-aa26a31666b3 on gateway 18aad834-2a8d-4bb1-9019-11d6bf7f1e3f with priority 1
2026-07-01 02:02:33.393 10 INFO neutron.api.wsgi [req-331c6b4a-9b06-41dc-90ed-47bd5e814200 req-a2268f6e-9a24-47de-9c0c-c2f2fd5cdede e1ddeacea8f041689a0c2820d9256446 f4dd16ab644d47a0b27e3731ac18fc14 - - default default] 10.0.0.12 "GET /v2.0/ports?device_id=c46847c8-281c-4e7d-bb3d-fef50ca6dfca HTTP/1.1" status: 200 len: 210 time: 0.0263858
2026-07-01 02:02:33.420 10 INFO neutron.db.ovn_revision_numbers_db [None req-906ab2a6-1716-469c-9359-c79f5ffa2810 - - - - - -] Successfully bumped revision number for resource d618b998-d2f2-440e-979c-b4544ce51846 (type: ports) to 4
2026-07-01 02:02:33.423 9 INFO neutron.db.ovn_revision_numbers_db [None req-4cd3b20f-4615-40e9-aecc-82e140a6b5c4 b04d118397b44f44bd125bd42656f79b b83352c45fd04e0ea8ff955cf854e993 - - default default] Successfully bumped revision number for resource 960f7699-e101-419c-bddb-aa26a31666b3 (type: router_ports) to 1
2026-07-01 02:02:33.476 9 INFO neutron.api.wsgi [None req-5689f51d-0057-46b8-881e-0f0ade7a4c2a a33a965b76fc462d9b652971c6641128 93ce8b2fcfc948b3b1b917365da7aa0c - - default default] 10.0.0.179 "DELETE /v2.0/security-groups/0a1f0bd4-25ee-4747-9355-336d52f8da5e HTTP/1.1" status: 204 len: 168 time: 0.2739773
2026-07-01 02:02:33.484 9 INFO neutron.db.ovn_revision_numbers_db [None req-4cd3b20f-4615-40e9-aecc-82e140a6b5c4 b04d118397b44f44bd125bd42656f79b b83352c45fd04e0ea8ff955cf854e993 - - default default] Successfully bumped revision number for resource 9ff84b06-f1b7-4aa7-873a-f336a3071687 (type: routers) to 2
2026-07-01 02:02:33.504 9 INFO neutron.api.wsgi [None req-4cd3b20f-4615-40e9-aecc-82e140a6b5c4 b04d118397b44f44bd125bd42656f79b b83352c45fd04e0ea8ff955cf854e993 - - default default] 10.0.0.179 "POST /v2.0/routers HTTP/1.1" status: 201 len: 1150 time: 1.2916534
2026-07-01 02:02:33.570 9 INFO neutron.api.wsgi [None req-0aaa1dee-3715-423d-8285-7504b9df0fb1 b04d118397b44f44bd125bd42656f79b b83352c45fd04e0ea8ff955cf854e993 - - default default] 10.0.0.179 "GET /v2.0/routers/9ff84b06-f1b7-4aa7-873a-f336a3071687 HTTP/1.1" status: 200 len: 1151 time: 0.0608063
2026-07-01 02:02:33.689 9 INFO neutron.api.wsgi [None req-0e11f749-6329-4a1d-82b1-2ac6f1957fc8 b04d118397b44f44bd125bd42656f79b b83352c45fd04e0ea8ff955cf854e993 - - default default] 10.0.0.179 "GET /v2.0/routers HTTP/1.1" status: 200 len: 1154 time: 0.1041899
2026-07-01 02:02:33.778 10 INFO neutron.db.ovn_revision_numbers_db [None req-906ab2a6-1716-469c-9359-c79f5ffa2810 - - - - - -] Successfully bumped revision number for resource d618b998-d2f2-440e-979c-b4544ce51846 (type: ports) to 5
2026-07-01 02:02:34.006 10 INFO neutron.db.ovn_revision_numbers_db [None req-27b16abd-48d2-4b01-9892-59af91fd6916 6775a505b33246898c557453a6eed607 a6dec8187bb74f7cb5ebe0c80cdcf421 - - default default] Successfully bumped revision number for resource 0468438e-6dac-4940-8125-75b09bb0a99e (type: ports) to 1
2026-07-01 02:02:34.042 10 WARNING neutron.scheduler.dhcp_agent_scheduler [None req-27b16abd-48d2-4b01-9892-59af91fd6916 6775a505b33246898c557453a6eed607 a6dec8187bb74f7cb5ebe0c80cdcf421 - - default default] No more DHCP agents
2026-07-01 02:02:34.043 10 WARNING neutron.api.rpc.agentnotifiers.dhcp_rpc_agent_api [None req-27b16abd-48d2-4b01-9892-59af91fd6916 6775a505b33246898c557453a6eed607 a6dec8187bb74f7cb5ebe0c80cdcf421 - - default default] Unable to schedule network e14165a1-6d96-4f33-b98f-7c92d69b728a: no agents available; will retry on subsequent port and subnet creation events.
2026-07-01 02:02:34.103 9 INFO neutron.db.ovn_revision_numbers_db [None req-af82d5ed-a668-4aca-86ae-51dc15493d72 b04d118397b44f44bd125bd42656f79b b83352c45fd04e0ea8ff955cf854e993 - - default default] Successfully bumped revision number for resource 9ff84b06-f1b7-4aa7-873a-f336a3071687 (type: routers) to 3
2026-07-01 02:02:34.108 9 INFO neutron.api.wsgi [None req-af82d5ed-a668-4aca-86ae-51dc15493d72 b04d118397b44f44bd125bd42656f79b b83352c45fd04e0ea8ff955cf854e993 - - default default] 10.0.0.179 "PUT /v2.0/routers/9ff84b06-f1b7-4aa7-873a-f336a3071687 HTTP/1.1" status: 200 len: 1158 time: 0.4144413
2026-07-01 02:02:34.178 10 INFO neutron.api.wsgi [None req-bc42f306-fa17-4ead-a2ef-fbd60c6fd46f b04d118397b44f44bd125bd42656f79b b83352c45fd04e0ea8ff955cf854e993 - - default default] 10.0.0.179 "GET /v2.0/routers/9ff84b06-f1b7-4aa7-873a-f336a3071687 HTTP/1.1" status: 200 len: 1158 time: 0.0645373
2026-07-01 02:02:34.378 10 INFO neutron.api.wsgi [None req-9149f35e-49ce-4a30-828d-2df6fb7eee9d b04d118397b44f44bd125bd42656f79b b83352c45fd04e0ea8ff955cf854e993 - - default default] 10.0.0.179 "GET /v2.0/ports?device_id=9ff84b06-f1b7-4aa7-873a-f336a3071687 HTTP/1.1" status: 200 len: 205 time: 0.1954293
2026-07-01 02:02:34.589 10 INFO neutron.plugins.ml2.drivers.ovn.mech_driver.mech_driver [None req-f393686f-7f5a-4e4c-9e65-b39d29cd0a5c - - - - - -] OVN reports status up for port: 0468438e-6dac-4940-8125-75b09bb0a99e
2026-07-01 02:02:34.594 10 INFO neutron.plugins.ml2.plugin [None req-f393686f-7f5a-4e4c-9e65-b39d29cd0a5c - - - - - -] Attempt 1 to provision port 0468438e-6dac-4940-8125-75b09bb0a99e
2026-07-01 02:02:34.625 10 INFO neutron.api.wsgi [None req-abf81b48-1aa0-440b-a0e3-343bb4337c33 e1ddeacea8f041689a0c2820d9256446 f4dd16ab644d47a0b27e3731ac18fc14 - - default default] 10.0.0.179 "DELETE /v2.0/security-groups/586aa326-7fa0-47e9-a89c-01c310228368 HTTP/1.1" status: 204 len: 168 time: 0.1584256
2026-07-01 02:02:34.629 10 INFO neutron.db.ovn_revision_numbers_db [None req-27b16abd-48d2-4b01-9892-59af91fd6916 6775a505b33246898c557453a6eed607 a6dec8187bb74f7cb5ebe0c80cdcf421 - - default default] Successfully bumped revision number for resource 0468438e-6dac-4940-8125-75b09bb0a99e (type: router_ports) to 1
2026-07-01 02:02:34.633 10 INFO neutron.api.wsgi [None req-27b16abd-48d2-4b01-9892-59af91fd6916 6775a505b33246898c557453a6eed607 a6dec8187bb74f7cb5ebe0c80cdcf421 - - default default] 10.0.0.179 "PUT /v2.0/routers/fd38dbf0-df13-4d91-bfe3-45b7f77e7d62/add_router_interface HTTP/1.1" status: 200 len: 503 time: 2.0815511
2026-07-01 02:02:34.651 9 INFO neutron.api.v2.resource [None req-6d4dd98c-fad7-4b8f-8b62-86b7232ba16e e1ddeacea8f041689a0c2820d9256446 f4dd16ab644d47a0b27e3731ac18fc14 - - default default] show failed (client error): The resource could not be found.
2026-07-01 02:02:34.652 9 INFO neutron.api.wsgi [None req-6d4dd98c-fad7-4b8f-8b62-86b7232ba16e e1ddeacea8f041689a0c2820d9256446 f4dd16ab644d47a0b27e3731ac18fc14 - - default default] 10.0.0.179 "GET /v2.0/security-groups/586aa326-7fa0-47e9-a89c-01c310228368 HTTP/1.1" status: 404 len: 347 time: 0.0219491
2026-07-01 02:02:35.046 9 INFO neutron.api.wsgi [None req-7f5d8ae9-d46d-49f7-9586-bbf946316727 b04d118397b44f44bd125bd42656f79b b83352c45fd04e0ea8ff955cf854e993 - - default default] 10.0.0.179 "DELETE /v2.0/routers/9ff84b06-f1b7-4aa7-873a-f336a3071687 HTTP/1.1" status: 204 len: 168 time: 0.6616762
2026-07-01 02:02:35.077 9 INFO neutron.api.wsgi [None req-8e98ae81-23a2-45e0-917d-a740d3131d79 b04d118397b44f44bd125bd42656f79b b83352c45fd04e0ea8ff955cf854e993 - - default default] 10.0.0.179 "GET /v2.0/ports?device_id=9ff84b06-f1b7-4aa7-873a-f336a3071687 HTTP/1.1" status: 200 len: 205 time: 0.0241947
2026-07-01 02:02:35.098 9 INFO neutron.api.v2.resource [None req-a3174ef4-e6fa-4735-81c1-ceb4a92856e5 b04d118397b44f44bd125bd42656f79b b83352c45fd04e0ea8ff955cf854e993 - - default default] delete failed (client error): The resource could not be found.
2026-07-01 02:02:35.099 9 INFO neutron.api.wsgi [None req-a3174ef4-e6fa-4735-81c1-ceb4a92856e5 b04d118397b44f44bd125bd42656f79b b83352c45fd04e0ea8ff955cf854e993 - - default default] 10.0.0.179 "DELETE /v2.0/routers/9ff84b06-f1b7-4aa7-873a-f336a3071687 HTTP/1.1" status: 404 len: 336 time: 0.0176139
2026-07-01 02:02:35.118 9 INFO neutron.api.wsgi [None req-e3d2a77a-06db-4b67-8268-0574e6c9ee6c b04d118397b44f44bd125bd42656f79b b83352c45fd04e0ea8ff955cf854e993 - - default default] 10.0.0.179 "GET /v2.0/ports?device_id=c4369906-bbef-4bc4-87b9-0401f6050af3 HTTP/1.1" status: 200 len: 205 time: 0.0150206
2026-07-01 02:02:35.137 9 INFO neutron.api.v2.resource [None req-b84b9d21-2006-4a62-941c-4c35af3a642b b04d118397b44f44bd125bd42656f79b b83352c45fd04e0ea8ff955cf854e993 - - default default] delete failed (client error): The resource could not be found.
2026-07-01 02:02:35.138 9 INFO neutron.api.wsgi [None req-b84b9d21-2006-4a62-941c-4c35af3a642b b04d118397b44f44bd125bd42656f79b b83352c45fd04e0ea8ff955cf854e993 - - default default] 10.0.0.179 "DELETE /v2.0/routers/c4369906-bbef-4bc4-87b9-0401f6050af3 HTTP/1.1" status: 404 len: 336 time: 0.0146034
2026-07-01 02:02:35.146 10 INFO neutron.api.wsgi [None req-464fcd8d-b80b-4eab-960c-d61627ab4d5e e1ddeacea8f041689a0c2820d9256446 f4dd16ab644d47a0b27e3731ac18fc14 - - default default] 10.0.0.179 "DELETE /v2.0/floatingips/59f1c141-f801-4000-9ac3-d9b28aeda216 HTTP/1.1" status: 204 len: 168 time: 0.4893486
2026-07-01 02:02:35.154 9 INFO neutron.pecan_wsgi.hooks.translation [None req-a1fb35dc-c077-42b7-9a70-17ac338fc7b6 b04d118397b44f44bd125bd42656f79b b83352c45fd04e0ea8ff955cf854e993 - - default default] DELETE failed (client error): The resource could not be found.
2026-07-01 02:02:35.156 10 INFO neutron.db.ovn_revision_numbers_db [None req-f393686f-7f5a-4e4c-9e65-b39d29cd0a5c - - - - - -] Successfully bumped revision number for resource 0468438e-6dac-4940-8125-75b09bb0a99e (type: ports) to 2
2026-07-01 02:02:35.157 9 INFO neutron.api.wsgi [None req-a1fb35dc-c077-42b7-9a70-17ac338fc7b6 b04d118397b44f44bd125bd42656f79b b83352c45fd04e0ea8ff955cf854e993 - - default default] 10.0.0.179 "DELETE /v2.0/subnets/8ea7a2d8-d8e2-4aa4-a629-f248e708bf15 HTTP/1.1" status: 404 len: 337 time: 0.0150158
2026-07-01 02:02:35.184 10 INFO neutron.api.wsgi [None req-a1391055-771d-4903-a317-65f877773f12 b04d118397b44f44bd125bd42656f79b b83352c45fd04e0ea8ff955cf854e993 - - default default] 10.0.0.179 "GET /v2.0/ports?device_id=3d0ca342-901f-405e-9c30-a4fbc9671459 HTTP/1.1" status: 200 len: 205 time: 0.0217321
2026-07-01 02:02:35.208 9 INFO neutron.api.v2.resource [None req-214826a6-afd4-4237-9b2f-23e9997a5814 b04d118397b44f44bd125bd42656f79b b83352c45fd04e0ea8ff955cf854e993 - - default default] delete failed (client error): The resource could not be found.
2026-07-01 02:02:35.209 9 INFO neutron.api.wsgi [None req-214826a6-afd4-4237-9b2f-23e9997a5814 b04d118397b44f44bd125bd42656f79b b83352c45fd04e0ea8ff955cf854e993 - - default default] 10.0.0.179 "DELETE /v2.0/routers/3d0ca342-901f-405e-9c30-a4fbc9671459 HTTP/1.1" status: 404 len: 336 time: 0.0166187
2026-07-01 02:02:35.226 9 INFO neutron.pecan_wsgi.hooks.translation [None req-75e2bb7f-bd0d-4765-ac4c-5ef3a9ffad2a b04d118397b44f44bd125bd42656f79b b83352c45fd04e0ea8ff955cf854e993 - - default default] DELETE failed (client error): The resource could not be found.
2026-07-01 02:02:35.228 9 INFO neutron.api.wsgi [None req-75e2bb7f-bd0d-4765-ac4c-5ef3a9ffad2a b04d118397b44f44bd125bd42656f79b b83352c45fd04e0ea8ff955cf854e993 - - default default] 10.0.0.179 "DELETE /v2.0/subnets/98d2a049-7868-432d-ae5d-e1dc5f7d2f35 HTTP/1.1" status: 404 len: 337 time: 0.0148633
2026-07-01 02:02:35.248 9 INFO neutron.api.wsgi [None req-dbeaa915-67ac-47f7-b10a-e0c9e47df829 b04d118397b44f44bd125bd42656f79b b83352c45fd04e0ea8ff955cf854e993 - - default default] 10.0.0.179 "GET /v2.0/ports?device_id=d4eb67b2-415b-4efb-8cab-e06bb2061fb8 HTTP/1.1" status: 200 len: 205 time: 0.0154908
2026-07-01 02:02:35.277 9 INFO neutron.api.v2.resource [None req-3074d480-af26-4b16-b9f3-d83298cadd03 b04d118397b44f44bd125bd42656f79b b83352c45fd04e0ea8ff955cf854e993 - - default default] delete failed (client error): The resource could not be found.
2026-07-01 02:02:35.278 9 INFO neutron.api.wsgi [None req-3074d480-af26-4b16-b9f3-d83298cadd03 b04d118397b44f44bd125bd42656f79b b83352c45fd04e0ea8ff955cf854e993 - - default default] 10.0.0.179 "DELETE /v2.0/routers/d4eb67b2-415b-4efb-8cab-e06bb2061fb8 HTTP/1.1" status: 404 len: 336 time: 0.0248616
2026-07-01 02:02:35.288 10 WARNING neutron.scheduler.dhcp_agent_scheduler [None req-703adbe7-51d5-4921-a665-1a42f99f086a 6775a505b33246898c557453a6eed607 a6dec8187bb74f7cb5ebe0c80cdcf421 - - default default] No more DHCP agents
2026-07-01 02:02:35.290 10 WARNING neutron.api.rpc.agentnotifiers.dhcp_rpc_agent_api [None req-703adbe7-51d5-4921-a665-1a42f99f086a 6775a505b33246898c557453a6eed607 a6dec8187bb74f7cb5ebe0c80cdcf421 - - default default] Unable to schedule network 3d22bb25-4d75-4f44-a367-3d8586e689c2: no agents available; will retry on subsequent port and subnet creation events.
2026-07-01 02:02:35.296 9 INFO neutron.pecan_wsgi.hooks.translation [None req-4c82952f-c98b-4c81-8d61-7539e85b3943 b04d118397b44f44bd125bd42656f79b b83352c45fd04e0ea8ff955cf854e993 - - default default] DELETE failed (client error): The resource could not be found.
2026-07-01 02:02:35.298 9 INFO neutron.api.wsgi [None req-4c82952f-c98b-4c81-8d61-7539e85b3943 b04d118397b44f44bd125bd42656f79b b83352c45fd04e0ea8ff955cf854e993 - - default default] 10.0.0.179 "DELETE /v2.0/subnets/796038d6-cf66-4c1e-9774-e95313bbf5cf HTTP/1.1" status: 404 len: 337 time: 0.0156174
2026-07-01 02:02:35.311 9 INFO neutron.pecan_wsgi.hooks.translation [None req-74eaa87b-f456-41bb-8059-083f5b91f072 b04d118397b44f44bd125bd42656f79b b83352c45fd04e0ea8ff955cf854e993 - - default default] DELETE failed (client error): The resource could not be found.
2026-07-01 02:02:35.313 9 INFO neutron.api.wsgi [None req-74eaa87b-f456-41bb-8059-083f5b91f072 b04d118397b44f44bd125bd42656f79b b83352c45fd04e0ea8ff955cf854e993 - - default default] 10.0.0.179 "DELETE /v2.0/subnets/4cf69042-d217-4d57-bca8-7b917cc66dbb HTTP/1.1" status: 404 len: 337 time: 0.0105658
2026-07-01 02:02:35.413 10 INFO neutron.db.ovn_revision_numbers_db [None req-f362eab0-cf4c-4a5e-8d8c-1cecc062fdee a33a965b76fc462d9b652971c6641128 93ce8b2fcfc948b3b1b917365da7aa0c - - default default] Successfully bumped revision number for resource 590ac4ef-b020-4bba-a830-00936e850d6b (type: security_groups) to 1
2026-07-01 02:02:35.419 10 INFO neutron.db.ovn_revision_numbers_db [None req-703adbe7-51d5-4921-a665-1a42f99f086a 6775a505b33246898c557453a6eed607 a6dec8187bb74f7cb5ebe0c80cdcf421 - - default default] Successfully bumped revision number for resource 85261d6c-e8cd-4354-83b5-46254ed893f0 (type: ports) to 1
2026-07-01 02:02:35.430 10 INFO neutron.db.ovn_revision_numbers_db [None req-f362eab0-cf4c-4a5e-8d8c-1cecc062fdee a33a965b76fc462d9b652971c6641128 93ce8b2fcfc948b3b1b917365da7aa0c - - default default] Successfully bumped revision number for resource 43d6ee26-d246-48e5-8d44-624c0bf87ea0 (type: security_group_rules) to 0
2026-07-01 02:02:35.444 10 INFO neutron.db.ovn_revision_numbers_db [None req-f362eab0-cf4c-4a5e-8d8c-1cecc062fdee a33a965b76fc462d9b652971c6641128 93ce8b2fcfc948b3b1b917365da7aa0c - - default default] Successfully bumped revision number for resource 77e21e0b-ee82-4f90-9f82-0e7a745dce99 (type: security_group_rules) to 0
2026-07-01 02:02:35.459 10 INFO neutron.db.ovn_revision_numbers_db [None req-f362eab0-cf4c-4a5e-8d8c-1cecc062fdee a33a965b76fc462d9b652971c6641128 93ce8b2fcfc948b3b1b917365da7aa0c - - default default] Successfully bumped revision number for resource c33ca175-8bfb-4a01-8f26-0b35b4c95818 (type: security_group_rules) to 0
2026-07-01 02:02:35.475 10 INFO neutron.db.ovn_revision_numbers_db [None req-f362eab0-cf4c-4a5e-8d8c-1cecc062fdee a33a965b76fc462d9b652971c6641128 93ce8b2fcfc948b3b1b917365da7aa0c - - default default] Successfully bumped revision number for resource e09a6b31-f904-4c6b-98ae-cddd40c9689d (type: security_group_rules) to 0
2026-07-01 02:02:35.539 10 INFO neutron.db.segments_db [None req-f362eab0-cf4c-4a5e-8d8c-1cecc062fdee a33a965b76fc462d9b652971c6641128 93ce8b2fcfc948b3b1b917365da7aa0c - - default default] Added segment 8c39f1c4-9ee2-4ad9-91b6-8b39611f9e55 of type geneve for network b1449820-4b35-4401-a36d-1c292be71294
2026-07-01 02:02:35.579 9 WARNING neutron.plugins.ml2.drivers.ovn.mech_driver.ovsdb.ovn_client [None req-29176a8a-5cae-4114-9028-19e27bc4276d - - - - - -] No port found with ID 77e2dfc4-abce-45b8-8fdc-56aa2aa6b7f5: RuntimeError: No port found with ID 77e2dfc4-abce-45b8-8fdc-56aa2aa6b7f5
2026-07-01 02:02:35.615 9 INFO neutron.plugins.ml2.drivers.ovn.mech_driver.mech_driver [None req-29176a8a-5cae-4114-9028-19e27bc4276d - - - - - -] OVN reports status up for port: 960f7699-e101-419c-bddb-aa26a31666b3
2026-07-01 02:02:35.659 10 INFO neutron.db.ovn_revision_numbers_db [None req-f362eab0-cf4c-4a5e-8d8c-1cecc062fdee a33a965b76fc462d9b652971c6641128 93ce8b2fcfc948b3b1b917365da7aa0c - - default default] Successfully bumped revision number for resource b1449820-4b35-4401-a36d-1c292be71294 (type: networks) to 1
2026-07-01 02:02:35.858 10 WARNING neutron.scheduler.dhcp_agent_scheduler [None req-f362eab0-cf4c-4a5e-8d8c-1cecc062fdee a33a965b76fc462d9b652971c6641128 93ce8b2fcfc948b3b1b917365da7aa0c - - default default] No more DHCP agents
2026-07-01 02:02:35.866 10 WARNING neutron.api.rpc.agentnotifiers.dhcp_rpc_agent_api [None req-f362eab0-cf4c-4a5e-8d8c-1cecc062fdee a33a965b76fc462d9b652971c6641128 93ce8b2fcfc948b3b1b917365da7aa0c - - default default] Unable to schedule network b1449820-4b35-4401-a36d-1c292be71294: no agents available; will retry on subsequent port and subnet creation events. /var/lib/openstack/lib/python3.12/site-packages/pycadf/identifier.py:71: UserWarning: Invalid uuid: neutron. To ensure interoperability, identifiers should be a valid uuid. warnings.warn(('Invalid uuid: %s. To ensure interoperability, '
2026-07-01 02:02:35.950 10 INFO neutron.db.ovn_revision_numbers_db [None req-f362eab0-cf4c-4a5e-8d8c-1cecc062fdee a33a965b76fc462d9b652971c6641128 93ce8b2fcfc948b3b1b917365da7aa0c - - default default] Successfully bumped revision number for resource 62339128-3fc1-4aba-85f0-0040ff962509 (type: ports) to 1
2026-07-01 02:02:35.975 9 INFO neutron.api.wsgi [None req-d4dd03e5-48fe-4c4b-9839-09ab0ad39a74 a33a965b76fc462d9b652971c6641128 93ce8b2fcfc948b3b1b917365da7aa0c - - default default] 10.0.0.179 "GET /v2.0/security-groups?tenant_id=b83352c45fd04e0ea8ff955cf854e993&name=default HTTP/1.1" status: 200 len: 3120 time: 0.1629832
2026-07-01 02:02:35.981 10 INFO neutron.api.wsgi [None req-f362eab0-cf4c-4a5e-8d8c-1cecc062fdee a33a965b76fc462d9b652971c6641128 93ce8b2fcfc948b3b1b917365da7aa0c - - default default] 10.0.0.179 "POST /v2.0/networks HTTP/1.1" status: 201 len: 943 time: 0.8903592
2026-07-01 02:02:36.123 9 INFO neutron.plugins.ml2.drivers.ovn.mech_driver.mech_driver [None req-29176a8a-5cae-4114-9028-19e27bc4276d - - - - - -] OVN reports status up for port: 85261d6c-e8cd-4354-83b5-46254ed893f0
2026-07-01 02:02:36.142 9 INFO neutron.plugins.ml2.plugin [None req-29176a8a-5cae-4114-9028-19e27bc4276d - - - - - -] Attempt 1 to provision port 85261d6c-e8cd-4354-83b5-46254ed893f0
2026-07-01 02:02:36.144 10 INFO neutron.db.ovn_revision_numbers_db [None req-703adbe7-51d5-4921-a665-1a42f99f086a 6775a505b33246898c557453a6eed607 a6dec8187bb74f7cb5ebe0c80cdcf421 - - default default] Successfully bumped revision number for resource 85261d6c-e8cd-4354-83b5-46254ed893f0 (type: ports) to 1
2026-07-01 02:02:36.171 9 WARNING neutron.scheduler.dhcp_agent_scheduler [None req-f7c64ff6-f5c1-4b81-8e69-afb18ecc988a a33a965b76fc462d9b652971c6641128 93ce8b2fcfc948b3b1b917365da7aa0c - - default default] No more DHCP agents
2026-07-01 02:02:36.177 9 WARNING neutron.api.rpc.agentnotifiers.dhcp_rpc_agent_api [None req-f7c64ff6-f5c1-4b81-8e69-afb18ecc988a a33a965b76fc462d9b652971c6641128 93ce8b2fcfc948b3b1b917365da7aa0c - - default default] Unable to schedule network b1449820-4b35-4401-a36d-1c292be71294: no agents available; will retry on subsequent port and subnet creation events.
2026-07-01 02:02:36.192 10 WARNING neutron.scheduler.dhcp_agent_scheduler [None req-703adbe7-51d5-4921-a665-1a42f99f086a 6775a505b33246898c557453a6eed607 a6dec8187bb74f7cb5ebe0c80cdcf421 - - default default] No more DHCP agents
2026-07-01 02:02:36.193 10 WARNING neutron.api.rpc.agentnotifiers.dhcp_rpc_agent_api [None req-703adbe7-51d5-4921-a665-1a42f99f086a 6775a505b33246898c557453a6eed607 a6dec8187bb74f7cb5ebe0c80cdcf421 - - default default] Unable to schedule network 3d22bb25-4d75-4f44-a367-3d8586e689c2: no agents available; will retry on subsequent port and subnet creation events.
2026-07-01 02:02:36.197 10 INFO neutron.api.wsgi [None req-ca04493e-b1a3-482a-a5c1-db9e6e3ede8e a33a965b76fc462d9b652971c6641128 93ce8b2fcfc948b3b1b917365da7aa0c - - default default] 10.0.0.179 "DELETE /v2.0/security-groups/a914c679-261a-425d-86fc-503fb2ee6e1c HTTP/1.1" status: 204 len: 168 time: 0.2146614
2026-07-01 02:02:36.598 10 INFO neutron.db.ovn_revision_numbers_db [None req-703adbe7-51d5-4921-a665-1a42f99f086a 6775a505b33246898c557453a6eed607 a6dec8187bb74f7cb5ebe0c80cdcf421 - - default default] Successfully bumped revision number for resource 85261d6c-e8cd-4354-83b5-46254ed893f0 (type: router_ports) to 1
2026-07-01 02:02:36.607 10 INFO neutron.api.wsgi [None req-703adbe7-51d5-4921-a665-1a42f99f086a 6775a505b33246898c557453a6eed607 a6dec8187bb74f7cb5ebe0c80cdcf421 - - default default] 10.0.0.179 "PUT /v2.0/routers/fd38dbf0-df13-4d91-bfe3-45b7f77e7d62/add_router_interface HTTP/1.1" status: 200 len: 503 time: 1.9688485
2026-07-01 02:02:36.770 9 INFO neutron.api.wsgi [None req-b3d95447-84a1-4e4a-a184-05e39322b89f a33a965b76fc462d9b652971c6641128 93ce8b2fcfc948b3b1b917365da7aa0c - - default default] 10.0.0.179 "PUT /v2.0/routers/6a9effd3-d954-4ce0-9ee1-a61362627c76/remove_router_interface HTTP/1.1" status: 200 len: 503 time: 1.6190748
2026-07-01 02:02:36.777 10 INFO neutron.api.wsgi [-] 10.0.0.183 "GET / HTTP/1.1" status: 200 len: 245 time: 0.0025418 /var/lib/openstack/lib/python3.12/site-packages/pycadf/identifier.py:71: UserWarning: Invalid uuid: neutron. To ensure interoperability, identifiers should be a valid uuid. warnings.warn(('Invalid uuid: %s. To ensure interoperability, '
2026-07-01 02:02:36.781 10 INFO neutron.api.wsgi [-] 10.0.0.183 "GET / HTTP/1.1" status: 200 len: 245 time: 0.0022848
2026-07-01 02:02:37.103 9 INFO neutron.db.ovn_revision_numbers_db [None req-29176a8a-5cae-4114-9028-19e27bc4276d - - - - - -] Successfully bumped revision number for resource 85261d6c-e8cd-4354-83b5-46254ed893f0 (type: ports) to 2
