2026-07-01 02:02:37.136 9 INFO neutron.db.ovn_revision_numbers_db [None req-ac08efee-1f03-4660-a67c-0294226e681e - - - - - -] Successfully bumped revision number for resource 62339128-3fc1-4aba-85f0-0040ff962509 (type: ports) to 2
2026-07-01 02:02:37.200 9 INFO neutron.db.ovn_revision_numbers_db [None req-ac08efee-1f03-4660-a67c-0294226e681e - - - - - -] Successfully bumped revision number for resource 9a68b33a-d403-4d66-b70b-e04a67ec7904 (type: subnets) to 0
2026-07-01 02:02:37.236 9 INFO neutron.api.wsgi [None req-f7c64ff6-f5c1-4b81-8e69-afb18ecc988a a33a965b76fc462d9b652971c6641128 93ce8b2fcfc948b3b1b917365da7aa0c - - default default] 10.0.0.179 "POST /v2.0/subnets HTTP/1.1" status: 201 len: 887 time: 1.2486794
2026-07-01 02:02:37.453 9 WARNING neutron.scheduler.dhcp_agent_scheduler [None req-47202dd3-0759-46f7-9702-f31fbf5f5d18 6775a505b33246898c557453a6eed607 a6dec8187bb74f7cb5ebe0c80cdcf421 - - default default] No more DHCP agents
2026-07-01 02:02:37.455 9 WARNING neutron.api.rpc.agentnotifiers.dhcp_rpc_agent_api [None req-47202dd3-0759-46f7-9702-f31fbf5f5d18 6775a505b33246898c557453a6eed607 a6dec8187bb74f7cb5ebe0c80cdcf421 - - default default] Unable to schedule network 174b4a95-a4b4-41b2-a91a-8f1c10c8209b: no agents available; will retry on subsequent port and subnet creation events.
2026-07-01 02:02:37.638 9 INFO neutron.db.ovn_revision_numbers_db [None req-47202dd3-0759-46f7-9702-f31fbf5f5d18 6775a505b33246898c557453a6eed607 a6dec8187bb74f7cb5ebe0c80cdcf421 - - default default] Successfully bumped revision number for resource e983b951-344c-4ae7-9803-016ab815b396 (type: ports) to 1
2026-07-01 02:02:37.730 10 WARNING neutron.scheduler.dhcp_agent_scheduler [None req-f3f7f272-1855-48cb-bb7d-92b370989ad4 a33a965b76fc462d9b652971c6641128 93ce8b2fcfc948b3b1b917365da7aa0c - - default default] No more DHCP agents
2026-07-01 02:02:37.731 10 WARNING neutron.api.rpc.agentnotifiers.dhcp_rpc_agent_api [None req-f3f7f272-1855-48cb-bb7d-92b370989ad4 a33a965b76fc462d9b652971c6641128 93ce8b2fcfc948b3b1b917365da7aa0c - - default default] Unable to schedule network c3a7df79-e9e7-40b4-ac86-3230c57ce204: no agents available; will retry on subsequent port and subnet creation events.
2026-07-01 02:02:37.742 9 INFO neutron.api.wsgi [None req-98a242c2-9477-42ff-8bce-212125e7091e a33a965b76fc462d9b652971c6641128 93ce8b2fcfc948b3b1b917365da7aa0c - - default default] 10.0.0.179 "DELETE /v2.0/routers/6a9effd3-d954-4ce0-9ee1-a61362627c76 HTTP/1.1" status: 204 len: 168 time: 0.9666564
2026-07-01 02:02:37.842 10 INFO neutron.db.ovn_revision_numbers_db [None req-f3f7f272-1855-48cb-bb7d-92b370989ad4 a33a965b76fc462d9b652971c6641128 93ce8b2fcfc948b3b1b917365da7aa0c - - default default] Successfully bumped revision number for resource ea4de840-c7d0-4944-9159-0605d73a47d5 (type: ports) to 1
2026-07-01 02:02:37.918 9 INFO neutron.api.wsgi [None req-0713aac3-930b-432d-9709-47c0f9fa3fb4 a33a965b76fc462d9b652971c6641128 93ce8b2fcfc948b3b1b917365da7aa0c - - default default] 10.0.0.179 "DELETE /v2.0/subnets/787d4d75-7a85-432a-9b82-aa7b21b6dc92 HTTP/1.1" status: 204 len: 168 time: 0.1724355
2026-07-01 02:02:38.122 9 WARNING neutron_lib.context [None req-10862c61-351e-4091-9ca6-77663addc9a9 eecb967ba21442e484b419d7539c0010 0911116baa5f4eecb914de5328da6efe - - default default] Method 'is_advsvc' is deprecated since 2023.2 release (neutron-lib 3.8.0) and will be removed once support for the old RBAC API policies will be removed from Neutron. Please use method 'is_service_role' instead.
2026-07-01 02:02:38.184 9 INFO neutron.api.wsgi [None req-10862c61-351e-4091-9ca6-77663addc9a9 eecb967ba21442e484b419d7539c0010 0911116baa5f4eecb914de5328da6efe - - default default] 10.0.0.179 "POST /v2.0/subnetpools HTTP/1.1" status: 201 len: 748 time: 0.2030723
2026-07-01 02:02:38.213 9 INFO neutron.api.wsgi [None req-0b15a55a-7322-4f29-9aa2-b0df69dc65fd eecb967ba21442e484b419d7539c0010 0911116baa5f4eecb914de5328da6efe - - default default] 10.0.0.179 "GET /v2.0/subnetpools/e9f4c1a8-3c54-45ff-99ce-8038b1c243b0 HTTP/1.1" status: 200 len: 743 time: 0.0241575
2026-07-01 02:02:38.260 10 INFO neutron.services.segments.plugin [-] Segment 1c6dc62b-6776-4d18-b66a-4bc83c26ff4c resource provider aggregate not found
2026-07-01 02:02:38.272 10 INFO neutron.services.segments.plugin [-] Segment 1c6dc62b-6776-4d18-b66a-4bc83c26ff4c resource provider aggregate not found
2026-07-01 02:02:38.277 10 INFO neutron.services.segments.plugin [-] Segment 1c6dc62b-6776-4d18-b66a-4bc83c26ff4c resource provider not found; error: Placement Client Error (4xx): {"errors": [{"status": 404, "title": "Not Found", "detail": "The resource could not be found.\n\n No resource provider with uuid 1c6dc62b-6776-4d18-b66a-4bc83c26ff4c found for delete ", "request_id": "req-4d93e47c-91fb-4cee-9b04-d113dd13922f"}]}
2026-07-01 02:02:38.278 9 INFO neutron.api.wsgi [None req-2a2c8951-516b-4bb7-8222-8bdcbf0df9e9 eecb967ba21442e484b419d7539c0010 0911116baa5f4eecb914de5328da6efe - - default default] 10.0.0.179 "PUT /v2.0/subnetpools/e9f4c1a8-3c54-45ff-99ce-8038b1c243b0 HTTP/1.1" status: 200 len: 695 time: 0.0589130
2026-07-01 02:02:38.287 10 INFO neutron.services.segments.plugin [-] Segment 1c6dc62b-6776-4d18-b66a-4bc83c26ff4c resource provider not found; error: Placement Client Error (4xx): {"errors": [{"status": 404, "title": "Not Found", "detail": "The resource could not be found.\n\n No resource provider with uuid 1c6dc62b-6776-4d18-b66a-4bc83c26ff4c found for delete ", "request_id": "req-7c76ec38-f160-4205-b716-1a90773ed5f0"}]}
2026-07-01 02:02:38.300 10 INFO neutron.api.wsgi [None req-12732bbf-6eb1-4a8e-98a0-725ceb79d2a7 a33a965b76fc462d9b652971c6641128 93ce8b2fcfc948b3b1b917365da7aa0c - - default default] 10.0.0.179 "DELETE /v2.0/networks/10314b42-6959-473b-bdef-289f50c291ec HTTP/1.1" status: 204 len: 168 time: 0.3773007
2026-07-01 02:02:38.331 9 INFO neutron.api.wsgi [None req-0587edd1-8285-4a81-a05f-7e6a2a5dc142 eecb967ba21442e484b419d7539c0010 0911116baa5f4eecb914de5328da6efe - - default default] 10.0.0.179 "DELETE /v2.0/subnetpools/e9f4c1a8-3c54-45ff-99ce-8038b1c243b0 HTTP/1.1" status: 204 len: 168 time: 0.0480564
2026-07-01 02:02:38.346 10 INFO neutron.api.v2.resource [None req-0da871f4-ab4c-4baf-940a-930bd371c4dd eecb967ba21442e484b419d7539c0010 0911116baa5f4eecb914de5328da6efe - - default default] show failed (client error): The resource could not be found.
2026-07-01 02:02:38.347 10 INFO neutron.api.wsgi [None req-0da871f4-ab4c-4baf-940a-930bd371c4dd eecb967ba21442e484b419d7539c0010 0911116baa5f4eecb914de5328da6efe - - default default] 10.0.0.179 "GET /v2.0/subnetpools/e9f4c1a8-3c54-45ff-99ce-8038b1c243b0 HTTP/1.1" status: 404 len: 346 time: 0.0125866
2026-07-01 02:02:38.361 10 INFO neutron.api.v2.resource [None req-e43a199e-6925-4cd4-a4a5-0c12a75881fb eecb967ba21442e484b419d7539c0010 0911116baa5f4eecb914de5328da6efe - - default default] delete failed (client error): The resource could not be found.
2026-07-01 02:02:38.362 10 INFO neutron.api.wsgi [None req-e43a199e-6925-4cd4-a4a5-0c12a75881fb eecb967ba21442e484b419d7539c0010 0911116baa5f4eecb914de5328da6efe - - default default] 10.0.0.179 "DELETE /v2.0/subnetpools/e9f4c1a8-3c54-45ff-99ce-8038b1c243b0 HTTP/1.1" status: 404 len: 346 time: 0.0099878
2026-07-01 02:02:38.426 9 INFO neutron.db.ovn_revision_numbers_db [None req-47202dd3-0759-46f7-9702-f31fbf5f5d18 6775a505b33246898c557453a6eed607 a6dec8187bb74f7cb5ebe0c80cdcf421 - - default default] Successfully bumped revision number for resource e983b951-344c-4ae7-9803-016ab815b396 (type: ports) to 1
2026-07-01 02:02:38.471 9 WARNING neutron.scheduler.dhcp_agent_scheduler [None req-47202dd3-0759-46f7-9702-f31fbf5f5d18 6775a505b33246898c557453a6eed607 a6dec8187bb74f7cb5ebe0c80cdcf421 - - default default] No more DHCP agents
2026-07-01 02:02:38.472 9 WARNING neutron.api.rpc.agentnotifiers.dhcp_rpc_agent_api [None req-47202dd3-0759-46f7-9702-f31fbf5f5d18 6775a505b33246898c557453a6eed607 a6dec8187bb74f7cb5ebe0c80cdcf421 - - default default] Unable to schedule network 174b4a95-a4b4-41b2-a91a-8f1c10c8209b: no agents available; will retry on subsequent port and subnet creation events.
2026-07-01 02:02:38.497 10 INFO neutron.api.wsgi [None req-e3f4eefe-7860-43a5-877b-ee5cdeb8b8bd a33a965b76fc462d9b652971c6641128 93ce8b2fcfc948b3b1b917365da7aa0c - - default default] 10.0.0.179 "GET /v2.0/security-groups?tenant_id=f4dd16ab644d47a0b27e3731ac18fc14&name=default HTTP/1.1" status: 200 len: 3120 time: 0.0513697
2026-07-01 02:02:38.504 10 INFO neutron.plugins.ml2.drivers.ovn.mech_driver.ovsdb.commands [None req-4f612f82-f06c-4c09-9036-e4758fe90a5f - - - - - -] Schedule LRP lrp-ea4de840-c7d0-4944-9159-0605d73a47d5 on gateway 18aad834-2a8d-4bb1-9019-11d6bf7f1e3f with priority 1
2026-07-01 02:02:38.537 10 INFO neutron.plugins.ml2.drivers.ovn.mech_driver.ovsdb.ovsdb_monitor [None req-906ab2a6-1716-469c-9359-c79f5ffa2810 - - - - - -] Router f6bf5968-c7ed-4728-878b-ae63e828c7d2 is bound to host instance
2026-07-01 02:02:38.561 10 INFO neutron.db.ovn_revision_numbers_db [None req-f3f7f272-1855-48cb-bb7d-92b370989ad4 a33a965b76fc462d9b652971c6641128 93ce8b2fcfc948b3b1b917365da7aa0c - - default default] Successfully bumped revision number for resource ea4de840-c7d0-4944-9159-0605d73a47d5 (type: router_ports) to 1
2026-07-01 02:02:38.652 10 INFO neutron.db.ovn_revision_numbers_db [None req-f3f7f272-1855-48cb-bb7d-92b370989ad4 a33a965b76fc462d9b652971c6641128 93ce8b2fcfc948b3b1b917365da7aa0c - - default default] Successfully bumped revision number for resource f6bf5968-c7ed-4728-878b-ae63e828c7d2 (type: routers) to 2
2026-07-01 02:02:38.669 10 INFO neutron.api.wsgi [None req-f3f7f272-1855-48cb-bb7d-92b370989ad4 a33a965b76fc462d9b652971c6641128 93ce8b2fcfc948b3b1b917365da7aa0c - - default default] 10.0.0.179 "POST /v2.0/routers HTTP/1.1" status: 201 len: 1165 time: 1.4285760
2026-07-01 02:02:38.810 9 INFO neutron.api.wsgi [None req-c21b1a83-6199-4b1c-bf93-db3cba5c072b a33a965b76fc462d9b652971c6641128 93ce8b2fcfc948b3b1b917365da7aa0c - - default default] 10.0.0.179 "DELETE /v2.0/security-groups/74b81779-77a7-4e39-8aa6-0c4cdc363679 HTTP/1.1" status: 204 len: 168 time: 0.3085284
2026-07-01 02:02:38.879 9 INFO neutron.db.ovn_revision_numbers_db [None req-47202dd3-0759-46f7-9702-f31fbf5f5d18 6775a505b33246898c557453a6eed607 a6dec8187bb74f7cb5ebe0c80cdcf421 - - default default] Successfully bumped revision number for resource e983b951-344c-4ae7-9803-016ab815b396 (type: router_ports) to 1
2026-07-01 02:02:38.885 9 INFO neutron.api.wsgi [None req-47202dd3-0759-46f7-9702-f31fbf5f5d18 6775a505b33246898c557453a6eed607 a6dec8187bb74f7cb5ebe0c80cdcf421 - - default default] 10.0.0.179 "PUT /v2.0/routers/fd38dbf0-df13-4d91-bfe3-45b7f77e7d62/add_router_interface HTTP/1.1" status: 200 len: 503 time: 2.2737825
2026-07-01 02:02:38.950 9 WARNING neutron_lib.context [None req-9e546882-1efe-4a6e-b333-c998f56e5eb3 6775a505b33246898c557453a6eed607 a6dec8187bb74f7cb5ebe0c80cdcf421 - - default default] Method 'is_advsvc' is deprecated since 2023.2 release (neutron-lib 3.8.0) and will be removed once support for the old RBAC API policies will be removed from Neutron. Please use method 'is_service_role' instead.
2026-07-01 02:02:39.282 10 INFO neutron.db.ovn_revision_numbers_db [None req-327104fb-b752-4966-ada6-6fc01f93312e - - - - - -] Successfully bumped revision number for resource ea4de840-c7d0-4944-9159-0605d73a47d5 (type: ports) to 1
2026-07-01 02:02:39.315 9 INFO neutron.db.ovn_revision_numbers_db [None req-f8fe8af8-22af-488a-bab6-63cfb9e5710c a33a965b76fc462d9b652971c6641128 93ce8b2fcfc948b3b1b917365da7aa0c - - default default] Successfully bumped revision number for resource affd305e-fee7-4875-a2d7-7b0432cad0a0 (type: security_groups) to 1
2026-07-01 02:02:39.322 9 INFO neutron.db.ovn_revision_numbers_db [None req-9e546882-1efe-4a6e-b333-c998f56e5eb3 6775a505b33246898c557453a6eed607 a6dec8187bb74f7cb5ebe0c80cdcf421 - - default default] Successfully bumped revision number for resource c487779b-8652-4f28-948f-80b014f4ded6 (type: security_groups) to 1
2026-07-01 02:02:39.335 9 INFO neutron.db.ovn_revision_numbers_db [None req-f8fe8af8-22af-488a-bab6-63cfb9e5710c a33a965b76fc462d9b652971c6641128 93ce8b2fcfc948b3b1b917365da7aa0c - - default default] Successfully bumped revision number for resource 14392e70-c76b-4421-8b0a-33ab07a81e12 (type: security_group_rules) to 0
2026-07-01 02:02:39.336 9 INFO neutron.db.ovn_revision_numbers_db [None req-9e546882-1efe-4a6e-b333-c998f56e5eb3 6775a505b33246898c557453a6eed607 a6dec8187bb74f7cb5ebe0c80cdcf421 - - default default] Successfully bumped revision number for resource 4e79d671-a8a9-4058-87c3-f2f7a7785435 (type: security_group_rules) to 0
2026-07-01 02:02:39.348 9 INFO neutron.db.ovn_revision_numbers_db [None req-f8fe8af8-22af-488a-bab6-63cfb9e5710c a33a965b76fc462d9b652971c6641128 93ce8b2fcfc948b3b1b917365da7aa0c - - default default] Successfully bumped revision number for resource 4eea6287-c7b9-4828-9d51-5da4c613864a (type: security_group_rules) to 0
2026-07-01 02:02:39.351 9 INFO neutron.db.ovn_revision_numbers_db [None req-9e546882-1efe-4a6e-b333-c998f56e5eb3 6775a505b33246898c557453a6eed607 a6dec8187bb74f7cb5ebe0c80cdcf421 - - default default] Successfully bumped revision number for resource 5483a5c9-b477-4464-88a6-768a71e65cda (type: security_group_rules) to 0
2026-07-01 02:02:39.370 9 INFO neutron.db.ovn_revision_numbers_db [None req-f8fe8af8-22af-488a-bab6-63cfb9e5710c a33a965b76fc462d9b652971c6641128 93ce8b2fcfc948b3b1b917365da7aa0c - - default default] Successfully bumped revision number for resource b347a6f5-0367-4aca-ab66-f735468801d2 (type: security_group_rules) to 0
2026-07-01 02:02:39.384 9 INFO neutron.db.ovn_revision_numbers_db [None req-f8fe8af8-22af-488a-bab6-63cfb9e5710c a33a965b76fc462d9b652971c6641128 93ce8b2fcfc948b3b1b917365da7aa0c - - default default] Successfully bumped revision number for resource eee5be17-1ae7-453f-9418-2e7af343714f (type: security_group_rules) to 0
2026-07-01 02:02:39.391 9 INFO neutron.api.wsgi [None req-9e546882-1efe-4a6e-b333-c998f56e5eb3 6775a505b33246898c557453a6eed607 a6dec8187bb74f7cb5ebe0c80cdcf421 - - default default] 10.0.0.179 "POST /v2.0/security-groups HTTP/1.1" status: 201 len: 1828 time: 0.4468441
2026-07-01 02:02:39.407 9 WARNING neutron_lib.context [None req-b0ec2c27-984b-41db-9bca-88f3a34db18e 6775a505b33246898c557453a6eed607 a6dec8187bb74f7cb5ebe0c80cdcf421 - - default default] Method 'is_advsvc' is deprecated since 2023.2 release (neutron-lib 3.8.0) and will be removed once support for the old RBAC API policies will be removed from Neutron. Please use method 'is_service_role' instead.
2026-07-01 02:02:39.413 10 WARNING neutron.scheduler.dhcp_agent_scheduler [None req-fec06bd8-1ad0-4b53-8920-76b9d44d9492 a33a965b76fc462d9b652971c6641128 93ce8b2fcfc948b3b1b917365da7aa0c - - default default] No more DHCP agents
2026-07-01 02:02:39.415 10 WARNING neutron.api.rpc.agentnotifiers.dhcp_rpc_agent_api [None req-fec06bd8-1ad0-4b53-8920-76b9d44d9492 a33a965b76fc462d9b652971c6641128 93ce8b2fcfc948b3b1b917365da7aa0c - - default default] Unable to schedule network b1449820-4b35-4401-a36d-1c292be71294: no agents available; will retry on subsequent port and subnet creation events.
2026-07-01 02:02:39.423 9 INFO neutron.api.wsgi [None req-f8fe8af8-22af-488a-bab6-63cfb9e5710c a33a965b76fc462d9b652971c6641128 93ce8b2fcfc948b3b1b917365da7aa0c - - default default] 10.0.0.179 "GET /v2.0/security-groups?tenant_id=0911116baa5f4eecb914de5328da6efe&name=default HTTP/1.1" status: 200 len: 3120 time: 0.4865322
2026-07-01 02:02:39.554 10 INFO neutron.db.ovn_revision_numbers_db [None req-fec06bd8-1ad0-4b53-8920-76b9d44d9492 a33a965b76fc462d9b652971c6641128 93ce8b2fcfc948b3b1b917365da7aa0c - - default default] Successfully bumped revision number for resource 1a7370bd-da77-44cb-84cc-5091dbefe416 (type: ports) to 1
2026-07-01 02:02:39.572 9 INFO neutron.db.ovn_revision_numbers_db [None req-b0ec2c27-984b-41db-9bca-88f3a34db18e 6775a505b33246898c557453a6eed607 a6dec8187bb74f7cb5ebe0c80cdcf421 - - default default] Successfully bumped revision number for resource 99f9b56b-b1ef-47d1-8c96-6c712239cb6c (type: security_group_rules) to 0
2026-07-01 02:02:39.606 9 INFO neutron.api.wsgi [None req-b0ec2c27-984b-41db-9bca-88f3a34db18e 6775a505b33246898c557453a6eed607 a6dec8187bb74f7cb5ebe0c80cdcf421 - - default default] 10.0.0.179 "POST /v2.0/security-group-rules HTTP/1.1" status: 201 len: 796 time: 0.2024925
2026-07-01 02:02:39.615 9 WARNING neutron_lib.context [None req-73819a92-09ba-48ad-9f6e-353b0d2a8145 6775a505b33246898c557453a6eed607 a6dec8187bb74f7cb5ebe0c80cdcf421 - - default default] Method 'is_advsvc' is deprecated since 2023.2 release (neutron-lib 3.8.0) and will be removed once support for the old RBAC API policies will be removed from Neutron. Please use method 'is_service_role' instead.
2026-07-01 02:02:39.665 10 INFO neutron.db.ovn_revision_numbers_db [None req-327104fb-b752-4966-ada6-6fc01f93312e - - - - - -] Successfully bumped revision number for resource ea4de840-c7d0-4944-9159-0605d73a47d5 (type: ports) to 4
2026-07-01 02:02:39.700 9 INFO neutron.api.wsgi [None req-82853117-a390-4e6a-8a70-5839a513cf93 a33a965b76fc462d9b652971c6641128 93ce8b2fcfc948b3b1b917365da7aa0c - - default default] 10.0.0.179 "DELETE /v2.0/security-groups/affd305e-fee7-4875-a2d7-7b0432cad0a0 HTTP/1.1" status: 204 len: 168 time: 0.2729104
2026-07-01 02:02:39.755 9 INFO neutron.db.ovn_revision_numbers_db [None req-73819a92-09ba-48ad-9f6e-353b0d2a8145 6775a505b33246898c557453a6eed607 a6dec8187bb74f7cb5ebe0c80cdcf421 - - default default] Successfully bumped revision number for resource c1b97394-73a3-4afb-8dcd-4f1573207936 (type: security_group_rules) to 0
2026-07-01 02:02:39.801 9 INFO neutron.api.wsgi [None req-73819a92-09ba-48ad-9f6e-353b0d2a8145 6775a505b33246898c557453a6eed607 a6dec8187bb74f7cb5ebe0c80cdcf421 - - default default] 10.0.0.179 "POST /v2.0/security-group-rules HTTP/1.1" status: 201 len: 796 time: 0.1901016
2026-07-01 02:02:39.810 9 WARNING neutron_lib.context [None req-d359fc1a-471b-4bbb-8652-61debf926789 6775a505b33246898c557453a6eed607 a6dec8187bb74f7cb5ebe0c80cdcf421 - - default default] Method 'is_advsvc' is deprecated since 2023.2 release (neutron-lib 3.8.0) and will be removed once support for the old RBAC API policies will be removed from Neutron. Please use method 'is_service_role' instead.
2026-07-01 02:02:39.967 9 INFO neutron.db.ovn_revision_numbers_db [None req-d359fc1a-471b-4bbb-8652-61debf926789 6775a505b33246898c557453a6eed607 a6dec8187bb74f7cb5ebe0c80cdcf421 - - default default] Successfully bumped revision number for resource b4f7a0f0-79ac-4322-93ef-75cd9da67b4c (type: security_group_rules) to 0
2026-07-01 02:02:40.009 9 INFO neutron.api.wsgi [None req-d359fc1a-471b-4bbb-8652-61debf926789 6775a505b33246898c557453a6eed607 a6dec8187bb74f7cb5ebe0c80cdcf421 - - default default] 10.0.0.179 "POST /v2.0/security-group-rules HTTP/1.1" status: 201 len: 798 time: 0.2031372
2026-07-01 02:02:40.024 10 WARNING neutron_lib.context [None req-620294a7-c920-4a39-9e30-c08a8b5df4f3 6775a505b33246898c557453a6eed607 a6dec8187bb74f7cb5ebe0c80cdcf421 - - default default] Method 'is_advsvc' is deprecated since 2023.2 release (neutron-lib 3.8.0) and will be removed once support for the old RBAC API policies will be removed from Neutron. Please use method 'is_service_role' instead.
2026-07-01 02:02:40.117 10 INFO neutron.db.ovn_revision_numbers_db [None req-327104fb-b752-4966-ada6-6fc01f93312e - - - - - -] Successfully bumped revision number for resource ea4de840-c7d0-4944-9159-0605d73a47d5 (type: ports) to 5
2026-07-01 02:02:40.225 10 INFO neutron.db.ovn_revision_numbers_db [None req-620294a7-c920-4a39-9e30-c08a8b5df4f3 6775a505b33246898c557453a6eed607 a6dec8187bb74f7cb5ebe0c80cdcf421 - - default default] Successfully bumped revision number for resource 1baf460e-301a-4b9b-b21c-4ee1f4cb4fe8 (type: security_group_rules) to 0
2026-07-01 02:02:40.265 10 INFO neutron.api.wsgi [None req-620294a7-c920-4a39-9e30-c08a8b5df4f3 6775a505b33246898c557453a6eed607 a6dec8187bb74f7cb5ebe0c80cdcf421 - - default default] 10.0.0.179 "POST /v2.0/security-group-rules HTTP/1.1" status: 201 len: 800 time: 0.2509847
2026-07-01 02:02:40.271 10 INFO neutron.db.ovn_revision_numbers_db [None req-fec06bd8-1ad0-4b53-8920-76b9d44d9492 a33a965b76fc462d9b652971c6641128 93ce8b2fcfc948b3b1b917365da7aa0c - - default default] Successfully bumped revision number for resource 1a7370bd-da77-44cb-84cc-5091dbefe416 (type: ports) to 1
2026-07-01 02:02:40.280 9 WARNING neutron_lib.context [None req-1de94ba9-4dc1-4f2c-b727-16e7cedb5fd7 6775a505b33246898c557453a6eed607 a6dec8187bb74f7cb5ebe0c80cdcf421 - - default default] Method 'is_advsvc' is deprecated since 2023.2 release (neutron-lib 3.8.0) and will be removed once support for the old RBAC API policies will be removed from Neutron. Please use method 'is_service_role' instead.
2026-07-01 02:02:40.325 10 WARNING neutron.scheduler.dhcp_agent_scheduler [None req-fec06bd8-1ad0-4b53-8920-76b9d44d9492 a33a965b76fc462d9b652971c6641128 93ce8b2fcfc948b3b1b917365da7aa0c - - default default] No more DHCP agents
2026-07-01 02:02:40.326 10 WARNING neutron.api.rpc.agentnotifiers.dhcp_rpc_agent_api [None req-fec06bd8-1ad0-4b53-8920-76b9d44d9492 a33a965b76fc462d9b652971c6641128 93ce8b2fcfc948b3b1b917365da7aa0c - - default default] Unable to schedule network b1449820-4b35-4401-a36d-1c292be71294: no agents available; will retry on subsequent port and subnet creation events.
2026-07-01 02:02:40.419 9 INFO neutron.db.ovn_revision_numbers_db [None req-1de94ba9-4dc1-4f2c-b727-16e7cedb5fd7 6775a505b33246898c557453a6eed607 a6dec8187bb74f7cb5ebe0c80cdcf421 - - default default] Successfully bumped revision number for resource af3a66ff-8225-45ea-acdd-b03d098e52ec (type: security_group_rules) to 0
2026-07-01 02:02:40.460 9 INFO neutron.api.wsgi [None req-1de94ba9-4dc1-4f2c-b727-16e7cedb5fd7 6775a505b33246898c557453a6eed607 a6dec8187bb74f7cb5ebe0c80cdcf421 - - default default] 10.0.0.179 "POST /v2.0/security-group-rules HTTP/1.1" status: 201 len: 800 time: 0.1879206
2026-07-01 02:02:40.469 10 WARNING neutron_lib.context [None req-f6c072a0-9d79-4fbe-943f-40f262e4c0f7 6775a505b33246898c557453a6eed607 a6dec8187bb74f7cb5ebe0c80cdcf421 - - default default] Method 'is_advsvc' is deprecated since 2023.2 release (neutron-lib 3.8.0) and will be removed once support for the old RBAC API policies will be removed from Neutron. Please use method 'is_service_role' instead.
2026-07-01 02:02:40.593 10 WARNING neutron.plugins.ml2.drivers.ovn.mech_driver.ovsdb.ovn_client [None req-38bd10c2-8ba5-4f04-989f-efa71e41f243 - - - - - -] No hosting information found for port 0468438e-6dac-4940-8125-75b09bb0a99e: RuntimeError: No hosting information found for port 0468438e-6dac-4940-8125-75b09bb0a99e
2026-07-01 02:02:40.648 10 INFO neutron.db.ovn_revision_numbers_db [None req-f6c072a0-9d79-4fbe-943f-40f262e4c0f7 6775a505b33246898c557453a6eed607 a6dec8187bb74f7cb5ebe0c80cdcf421 - - default default] Successfully bumped revision number for resource 8adfa199-ed2a-47ee-88fc-30751d7076b5 (type: security_group_rules) to 0
2026-07-01 02:02:40.700 10 INFO neutron.api.wsgi [None req-f6c072a0-9d79-4fbe-943f-40f262e4c0f7 6775a505b33246898c557453a6eed607 a6dec8187bb74f7cb5ebe0c80cdcf421 - - default default] 10.0.0.179 "POST /v2.0/security-group-rules HTTP/1.1" status: 201 len: 796 time: 0.2351456
2026-07-01 02:02:40.713 9 WARNING neutron_lib.context [None req-2d3797e8-57c6-42a3-8bba-04f80f36969a 6775a505b33246898c557453a6eed607 a6dec8187bb74f7cb5ebe0c80cdcf421 - - default default] Method 'is_advsvc' is deprecated since 2023.2 release (neutron-lib 3.8.0) and will be removed once support for the old RBAC API policies will be removed from Neutron. Please use method 'is_service_role' instead.
2026-07-01 02:02:40.714 10 INFO neutron.db.ovn_revision_numbers_db [None req-38bd10c2-8ba5-4f04-989f-efa71e41f243 - - - - - -] Successfully bumped revision number for resource 0468438e-6dac-4940-8125-75b09bb0a99e (type: router_ports) to 2
2026-07-01 02:02:40.755 10 INFO neutron.plugins.ml2.drivers.ovn.mech_driver.mech_driver [None req-38bd10c2-8ba5-4f04-989f-efa71e41f243 - - - - - -] OVN reports status up for port: e983b951-344c-4ae7-9803-016ab815b396
2026-07-01 02:02:40.762 10 INFO neutron.plugins.ml2.plugin [None req-38bd10c2-8ba5-4f04-989f-efa71e41f243 - - - - - -] Attempt 1 to provision port e983b951-344c-4ae7-9803-016ab815b396
2026-07-01 02:02:40.884 9 INFO neutron.db.ovn_revision_numbers_db [None req-2d3797e8-57c6-42a3-8bba-04f80f36969a 6775a505b33246898c557453a6eed607 a6dec8187bb74f7cb5ebe0c80cdcf421 - - default default] Successfully bumped revision number for resource 5d276134-8588-492d-b5af-d0cccbb134d9 (type: security_group_rules) to 0
2026-07-01 02:02:40.918 9 INFO neutron.api.wsgi [None req-2d3797e8-57c6-42a3-8bba-04f80f36969a 6775a505b33246898c557453a6eed607 a6dec8187bb74f7cb5ebe0c80cdcf421 - - default default] 10.0.0.179 "POST /v2.0/security-group-rules HTTP/1.1" status: 201 len: 796 time: 0.2124221
2026-07-01 02:02:40.929 9 WARNING neutron_lib.context [None req-6725441f-ebe5-42f3-977c-5271d4d21112 6775a505b33246898c557453a6eed607 a6dec8187bb74f7cb5ebe0c80cdcf421 - - default default] Method 'is_advsvc' is deprecated since 2023.2 release (neutron-lib 3.8.0) and will be removed once support for the old RBAC API policies will be removed from Neutron. Please use method 'is_service_role' instead.
2026-07-01 02:02:40.945 10 INFO neutron.db.ovn_revision_numbers_db [None req-fec06bd8-1ad0-4b53-8920-76b9d44d9492 a33a965b76fc462d9b652971c6641128 93ce8b2fcfc948b3b1b917365da7aa0c - - default default] Successfully bumped revision number for resource 1a7370bd-da77-44cb-84cc-5091dbefe416 (type: router_ports) to 1
2026-07-01 02:02:40.946 9 INFO neutron.db.ovn_revision_numbers_db [None req-9d583a57-b025-4311-97fc-5345c577288b a33a965b76fc462d9b652971c6641128 93ce8b2fcfc948b3b1b917365da7aa0c - - default default] Successfully bumped revision number for resource 52844007-95ae-478b-9c2a-4c4199d1465b (type: security_groups) to 1
2026-07-01 02:02:40.949 10 INFO neutron.api.wsgi [None req-fec06bd8-1ad0-4b53-8920-76b9d44d9492 a33a965b76fc462d9b652971c6641128 93ce8b2fcfc948b3b1b917365da7aa0c - - default default] 10.0.0.179 "PUT /v2.0/routers/f6bf5968-c7ed-4728-878b-ae63e828c7d2/add_router_interface HTTP/1.1" status: 200 len: 503 time: 2.2734349
2026-07-01 02:02:40.959 9 INFO neutron.db.ovn_revision_numbers_db [None req-9d583a57-b025-4311-97fc-5345c577288b a33a965b76fc462d9b652971c6641128 93ce8b2fcfc948b3b1b917365da7aa0c - - default default] Successfully bumped revision number for resource 699aec50-e677-40bc-a39d-c3e33c830f4f (type: security_group_rules) to 0
2026-07-01 02:02:40.974 9 INFO neutron.db.ovn_revision_numbers_db [None req-9d583a57-b025-4311-97fc-5345c577288b a33a965b76fc462d9b652971c6641128 93ce8b2fcfc948b3b1b917365da7aa0c - - default default] Successfully bumped revision number for resource 6a73e931-a995-4eeb-b45a-86d6bc69aed2 (type: security_group_rules) to 0
2026-07-01 02:02:40.994 9 INFO neutron.db.ovn_revision_numbers_db [None req-9d583a57-b025-4311-97fc-5345c577288b a33a965b76fc462d9b652971c6641128 93ce8b2fcfc948b3b1b917365da7aa0c - - default default] Successfully bumped revision number for resource ce72980f-a213-45ad-94e7-3f63eb0cae5b (type: security_group_rules) to 0
2026-07-01 02:02:41.009 9 INFO neutron.db.ovn_revision_numbers_db [None req-9d583a57-b025-4311-97fc-5345c577288b a33a965b76fc462d9b652971c6641128 93ce8b2fcfc948b3b1b917365da7aa0c - - default default] Successfully bumped revision number for resource f9fb9791-b3fe-4a04-adb0-3fdcdb51c856 (type: security_group_rules) to 0
2026-07-01 02:02:41.073 9 INFO neutron.db.ovn_revision_numbers_db [None req-6725441f-ebe5-42f3-977c-5271d4d21112 6775a505b33246898c557453a6eed607 a6dec8187bb74f7cb5ebe0c80cdcf421 - - default default] Successfully bumped revision number for resource 9e72bad0-e8e1-41dd-9f5b-b1dac65ca084 (type: security_group_rules) to 0
2026-07-01 02:02:41.095 9 INFO neutron.db.segments_db [None req-9d583a57-b025-4311-97fc-5345c577288b a33a965b76fc462d9b652971c6641128 93ce8b2fcfc948b3b1b917365da7aa0c - - default default] Added segment e672938e-e13a-4498-ac73-5c46ca8686d0 of type geneve for network 9d00111c-50b6-4635-8abf-e86f8e1c9024
2026-07-01 02:02:41.106 9 INFO neutron.api.wsgi [None req-6725441f-ebe5-42f3-977c-5271d4d21112 6775a505b33246898c557453a6eed607 a6dec8187bb74f7cb5ebe0c80cdcf421 - - default default] 10.0.0.179 "POST /v2.0/security-group-rules HTTP/1.1" status: 201 len: 796 time: 0.1826732
2026-07-01 02:02:41.122 9 WARNING neutron_lib.context [None req-facf8524-50c0-4ffc-b7c9-89cf5ddd789b 6775a505b33246898c557453a6eed607 a6dec8187bb74f7cb5ebe0c80cdcf421 - - default default] Method 'is_advsvc' is deprecated since 2023.2 release (neutron-lib 3.8.0) and will be removed once support for the old RBAC API policies will be removed from Neutron. Please use method 'is_service_role' instead.
2026-07-01 02:02:41.169 10 INFO neutron.db.ovn_revision_numbers_db [None req-38bd10c2-8ba5-4f04-989f-efa71e41f243 - - - - - -] Successfully bumped revision number for resource e983b951-344c-4ae7-9803-016ab815b396 (type: ports) to 2
2026-07-01 02:02:41.252 9 INFO neutron.db.ovn_revision_numbers_db [None req-9d583a57-b025-4311-97fc-5345c577288b a33a965b76fc462d9b652971c6641128 93ce8b2fcfc948b3b1b917365da7aa0c - - default default] Successfully bumped revision number for resource 9d00111c-50b6-4635-8abf-e86f8e1c9024 (type: networks) to 1
2026-07-01 02:02:41.305 9 INFO neutron.db.ovn_revision_numbers_db [None req-facf8524-50c0-4ffc-b7c9-89cf5ddd789b 6775a505b33246898c557453a6eed607 a6dec8187bb74f7cb5ebe0c80cdcf421 - - default default] Successfully bumped revision number for resource ecbe5ae8-52cb-4470-a6b0-21954adc4fed (type: security_group_rules) to 0
2026-07-01 02:02:41.339 9 INFO neutron.api.wsgi [None req-facf8524-50c0-4ffc-b7c9-89cf5ddd789b 6775a505b33246898c557453a6eed607 a6dec8187bb74f7cb5ebe0c80cdcf421 - - default default] 10.0.0.179 "POST /v2.0/security-group-rules HTTP/1.1" status: 201 len: 798 time: 0.2225697
2026-07-01 02:02:41.353 10 WARNING neutron_lib.context [None req-7587e691-8aee-4079-92a4-81c3f7f0d707 6775a505b33246898c557453a6eed607 a6dec8187bb74f7cb5ebe0c80cdcf421 - - default default] Method 'is_advsvc' is deprecated since 2023.2 release (neutron-lib 3.8.0) and will be removed once support for the old RBAC API policies will be removed from Neutron. Please use method 'is_service_role' instead.
2026-07-01 02:02:41.410 9 WARNING neutron.scheduler.dhcp_agent_scheduler [None req-9d583a57-b025-4311-97fc-5345c577288b a33a965b76fc462d9b652971c6641128 93ce8b2fcfc948b3b1b917365da7aa0c - - default default] No more DHCP agents
2026-07-01 02:02:41.411 9 WARNING neutron.api.rpc.agentnotifiers.dhcp_rpc_agent_api [None req-9d583a57-b025-4311-97fc-5345c577288b a33a965b76fc462d9b652971c6641128 93ce8b2fcfc948b3b1b917365da7aa0c - - default default] Unable to schedule network 9d00111c-50b6-4635-8abf-e86f8e1c9024: no agents available; will retry on subsequent port and subnet creation events.
2026-07-01 02:02:41.483 9 INFO neutron.db.ovn_revision_numbers_db [None req-9d583a57-b025-4311-97fc-5345c577288b a33a965b76fc462d9b652971c6641128 93ce8b2fcfc948b3b1b917365da7aa0c - - default default] Successfully bumped revision number for resource 351156eb-6222-4ecc-b640-9f04c99c69d9 (type: ports) to 1
2026-07-01 02:02:41.484 10 INFO neutron.db.ovn_revision_numbers_db [None req-7587e691-8aee-4079-92a4-81c3f7f0d707 6775a505b33246898c557453a6eed607 a6dec8187bb74f7cb5ebe0c80cdcf421 - - default default] Successfully bumped revision number for resource 29f8ce89-125b-4d55-a3f6-9f9f98c3e795 (type: security_group_rules) to 0
2026-07-01 02:02:41.509 9 INFO neutron.api.wsgi [None req-9d583a57-b025-4311-97fc-5345c577288b a33a965b76fc462d9b652971c6641128 93ce8b2fcfc948b3b1b917365da7aa0c - - default default] 10.0.0.179 "POST /v2.0/networks HTTP/1.1" status: 201 len: 945 time: 0.9368732
2026-07-01 02:02:41.510 10 INFO neutron.api.wsgi [None req-7587e691-8aee-4079-92a4-81c3f7f0d707 6775a505b33246898c557453a6eed607 a6dec8187bb74f7cb5ebe0c80cdcf421 - - default default] 10.0.0.179 "POST /v2.0/security-group-rules HTTP/1.1" status: 201 len: 800 time: 0.1643264
2026-07-01 02:02:41.519 9 WARNING neutron_lib.context [None req-7072804d-3b7e-4199-8110-a7d9a9dd7f7d 6775a505b33246898c557453a6eed607 a6dec8187bb74f7cb5ebe0c80cdcf421 - - default default] Method 'is_advsvc' is deprecated since 2023.2 release (neutron-lib 3.8.0) and will be removed once support for the old RBAC API policies will be removed from Neutron. Please use method 'is_service_role' instead.
2026-07-01 02:02:41.630 10 WARNING neutron.scheduler.dhcp_agent_scheduler [None req-680af89f-0d9b-408e-ad6e-516709658a24 a33a965b76fc462d9b652971c6641128 93ce8b2fcfc948b3b1b917365da7aa0c - - default default] No more DHCP agents
2026-07-01 02:02:41.631 10 WARNING neutron.api.rpc.agentnotifiers.dhcp_rpc_agent_api [None req-680af89f-0d9b-408e-ad6e-516709658a24 a33a965b76fc462d9b652971c6641128 93ce8b2fcfc948b3b1b917365da7aa0c - - default default] Unable to schedule network 9d00111c-50b6-4635-8abf-e86f8e1c9024: no agents available; will retry on subsequent port and subnet creation events.
2026-07-01 02:02:41.703 9 INFO neutron.db.ovn_revision_numbers_db [None req-7072804d-3b7e-4199-8110-a7d9a9dd7f7d 6775a505b33246898c557453a6eed607 a6dec8187bb74f7cb5ebe0c80cdcf421 - - default default] Successfully bumped revision number for resource e433bd9c-9cfd-486d-80dc-0dcba2936af5 (type: security_group_rules) to 0
2026-07-01 02:02:41.737 9 INFO neutron.api.wsgi [None req-7072804d-3b7e-4199-8110-a7d9a9dd7f7d 6775a505b33246898c557453a6eed607 a6dec8187bb74f7cb5ebe0c80cdcf421 - - default default] 10.0.0.179 "POST /v2.0/security-group-rules HTTP/1.1" status: 201 len: 796 time: 0.2215984
2026-07-01 02:02:42.026 10 INFO neutron.api.wsgi [req-96c36f6a-939b-4ae4-8d12-a90f87d09793 req-3aba3d7c-d92e-4a20-b6f0-0807ed4adc31 6775a505b33246898c557453a6eed607 a6dec8187bb74f7cb5ebe0c80cdcf421 - - default default] 10.0.0.12 "GET /v2.0/security-groups?name=tempest-lb_member_SG-2026478306&fields=id&tenant_id=a6dec8187bb74f7cb5ebe0c80cdcf421 HTTP/1.1" status: 200 len: 267 time: 0.0425835
2026-07-01 02:02:42.030 10 INFO neutron.db.ovn_revision_numbers_db [None req-4f2781a7-e4f1-435a-b89d-1d0c5221ba60 - - - - - -] Successfully bumped revision number for resource 351156eb-6222-4ecc-b640-9f04c99c69d9 (type: ports) to 2
2026-07-01 02:02:42.070 10 INFO neutron.db.ovn_revision_numbers_db [None req-4f2781a7-e4f1-435a-b89d-1d0c5221ba60 - - - - - -] Successfully bumped revision number for resource 1f73d9d8-6988-43ed-b56f-c7443a613bf6 (type: subnets) to 0
2026-07-01 02:02:42.078 10 INFO neutron.api.wsgi [req-96c36f6a-939b-4ae4-8d12-a90f87d09793 req-8f92f151-f33c-4886-8ee0-eb63374891e5 6775a505b33246898c557453a6eed607 a6dec8187bb74f7cb5ebe0c80cdcf421 - - default default] 10.0.0.12 "GET /v2.0/networks?id=3d22bb25-4d75-4f44-a367-3d8586e689c2 HTTP/1.1" status: 200 len: 904 time: 0.0441628
2026-07-01 02:02:42.096 10 INFO neutron.api.wsgi [req-96c36f6a-939b-4ae4-8d12-a90f87d09793 req-a19b1448-0e2c-4b49-b113-5e7cb01b5195 6775a505b33246898c557453a6eed607 a6dec8187bb74f7cb5ebe0c80cdcf421 - - default default] 10.0.0.12 "GET /v2.0/quotas/a6dec8187bb74f7cb5ebe0c80cdcf421 HTTP/1.1" status: 200 len: 491 time: 0.0120852
2026-07-01 02:02:42.100 10 INFO neutron.api.wsgi [None req-680af89f-0d9b-408e-ad6e-516709658a24 a33a965b76fc462d9b652971c6641128 93ce8b2fcfc948b3b1b917365da7aa0c - - default default] 10.0.0.179 "POST /v2.0/subnets HTTP/1.1" status: 201 len: 889 time: 0.5873001
2026-07-01 02:02:42.170 9 INFO neutron.db.ovn_revision_numbers_db [None req-dd23bf2a-2f66-4d6a-bbdc-c988f1732bee a33a965b76fc462d9b652971c6641128 93ce8b2fcfc948b3b1b917365da7aa0c - - default default] Successfully bumped revision number for resource f13325e7-c3f1-4448-aa24-b070a319d1a3 (type: security_groups) to 1
2026-07-01 02:02:42.189 9 INFO neutron.db.ovn_revision_numbers_db [None req-dd23bf2a-2f66-4d6a-bbdc-c988f1732bee a33a965b76fc462d9b652971c6641128 93ce8b2fcfc948b3b1b917365da7aa0c - - default default] Successfully bumped revision number for resource 0bcdfc26-9fe8-47ef-bcd4-1628afaa5d2b (type: security_group_rules) to 0
2026-07-01 02:02:42.208 9 INFO neutron.db.ovn_revision_numbers_db [None req-dd23bf2a-2f66-4d6a-bbdc-c988f1732bee a33a965b76fc462d9b652971c6641128 93ce8b2fcfc948b3b1b917365da7aa0c - - default default] Successfully bumped revision number for resource 1abcba20-d775-4cb3-ac8c-1824d376535d (type: security_group_rules) to 0
2026-07-01 02:02:42.235 9 INFO neutron.db.ovn_revision_numbers_db [None req-dd23bf2a-2f66-4d6a-bbdc-c988f1732bee a33a965b76fc462d9b652971c6641128 93ce8b2fcfc948b3b1b917365da7aa0c - - default default] Successfully bumped revision number for resource 79372f40-b212-4a7c-9ba9-f0195c41776e (type: security_group_rules) to 0
2026-07-01 02:02:42.254 9 INFO neutron.db.ovn_revision_numbers_db [None req-dd23bf2a-2f66-4d6a-bbdc-c988f1732bee a33a965b76fc462d9b652971c6641128 93ce8b2fcfc948b3b1b917365da7aa0c - - default default] Successfully bumped revision number for resource 9800ec01-1212-4bef-8ddd-b31195cde23a (type: security_group_rules) to 0
2026-07-01 02:02:42.261 10 INFO neutron.api.wsgi [req-96c36f6a-939b-4ae4-8d12-a90f87d09793 req-3297df95-ca21-47de-be65-3a53a46dad9b 6775a505b33246898c557453a6eed607 a6dec8187bb74f7cb5ebe0c80cdcf421 - - default default] 10.0.0.12 "GET /v2.0/ports?tenant_id=a6dec8187bb74f7cb5ebe0c80cdcf421&fields=id HTTP/1.1" status: 200 len: 486 time: 0.1590323
2026-07-01 02:02:42.326 10 INFO neutron.api.wsgi [req-96c36f6a-939b-4ae4-8d12-a90f87d09793 req-a63cedf4-1df6-4f4c-891d-eff34583bd29 0746676e60fb4efe8b29012ba137f9ce a001d5f3965e404585f5f6102d39a46b - - d98b857e90864c74adc3bf5bfdf4dc38 d98b857e90864c74adc3bf5bfdf4dc38] 10.0.0.12 "GET /v2.0/networks/3d22bb25-4d75-4f44-a367-3d8586e689c2?fields=segments HTTP/1.1" status: 200 len: 212 time: 0.0532403
2026-07-01 02:02:42.372 9 INFO neutron.db.segments_db [None req-dd23bf2a-2f66-4d6a-bbdc-c988f1732bee a33a965b76fc462d9b652971c6641128 93ce8b2fcfc948b3b1b917365da7aa0c - - default default] Added segment 07cdbe3c-4d87-46f3-984f-7359b5bc423b of type geneve for network 605d8203-523c-43ab-a403-51a0db001791
2026-07-01 02:02:42.374 10 INFO neutron.api.wsgi [req-96c36f6a-939b-4ae4-8d12-a90f87d09793 req-547c01a7-a450-42de-bd39-4c1cd798bd37 0746676e60fb4efe8b29012ba137f9ce a001d5f3965e404585f5f6102d39a46b - - d98b857e90864c74adc3bf5bfdf4dc38 d98b857e90864c74adc3bf5bfdf4dc38] 10.0.0.12 "GET /v2.0/networks/3d22bb25-4d75-4f44-a367-3d8586e689c2?fields=provider%3Aphysical_network&fields=provider%3Anetwork_type HTTP/1.1" status: 200 len: 277 time: 0.0385525
2026-07-01 02:02:42.494 9 WARNING neutron.plugins.ml2.drivers.ovn.mech_driver.ovsdb.ovn_client [None req-d0f38b92-df28-4661-9592-0ca78a7e93c6 - - - - - -] No hosting information found for port 85261d6c-e8cd-4354-83b5-46254ed893f0: RuntimeError: No hosting information found for port 85261d6c-e8cd-4354-83b5-46254ed893f0
2026-07-01 02:02:42.537 9 INFO neutron.db.ovn_revision_numbers_db [None req-dd23bf2a-2f66-4d6a-bbdc-c988f1732bee a33a965b76fc462d9b652971c6641128 93ce8b2fcfc948b3b1b917365da7aa0c - - default default] Successfully bumped revision number for resource 605d8203-523c-43ab-a403-51a0db001791 (type: networks) to 1
2026-07-01 02:02:42.544 9 INFO neutron.api.wsgi [req-86ceac94-d252-470a-b152-cc225880e5ba req-b9db7ac8-c39f-42e0-a14b-9917a2862a77 6775a505b33246898c557453a6eed607 a6dec8187bb74f7cb5ebe0c80cdcf421 - - default default] 10.0.0.12 "GET /v2.0/ports?device_id=95f7919e-fe11-43a6-8f29-3527d310a43d HTTP/1.1" status: 200 len: 210 time: 0.0406036
2026-07-01 02:02:42.602 9 INFO neutron.db.ovn_revision_numbers_db [None req-d0f38b92-df28-4661-9592-0ca78a7e93c6 - - - - - -] Successfully bumped revision number for resource 85261d6c-e8cd-4354-83b5-46254ed893f0 (type: router_ports) to 2
2026-07-01 02:02:42.630 9 WARNING neutron.scheduler.dhcp_agent_scheduler [None req-0f6d88c1-b827-4d63-b2dd-7495a521fd53 a33a965b76fc462d9b652971c6641128 93ce8b2fcfc948b3b1b917365da7aa0c - - default default] No more DHCP agents
2026-07-01 02:02:42.635 9 WARNING neutron.api.rpc.agentnotifiers.dhcp_rpc_agent_api [None req-0f6d88c1-b827-4d63-b2dd-7495a521fd53 a33a965b76fc462d9b652971c6641128 93ce8b2fcfc948b3b1b917365da7aa0c - - default default] Unable to schedule network c3a7df79-e9e7-40b4-ac86-3230c57ce204: no agents available; will retry on subsequent port and subnet creation events.
2026-07-01 02:02:42.672 9 INFO neutron.plugins.ml2.drivers.ovn.mech_driver.mech_driver [None req-d0f38b92-df28-4661-9592-0ca78a7e93c6 - - - - - -] OVN reports status up for port: ea4de840-c7d0-4944-9159-0605d73a47d5
2026-07-01 02:02:42.705 9 INFO neutron.plugins.ml2.plugin [None req-d0f38b92-df28-4661-9592-0ca78a7e93c6 - - - - - -] Attempt 1 to provision port ea4de840-c7d0-4944-9159-0605d73a47d5
2026-07-01 02:02:42.830 9 WARNING neutron.scheduler.dhcp_agent_scheduler [None req-dd23bf2a-2f66-4d6a-bbdc-c988f1732bee a33a965b76fc462d9b652971c6641128 93ce8b2fcfc948b3b1b917365da7aa0c - - default default] No more DHCP agents
2026-07-01 02:02:42.840 9 WARNING neutron.api.rpc.agentnotifiers.dhcp_rpc_agent_api [None req-dd23bf2a-2f66-4d6a-bbdc-c988f1732bee a33a965b76fc462d9b652971c6641128 93ce8b2fcfc948b3b1b917365da7aa0c - - default default] Unable to schedule network 605d8203-523c-43ab-a403-51a0db001791: no agents available; will retry on subsequent port and subnet creation events.
2026-07-01 02:02:42.864 9 INFO neutron.db.ovn_revision_numbers_db [None req-0f6d88c1-b827-4d63-b2dd-7495a521fd53 a33a965b76fc462d9b652971c6641128 93ce8b2fcfc948b3b1b917365da7aa0c - - default default] Successfully bumped revision number for resource f6d7e732-2992-4c24-8efe-73b6a9052d4c (type: ports) to 1
2026-07-01 02:02:42.920 9 INFO neutron.db.ovn_revision_numbers_db [None req-dd23bf2a-2f66-4d6a-bbdc-c988f1732bee a33a965b76fc462d9b652971c6641128 93ce8b2fcfc948b3b1b917365da7aa0c - - default default] Successfully bumped revision number for resource 7974d5fc-7616-43f4-b687-6d62f0f8a428 (type: ports) to 1
2026-07-01 02:02:42.947 9 INFO neutron.api.wsgi [None req-dd23bf2a-2f66-4d6a-bbdc-c988f1732bee a33a965b76fc462d9b652971c6641128 93ce8b2fcfc948b3b1b917365da7aa0c - - default default] 10.0.0.179 "POST /v2.0/networks HTTP/1.1" status: 201 len: 943 time: 0.9342077
2026-07-01 02:02:43.131 9 WARNING neutron.scheduler.dhcp_agent_scheduler [None req-289da73a-5f0f-464c-b04d-2e077e2f4637 a33a965b76fc462d9b652971c6641128 93ce8b2fcfc948b3b1b917365da7aa0c - - default default] No more DHCP agents
2026-07-01 02:02:43.134 9 WARNING neutron.api.rpc.agentnotifiers.dhcp_rpc_agent_api [None req-289da73a-5f0f-464c-b04d-2e077e2f4637 a33a965b76fc462d9b652971c6641128 93ce8b2fcfc948b3b1b917365da7aa0c - - default default] Unable to schedule network 605d8203-523c-43ab-a403-51a0db001791: no agents available; will retry on subsequent port and subnet creation events.
2026-07-01 02:02:43.493 9 INFO neutron.plugins.ml2.drivers.ovn.mech_driver.ovsdb.commands [None req-5be845b5-f327-4bb0-a3d7-f2656508c130 - - - - - -] Schedule LRP lrp-f6d7e732-2992-4c24-8efe-73b6a9052d4c on gateway 18aad834-2a8d-4bb1-9019-11d6bf7f1e3f with priority 1
2026-07-01 02:02:43.514 10 INFO neutron.plugins.ml2.drivers.ovn.mech_driver.ovsdb.ovsdb_monitor [None req-327104fb-b752-4966-ada6-6fc01f93312e - - - - - -] Router eed94399-fad9-4b4e-8312-a38e3c107004 is bound to host instance
2026-07-01 02:02:43.533 9 INFO neutron.db.ovn_revision_numbers_db [None req-0f6d88c1-b827-4d63-b2dd-7495a521fd53 a33a965b76fc462d9b652971c6641128 93ce8b2fcfc948b3b1b917365da7aa0c - - default default] Successfully bumped revision number for resource f6d7e732-2992-4c24-8efe-73b6a9052d4c (type: router_ports) to 1
2026-07-01 02:02:43.611 9 INFO neutron.db.ovn_revision_numbers_db [None req-0f6d88c1-b827-4d63-b2dd-7495a521fd53 a33a965b76fc462d9b652971c6641128 93ce8b2fcfc948b3b1b917365da7aa0c - - default default] Successfully bumped revision number for resource eed94399-fad9-4b4e-8312-a38e3c107004 (type: routers) to 2
2026-07-01 02:02:43.625 9 INFO neutron.db.ovn_revision_numbers_db [None req-06b1296e-c031-45f6-af5a-c9b36e94ce9c - - - - - -] Successfully bumped revision number for resource 7974d5fc-7616-43f4-b687-6d62f0f8a428 (type: ports) to 2
2026-07-01 02:02:43.629 9 INFO neutron.api.wsgi [None req-0f6d88c1-b827-4d63-b2dd-7495a521fd53 a33a965b76fc462d9b652971c6641128 93ce8b2fcfc948b3b1b917365da7aa0c - - default default] 10.0.0.179 "POST /v2.0/routers HTTP/1.1" status: 201 len: 1167 time: 1.5251400
2026-07-01 02:02:43.674 9 INFO neutron.db.ovn_revision_numbers_db [None req-06b1296e-c031-45f6-af5a-c9b36e94ce9c - - - - - -] Successfully bumped revision number for resource 0cd74f06-4916-47f9-ab2e-8e465dbf01e8 (type: subnets) to 0
2026-07-01 02:02:43.690 9 INFO neutron.api.wsgi [None req-289da73a-5f0f-464c-b04d-2e077e2f4637 a33a965b76fc462d9b652971c6641128 93ce8b2fcfc948b3b1b917365da7aa0c - - default default] 10.0.0.179 "POST /v2.0/subnets HTTP/1.1" status: 201 len: 887 time: 0.7385221
2026-07-01 02:02:44.024 10 INFO neutron.db.ovn_revision_numbers_db [None req-dcf3ed59-d79e-42a9-8cf2-fe9cd34c5ef1 - - - - - -] Successfully bumped revision number for resource f6d7e732-2992-4c24-8efe-73b6a9052d4c (type: ports) to 1
2026-07-01 02:02:44.130 9 WARNING neutron.scheduler.dhcp_agent_scheduler [None req-62cb1b8d-8f62-41e1-b7d7-5b20d0b732c3 a33a965b76fc462d9b652971c6641128 93ce8b2fcfc948b3b1b917365da7aa0c - - default default] No more DHCP agents
2026-07-01 02:02:44.132 9 WARNING neutron.api.rpc.agentnotifiers.dhcp_rpc_agent_api [None req-62cb1b8d-8f62-41e1-b7d7-5b20d0b732c3 a33a965b76fc462d9b652971c6641128 93ce8b2fcfc948b3b1b917365da7aa0c - - default default] Unable to schedule network c3a7df79-e9e7-40b4-ac86-3230c57ce204: no agents available; will retry on subsequent port and subnet creation events.
2026-07-01 02:02:44.144 10 WARNING neutron.scheduler.dhcp_agent_scheduler [None req-3b7ade13-1d8e-4adc-a19b-d930df7e075e a33a965b76fc462d9b652971c6641128 93ce8b2fcfc948b3b1b917365da7aa0c - - default default] No more DHCP agents
2026-07-01 02:02:44.145 10 WARNING neutron.api.rpc.agentnotifiers.dhcp_rpc_agent_api [None req-3b7ade13-1d8e-4adc-a19b-d930df7e075e a33a965b76fc462d9b652971c6641128 93ce8b2fcfc948b3b1b917365da7aa0c - - default default] Unable to schedule network 9d00111c-50b6-4635-8abf-e86f8e1c9024: no agents available; will retry on subsequent port and subnet creation events.
2026-07-01 02:02:44.245 9 INFO neutron.db.ovn_revision_numbers_db [None req-62cb1b8d-8f62-41e1-b7d7-5b20d0b732c3 a33a965b76fc462d9b652971c6641128 93ce8b2fcfc948b3b1b917365da7aa0c - - default default] Successfully bumped revision number for resource 0d7238a5-fb10-4b71-8376-e7852dd713d5 (type: ports) to 1
2026-07-01 02:02:44.271 10 INFO neutron.db.ovn_revision_numbers_db [None req-3b7ade13-1d8e-4adc-a19b-d930df7e075e a33a965b76fc462d9b652971c6641128 93ce8b2fcfc948b3b1b917365da7aa0c - - default default] Successfully bumped revision number for resource 87edbfc4-ca83-42d5-bd95-18f78f3ed8e0 (type: ports) to 1
2026-07-01 02:02:44.387 10 INFO neutron.db.ovn_revision_numbers_db [None req-dcf3ed59-d79e-42a9-8cf2-fe9cd34c5ef1 - - - - - -] Successfully bumped revision number for resource f6d7e732-2992-4c24-8efe-73b6a9052d4c (type: ports) to 4
2026-07-01 02:02:44.696 10 INFO neutron.db.ovn_revision_numbers_db [None req-dcf3ed59-d79e-42a9-8cf2-fe9cd34c5ef1 - - - - - -] Successfully bumped revision number for resource f6d7e732-2992-4c24-8efe-73b6a9052d4c (type: ports) to 5
2026-07-01 02:02:44.777 9 INFO neutron.plugins.ml2.drivers.ovn.mech_driver.ovsdb.commands [None req-5be845b5-f327-4bb0-a3d7-f2656508c130 - - - - - -] Schedule LRP lrp-0d7238a5-fb10-4b71-8376-e7852dd713d5 on gateway 18aad834-2a8d-4bb1-9019-11d6bf7f1e3f with priority 1
2026-07-01 02:02:44.801 10 INFO neutron.plugins.ml2.drivers.ovn.mech_driver.ovsdb.ovsdb_monitor [None req-dcf3ed59-d79e-42a9-8cf2-fe9cd34c5ef1 - - - - - -] Router 9dc2e0b8-f5a2-4afa-b64e-7b4a6178c03b is bound to host instance
2026-07-01 02:02:44.805 9 INFO neutron.plugins.ml2.drivers.ovn.mech_driver.mech_driver [None req-d0f38b92-df28-4661-9592-0ca78a7e93c6 - - - - - -] OVN reports status up for port: 87edbfc4-ca83-42d5-bd95-18f78f3ed8e0
2026-07-01 02:02:44.815 9 INFO neutron.plugins.ml2.plugin [None req-d0f38b92-df28-4661-9592-0ca78a7e93c6 - - - - - -] Attempt 1 to provision port 87edbfc4-ca83-42d5-bd95-18f78f3ed8e0
2026-07-01 02:02:44.827 10 INFO neutron.db.ovn_revision_numbers_db [None req-3b7ade13-1d8e-4adc-a19b-d930df7e075e a33a965b76fc462d9b652971c6641128 93ce8b2fcfc948b3b1b917365da7aa0c - - default default] Successfully bumped revision number for resource 87edbfc4-ca83-42d5-bd95-18f78f3ed8e0 (type: ports) to 1
2026-07-01 02:02:44.828 9 INFO neutron.db.ovn_revision_numbers_db [None req-62cb1b8d-8f62-41e1-b7d7-5b20d0b732c3 a33a965b76fc462d9b652971c6641128 93ce8b2fcfc948b3b1b917365da7aa0c - - default default] Successfully bumped revision number for resource 0d7238a5-fb10-4b71-8376-e7852dd713d5 (type: router_ports) to 1
2026-07-01 02:02:44.879 10 WARNING neutron.scheduler.dhcp_agent_scheduler [None req-3b7ade13-1d8e-4adc-a19b-d930df7e075e a33a965b76fc462d9b652971c6641128 93ce8b2fcfc948b3b1b917365da7aa0c - - default default] No more DHCP agents
2026-07-01 02:02:44.883 10 WARNING neutron.api.rpc.agentnotifiers.dhcp_rpc_agent_api [None req-3b7ade13-1d8e-4adc-a19b-d930df7e075e a33a965b76fc462d9b652971c6641128 93ce8b2fcfc948b3b1b917365da7aa0c - - default default] Unable to schedule network 9d00111c-50b6-4635-8abf-e86f8e1c9024: no agents available; will retry on subsequent port and subnet creation events.
2026-07-01 02:02:44.905 9 INFO neutron.db.ovn_revision_numbers_db [None req-62cb1b8d-8f62-41e1-b7d7-5b20d0b732c3 a33a965b76fc462d9b652971c6641128 93ce8b2fcfc948b3b1b917365da7aa0c - - default default] Successfully bumped revision number for resource 9dc2e0b8-f5a2-4afa-b64e-7b4a6178c03b (type: routers) to 2
