2026-07-01 02:06:27.603 10 INFO neutron.api.wsgi [None req-56232a4f-8196-4c6b-bdf1-67c060e87050 272be7aa7f52426ba836bb5c7f8ac243 031633f7f8934535bdf9e2f6e13c9f0f - - default default] 10.0.0.179 "POST /v2.0/routers HTTP/1.1" status: 201 len: 1154 time: 1.1997497
2026-07-01 02:06:27.655 10 INFO neutron.api.wsgi [None req-bb325826-d49d-4175-9740-6a2b5ce62913 ccf0f04f07544b9c8e9fa819f99c918f 18a7b38c293e40f4bb04de238093bb65 - - default default] 10.0.0.179 "GET /v2.0/subnets?project_id=031633f7f8934535bdf9e2f6e13c9f0f&cidr=10.100.0.0%2F28 HTTP/1.1" status: 200 len: 207 time: 0.0464101
2026-07-01 02:06:27.722 10 INFO neutron.api.wsgi [None req-b6ad25bc-fee3-44aa-ad1a-ad4ed6e6136c ccf0f04f07544b9c8e9fa819f99c918f 18a7b38c293e40f4bb04de238093bb65 - - default default] 10.0.0.179 "GET /v2.0/networks?router%3Aexternal=True HTTP/1.1" status: 200 len: 947 time: 0.0616248
2026-07-01 02:06:27.747 10 INFO neutron.api.wsgi [None req-83c81598-381f-42c8-94f0-751c50a6c5fe ccf0f04f07544b9c8e9fa819f99c918f 18a7b38c293e40f4bb04de238093bb65 - - default default] 10.0.0.179 "GET /v2.0/subnets?network_id=c3a7df79-e9e7-40b4-ac86-3230c57ce204&cidr=10.100.0.0%2F28 HTTP/1.1" status: 200 len: 207 time: 0.0188272
2026-07-01 02:06:27.755 10 WARNING neutron_lib.context [None req-eac298f5-8f82-4716-a067-dba3c203e87e 272be7aa7f52426ba836bb5c7f8ac243 031633f7f8934535bdf9e2f6e13c9f0f - - default default] Method 'is_advsvc' is deprecated since 2023.2 release (neutron-lib 3.8.0) and will be removed once support for the old RBAC API policies will be removed from Neutron. Please use method 'is_service_role' instead.
2026-07-01 02:06:27.894 9 INFO neutron.db.ovn_revision_numbers_db [None req-9747c365-d5f5-42d0-8725-e931e319b215 - - - - - -] Successfully bumped revision number for resource bb67ac66-60d9-47d4-a60a-8336bcb7c65e (type: ports) to 1
2026-07-01 02:06:27.916 10 WARNING neutron.scheduler.dhcp_agent_scheduler [None req-eac298f5-8f82-4716-a067-dba3c203e87e 272be7aa7f52426ba836bb5c7f8ac243 031633f7f8934535bdf9e2f6e13c9f0f - - default default] No more DHCP agents
2026-07-01 02:06:27.918 10 WARNING neutron.api.rpc.agentnotifiers.dhcp_rpc_agent_api [None req-eac298f5-8f82-4716-a067-dba3c203e87e 272be7aa7f52426ba836bb5c7f8ac243 031633f7f8934535bdf9e2f6e13c9f0f - - default default] Unable to schedule network 458dd59a-ee0b-4f7f-bf64-4bd795e8e697: no agents available; will retry on subsequent port and subnet creation events.
2026-07-01 02:06:28.157 9 INFO neutron.db.ovn_revision_numbers_db [None req-9747c365-d5f5-42d0-8725-e931e319b215 - - - - - -] Successfully bumped revision number for resource bb67ac66-60d9-47d4-a60a-8336bcb7c65e (type: ports) to 4
2026-07-01 02:06:28.324 10 INFO neutron.db.ovn_revision_numbers_db [None req-c4522cc1-7578-4e3f-8534-a76916e1aa91 - - - - - -] Successfully bumped revision number for resource fa4cb0e5-6144-4125-a1cc-6857a8a4819c (type: ports) to 2
2026-07-01 02:06:28.351 10 INFO neutron.db.ovn_revision_numbers_db [None req-c4522cc1-7578-4e3f-8534-a76916e1aa91 - - - - - -] Successfully bumped revision number for resource 0ce0a111-e264-459e-8b3d-33a85634fbeb (type: subnets) to 0
2026-07-01 02:06:28.365 10 INFO neutron.api.wsgi [None req-eac298f5-8f82-4716-a067-dba3c203e87e 272be7aa7f52426ba836bb5c7f8ac243 031633f7f8934535bdf9e2f6e13c9f0f - - default default] 10.0.0.179 "POST /v2.0/subnets HTTP/1.1" status: 201 len: 854 time: 0.6126025
2026-07-01 02:06:28.403 9 INFO neutron.db.ovn_revision_numbers_db [None req-9747c365-d5f5-42d0-8725-e931e319b215 - - - - - -] Successfully bumped revision number for resource bb67ac66-60d9-47d4-a60a-8336bcb7c65e (type: ports) to 5
2026-07-01 02:06:28.454 10 INFO neutron.api.wsgi [req-3421f6bc-e3ce-4e28-9a23-30e447ddd212 req-a630c581-a4a5-4ec9-bd24-42346462fe4d 6775a505b33246898c557453a6eed607 a6dec8187bb74f7cb5ebe0c80cdcf421 - - default default] 10.0.0.12 "GET /v2.0/ports?device_id=f8aea557-d305-4b61-ac3c-a5c918827032 HTTP/1.1" status: 200 len: 210 time: 0.0146294
2026-07-01 02:06:28.894 10 WARNING neutron.scheduler.dhcp_agent_scheduler [None req-22757fb2-8274-4100-990c-e0a265dc5a7b 272be7aa7f52426ba836bb5c7f8ac243 031633f7f8934535bdf9e2f6e13c9f0f - - default default] No more DHCP agents
2026-07-01 02:06:28.896 10 WARNING neutron.api.rpc.agentnotifiers.dhcp_rpc_agent_api [None req-22757fb2-8274-4100-990c-e0a265dc5a7b 272be7aa7f52426ba836bb5c7f8ac243 031633f7f8934535bdf9e2f6e13c9f0f - - default default] Unable to schedule network 458dd59a-ee0b-4f7f-bf64-4bd795e8e697: no agents available; will retry on subsequent port and subnet creation events.
2026-07-01 02:06:28.957 15 INFO neutron.plugins.ml2.drivers.ovn.mech_driver.ovsdb.maintenance [None req-d58970c1-af90-425d-a56b-f89eca26f0c6 - - - - - -] OVN maintenance task check_for_inconsistencies finished in 2.323 seconds
2026-07-01 02:06:29.019 10 INFO neutron.db.ovn_revision_numbers_db [None req-22757fb2-8274-4100-990c-e0a265dc5a7b 272be7aa7f52426ba836bb5c7f8ac243 031633f7f8934535bdf9e2f6e13c9f0f - - default default] Successfully bumped revision number for resource 932906a5-7b89-4933-9f36-a4a240de2520 (type: ports) to 1
2026-07-01 02:06:29.567 9 INFO neutron.plugins.ml2.drivers.ovn.mech_driver.mech_driver [None req-eba76445-adc7-4c4a-8064-a83b2c6d31d7 - - - - - -] OVN reports status up for port: 932906a5-7b89-4933-9f36-a4a240de2520
2026-07-01 02:06:29.574 9 INFO neutron.plugins.ml2.plugin [None req-eba76445-adc7-4c4a-8064-a83b2c6d31d7 - - - - - -] Attempt 1 to provision port 932906a5-7b89-4933-9f36-a4a240de2520
2026-07-01 02:06:29.584 10 INFO neutron.db.ovn_revision_numbers_db [None req-22757fb2-8274-4100-990c-e0a265dc5a7b 272be7aa7f52426ba836bb5c7f8ac243 031633f7f8934535bdf9e2f6e13c9f0f - - default default] Successfully bumped revision number for resource 932906a5-7b89-4933-9f36-a4a240de2520 (type: ports) to 1
2026-07-01 02:06:29.642 10 WARNING neutron.scheduler.dhcp_agent_scheduler [None req-22757fb2-8274-4100-990c-e0a265dc5a7b 272be7aa7f52426ba836bb5c7f8ac243 031633f7f8934535bdf9e2f6e13c9f0f - - default default] No more DHCP agents
2026-07-01 02:06:29.643 10 WARNING neutron.api.rpc.agentnotifiers.dhcp_rpc_agent_api [None req-22757fb2-8274-4100-990c-e0a265dc5a7b 272be7aa7f52426ba836bb5c7f8ac243 031633f7f8934535bdf9e2f6e13c9f0f - - default default] Unable to schedule network 458dd59a-ee0b-4f7f-bf64-4bd795e8e697: no agents available; will retry on subsequent port and subnet creation events.
2026-07-01 02:06:29.865 9 INFO neutron.db.ovn_revision_numbers_db [None req-eba76445-adc7-4c4a-8064-a83b2c6d31d7 - - - - - -] Successfully bumped revision number for resource 932906a5-7b89-4933-9f36-a4a240de2520 (type: ports) to 2
2026-07-01 02:06:29.953 10 INFO neutron.db.ovn_revision_numbers_db [None req-22757fb2-8274-4100-990c-e0a265dc5a7b 272be7aa7f52426ba836bb5c7f8ac243 031633f7f8934535bdf9e2f6e13c9f0f - - default default] Successfully bumped revision number for resource 932906a5-7b89-4933-9f36-a4a240de2520 (type: router_ports) to 1
2026-07-01 02:06:29.958 10 INFO neutron.api.wsgi [None req-22757fb2-8274-4100-990c-e0a265dc5a7b 272be7aa7f52426ba836bb5c7f8ac243 031633f7f8934535bdf9e2f6e13c9f0f - - default default] 10.0.0.179 "PUT /v2.0/routers/12e4ec04-b76c-4f44-a3e6-5a08c4e2756f/add_router_interface HTTP/1.1" status: 200 len: 503 time: 1.5859644
2026-07-01 02:06:30.012 10 INFO neutron.api.wsgi [None req-3634e787-7f8a-4689-adc3-69c981873e4f ccf0f04f07544b9c8e9fa819f99c918f 18a7b38c293e40f4bb04de238093bb65 - - default default] 10.0.0.179 "GET /v2.0/networks HTTP/1.1" status: 200 len: 5484 time: 0.0470355
2026-07-01 02:06:30.050 10 INFO neutron.api.wsgi [None req-b630778b-bb2b-4e3e-a8a3-ff757da9dfe5 ccf0f04f07544b9c8e9fa819f99c918f 18a7b38c293e40f4bb04de238093bb65 - - default default] 10.0.0.179 "GET /v2.0/subnets HTTP/1.1" status: 200 len: 6369 time: 0.0344336
2026-07-01 02:06:30.111 9 INFO neutron.api.wsgi [None req-0b91012c-e9ad-4455-801f-637ea64702d4 ccf0f04f07544b9c8e9fa819f99c918f 18a7b38c293e40f4bb04de238093bb65 - - default default] 10.0.0.179 "GET /v2.0/routers HTTP/1.1" status: 200 len: 2123 time: 0.0567031
2026-07-01 02:06:30.175 10 WARNING neutron_lib.context [None req-9fbf54fa-ca85-4b2f-b0f2-7e2980d040ca 272be7aa7f52426ba836bb5c7f8ac243 031633f7f8934535bdf9e2f6e13c9f0f - - default default] Method 'is_advsvc' is deprecated since 2023.2 release (neutron-lib 3.8.0) and will be removed once support for the old RBAC API policies will be removed from Neutron. Please use method 'is_service_role' instead.
2026-07-01 02:06:30.263 10 INFO neutron.db.ovn_revision_numbers_db [None req-9fbf54fa-ca85-4b2f-b0f2-7e2980d040ca 272be7aa7f52426ba836bb5c7f8ac243 031633f7f8934535bdf9e2f6e13c9f0f - - default default] Successfully bumped revision number for resource 46554f64-2dc6-4a66-9e15-0023762afe42 (type: security_groups) to 1
2026-07-01 02:06:30.275 10 INFO neutron.db.ovn_revision_numbers_db [None req-9fbf54fa-ca85-4b2f-b0f2-7e2980d040ca 272be7aa7f52426ba836bb5c7f8ac243 031633f7f8934535bdf9e2f6e13c9f0f - - default default] Successfully bumped revision number for resource 0674283b-4b8d-4234-8a80-ec155080f626 (type: security_group_rules) to 0
2026-07-01 02:06:30.287 10 INFO neutron.db.ovn_revision_numbers_db [None req-9fbf54fa-ca85-4b2f-b0f2-7e2980d040ca 272be7aa7f52426ba836bb5c7f8ac243 031633f7f8934535bdf9e2f6e13c9f0f - - default default] Successfully bumped revision number for resource bd5d9d1e-8bfa-4743-85fd-bbb8a48056ad (type: security_group_rules) to 0
2026-07-01 02:06:30.319 10 INFO neutron.api.wsgi [None req-9fbf54fa-ca85-4b2f-b0f2-7e2980d040ca 272be7aa7f52426ba836bb5c7f8ac243 031633f7f8934535bdf9e2f6e13c9f0f - - default default] 10.0.0.179 "POST /v2.0/security-groups HTTP/1.1" status: 201 len: 1875 time: 0.1471648
2026-07-01 02:06:30.328 10 WARNING neutron_lib.context [None req-3ff70955-c680-4afe-a3c7-d241406e4b64 272be7aa7f52426ba836bb5c7f8ac243 031633f7f8934535bdf9e2f6e13c9f0f - - default default] Method 'is_advsvc' is deprecated since 2023.2 release (neutron-lib 3.8.0) and will be removed once support for the old RBAC API policies will be removed from Neutron. Please use method 'is_service_role' instead.
2026-07-01 02:06:30.451 10 INFO neutron.db.ovn_revision_numbers_db [None req-3ff70955-c680-4afe-a3c7-d241406e4b64 272be7aa7f52426ba836bb5c7f8ac243 031633f7f8934535bdf9e2f6e13c9f0f - - default default] Successfully bumped revision number for resource 0ed97dd4-cdb5-45cc-8c1d-8612470c60a8 (type: security_group_rules) to 0
2026-07-01 02:06:30.480 10 INFO neutron.api.wsgi [None req-3ff70955-c680-4afe-a3c7-d241406e4b64 272be7aa7f52426ba836bb5c7f8ac243 031633f7f8934535bdf9e2f6e13c9f0f - - default default] 10.0.0.179 "POST /v2.0/security-group-rules HTTP/1.1" status: 201 len: 796 time: 0.1560364
2026-07-01 02:06:30.488 10 WARNING neutron_lib.context [None req-ae70dca6-9e80-4545-836f-54dc1aa8cbc7 272be7aa7f52426ba836bb5c7f8ac243 031633f7f8934535bdf9e2f6e13c9f0f - - default default] Method 'is_advsvc' is deprecated since 2023.2 release (neutron-lib 3.8.0) and will be removed once support for the old RBAC API policies will be removed from Neutron. Please use method 'is_service_role' instead.
2026-07-01 02:06:30.588 10 INFO neutron.db.ovn_revision_numbers_db [None req-ae70dca6-9e80-4545-836f-54dc1aa8cbc7 272be7aa7f52426ba836bb5c7f8ac243 031633f7f8934535bdf9e2f6e13c9f0f - - default default] Successfully bumped revision number for resource 35f2a4d4-ad7e-4460-8ea5-c0dd266bec64 (type: security_group_rules) to 0
2026-07-01 02:06:30.615 10 INFO neutron.api.wsgi [None req-ae70dca6-9e80-4545-836f-54dc1aa8cbc7 272be7aa7f52426ba836bb5c7f8ac243 031633f7f8934535bdf9e2f6e13c9f0f - - default default] 10.0.0.179 "POST /v2.0/security-group-rules HTTP/1.1" status: 201 len: 795 time: 0.1308122
2026-07-01 02:06:30.622 10 WARNING neutron_lib.context [None req-c6f44140-2f87-4e76-956d-7b707117a027 272be7aa7f52426ba836bb5c7f8ac243 031633f7f8934535bdf9e2f6e13c9f0f - - default default] Method 'is_advsvc' is deprecated since 2023.2 release (neutron-lib 3.8.0) and will be removed once support for the old RBAC API policies will be removed from Neutron. Please use method 'is_service_role' instead.
2026-07-01 02:06:30.735 10 INFO neutron.db.ovn_revision_numbers_db [None req-c6f44140-2f87-4e76-956d-7b707117a027 272be7aa7f52426ba836bb5c7f8ac243 031633f7f8934535bdf9e2f6e13c9f0f - - default default] Successfully bumped revision number for resource 84ad50c0-b0ee-4678-9f57-634cab12bc9d (type: security_group_rules) to 0
2026-07-01 02:06:30.762 10 INFO neutron.api.wsgi [None req-c6f44140-2f87-4e76-956d-7b707117a027 272be7aa7f52426ba836bb5c7f8ac243 031633f7f8934535bdf9e2f6e13c9f0f - - default default] 10.0.0.179 "POST /v2.0/security-group-rules HTTP/1.1" status: 201 len: 801 time: 0.1439748
2026-07-01 02:06:30.780 10 WARNING neutron_lib.context [None req-83d1f893-282e-41bf-96b9-0fe621f4de1d 272be7aa7f52426ba836bb5c7f8ac243 031633f7f8934535bdf9e2f6e13c9f0f - - default default] Method 'is_advsvc' is deprecated since 2023.2 release (neutron-lib 3.8.0) and will be removed once support for the old RBAC API policies will be removed from Neutron. Please use method 'is_service_role' instead.
2026-07-01 02:06:30.882 10 INFO neutron.db.ovn_revision_numbers_db [None req-83d1f893-282e-41bf-96b9-0fe621f4de1d 272be7aa7f52426ba836bb5c7f8ac243 031633f7f8934535bdf9e2f6e13c9f0f - - default default] Successfully bumped revision number for resource 23b3f477-0dec-43d7-8ff1-5886234b290e (type: security_group_rules) to 0
2026-07-01 02:06:30.906 10 INFO neutron.api.wsgi [None req-83d1f893-282e-41bf-96b9-0fe621f4de1d 272be7aa7f52426ba836bb5c7f8ac243 031633f7f8934535bdf9e2f6e13c9f0f - - default default] 10.0.0.179 "POST /v2.0/security-group-rules HTTP/1.1" status: 201 len: 800 time: 0.1383071
2026-07-01 02:06:30.916 10 WARNING neutron_lib.context [None req-d780f09e-ccf6-4e06-9ff4-d67cde14884a 272be7aa7f52426ba836bb5c7f8ac243 031633f7f8934535bdf9e2f6e13c9f0f - - default default] Method 'is_advsvc' is deprecated since 2023.2 release (neutron-lib 3.8.0) and will be removed once support for the old RBAC API policies will be removed from Neutron. Please use method 'is_service_role' instead.
2026-07-01 02:06:30.940 10 INFO neutron.db.securitygroups_db [None req-d780f09e-ccf6-4e06-9ff4-d67cde14884a 272be7aa7f52426ba836bb5c7f8ac243 031633f7f8934535bdf9e2f6e13c9f0f - - default default] Project 031633f7f8934535bdf9e2f6e13c9f0f added a security group rule with legacy IPv6 ICMP protocol name icmp, ipv6-icmp should be used instead. It was automatically converted.
2026-07-01 02:06:31.019 10 INFO neutron.db.ovn_revision_numbers_db [None req-d780f09e-ccf6-4e06-9ff4-d67cde14884a 272be7aa7f52426ba836bb5c7f8ac243 031633f7f8934535bdf9e2f6e13c9f0f - - default default] Successfully bumped revision number for resource 2dfc5494-31df-4f46-8998-72ee1c9abbad (type: security_group_rules) to 0
2026-07-01 02:06:31.045 10 INFO neutron.api.wsgi [None req-d780f09e-ccf6-4e06-9ff4-d67cde14884a 272be7aa7f52426ba836bb5c7f8ac243 031633f7f8934535bdf9e2f6e13c9f0f - - default default] 10.0.0.179 "POST /v2.0/security-group-rules HTTP/1.1" status: 201 len: 806 time: 0.1339891
2026-07-01 02:06:31.053 10 WARNING neutron_lib.context [None req-ff41b247-f63a-4c48-82b0-25cb71192d78 272be7aa7f52426ba836bb5c7f8ac243 031633f7f8934535bdf9e2f6e13c9f0f - - default default] Method 'is_advsvc' is deprecated since 2023.2 release (neutron-lib 3.8.0) and will be removed once support for the old RBAC API policies will be removed from Neutron. Please use method 'is_service_role' instead.
2026-07-01 02:06:31.081 10 INFO neutron.db.securitygroups_db [None req-ff41b247-f63a-4c48-82b0-25cb71192d78 272be7aa7f52426ba836bb5c7f8ac243 031633f7f8934535bdf9e2f6e13c9f0f - - default default] Project 031633f7f8934535bdf9e2f6e13c9f0f added a security group rule with legacy IPv6 ICMP protocol name icmp, ipv6-icmp should be used instead. It was automatically converted.
2026-07-01 02:06:31.180 10 INFO neutron.db.ovn_revision_numbers_db [None req-ff41b247-f63a-4c48-82b0-25cb71192d78 272be7aa7f52426ba836bb5c7f8ac243 031633f7f8934535bdf9e2f6e13c9f0f - - default default] Successfully bumped revision number for resource 56f7aba2-add9-4729-a178-80c01b06619b (type: security_group_rules) to 0
2026-07-01 02:06:31.209 10 INFO neutron.api.wsgi [None req-ff41b247-f63a-4c48-82b0-25cb71192d78 272be7aa7f52426ba836bb5c7f8ac243 031633f7f8934535bdf9e2f6e13c9f0f - - default default] 10.0.0.179 "POST /v2.0/security-group-rules HTTP/1.1" status: 201 len: 805 time: 0.1594276
2026-07-01 02:06:31.582 10 INFO neutron.api.wsgi [None req-e3cde1c7-9917-45f7-92c5-35f00f220f56 272be7aa7f52426ba836bb5c7f8ac243 031633f7f8934535bdf9e2f6e13c9f0f - - default default] 10.0.0.179 "GET /v2.0/networks HTTP/1.1" status: 200 len: 1492 time: 0.0739667
2026-07-01 02:06:31.692 10 INFO neutron.api.wsgi [req-9b803627-91e8-41e3-b730-4cc429255a99 req-08161749-1a59-4ce9-90aa-def499fddea5 272be7aa7f52426ba836bb5c7f8ac243 031633f7f8934535bdf9e2f6e13c9f0f - - default default] 10.0.0.12 "GET /v2.0/security-groups?name=tempest-secgroup-smoke-348591245&fields=id&tenant_id=031633f7f8934535bdf9e2f6e13c9f0f HTTP/1.1" status: 200 len: 267 time: 0.0331175
2026-07-01 02:06:31.760 10 INFO neutron.api.wsgi [req-9b803627-91e8-41e3-b730-4cc429255a99 req-9cd0572c-eaa7-4d2c-a203-afc8b709124a 272be7aa7f52426ba836bb5c7f8ac243 031633f7f8934535bdf9e2f6e13c9f0f - - default default] 10.0.0.12 "GET /v2.0/networks?id=458dd59a-ee0b-4f7f-bf64-4bd795e8e697 HTTP/1.1" status: 200 len: 859 time: 0.0603278
2026-07-01 02:06:31.783 10 INFO neutron.api.wsgi [req-9b803627-91e8-41e3-b730-4cc429255a99 req-02fcea5b-6ce6-4770-a4c6-7eea4a91b6b7 272be7aa7f52426ba836bb5c7f8ac243 031633f7f8934535bdf9e2f6e13c9f0f - - default default] 10.0.0.12 "GET /v2.0/quotas/031633f7f8934535bdf9e2f6e13c9f0f HTTP/1.1" status: 200 len: 491 time: 0.0128326
2026-07-01 02:06:31.830 10 INFO neutron.api.wsgi [req-9b803627-91e8-41e3-b730-4cc429255a99 req-8cf652a4-137e-4ec0-b33a-cbd1e6489da1 272be7aa7f52426ba836bb5c7f8ac243 031633f7f8934535bdf9e2f6e13c9f0f - - default default] 10.0.0.12 "GET /v2.0/ports?tenant_id=031633f7f8934535bdf9e2f6e13c9f0f&fields=id HTTP/1.1" status: 200 len: 302 time: 0.0399411
2026-07-01 02:06:31.913 10 INFO neutron.api.wsgi [req-9b803627-91e8-41e3-b730-4cc429255a99 req-82defb19-ebc3-4a45-9bbe-3c3d76667233 0746676e60fb4efe8b29012ba137f9ce a001d5f3965e404585f5f6102d39a46b - - d98b857e90864c74adc3bf5bfdf4dc38 d98b857e90864c74adc3bf5bfdf4dc38] 10.0.0.12 "GET /v2.0/networks/458dd59a-ee0b-4f7f-bf64-4bd795e8e697?fields=segments HTTP/1.1" status: 200 len: 212 time: 0.0709462
2026-07-01 02:06:31.953 10 INFO neutron.api.wsgi [req-9b803627-91e8-41e3-b730-4cc429255a99 req-dc7f33cd-37fd-4ab1-b834-46e9f090df9b 0746676e60fb4efe8b29012ba137f9ce a001d5f3965e404585f5f6102d39a46b - - d98b857e90864c74adc3bf5bfdf4dc38 d98b857e90864c74adc3bf5bfdf4dc38] 10.0.0.12 "GET /v2.0/networks/458dd59a-ee0b-4f7f-bf64-4bd795e8e697?fields=provider%3Aphysical_network&fields=provider%3Anetwork_type HTTP/1.1" status: 200 len: 277 time: 0.0342016
2026-07-01 02:06:32.066 9 INFO neutron.api.wsgi [req-c599ff9d-0d1b-47f6-917b-1e46fa1b9a02 req-a66f008c-5cfb-4c18-9d34-ef11e3164474 272be7aa7f52426ba836bb5c7f8ac243 031633f7f8934535bdf9e2f6e13c9f0f - - default default] 10.0.0.12 "GET /v2.0/ports?device_id=ed6b3592-2ae0-4720-a946-f95ff5d823e0 HTTP/1.1" status: 200 len: 210 time: 0.0172498
2026-07-01 02:06:33.137 10 INFO neutron.api.wsgi [req-d4f3544f-b640-40a7-814d-5de7f2cf4889 req-6537987f-321f-46b1-840a-01a9ca7611c7 272be7aa7f52426ba836bb5c7f8ac243 031633f7f8934535bdf9e2f6e13c9f0f - - default default] 10.0.0.12 "GET /v2.0/ports?device_id=ed6b3592-2ae0-4720-a946-f95ff5d823e0 HTTP/1.1" status: 200 len: 210 time: 0.0191154
2026-07-01 02:06:33.850 10 INFO neutron.db.l3_db [None req-5101619f-5234-42d4-a91f-8d531df38ee6 6775a505b33246898c557453a6eed607 a6dec8187bb74f7cb5ebe0c80cdcf421 - - default default] Floating IP ac80c1cf-7a3c-4b65-aad7-6e702f508782 disassociated (deleted). External IP: 10.96.250.216, port: ed88778d-f489-45c2-adfc-d571435ca376.
2026-07-01 02:06:33.875 10 INFO neutron.api.wsgi [None req-5101619f-5234-42d4-a91f-8d531df38ee6 6775a505b33246898c557453a6eed607 a6dec8187bb74f7cb5ebe0c80cdcf421 - - default default] 10.0.0.179 "DELETE /v2.0/floatingips/ac80c1cf-7a3c-4b65-aad7-6e702f508782 HTTP/1.1" status: 204 len: 168 time: 0.3632071
2026-07-01 02:06:33.890 10 INFO neutron.api.v2.resource [None req-598e3cc6-e1e0-418b-a979-2e0453cebbf6 6775a505b33246898c557453a6eed607 a6dec8187bb74f7cb5ebe0c80cdcf421 - - default default] show failed (client error): The resource could not be found.
2026-07-01 02:06:33.891 10 INFO neutron.api.wsgi [None req-598e3cc6-e1e0-418b-a979-2e0453cebbf6 6775a505b33246898c557453a6eed607 a6dec8187bb74f7cb5ebe0c80cdcf421 - - default default] 10.0.0.179 "GET /v2.0/floatingips/ac80c1cf-7a3c-4b65-aad7-6e702f508782 HTTP/1.1" status: 404 len: 345 time: 0.0119550
2026-07-01 02:06:33.995 10 INFO neutron.notifiers.nova [-] Nova event matching ['req-09303125-2cf5-471f-9f4c-6db1ee3dc4f0'] response: {'name': 'network-changed', 'server_uuid': '95f7919e-fe11-43a6-8f29-3527d310a43d', 'tag': 'ed88778d-f489-45c2-adfc-d571435ca376', 'status': 'completed', 'code': 200}
2026-07-01 02:06:34.090 9 INFO neutron.api.wsgi [req-19b1c2fb-ade0-4cc1-801a-f581848d16e2 req-38e1dd41-fbe1-457d-8769-a70fbbaaec5a 6775a505b33246898c557453a6eed607 a6dec8187bb74f7cb5ebe0c80cdcf421 - - default default] 10.0.0.12 "GET /v2.0/ports?device_id=95f7919e-fe11-43a6-8f29-3527d310a43d HTTP/1.1" status: 200 len: 1396 time: 0.0845339
2026-07-01 02:06:34.136 9 INFO neutron.api.wsgi [req-19b1c2fb-ade0-4cc1-801a-f581848d16e2 req-00534e5a-e65b-4578-b62c-554746da084b 6775a505b33246898c557453a6eed607 a6dec8187bb74f7cb5ebe0c80cdcf421 - - default default] 10.0.0.12 "GET /v2.0/security-groups?id=c487779b-8652-4f28-948f-80b014f4ded6&fields=id&fields=name HTTP/1.1" status: 200 len: 311 time: 0.0405302
2026-07-01 02:06:34.221 10 INFO neutron.api.wsgi [req-422d6a23-b8fc-46e4-8d0d-decc2f6e5892 req-f24f1ea1-eb8b-4d1e-80ac-c9d183a3b5ce 272be7aa7f52426ba836bb5c7f8ac243 031633f7f8934535bdf9e2f6e13c9f0f - - default default] 10.0.0.12 "GET /v2.0/ports?device_id=ed6b3592-2ae0-4720-a946-f95ff5d823e0 HTTP/1.1" status: 200 len: 210 time: 0.0181472
2026-07-01 02:06:34.533 9 INFO neutron.api.wsgi [req-825e403c-beaf-43c5-89ac-51a385c37ca2 req-e9bfb1f6-29d3-4af0-afdf-c2376a9e170b 0746676e60fb4efe8b29012ba137f9ce a001d5f3965e404585f5f6102d39a46b - - d98b857e90864c74adc3bf5bfdf4dc38 d98b857e90864c74adc3bf5bfdf4dc38] 199.204.45.22 "GET /v2.0/ports?tenant_id=a6dec8187bb74f7cb5ebe0c80cdcf421&device_id=95f7919e-fe11-43a6-8f29-3527d310a43d HTTP/1.1" status: 200 len: 1634 time: 0.0303276
2026-07-01 02:06:34.585 9 INFO neutron.api.wsgi [req-825e403c-beaf-43c5-89ac-51a385c37ca2 req-d316ea14-bd7c-4850-a389-d41e9a29a73c 0746676e60fb4efe8b29012ba137f9ce a001d5f3965e404585f5f6102d39a46b - - d98b857e90864c74adc3bf5bfdf4dc38 d98b857e90864c74adc3bf5bfdf4dc38] 199.204.45.22 "GET /v2.0/networks?id=3d22bb25-4d75-4f44-a367-3d8586e689c2 HTTP/1.1" status: 200 len: 1003 time: 0.0462196
2026-07-01 02:06:34.605 9 INFO neutron.api.wsgi [req-825e403c-beaf-43c5-89ac-51a385c37ca2 req-e2bce086-d4ee-417d-bde8-7fa261afe15e 0746676e60fb4efe8b29012ba137f9ce a001d5f3965e404585f5f6102d39a46b - - d98b857e90864c74adc3bf5bfdf4dc38 d98b857e90864c74adc3bf5bfdf4dc38] 199.204.45.22 "GET /v2.0/floatingips?fixed_ip_address=10.2.1.80&port_id=ed88778d-f489-45c2-adfc-d571435ca376 HTTP/1.1" status: 200 len: 217 time: 0.0150898
2026-07-01 02:06:34.626 9 INFO neutron.api.wsgi [req-825e403c-beaf-43c5-89ac-51a385c37ca2 req-d7fcf795-8a57-49df-a7cb-4d9e6d906c74 0746676e60fb4efe8b29012ba137f9ce a001d5f3965e404585f5f6102d39a46b - - d98b857e90864c74adc3bf5bfdf4dc38 d98b857e90864c74adc3bf5bfdf4dc38] 199.204.45.22 "GET /v2.0/floatingips?fixed_ip_address=fd7b%3Af9f7%3Afff%3A4eca%3A%3A2bc&port_id=ed88778d-f489-45c2-adfc-d571435ca376 HTTP/1.1" status: 200 len: 217 time: 0.0138278
2026-07-01 02:06:34.661 9 INFO neutron.api.wsgi [req-825e403c-beaf-43c5-89ac-51a385c37ca2 req-99bb7f0c-3a09-4961-818e-0a4e5fc46151 0746676e60fb4efe8b29012ba137f9ce a001d5f3965e404585f5f6102d39a46b - - d98b857e90864c74adc3bf5bfdf4dc38 d98b857e90864c74adc3bf5bfdf4dc38] 199.204.45.22 "GET /v2.0/subnets?id=f6b3bbc9-5019-4d9f-91f4-2d0e9aca6546&id=5367ca18-fdfe-4f72-bfae-7b931354ae70 HTTP/1.1" status: 200 len: 1611 time: 0.0283725
2026-07-01 02:06:34.690 9 INFO neutron.api.wsgi [req-825e403c-beaf-43c5-89ac-51a385c37ca2 req-5362e9cc-ee64-4c55-8019-ebdbdfc52539 0746676e60fb4efe8b29012ba137f9ce a001d5f3965e404585f5f6102d39a46b - - d98b857e90864c74adc3bf5bfdf4dc38 d98b857e90864c74adc3bf5bfdf4dc38] 199.204.45.22 "GET /v2.0/ports?network_id=3d22bb25-4d75-4f44-a367-3d8586e689c2&device_owner=network%3Adhcp HTTP/1.1" status: 200 len: 210 time: 0.0258861
2026-07-01 02:06:34.720 9 INFO neutron.api.wsgi [req-825e403c-beaf-43c5-89ac-51a385c37ca2 req-53fb9958-2eca-4302-ae72-554827c73ef9 0746676e60fb4efe8b29012ba137f9ce a001d5f3965e404585f5f6102d39a46b - - d98b857e90864c74adc3bf5bfdf4dc38 d98b857e90864c74adc3bf5bfdf4dc38] 199.204.45.22 "GET /v2.0/ports?network_id=3d22bb25-4d75-4f44-a367-3d8586e689c2&device_owner=network%3Adhcp HTTP/1.1" status: 200 len: 210 time: 0.0175393
2026-07-01 02:06:35.066 9 INFO neutron.api.wsgi [req-825e403c-beaf-43c5-89ac-51a385c37ca2 req-27f15e45-13b6-47da-a431-b4e8a09a0239 0746676e60fb4efe8b29012ba137f9ce a001d5f3965e404585f5f6102d39a46b - - d98b857e90864c74adc3bf5bfdf4dc38 d98b857e90864c74adc3bf5bfdf4dc38] 199.204.45.22 "GET /v2.0/networks/3d22bb25-4d75-4f44-a367-3d8586e689c2?fields=segments HTTP/1.1" status: 200 len: 212 time: 0.3349140
2026-07-01 02:06:35.071 9 WARNING neutron.plugins.ml2.drivers.ovn.mech_driver.ovsdb.ovn_client [None req-7d8d41a1-5372-42f0-ad8f-7c1d69ed8348 - - - - - -] No hosting information found for port 932906a5-7b89-4933-9f36-a4a240de2520: RuntimeError: No hosting information found for port 932906a5-7b89-4933-9f36-a4a240de2520
2026-07-01 02:06:35.121 9 INFO neutron.api.wsgi [req-825e403c-beaf-43c5-89ac-51a385c37ca2 req-3d8fd5d6-953a-4e55-be82-597c05f4bf55 0746676e60fb4efe8b29012ba137f9ce a001d5f3965e404585f5f6102d39a46b - - d98b857e90864c74adc3bf5bfdf4dc38 d98b857e90864c74adc3bf5bfdf4dc38] 199.204.45.22 "GET /v2.0/networks/3d22bb25-4d75-4f44-a367-3d8586e689c2?fields=provider%3Aphysical_network&fields=provider%3Anetwork_type HTTP/1.1" status: 200 len: 277 time: 0.0491343
2026-07-01 02:06:35.152 9 INFO neutron.db.ovn_revision_numbers_db [None req-7d8d41a1-5372-42f0-ad8f-7c1d69ed8348 - - - - - -] Successfully bumped revision number for resource 932906a5-7b89-4933-9f36-a4a240de2520 (type: router_ports) to 2
2026-07-01 02:06:35.177 9 INFO neutron.plugins.ml2.drivers.ovn.mech_driver.mech_driver [None req-7d8d41a1-5372-42f0-ad8f-7c1d69ed8348 - - - - - -] OVN reports status down for port: ed88778d-f489-45c2-adfc-d571435ca376 /var/lib/openstack/lib/python3.12/site-packages/pycadf/identifier.py:71: UserWarning: Invalid uuid: neutron. To ensure interoperability, identifiers should be a valid uuid. warnings.warn(('Invalid uuid: %s. To ensure interoperability, '
2026-07-01 02:06:35.293 9 INFO neutron.notifiers.nova [-] Nova event matching ['req-54ede54d-6dc6-4285-88b2-cd25856d936c'] response: {'server_uuid': '95f7919e-fe11-43a6-8f29-3527d310a43d', 'name': 'network-vif-unplugged', 'status': 'completed', 'tag': 'ed88778d-f489-45c2-adfc-d571435ca376', 'code': 200}
2026-07-01 02:06:35.295 9 INFO neutron.api.wsgi [req-1c67d4c9-2ff8-4259-adbb-66ce28a20f9e req-729338ef-88ba-46ab-84da-b2410bdb43c6 272be7aa7f52426ba836bb5c7f8ac243 031633f7f8934535bdf9e2f6e13c9f0f - - default default] 10.0.0.12 "GET /v2.0/ports?device_id=ed6b3592-2ae0-4720-a946-f95ff5d823e0 HTTP/1.1" status: 200 len: 210 time: 0.0186443
2026-07-01 02:06:35.421 9 INFO neutron.db.ovn_revision_numbers_db [None req-7d8d41a1-5372-42f0-ad8f-7c1d69ed8348 - - - - - -] Successfully bumped revision number for resource ed88778d-f489-45c2-adfc-d571435ca376 (type: ports) to 6 /var/lib/openstack/lib/python3.12/site-packages/pycadf/identifier.py:71: UserWarning: Invalid uuid: neutron. To ensure interoperability, identifiers should be a valid uuid. warnings.warn(('Invalid uuid: %s. To ensure interoperability, '
2026-07-01 02:06:35.801 9 INFO neutron.api.wsgi [req-a58e469f-f93d-4c53-abc7-23720d437d8d req-bc556974-4079-4463-9393-7665cae3536b 6775a505b33246898c557453a6eed607 a6dec8187bb74f7cb5ebe0c80cdcf421 - - default default] 199.204.45.22 "GET /v2.0/ports?device_id=95f7919e-fe11-43a6-8f29-3527d310a43d HTTP/1.1" status: 200 len: 1394 time: 0.0341229
2026-07-01 02:06:36.040 9 INFO neutron.api.wsgi [req-a58e469f-f93d-4c53-abc7-23720d437d8d req-27d2973c-c624-4139-a0e2-cce8bf236e96 6775a505b33246898c557453a6eed607 a6dec8187bb74f7cb5ebe0c80cdcf421 - - default default] 199.204.45.22 "DELETE /v2.0/ports/ed88778d-f489-45c2-adfc-d571435ca376 HTTP/1.1" status: 204 len: 173 time: 0.2337976
2026-07-01 02:06:36.343 9 INFO neutron.api.wsgi [req-9b803627-91e8-41e3-b730-4cc429255a99 req-df03109b-fcb6-4e47-8c8e-8271a5e80a19 272be7aa7f52426ba836bb5c7f8ac243 031633f7f8934535bdf9e2f6e13c9f0f - - default default] 199.204.45.22 "GET /v2.0/networks?id=458dd59a-ee0b-4f7f-bf64-4bd795e8e697 HTTP/1.1" status: 200 len: 859 time: 0.0497177
2026-07-01 02:06:36.379 10 INFO neutron.api.wsgi [req-7e8b48d5-8a1d-49ea-8522-435c528e4573 req-558d2eba-e119-4ee8-aa72-a052277da388 272be7aa7f52426ba836bb5c7f8ac243 031633f7f8934535bdf9e2f6e13c9f0f - - default default] 10.0.0.12 "GET /v2.0/ports?device_id=ed6b3592-2ae0-4720-a946-f95ff5d823e0 HTTP/1.1" status: 200 len: 210 time: 0.0127978
2026-07-01 02:06:36.381 9 INFO neutron.api.wsgi [req-9b803627-91e8-41e3-b730-4cc429255a99 req-ab8091e6-a148-4183-9fe4-e46be4f5f3f9 272be7aa7f52426ba836bb5c7f8ac243 031633f7f8934535bdf9e2f6e13c9f0f - - default default] 199.204.45.22 "GET /v2.0/security-groups?fields=id&fields=name&tenant_id=031633f7f8934535bdf9e2f6e13c9f0f HTTP/1.1" status: 200 len: 379 time: 0.0336192
2026-07-01 02:06:36.390 9 WARNING neutron_lib.context [req-9b803627-91e8-41e3-b730-4cc429255a99 req-44601a58-d454-487d-af99-73b7a7c39165 272be7aa7f52426ba836bb5c7f8ac243 031633f7f8934535bdf9e2f6e13c9f0f - - default default] Method 'is_advsvc' is deprecated since 2023.2 release (neutron-lib 3.8.0) and will be removed once support for the old RBAC API policies will be removed from Neutron. Please use method 'is_service_role' instead.
2026-07-01 02:06:36.658 9 WARNING neutron.scheduler.dhcp_agent_scheduler [req-9b803627-91e8-41e3-b730-4cc429255a99 req-44601a58-d454-487d-af99-73b7a7c39165 272be7aa7f52426ba836bb5c7f8ac243 031633f7f8934535bdf9e2f6e13c9f0f - - default default] No more DHCP agents
2026-07-01 02:06:36.659 9 WARNING neutron.api.rpc.agentnotifiers.dhcp_rpc_agent_api [req-9b803627-91e8-41e3-b730-4cc429255a99 req-44601a58-d454-487d-af99-73b7a7c39165 272be7aa7f52426ba836bb5c7f8ac243 031633f7f8934535bdf9e2f6e13c9f0f - - default default] Unable to schedule network 458dd59a-ee0b-4f7f-bf64-4bd795e8e697: no agents available; will retry on subsequent port and subnet creation events.
2026-07-01 02:06:36.777 10 INFO neutron.api.wsgi [-] 10.0.0.183 "GET / HTTP/1.1" status: 200 len: 245 time: 0.0019712
2026-07-01 02:06:36.779 10 INFO neutron.api.wsgi [-] 10.0.0.183 "GET / HTTP/1.1" status: 200 len: 245 time: 0.0017359
2026-07-01 02:06:36.792 9 INFO neutron.db.ovn_revision_numbers_db [req-9b803627-91e8-41e3-b730-4cc429255a99 req-44601a58-d454-487d-af99-73b7a7c39165 272be7aa7f52426ba836bb5c7f8ac243 031633f7f8934535bdf9e2f6e13c9f0f - - default default] Successfully bumped revision number for resource 7ba8f7c0-04c6-493d-8796-f5b24971a824 (type: ports) to 1
2026-07-01 02:06:36.815 9 INFO neutron.api.wsgi [req-9b803627-91e8-41e3-b730-4cc429255a99 req-44601a58-d454-487d-af99-73b7a7c39165 272be7aa7f52426ba836bb5c7f8ac243 031633f7f8934535bdf9e2f6e13c9f0f - - default default] 199.204.45.22 "POST /v2.0/ports HTTP/1.1" status: 201 len: 1162 time: 0.4295890 /var/lib/openstack/lib/python3.12/site-packages/pycadf/identifier.py:71: UserWarning: Invalid uuid: neutron. To ensure interoperability, identifiers should be a valid uuid. warnings.warn(('Invalid uuid: %s. To ensure interoperability, '
2026-07-01 02:06:37.156 9 INFO neutron.db.ovn_revision_numbers_db [req-9b803627-91e8-41e3-b730-4cc429255a99 req-b388c5f4-6233-45d0-88b3-8640bba37376 0746676e60fb4efe8b29012ba137f9ce a001d5f3965e404585f5f6102d39a46b - - d98b857e90864c74adc3bf5bfdf4dc38 d98b857e90864c74adc3bf5bfdf4dc38] Successfully bumped revision number for resource 7ba8f7c0-04c6-493d-8796-f5b24971a824 (type: ports) to 2
2026-07-01 02:06:37.328 9 INFO neutron.notifiers.nova [-] Nova event matching ['req-08f2b5db-0931-470e-9236-c3e839db407e'] response: {'server_uuid': '95f7919e-fe11-43a6-8f29-3527d310a43d', 'name': 'network-vif-unplugged', 'status': 'completed', 'tag': 'ed88778d-f489-45c2-adfc-d571435ca376', 'code': 200}
2026-07-01 02:06:37.328 9 INFO neutron.notifiers.nova [-] Nova event matching ['req-08f2b5db-0931-470e-9236-c3e839db407e'] response: {'server_uuid': '95f7919e-fe11-43a6-8f29-3527d310a43d', 'name': 'network-vif-deleted', 'tag': 'ed88778d-f489-45c2-adfc-d571435ca376', 'status': 'completed', 'code': 200}
2026-07-01 02:06:37.345 9 INFO neutron.db.ovn_revision_numbers_db [req-9b803627-91e8-41e3-b730-4cc429255a99 req-b388c5f4-6233-45d0-88b3-8640bba37376 0746676e60fb4efe8b29012ba137f9ce a001d5f3965e404585f5f6102d39a46b - - d98b857e90864c74adc3bf5bfdf4dc38 d98b857e90864c74adc3bf5bfdf4dc38] Successfully bumped revision number for resource 7ba8f7c0-04c6-493d-8796-f5b24971a824 (type: ports) to 4
2026-07-01 02:06:37.360 9 INFO neutron.api.wsgi [req-9b803627-91e8-41e3-b730-4cc429255a99 req-b388c5f4-6233-45d0-88b3-8640bba37376 0746676e60fb4efe8b29012ba137f9ce a001d5f3965e404585f5f6102d39a46b - - d98b857e90864c74adc3bf5bfdf4dc38 d98b857e90864c74adc3bf5bfdf4dc38] 199.204.45.22 "PUT /v2.0/ports/7ba8f7c0-04c6-493d-8796-f5b24971a824 HTTP/1.1" status: 200 len: 1408 time: 0.5372772
2026-07-01 02:06:37.500 10 INFO neutron.api.wsgi [req-d6bc829d-914d-4e60-9d32-9dc9b5235fd7 req-1ebcd09f-3ecf-4e59-b1fc-4f3c80ec9c5b 272be7aa7f52426ba836bb5c7f8ac243 031633f7f8934535bdf9e2f6e13c9f0f - - default default] 10.0.0.12 "GET /v2.0/ports?device_id=ed6b3592-2ae0-4720-a946-f95ff5d823e0 HTTP/1.1" status: 200 len: 1172 time: 0.0702035
2026-07-01 02:06:37.539 10 INFO neutron.api.wsgi [req-d6bc829d-914d-4e60-9d32-9dc9b5235fd7 req-c0307759-ef95-4d3f-b7fb-a14eabd8da3f 272be7aa7f52426ba836bb5c7f8ac243 031633f7f8934535bdf9e2f6e13c9f0f - - default default] 10.0.0.12 "GET /v2.0/security-groups?id=46554f64-2dc6-4a66-9e15-0023762afe42&fields=id&fields=name HTTP/1.1" status: 200 len: 312 time: 0.0331597 /var/lib/openstack/lib/python3.12/site-packages/pycadf/identifier.py:71: UserWarning: Invalid uuid: neutron. To ensure interoperability, identifiers should be a valid uuid. warnings.warn(('Invalid uuid: %s. To ensure interoperability, '
2026-07-01 02:06:38.406 9 INFO neutron.api.wsgi [req-9b803627-91e8-41e3-b730-4cc429255a99 req-7808b9d5-612e-44da-a0e7-ac6e8736e6c8 0746676e60fb4efe8b29012ba137f9ce a001d5f3965e404585f5f6102d39a46b - - d98b857e90864c74adc3bf5bfdf4dc38 d98b857e90864c74adc3bf5bfdf4dc38] 199.204.45.22 "GET /v2.0/ports?tenant_id=031633f7f8934535bdf9e2f6e13c9f0f&device_id=ed6b3592-2ae0-4720-a946-f95ff5d823e0 HTTP/1.1" status: 200 len: 1411 time: 0.0340559
2026-07-01 02:06:38.431 9 INFO neutron.api.wsgi [req-9b803627-91e8-41e3-b730-4cc429255a99 req-4f1f0dc2-d9b5-49d0-a069-b29b2c0a9a20 0746676e60fb4efe8b29012ba137f9ce a001d5f3965e404585f5f6102d39a46b - - d98b857e90864c74adc3bf5bfdf4dc38 d98b857e90864c74adc3bf5bfdf4dc38] 199.204.45.22 "GET /v2.0/floatingips?fixed_ip_address=10.100.0.10&port_id=7ba8f7c0-04c6-493d-8796-f5b24971a824 HTTP/1.1" status: 200 len: 217 time: 0.0160179
2026-07-01 02:06:38.458 9 INFO neutron.api.wsgi [req-9b803627-91e8-41e3-b730-4cc429255a99 req-b5db2103-d872-45d8-81be-b1ca75a688c2 0746676e60fb4efe8b29012ba137f9ce a001d5f3965e404585f5f6102d39a46b - - d98b857e90864c74adc3bf5bfdf4dc38 d98b857e90864c74adc3bf5bfdf4dc38] 199.204.45.22 "GET /v2.0/subnets?id=0ce0a111-e264-459e-8b3d-33a85634fbeb HTTP/1.1" status: 200 len: 875 time: 0.0228734
2026-07-01 02:06:38.479 9 INFO neutron.api.wsgi [req-9b803627-91e8-41e3-b730-4cc429255a99 req-051ea1b7-cf20-473e-9108-561d387d3376 0746676e60fb4efe8b29012ba137f9ce a001d5f3965e404585f5f6102d39a46b - - d98b857e90864c74adc3bf5bfdf4dc38 d98b857e90864c74adc3bf5bfdf4dc38] 199.204.45.22 "GET /v2.0/ports?network_id=458dd59a-ee0b-4f7f-bf64-4bd795e8e697&device_owner=network%3Adhcp HTTP/1.1" status: 200 len: 210 time: 0.0144134
2026-07-01 02:06:38.534 9 INFO neutron.api.wsgi [req-9b803627-91e8-41e3-b730-4cc429255a99 req-b43170d1-d1b3-4678-925a-06b206b371ec 0746676e60fb4efe8b29012ba137f9ce a001d5f3965e404585f5f6102d39a46b - - d98b857e90864c74adc3bf5bfdf4dc38 d98b857e90864c74adc3bf5bfdf4dc38] 199.204.45.22 "GET /v2.0/networks/458dd59a-ee0b-4f7f-bf64-4bd795e8e697?fields=segments HTTP/1.1" status: 200 len: 212 time: 0.0359621
2026-07-01 02:06:38.585 9 INFO neutron.api.wsgi [req-9b803627-91e8-41e3-b730-4cc429255a99 req-6be1924f-ebb3-4186-b495-9d2798b965ca 0746676e60fb4efe8b29012ba137f9ce a001d5f3965e404585f5f6102d39a46b - - d98b857e90864c74adc3bf5bfdf4dc38 d98b857e90864c74adc3bf5bfdf4dc38] 199.204.45.22 "GET /v2.0/networks/458dd59a-ee0b-4f7f-bf64-4bd795e8e697?fields=provider%3Aphysical_network&fields=provider%3Anetwork_type HTTP/1.1" status: 200 len: 277 time: 0.0400729
2026-07-01 02:06:38.648 9 INFO neutron.api.wsgi [req-4bed6982-a2c6-4630-84e2-4a5502607fdf req-5cd92bf3-243d-417c-b29c-b851b5e414bd 272be7aa7f52426ba836bb5c7f8ac243 031633f7f8934535bdf9e2f6e13c9f0f - - default default] 10.0.0.12 "GET /v2.0/ports?device_id=ed6b3592-2ae0-4720-a946-f95ff5d823e0 HTTP/1.1" status: 200 len: 1172 time: 0.0571790
2026-07-01 02:06:38.688 9 INFO neutron.api.wsgi [req-4bed6982-a2c6-4630-84e2-4a5502607fdf req-91e7650b-e05a-4456-bbe8-f6332da35926 272be7aa7f52426ba836bb5c7f8ac243 031633f7f8934535bdf9e2f6e13c9f0f - - default default] 10.0.0.12 "GET /v2.0/security-groups?id=46554f64-2dc6-4a66-9e15-0023762afe42&fields=id&fields=name HTTP/1.1" status: 200 len: 312 time: 0.0339637
2026-07-01 02:06:39.213 10 INFO neutron.api.wsgi [req-3b8de65a-165f-4bbe-8520-601e4a358b68 req-c78bd702-b771-4400-930a-6c4137b7dc2e 6775a505b33246898c557453a6eed607 a6dec8187bb74f7cb5ebe0c80cdcf421 - - default default] 10.0.0.12 "GET /v2.0/ports?device_id=95f7919e-fe11-43a6-8f29-3527d310a43d HTTP/1.1" status: 200 len: 210 time: 0.0162179
2026-07-01 02:06:39.361 9 INFO neutron.notifiers.nova [-] Nova event matching ['req-55e0a826-ea29-4cc1-81af-8576613da891'] response: {'name': 'network-changed', 'server_uuid': 'ed6b3592-2ae0-4720-a946-f95ff5d823e0', 'tag': '7ba8f7c0-04c6-493d-8796-f5b24971a824', 'status': 'completed', 'code': 200}
2026-07-01 02:06:39.796 10 INFO neutron.api.wsgi [req-0691fb81-b170-4c4b-8dad-c9af05e944b5 req-f9eff44f-17b6-4337-a6a2-bf6bcc617911 272be7aa7f52426ba836bb5c7f8ac243 031633f7f8934535bdf9e2f6e13c9f0f - - default default] 10.0.0.12 "GET /v2.0/ports?device_id=ed6b3592-2ae0-4720-a946-f95ff5d823e0 HTTP/1.1" status: 200 len: 1172 time: 0.0324781
2026-07-01 02:06:39.834 10 INFO neutron.api.wsgi [req-0691fb81-b170-4c4b-8dad-c9af05e944b5 req-c61a8bfb-83d0-4da4-bc68-2a699fe87957 272be7aa7f52426ba836bb5c7f8ac243 031633f7f8934535bdf9e2f6e13c9f0f - - default default] 10.0.0.12 "GET /v2.0/security-groups?id=46554f64-2dc6-4a66-9e15-0023762afe42&fields=id&fields=name HTTP/1.1" status: 200 len: 312 time: 0.0327506
2026-07-01 02:06:39.905 9 INFO neutron.api.wsgi [req-046c121b-aaa4-47c3-9af1-9a0372cea24b req-f274947e-c34b-43d1-998f-dedaf00b23f6 0746676e60fb4efe8b29012ba137f9ce a001d5f3965e404585f5f6102d39a46b - - d98b857e90864c74adc3bf5bfdf4dc38 d98b857e90864c74adc3bf5bfdf4dc38] 199.204.45.22 "GET /v2.0/ports?tenant_id=031633f7f8934535bdf9e2f6e13c9f0f&device_id=ed6b3592-2ae0-4720-a946-f95ff5d823e0 HTTP/1.1" status: 200 len: 1411 time: 0.0346689
2026-07-01 02:06:39.949 9 INFO neutron.api.wsgi [req-046c121b-aaa4-47c3-9af1-9a0372cea24b req-7e24e304-f3bf-4363-a86c-94971429fbaa 0746676e60fb4efe8b29012ba137f9ce a001d5f3965e404585f5f6102d39a46b - - d98b857e90864c74adc3bf5bfdf4dc38 d98b857e90864c74adc3bf5bfdf4dc38] 199.204.45.22 "GET /v2.0/networks?id=458dd59a-ee0b-4f7f-bf64-4bd795e8e697 HTTP/1.1" status: 200 len: 958 time: 0.0377777
2026-07-01 02:06:39.970 9 INFO neutron.api.wsgi [req-046c121b-aaa4-47c3-9af1-9a0372cea24b req-ff02472d-ab9c-419b-979f-7429cb34ab27 0746676e60fb4efe8b29012ba137f9ce a001d5f3965e404585f5f6102d39a46b - - d98b857e90864c74adc3bf5bfdf4dc38 d98b857e90864c74adc3bf5bfdf4dc38] 199.204.45.22 "GET /v2.0/floatingips?fixed_ip_address=10.100.0.10&port_id=7ba8f7c0-04c6-493d-8796-f5b24971a824 HTTP/1.1" status: 200 len: 217 time: 0.0142343
2026-07-01 02:06:39.999 9 INFO neutron.api.wsgi [req-046c121b-aaa4-47c3-9af1-9a0372cea24b req-624f39dd-d851-461d-81da-501e8d20476d 0746676e60fb4efe8b29012ba137f9ce a001d5f3965e404585f5f6102d39a46b - - d98b857e90864c74adc3bf5bfdf4dc38 d98b857e90864c74adc3bf5bfdf4dc38] 199.204.45.22 "GET /v2.0/subnets?id=0ce0a111-e264-459e-8b3d-33a85634fbeb HTTP/1.1" status: 200 len: 875 time: 0.0232635
2026-07-01 02:06:40.020 9 INFO neutron.api.wsgi [req-046c121b-aaa4-47c3-9af1-9a0372cea24b req-6688e0d5-a092-4e4f-ac3a-b8ede03790ae 0746676e60fb4efe8b29012ba137f9ce a001d5f3965e404585f5f6102d39a46b - - d98b857e90864c74adc3bf5bfdf4dc38 d98b857e90864c74adc3bf5bfdf4dc38] 199.204.45.22 "GET /v2.0/ports?network_id=458dd59a-ee0b-4f7f-bf64-4bd795e8e697&device_owner=network%3Adhcp HTTP/1.1" status: 200 len: 210 time: 0.0149491
2026-07-01 02:06:40.057 9 INFO neutron.api.wsgi [req-046c121b-aaa4-47c3-9af1-9a0372cea24b req-c22cc9a2-6849-4441-9995-d7dcc1518038 0746676e60fb4efe8b29012ba137f9ce a001d5f3965e404585f5f6102d39a46b - - d98b857e90864c74adc3bf5bfdf4dc38 d98b857e90864c74adc3bf5bfdf4dc38] 199.204.45.22 "GET /v2.0/networks/458dd59a-ee0b-4f7f-bf64-4bd795e8e697?fields=segments HTTP/1.1" status: 200 len: 212 time: 0.0324824
2026-07-01 02:06:40.106 9 INFO neutron.api.wsgi [req-046c121b-aaa4-47c3-9af1-9a0372cea24b req-3d12a2cd-9008-47aa-9158-2e3a2ac9da7e 0746676e60fb4efe8b29012ba137f9ce a001d5f3965e404585f5f6102d39a46b - - d98b857e90864c74adc3bf5bfdf4dc38 d98b857e90864c74adc3bf5bfdf4dc38] 199.204.45.22 "GET /v2.0/networks/458dd59a-ee0b-4f7f-bf64-4bd795e8e697?fields=provider%3Aphysical_network&fields=provider%3Anetwork_type HTTP/1.1" status: 200 len: 277 time: 0.0451035
2026-07-01 02:06:40.729 9 INFO neutron.plugins.ml2.drivers.ovn.mech_driver.mech_driver [None req-a383a96c-b573-47ce-8eac-4dd8b7bd23cf - - - - - -] OVN reports status up for port: 7ba8f7c0-04c6-493d-8796-f5b24971a824
2026-07-01 02:06:40.753 9 INFO neutron.plugins.ml2.plugin [None req-a383a96c-b573-47ce-8eac-4dd8b7bd23cf - - - - - -] Attempt 1 to provision port 7ba8f7c0-04c6-493d-8796-f5b24971a824
2026-07-01 02:06:40.931 9 INFO neutron.api.wsgi [req-cc384f30-4891-4728-bd78-77d11b4176c3 req-0edb7358-21e1-4bdc-b09a-de3c3d3d5722 272be7aa7f52426ba836bb5c7f8ac243 031633f7f8934535bdf9e2f6e13c9f0f - - default default] 10.0.0.12 "GET /v2.0/ports?device_id=ed6b3592-2ae0-4720-a946-f95ff5d823e0 HTTP/1.1" status: 200 len: 1174 time: 0.0318546
2026-07-01 02:06:40.984 9 INFO neutron.api.wsgi [req-cc384f30-4891-4728-bd78-77d11b4176c3 req-bb7eb681-1154-4b8a-8d7f-d1b50cb5d167 272be7aa7f52426ba836bb5c7f8ac243 031633f7f8934535bdf9e2f6e13c9f0f - - default default] 10.0.0.12 "GET /v2.0/security-groups?id=46554f64-2dc6-4a66-9e15-0023762afe42&fields=id&fields=name HTTP/1.1" status: 200 len: 312 time: 0.0471885
2026-07-01 02:06:40.985 9 INFO neutron.db.ovn_revision_numbers_db [None req-a383a96c-b573-47ce-8eac-4dd8b7bd23cf - - - - - -] Successfully bumped revision number for resource 7ba8f7c0-04c6-493d-8796-f5b24971a824 (type: ports) to 5
2026-07-01 02:06:41.393 9 INFO neutron.notifiers.nova [-] Nova event matching ['req-e12161e0-5858-49ec-9672-63f35ff4f724'] response: {'server_uuid': 'ed6b3592-2ae0-4720-a946-f95ff5d823e0', 'name': 'network-vif-plugged', 'status': 'completed', 'tag': '7ba8f7c0-04c6-493d-8796-f5b24971a824', 'code': 200}
2026-07-01 02:06:41.393 9 INFO neutron.notifiers.nova [-] Nova event matching ['req-e12161e0-5858-49ec-9672-63f35ff4f724'] response: {'server_uuid': 'ed6b3592-2ae0-4720-a946-f95ff5d823e0', 'name': 'network-vif-plugged', 'status': 'completed', 'tag': '7ba8f7c0-04c6-493d-8796-f5b24971a824', 'code': 200} /var/lib/openstack/lib/python3.12/site-packages/pycadf/identifier.py:71: UserWarning: Invalid uuid: neutron. To ensure interoperability, identifiers should be a valid uuid. warnings.warn(('Invalid uuid: %s. To ensure interoperability, '
2026-07-01 02:06:42.076 9 INFO neutron.api.wsgi [req-1f8feb4b-be99-4f2b-890b-d6695a56541d req-fdeea75c-46a5-46f8-aab7-be5fa6b6bb4a 272be7aa7f52426ba836bb5c7f8ac243 031633f7f8934535bdf9e2f6e13c9f0f - - default default] 10.0.0.12 "GET /v2.0/ports?device_id=ed6b3592-2ae0-4720-a946-f95ff5d823e0 HTTP/1.1" status: 200 len: 1174 time: 0.0305595
2026-07-01 02:06:42.115 9 INFO neutron.api.wsgi [req-1f8feb4b-be99-4f2b-890b-d6695a56541d req-d503bb3e-b0c9-4f19-ae27-eb73fa8d6d2b 272be7aa7f52426ba836bb5c7f8ac243 031633f7f8934535bdf9e2f6e13c9f0f - - default default] 10.0.0.12 "GET /v2.0/security-groups?id=46554f64-2dc6-4a66-9e15-0023762afe42&fields=id&fields=name HTTP/1.1" status: 200 len: 312 time: 0.0336988
2026-07-01 02:06:43.261 10 INFO neutron.api.wsgi [req-489f6cd5-34ef-428f-8b32-d09c78183b5b req-b02b96d1-e74c-445d-a5c5-d6dd636f7ca9 272be7aa7f52426ba836bb5c7f8ac243 031633f7f8934535bdf9e2f6e13c9f0f - - default default] 10.0.0.12 "GET /v2.0/ports?device_id=ed6b3592-2ae0-4720-a946-f95ff5d823e0 HTTP/1.1" status: 200 len: 1174 time: 0.0844460
2026-07-01 02:06:43.298 10 INFO neutron.api.wsgi [req-489f6cd5-34ef-428f-8b32-d09c78183b5b req-5b561d30-2b55-4afc-b099-5fee153dff57 272be7aa7f52426ba836bb5c7f8ac243 031633f7f8934535bdf9e2f6e13c9f0f - - default default] 10.0.0.12 "GET /v2.0/security-groups?id=46554f64-2dc6-4a66-9e15-0023762afe42&fields=id&fields=name HTTP/1.1" status: 200 len: 312 time: 0.0302567
2026-07-01 02:06:43.409 9 INFO neutron.api.wsgi [req-d633d9d3-fb62-4dc3-b7c8-f4bbb9a7a8fa req-b313e5dd-6534-4bac-8bb0-bb6dff258051 272be7aa7f52426ba836bb5c7f8ac243 031633f7f8934535bdf9e2f6e13c9f0f - - default default] 10.0.0.12 "GET /v2.0/ports?device_id=ed6b3592-2ae0-4720-a946-f95ff5d823e0 HTTP/1.1" status: 200 len: 1174 time: 0.0457933
2026-07-01 02:06:43.445 9 INFO neutron.api.wsgi [req-d633d9d3-fb62-4dc3-b7c8-f4bbb9a7a8fa req-1b0046b0-5cf4-4f1b-b273-02ea26ca22dc 272be7aa7f52426ba836bb5c7f8ac243 031633f7f8934535bdf9e2f6e13c9f0f - - default default] 10.0.0.12 "GET /v2.0/security-groups?id=46554f64-2dc6-4a66-9e15-0023762afe42&fields=id&fields=name HTTP/1.1" status: 200 len: 312 time: 0.0315304
2026-07-01 02:06:43.499 9 INFO neutron.api.wsgi [None req-d0fd26b8-310c-44c1-85cc-a87a1e65d81a ccf0f04f07544b9c8e9fa819f99c918f 18a7b38c293e40f4bb04de238093bb65 - - default default] 10.0.0.179 "GET /v2.0/ports?device_id=ed6b3592-2ae0-4720-a946-f95ff5d823e0 HTTP/1.1" status: 200 len: 1408 time: 0.0300469
2026-07-01 02:06:43.510 9 WARNING neutron_lib.context [None req-fb5cc1a4-b45f-440f-b5d4-d07f764254ab 272be7aa7f52426ba836bb5c7f8ac243 031633f7f8934535bdf9e2f6e13c9f0f - - default default] Method 'is_advsvc' is deprecated since 2023.2 release (neutron-lib 3.8.0) and will be removed once support for the old RBAC API policies will be removed from Neutron. Please use method 'is_service_role' instead.
2026-07-01 02:06:43.708 9 WARNING neutron.scheduler.dhcp_agent_scheduler [None req-fb5cc1a4-b45f-440f-b5d4-d07f764254ab 272be7aa7f52426ba836bb5c7f8ac243 031633f7f8934535bdf9e2f6e13c9f0f - - default default] No more DHCP agents
2026-07-01 02:06:43.711 9 WARNING neutron.api.rpc.agentnotifiers.dhcp_rpc_agent_api [None req-fb5cc1a4-b45f-440f-b5d4-d07f764254ab 272be7aa7f52426ba836bb5c7f8ac243 031633f7f8934535bdf9e2f6e13c9f0f - - default default] Unable to schedule network c3a7df79-e9e7-40b4-ac86-3230c57ce204: no agents available; will retry on subsequent port and subnet creation events.
2026-07-01 02:06:44.286 9 INFO neutron.db.ovn_revision_numbers_db [None req-fb5cc1a4-b45f-440f-b5d4-d07f764254ab 272be7aa7f52426ba836bb5c7f8ac243 031633f7f8934535bdf9e2f6e13c9f0f - - default default] Successfully bumped revision number for resource 7ab2b7db-1233-4261-90c9-15e4a02f3397 (type: floatingips) to -1
2026-07-01 02:06:44.414 10 INFO neutron.api.wsgi [None req-57b9f3ff-513e-41b6-b192-68bcde8a831f 6775a505b33246898c557453a6eed607 a6dec8187bb74f7cb5ebe0c80cdcf421 - - default default] 10.0.0.179 "DELETE /v2.0/security-group-rules/e433bd9c-9cfd-486d-80dc-0dcba2936af5 HTTP/1.1" status: 204 len: 168 time: 0.1501617
2026-07-01 02:06:44.422 9 INFO neutron.db.ovn_revision_numbers_db [None req-fb5cc1a4-b45f-440f-b5d4-d07f764254ab 272be7aa7f52426ba836bb5c7f8ac243 031633f7f8934535bdf9e2f6e13c9f0f - - default default] Successfully bumped revision number for resource 7ab2b7db-1233-4261-90c9-15e4a02f3397 (type: floatingips) to 1
2026-07-01 02:06:44.422 9 INFO neutron.db.l3_db [None req-fb5cc1a4-b45f-440f-b5d4-d07f764254ab 272be7aa7f52426ba836bb5c7f8ac243 031633f7f8934535bdf9e2f6e13c9f0f - - default default] Floating IP 7ab2b7db-1233-4261-90c9-15e4a02f3397 associated. External IP: 10.96.250.209, port: 7ba8f7c0-04c6-493d-8796-f5b24971a824.
2026-07-01 02:06:44.423 10 INFO neutron.api.v2.resource [None req-d8c12464-3559-476f-a331-e3da28e39e37 6775a505b33246898c557453a6eed607 a6dec8187bb74f7cb5ebe0c80cdcf421 - - default default] show failed (client error): The resource could not be found.
2026-07-01 02:06:44.424 10 INFO neutron.api.wsgi [None req-d8c12464-3559-476f-a331-e3da28e39e37 6775a505b33246898c557453a6eed607 a6dec8187bb74f7cb5ebe0c80cdcf421 - - default default] 10.0.0.179 "GET /v2.0/security-group-rules/e433bd9c-9cfd-486d-80dc-0dcba2936af5 HTTP/1.1" status: 404 len: 356 time: 0.0073025
