2026-07-01 02:07:06.387 9 INFO neutron.api.wsgi [req-d80ccbab-75b8-4cf0-934b-3d91e4ee1cf7 req-871904d4-1cdd-49be-806c-8db6008ac0cb 0746676e60fb4efe8b29012ba137f9ce a001d5f3965e404585f5f6102d39a46b - - d98b857e90864c74adc3bf5bfdf4dc38 d98b857e90864c74adc3bf5bfdf4dc38] 199.204.45.22 "GET /v2.0/networks/458dd59a-ee0b-4f7f-bf64-4bd795e8e697?fields=segments HTTP/1.1" status: 200 len: 212 time: 0.0368588
2026-07-01 02:07:06.423 10 INFO neutron.api.wsgi [None req-635c6697-fb5f-4fe2-98c2-c02ff56f35ac 65b5b6da392940988e2686b72e5c6895 6dbceaa0eb7e48b49708ab35f13f641d - - default default] 10.0.0.179 "DELETE /v2.0/trunks/4850af58-7c11-4d90-991f-8abeb95799f2 HTTP/1.1" status: 204 len: 168 time: 0.0593977
2026-07-01 02:07:06.428 9 INFO neutron.api.wsgi [req-d80ccbab-75b8-4cf0-934b-3d91e4ee1cf7 req-4732630d-466c-4a83-b9f7-7c2c06b6ec2d 0746676e60fb4efe8b29012ba137f9ce a001d5f3965e404585f5f6102d39a46b - - d98b857e90864c74adc3bf5bfdf4dc38 d98b857e90864c74adc3bf5bfdf4dc38] 199.204.45.22 "GET /v2.0/networks/458dd59a-ee0b-4f7f-bf64-4bd795e8e697?fields=provider%3Aphysical_network&fields=provider%3Anetwork_type HTTP/1.1" status: 200 len: 277 time: 0.0357120
2026-07-01 02:07:06.440 10 INFO neutron.api.wsgi [None req-1bde9640-2950-4517-b3d6-d1626b17b025 65b5b6da392940988e2686b72e5c6895 6dbceaa0eb7e48b49708ab35f13f641d - - default default] 10.0.0.179 "GET /v2.0/trunks/ac7ceadd-5527-4a85-80b0-cb813adda72d HTTP/1.1" status: 200 len: 616 time: 0.0124478
2026-07-01 02:07:06.507 10 INFO neutron.api.wsgi [None req-0cd6149e-09ec-4fae-873f-fe2603070a8e 65b5b6da392940988e2686b72e5c6895 6dbceaa0eb7e48b49708ab35f13f641d - - default default] 10.0.0.179 "GET /v2.0/ports/c3b80465-bd88-4279-9954-6cc6ca5a3737 HTTP/1.1" status: 200 len: 1020 time: 0.0626833
2026-07-01 02:07:06.588 10 INFO neutron.api.wsgi [None req-26119668-dd6c-4278-94c2-43dd065d5659 65b5b6da392940988e2686b72e5c6895 6dbceaa0eb7e48b49708ab35f13f641d - - default default] 10.0.0.179 "DELETE /v2.0/trunks/ac7ceadd-5527-4a85-80b0-cb813adda72d HTTP/1.1" status: 204 len: 168 time: 0.0749609
2026-07-01 02:07:06.606 10 INFO neutron.api.wsgi [None req-a3b948b4-5a6b-4530-ab4d-eec5ff4960ed 65b5b6da392940988e2686b72e5c6895 6dbceaa0eb7e48b49708ab35f13f641d - - default default] 10.0.0.179 "GET /v2.0/trunks/15f6d18b-e7dd-44aa-be21-704a926c03f4 HTTP/1.1" status: 200 len: 625 time: 0.0129209
2026-07-01 02:07:06.685 10 INFO neutron.api.wsgi [None req-742acea4-d4d6-4052-94ed-6bde4073be09 65b5b6da392940988e2686b72e5c6895 6dbceaa0eb7e48b49708ab35f13f641d - - default default] 10.0.0.179 "GET /v2.0/ports/67f3a192-136b-46cd-851f-844cc9f4b436 HTTP/1.1" status: 200 len: 1020 time: 0.0742333
2026-07-01 02:07:06.775 9 INFO neutron.api.wsgi [-] 10.0.0.183 "GET / HTTP/1.1" status: 200 len: 245 time: 0.0012898
2026-07-01 02:07:06.777 10 INFO neutron.api.wsgi [-] 10.0.0.183 "GET / HTTP/1.1" status: 200 len: 245 time: 0.0026836
2026-07-01 02:07:06.782 9 INFO neutron.api.wsgi [None req-0993e5a4-0272-4985-87d3-876c0ddd38ad 65b5b6da392940988e2686b72e5c6895 6dbceaa0eb7e48b49708ab35f13f641d - - default default] 10.0.0.179 "DELETE /v2.0/trunks/15f6d18b-e7dd-44aa-be21-704a926c03f4 HTTP/1.1" status: 204 len: 168 time: 0.0924203
2026-07-01 02:07:06.797 9 INFO neutron.api.wsgi [None req-978f3e51-f49d-484c-9153-48f6783ea9f7 65b5b6da392940988e2686b72e5c6895 6dbceaa0eb7e48b49708ab35f13f641d - - default default] 10.0.0.179 "GET /v2.0/trunks/c2427bb7-197a-40c8-a8af-14367f478a14 HTTP/1.1" status: 200 len: 610 time: 0.0100596
2026-07-01 02:07:06.854 9 INFO neutron.api.wsgi [None req-854ba4c1-f4d6-4a36-b7d5-6357f4f8f7bb 65b5b6da392940988e2686b72e5c6895 6dbceaa0eb7e48b49708ab35f13f641d - - default default] 10.0.0.179 "GET /v2.0/ports/1c87278e-6941-461f-b238-78c9fcc5fd04 HTTP/1.1" status: 200 len: 1020 time: 0.0519941
2026-07-01 02:07:06.908 9 INFO neutron.api.wsgi [None req-d22ef911-3bff-4c77-a0df-85ae95901ce2 65b5b6da392940988e2686b72e5c6895 6dbceaa0eb7e48b49708ab35f13f641d - - default default] 10.0.0.179 "DELETE /v2.0/trunks/c2427bb7-197a-40c8-a8af-14367f478a14 HTTP/1.1" status: 204 len: 168 time: 0.0497012
2026-07-01 02:07:06.925 9 INFO neutron.api.wsgi [None req-23d9691c-b12e-4237-b558-7ebf69a1d43d 65b5b6da392940988e2686b72e5c6895 6dbceaa0eb7e48b49708ab35f13f641d - - default default] 10.0.0.179 "GET /v2.0/trunks/a16ed9c3-cd69-43c5-be5f-e9e672b28299 HTTP/1.1" status: 200 len: 603 time: 0.0129223
2026-07-01 02:07:06.967 9 INFO neutron.api.wsgi [req-91784cd4-4038-49bd-aae2-8ae551ed4acd req-271a3a97-42fa-436e-8656-e6903270e9c5 272be7aa7f52426ba836bb5c7f8ac243 031633f7f8934535bdf9e2f6e13c9f0f - - default default] 10.0.0.12 "GET /v2.0/ports?device_id=d282c8c6-cab0-4720-a237-c87dd5005751 HTTP/1.1" status: 200 len: 1168 time: 0.0317922
2026-07-01 02:07:07.005 9 INFO neutron.api.wsgi [None req-3acdef51-c793-446c-87c1-6e21eda202d0 65b5b6da392940988e2686b72e5c6895 6dbceaa0eb7e48b49708ab35f13f641d - - default default] 10.0.0.179 "GET /v2.0/ports/126cb14c-d003-4a99-8488-68b8a747961a HTTP/1.1" status: 200 len: 1020 time: 0.0761333
2026-07-01 02:07:07.014 9 INFO neutron.api.wsgi [req-91784cd4-4038-49bd-aae2-8ae551ed4acd req-c18c7bb5-49ba-4261-9f0d-ab0d2843b863 272be7aa7f52426ba836bb5c7f8ac243 031633f7f8934535bdf9e2f6e13c9f0f - - default default] 10.0.0.12 "GET /v2.0/security-groups?id=2253deab-6a88-4b01-b766-13578ee31e43&fields=id&fields=name HTTP/1.1" status: 200 len: 312 time: 0.0408137
2026-07-01 02:07:07.337 10 INFO neutron.api.wsgi [None req-f7312c37-40d2-4f38-8099-439efe3c4093 65b5b6da392940988e2686b72e5c6895 6dbceaa0eb7e48b49708ab35f13f641d - - default default] 10.0.0.179 "DELETE /v2.0/trunks/a16ed9c3-cd69-43c5-be5f-e9e672b28299 HTTP/1.1" status: 204 len: 168 time: 0.3268390
2026-07-01 02:07:07.531 10 INFO neutron.api.wsgi [None req-7a3638be-bdf4-4818-b3c2-b6507d406c62 65b5b6da392940988e2686b72e5c6895 6dbceaa0eb7e48b49708ab35f13f641d - - default default] 10.0.0.179 "DELETE /v2.0/ports/c3239bc7-2000-4039-bd9f-0c43dbc21e79 HTTP/1.1" status: 204 len: 168 time: 0.1888688
2026-07-01 02:07:07.751 10 INFO neutron.api.wsgi [None req-a9f5b0a6-bdfb-4b8d-9e2f-0c7b606ffb38 65b5b6da392940988e2686b72e5c6895 6dbceaa0eb7e48b49708ab35f13f641d - - default default] 10.0.0.179 "DELETE /v2.0/ports/c3b80465-bd88-4279-9954-6cc6ca5a3737 HTTP/1.1" status: 204 len: 168 time: 0.2159760
2026-07-01 02:07:07.963 10 INFO neutron.api.wsgi [None req-578e19cf-448b-4183-9500-e405c203a55e 65b5b6da392940988e2686b72e5c6895 6dbceaa0eb7e48b49708ab35f13f641d - - default default] 10.0.0.179 "DELETE /v2.0/ports/67f3a192-136b-46cd-851f-844cc9f4b436 HTTP/1.1" status: 204 len: 168 time: 0.2066753
2026-07-01 02:07:08.112 10 INFO neutron.api.wsgi [req-755d4b5e-8221-4481-a967-be79b465861a req-0c3224ed-ebd2-4b39-9a38-5d5d88d606a0 272be7aa7f52426ba836bb5c7f8ac243 031633f7f8934535bdf9e2f6e13c9f0f - - default default] 10.0.0.12 "GET /v2.0/ports?device_id=d282c8c6-cab0-4720-a237-c87dd5005751 HTTP/1.1" status: 200 len: 1168 time: 0.0357232
2026-07-01 02:07:08.178 10 INFO neutron.api.wsgi [req-755d4b5e-8221-4481-a967-be79b465861a req-437ebb59-e46a-49f6-8106-c6cf6c1c84bf 272be7aa7f52426ba836bb5c7f8ac243 031633f7f8934535bdf9e2f6e13c9f0f - - default default] 10.0.0.12 "GET /v2.0/security-groups?id=2253deab-6a88-4b01-b766-13578ee31e43&fields=id&fields=name HTTP/1.1" status: 200 len: 312 time: 0.0598907
2026-07-01 02:07:08.213 9 INFO neutron.api.wsgi [None req-be4027f9-1b2b-4853-bac8-3e9932449f65 65b5b6da392940988e2686b72e5c6895 6dbceaa0eb7e48b49708ab35f13f641d - - default default] 10.0.0.179 "DELETE /v2.0/ports/1c87278e-6941-461f-b238-78c9fcc5fd04 HTTP/1.1" status: 204 len: 168 time: 0.2437418
2026-07-01 02:07:08.396 9 INFO neutron.api.wsgi [None req-225de107-f3cf-4c3e-a3fc-f6c2e63f5421 65b5b6da392940988e2686b72e5c6895 6dbceaa0eb7e48b49708ab35f13f641d - - default default] 10.0.0.179 "DELETE /v2.0/ports/126cb14c-d003-4a99-8488-68b8a747961a HTTP/1.1" status: 204 len: 168 time: 0.1785433
2026-07-01 02:07:08.556 10 INFO neutron.plugins.ml2.drivers.ovn.mech_driver.mech_driver [None req-6e8a77d0-afdb-402e-ad55-05762f8ac0ae - - - - - -] OVN reports status up for port: 98f22099-5f0e-41ac-877c-4f8909fb32cd
2026-07-01 02:07:08.570 10 INFO neutron.plugins.ml2.plugin [None req-6e8a77d0-afdb-402e-ad55-05762f8ac0ae - - - - - -] Attempt 1 to provision port 98f22099-5f0e-41ac-877c-4f8909fb32cd
2026-07-01 02:07:08.680 10 INFO neutron.notifiers.nova [-] Nova event matching ['req-9a589bbe-4302-4cd3-868d-a1d2924289d3'] response: {'server_uuid': 'd282c8c6-cab0-4720-a237-c87dd5005751', 'name': 'network-vif-plugged', 'status': 'completed', 'tag': '98f22099-5f0e-41ac-877c-4f8909fb32cd', 'code': 200}
2026-07-01 02:07:08.701 9 INFO neutron.services.segments.plugin [-] Segment 4dad22a4-9d11-4a0c-8334-ec5905890d58 resource provider aggregate not found
2026-07-01 02:07:08.706 9 INFO neutron.services.segments.plugin [-] Segment 4dad22a4-9d11-4a0c-8334-ec5905890d58 resource provider aggregate not found
2026-07-01 02:07:08.720 9 INFO neutron.services.segments.plugin [-] Segment 4dad22a4-9d11-4a0c-8334-ec5905890d58 resource provider not found; error: Placement Client Error (4xx): {"errors": [{"status": 404, "title": "Not Found", "detail": "The resource could not be found.\n\n No resource provider with uuid 4dad22a4-9d11-4a0c-8334-ec5905890d58 found for delete ", "request_id": "req-29248aee-1ead-4055-b148-859b4b166d90"}]}
2026-07-01 02:07:08.721 9 INFO neutron.services.segments.plugin [-] Segment 4dad22a4-9d11-4a0c-8334-ec5905890d58 resource provider not found; error: Placement Client Error (4xx): {"errors": [{"status": 404, "title": "Not Found", "detail": "The resource could not be found.\n\n No resource provider with uuid 4dad22a4-9d11-4a0c-8334-ec5905890d58 found for delete ", "request_id": "req-200c7cec-2c0e-4f8e-bd8c-eb58fc7c92a7"}]}
2026-07-01 02:07:08.750 9 INFO neutron.api.wsgi [None req-95ea5051-fe2b-47d2-95f0-dd3b9a4fd23d 65b5b6da392940988e2686b72e5c6895 6dbceaa0eb7e48b49708ab35f13f641d - - default default] 10.0.0.179 "DELETE /v2.0/networks/ccdb6c7a-a11c-4226-93a3-2b6e8e53c98e HTTP/1.1" status: 204 len: 168 time: 0.3467109
2026-07-01 02:07:08.780 10 INFO neutron.db.ovn_revision_numbers_db [None req-6e8a77d0-afdb-402e-ad55-05762f8ac0ae - - - - - -] Successfully bumped revision number for resource 98f22099-5f0e-41ac-877c-4f8909fb32cd (type: ports) to 5
2026-07-01 02:07:09.031 10 INFO neutron.services.segments.plugin [-] Segment cb15fbc4-92d7-4904-9647-bb206506f117 resource provider aggregate not found
2026-07-01 02:07:09.042 10 INFO neutron.services.segments.plugin [-] Segment cb15fbc4-92d7-4904-9647-bb206506f117 resource provider aggregate not found
2026-07-01 02:07:09.049 10 INFO neutron.services.segments.plugin [-] Segment cb15fbc4-92d7-4904-9647-bb206506f117 resource provider not found; error: Placement Client Error (4xx): {"errors": [{"status": 404, "title": "Not Found", "detail": "The resource could not be found.\n\n No resource provider with uuid cb15fbc4-92d7-4904-9647-bb206506f117 found for delete ", "request_id": "req-280a899f-7cb9-484c-9af9-9f146c8d7f13"}]}
2026-07-01 02:07:09.054 10 INFO neutron.services.segments.plugin [-] Segment cb15fbc4-92d7-4904-9647-bb206506f117 resource provider not found; error: Placement Client Error (4xx): {"errors": [{"status": 404, "title": "Not Found", "detail": "The resource could not be found.\n\n No resource provider with uuid cb15fbc4-92d7-4904-9647-bb206506f117 found for delete ", "request_id": "req-658ef4cb-f0fd-4974-8c50-454b769d11a4"}]}
2026-07-01 02:07:09.060 10 INFO neutron.api.wsgi [None req-f6a3b02a-5b4c-4339-ae31-98a13203a24c 65b5b6da392940988e2686b72e5c6895 6dbceaa0eb7e48b49708ab35f13f641d - - default default] 10.0.0.179 "DELETE /v2.0/networks/f5a8e83c-4138-4ece-908f-a30ef48c35a8 HTTP/1.1" status: 204 len: 168 time: 0.3062892 /var/lib/openstack/lib/python3.12/site-packages/pycadf/identifier.py:71: UserWarning: Invalid uuid: neutron. To ensure interoperability, identifiers should be a valid uuid. warnings.warn(('Invalid uuid: %s. To ensure interoperability, '
2026-07-01 02:07:09.270 10 INFO neutron.api.wsgi [req-1d2d2584-51eb-4b12-a250-bb8269a2157b req-638dc6f5-b018-495e-858d-df81eb3f16f7 272be7aa7f52426ba836bb5c7f8ac243 031633f7f8934535bdf9e2f6e13c9f0f - - default default] 10.0.0.12 "GET /v2.0/ports?device_id=d282c8c6-cab0-4720-a237-c87dd5005751 HTTP/1.1" status: 200 len: 1170 time: 0.0343492
2026-07-01 02:07:09.310 10 INFO neutron.api.wsgi [req-1d2d2584-51eb-4b12-a250-bb8269a2157b req-922b4489-b047-42fb-8f4d-1033746b443f 272be7aa7f52426ba836bb5c7f8ac243 031633f7f8934535bdf9e2f6e13c9f0f - - default default] 10.0.0.12 "GET /v2.0/security-groups?id=2253deab-6a88-4b01-b766-13578ee31e43&fields=id&fields=name HTTP/1.1" status: 200 len: 312 time: 0.0327201
2026-07-01 02:07:09.372 10 INFO neutron.api.wsgi [None req-3e507ec7-3e53-4b92-89c9-bf4051423f93 65b5b6da392940988e2686b72e5c6895 6dbceaa0eb7e48b49708ab35f13f641d - - default default] 10.0.0.179 "DELETE /v2.0/networks/3f250443-bc1b-4d7b-a5b7-9dccb8656bcf HTTP/1.1" status: 204 len: 168 time: 0.3007770
2026-07-01 02:07:09.667 10 INFO neutron.api.wsgi [None req-0ffdfa5e-9040-4a91-aec3-df45cd734a28 65b5b6da392940988e2686b72e5c6895 6dbceaa0eb7e48b49708ab35f13f641d - - default default] 10.0.0.179 "DELETE /v2.0/networks/db0b7190-f80b-4e24-ba4d-f819badfc6c1 HTTP/1.1" status: 204 len: 168 time: 0.2895229
2026-07-01 02:07:10.010 9 INFO neutron.api.wsgi [None req-ef62a270-3305-4799-b670-7412fd466d8f 65b5b6da392940988e2686b72e5c6895 6dbceaa0eb7e48b49708ab35f13f641d - - default default] 10.0.0.179 "DELETE /v2.0/networks/356ae4c1-f710-46d3-8ce8-a14fc41af10a HTTP/1.1" status: 204 len: 168 time: 0.3351300
2026-07-01 02:07:10.470 9 INFO neutron.api.wsgi [req-714ac6df-0281-4c16-b6b7-71daa5488ba2 req-ed7ae91f-b9cb-45e9-bd0c-1c8ed7f202c0 272be7aa7f52426ba836bb5c7f8ac243 031633f7f8934535bdf9e2f6e13c9f0f - - default default] 10.0.0.12 "GET /v2.0/ports?device_id=d282c8c6-cab0-4720-a237-c87dd5005751 HTTP/1.1" status: 200 len: 1170 time: 0.0918410
2026-07-01 02:07:10.514 9 INFO neutron.api.wsgi [req-714ac6df-0281-4c16-b6b7-71daa5488ba2 req-b918503f-af44-468a-9dbc-b9e9760fa2a8 272be7aa7f52426ba836bb5c7f8ac243 031633f7f8934535bdf9e2f6e13c9f0f - - default default] 10.0.0.12 "GET /v2.0/security-groups?id=2253deab-6a88-4b01-b766-13578ee31e43&fields=id&fields=name HTTP/1.1" status: 200 len: 312 time: 0.0366397
2026-07-01 02:07:10.740 10 INFO neutron.notifiers.nova [-] Nova event matching ['req-f1a379d9-b9be-4fb8-bd68-54f4cae946bc'] response: {'server_uuid': 'd282c8c6-cab0-4720-a237-c87dd5005751', 'name': 'network-vif-plugged', 'status': 'completed', 'tag': '98f22099-5f0e-41ac-877c-4f8909fb32cd', 'code': 200}
2026-07-01 02:07:10.751 9 INFO neutron.services.segments.plugin [-] Segment 2058dd85-0c5b-4e45-9db6-bddbb8415a8d resource provider aggregate not found
2026-07-01 02:07:10.760 9 INFO neutron.services.segments.plugin [-] Segment 2058dd85-0c5b-4e45-9db6-bddbb8415a8d resource provider aggregate not found
2026-07-01 02:07:10.775 9 INFO neutron.services.segments.plugin [-] Segment 2058dd85-0c5b-4e45-9db6-bddbb8415a8d resource provider not found; error: Placement Client Error (4xx): {"errors": [{"status": 404, "title": "Not Found", "detail": "The resource could not be found.\n\n No resource provider with uuid 2058dd85-0c5b-4e45-9db6-bddbb8415a8d found for delete ", "request_id": "req-f2a9cb22-6a76-4885-9211-4c882355b193"}]}
2026-07-01 02:07:10.779 9 INFO neutron.services.segments.plugin [-] Segment 2058dd85-0c5b-4e45-9db6-bddbb8415a8d resource provider not found; error: Placement Client Error (4xx): {"errors": [{"status": 404, "title": "Not Found", "detail": "The resource could not be found.\n\n No resource provider with uuid 2058dd85-0c5b-4e45-9db6-bddbb8415a8d found for delete ", "request_id": "req-60a05b1d-ed15-4e96-b9c8-9ce8f0aa5e4a"}]}
2026-07-01 02:07:11.016 10 INFO neutron.db.ovn_revision_numbers_db [None req-4e9258be-e859-4217-9183-d468dbe25aa5 a33a965b76fc462d9b652971c6641128 93ce8b2fcfc948b3b1b917365da7aa0c - - default default] Successfully bumped revision number for resource 93fc8cc7-243b-4475-997e-e55d7134be80 (type: security_groups) to 1
2026-07-01 02:07:11.032 10 INFO neutron.db.ovn_revision_numbers_db [None req-4e9258be-e859-4217-9183-d468dbe25aa5 a33a965b76fc462d9b652971c6641128 93ce8b2fcfc948b3b1b917365da7aa0c - - default default] Successfully bumped revision number for resource 4325fe63-39aa-4165-b031-6437f9d459be (type: security_group_rules) to 0
2026-07-01 02:07:11.049 10 INFO neutron.db.ovn_revision_numbers_db [None req-4e9258be-e859-4217-9183-d468dbe25aa5 a33a965b76fc462d9b652971c6641128 93ce8b2fcfc948b3b1b917365da7aa0c - - default default] Successfully bumped revision number for resource 6b8929d4-bb08-441a-8827-b2f5c98903ed (type: security_group_rules) to 0
2026-07-01 02:07:11.070 10 INFO neutron.db.ovn_revision_numbers_db [None req-4e9258be-e859-4217-9183-d468dbe25aa5 a33a965b76fc462d9b652971c6641128 93ce8b2fcfc948b3b1b917365da7aa0c - - default default] Successfully bumped revision number for resource 75faf394-d403-423e-8269-c456beb8044e (type: security_group_rules) to 0
2026-07-01 02:07:11.073 10 INFO neutron.services.segments.plugin [-] Segment 68743d70-31fc-435d-a609-008622cfe3eb resource provider aggregate not found
2026-07-01 02:07:11.077 10 INFO neutron.services.segments.plugin [-] Segment 68743d70-31fc-435d-a609-008622cfe3eb resource provider aggregate not found
2026-07-01 02:07:11.089 10 INFO neutron.services.segments.plugin [-] Segment 68743d70-31fc-435d-a609-008622cfe3eb resource provider not found; error: Placement Client Error (4xx): {"errors": [{"status": 404, "title": "Not Found", "detail": "The resource could not be found.\n\n No resource provider with uuid 68743d70-31fc-435d-a609-008622cfe3eb found for delete ", "request_id": "req-f2fa6da5-d761-4c0b-afb6-77c0f6e6f0f9"}]}
2026-07-01 02:07:11.093 10 INFO neutron.services.segments.plugin [-] Segment 68743d70-31fc-435d-a609-008622cfe3eb resource provider not found; error: Placement Client Error (4xx): {"errors": [{"status": 404, "title": "Not Found", "detail": "The resource could not be found.\n\n No resource provider with uuid 68743d70-31fc-435d-a609-008622cfe3eb found for delete ", "request_id": "req-7a5d5e48-f616-4110-88b5-ba27caf639dc"}]}
2026-07-01 02:07:11.097 10 INFO neutron.db.ovn_revision_numbers_db [None req-4e9258be-e859-4217-9183-d468dbe25aa5 a33a965b76fc462d9b652971c6641128 93ce8b2fcfc948b3b1b917365da7aa0c - - default default] Successfully bumped revision number for resource 8687e676-c8c8-4adb-a66a-82aac26c364f (type: security_group_rules) to 0
2026-07-01 02:07:11.109 10 INFO neutron.services.segments.plugin [-] Segment 9b8d7401-14ff-4976-ab41-0393a5d90083 resource provider aggregate not found
2026-07-01 02:07:11.112 10 INFO neutron.services.segments.plugin [-] Segment 9b8d7401-14ff-4976-ab41-0393a5d90083 resource provider aggregate not found
2026-07-01 02:07:11.123 10 INFO neutron.services.segments.plugin [-] Segment 9b8d7401-14ff-4976-ab41-0393a5d90083 resource provider not found; error: Placement Client Error (4xx): {"errors": [{"status": 404, "title": "Not Found", "detail": "The resource could not be found.\n\n No resource provider with uuid 9b8d7401-14ff-4976-ab41-0393a5d90083 found for delete ", "request_id": "req-5ca0aa48-337f-474a-ba92-bd58085f98ff"}]}
2026-07-01 02:07:11.126 10 INFO neutron.services.segments.plugin [-] Segment 9b8d7401-14ff-4976-ab41-0393a5d90083 resource provider not found; error: Placement Client Error (4xx): {"errors": [{"status": 404, "title": "Not Found", "detail": "The resource could not be found.\n\n No resource provider with uuid 9b8d7401-14ff-4976-ab41-0393a5d90083 found for delete ", "request_id": "req-a77b8377-9c6d-40c9-b103-68bffae416cd"}]}
2026-07-01 02:07:11.165 10 INFO neutron.api.wsgi [None req-4e9258be-e859-4217-9183-d468dbe25aa5 a33a965b76fc462d9b652971c6641128 93ce8b2fcfc948b3b1b917365da7aa0c - - default default] 10.0.0.179 "GET /v2.0/security-groups?tenant_id=165a2d420d0e45998718c39abca400f9&name=default HTTP/1.1" status: 200 len: 3124 time: 0.3471596
2026-07-01 02:07:11.360 9 INFO neutron.api.wsgi [None req-03e38ab2-8e87-4644-a0a0-38682fb5aa0d a33a965b76fc462d9b652971c6641128 93ce8b2fcfc948b3b1b917365da7aa0c - - default default] 10.0.0.105 "GET /v2.0/subnets HTTP/1.1" status: 200 len: 2147 time: 0.0702882
2026-07-01 02:07:11.380 10 INFO neutron.api.wsgi [None req-5cf7784d-2e33-4ee8-9f90-de9f6ff97b89 a33a965b76fc462d9b652971c6641128 93ce8b2fcfc948b3b1b917365da7aa0c - - default default] 10.0.0.179 "DELETE /v2.0/security-groups/93fc8cc7-243b-4475-997e-e55d7134be80 HTTP/1.1" status: 204 len: 168 time: 0.2107613
2026-07-01 02:07:11.404 9 INFO neutron.api.wsgi [None req-45dbdeb2-35de-43f9-a7dd-0081f77be964 a33a965b76fc462d9b652971c6641128 93ce8b2fcfc948b3b1b917365da7aa0c - - default default] 10.0.0.105 "GET /v2.0/security-groups HTTP/1.1" status: 200 len: 34090 time: 0.0426331
2026-07-01 02:07:11.482 9 INFO neutron.api.wsgi [None req-5ab791ea-39e0-4fec-94c2-b047f20fc815 a33a965b76fc462d9b652971c6641128 93ce8b2fcfc948b3b1b917365da7aa0c - - default default] 10.0.0.105 "GET /v2.0/ports HTTP/1.1" status: 200 len: 11971 time: 0.0683351
2026-07-01 02:07:11.553 9 INFO neutron.api.wsgi [None req-e71d8c59-1f6f-4414-a01c-ddd6a19e9de2 a33a965b76fc462d9b652971c6641128 93ce8b2fcfc948b3b1b917365da7aa0c - - default default] 10.0.0.105 "GET /v2.0/routers HTTP/1.1" status: 200 len: 1151 time: 0.0617368
2026-07-01 02:07:11.564 9 INFO neutron.api.wsgi [None req-ba04363a-16ad-4313-85ec-65685e6e81c0 a33a965b76fc462d9b652971c6641128 93ce8b2fcfc948b3b1b917365da7aa0c - - default default] 10.0.0.105 "GET /v2.0/agents?binary=ovn-controller HTTP/1.1" status: 200 len: 591 time: 0.0098617
2026-07-01 02:07:11.594 10 INFO neutron.db.ovn_revision_numbers_db [None req-b9ba1ec6-0117-4cee-939c-0886adf3081f a33a965b76fc462d9b652971c6641128 93ce8b2fcfc948b3b1b917365da7aa0c - - default default] Successfully bumped revision number for resource 40dd007c-35d1-4783-a6d3-fce69f0ac303 (type: security_groups) to 1
2026-07-01 02:07:11.608 10 INFO neutron.db.ovn_revision_numbers_db [None req-b9ba1ec6-0117-4cee-939c-0886adf3081f a33a965b76fc462d9b652971c6641128 93ce8b2fcfc948b3b1b917365da7aa0c - - default default] Successfully bumped revision number for resource 96b02e6a-588c-49fc-970d-48f24e9f9601 (type: security_group_rules) to 0
2026-07-01 02:07:11.610 9 INFO neutron.api.wsgi [req-717137fe-76bd-4f64-b0a4-b85424640fd3 req-e2db7344-abf1-496d-9fa0-b22c63361edb 272be7aa7f52426ba836bb5c7f8ac243 031633f7f8934535bdf9e2f6e13c9f0f - - default default] 10.0.0.12 "GET /v2.0/ports?device_id=d282c8c6-cab0-4720-a237-c87dd5005751 HTTP/1.1" status: 200 len: 1170 time: 0.0397043
2026-07-01 02:07:11.621 10 INFO neutron.db.ovn_revision_numbers_db [None req-b9ba1ec6-0117-4cee-939c-0886adf3081f a33a965b76fc462d9b652971c6641128 93ce8b2fcfc948b3b1b917365da7aa0c - - default default] Successfully bumped revision number for resource bb8a9307-978b-43b5-a37f-842b4eb07bfc (type: security_group_rules) to 0
2026-07-01 02:07:11.621 9 INFO neutron.api.wsgi [None req-8c9fe0b6-8f22-4fde-810c-b1b9f824fdc3 a33a965b76fc462d9b652971c6641128 93ce8b2fcfc948b3b1b917365da7aa0c - - default default] 10.0.0.105 "GET /v2.0/networks HTTP/1.1" status: 200 len: 3095 time: 0.0553966
2026-07-01 02:07:11.641 10 INFO neutron.db.ovn_revision_numbers_db [None req-b9ba1ec6-0117-4cee-939c-0886adf3081f a33a965b76fc462d9b652971c6641128 93ce8b2fcfc948b3b1b917365da7aa0c - - default default] Successfully bumped revision number for resource c5a7901d-82f8-4d30-a27b-8a39f74b874e (type: security_group_rules) to 0
2026-07-01 02:07:11.656 10 INFO neutron.db.ovn_revision_numbers_db [None req-b9ba1ec6-0117-4cee-939c-0886adf3081f a33a965b76fc462d9b652971c6641128 93ce8b2fcfc948b3b1b917365da7aa0c - - default default] Successfully bumped revision number for resource f6a31a04-6707-4d33-96b9-6bc74c4e9208 (type: security_group_rules) to 0
2026-07-01 02:07:11.673 9 INFO neutron.api.wsgi [None req-0634ca37-f316-4a19-aaa0-7503eabfd8f1 a33a965b76fc462d9b652971c6641128 93ce8b2fcfc948b3b1b917365da7aa0c - - default default] 10.0.0.105 "GET /v2.0/subnets HTTP/1.1" status: 200 len: 2147 time: 0.0338910
2026-07-01 02:07:11.676 9 INFO neutron.api.wsgi [req-717137fe-76bd-4f64-b0a4-b85424640fd3 req-90ac364f-2d2a-4e9e-9124-81ea0f0a5a38 272be7aa7f52426ba836bb5c7f8ac243 031633f7f8934535bdf9e2f6e13c9f0f - - default default] 10.0.0.12 "GET /v2.0/security-groups?id=2253deab-6a88-4b01-b766-13578ee31e43&fields=id&fields=name HTTP/1.1" status: 200 len: 312 time: 0.0618002
2026-07-01 02:07:11.684 9 INFO neutron.api.wsgi [None req-6598ac6e-28c1-46e8-aff5-585e42b370bf a33a965b76fc462d9b652971c6641128 93ce8b2fcfc948b3b1b917365da7aa0c - - default default] 10.0.0.105 "GET /v2.0/subnetpools HTTP/1.1" status: 200 len: 193 time: 0.0098550
2026-07-01 02:07:11.693 10 INFO neutron.api.wsgi [None req-b9ba1ec6-0117-4cee-939c-0886adf3081f a33a965b76fc462d9b652971c6641128 93ce8b2fcfc948b3b1b917365da7aa0c - - default default] 10.0.0.179 "GET /v2.0/security-groups?tenant_id=f4b3f8041bcb447e9bfe97e3e08ee4e4&name=default HTTP/1.1" status: 200 len: 3124 time: 0.2017679
2026-07-01 02:07:11.711 9 INFO neutron.api.wsgi [None req-02fa8ab4-2211-44c2-b91b-e0e949d194bc a33a965b76fc462d9b652971c6641128 93ce8b2fcfc948b3b1b917365da7aa0c - - default default] 10.0.0.105 "GET /v2.0/floatingips HTTP/1.1" status: 200 len: 730 time: 0.0264459
2026-07-01 02:07:11.728 9 INFO neutron.api.wsgi [None req-2ab6ae89-8322-4ec6-90cd-6c67485f4202 a33a965b76fc462d9b652971c6641128 93ce8b2fcfc948b3b1b917365da7aa0c - - default default] 10.0.0.105 "GET /v2.0/agents HTTP/1.1" status: 200 len: 1390 time: 0.0150819
2026-07-01 02:07:11.743 9 INFO neutron.api.wsgi [None req-479acd42-e104-4e93-9c25-6ae1719bb884 a33a965b76fc462d9b652971c6641128 93ce8b2fcfc948b3b1b917365da7aa0c - - default default] 10.0.0.105 "GET /v2.0/network-ip-availabilities HTTP/1.1" status: 200 len: 1724 time: 0.0111043
2026-07-01 02:07:11.834 10 INFO neutron.api.wsgi [req-c569f86c-cda5-4c89-b0d0-19b873953bd0 req-231a3994-d973-4a47-bd08-11b6bb916ff2 272be7aa7f52426ba836bb5c7f8ac243 031633f7f8934535bdf9e2f6e13c9f0f - - default default] 10.0.0.12 "GET /v2.0/ports?device_id=d282c8c6-cab0-4720-a237-c87dd5005751 HTTP/1.1" status: 200 len: 1170 time: 0.0908291
2026-07-01 02:07:11.881 10 INFO neutron.api.wsgi [req-c569f86c-cda5-4c89-b0d0-19b873953bd0 req-55da34f2-8578-41b2-a2ae-8a73ce2b604e 272be7aa7f52426ba836bb5c7f8ac243 031633f7f8934535bdf9e2f6e13c9f0f - - default default] 10.0.0.12 "GET /v2.0/security-groups?id=2253deab-6a88-4b01-b766-13578ee31e43&fields=id&fields=name HTTP/1.1" status: 200 len: 312 time: 0.0389440
2026-07-01 02:07:11.964 9 INFO neutron.api.wsgi [None req-1efb18cd-c2fe-44d4-ae2a-f81e3c149dea ccf0f04f07544b9c8e9fa819f99c918f 18a7b38c293e40f4bb04de238093bb65 - - default default] 10.0.0.179 "GET /v2.0/ports?device_id=d282c8c6-cab0-4720-a237-c87dd5005751 HTTP/1.1" status: 200 len: 1404 time: 0.0376103
2026-07-01 02:07:11.970 10 INFO neutron.api.wsgi [None req-6248f9a7-bc2d-4c1b-99cb-ba8390971287 a33a965b76fc462d9b652971c6641128 93ce8b2fcfc948b3b1b917365da7aa0c - - default default] 10.0.0.179 "DELETE /v2.0/security-groups/40dd007c-35d1-4783-a6d3-fce69f0ac303 HTTP/1.1" status: 204 len: 168 time: 0.2694025
2026-07-01 02:07:12.115 9 INFO neutron.api.wsgi [None req-f56b75db-b418-4094-9788-014f67d2af50 a33a965b76fc462d9b652971c6641128 93ce8b2fcfc948b3b1b917365da7aa0c - - default default] 10.0.0.179 "GET /v2.0/security-groups?tenant_id=6dbceaa0eb7e48b49708ab35f13f641d&name=default HTTP/1.1" status: 200 len: 3124 time: 0.0355110
2026-07-01 02:07:12.365 10 INFO neutron.api.wsgi [None req-4fcf8417-abde-495c-8ed2-9b2325a16829 a33a965b76fc462d9b652971c6641128 93ce8b2fcfc948b3b1b917365da7aa0c - - default default] 10.0.0.179 "DELETE /v2.0/security-groups/61c2dd09-8c07-498b-bda3-8c1c27fade15 HTTP/1.1" status: 204 len: 168 time: 0.2353821
2026-07-01 02:07:12.433 9 INFO neutron.db.ovn_revision_numbers_db [None req-58e3107f-68ec-412f-870a-704b724555dc 272be7aa7f52426ba836bb5c7f8ac243 031633f7f8934535bdf9e2f6e13c9f0f - - default default] Successfully bumped revision number for resource 7ab2b7db-1233-4261-90c9-15e4a02f3397 (type: floatingips) to 4
2026-07-01 02:07:12.534 9 INFO neutron.db.ovn_revision_numbers_db [None req-58e3107f-68ec-412f-870a-704b724555dc 272be7aa7f52426ba836bb5c7f8ac243 031633f7f8934535bdf9e2f6e13c9f0f - - default default] Successfully bumped revision number for resource 7ab2b7db-1233-4261-90c9-15e4a02f3397 (type: floatingips) to 5
2026-07-01 02:07:12.534 9 INFO neutron.db.l3_db [None req-58e3107f-68ec-412f-870a-704b724555dc 272be7aa7f52426ba836bb5c7f8ac243 031633f7f8934535bdf9e2f6e13c9f0f - - default default] Floating IP 7ab2b7db-1233-4261-90c9-15e4a02f3397 associated. External IP: 10.96.250.209, port: 98f22099-5f0e-41ac-877c-4f8909fb32cd.
2026-07-01 02:07:12.562 9 INFO neutron.api.wsgi [None req-58e3107f-68ec-412f-870a-704b724555dc 272be7aa7f52426ba836bb5c7f8ac243 031633f7f8934535bdf9e2f6e13c9f0f - - default default] 10.0.0.179 "PUT /v2.0/floatingips/7ab2b7db-1233-4261-90c9-15e4a02f3397 HTTP/1.1" status: 200 len: 1049 time: 0.5889952
2026-07-01 02:07:12.593 9 INFO neutron.notifiers.nova [-] Nova event matching ['req-1996be9e-6817-47ed-af67-b7fbe75824c9'] response: {'name': 'network-changed', 'server_uuid': 'd282c8c6-cab0-4720-a237-c87dd5005751', 'tag': '98f22099-5f0e-41ac-877c-4f8909fb32cd', 'status': 'completed', 'code': 200}
2026-07-01 02:07:12.611 9 INFO neutron.api.wsgi [None req-3fbaddb1-a968-45b1-9ead-78b6fe5f098e 272be7aa7f52426ba836bb5c7f8ac243 031633f7f8934535bdf9e2f6e13c9f0f - - default default] 10.0.0.179 "GET /v2.0/floatingips/7ab2b7db-1233-4261-90c9-15e4a02f3397 HTTP/1.1" status: 200 len: 1051 time: 0.0407121
2026-07-01 02:07:13.143 9 INFO neutron.api.wsgi [req-323e010a-43c4-4ecd-bae7-6eadf18ed3d9 req-408f7495-9b9a-44a0-8ced-11d9bb3134fb 0746676e60fb4efe8b29012ba137f9ce a001d5f3965e404585f5f6102d39a46b - - d98b857e90864c74adc3bf5bfdf4dc38 d98b857e90864c74adc3bf5bfdf4dc38] 199.204.45.22 "GET /v2.0/ports?tenant_id=031633f7f8934535bdf9e2f6e13c9f0f&device_id=d282c8c6-cab0-4720-a237-c87dd5005751 HTTP/1.1" status: 200 len: 1409 time: 0.0388532
2026-07-01 02:07:13.193 9 INFO neutron.api.wsgi [req-323e010a-43c4-4ecd-bae7-6eadf18ed3d9 req-b938db81-b7f1-435f-bb83-f4fb34739fcc 0746676e60fb4efe8b29012ba137f9ce a001d5f3965e404585f5f6102d39a46b - - d98b857e90864c74adc3bf5bfdf4dc38 d98b857e90864c74adc3bf5bfdf4dc38] 199.204.45.22 "GET /v2.0/networks?id=458dd59a-ee0b-4f7f-bf64-4bd795e8e697 HTTP/1.1" status: 200 len: 958 time: 0.0448813
2026-07-01 02:07:13.237 9 INFO neutron.api.wsgi [req-323e010a-43c4-4ecd-bae7-6eadf18ed3d9 req-d6006eaf-5194-4918-ac75-72fc6bcc989e 0746676e60fb4efe8b29012ba137f9ce a001d5f3965e404585f5f6102d39a46b - - d98b857e90864c74adc3bf5bfdf4dc38 d98b857e90864c74adc3bf5bfdf4dc38] 199.204.45.22 "GET /v2.0/floatingips?fixed_ip_address=10.100.0.6&port_id=98f22099-5f0e-41ac-877c-4f8909fb32cd HTTP/1.1" status: 200 len: 1059 time: 0.0361316
2026-07-01 02:07:13.269 9 INFO neutron.api.wsgi [req-323e010a-43c4-4ecd-bae7-6eadf18ed3d9 req-fd3aaf26-2c8e-48fd-9c6d-d5c9af54e12c 0746676e60fb4efe8b29012ba137f9ce a001d5f3965e404585f5f6102d39a46b - - d98b857e90864c74adc3bf5bfdf4dc38 d98b857e90864c74adc3bf5bfdf4dc38] 199.204.45.22 "GET /v2.0/subnets?id=0ce0a111-e264-459e-8b3d-33a85634fbeb HTTP/1.1" status: 200 len: 875 time: 0.0258610
2026-07-01 02:07:13.291 9 INFO neutron.api.wsgi [req-323e010a-43c4-4ecd-bae7-6eadf18ed3d9 req-0c5c0fb0-190e-4cab-bc69-1f7fdd65f5bf 0746676e60fb4efe8b29012ba137f9ce a001d5f3965e404585f5f6102d39a46b - - d98b857e90864c74adc3bf5bfdf4dc38 d98b857e90864c74adc3bf5bfdf4dc38] 199.204.45.22 "GET /v2.0/ports?network_id=458dd59a-ee0b-4f7f-bf64-4bd795e8e697&device_owner=network%3Adhcp HTTP/1.1" status: 200 len: 210 time: 0.0166547
2026-07-01 02:07:13.341 9 INFO neutron.api.wsgi [req-323e010a-43c4-4ecd-bae7-6eadf18ed3d9 req-8d27b3da-5805-44a9-b5de-9513260042b1 0746676e60fb4efe8b29012ba137f9ce a001d5f3965e404585f5f6102d39a46b - - d98b857e90864c74adc3bf5bfdf4dc38 d98b857e90864c74adc3bf5bfdf4dc38] 199.204.45.22 "GET /v2.0/networks/458dd59a-ee0b-4f7f-bf64-4bd795e8e697?fields=segments HTTP/1.1" status: 200 len: 212 time: 0.0410147
2026-07-01 02:07:13.389 9 INFO neutron.api.wsgi [req-323e010a-43c4-4ecd-bae7-6eadf18ed3d9 req-7de383d6-2b1a-4b17-b68e-f059875465ab 0746676e60fb4efe8b29012ba137f9ce a001d5f3965e404585f5f6102d39a46b - - d98b857e90864c74adc3bf5bfdf4dc38 d98b857e90864c74adc3bf5bfdf4dc38] 199.204.45.22 "GET /v2.0/networks/458dd59a-ee0b-4f7f-bf64-4bd795e8e697?fields=provider%3Aphysical_network&fields=provider%3Anetwork_type HTTP/1.1" status: 200 len: 277 time: 0.0423295 /var/lib/openstack/lib/python3.12/site-packages/pycadf/identifier.py:71: UserWarning: Invalid uuid: neutron. To ensure interoperability, identifiers should be a valid uuid. warnings.warn(('Invalid uuid: %s. To ensure interoperability, '
2026-07-01 02:07:15.601 10 WARNING neutron_lib.context [None req-15dbe2c9-edaa-4e73-ad1d-3ef224079aec 33f6fddde27d41548557cd5642a437eb 8e4b04e978a641beb94aa1b727df336a - - default default] Method 'is_advsvc' is deprecated since 2023.2 release (neutron-lib 3.8.0) and will be removed once support for the old RBAC API policies will be removed from Neutron. Please use method 'is_service_role' instead.
2026-07-01 02:07:15.783 10 INFO neutron.db.ovn_revision_numbers_db [None req-15dbe2c9-edaa-4e73-ad1d-3ef224079aec 33f6fddde27d41548557cd5642a437eb 8e4b04e978a641beb94aa1b727df336a - - default default] Successfully bumped revision number for resource 763b060c-2560-43a4-807d-ca357bee2799 (type: security_groups) to 1
2026-07-01 02:07:15.812 10 INFO neutron.db.ovn_revision_numbers_db [None req-15dbe2c9-edaa-4e73-ad1d-3ef224079aec 33f6fddde27d41548557cd5642a437eb 8e4b04e978a641beb94aa1b727df336a - - default default] Successfully bumped revision number for resource 29d5bcf3-9dd2-46a3-83d6-b0f6109cb04b (type: security_group_rules) to 0
2026-07-01 02:07:15.825 10 INFO neutron.db.ovn_revision_numbers_db [None req-15dbe2c9-edaa-4e73-ad1d-3ef224079aec 33f6fddde27d41548557cd5642a437eb 8e4b04e978a641beb94aa1b727df336a - - default default] Successfully bumped revision number for resource 65a92f05-8bde-47c8-9c56-ca89315e7642 (type: security_group_rules) to 0
2026-07-01 02:07:15.842 10 INFO neutron.db.ovn_revision_numbers_db [None req-15dbe2c9-edaa-4e73-ad1d-3ef224079aec 33f6fddde27d41548557cd5642a437eb 8e4b04e978a641beb94aa1b727df336a - - default default] Successfully bumped revision number for resource b98edbe8-a18a-47d0-a664-31679bcf693f (type: security_group_rules) to 0
2026-07-01 02:07:15.856 10 INFO neutron.db.ovn_revision_numbers_db [None req-15dbe2c9-edaa-4e73-ad1d-3ef224079aec 33f6fddde27d41548557cd5642a437eb 8e4b04e978a641beb94aa1b727df336a - - default default] Successfully bumped revision number for resource e6428c20-09b7-4aa3-ae19-ff8d9760d54f (type: security_group_rules) to 0
2026-07-01 02:07:15.923 10 INFO neutron.db.segments_db [None req-15dbe2c9-edaa-4e73-ad1d-3ef224079aec 33f6fddde27d41548557cd5642a437eb 8e4b04e978a641beb94aa1b727df336a - - default default] Added segment f7537068-b0a6-4c03-8f2a-1c5ee4804ec1 of type geneve for network 834b6a41-3131-4d40-aa76-ebb42d2a0e0f
2026-07-01 02:07:16.021 10 INFO neutron.db.ovn_revision_numbers_db [None req-15dbe2c9-edaa-4e73-ad1d-3ef224079aec 33f6fddde27d41548557cd5642a437eb 8e4b04e978a641beb94aa1b727df336a - - default default] Successfully bumped revision number for resource 834b6a41-3131-4d40-aa76-ebb42d2a0e0f (type: networks) to 1
2026-07-01 02:07:16.192 10 WARNING neutron.scheduler.dhcp_agent_scheduler [None req-15dbe2c9-edaa-4e73-ad1d-3ef224079aec 33f6fddde27d41548557cd5642a437eb 8e4b04e978a641beb94aa1b727df336a - - default default] No more DHCP agents
2026-07-01 02:07:16.194 10 WARNING neutron.api.rpc.agentnotifiers.dhcp_rpc_agent_api [None req-15dbe2c9-edaa-4e73-ad1d-3ef224079aec 33f6fddde27d41548557cd5642a437eb 8e4b04e978a641beb94aa1b727df336a - - default default] Unable to schedule network 834b6a41-3131-4d40-aa76-ebb42d2a0e0f: no agents available; will retry on subsequent port and subnet creation events.
2026-07-01 02:07:16.258 10 INFO neutron.db.ovn_revision_numbers_db [None req-15dbe2c9-edaa-4e73-ad1d-3ef224079aec 33f6fddde27d41548557cd5642a437eb 8e4b04e978a641beb94aa1b727df336a - - default default] Successfully bumped revision number for resource 25afa04b-844b-4c78-aa2b-65b5def32843 (type: ports) to 1
2026-07-01 02:07:16.276 10 INFO neutron.api.wsgi [None req-15dbe2c9-edaa-4e73-ad1d-3ef224079aec 33f6fddde27d41548557cd5642a437eb 8e4b04e978a641beb94aa1b727df336a - - default default] 10.0.0.179 "POST /v2.0/networks HTTP/1.1" status: 201 len: 831 time: 0.8352616
2026-07-01 02:07:16.317 10 INFO neutron.api.wsgi [None req-663e34ae-8a7f-4d9f-ac6d-77a14d160314 33f6fddde27d41548557cd5642a437eb 8e4b04e978a641beb94aa1b727df336a - - default default] 10.0.0.179 "PUT /v2.0/networks/834b6a41-3131-4d40-aa76-ebb42d2a0e0f/tags HTTP/1.1" status: 200 len: 218 time: 0.0320346
2026-07-01 02:07:16.349 10 INFO neutron.api.wsgi [None req-13ae7418-cd69-4a0a-be98-881c795669ee 33f6fddde27d41548557cd5642a437eb 8e4b04e978a641beb94aa1b727df336a - - default default] 10.0.0.179 "GET /v2.0/networks/834b6a41-3131-4d40-aa76-ebb42d2a0e0f/tags HTTP/1.1" status: 200 len: 218 time: 0.0271900
2026-07-01 02:07:16.393 10 INFO neutron.api.wsgi [None req-09e48f0a-a871-4d9e-a57f-c2b9f2bf4fbf 33f6fddde27d41548557cd5642a437eb 8e4b04e978a641beb94aa1b727df336a - - default default] 10.0.0.179 "PUT /v2.0/networks/834b6a41-3131-4d40-aa76-ebb42d2a0e0f/tags/green HTTP/1.1" status: 201 len: 201 time: 0.0395732
2026-07-01 02:07:16.431 10 INFO neutron.api.wsgi [None req-f0cbb3c2-343c-4792-90a4-451bdd437d53 33f6fddde27d41548557cd5642a437eb 8e4b04e978a641beb94aa1b727df336a - - default default] 10.0.0.179 "GET /v2.0/networks/834b6a41-3131-4d40-aa76-ebb42d2a0e0f/tags HTTP/1.1" status: 200 len: 227 time: 0.0322165
2026-07-01 02:07:16.468 10 INFO neutron.api.wsgi [None req-b9213988-ca4e-4cea-830a-ca2996e1a87c 33f6fddde27d41548557cd5642a437eb 8e4b04e978a641beb94aa1b727df336a - - default default] 10.0.0.179 "PUT /v2.0/networks/834b6a41-3131-4d40-aa76-ebb42d2a0e0f/tags/red HTTP/1.1" status: 201 len: 201 time: 0.0317092
2026-07-01 02:07:16.500 9 INFO neutron.api.wsgi [None req-5938e48a-afc6-482f-90ab-54fe7dcb7ff6 33f6fddde27d41548557cd5642a437eb 8e4b04e978a641beb94aa1b727df336a - - default default] 10.0.0.179 "GET /v2.0/networks/834b6a41-3131-4d40-aa76-ebb42d2a0e0f/tags HTTP/1.1" status: 200 len: 227 time: 0.0273066
2026-07-01 02:07:16.535 9 INFO neutron.api.wsgi [None req-94a58511-aea2-44db-a47d-fdb092752593 33f6fddde27d41548557cd5642a437eb 8e4b04e978a641beb94aa1b727df336a - - default default] 10.0.0.179 "PUT /v2.0/networks/834b6a41-3131-4d40-aa76-ebb42d2a0e0f/tags/black.or.white HTTP/1.1" status: 201 len: 201 time: 0.0296323
2026-07-01 02:07:16.573 9 INFO neutron.api.wsgi [None req-41352713-14b3-4048-a711-e0a4bbfc1e99 33f6fddde27d41548557cd5642a437eb 8e4b04e978a641beb94aa1b727df336a - - default default] 10.0.0.179 "GET /v2.0/networks/834b6a41-3131-4d40-aa76-ebb42d2a0e0f/tags HTTP/1.1" status: 200 len: 245 time: 0.0334649
2026-07-01 02:07:16.617 9 INFO neutron.api.wsgi [None req-3c7bd314-c981-45a5-9c04-bcf812225aaf 33f6fddde27d41548557cd5642a437eb 8e4b04e978a641beb94aa1b727df336a - - default default] 10.0.0.179 "PUT /v2.0/networks/834b6a41-3131-4d40-aa76-ebb42d2a0e0f/tags HTTP/1.1" status: 200 len: 230 time: 0.0398569
2026-07-01 02:07:16.660 9 INFO neutron.api.wsgi [None req-b895cc8d-4ae5-499f-9824-8887e9b1932e 33f6fddde27d41548557cd5642a437eb 8e4b04e978a641beb94aa1b727df336a - - default default] 10.0.0.179 "GET /v2.0/networks/834b6a41-3131-4d40-aa76-ebb42d2a0e0f/tags HTTP/1.1" status: 200 len: 230 time: 0.0376093
2026-07-01 02:07:16.692 9 INFO neutron.api.wsgi [None req-f1b06825-a1a6-4939-9b41-00772ad13a57 33f6fddde27d41548557cd5642a437eb 8e4b04e978a641beb94aa1b727df336a - - default default] 10.0.0.179 "GET /v2.0/networks/834b6a41-3131-4d40-aa76-ebb42d2a0e0f/tags/red HTTP/1.1" status: 204 len: 168 time: 0.0269277
2026-07-01 02:07:16.721 9 INFO neutron.api.v2.resource [None req-39c0bf22-4148-49f5-8e0b-a5a4437db9a6 33f6fddde27d41548557cd5642a437eb 8e4b04e978a641beb94aa1b727df336a - - default default] show failed (client error): The resource could not be found.
2026-07-01 02:07:16.725 9 INFO neutron.api.wsgi [None req-39c0bf22-4148-49f5-8e0b-a5a4437db9a6 33f6fddde27d41548557cd5642a437eb 8e4b04e978a641beb94aa1b727df336a - - default default] 10.0.0.179 "GET /v2.0/networks/834b6a41-3131-4d40-aa76-ebb42d2a0e0f/tags/green HTTP/1.1" status: 404 len: 299 time: 0.0286872
2026-07-01 02:07:16.776 9 INFO neutron.api.wsgi [None req-1b57db05-65c0-428d-a2d0-9dc28eb5dbe6 33f6fddde27d41548557cd5642a437eb 8e4b04e978a641beb94aa1b727df336a - - default default] 10.0.0.179 "DELETE /v2.0/networks/834b6a41-3131-4d40-aa76-ebb42d2a0e0f/tags/red HTTP/1.1" status: 204 len: 168 time: 0.0440795
2026-07-01 02:07:16.804 9 INFO neutron.api.wsgi [None req-9b771ff0-709c-4289-8f65-a08d724c521d 33f6fddde27d41548557cd5642a437eb 8e4b04e978a641beb94aa1b727df336a - - default default] 10.0.0.179 "GET /v2.0/networks/834b6a41-3131-4d40-aa76-ebb42d2a0e0f/tags HTTP/1.1" status: 200 len: 223 time: 0.0234704
2026-07-01 02:07:16.841 9 INFO neutron.api.v2.resource [None req-565fd59b-5d0b-4f99-9b03-8ddfd8cf1d4b 33f6fddde27d41548557cd5642a437eb 8e4b04e978a641beb94aa1b727df336a - - default default] delete failed (client error): The resource could not be found.
2026-07-01 02:07:16.843 9 INFO neutron.api.wsgi [None req-565fd59b-5d0b-4f99-9b03-8ddfd8cf1d4b 33f6fddde27d41548557cd5642a437eb 8e4b04e978a641beb94aa1b727df336a - - default default] 10.0.0.179 "DELETE /v2.0/networks/834b6a41-3131-4d40-aa76-ebb42d2a0e0f/tags/green HTTP/1.1" status: 404 len: 299 time: 0.0329156
2026-07-01 02:07:16.875 9 INFO neutron.api.wsgi [None req-6556321a-56b4-40bb-bb6d-5d652c8e9755 33f6fddde27d41548557cd5642a437eb 8e4b04e978a641beb94aa1b727df336a - - default default] 10.0.0.179 "DELETE /v2.0/networks/834b6a41-3131-4d40-aa76-ebb42d2a0e0f/tags HTTP/1.1" status: 204 len: 168 time: 0.0290124
2026-07-01 02:07:16.899 9 INFO neutron.api.wsgi [None req-981beb62-e321-4fe3-a075-5cde01183bc2 33f6fddde27d41548557cd5642a437eb 8e4b04e978a641beb94aa1b727df336a - - default default] 10.0.0.179 "GET /v2.0/networks/834b6a41-3131-4d40-aa76-ebb42d2a0e0f/tags HTTP/1.1" status: 200 len: 205 time: 0.0189962
2026-07-01 02:07:17.493 9 INFO neutron.services.segments.plugin [-] Segment f7537068-b0a6-4c03-8f2a-1c5ee4804ec1 resource provider aggregate not found
2026-07-01 02:07:17.497 9 INFO neutron.services.segments.plugin [-] Segment f7537068-b0a6-4c03-8f2a-1c5ee4804ec1 resource provider aggregate not found
2026-07-01 02:07:17.502 9 INFO neutron.services.segments.plugin [-] Segment f7537068-b0a6-4c03-8f2a-1c5ee4804ec1 resource provider not found; error: Placement Client Error (4xx): {"errors": [{"status": 404, "title": "Not Found", "detail": "The resource could not be found.\n\n No resource provider with uuid f7537068-b0a6-4c03-8f2a-1c5ee4804ec1 found for delete ", "request_id": "req-a88024fc-c5c5-4c0e-9462-2d7c1addaf6a"}]}
2026-07-01 02:07:17.507 9 INFO neutron.services.segments.plugin [-] Segment f7537068-b0a6-4c03-8f2a-1c5ee4804ec1 resource provider not found; error: Placement Client Error (4xx): {"errors": [{"status": 404, "title": "Not Found", "detail": "The resource could not be found.\n\n No resource provider with uuid f7537068-b0a6-4c03-8f2a-1c5ee4804ec1 found for delete ", "request_id": "req-5e65ad77-28f5-4142-a12a-99827e5d790d"}]}
2026-07-01 02:07:17.525 9 INFO neutron.api.wsgi [None req-1ccd230a-d2d8-4be5-9bbe-811251e3339f 33f6fddde27d41548557cd5642a437eb 8e4b04e978a641beb94aa1b727df336a - - default default] 10.0.0.179 "DELETE /v2.0/networks/834b6a41-3131-4d40-aa76-ebb42d2a0e0f HTTP/1.1" status: 204 len: 168 time: 0.6211543
2026-07-01 02:07:18.300 9 INFO neutron.api.wsgi [None req-934462a3-1554-4b7c-bb71-fc58e2bc4f5e a33a965b76fc462d9b652971c6641128 93ce8b2fcfc948b3b1b917365da7aa0c - - default default] 10.0.0.179 "GET /v2.0/security-groups?tenant_id=8e4b04e978a641beb94aa1b727df336a&name=default HTTP/1.1" status: 200 len: 3124 time: 0.1304889
2026-07-01 02:07:18.512 9 INFO neutron.api.wsgi [None req-6821019c-7df7-4ca7-adb2-4fe5a7bfd87a a33a965b76fc462d9b652971c6641128 93ce8b2fcfc948b3b1b917365da7aa0c - - default default] 10.0.0.179 "DELETE /v2.0/security-groups/763b060c-2560-43a4-807d-ca357bee2799 HTTP/1.1" status: 204 len: 168 time: 0.2054069
2026-07-01 02:07:18.734 10 INFO neutron.db.ovn_revision_numbers_db [None req-0bac6a2d-ec92-4782-b0a9-2bdc068c94d4 a33a965b76fc462d9b652971c6641128 93ce8b2fcfc948b3b1b917365da7aa0c - - default default] Successfully bumped revision number for resource 45d5ce74-25a5-4c64-bc53-22a2fecff3a3 (type: security_groups) to 1
2026-07-01 02:07:18.749 10 INFO neutron.db.ovn_revision_numbers_db [None req-0bac6a2d-ec92-4782-b0a9-2bdc068c94d4 a33a965b76fc462d9b652971c6641128 93ce8b2fcfc948b3b1b917365da7aa0c - - default default] Successfully bumped revision number for resource 0681514b-4548-417e-b9b7-4dc002602afd (type: security_group_rules) to 0
2026-07-01 02:07:18.763 10 INFO neutron.db.ovn_revision_numbers_db [None req-0bac6a2d-ec92-4782-b0a9-2bdc068c94d4 a33a965b76fc462d9b652971c6641128 93ce8b2fcfc948b3b1b917365da7aa0c - - default default] Successfully bumped revision number for resource 113db545-a35b-4bff-b21f-92fbfb6a174d (type: security_group_rules) to 0
2026-07-01 02:07:18.773 10 INFO neutron.db.ovn_revision_numbers_db [None req-0bac6a2d-ec92-4782-b0a9-2bdc068c94d4 a33a965b76fc462d9b652971c6641128 93ce8b2fcfc948b3b1b917365da7aa0c - - default default] Successfully bumped revision number for resource 5925fca0-c891-41f4-b88d-493fc55dc3e7 (type: security_group_rules) to 0
2026-07-01 02:07:18.785 10 INFO neutron.db.ovn_revision_numbers_db [None req-0bac6a2d-ec92-4782-b0a9-2bdc068c94d4 a33a965b76fc462d9b652971c6641128 93ce8b2fcfc948b3b1b917365da7aa0c - - default default] Successfully bumped revision number for resource a1a524ca-6eeb-4b53-8f7d-202be754abf9 (type: security_group_rules) to 0
2026-07-01 02:07:18.820 10 INFO neutron.api.wsgi [None req-0bac6a2d-ec92-4782-b0a9-2bdc068c94d4 a33a965b76fc462d9b652971c6641128 93ce8b2fcfc948b3b1b917365da7aa0c - - default default] 10.0.0.179 "GET /v2.0/security-groups?tenant_id=e8389ccee15a4267bfe84d5489ab2d95&name=default HTTP/1.1" status: 200 len: 3124 time: 0.2225165
2026-07-01 02:07:19.016 10 INFO neutron.api.wsgi [None req-ba37eae2-b44c-4271-bb37-928007cb77dd a33a965b76fc462d9b652971c6641128 93ce8b2fcfc948b3b1b917365da7aa0c - - default default] 10.0.0.179 "DELETE /v2.0/security-groups/45d5ce74-25a5-4c64-bc53-22a2fecff3a3 HTTP/1.1" status: 204 len: 168 time: 0.1901886
2026-07-01 02:07:19.662 9 INFO neutron.api.wsgi [req-84b098e3-4d5b-47cb-9ad8-0e5cbbc96d6f req-e9e382eb-2dbc-4734-801e-6c93bba39d3e 0746676e60fb4efe8b29012ba137f9ce a001d5f3965e404585f5f6102d39a46b - - d98b857e90864c74adc3bf5bfdf4dc38 d98b857e90864c74adc3bf5bfdf4dc38] 10.0.0.138 "GET /v2.0/ports?device_id=d282c8c6-cab0-4720-a237-c87dd5005751 HTTP/1.1" status: 200 len: 1409 time: 0.0389025
2026-07-01 02:07:19.711 9 INFO neutron.api.wsgi [req-84b098e3-4d5b-47cb-9ad8-0e5cbbc96d6f req-60151857-5f5a-4596-b8ad-97ab73eaee74 0746676e60fb4efe8b29012ba137f9ce a001d5f3965e404585f5f6102d39a46b - - d98b857e90864c74adc3bf5bfdf4dc38 d98b857e90864c74adc3bf5bfdf4dc38] 10.0.0.138 "GET /v2.0/security-groups?id=2253deab-6a88-4b01-b766-13578ee31e43&fields=id&fields=name HTTP/1.1" status: 200 len: 312 time: 0.0432358
2026-07-01 02:07:21.481 10 INFO neutron.api.wsgi [req-20476a3c-5677-42be-a13d-b3ae193e432b req-37718bea-1e78-4f36-afac-10d897ad6d43 272be7aa7f52426ba836bb5c7f8ac243 031633f7f8934535bdf9e2f6e13c9f0f - - default default] 10.0.0.12 "GET /v2.0/ports?device_id=d282c8c6-cab0-4720-a237-c87dd5005751 HTTP/1.1" status: 200 len: 1170 time: 0.0704386
2026-07-01 02:07:21.517 10 INFO neutron.api.wsgi [req-20476a3c-5677-42be-a13d-b3ae193e432b req-b54cafab-2911-4dc1-9967-76f163c86342 272be7aa7f52426ba836bb5c7f8ac243 031633f7f8934535bdf9e2f6e13c9f0f - - default default] 10.0.0.12 "GET /v2.0/security-groups?id=2253deab-6a88-4b01-b766-13578ee31e43&fields=id&fields=name HTTP/1.1" status: 200 len: 312 time: 0.0300138
2026-07-01 02:07:21.775 10 INFO neutron.api.wsgi [-] 10.0.0.183 "GET / HTTP/1.1" status: 200 len: 245 time: 0.0012927
2026-07-01 02:07:21.776 9 INFO neutron.api.wsgi [-] 10.0.0.183 "GET / HTTP/1.1" status: 200 len: 245 time: 0.0025523
2026-07-01 02:07:21.981 10 INFO neutron.plugins.ml2.drivers.ovn.mech_driver.mech_driver [None req-85373a78-9c57-4a2f-8fba-97836bbae937 - - - - - -] OVN reports status down for port: 98f22099-5f0e-41ac-877c-4f8909fb32cd
2026-07-01 02:07:22.092 10 INFO neutron.notifiers.nova [-] Nova event matching ['req-0f667b1e-2fc8-451b-bea2-81bdc956cb8f'] response: {'server_uuid': 'd282c8c6-cab0-4720-a237-c87dd5005751', 'name': 'network-vif-unplugged', 'status': 'completed', 'tag': '98f22099-5f0e-41ac-877c-4f8909fb32cd', 'code': 200}
2026-07-01 02:07:22.168 10 INFO neutron.db.ovn_revision_numbers_db [None req-85373a78-9c57-4a2f-8fba-97836bbae937 - - - - - -] Successfully bumped revision number for resource 98f22099-5f0e-41ac-877c-4f8909fb32cd (type: ports) to 6
2026-07-01 02:07:22.172 10 WARNING neutron_lib.context [None req-f11a884d-29f5-4171-bd02-717789c796fe 32e12d901be14101a67334797769aa5a 7a777767e11b48568e3422352b8d8e71 - - default default] Method 'is_advsvc' is deprecated since 2023.2 release (neutron-lib 3.8.0) and will be removed once support for the old RBAC API policies will be removed from Neutron. Please use method 'is_service_role' instead.
2026-07-01 02:07:22.279 10 INFO neutron.db.ovn_revision_numbers_db [None req-f11a884d-29f5-4171-bd02-717789c796fe 32e12d901be14101a67334797769aa5a 7a777767e11b48568e3422352b8d8e71 - - default default] Successfully bumped revision number for resource b092704c-3f48-4127-bdb1-4693716044d9 (type: security_groups) to 1
