2026-07-01 02:03:23.461 9 INFO neutron.db.ovn_revision_numbers_db [None req-e2e14117-48bf-44d5-9dba-f1664075b24e a33a965b76fc462d9b652971c6641128 93ce8b2fcfc948b3b1b917365da7aa0c - - default default] Successfully bumped revision number for resource 894e10f2-33db-4bb6-a94b-052e4a44a92c (type: security_groups) to 1
2026-07-01 02:03:23.474 9 INFO neutron.db.ovn_revision_numbers_db [None req-e2e14117-48bf-44d5-9dba-f1664075b24e a33a965b76fc462d9b652971c6641128 93ce8b2fcfc948b3b1b917365da7aa0c - - default default] Successfully bumped revision number for resource 0886a53f-287d-4c0b-9199-a4ce844021a5 (type: security_group_rules) to 0
2026-07-01 02:03:23.487 9 INFO neutron.db.ovn_revision_numbers_db [None req-e2e14117-48bf-44d5-9dba-f1664075b24e a33a965b76fc462d9b652971c6641128 93ce8b2fcfc948b3b1b917365da7aa0c - - default default] Successfully bumped revision number for resource 718060c4-fe0b-4f1d-bcb2-70a7370fb825 (type: security_group_rules) to 0
2026-07-01 02:03:23.504 9 INFO neutron.db.ovn_revision_numbers_db [None req-e2e14117-48bf-44d5-9dba-f1664075b24e a33a965b76fc462d9b652971c6641128 93ce8b2fcfc948b3b1b917365da7aa0c - - default default] Successfully bumped revision number for resource 9348a139-91a4-40a2-9c1c-066ea4af4b14 (type: security_group_rules) to 0
2026-07-01 02:03:23.518 9 INFO neutron.db.ovn_revision_numbers_db [None req-e2e14117-48bf-44d5-9dba-f1664075b24e a33a965b76fc462d9b652971c6641128 93ce8b2fcfc948b3b1b917365da7aa0c - - default default] Successfully bumped revision number for resource d259311a-7b0d-4cfa-bc26-6aff7150db38 (type: security_group_rules) to 0
2026-07-01 02:03:23.561 9 INFO neutron.api.wsgi [None req-e2e14117-48bf-44d5-9dba-f1664075b24e a33a965b76fc462d9b652971c6641128 93ce8b2fcfc948b3b1b917365da7aa0c - - default default] 10.0.0.179 "GET /v2.0/security-groups?tenant_id=5d9eef2eb81e4f0387ff5ae820ef3471&name=default HTTP/1.1" status: 200 len: 3120 time: 0.4787226
2026-07-01 02:03:23.610 10 INFO neutron.api.wsgi [req-167453a5-20ec-495d-a14d-588f4c83cc17 req-5c0a0b79-2af3-42f0-bd7b-db433c0d6fc4 8b1fe97b3a2e47f3b322c480747c506d 609e0b9cb71948a9bae8c2a41da7ecfa - - default default] 10.0.0.12 "GET /v2.0/ports?device_id=1eed58d8-3ff8-441f-9c18-84df26845093 HTTP/1.1" status: 200 len: 1210 time: 0.0301580
2026-07-01 02:03:23.669 10 INFO neutron.api.wsgi [req-167453a5-20ec-495d-a14d-588f4c83cc17 req-34419a29-4f50-4ed2-b7f9-cb7204a0452f 8b1fe97b3a2e47f3b322c480747c506d 609e0b9cb71948a9bae8c2a41da7ecfa - - default default] 10.0.0.12 "GET /v2.0/security-groups?id=874f1a1d-2b6c-4875-8329-c759ad0d980b&id=8cd4fdd7-ea43-4321-b40d-6497e4c933ad&fields=id&fields=name HTTP/1.1" status: 200 len: 405 time: 0.0539646
2026-07-01 02:03:23.785 10 INFO neutron.notifiers.nova [-] Nova event matching ['req-5e21173a-e1b4-466b-8c1e-0dc3568db2e4'] response: {'server_uuid': '9d2ffeaf-a886-46fc-805a-8d5198b2596c', 'name': 'network-vif-unplugged', 'status': 'completed', 'tag': '417d440a-e452-4d79-a339-ad6c133dbd2a', 'code': 200}
2026-07-01 02:03:23.845 9 INFO neutron.api.wsgi [None req-6ea31566-4ef4-48b4-8d23-689fa516a616 a33a965b76fc462d9b652971c6641128 93ce8b2fcfc948b3b1b917365da7aa0c - - default default] 10.0.0.179 "DELETE /v2.0/security-groups/894e10f2-33db-4bb6-a94b-052e4a44a92c HTTP/1.1" status: 204 len: 168 time: 0.2779844
2026-07-01 02:03:23.873 10 INFO neutron.api.wsgi [req-3113c973-da09-4c42-8ae9-e864e88d4670 req-21629ec7-abe5-461d-a3eb-9efcb3b062f3 563834bf283245f1afe6398a1d6846ce 32a82bb623f545babf8cff3fe78ae7a3 - - default default] 10.0.0.12 "GET /v2.0/ports?device_id=9d2ffeaf-a886-46fc-805a-8d5198b2596c HTTP/1.1" status: 200 len: 1168 time: 0.0412967
2026-07-01 02:03:23.907 10 INFO neutron.api.wsgi [req-3113c973-da09-4c42-8ae9-e864e88d4670 req-1c61c797-86f5-4b09-856f-eeb6277fb648 563834bf283245f1afe6398a1d6846ce 32a82bb623f545babf8cff3fe78ae7a3 - - default default] 10.0.0.12 "GET /v2.0/security-groups?id=4f63e09b-6b62-4692-b03e-da0c9ddd8ef6&fields=id&fields=name HTTP/1.1" status: 200 len: 313 time: 0.0299079
2026-07-01 02:03:23.966 9 INFO neutron.api.wsgi [None req-838b6445-ed0c-423f-8d2d-3f6145ad044f a33a965b76fc462d9b652971c6641128 93ce8b2fcfc948b3b1b917365da7aa0c - - default default] 10.0.0.179 "GET /v2.0/security-groups?tenant_id=e6c77f9e2dc24700a1e014a560058eff&name=default HTTP/1.1" status: 200 len: 3120 time: 0.0285680
2026-07-01 02:03:24.164 9 INFO neutron.plugins.ml2.drivers.ovn.mech_driver.mech_driver [None req-1432763e-7f50-43ab-8bbd-430dcb661256 - - - - - -] OVN reports status down for port: a51b094f-b538-4416-962b-8dbf8d2011b4
2026-07-01 02:03:24.170 9 INFO neutron.api.wsgi [None req-f6d1ae46-4411-4dcc-9686-71a16da4b17b a33a965b76fc462d9b652971c6641128 93ce8b2fcfc948b3b1b917365da7aa0c - - default default] 10.0.0.179 "DELETE /v2.0/security-groups/38e70782-6c33-44a7-8e23-a47a8d3f7b06 HTTP/1.1" status: 204 len: 168 time: 0.1976545
2026-07-01 02:03:24.355 9 INFO neutron.notifiers.nova [-] Nova event matching ['req-c8374c16-4d19-4396-8ea7-2190d3b2467d'] response: {'server_uuid': '1eed58d8-3ff8-441f-9c18-84df26845093', 'name': 'network-vif-unplugged', 'status': 'completed', 'tag': 'a51b094f-b538-4416-962b-8dbf8d2011b4', 'code': 200}
2026-07-01 02:03:24.428 9 INFO neutron.db.ovn_revision_numbers_db [None req-1432763e-7f50-43ab-8bbd-430dcb661256 - - - - - -] Successfully bumped revision number for resource a51b094f-b538-4416-962b-8dbf8d2011b4 (type: ports) to 6
2026-07-01 02:03:24.473 10 INFO neutron.db.ovn_revision_numbers_db [None req-75021a0d-45e2-4ca9-9454-12285d56bf0f a33a965b76fc462d9b652971c6641128 93ce8b2fcfc948b3b1b917365da7aa0c - - default default] Successfully bumped revision number for resource c5d575f2-49fe-45a3-8fab-b470a07016ab (type: security_groups) to 1
2026-07-01 02:03:24.486 10 INFO neutron.db.ovn_revision_numbers_db [None req-75021a0d-45e2-4ca9-9454-12285d56bf0f a33a965b76fc462d9b652971c6641128 93ce8b2fcfc948b3b1b917365da7aa0c - - default default] Successfully bumped revision number for resource 1743e3cb-f764-47eb-a966-42b8efbed040 (type: security_group_rules) to 0
2026-07-01 02:03:24.499 10 INFO neutron.db.ovn_revision_numbers_db [None req-75021a0d-45e2-4ca9-9454-12285d56bf0f a33a965b76fc462d9b652971c6641128 93ce8b2fcfc948b3b1b917365da7aa0c - - default default] Successfully bumped revision number for resource 8ca3a2d3-502e-40a1-ad91-356308ab8a87 (type: security_group_rules) to 0
2026-07-01 02:03:24.518 10 INFO neutron.db.ovn_revision_numbers_db [None req-75021a0d-45e2-4ca9-9454-12285d56bf0f a33a965b76fc462d9b652971c6641128 93ce8b2fcfc948b3b1b917365da7aa0c - - default default] Successfully bumped revision number for resource 9e720812-f603-46e9-b22a-4cf9e84712c8 (type: security_group_rules) to 0
2026-07-01 02:03:24.533 10 INFO neutron.db.ovn_revision_numbers_db [None req-75021a0d-45e2-4ca9-9454-12285d56bf0f a33a965b76fc462d9b652971c6641128 93ce8b2fcfc948b3b1b917365da7aa0c - - default default] Successfully bumped revision number for resource a673a789-db26-408f-9ce5-3fb983c92603 (type: security_group_rules) to 0
2026-07-01 02:03:24.576 10 INFO neutron.api.wsgi [None req-75021a0d-45e2-4ca9-9454-12285d56bf0f a33a965b76fc462d9b652971c6641128 93ce8b2fcfc948b3b1b917365da7aa0c - - default default] 10.0.0.179 "GET /v2.0/security-groups?tenant_id=9f0da25784b34e038ec23130bff4267f&name=default HTTP/1.1" status: 200 len: 3120 time: 0.2341075
2026-07-01 02:03:24.614 10 INFO neutron.plugins.ml2.drivers.ovn.mech_driver.mech_driver [None req-8da1c224-768f-493d-8a5a-2fc708c018da - - - - - -] OVN reports status up for port: 417d440a-e452-4d79-a339-ad6c133dbd2a
2026-07-01 02:03:24.633 10 INFO neutron.plugins.ml2.plugin [None req-8da1c224-768f-493d-8a5a-2fc708c018da - - - - - -] Attempt 1 to provision port 417d440a-e452-4d79-a339-ad6c133dbd2a
2026-07-01 02:03:24.780 10 INFO neutron.api.wsgi [req-94aee9ab-ab62-4bf7-a40b-3781acd78743 req-7ddabd8a-fcbe-4871-97ab-b65e496b22df 8b1fe97b3a2e47f3b322c480747c506d 609e0b9cb71948a9bae8c2a41da7ecfa - - default default] 10.0.0.12 "GET /v2.0/ports?device_id=1eed58d8-3ff8-441f-9c18-84df26845093 HTTP/1.1" status: 200 len: 1208 time: 0.0487881
2026-07-01 02:03:24.833 10 INFO neutron.api.wsgi [req-94aee9ab-ab62-4bf7-a40b-3781acd78743 req-b6858b6b-7b22-4d4d-b59f-d04939781569 8b1fe97b3a2e47f3b322c480747c506d 609e0b9cb71948a9bae8c2a41da7ecfa - - default default] 10.0.0.12 "GET /v2.0/security-groups?id=874f1a1d-2b6c-4875-8329-c759ad0d980b&id=8cd4fdd7-ea43-4321-b40d-6497e4c933ad&fields=id&fields=name HTTP/1.1" status: 200 len: 405 time: 0.0466557
2026-07-01 02:03:24.849 10 INFO neutron.api.wsgi [None req-8e2492d5-7749-417d-aa08-0e8dd7c2e714 a33a965b76fc462d9b652971c6641128 93ce8b2fcfc948b3b1b917365da7aa0c - - default default] 10.0.0.179 "DELETE /v2.0/security-groups/c5d575f2-49fe-45a3-8fab-b470a07016ab HTTP/1.1" status: 204 len: 168 time: 0.2672601
2026-07-01 02:03:24.898 10 INFO neutron.db.ovn_revision_numbers_db [None req-8da1c224-768f-493d-8a5a-2fc708c018da - - - - - -] Successfully bumped revision number for resource 417d440a-e452-4d79-a339-ad6c133dbd2a (type: ports) to 7 /var/lib/openstack/lib/python3.12/site-packages/pycadf/identifier.py:71: UserWarning: Invalid uuid: neutron. To ensure interoperability, identifiers should be a valid uuid. warnings.warn(('Invalid uuid: %s. To ensure interoperability, '
2026-07-01 02:03:25.044 9 INFO neutron.api.wsgi [req-a8981e6d-3203-4e9a-8a90-b17081b3920b req-9fd56d4b-9e70-481b-98b8-01a3462e0350 563834bf283245f1afe6398a1d6846ce 32a82bb623f545babf8cff3fe78ae7a3 - - default default] 10.0.0.12 "GET /v2.0/ports?device_id=9d2ffeaf-a886-46fc-805a-8d5198b2596c HTTP/1.1" status: 200 len: 1170 time: 0.0707214
2026-07-01 02:03:25.093 9 INFO neutron.api.wsgi [req-a8981e6d-3203-4e9a-8a90-b17081b3920b req-ac291ca2-9fc6-4c4a-9a24-09aa2fbfe2a8 563834bf283245f1afe6398a1d6846ce 32a82bb623f545babf8cff3fe78ae7a3 - - default default] 10.0.0.12 "GET /v2.0/security-groups?id=4f63e09b-6b62-4692-b03e-da0c9ddd8ef6&fields=id&fields=name HTTP/1.1" status: 200 len: 313 time: 0.0442791
2026-07-01 02:03:25.417 9 INFO neutron.api.wsgi [req-03e54717-4dda-4462-a100-eceb9b24c838 req-7017c92f-6125-4c7a-9b3a-a333626a61bc 8b1fe97b3a2e47f3b322c480747c506d 609e0b9cb71948a9bae8c2a41da7ecfa - - default default] 199.204.45.22 "GET /v2.0/ports?device_id=1eed58d8-3ff8-441f-9c18-84df26845093 HTTP/1.1" status: 200 len: 1208 time: 0.0826168
2026-07-01 02:03:25.774 9 INFO neutron.db.l3_db [req-03e54717-4dda-4462-a100-eceb9b24c838 req-18fd61c1-e048-4e3f-9eff-63503ab76e60 8b1fe97b3a2e47f3b322c480747c506d 609e0b9cb71948a9bae8c2a41da7ecfa - - default default] Floating IP 0734f97a-3b1c-49ee-afd2-be6079e936d9 disassociated. External IP: 10.96.250.206, port: a51b094f-b538-4416-962b-8dbf8d2011b4.
2026-07-01 02:03:25.835 10 INFO neutron.notifiers.nova [-] Nova event matching ['req-903081f5-2312-4705-93d5-87b71fcd0205'] response: {'server_uuid': '9d2ffeaf-a886-46fc-805a-8d5198b2596c', 'name': 'network-vif-plugged', 'status': 'completed', 'tag': '417d440a-e452-4d79-a339-ad6c133dbd2a', 'code': 200}
2026-07-01 02:03:25.835 10 INFO neutron.notifiers.nova [-] Nova event matching ['req-903081f5-2312-4705-93d5-87b71fcd0205'] response: {'server_uuid': '9d2ffeaf-a886-46fc-805a-8d5198b2596c', 'name': 'network-vif-plugged', 'status': 'completed', 'tag': '417d440a-e452-4d79-a339-ad6c133dbd2a', 'code': 200}
2026-07-01 02:03:25.891 9 INFO neutron.api.wsgi [req-03e54717-4dda-4462-a100-eceb9b24c838 req-18fd61c1-e048-4e3f-9eff-63503ab76e60 8b1fe97b3a2e47f3b322c480747c506d 609e0b9cb71948a9bae8c2a41da7ecfa - - default default] 199.204.45.22 "DELETE /v2.0/ports/a51b094f-b538-4416-962b-8dbf8d2011b4 HTTP/1.1" status: 204 len: 173 time: 0.4700692 /var/lib/openstack/lib/python3.12/site-packages/pycadf/identifier.py:71: UserWarning: Invalid uuid: neutron. To ensure interoperability, identifiers should be a valid uuid. warnings.warn(('Invalid uuid: %s. To ensure interoperability, '
2026-07-01 02:03:25.957 10 INFO neutron.api.wsgi [None req-a5c91c9e-de73-400b-a7ae-985ead8846d3 af1f97843ba34f5d8ab4b69c6207d446 b214efaeca1646a9a6f9f7b28a490073 - - default default] 10.0.0.179 "GET /v2.0/subnets/b05b17bb-7aee-4ccb-a539-643fc88cd177 HTTP/1.1" status: 200 len: 870 time: 0.0274408
2026-07-01 02:03:26.134 9 INFO neutron.api.wsgi [req-da4bbc2d-a1dd-4add-a44b-db72ef211c14 req-ff1cef6c-630e-417b-b3ac-1a2575c5cb37 8b1fe97b3a2e47f3b322c480747c506d 609e0b9cb71948a9bae8c2a41da7ecfa - - default default] 10.0.0.12 "GET /v2.0/ports?device_id=1eed58d8-3ff8-441f-9c18-84df26845093 HTTP/1.1" status: 200 len: 210 time: 0.2407756
2026-07-01 02:03:26.191 10 INFO neutron.api.wsgi [req-12f26a02-b57e-40d8-aa9a-e8a03498c03e req-3fd797e1-a932-401a-b914-75f6dec78afc 563834bf283245f1afe6398a1d6846ce 32a82bb623f545babf8cff3fe78ae7a3 - - default default] 10.0.0.12 "GET /v2.0/ports?device_id=9d2ffeaf-a886-46fc-805a-8d5198b2596c HTTP/1.1" status: 200 len: 1170 time: 0.0358622
2026-07-01 02:03:26.239 10 INFO neutron.api.wsgi [req-12f26a02-b57e-40d8-aa9a-e8a03498c03e req-3870ef50-3bc8-44b2-a917-4c4794241eea 563834bf283245f1afe6398a1d6846ce 32a82bb623f545babf8cff3fe78ae7a3 - - default default] 10.0.0.12 "GET /v2.0/security-groups?id=4f63e09b-6b62-4692-b03e-da0c9ddd8ef6&fields=id&fields=name HTTP/1.1" status: 200 len: 313 time: 0.0401220
2026-07-01 02:03:26.397 9 INFO neutron.notifiers.nova [-] Nova event matching ['req-629e7422-940a-412f-b145-d81bf08e0401'] response: {'server_uuid': '1eed58d8-3ff8-441f-9c18-84df26845093', 'name': 'network-vif-unplugged', 'status': 'completed', 'tag': 'a51b094f-b538-4416-962b-8dbf8d2011b4', 'code': 200}
2026-07-01 02:03:26.397 9 INFO neutron.notifiers.nova [-] Nova event matching ['req-629e7422-940a-412f-b145-d81bf08e0401'] response: {'server_uuid': '1eed58d8-3ff8-441f-9c18-84df26845093', 'name': 'network-vif-deleted', 'tag': 'a51b094f-b538-4416-962b-8dbf8d2011b4', 'status': 'completed', 'code': 200}
2026-07-01 02:03:27.230 10 INFO neutron.api.wsgi [req-86e6b66a-aa5a-438e-862a-b603bcb9895b req-7471bb39-ea84-4d6b-8c40-4c762448b257 8b1fe97b3a2e47f3b322c480747c506d 609e0b9cb71948a9bae8c2a41da7ecfa - - default default] 10.0.0.12 "GET /v2.0/ports?device_id=1eed58d8-3ff8-441f-9c18-84df26845093 HTTP/1.1" status: 200 len: 210 time: 0.0330565
2026-07-01 02:03:27.271 10 INFO neutron.api.wsgi [None req-a2a68209-b7e8-47db-a941-1c18514b3718 a33a965b76fc462d9b652971c6641128 93ce8b2fcfc948b3b1b917365da7aa0c - - default default] 10.0.0.219 "GET /v2.0/extensions/security-group HTTP/1.1" status: 200 len: 369 time: 0.2444437
2026-07-01 02:03:27.281 10 INFO neutron.api.wsgi [None req-e23aca01-f407-44b0-9e58-4c2f285dbb85 a33a965b76fc462d9b652971c6641128 93ce8b2fcfc948b3b1b917365da7aa0c - - default default] 10.0.0.219 "GET /v2.0/extensions/dns-integration HTTP/1.1" status: 200 len: 371 time: 0.0029895
2026-07-01 02:03:27.292 10 INFO neutron.api.wsgi [None req-3706f893-cdf5-483e-8dce-0937ab583779 a33a965b76fc462d9b652971c6641128 93ce8b2fcfc948b3b1b917365da7aa0c - - default default] 10.0.0.219 "GET /v2.0/extensions/qos HTTP/1.1" status: 200 len: 365 time: 0.0037360
2026-07-01 02:03:27.299 10 INFO neutron.api.wsgi [None req-d229d011-b118-4e3b-bf6f-cc17ac675f05 a33a965b76fc462d9b652971c6641128 93ce8b2fcfc948b3b1b917365da7aa0c - - default default] 10.0.0.219 "GET /v2.0/extensions/allowed-address-pairs HTTP/1.1" status: 200 len: 383 time: 0.0037818
2026-07-01 02:03:27.792 10 INFO neutron.api.wsgi [-] 10.0.0.219 "GET / HTTP/1.1" status: 200 len: 284 time: 0.0023115
2026-07-01 02:03:27.840 9 INFO neutron.api.wsgi [None req-2d154322-ffe5-4e48-ac06-685c0bb0740a 6775a505b33246898c557453a6eed607 a6dec8187bb74f7cb5ebe0c80cdcf421 - - default default] 10.0.0.219 "GET /v2.0/subnets/b05b17bb-7aee-4ccb-a539-643fc88cd177 HTTP/1.1" status: 200 len: 857 time: 0.0276978
2026-07-01 02:03:27.855 10 INFO neutron.api.wsgi [None req-ce7f7ece-e86d-49b8-92f6-36b49ed74729 a33a965b76fc462d9b652971c6641128 93ce8b2fcfc948b3b1b917365da7aa0c - - default default] 10.0.0.219 "GET /v2.0/extensions/security-group HTTP/1.1" status: 200 len: 369 time: 0.0073147
2026-07-01 02:03:27.862 10 INFO neutron.api.wsgi [None req-4be84662-29b1-4e45-952b-7e07bec0c8ac a33a965b76fc462d9b652971c6641128 93ce8b2fcfc948b3b1b917365da7aa0c - - default default] 10.0.0.219 "GET /v2.0/extensions/dns-integration HTTP/1.1" status: 200 len: 371 time: 0.0036392
2026-07-01 02:03:27.872 10 INFO neutron.api.wsgi [None req-992759fc-5344-49a2-9b1c-1ac07c13d490 a33a965b76fc462d9b652971c6641128 93ce8b2fcfc948b3b1b917365da7aa0c - - default default] 10.0.0.219 "GET /v2.0/extensions/qos HTTP/1.1" status: 200 len: 365 time: 0.0037889
2026-07-01 02:03:27.880 10 INFO neutron.api.wsgi [None req-9ad7addd-33e4-4251-9bfd-bce0eec62b5a a33a965b76fc462d9b652971c6641128 93ce8b2fcfc948b3b1b917365da7aa0c - - default default] 10.0.0.219 "GET /v2.0/extensions/allowed-address-pairs HTTP/1.1" status: 200 len: 383 time: 0.0037158
2026-07-01 02:03:27.907 10 INFO neutron.api.wsgi [None req-635a5cfd-1fe9-4c0b-9056-d5996451f650 a33a965b76fc462d9b652971c6641128 93ce8b2fcfc948b3b1b917365da7aa0c - - default default] 10.0.0.219 "GET /v2.0/subnets/b05b17bb-7aee-4ccb-a539-643fc88cd177 HTTP/1.1" status: 200 len: 875 time: 0.0216484
2026-07-01 02:03:27.983 10 INFO neutron.api.wsgi [None req-a2a4ca75-1971-4908-9aa8-643b1f6b995b a33a965b76fc462d9b652971c6641128 93ce8b2fcfc948b3b1b917365da7aa0c - - default default] 10.0.0.219 "GET /v2.0/extensions/security-group HTTP/1.1" status: 200 len: 369 time: 0.0037317
2026-07-01 02:03:27.991 10 INFO neutron.api.wsgi [None req-b61fb72b-b1a4-4936-bd03-bf637526fa23 a33a965b76fc462d9b652971c6641128 93ce8b2fcfc948b3b1b917365da7aa0c - - default default] 10.0.0.219 "GET /v2.0/extensions/dns-integration HTTP/1.1" status: 200 len: 371 time: 0.0040460
2026-07-01 02:03:28.001 10 INFO neutron.api.wsgi [None req-a447a75f-ab58-41ce-9501-866a955911ae a33a965b76fc462d9b652971c6641128 93ce8b2fcfc948b3b1b917365da7aa0c - - default default] 10.0.0.219 "GET /v2.0/extensions/qos HTTP/1.1" status: 200 len: 365 time: 0.0056870
2026-07-01 02:03:28.012 10 INFO neutron.api.wsgi [None req-6bffec03-9800-4b00-9b09-7eb77e683ef4 a33a965b76fc462d9b652971c6641128 93ce8b2fcfc948b3b1b917365da7aa0c - - default default] 10.0.0.219 "GET /v2.0/extensions/allowed-address-pairs HTTP/1.1" status: 200 len: 383 time: 0.0063546
2026-07-01 02:03:28.064 10 INFO neutron.api.wsgi [None req-23687ed1-7d83-400b-811a-cbf29f0139d8 a33a965b76fc462d9b652971c6641128 93ce8b2fcfc948b3b1b917365da7aa0c - - default default] 10.0.0.219 "GET /v2.0/networks/e14165a1-6d96-4f33-b98f-7c92d69b728a HTTP/1.1" status: 200 len: 1001 time: 0.0463700
2026-07-01 02:03:28.074 10 INFO neutron.api.wsgi [None req-2c679494-63ab-4f47-961b-75cfc1871a8c a33a965b76fc462d9b652971c6641128 93ce8b2fcfc948b3b1b917365da7aa0c - - default default] 10.0.0.219 "GET /v2.0/extensions/project-id HTTP/1.1" status: 200 len: 403 time: 0.0045972
2026-07-01 02:03:28.325 9 INFO neutron.api.wsgi [req-072e7bfa-c866-492a-93ad-e2497fe76d17 req-b68b3fb7-4994-4052-86c6-ea7b4f83d277 8b1fe97b3a2e47f3b322c480747c506d 609e0b9cb71948a9bae8c2a41da7ecfa - - default default] 10.0.0.12 "GET /v2.0/ports?device_id=1eed58d8-3ff8-441f-9c18-84df26845093 HTTP/1.1" status: 200 len: 210 time: 0.0217509
2026-07-01 02:03:28.393 10 WARNING neutron.scheduler.dhcp_agent_scheduler [None req-3512cc72-58e4-4955-995c-801f675f2ebb a33a965b76fc462d9b652971c6641128 93ce8b2fcfc948b3b1b917365da7aa0c - - default default] No more DHCP agents
2026-07-01 02:03:28.394 10 WARNING neutron.api.rpc.agentnotifiers.dhcp_rpc_agent_api [None req-3512cc72-58e4-4955-995c-801f675f2ebb a33a965b76fc462d9b652971c6641128 93ce8b2fcfc948b3b1b917365da7aa0c - - default default] Unable to schedule network e14165a1-6d96-4f33-b98f-7c92d69b728a: no agents available; will retry on subsequent port and subnet creation events.
2026-07-01 02:03:28.556 10 INFO neutron.db.ovn_revision_numbers_db [None req-3512cc72-58e4-4955-995c-801f675f2ebb a33a965b76fc462d9b652971c6641128 93ce8b2fcfc948b3b1b917365da7aa0c - - default default] Successfully bumped revision number for resource b693db3b-45bb-4be7-b48b-39e2db97edd6 (type: ports) to 1
2026-07-01 02:03:28.583 10 INFO neutron.api.wsgi [None req-3512cc72-58e4-4955-995c-801f675f2ebb a33a965b76fc462d9b652971c6641128 93ce8b2fcfc948b3b1b917365da7aa0c - - default default] 10.0.0.219 "POST /v2.0/ports HTTP/1.1" status: 201 len: 1333 time: 0.5034103
2026-07-01 02:03:29.073 9 WARNING neutron_lib.context [None req-4892fa9e-6a4f-4ee1-a7ba-f4488de45cd5 76bf325012b74ed4bf158d717903cb7b 282477af86d94b62bd00cd2bf8f8fd73 - - default default] Method 'is_advsvc' is deprecated since 2023.2 release (neutron-lib 3.8.0) and will be removed once support for the old RBAC API policies will be removed from Neutron. Please use method 'is_service_role' instead.
2026-07-01 02:03:29.115 9 INFO neutron.api.wsgi [None req-4892fa9e-6a4f-4ee1-a7ba-f4488de45cd5 76bf325012b74ed4bf158d717903cb7b 282477af86d94b62bd00cd2bf8f8fd73 - - default default] 10.0.0.179 "POST /v2.0/subnetpools HTTP/1.1" status: 201 len: 715 time: 0.2154756
2026-07-01 02:03:29.123 9 WARNING neutron_lib.context [None req-2ad073b5-e55e-4956-9cdb-29d384908017 76bf325012b74ed4bf158d717903cb7b 282477af86d94b62bd00cd2bf8f8fd73 - - default default] Method 'is_advsvc' is deprecated since 2023.2 release (neutron-lib 3.8.0) and will be removed once support for the old RBAC API policies will be removed from Neutron. Please use method 'is_service_role' instead.
2026-07-01 02:03:29.168 9 INFO neutron.api.wsgi [None req-2ad073b5-e55e-4956-9cdb-29d384908017 76bf325012b74ed4bf158d717903cb7b 282477af86d94b62bd00cd2bf8f8fd73 - - default default] 10.0.0.179 "POST /v2.0/subnetpools HTTP/1.1" status: 201 len: 715 time: 0.0488167
2026-07-01 02:03:29.178 9 WARNING neutron_lib.context [None req-d85f39ba-9579-41e6-9582-927874a53a48 76bf325012b74ed4bf158d717903cb7b 282477af86d94b62bd00cd2bf8f8fd73 - - default default] Method 'is_advsvc' is deprecated since 2023.2 release (neutron-lib 3.8.0) and will be removed once support for the old RBAC API policies will be removed from Neutron. Please use method 'is_service_role' instead.
2026-07-01 02:03:29.221 9 INFO neutron.api.wsgi [None req-d85f39ba-9579-41e6-9582-927874a53a48 76bf325012b74ed4bf158d717903cb7b 282477af86d94b62bd00cd2bf8f8fd73 - - default default] 10.0.0.179 "POST /v2.0/subnetpools HTTP/1.1" status: 201 len: 715 time: 0.0475292
2026-07-01 02:03:29.229 9 WARNING neutron_lib.context [None req-6cc526fa-6a5b-4be8-853e-f2f8bc5197c1 76bf325012b74ed4bf158d717903cb7b 282477af86d94b62bd00cd2bf8f8fd73 - - default default] Method 'is_advsvc' is deprecated since 2023.2 release (neutron-lib 3.8.0) and will be removed once support for the old RBAC API policies will be removed from Neutron. Please use method 'is_service_role' instead.
2026-07-01 02:03:29.268 9 INFO neutron.api.wsgi [None req-6cc526fa-6a5b-4be8-853e-f2f8bc5197c1 76bf325012b74ed4bf158d717903cb7b 282477af86d94b62bd00cd2bf8f8fd73 - - default default] 10.0.0.179 "POST /v2.0/subnetpools HTTP/1.1" status: 201 len: 715 time: 0.0428343
2026-07-01 02:03:29.276 9 WARNING neutron_lib.context [None req-0744bc45-f3af-43b3-9df2-2a89a1f3d0fb 76bf325012b74ed4bf158d717903cb7b 282477af86d94b62bd00cd2bf8f8fd73 - - default default] Method 'is_advsvc' is deprecated since 2023.2 release (neutron-lib 3.8.0) and will be removed once support for the old RBAC API policies will be removed from Neutron. Please use method 'is_service_role' instead.
2026-07-01 02:03:29.318 9 INFO neutron.api.wsgi [None req-0744bc45-f3af-43b3-9df2-2a89a1f3d0fb 76bf325012b74ed4bf158d717903cb7b 282477af86d94b62bd00cd2bf8f8fd73 - - default default] 10.0.0.179 "POST /v2.0/subnetpools HTTP/1.1" status: 201 len: 715 time: 0.0451455
2026-07-01 02:03:29.357 9 INFO neutron.api.wsgi [None req-c1e8501c-48c4-440d-98e8-83a9ef20a8e0 76bf325012b74ed4bf158d717903cb7b 282477af86d94b62bd00cd2bf8f8fd73 - - default default] 10.0.0.179 "PUT /v2.0/subnetpools/c418a4b9-375f-4509-863a-9b6f78a520e5/tags HTTP/1.1" status: 200 len: 210 time: 0.0324745
2026-07-01 02:03:29.398 9 INFO neutron.api.wsgi [None req-600defdc-87a6-4c51-a446-5d37295226a7 76bf325012b74ed4bf158d717903cb7b 282477af86d94b62bd00cd2bf8f8fd73 - - default default] 10.0.0.179 "PUT /v2.0/subnetpools/35066601-2ecd-4c40-b686-b2137fab2f14/tags HTTP/1.1" status: 200 len: 218 time: 0.0346117
2026-07-01 02:03:29.449 9 INFO neutron.api.wsgi [None req-1974f902-b49a-4685-a8ad-05bb9be7fab5 76bf325012b74ed4bf158d717903cb7b 282477af86d94b62bd00cd2bf8f8fd73 - - default default] 10.0.0.179 "PUT /v2.0/subnetpools/bc88a3b9-f26c-400a-b88d-d36191f23c8a/tags HTTP/1.1" status: 200 len: 227 time: 0.0464487 /var/lib/openstack/lib/python3.12/site-packages/pycadf/identifier.py:71: UserWarning: Invalid uuid: neutron. To ensure interoperability, identifiers should be a valid uuid. warnings.warn(('Invalid uuid: %s. To ensure interoperability, '
2026-07-01 02:03:29.499 10 INFO neutron.api.wsgi [None req-2400ae42-912f-4786-abc8-0844bf6c9b50 76bf325012b74ed4bf158d717903cb7b 282477af86d94b62bd00cd2bf8f8fd73 - - default default] 10.0.0.179 "PUT /v2.0/subnetpools/6d09ecd4-c6be-4582-a2ea-5f3b826fb241/tags HTTP/1.1" status: 200 len: 212 time: 0.0435524
2026-07-01 02:03:29.523 10 INFO neutron.api.wsgi [None req-d04db2e3-5b4f-4311-91a7-00f9ffd812cb 76bf325012b74ed4bf158d717903cb7b 282477af86d94b62bd00cd2bf8f8fd73 - - default default] 10.0.0.179 "GET /v2.0/subnetpools?tags=red HTTP/1.1" status: 200 len: 1758 time: 0.0212059
2026-07-01 02:03:29.548 10 INFO neutron.api.wsgi [None req-cee7a7a2-6df6-4c86-bd25-40a9b1e0c006 76bf325012b74ed4bf158d717903cb7b 282477af86d94b62bd00cd2bf8f8fd73 - - default default] 10.0.0.179 "GET /v2.0/subnetpools?tags=red%2Cblue HTTP/1.1" status: 200 len: 1251 time: 0.0217254
2026-07-01 02:03:29.575 10 INFO neutron.api.wsgi [None req-59a80639-ab90-4ebe-a3e3-2a9e12004688 76bf325012b74ed4bf158d717903cb7b 282477af86d94b62bd00cd2bf8f8fd73 - - default default] 10.0.0.179 "GET /v2.0/subnetpools?tags-any=blue HTTP/1.1" status: 200 len: 1251 time: 0.0213430
2026-07-01 02:03:29.598 10 INFO neutron.api.wsgi [None req-5b618c62-b3b8-4969-89c2-9e768d043831 76bf325012b74ed4bf158d717903cb7b 282477af86d94b62bd00cd2bf8f8fd73 - - default default] 10.0.0.179 "GET /v2.0/subnetpools?tags-any=red%2Cblue HTTP/1.1" status: 200 len: 1758 time: 0.0170431
2026-07-01 02:03:29.632 9 INFO neutron.api.wsgi [None req-78d3f670-b3a4-4856-91a6-781107aabd8d 8b1fe97b3a2e47f3b322c480747c506d 609e0b9cb71948a9bae8c2a41da7ecfa - - default default] 10.0.0.179 "DELETE /v2.0/security-groups/874f1a1d-2b6c-4875-8329-c759ad0d980b HTTP/1.1" status: 204 len: 168 time: 0.1387780
2026-07-01 02:03:29.640 10 INFO neutron.api.wsgi [None req-23f28426-746b-4a53-a06b-ba403d3e8626 76bf325012b74ed4bf158d717903cb7b 282477af86d94b62bd00cd2bf8f8fd73 - - default default] 10.0.0.179 "GET /v2.0/subnetpools?not-tags=red HTTP/1.1" status: 200 len: 1223 time: 0.0345547
2026-07-01 02:03:29.655 9 INFO neutron.api.v2.resource [None req-6e772a85-e332-4051-9353-718b64f4f11f 8b1fe97b3a2e47f3b322c480747c506d 609e0b9cb71948a9bae8c2a41da7ecfa - - default default] show failed (client error): The resource could not be found.
2026-07-01 02:03:29.656 9 INFO neutron.api.wsgi [None req-6e772a85-e332-4051-9353-718b64f4f11f 8b1fe97b3a2e47f3b322c480747c506d 609e0b9cb71948a9bae8c2a41da7ecfa - - default default] 10.0.0.179 "GET /v2.0/security-groups/874f1a1d-2b6c-4875-8329-c759ad0d980b HTTP/1.1" status: 404 len: 347 time: 0.0203137
2026-07-01 02:03:29.688 9 INFO neutron.api.wsgi [None req-afc51f49-3ed3-4632-a31b-e48e4cd8fb76 76bf325012b74ed4bf158d717903cb7b 282477af86d94b62bd00cd2bf8f8fd73 - - default default] 10.0.0.179 "GET /v2.0/subnetpools?not-tags=red%2Cblue HTTP/1.1" status: 200 len: 1730 time: 0.0404944
2026-07-01 02:03:29.717 10 INFO neutron.api.wsgi [None req-fcbfc3fe-cce3-4b9e-8a6b-6ce7483748b7 76bf325012b74ed4bf158d717903cb7b 282477af86d94b62bd00cd2bf8f8fd73 - - default default] 10.0.0.179 "GET /v2.0/subnetpools?not-tags-any=blue HTTP/1.1" status: 200 len: 1730 time: 0.0229180
2026-07-01 02:03:29.743 10 INFO neutron.api.wsgi [None req-6c817111-fee5-40fe-9c29-4e25aa59b4ed 76bf325012b74ed4bf158d717903cb7b 282477af86d94b62bd00cd2bf8f8fd73 - - default default] 10.0.0.179 "GET /v2.0/subnetpools?not-tags-any=red%2Cblue HTTP/1.1" status: 200 len: 1223 time: 0.0215414
2026-07-01 02:03:29.815 10 INFO neutron.api.wsgi [None req-96037e6a-f2bc-46af-a590-5c6f4b2ee03a 76bf325012b74ed4bf158d717903cb7b 282477af86d94b62bd00cd2bf8f8fd73 - - default default] 10.0.0.179 "DELETE /v2.0/subnetpools/c418a4b9-375f-4509-863a-9b6f78a520e5 HTTP/1.1" status: 204 len: 168 time: 0.0646458
2026-07-01 02:03:29.874 10 INFO neutron.api.wsgi [None req-1433207a-b105-4c3a-bcc2-6b044db6c64b 76bf325012b74ed4bf158d717903cb7b 282477af86d94b62bd00cd2bf8f8fd73 - - default default] 10.0.0.179 "DELETE /v2.0/subnetpools/35066601-2ecd-4c40-b686-b2137fab2f14 HTTP/1.1" status: 204 len: 168 time: 0.0551076
2026-07-01 02:03:29.955 10 INFO neutron.api.wsgi [None req-0fc546d4-bd4b-4454-bc26-b0d34457ced3 76bf325012b74ed4bf158d717903cb7b 282477af86d94b62bd00cd2bf8f8fd73 - - default default] 10.0.0.179 "DELETE /v2.0/subnetpools/bc88a3b9-f26c-400a-b88d-d36191f23c8a HTTP/1.1" status: 204 len: 168 time: 0.0766616
2026-07-01 02:03:29.992 9 INFO neutron.api.wsgi [None req-d51722bc-e17a-4a02-aa0b-eccf72481ded 8b1fe97b3a2e47f3b322c480747c506d 609e0b9cb71948a9bae8c2a41da7ecfa - - default default] 10.0.0.179 "DELETE /v2.0/floatingips/0734f97a-3b1c-49ee-afd2-be6079e936d9 HTTP/1.1" status: 204 len: 168 time: 0.3301826
2026-07-01 02:03:30.026 10 INFO neutron.api.wsgi [None req-e41fc5b1-90aa-451f-a1d3-4d9310a803f4 76bf325012b74ed4bf158d717903cb7b 282477af86d94b62bd00cd2bf8f8fd73 - - default default] 10.0.0.179 "DELETE /v2.0/subnetpools/6d09ecd4-c6be-4582-a2ea-5f3b826fb241 HTTP/1.1" status: 204 len: 168 time: 0.0660596
2026-07-01 02:03:30.080 10 INFO neutron.api.wsgi [None req-16ddd9d4-624e-48e2-86d1-c37230a9d311 76bf325012b74ed4bf158d717903cb7b 282477af86d94b62bd00cd2bf8f8fd73 - - default default] 10.0.0.179 "DELETE /v2.0/subnetpools/e0975588-8de1-4e3d-86af-bfa57ef745be HTTP/1.1" status: 204 len: 168 time: 0.0497246
2026-07-01 02:03:30.125 9 INFO neutron.api.wsgi [None req-7f954291-58f8-4792-a971-a56ca0e61aeb 8b1fe97b3a2e47f3b322c480747c506d 609e0b9cb71948a9bae8c2a41da7ecfa - - default default] 10.0.0.179 "DELETE /v2.0/security-groups/8cd4fdd7-ea43-4321-b40d-6497e4c933ad HTTP/1.1" status: 204 len: 168 time: 0.1275084
2026-07-01 02:03:31.227 10 INFO neutron.db.ovn_revision_numbers_db [None req-31856993-81c9-4a50-8405-6107ed21c805 a33a965b76fc462d9b652971c6641128 93ce8b2fcfc948b3b1b917365da7aa0c - - default default] Successfully bumped revision number for resource d7834222-3e82-4b0d-bb50-92746d473a81 (type: security_groups) to 1
2026-07-01 02:03:31.243 10 INFO neutron.db.ovn_revision_numbers_db [None req-31856993-81c9-4a50-8405-6107ed21c805 a33a965b76fc462d9b652971c6641128 93ce8b2fcfc948b3b1b917365da7aa0c - - default default] Successfully bumped revision number for resource 41776883-693a-4bc2-afb6-c9e7125062f3 (type: security_group_rules) to 0
2026-07-01 02:03:31.257 10 INFO neutron.db.ovn_revision_numbers_db [None req-31856993-81c9-4a50-8405-6107ed21c805 a33a965b76fc462d9b652971c6641128 93ce8b2fcfc948b3b1b917365da7aa0c - - default default] Successfully bumped revision number for resource 5c370c9d-e2b1-4826-85d1-0c02d80f0f32 (type: security_group_rules) to 0
2026-07-01 02:03:31.318 10 INFO neutron.api.wsgi [None req-bfd1175c-2fab-4582-8b16-b36470e7e0bf a33a965b76fc462d9b652971c6641128 93ce8b2fcfc948b3b1b917365da7aa0c - - default default] 10.0.0.179 "PUT /v2.0/routers/f6bf5968-c7ed-4728-878b-ae63e828c7d2/remove_router_interface HTTP/1.1" status: 200 len: 503 time: 1.1476135 /var/lib/openstack/lib/python3.12/site-packages/pycadf/identifier.py:71: UserWarning: Invalid uuid: neutron. To ensure interoperability, identifiers should be a valid uuid. warnings.warn(('Invalid uuid: %s. To ensure interoperability, '
2026-07-01 02:03:31.363 10 INFO neutron.db.ovn_revision_numbers_db [None req-31856993-81c9-4a50-8405-6107ed21c805 a33a965b76fc462d9b652971c6641128 93ce8b2fcfc948b3b1b917365da7aa0c - - default default] Successfully bumped revision number for resource c7e35be1-c91f-4731-8055-f4e5bb89d4cd (type: security_group_rules) to 0
2026-07-01 02:03:31.381 10 INFO neutron.db.ovn_revision_numbers_db [None req-31856993-81c9-4a50-8405-6107ed21c805 a33a965b76fc462d9b652971c6641128 93ce8b2fcfc948b3b1b917365da7aa0c - - default default] Successfully bumped revision number for resource dd4f788e-e239-4f92-8a2f-5066f7ac6b82 (type: security_group_rules) to 0
2026-07-01 02:03:31.418 10 INFO neutron.api.wsgi [None req-31856993-81c9-4a50-8405-6107ed21c805 a33a965b76fc462d9b652971c6641128 93ce8b2fcfc948b3b1b917365da7aa0c - - default default] 10.0.0.179 "GET /v2.0/security-groups?tenant_id=e8346afae5304bdeb0b7062c4013d2e1&name=default HTTP/1.1" status: 200 len: 3120 time: 0.4634774
2026-07-01 02:03:31.428 10 INFO neutron.api.wsgi [None req-55396df0-8ad0-4480-8b00-225a27779f8f a33a965b76fc462d9b652971c6641128 93ce8b2fcfc948b3b1b917365da7aa0c - - default default] 199.204.45.22 "GET /v2.0/extensions/security-group HTTP/1.1" status: 200 len: 369 time: 0.0481546
2026-07-01 02:03:31.436 10 INFO neutron.api.wsgi [None req-12b11a0a-c777-489d-a80a-c1228a513851 a33a965b76fc462d9b652971c6641128 93ce8b2fcfc948b3b1b917365da7aa0c - - default default] 199.204.45.22 "GET /v2.0/extensions/dns-integration HTTP/1.1" status: 200 len: 371 time: 0.0034590
2026-07-01 02:03:31.449 10 INFO neutron.api.wsgi [None req-5ebc5064-6fc6-40dd-b3ff-8cbf94836710 a33a965b76fc462d9b652971c6641128 93ce8b2fcfc948b3b1b917365da7aa0c - - default default] 199.204.45.22 "GET /v2.0/extensions/qos HTTP/1.1" status: 200 len: 365 time: 0.0104527
2026-07-01 02:03:31.458 10 INFO neutron.api.wsgi [None req-f829a91b-fb8d-4207-aa2e-4b570cd54b6b a33a965b76fc462d9b652971c6641128 93ce8b2fcfc948b3b1b917365da7aa0c - - default default] 199.204.45.22 "GET /v2.0/extensions/allowed-address-pairs HTTP/1.1" status: 200 len: 383 time: 0.0036185
2026-07-01 02:03:31.493 10 INFO neutron.api.wsgi [None req-574421ed-5f41-4a71-a2fb-10d729e109fb a33a965b76fc462d9b652971c6641128 93ce8b2fcfc948b3b1b917365da7aa0c - - default default] 199.204.45.22 "GET /v2.0/ports/b693db3b-45bb-4be7-b48b-39e2db97edd6 HTTP/1.1" status: 200 len: 1328 time: 0.0270634
2026-07-01 02:03:31.600 9 INFO neutron.api.wsgi [None req-71c0b866-57dc-4a9c-9ce4-31130f3a9c27 a33a965b76fc462d9b652971c6641128 93ce8b2fcfc948b3b1b917365da7aa0c - - default default] 10.0.0.179 "DELETE /v2.0/security-groups/d7834222-3e82-4b0d-bb50-92746d473a81 HTTP/1.1" status: 204 len: 168 time: 0.1775079
2026-07-01 02:03:31.756 10 INFO neutron.api.wsgi [None req-0f04dcc7-243c-4925-b1e5-d42a748438eb a33a965b76fc462d9b652971c6641128 93ce8b2fcfc948b3b1b917365da7aa0c - - default default] 199.204.45.22 "GET /v2.0/extensions/security-group HTTP/1.1" status: 200 len: 369 time: 0.0062807
2026-07-01 02:03:31.771 10 INFO neutron.api.wsgi [None req-61f8f52d-e075-4eb7-bda6-1f576c3c630d a33a965b76fc462d9b652971c6641128 93ce8b2fcfc948b3b1b917365da7aa0c - - default default] 199.204.45.22 "GET /v2.0/extensions/dns-integration HTTP/1.1" status: 200 len: 371 time: 0.0038259
2026-07-01 02:03:31.782 10 INFO neutron.api.wsgi [None req-f348498b-5afb-4b13-84b6-aa7d19c2969e a33a965b76fc462d9b652971c6641128 93ce8b2fcfc948b3b1b917365da7aa0c - - default default] 199.204.45.22 "GET /v2.0/extensions/qos HTTP/1.1" status: 200 len: 365 time: 0.0049779
2026-07-01 02:03:31.791 10 INFO neutron.api.wsgi [None req-c4f60ade-90ac-4395-8c10-d0db643a2075 a33a965b76fc462d9b652971c6641128 93ce8b2fcfc948b3b1b917365da7aa0c - - default default] 199.204.45.22 "GET /v2.0/extensions/allowed-address-pairs HTTP/1.1" status: 200 len: 383 time: 0.0037384
2026-07-01 02:03:31.809 10 INFO neutron.api.v2.resource [None req-0f8ac02d-fec5-479f-b67b-57033497776d a33a965b76fc462d9b652971c6641128 93ce8b2fcfc948b3b1b917365da7aa0c - - default default] show failed (client error): The resource could not be found.
2026-07-01 02:03:31.810 10 INFO neutron.api.wsgi [None req-0f8ac02d-fec5-479f-b67b-57033497776d a33a965b76fc462d9b652971c6641128 93ce8b2fcfc948b3b1b917365da7aa0c - - default default] 199.204.45.22 "GET /v2.0/security-groups/lb-db862bc3-5c38-408e-980e-a6fc492028c8 HTTP/1.1" status: 404 len: 355 time: 0.0142715
2026-07-01 02:03:31.868 10 INFO neutron.api.wsgi [None req-2d171ff0-3185-423e-8b86-ce629d7513ed a33a965b76fc462d9b652971c6641128 93ce8b2fcfc948b3b1b917365da7aa0c - - default default] 199.204.45.22 "GET /v2.0/security-groups?name=lb-db862bc3-5c38-408e-980e-a6fc492028c8 HTTP/1.1" status: 200 len: 221 time: 0.0546854
2026-07-01 02:03:31.913 10 INFO neutron.db.ovn_revision_numbers_db [None req-ccbbd99b-1641-451a-b0fa-1246dea0de09 a33a965b76fc462d9b652971c6641128 93ce8b2fcfc948b3b1b917365da7aa0c - - default default] Successfully bumped revision number for resource 2eeb38f9-7336-4e86-b3a1-4c481afbb3e9 (type: security_groups) to 1
2026-07-01 02:03:31.935 10 INFO neutron.db.ovn_revision_numbers_db [None req-ccbbd99b-1641-451a-b0fa-1246dea0de09 a33a965b76fc462d9b652971c6641128 93ce8b2fcfc948b3b1b917365da7aa0c - - default default] Successfully bumped revision number for resource 0e626c76-6fff-4568-8399-d0a47978be8e (type: security_group_rules) to 0
2026-07-01 02:03:31.955 10 INFO neutron.db.ovn_revision_numbers_db [None req-ccbbd99b-1641-451a-b0fa-1246dea0de09 a33a965b76fc462d9b652971c6641128 93ce8b2fcfc948b3b1b917365da7aa0c - - default default] Successfully bumped revision number for resource a01c3c3a-426f-41ef-8446-cdb9306e03f7 (type: security_group_rules) to 0
2026-07-01 02:03:31.979 10 INFO neutron.db.ovn_revision_numbers_db [None req-ccbbd99b-1641-451a-b0fa-1246dea0de09 a33a965b76fc462d9b652971c6641128 93ce8b2fcfc948b3b1b917365da7aa0c - - default default] Successfully bumped revision number for resource a86a030c-a08d-4137-8c3f-96ffa0672f98 (type: security_group_rules) to 0
2026-07-01 02:03:32.014 10 INFO neutron.db.ovn_revision_numbers_db [None req-ccbbd99b-1641-451a-b0fa-1246dea0de09 a33a965b76fc462d9b652971c6641128 93ce8b2fcfc948b3b1b917365da7aa0c - - default default] Successfully bumped revision number for resource bc17b966-8199-4d59-9080-170cd11d3d81 (type: security_group_rules) to 0
2026-07-01 02:03:32.048 10 INFO neutron.db.ovn_revision_numbers_db [None req-9c809b9a-5b95-49f7-904a-692e71555dba a33a965b76fc462d9b652971c6641128 93ce8b2fcfc948b3b1b917365da7aa0c - - default default] Successfully bumped revision number for resource 598ad545-396d-4d38-8874-e10a06fca96d (type: security_groups) to 1
2026-07-01 02:03:32.077 10 INFO neutron.api.wsgi [None req-ccbbd99b-1641-451a-b0fa-1246dea0de09 a33a965b76fc462d9b652971c6641128 93ce8b2fcfc948b3b1b917365da7aa0c - - default default] 10.0.0.179 "GET /v2.0/security-groups?tenant_id=282477af86d94b62bd00cd2bf8f8fd73&name=default HTTP/1.1" status: 200 len: 3120 time: 0.3710132
2026-07-01 02:03:32.078 10 INFO neutron.db.ovn_revision_numbers_db [None req-9c809b9a-5b95-49f7-904a-692e71555dba a33a965b76fc462d9b652971c6641128 93ce8b2fcfc948b3b1b917365da7aa0c - - default default] Successfully bumped revision number for resource 052ec2e0-7556-42ac-9e46-b1a86dd14b1e (type: security_group_rules) to 0
2026-07-01 02:03:32.105 10 INFO neutron.db.ovn_revision_numbers_db [None req-9c809b9a-5b95-49f7-904a-692e71555dba a33a965b76fc462d9b652971c6641128 93ce8b2fcfc948b3b1b917365da7aa0c - - default default] Successfully bumped revision number for resource da7c6e3a-6977-44e6-95c4-cbfe1493151c (type: security_group_rules) to 0
2026-07-01 02:03:32.149 10 INFO neutron.api.wsgi [None req-9c809b9a-5b95-49f7-904a-692e71555dba a33a965b76fc462d9b652971c6641128 93ce8b2fcfc948b3b1b917365da7aa0c - - default default] 199.204.45.22 "POST /v2.0/security-groups HTTP/1.1" status: 201 len: 1841 time: 0.2753272
2026-07-01 02:03:32.167 10 INFO neutron.api.wsgi [None req-087a045c-cb22-4fd7-a32c-d8df55977f31 a33a965b76fc462d9b652971c6641128 93ce8b2fcfc948b3b1b917365da7aa0c - - default default] 10.0.0.179 "DELETE /v2.0/routers/f6bf5968-c7ed-4728-878b-ae63e828c7d2 HTTP/1.1" status: 204 len: 168 time: 0.8236692
2026-07-01 02:03:32.190 10 INFO neutron.api.wsgi [None req-ecd0061d-33cd-4854-aecf-d7e3657f252f a33a965b76fc462d9b652971c6641128 93ce8b2fcfc948b3b1b917365da7aa0c - - default default] 199.204.45.22 "GET /v2.0/security-group-rules?security_group_id=598ad545-396d-4d38-8874-e10a06fca96d HTTP/1.1" status: 200 len: 1382 time: 0.0353489
2026-07-01 02:03:32.294 9 INFO neutron.api.wsgi [None req-df990b07-cd11-46bf-aaf7-2cdec8008349 a33a965b76fc462d9b652971c6641128 93ce8b2fcfc948b3b1b917365da7aa0c - - default default] 10.0.0.179 "DELETE /v2.0/security-groups/2eeb38f9-7336-4e86-b3a1-4c481afbb3e9 HTTP/1.1" status: 204 len: 168 time: 0.2125146
2026-07-01 02:03:32.326 9 INFO neutron.api.wsgi [None req-fa4027f0-3d90-4259-b505-71ffb172ae82 a33a965b76fc462d9b652971c6641128 93ce8b2fcfc948b3b1b917365da7aa0c - - default default] 10.0.0.179 "DELETE /v2.0/subnets/9a68b33a-d403-4d66-b70b-e04a67ec7904 HTTP/1.1" status: 204 len: 168 time: 0.1547449
2026-07-01 02:03:32.538 10 INFO neutron.db.ovn_revision_numbers_db [None req-7baf4af3-4687-42dc-8487-8fbc9e553834 a33a965b76fc462d9b652971c6641128 93ce8b2fcfc948b3b1b917365da7aa0c - - default default] Successfully bumped revision number for resource b693db3b-45bb-4be7-b48b-39e2db97edd6 (type: ports) to 2
2026-07-01 02:03:32.546 10 INFO neutron.api.wsgi [None req-7baf4af3-4687-42dc-8487-8fbc9e553834 a33a965b76fc462d9b652971c6641128 93ce8b2fcfc948b3b1b917365da7aa0c - - default default] 199.204.45.22 "PUT /v2.0/ports/b693db3b-45bb-4be7-b48b-39e2db97edd6 HTTP/1.1" status: 200 len: 1328 time: 0.3452568
2026-07-01 02:03:32.549 9 INFO neutron.db.ovn_revision_numbers_db [None req-ffea4dd3-1926-4ee1-9ea2-4a4ab928f51e a33a965b76fc462d9b652971c6641128 93ce8b2fcfc948b3b1b917365da7aa0c - - default default] Successfully bumped revision number for resource 15368ef7-7bb7-41bd-b0b1-b1ba5c07f341 (type: security_groups) to 1
2026-07-01 02:03:32.562 9 INFO neutron.db.ovn_revision_numbers_db [None req-ffea4dd3-1926-4ee1-9ea2-4a4ab928f51e a33a965b76fc462d9b652971c6641128 93ce8b2fcfc948b3b1b917365da7aa0c - - default default] Successfully bumped revision number for resource 30287d05-72bd-4318-b9fd-49ea1295d392 (type: security_group_rules) to 0
2026-07-01 02:03:32.572 9 INFO neutron.db.ovn_revision_numbers_db [None req-ffea4dd3-1926-4ee1-9ea2-4a4ab928f51e a33a965b76fc462d9b652971c6641128 93ce8b2fcfc948b3b1b917365da7aa0c - - default default] Successfully bumped revision number for resource 936ac1b4-901f-40fd-bf9e-cdf6941c7acc (type: security_group_rules) to 0
2026-07-01 02:03:32.586 9 INFO neutron.db.ovn_revision_numbers_db [None req-ffea4dd3-1926-4ee1-9ea2-4a4ab928f51e a33a965b76fc462d9b652971c6641128 93ce8b2fcfc948b3b1b917365da7aa0c - - default default] Successfully bumped revision number for resource 95e82af4-eb79-4824-8179-dd2e7219df5b (type: security_group_rules) to 0
2026-07-01 02:03:32.599 9 INFO neutron.db.ovn_revision_numbers_db [None req-ffea4dd3-1926-4ee1-9ea2-4a4ab928f51e a33a965b76fc462d9b652971c6641128 93ce8b2fcfc948b3b1b917365da7aa0c - - default default] Successfully bumped revision number for resource 982ee160-0998-49c6-bbf9-bf789997df5d (type: security_group_rules) to 0 /var/lib/openstack/lib/python3.12/site-packages/pycadf/identifier.py:71: UserWarning: Invalid uuid: neutron. To ensure interoperability, identifiers should be a valid uuid. warnings.warn(('Invalid uuid: %s. To ensure interoperability, '
2026-07-01 02:03:32.605 10 INFO neutron.api.wsgi [None req-b8af5c2f-c081-456e-a171-d579c19189bc a33a965b76fc462d9b652971c6641128 93ce8b2fcfc948b3b1b917365da7aa0c - - default default] 199.204.45.22 "GET /v2.0/extensions/security-group HTTP/1.1" status: 200 len: 369 time: 0.0069726
2026-07-01 02:03:32.616 10 INFO neutron.api.wsgi [None req-51da13c3-43f8-4578-aa2c-01010b14c5b0 a33a965b76fc462d9b652971c6641128 93ce8b2fcfc948b3b1b917365da7aa0c - - default default] 199.204.45.22 "GET /v2.0/extensions/dns-integration HTTP/1.1" status: 200 len: 371 time: 0.0076871
2026-07-01 02:03:32.625 10 INFO neutron.api.wsgi [None req-075fe599-f492-4d03-9760-d19ab40731aa a33a965b76fc462d9b652971c6641128 93ce8b2fcfc948b3b1b917365da7aa0c - - default default] 199.204.45.22 "GET /v2.0/extensions/qos HTTP/1.1" status: 200 len: 365 time: 0.0051405
2026-07-01 02:03:32.634 10 INFO neutron.api.wsgi [None req-c27967fc-45c6-4301-b37c-f24111a25f1b a33a965b76fc462d9b652971c6641128 93ce8b2fcfc948b3b1b917365da7aa0c - - default default] 199.204.45.22 "GET /v2.0/extensions/allowed-address-pairs HTTP/1.1" status: 200 len: 383 time: 0.0064335
2026-07-01 02:03:32.646 9 INFO neutron.api.wsgi [None req-ffea4dd3-1926-4ee1-9ea2-4a4ab928f51e a33a965b76fc462d9b652971c6641128 93ce8b2fcfc948b3b1b917365da7aa0c - - default default] 10.0.0.179 "GET /v2.0/security-groups?tenant_id=66b9eeb90fb94120be4de03de15305d7&name=default HTTP/1.1" status: 200 len: 3120 time: 0.2116520
2026-07-01 02:03:32.649 10 INFO neutron.services.segments.plugin [-] Segment 8c39f1c4-9ee2-4ad9-91b6-8b39611f9e55 resource provider aggregate not found
2026-07-01 02:03:32.653 10 INFO neutron.services.segments.plugin [-] Segment 8c39f1c4-9ee2-4ad9-91b6-8b39611f9e55 resource provider aggregate not found
2026-07-01 02:03:32.662 10 INFO neutron.services.segments.plugin [-] Segment 8c39f1c4-9ee2-4ad9-91b6-8b39611f9e55 resource provider not found; error: Placement Client Error (4xx): {"errors": [{"status": 404, "title": "Not Found", "detail": "The resource could not be found.\n\n No resource provider with uuid 8c39f1c4-9ee2-4ad9-91b6-8b39611f9e55 found for delete ", "request_id": "req-9f00fa10-54e1-47aa-a6c5-ca7ab0a383f1"}]}
2026-07-01 02:03:32.665 10 INFO neutron.api.wsgi [None req-c17b8855-12f2-4956-a2f8-babc73034633 a33a965b76fc462d9b652971c6641128 93ce8b2fcfc948b3b1b917365da7aa0c - - default default] 199.204.45.22 "GET /v2.0/subnets/b05b17bb-7aee-4ccb-a539-643fc88cd177 HTTP/1.1" status: 200 len: 875 time: 0.0272179
2026-07-01 02:03:32.672 10 INFO neutron.services.segments.plugin [-] Segment 8c39f1c4-9ee2-4ad9-91b6-8b39611f9e55 resource provider not found; error: Placement Client Error (4xx): {"errors": [{"status": 404, "title": "Not Found", "detail": "The resource could not be found.\n\n No resource provider with uuid 8c39f1c4-9ee2-4ad9-91b6-8b39611f9e55 found for delete ", "request_id": "req-9f141a3e-ab3e-4721-8ffc-1f3f07aeb7b3"}]}
2026-07-01 02:03:32.685 10 INFO neutron.api.wsgi [None req-78564d71-309a-401c-8dff-ed58057f6df6 a33a965b76fc462d9b652971c6641128 93ce8b2fcfc948b3b1b917365da7aa0c - - default default] 10.0.0.179 "DELETE /v2.0/networks/b1449820-4b35-4401-a36d-1c292be71294 HTTP/1.1" status: 204 len: 168 time: 0.3545594
2026-07-01 02:03:32.843 9 INFO neutron.api.wsgi [None req-4602ef02-29f2-441c-928e-9ae1f36f0451 a33a965b76fc462d9b652971c6641128 93ce8b2fcfc948b3b1b917365da7aa0c - - default default] 10.0.0.179 "DELETE /v2.0/security-groups/15368ef7-7bb7-41bd-b0b1-b1ba5c07f341 HTTP/1.1" status: 204 len: 168 time: 0.1922052
2026-07-01 02:03:33.756 10 INFO neutron.api.wsgi [None req-5a46003d-b869-4ffc-9362-14f8ace11c59 a33a965b76fc462d9b652971c6641128 93ce8b2fcfc948b3b1b917365da7aa0c - - default default] 10.0.0.179 "PUT /v2.0/routers/9dc2e0b8-f5a2-4afa-b64e-7b4a6178c03b/remove_router_interface HTTP/1.1" status: 200 len: 503 time: 1.0662601 /var/lib/openstack/lib/python3.12/site-packages/pycadf/identifier.py:71: UserWarning: Invalid uuid: neutron. To ensure interoperability, identifiers should be a valid uuid. warnings.warn(('Invalid uuid: %s. To ensure interoperability, '
2026-07-01 02:03:34.410 10 INFO neutron.api.wsgi [None req-74cb07e6-b819-4172-b951-8749fda7b00b a33a965b76fc462d9b652971c6641128 93ce8b2fcfc948b3b1b917365da7aa0c - - default default] 10.0.0.179 "DELETE /v2.0/routers/9dc2e0b8-f5a2-4afa-b64e-7b4a6178c03b HTTP/1.1" status: 204 len: 168 time: 0.6488292
2026-07-01 02:03:34.564 9 INFO neutron.api.wsgi [None req-af7037b2-b8fb-4cd3-9a9d-12d6d61f9466 a33a965b76fc462d9b652971c6641128 93ce8b2fcfc948b3b1b917365da7aa0c - - default default] 10.0.0.179 "DELETE /v2.0/subnets/0cd74f06-4916-47f9-ab2e-8e465dbf01e8 HTTP/1.1" status: 204 len: 168 time: 0.1381702
2026-07-01 02:03:34.857 9 INFO neutron.services.segments.plugin [-] Segment 07cdbe3c-4d87-46f3-984f-7359b5bc423b resource provider aggregate not found
2026-07-01 02:03:34.863 9 INFO neutron.services.segments.plugin [-] Segment 07cdbe3c-4d87-46f3-984f-7359b5bc423b resource provider aggregate not found
2026-07-01 02:03:34.875 9 INFO neutron.services.segments.plugin [-] Segment 07cdbe3c-4d87-46f3-984f-7359b5bc423b resource provider not found; error: Placement Client Error (4xx): {"errors": [{"status": 404, "title": "Not Found", "detail": "The resource could not be found.\n\n No resource provider with uuid 07cdbe3c-4d87-46f3-984f-7359b5bc423b found for delete ", "request_id": "req-4cd880a4-01d4-4d97-abd4-3dc9da48b839"}]}
2026-07-01 02:03:34.877 9 INFO neutron.services.segments.plugin [-] Segment 07cdbe3c-4d87-46f3-984f-7359b5bc423b resource provider not found; error: Placement Client Error (4xx): {"errors": [{"status": 404, "title": "Not Found", "detail": "The resource could not be found.\n\n No resource provider with uuid 07cdbe3c-4d87-46f3-984f-7359b5bc423b found for delete ", "request_id": "req-452e7995-bd94-4a7b-9a85-ec8b068cf37a"}]}
2026-07-01 02:03:34.890 9 INFO neutron.api.wsgi [None req-e70a2a7c-aefa-4e46-984d-34b6738b7c2e a33a965b76fc462d9b652971c6641128 93ce8b2fcfc948b3b1b917365da7aa0c - - default default] 10.0.0.179 "DELETE /v2.0/networks/605d8203-523c-43ab-a403-51a0db001791 HTTP/1.1" status: 204 len: 168 time: 0.3209021
2026-07-01 02:03:35.145 9 INFO neutron.api.wsgi [None req-a7a09e5e-6759-4a17-af9d-d5ebc5d17bc3 a33a965b76fc462d9b652971c6641128 93ce8b2fcfc948b3b1b917365da7aa0c - - default default] 10.0.0.179 "GET /v2.0/security-groups?tenant_id=75eb30209d5e4215ba8b8b674c9f36b7&name=default HTTP/1.1" status: 200 len: 3120 time: 0.0319738
