2026-07-01 02:04:32.174 9 WARNING neutron_lib.context [None req-07849413-ff86-431c-97b2-6c98c592e785 745e79a7f5fa4234a9ea17cce8b1654d 625bd1d5bf034640989a3ddcc887171d - - default default] Method 'is_advsvc' is deprecated since 2023.2 release (neutron-lib 3.8.0) and will be removed once support for the old RBAC API policies will be removed from Neutron. Please use method 'is_service_role' instead.
2026-07-01 02:04:32.187 9 INFO neutron.db.ovn_revision_numbers_db [req-9023e015-e765-421c-8183-c32d704b8248 req-8de3bca7-f33f-479d-97c5-6450acf48a28 0746676e60fb4efe8b29012ba137f9ce a001d5f3965e404585f5f6102d39a46b - - d98b857e90864c74adc3bf5bfdf4dc38 d98b857e90864c74adc3bf5bfdf4dc38] Successfully bumped revision number for resource b2bed0fc-a96c-42f8-973d-b9d049ccb776 (type: ports) to 4
2026-07-01 02:04:32.201 10 INFO neutron.api.wsgi [None req-a4ddf045-23ff-4b58-aadd-b759cece1da7 14701a9bc2c44d39b15586d4b21353a8 1f2ac5ff14d94c0590570202187c0f00 - - default default] 10.0.0.179 "GET /v2.0/ports/041439bf-acec-4e10-88ed-39cb2b2b4721/tags HTTP/1.1" status: 200 len: 227 time: 0.0331075
2026-07-01 02:04:32.208 9 INFO neutron.api.wsgi [req-9023e015-e765-421c-8183-c32d704b8248 req-8de3bca7-f33f-479d-97c5-6450acf48a28 0746676e60fb4efe8b29012ba137f9ce a001d5f3965e404585f5f6102d39a46b - - d98b857e90864c74adc3bf5bfdf4dc38 d98b857e90864c74adc3bf5bfdf4dc38] 199.204.45.22 "PUT /v2.0/ports/b2bed0fc-a96c-42f8-973d-b9d049ccb776 HTTP/1.1" status: 200 len: 1456 time: 0.6958323
2026-07-01 02:04:32.238 10 INFO neutron.api.wsgi [None req-985d0e5a-b0dd-4cec-acc4-5361a16b85f1 14701a9bc2c44d39b15586d4b21353a8 1f2ac5ff14d94c0590570202187c0f00 - - default default] 10.0.0.179 "PUT /v2.0/ports/041439bf-acec-4e10-88ed-39cb2b2b4721/tags/red HTTP/1.1" status: 201 len: 201 time: 0.0322309
2026-07-01 02:04:32.251 9 INFO neutron.notifiers.nova [-] Nova event matching ['req-26741a10-6cd2-4ec7-8a42-9ba72035b698'] response: {'name': 'network-changed', 'server_uuid': '7bcecd71-1a39-4d2e-9b59-495fb3298497', 'tag': 'b2bed0fc-a96c-42f8-973d-b9d049ccb776', 'status': 'completed', 'code': 200}
2026-07-01 02:04:32.281 9 INFO neutron.api.wsgi [None req-079d3283-8da9-4e7b-aabe-cfe63bd995fe 14701a9bc2c44d39b15586d4b21353a8 1f2ac5ff14d94c0590570202187c0f00 - - default default] 10.0.0.179 "GET /v2.0/ports/041439bf-acec-4e10-88ed-39cb2b2b4721/tags HTTP/1.1" status: 200 len: 227 time: 0.0370598
2026-07-01 02:04:32.340 9 INFO neutron.api.wsgi [None req-e3f0e1b9-f34f-4a7d-8f62-62aa93591609 14701a9bc2c44d39b15586d4b21353a8 1f2ac5ff14d94c0590570202187c0f00 - - default default] 10.0.0.179 "PUT /v2.0/ports/041439bf-acec-4e10-88ed-39cb2b2b4721/tags/black.or.white HTTP/1.1" status: 201 len: 201 time: 0.0553455
2026-07-01 02:04:32.377 9 INFO neutron.api.wsgi [None req-b574495f-fc69-4d60-880a-431108bc481e 14701a9bc2c44d39b15586d4b21353a8 1f2ac5ff14d94c0590570202187c0f00 - - default default] 10.0.0.179 "GET /v2.0/ports/041439bf-acec-4e10-88ed-39cb2b2b4721/tags HTTP/1.1" status: 200 len: 245 time: 0.0320995
2026-07-01 02:04:32.396 9 WARNING neutron.scheduler.dhcp_agent_scheduler [None req-07849413-ff86-431c-97b2-6c98c592e785 745e79a7f5fa4234a9ea17cce8b1654d 625bd1d5bf034640989a3ddcc887171d - - default default] No more DHCP agents
2026-07-01 02:04:32.398 9 WARNING neutron.api.rpc.agentnotifiers.dhcp_rpc_agent_api [None req-07849413-ff86-431c-97b2-6c98c592e785 745e79a7f5fa4234a9ea17cce8b1654d 625bd1d5bf034640989a3ddcc887171d - - default default] Unable to schedule network de65f33f-e236-4d34-91c4-9dd72b4d3d2c: no agents available; will retry on subsequent port and subnet creation events.
2026-07-01 02:04:32.421 9 INFO neutron.db.ovn_revision_numbers_db [None req-07849413-ff86-431c-97b2-6c98c592e785 745e79a7f5fa4234a9ea17cce8b1654d 625bd1d5bf034640989a3ddcc887171d - - default default] Successfully bumped revision number for resource cc513937-ea05-4c81-8673-1739f34e6dfb (type: subnets) to 0
2026-07-01 02:04:32.426 9 INFO neutron.api.wsgi [None req-666414de-f496-40e5-b885-e18bde5ec016 14701a9bc2c44d39b15586d4b21353a8 1f2ac5ff14d94c0590570202187c0f00 - - default default] 10.0.0.179 "PUT /v2.0/ports/041439bf-acec-4e10-88ed-39cb2b2b4721/tags HTTP/1.1" status: 200 len: 230 time: 0.0440376
2026-07-01 02:04:32.437 9 INFO neutron.api.wsgi [None req-07849413-ff86-431c-97b2-6c98c592e785 745e79a7f5fa4234a9ea17cce8b1654d 625bd1d5bf034640989a3ddcc887171d - - default default] 10.0.0.179 "POST /v2.0/subnets HTTP/1.1" status: 201 len: 826 time: 0.2667494
2026-07-01 02:04:32.448 9 WARNING neutron_lib.context [None req-7fec3fd8-7d81-47e0-8046-7c66e81191eb 745e79a7f5fa4234a9ea17cce8b1654d 625bd1d5bf034640989a3ddcc887171d - - default default] Method 'is_advsvc' is deprecated since 2023.2 release (neutron-lib 3.8.0) and will be removed once support for the old RBAC API policies will be removed from Neutron. Please use method 'is_service_role' instead.
2026-07-01 02:04:32.463 9 INFO neutron.api.wsgi [None req-b7d2367a-1c2c-441a-8b07-60eb5ad907dc 14701a9bc2c44d39b15586d4b21353a8 1f2ac5ff14d94c0590570202187c0f00 - - default default] 10.0.0.179 "GET /v2.0/ports/041439bf-acec-4e10-88ed-39cb2b2b4721/tags HTTP/1.1" status: 200 len: 230 time: 0.0323918
2026-07-01 02:04:32.501 10 INFO neutron.api.wsgi [None req-c32a3b03-797a-4e9d-9b5b-115c7a09d40e 14701a9bc2c44d39b15586d4b21353a8 1f2ac5ff14d94c0590570202187c0f00 - - default default] 10.0.0.179 "GET /v2.0/ports/041439bf-acec-4e10-88ed-39cb2b2b4721/tags/red HTTP/1.1" status: 204 len: 168 time: 0.0329287
2026-07-01 02:04:32.532 10 INFO neutron.api.v2.resource [None req-d30abe56-c652-4af5-8829-3390f6c6259e 14701a9bc2c44d39b15586d4b21353a8 1f2ac5ff14d94c0590570202187c0f00 - - default default] show failed (client error): The resource could not be found.
2026-07-01 02:04:32.534 10 INFO neutron.api.wsgi [None req-d30abe56-c652-4af5-8829-3390f6c6259e 14701a9bc2c44d39b15586d4b21353a8 1f2ac5ff14d94c0590570202187c0f00 - - default default] 10.0.0.179 "GET /v2.0/ports/041439bf-acec-4e10-88ed-39cb2b2b4721/tags/green HTTP/1.1" status: 404 len: 299 time: 0.0281205
2026-07-01 02:04:32.582 10 INFO neutron.api.wsgi [None req-d25944ce-f7a2-425c-b4a2-0b8cfae55e49 14701a9bc2c44d39b15586d4b21353a8 1f2ac5ff14d94c0590570202187c0f00 - - default default] 10.0.0.179 "DELETE /v2.0/ports/041439bf-acec-4e10-88ed-39cb2b2b4721/tags/red HTTP/1.1" status: 204 len: 168 time: 0.0438879
2026-07-01 02:04:32.628 10 INFO neutron.api.wsgi [None req-56d27ade-d089-4c5f-813c-4d4b566d2687 14701a9bc2c44d39b15586d4b21353a8 1f2ac5ff14d94c0590570202187c0f00 - - default default] 10.0.0.179 "GET /v2.0/ports/041439bf-acec-4e10-88ed-39cb2b2b4721/tags HTTP/1.1" status: 200 len: 223 time: 0.0414064
2026-07-01 02:04:32.666 10 INFO neutron.api.v2.resource [None req-fbd7ac64-2025-4112-a449-91b00256fd0b 14701a9bc2c44d39b15586d4b21353a8 1f2ac5ff14d94c0590570202187c0f00 - - default default] delete failed (client error): The resource could not be found.
2026-07-01 02:04:32.667 10 INFO neutron.api.wsgi [None req-fbd7ac64-2025-4112-a449-91b00256fd0b 14701a9bc2c44d39b15586d4b21353a8 1f2ac5ff14d94c0590570202187c0f00 - - default default] 10.0.0.179 "DELETE /v2.0/ports/041439bf-acec-4e10-88ed-39cb2b2b4721/tags/green HTTP/1.1" status: 404 len: 299 time: 0.0333478
2026-07-01 02:04:32.738 9 INFO neutron.api.wsgi [None req-5fae2be5-1ce1-4a8f-bf36-626416ff5e5f 14701a9bc2c44d39b15586d4b21353a8 1f2ac5ff14d94c0590570202187c0f00 - - default default] 10.0.0.179 "DELETE /v2.0/ports/041439bf-acec-4e10-88ed-39cb2b2b4721/tags HTTP/1.1" status: 204 len: 168 time: 0.0652814
2026-07-01 02:04:32.775 10 INFO neutron.api.wsgi [None req-225b1d76-bf52-42c3-863c-638e6bb9d9a7 14701a9bc2c44d39b15586d4b21353a8 1f2ac5ff14d94c0590570202187c0f00 - - default default] 10.0.0.179 "GET /v2.0/ports/041439bf-acec-4e10-88ed-39cb2b2b4721/tags HTTP/1.1" status: 200 len: 205 time: 0.0319362
2026-07-01 02:04:32.793 9 INFO neutron.api.wsgi [req-a9359602-f9a6-4483-b6dd-3ac3c5761fb1 req-61ed95ba-ee4a-4052-971c-ff5abc103eff 0746676e60fb4efe8b29012ba137f9ce a001d5f3965e404585f5f6102d39a46b - - d98b857e90864c74adc3bf5bfdf4dc38 d98b857e90864c74adc3bf5bfdf4dc38] 199.204.45.22 "GET /v2.0/ports?tenant_id=93ce8b2fcfc948b3b1b917365da7aa0c&device_id=7bcecd71-1a39-4d2e-9b59-495fb3298497 HTTP/1.1" status: 200 len: 2661 time: 0.0361357
2026-07-01 02:04:32.853 9 INFO neutron.api.wsgi [req-a9359602-f9a6-4483-b6dd-3ac3c5761fb1 req-9147081a-e089-42aa-82b8-23a19c6e50e7 0746676e60fb4efe8b29012ba137f9ce a001d5f3965e404585f5f6102d39a46b - - d98b857e90864c74adc3bf5bfdf4dc38 d98b857e90864c74adc3bf5bfdf4dc38] 199.204.45.22 "GET /v2.0/networks?id=e14165a1-6d96-4f33-b98f-7c92d69b728a HTTP/1.1" status: 200 len: 1004 time: 0.0542607
2026-07-01 02:04:32.875 9 INFO neutron.api.wsgi [req-a9359602-f9a6-4483-b6dd-3ac3c5761fb1 req-2b416a29-97be-457e-9def-2fe7333db7a5 0746676e60fb4efe8b29012ba137f9ce a001d5f3965e404585f5f6102d39a46b - - d98b857e90864c74adc3bf5bfdf4dc38 d98b857e90864c74adc3bf5bfdf4dc38] 199.204.45.22 "GET /v2.0/floatingips?fixed_ip_address=10.1.1.252&port_id=b2bed0fc-a96c-42f8-973d-b9d049ccb776 HTTP/1.1" status: 200 len: 217 time: 0.0151088
2026-07-01 02:04:32.878 9 WARNING neutron.scheduler.dhcp_agent_scheduler [None req-7fec3fd8-7d81-47e0-8046-7c66e81191eb 745e79a7f5fa4234a9ea17cce8b1654d 625bd1d5bf034640989a3ddcc887171d - - default default] No more DHCP agents
2026-07-01 02:04:32.879 9 WARNING neutron.api.rpc.agentnotifiers.dhcp_rpc_agent_api [None req-7fec3fd8-7d81-47e0-8046-7c66e81191eb 745e79a7f5fa4234a9ea17cce8b1654d 625bd1d5bf034640989a3ddcc887171d - - default default] Unable to schedule network c3a7df79-e9e7-40b4-ac86-3230c57ce204: no agents available; will retry on subsequent port and subnet creation events.
2026-07-01 02:04:32.905 9 INFO neutron.api.wsgi [req-a9359602-f9a6-4483-b6dd-3ac3c5761fb1 req-efec4499-f2dc-49e6-8096-fc0ee8bbce3b 0746676e60fb4efe8b29012ba137f9ce a001d5f3965e404585f5f6102d39a46b - - d98b857e90864c74adc3bf5bfdf4dc38 d98b857e90864c74adc3bf5bfdf4dc38] 199.204.45.22 "GET /v2.0/subnets?id=b05b17bb-7aee-4ccb-a539-643fc88cd177 HTTP/1.1" status: 200 len: 878 time: 0.0234649
2026-07-01 02:04:32.925 9 INFO neutron.api.wsgi [req-a9359602-f9a6-4483-b6dd-3ac3c5761fb1 req-b752a017-6247-4411-a477-9726d8448a6f 0746676e60fb4efe8b29012ba137f9ce a001d5f3965e404585f5f6102d39a46b - - d98b857e90864c74adc3bf5bfdf4dc38 d98b857e90864c74adc3bf5bfdf4dc38] 199.204.45.22 "GET /v2.0/ports?network_id=e14165a1-6d96-4f33-b98f-7c92d69b728a&device_owner=network%3Adhcp HTTP/1.1" status: 200 len: 210 time: 0.0138516
2026-07-01 02:04:32.973 9 INFO neutron.api.wsgi [req-a9359602-f9a6-4483-b6dd-3ac3c5761fb1 req-037bafbe-8cf4-4c3c-9093-0513c62abbf1 0746676e60fb4efe8b29012ba137f9ce a001d5f3965e404585f5f6102d39a46b - - d98b857e90864c74adc3bf5bfdf4dc38 d98b857e90864c74adc3bf5bfdf4dc38] 199.204.45.22 "GET /v2.0/networks/e14165a1-6d96-4f33-b98f-7c92d69b728a?fields=segments HTTP/1.1" status: 200 len: 212 time: 0.0406165
2026-07-01 02:04:33.012 9 INFO neutron.db.ovn_revision_numbers_db [None req-7fec3fd8-7d81-47e0-8046-7c66e81191eb 745e79a7f5fa4234a9ea17cce8b1654d 625bd1d5bf034640989a3ddcc887171d - - default default] Successfully bumped revision number for resource c8bb980b-7406-4405-ab08-eeb96a0ff2e0 (type: ports) to 1
2026-07-01 02:04:33.014 10 INFO neutron.api.wsgi [None req-ed27e32d-eb17-48c3-adf6-f3a4b59ac2d2 14701a9bc2c44d39b15586d4b21353a8 1f2ac5ff14d94c0590570202187c0f00 - - default default] 10.0.0.179 "DELETE /v2.0/ports/041439bf-acec-4e10-88ed-39cb2b2b4721 HTTP/1.1" status: 204 len: 168 time: 0.2345271
2026-07-01 02:04:33.029 9 INFO neutron.api.wsgi [req-a9359602-f9a6-4483-b6dd-3ac3c5761fb1 req-6e26a47c-c93a-475a-a807-ed2fc5241568 0746676e60fb4efe8b29012ba137f9ce a001d5f3965e404585f5f6102d39a46b - - d98b857e90864c74adc3bf5bfdf4dc38 d98b857e90864c74adc3bf5bfdf4dc38] 199.204.45.22 "GET /v2.0/networks/e14165a1-6d96-4f33-b98f-7c92d69b728a?fields=provider%3Aphysical_network&fields=provider%3Anetwork_type HTTP/1.1" status: 200 len: 277 time: 0.0504665
2026-07-01 02:04:33.303 10 INFO neutron.services.segments.plugin [-] Segment d2ee1610-1505-4a0e-a22d-5d72dea264fd resource provider aggregate not found
2026-07-01 02:04:33.307 10 INFO neutron.services.segments.plugin [-] Segment d2ee1610-1505-4a0e-a22d-5d72dea264fd resource provider aggregate not found
2026-07-01 02:04:33.322 10 INFO neutron.services.segments.plugin [-] Segment d2ee1610-1505-4a0e-a22d-5d72dea264fd resource provider not found; error: Placement Client Error (4xx): {"errors": [{"status": 404, "title": "Not Found", "detail": "The resource could not be found.\n\n No resource provider with uuid d2ee1610-1505-4a0e-a22d-5d72dea264fd found for delete ", "request_id": "req-dccc0b98-ef36-4e96-8436-64413573bd79"}]}
2026-07-01 02:04:33.323 10 INFO neutron.services.segments.plugin [-] Segment d2ee1610-1505-4a0e-a22d-5d72dea264fd resource provider not found; error: Placement Client Error (4xx): {"errors": [{"status": 404, "title": "Not Found", "detail": "The resource could not be found.\n\n No resource provider with uuid d2ee1610-1505-4a0e-a22d-5d72dea264fd found for delete ", "request_id": "req-41c9d1d4-e917-431e-a908-5256d591946b"}]}
2026-07-01 02:04:33.333 10 INFO neutron.api.wsgi [None req-275efcde-e01f-41ba-ad39-bff1b5080121 14701a9bc2c44d39b15586d4b21353a8 1f2ac5ff14d94c0590570202187c0f00 - - default default] 10.0.0.179 "DELETE /v2.0/networks/913b7947-8588-4808-af8c-3d9dfcc29630 HTTP/1.1" status: 204 len: 168 time: 0.3145683
2026-07-01 02:04:33.574 9 INFO neutron.plugins.ml2.drivers.ovn.mech_driver.ovsdb.commands [None req-5be845b5-f327-4bb0-a3d7-f2656508c130 - - - - - -] Schedule LRP lrp-c8bb980b-7406-4405-ab08-eeb96a0ff2e0 on gateway 18aad834-2a8d-4bb1-9019-11d6bf7f1e3f with priority 1
2026-07-01 02:04:33.585 9 INFO neutron.plugins.ml2.drivers.ovn.mech_driver.mech_driver [None req-b2340448-ed8c-485e-89dd-8b86a85a5623 - - - - - -] OVN reports status up for port: c8bb980b-7406-4405-ab08-eeb96a0ff2e0
2026-07-01 02:04:33.599 9 INFO neutron.plugins.ml2.plugin [None req-b2340448-ed8c-485e-89dd-8b86a85a5623 - - - - - -] Attempt 1 to provision port c8bb980b-7406-4405-ab08-eeb96a0ff2e0
2026-07-01 02:04:33.619 9 INFO neutron.db.ovn_revision_numbers_db [None req-7fec3fd8-7d81-47e0-8046-7c66e81191eb 745e79a7f5fa4234a9ea17cce8b1654d 625bd1d5bf034640989a3ddcc887171d - - default default] Successfully bumped revision number for resource c8bb980b-7406-4405-ab08-eeb96a0ff2e0 (type: router_ports) to 1
2026-07-01 02:04:33.716 9 INFO neutron.db.ovn_revision_numbers_db [None req-7fec3fd8-7d81-47e0-8046-7c66e81191eb 745e79a7f5fa4234a9ea17cce8b1654d 625bd1d5bf034640989a3ddcc887171d - - default default] Successfully bumped revision number for resource 84155447-1975-4ad2-becc-1981320dadeb (type: routers) to 2
2026-07-01 02:04:33.735 9 INFO neutron.api.wsgi [None req-7fec3fd8-7d81-47e0-8046-7c66e81191eb 745e79a7f5fa4234a9ea17cce8b1654d 625bd1d5bf034640989a3ddcc887171d - - default default] 10.0.0.179 "POST /v2.0/routers HTTP/1.1" status: 201 len: 1154 time: 1.2932322
2026-07-01 02:04:34.076 9 INFO neutron.api.wsgi [req-9023e015-e765-421c-8183-c32d704b8248 req-536d8f22-2cf1-4e70-915b-be10daad9a43 0746676e60fb4efe8b29012ba137f9ce a001d5f3965e404585f5f6102d39a46b - - d98b857e90864c74adc3bf5bfdf4dc38 d98b857e90864c74adc3bf5bfdf4dc38] 199.204.45.22 "GET /v2.0/ports?tenant_id=93ce8b2fcfc948b3b1b917365da7aa0c&device_id=7bcecd71-1a39-4d2e-9b59-495fb3298497 HTTP/1.1" status: 200 len: 2661 time: 0.0339935
2026-07-01 02:04:34.195 10 WARNING neutron.scheduler.dhcp_agent_scheduler [None req-1045089e-8e86-4b3d-8a71-4afd01e010d5 745e79a7f5fa4234a9ea17cce8b1654d 625bd1d5bf034640989a3ddcc887171d - - default default] No more DHCP agents
2026-07-01 02:04:34.196 10 WARNING neutron.api.rpc.agentnotifiers.dhcp_rpc_agent_api [None req-1045089e-8e86-4b3d-8a71-4afd01e010d5 745e79a7f5fa4234a9ea17cce8b1654d 625bd1d5bf034640989a3ddcc887171d - - default default] Unable to schedule network de65f33f-e236-4d34-91c4-9dd72b4d3d2c: no agents available; will retry on subsequent port and subnet creation events.
2026-07-01 02:04:34.323 10 INFO neutron.db.ovn_revision_numbers_db [None req-1045089e-8e86-4b3d-8a71-4afd01e010d5 745e79a7f5fa4234a9ea17cce8b1654d 625bd1d5bf034640989a3ddcc887171d - - default default] Successfully bumped revision number for resource 54e9bcc8-94ae-4bb2-b1a8-59af3b38692b (type: ports) to 1
2026-07-01 02:04:34.382 9 INFO neutron.api.wsgi [req-9023e015-e765-421c-8183-c32d704b8248 req-841d7600-9120-4abf-be64-436293cf9d26 0746676e60fb4efe8b29012ba137f9ce a001d5f3965e404585f5f6102d39a46b - - d98b857e90864c74adc3bf5bfdf4dc38 d98b857e90864c74adc3bf5bfdf4dc38] 199.204.45.22 "GET /v2.0/floatingips?fixed_ip_address=172.24.2.14&port_id=e2bab586-c7d7-4544-bb33-525123cc108f HTTP/1.1" status: 200 len: 217 time: 0.2980089
2026-07-01 02:04:34.416 9 INFO neutron.api.wsgi [req-9023e015-e765-421c-8183-c32d704b8248 req-a6e1e6f9-b216-4f50-ab42-6082211980aa 0746676e60fb4efe8b29012ba137f9ce a001d5f3965e404585f5f6102d39a46b - - d98b857e90864c74adc3bf5bfdf4dc38 d98b857e90864c74adc3bf5bfdf4dc38] 199.204.45.22 "GET /v2.0/subnets?id=0e293b2c-b828-4078-8c3c-94ca2ae6a90c HTTP/1.1" status: 200 len: 853 time: 0.0266654
2026-07-01 02:04:34.444 9 INFO neutron.api.wsgi [req-9023e015-e765-421c-8183-c32d704b8248 req-2f60c1cc-f7de-4d0e-ac19-5c4aa7c1eb7b 0746676e60fb4efe8b29012ba137f9ce a001d5f3965e404585f5f6102d39a46b - - d98b857e90864c74adc3bf5bfdf4dc38 d98b857e90864c74adc3bf5bfdf4dc38] 199.204.45.22 "GET /v2.0/ports?network_id=1a27c178-a91b-4258-808e-fc7adf5e007b&device_owner=network%3Adhcp HTTP/1.1" status: 200 len: 210 time: 0.0197871
2026-07-01 02:04:34.489 9 INFO neutron.db.ovn_revision_numbers_db [None req-e70127be-3213-443b-8bfa-5a3c36baab21 a33a965b76fc462d9b652971c6641128 93ce8b2fcfc948b3b1b917365da7aa0c - - default default] Successfully bumped revision number for resource 49ba8493-e65d-4836-984f-706b6a967b86 (type: security_groups) to 1
2026-07-01 02:04:34.503 9 INFO neutron.api.wsgi [req-9023e015-e765-421c-8183-c32d704b8248 req-d2303ef7-d7e0-4375-ad01-4e865867cd80 0746676e60fb4efe8b29012ba137f9ce a001d5f3965e404585f5f6102d39a46b - - d98b857e90864c74adc3bf5bfdf4dc38 d98b857e90864c74adc3bf5bfdf4dc38] 199.204.45.22 "GET /v2.0/networks/1a27c178-a91b-4258-808e-fc7adf5e007b?fields=segments HTTP/1.1" status: 200 len: 212 time: 0.0521574
2026-07-01 02:04:34.503 9 INFO neutron.db.ovn_revision_numbers_db [None req-e70127be-3213-443b-8bfa-5a3c36baab21 a33a965b76fc462d9b652971c6641128 93ce8b2fcfc948b3b1b917365da7aa0c - - default default] Successfully bumped revision number for resource 37021e59-9720-4957-addc-7fe5e488f529 (type: security_group_rules) to 0
2026-07-01 02:04:34.517 9 INFO neutron.db.ovn_revision_numbers_db [None req-e70127be-3213-443b-8bfa-5a3c36baab21 a33a965b76fc462d9b652971c6641128 93ce8b2fcfc948b3b1b917365da7aa0c - - default default] Successfully bumped revision number for resource 7ab5b847-aa4f-4c3b-9496-ada2f3199d53 (type: security_group_rules) to 0
2026-07-01 02:04:34.534 9 INFO neutron.db.ovn_revision_numbers_db [None req-e70127be-3213-443b-8bfa-5a3c36baab21 a33a965b76fc462d9b652971c6641128 93ce8b2fcfc948b3b1b917365da7aa0c - - default default] Successfully bumped revision number for resource 9219a0ec-4017-4b02-bf1e-814af7c9a195 (type: security_group_rules) to 0
2026-07-01 02:04:34.550 9 INFO neutron.api.wsgi [req-9023e015-e765-421c-8183-c32d704b8248 req-1cd903ce-4ba5-4fe2-b249-f60a08b3e6bf 0746676e60fb4efe8b29012ba137f9ce a001d5f3965e404585f5f6102d39a46b - - d98b857e90864c74adc3bf5bfdf4dc38 d98b857e90864c74adc3bf5bfdf4dc38] 199.204.45.22 "GET /v2.0/networks/1a27c178-a91b-4258-808e-fc7adf5e007b?fields=provider%3Aphysical_network&fields=provider%3Anetwork_type HTTP/1.1" status: 200 len: 277 time: 0.0395594
2026-07-01 02:04:34.551 9 INFO neutron.db.ovn_revision_numbers_db [None req-e70127be-3213-443b-8bfa-5a3c36baab21 a33a965b76fc462d9b652971c6641128 93ce8b2fcfc948b3b1b917365da7aa0c - - default default] Successfully bumped revision number for resource b89df5d3-f34f-4d82-8f8d-a711348a62c1 (type: security_group_rules) to 0
2026-07-01 02:04:34.576 9 INFO neutron.api.wsgi [req-9023e015-e765-421c-8183-c32d704b8248 req-ced79392-9684-4086-afe7-8ee5765f2383 0746676e60fb4efe8b29012ba137f9ce a001d5f3965e404585f5f6102d39a46b - - d98b857e90864c74adc3bf5bfdf4dc38 d98b857e90864c74adc3bf5bfdf4dc38] 199.204.45.22 "GET /v2.0/floatingips?fixed_ip_address=10.1.1.252&port_id=b2bed0fc-a96c-42f8-973d-b9d049ccb776 HTTP/1.1" status: 200 len: 217 time: 0.0195503
2026-07-01 02:04:34.611 9 INFO neutron.api.wsgi [None req-e70127be-3213-443b-8bfa-5a3c36baab21 a33a965b76fc462d9b652971c6641128 93ce8b2fcfc948b3b1b917365da7aa0c - - default default] 10.0.0.179 "GET /v2.0/security-groups?tenant_id=c5ab32020cf24bde8a25ca8901d76594&name=default HTTP/1.1" status: 200 len: 3120 time: 0.6560092
2026-07-01 02:04:34.617 9 INFO neutron.api.wsgi [req-9023e015-e765-421c-8183-c32d704b8248 req-b6a0a456-8c30-45dc-948b-937e8c42117c 0746676e60fb4efe8b29012ba137f9ce a001d5f3965e404585f5f6102d39a46b - - d98b857e90864c74adc3bf5bfdf4dc38 d98b857e90864c74adc3bf5bfdf4dc38] 199.204.45.22 "GET /v2.0/subnets?id=b05b17bb-7aee-4ccb-a539-643fc88cd177 HTTP/1.1" status: 200 len: 878 time: 0.0350261
2026-07-01 02:04:34.649 9 INFO neutron.api.wsgi [req-9023e015-e765-421c-8183-c32d704b8248 req-e39b02b5-f451-4645-8ee7-b092714988ac 0746676e60fb4efe8b29012ba137f9ce a001d5f3965e404585f5f6102d39a46b - - d98b857e90864c74adc3bf5bfdf4dc38 d98b857e90864c74adc3bf5bfdf4dc38] 199.204.45.22 "GET /v2.0/ports?network_id=e14165a1-6d96-4f33-b98f-7c92d69b728a&device_owner=network%3Adhcp HTTP/1.1" status: 200 len: 210 time: 0.0203927
2026-07-01 02:04:34.715 9 INFO neutron.api.wsgi [req-9023e015-e765-421c-8183-c32d704b8248 req-0e2cfb56-207f-493f-8240-69c67f5c261b 0746676e60fb4efe8b29012ba137f9ce a001d5f3965e404585f5f6102d39a46b - - d98b857e90864c74adc3bf5bfdf4dc38 d98b857e90864c74adc3bf5bfdf4dc38] 199.204.45.22 "GET /v2.0/networks/e14165a1-6d96-4f33-b98f-7c92d69b728a?fields=segments HTTP/1.1" status: 200 len: 212 time: 0.0596268
2026-07-01 02:04:34.774 9 INFO neutron.api.wsgi [req-9023e015-e765-421c-8183-c32d704b8248 req-d0c05e05-fffd-4c58-a6c1-d87952fd8992 0746676e60fb4efe8b29012ba137f9ce a001d5f3965e404585f5f6102d39a46b - - d98b857e90864c74adc3bf5bfdf4dc38 d98b857e90864c74adc3bf5bfdf4dc38] 199.204.45.22 "GET /v2.0/networks/e14165a1-6d96-4f33-b98f-7c92d69b728a?fields=provider%3Aphysical_network&fields=provider%3Anetwork_type HTTP/1.1" status: 200 len: 277 time: 0.0525386
2026-07-01 02:04:34.838 9 INFO neutron.api.wsgi [None req-8718fb69-2330-4d2a-9106-47b1856ab1a0 a33a965b76fc462d9b652971c6641128 93ce8b2fcfc948b3b1b917365da7aa0c - - default default] 10.0.0.179 "DELETE /v2.0/security-groups/49ba8493-e65d-4836-984f-706b6a967b86 HTTP/1.1" status: 204 len: 168 time: 0.2200871
2026-07-01 02:04:34.886 10 INFO neutron.plugins.ml2.drivers.ovn.mech_driver.mech_driver [None req-f0602cd3-f199-4b00-8c2f-a13a3b8a061e - - - - - -] OVN reports status up for port: 54e9bcc8-94ae-4bb2-b1a8-59af3b38692b
2026-07-01 02:04:34.893 10 INFO neutron.plugins.ml2.plugin [None req-f0602cd3-f199-4b00-8c2f-a13a3b8a061e - - - - - -] Attempt 1 to provision port 54e9bcc8-94ae-4bb2-b1a8-59af3b38692b
2026-07-01 02:04:34.906 10 INFO neutron.db.ovn_revision_numbers_db [None req-1045089e-8e86-4b3d-8a71-4afd01e010d5 745e79a7f5fa4234a9ea17cce8b1654d 625bd1d5bf034640989a3ddcc887171d - - default default] Successfully bumped revision number for resource 54e9bcc8-94ae-4bb2-b1a8-59af3b38692b (type: ports) to 1
2026-07-01 02:04:34.962 10 INFO neutron.api.wsgi [None req-7ca2de6a-4e1b-4a67-856c-ce2fc89e891f a33a965b76fc462d9b652971c6641128 93ce8b2fcfc948b3b1b917365da7aa0c - - default default] 10.0.0.179 "GET /v2.0/security-groups?tenant_id=1f2ac5ff14d94c0590570202187c0f00&name=default HTTP/1.1" status: 200 len: 3120 time: 0.0489724
2026-07-01 02:04:35.013 10 WARNING neutron.scheduler.dhcp_agent_scheduler [None req-1045089e-8e86-4b3d-8a71-4afd01e010d5 745e79a7f5fa4234a9ea17cce8b1654d 625bd1d5bf034640989a3ddcc887171d - - default default] No more DHCP agents
2026-07-01 02:04:35.018 10 WARNING neutron.api.rpc.agentnotifiers.dhcp_rpc_agent_api [None req-1045089e-8e86-4b3d-8a71-4afd01e010d5 745e79a7f5fa4234a9ea17cce8b1654d 625bd1d5bf034640989a3ddcc887171d - - default default] Unable to schedule network de65f33f-e236-4d34-91c4-9dd72b4d3d2c: no agents available; will retry on subsequent port and subnet creation events.
2026-07-01 02:04:35.289 10 INFO neutron.api.wsgi [None req-99a360bb-d69c-4f70-9266-ee25db8025b7 a33a965b76fc462d9b652971c6641128 93ce8b2fcfc948b3b1b917365da7aa0c - - default default] 10.0.0.179 "DELETE /v2.0/security-groups/842d6a18-830d-4ee8-ac3e-eb7528e48157 HTTP/1.1" status: 204 len: 168 time: 0.3223169
2026-07-01 02:04:35.417 10 INFO neutron.db.ovn_revision_numbers_db [None req-f0602cd3-f199-4b00-8c2f-a13a3b8a061e - - - - - -] Successfully bumped revision number for resource 54e9bcc8-94ae-4bb2-b1a8-59af3b38692b (type: ports) to 2
2026-07-01 02:04:35.547 10 INFO neutron.db.ovn_revision_numbers_db [None req-1045089e-8e86-4b3d-8a71-4afd01e010d5 745e79a7f5fa4234a9ea17cce8b1654d 625bd1d5bf034640989a3ddcc887171d - - default default] Successfully bumped revision number for resource 54e9bcc8-94ae-4bb2-b1a8-59af3b38692b (type: router_ports) to 1
2026-07-01 02:04:35.554 10 INFO neutron.api.wsgi [None req-1045089e-8e86-4b3d-8a71-4afd01e010d5 745e79a7f5fa4234a9ea17cce8b1654d 625bd1d5bf034640989a3ddcc887171d - - default default] 10.0.0.179 "PUT /v2.0/routers/84155447-1975-4ad2-becc-1981320dadeb/add_router_interface HTTP/1.1" status: 200 len: 503 time: 1.8117507
2026-07-01 02:04:35.563 10 WARNING neutron_lib.context [None req-c09c46b7-132e-4753-a341-841b3dee243f 745e79a7f5fa4234a9ea17cce8b1654d 625bd1d5bf034640989a3ddcc887171d - - default default] Method 'is_advsvc' is deprecated since 2023.2 release (neutron-lib 3.8.0) and will be removed once support for the old RBAC API policies will be removed from Neutron. Please use method 'is_service_role' instead.
2026-07-01 02:04:35.893 10 WARNING neutron.scheduler.dhcp_agent_scheduler [None req-c09c46b7-132e-4753-a341-841b3dee243f 745e79a7f5fa4234a9ea17cce8b1654d 625bd1d5bf034640989a3ddcc887171d - - default default] No more DHCP agents
2026-07-01 02:04:35.894 10 WARNING neutron.api.rpc.agentnotifiers.dhcp_rpc_agent_api [None req-c09c46b7-132e-4753-a341-841b3dee243f 745e79a7f5fa4234a9ea17cce8b1654d 625bd1d5bf034640989a3ddcc887171d - - default default] Unable to schedule network de65f33f-e236-4d34-91c4-9dd72b4d3d2c: no agents available; will retry on subsequent port and subnet creation events.
2026-07-01 02:04:36.018 10 INFO neutron.db.ovn_revision_numbers_db [None req-c09c46b7-132e-4753-a341-841b3dee243f 745e79a7f5fa4234a9ea17cce8b1654d 625bd1d5bf034640989a3ddcc887171d - - default default] Successfully bumped revision number for resource 0f78fe7c-7356-45a1-bb74-72b91089c8ed (type: ports) to 1
2026-07-01 02:04:36.038 10 INFO neutron.api.wsgi [None req-c09c46b7-132e-4753-a341-841b3dee243f 745e79a7f5fa4234a9ea17cce8b1654d 625bd1d5bf034640989a3ddcc887171d - - default default] 10.0.0.179 "POST /v2.0/ports HTTP/1.1" status: 201 len: 1154 time: 0.4801562 /var/lib/openstack/lib/python3.12/site-packages/pycadf/identifier.py:71: UserWarning: Invalid uuid: neutron. To ensure interoperability, identifiers should be a valid uuid. warnings.warn(('Invalid uuid: %s. To ensure interoperability, '
2026-07-01 02:04:36.046 10 WARNING neutron_lib.context [None req-d9d033ed-2e2f-4c16-97f7-13feab6b36b9 745e79a7f5fa4234a9ea17cce8b1654d 625bd1d5bf034640989a3ddcc887171d - - default default] Method 'is_advsvc' is deprecated since 2023.2 release (neutron-lib 3.8.0) and will be removed once support for the old RBAC API policies will be removed from Neutron. Please use method 'is_service_role' instead.
2026-07-01 02:04:36.313 10 WARNING neutron.scheduler.dhcp_agent_scheduler [None req-d9d033ed-2e2f-4c16-97f7-13feab6b36b9 745e79a7f5fa4234a9ea17cce8b1654d 625bd1d5bf034640989a3ddcc887171d - - default default] No more DHCP agents
2026-07-01 02:04:36.315 10 WARNING neutron.api.rpc.agentnotifiers.dhcp_rpc_agent_api [None req-d9d033ed-2e2f-4c16-97f7-13feab6b36b9 745e79a7f5fa4234a9ea17cce8b1654d 625bd1d5bf034640989a3ddcc887171d - - default default] Unable to schedule network de65f33f-e236-4d34-91c4-9dd72b4d3d2c: no agents available; will retry on subsequent port and subnet creation events.
2026-07-01 02:04:36.424 10 INFO neutron.db.ovn_revision_numbers_db [None req-d9d033ed-2e2f-4c16-97f7-13feab6b36b9 745e79a7f5fa4234a9ea17cce8b1654d 625bd1d5bf034640989a3ddcc887171d - - default default] Successfully bumped revision number for resource c4d591f4-2b52-446e-8251-c9043a68eab3 (type: ports) to 1
2026-07-01 02:04:36.445 10 INFO neutron.api.wsgi [None req-d9d033ed-2e2f-4c16-97f7-13feab6b36b9 745e79a7f5fa4234a9ea17cce8b1654d 625bd1d5bf034640989a3ddcc887171d - - default default] 10.0.0.179 "POST /v2.0/ports HTTP/1.1" status: 201 len: 1154 time: 0.4026635 /var/lib/openstack/lib/python3.12/site-packages/pycadf/identifier.py:71: UserWarning: Invalid uuid: neutron. To ensure interoperability, identifiers should be a valid uuid. warnings.warn(('Invalid uuid: %s. To ensure interoperability, '
2026-07-01 02:04:36.455 10 WARNING neutron_lib.context [None req-2af93410-147b-4764-92e7-74089fbf8d11 745e79a7f5fa4234a9ea17cce8b1654d 625bd1d5bf034640989a3ddcc887171d - - default default] Method 'is_advsvc' is deprecated since 2023.2 release (neutron-lib 3.8.0) and will be removed once support for the old RBAC API policies will be removed from Neutron. Please use method 'is_service_role' instead.
2026-07-01 02:04:36.656 10 WARNING neutron.scheduler.dhcp_agent_scheduler [None req-2af93410-147b-4764-92e7-74089fbf8d11 745e79a7f5fa4234a9ea17cce8b1654d 625bd1d5bf034640989a3ddcc887171d - - default default] No more DHCP agents
2026-07-01 02:04:36.658 10 WARNING neutron.api.rpc.agentnotifiers.dhcp_rpc_agent_api [None req-2af93410-147b-4764-92e7-74089fbf8d11 745e79a7f5fa4234a9ea17cce8b1654d 625bd1d5bf034640989a3ddcc887171d - - default default] Unable to schedule network c3a7df79-e9e7-40b4-ac86-3230c57ce204: no agents available; will retry on subsequent port and subnet creation events.
2026-07-01 02:04:36.780 9 INFO neutron.api.wsgi [-] 10.0.0.183 "GET / HTTP/1.1" status: 200 len: 245 time: 0.0052893
2026-07-01 02:04:36.783 9 INFO neutron.api.wsgi [-] 10.0.0.183 "GET / HTTP/1.1" status: 200 len: 245 time: 0.0023673
2026-07-01 02:04:37.285 10 INFO neutron.db.ovn_revision_numbers_db [None req-2af93410-147b-4764-92e7-74089fbf8d11 745e79a7f5fa4234a9ea17cce8b1654d 625bd1d5bf034640989a3ddcc887171d - - default default] Successfully bumped revision number for resource 4a4f2146-2981-4a7b-93f9-006db0b33833 (type: floatingips) to -1
2026-07-01 02:04:37.388 10 INFO neutron.db.ovn_revision_numbers_db [None req-2af93410-147b-4764-92e7-74089fbf8d11 745e79a7f5fa4234a9ea17cce8b1654d 625bd1d5bf034640989a3ddcc887171d - - default default] Successfully bumped revision number for resource 4a4f2146-2981-4a7b-93f9-006db0b33833 (type: floatingips) to 1
2026-07-01 02:04:37.388 10 INFO neutron.db.l3_db [None req-2af93410-147b-4764-92e7-74089fbf8d11 745e79a7f5fa4234a9ea17cce8b1654d 625bd1d5bf034640989a3ddcc887171d - - default default] Floating IP 4a4f2146-2981-4a7b-93f9-006db0b33833 associated. External IP: 10.96.250.209, port: c4d591f4-2b52-446e-8251-c9043a68eab3.
2026-07-01 02:04:37.423 10 INFO neutron.api.wsgi [None req-2af93410-147b-4764-92e7-74089fbf8d11 745e79a7f5fa4234a9ea17cce8b1654d 625bd1d5bf034640989a3ddcc887171d - - default default] 10.0.0.179 "POST /v2.0/floatingips HTTP/1.1" status: 201 len: 1041 time: 0.9721327
2026-07-01 02:04:37.556 10 INFO neutron.db.ovn_revision_numbers_db [None req-edd53748-3095-402d-8613-60a48d669396 745e79a7f5fa4234a9ea17cce8b1654d 625bd1d5bf034640989a3ddcc887171d - - default default] Successfully bumped revision number for resource 4a4f2146-2981-4a7b-93f9-006db0b33833 (type: floatingips) to 2
2026-07-01 02:04:37.598 10 INFO neutron.db.l3_db [None req-edd53748-3095-402d-8613-60a48d669396 745e79a7f5fa4234a9ea17cce8b1654d 625bd1d5bf034640989a3ddcc887171d - - default default] Floating IP 4a4f2146-2981-4a7b-93f9-006db0b33833 disassociated. External IP: 10.96.250.209, port: c4d591f4-2b52-446e-8251-c9043a68eab3.
2026-07-01 02:04:37.620 10 INFO neutron.api.wsgi [None req-edd53748-3095-402d-8613-60a48d669396 745e79a7f5fa4234a9ea17cce8b1654d 625bd1d5bf034640989a3ddcc887171d - - default default] 10.0.0.179 "PUT /v2.0/floatingips/4a4f2146-2981-4a7b-93f9-006db0b33833 HTTP/1.1" status: 200 len: 748 time: 0.1928203
2026-07-01 02:04:37.890 10 INFO neutron.api.wsgi [None req-cccbe0cd-8c4b-4a87-92d6-b3c617020ca2 745e79a7f5fa4234a9ea17cce8b1654d 625bd1d5bf034640989a3ddcc887171d - - default default] 10.0.0.179 "DELETE /v2.0/floatingips/4a4f2146-2981-4a7b-93f9-006db0b33833 HTTP/1.1" status: 204 len: 168 time: 0.2663629
2026-07-01 02:04:37.901 10 WARNING neutron_lib.context [None req-f371d252-1d4a-4c11-9f26-6abf2b8075d1 745e79a7f5fa4234a9ea17cce8b1654d 625bd1d5bf034640989a3ddcc887171d - - default default] Method 'is_advsvc' is deprecated since 2023.2 release (neutron-lib 3.8.0) and will be removed once support for the old RBAC API policies will be removed from Neutron. Please use method 'is_service_role' instead.
2026-07-01 02:04:38.115 10 WARNING neutron.scheduler.dhcp_agent_scheduler [None req-f371d252-1d4a-4c11-9f26-6abf2b8075d1 745e79a7f5fa4234a9ea17cce8b1654d 625bd1d5bf034640989a3ddcc887171d - - default default] No more DHCP agents
2026-07-01 02:04:38.116 10 WARNING neutron.api.rpc.agentnotifiers.dhcp_rpc_agent_api [None req-f371d252-1d4a-4c11-9f26-6abf2b8075d1 745e79a7f5fa4234a9ea17cce8b1654d 625bd1d5bf034640989a3ddcc887171d - - default default] Unable to schedule network c3a7df79-e9e7-40b4-ac86-3230c57ce204: no agents available; will retry on subsequent port and subnet creation events.
2026-07-01 02:04:38.354 10 INFO neutron.api.wsgi [req-9023e015-e765-421c-8183-c32d704b8248 req-dfa3945e-aa31-4e33-93b4-dd4032f62a50 a33a965b76fc462d9b652971c6641128 93ce8b2fcfc948b3b1b917365da7aa0c - - default default] 10.0.0.12 "GET /v2.0/ports/b2bed0fc-a96c-42f8-973d-b9d049ccb776 HTTP/1.1" status: 200 len: 1456 time: 0.0407362
2026-07-01 02:04:38.568 10 INFO neutron.api.wsgi [None req-0ed91183-cec0-462a-803d-84b2dd1f99fa 23020f82f3334bc1aaec852987ff8f81 acd20e29c0694ec7bc3bc8d8df220b88 - - default default] 10.0.0.179 "POST /v2.0/qos/policies HTTP/1.1" status: 201 len: 558 time: 0.2025092
2026-07-01 02:04:38.604 9 INFO neutron.api.wsgi [None req-bdc04dd5-c9bb-42f5-ae53-a32a0518928d 23020f82f3334bc1aaec852987ff8f81 acd20e29c0694ec7bc3bc8d8df220b88 - - default default] 10.0.0.179 "PUT /v2.0/policies/a3061687-1c34-475b-9c43-f0fd3f80d3fc/tags HTTP/1.1" status: 200 len: 218 time: 0.0297761
2026-07-01 02:04:38.629 9 INFO neutron.api.wsgi [None req-3fef9537-5591-4c80-806d-dd2cd84cffee 23020f82f3334bc1aaec852987ff8f81 acd20e29c0694ec7bc3bc8d8df220b88 - - default default] 10.0.0.179 "GET /v2.0/policies/a3061687-1c34-475b-9c43-f0fd3f80d3fc/tags HTTP/1.1" status: 200 len: 218 time: 0.0206416
2026-07-01 02:04:38.665 9 WARNING neutron.plugins.ml2.drivers.ovn.mech_driver.ovsdb.ovn_client [None req-b2340448-ed8c-485e-89dd-8b86a85a5623 - - - - - -] No hosting information found for port c8bb980b-7406-4405-ab08-eeb96a0ff2e0: RuntimeError: No hosting information found for port c8bb980b-7406-4405-ab08-eeb96a0ff2e0
2026-07-01 02:04:38.669 9 INFO neutron.api.wsgi [None req-dd90e0ec-f1ce-4c37-a7e1-ad6d5ae2635e 23020f82f3334bc1aaec852987ff8f81 acd20e29c0694ec7bc3bc8d8df220b88 - - default default] 10.0.0.179 "PUT /v2.0/policies/a3061687-1c34-475b-9c43-f0fd3f80d3fc/tags/green HTTP/1.1" status: 201 len: 201 time: 0.0333292
2026-07-01 02:04:38.690 9 INFO neutron.api.wsgi [None req-88b1c6ac-490c-4cce-a10c-096f5cba10a8 23020f82f3334bc1aaec852987ff8f81 acd20e29c0694ec7bc3bc8d8df220b88 - - default default] 10.0.0.179 "GET /v2.0/policies/a3061687-1c34-475b-9c43-f0fd3f80d3fc/tags HTTP/1.1" status: 200 len: 227 time: 0.0159864
2026-07-01 02:04:38.713 9 INFO neutron.api.wsgi [None req-f3da4acb-e8ed-48a8-a0b5-a954e0d0c4af 23020f82f3334bc1aaec852987ff8f81 acd20e29c0694ec7bc3bc8d8df220b88 - - default default] 10.0.0.179 "PUT /v2.0/policies/a3061687-1c34-475b-9c43-f0fd3f80d3fc/tags/red HTTP/1.1" status: 201 len: 201 time: 0.0202980
2026-07-01 02:04:38.742 9 INFO neutron.api.wsgi [None req-afa2107d-eaa9-42dc-80f1-72da04d0a3d5 23020f82f3334bc1aaec852987ff8f81 acd20e29c0694ec7bc3bc8d8df220b88 - - default default] 10.0.0.179 "GET /v2.0/policies/a3061687-1c34-475b-9c43-f0fd3f80d3fc/tags HTTP/1.1" status: 200 len: 227 time: 0.0232003
2026-07-01 02:04:38.782 9 INFO neutron.api.wsgi [None req-b597c9be-18ad-4cbb-810b-1bf2c9be7302 23020f82f3334bc1aaec852987ff8f81 acd20e29c0694ec7bc3bc8d8df220b88 - - default default] 10.0.0.179 "PUT /v2.0/policies/a3061687-1c34-475b-9c43-f0fd3f80d3fc/tags/black.or.white HTTP/1.1" status: 201 len: 201 time: 0.0361385
2026-07-01 02:04:38.804 9 INFO neutron.api.wsgi [None req-c267f3f8-f424-4031-b5ef-aa66b39e6a5c 23020f82f3334bc1aaec852987ff8f81 acd20e29c0694ec7bc3bc8d8df220b88 - - default default] 10.0.0.179 "GET /v2.0/policies/a3061687-1c34-475b-9c43-f0fd3f80d3fc/tags HTTP/1.1" status: 200 len: 245 time: 0.0170164 /var/lib/openstack/lib/python3.12/site-packages/pycadf/identifier.py:71: UserWarning: Invalid uuid: neutron. To ensure interoperability, identifiers should be a valid uuid. warnings.warn(('Invalid uuid: %s. To ensure interoperability, '
2026-07-01 02:04:38.840 10 INFO neutron.db.ovn_revision_numbers_db [None req-f371d252-1d4a-4c11-9f26-6abf2b8075d1 745e79a7f5fa4234a9ea17cce8b1654d 625bd1d5bf034640989a3ddcc887171d - - default default] Successfully bumped revision number for resource 08890d10-8665-47da-9780-95eea2a2f398 (type: floatingips) to -1
2026-07-01 02:04:38.852 10 INFO neutron.db.ovn_revision_numbers_db [None req-bddbe0b6-b2c8-4316-bc5a-1d7a3694539e a33a965b76fc462d9b652971c6641128 93ce8b2fcfc948b3b1b917365da7aa0c - - default default] Successfully bumped revision number for resource b2bed0fc-a96c-42f8-973d-b9d049ccb776 (type: ports) to 5
2026-07-01 02:04:38.860 10 INFO neutron.api.wsgi [None req-db171590-6beb-4894-a237-61fdf87569e9 23020f82f3334bc1aaec852987ff8f81 acd20e29c0694ec7bc3bc8d8df220b88 - - default default] 10.0.0.179 "PUT /v2.0/policies/a3061687-1c34-475b-9c43-f0fd3f80d3fc/tags HTTP/1.1" status: 200 len: 230 time: 0.0517781
2026-07-01 02:04:38.882 10 INFO neutron.api.wsgi [None req-bddbe0b6-b2c8-4316-bc5a-1d7a3694539e a33a965b76fc462d9b652971c6641128 93ce8b2fcfc948b3b1b917365da7aa0c - - default default] 199.204.45.22 "PUT /v2.0/ports/b2bed0fc-a96c-42f8-973d-b9d049ccb776 HTTP/1.1" status: 200 len: 1488 time: 0.5163021
2026-07-01 02:04:38.884 9 INFO neutron.api.wsgi [None req-9313b807-d09a-4f63-8834-2e6ee849e5cc 23020f82f3334bc1aaec852987ff8f81 acd20e29c0694ec7bc3bc8d8df220b88 - - default default] 10.0.0.179 "GET /v2.0/policies/a3061687-1c34-475b-9c43-f0fd3f80d3fc/tags HTTP/1.1" status: 200 len: 230 time: 0.0168316
2026-07-01 02:04:38.905 10 INFO neutron.api.v2.resource [None req-75e00013-1549-4c56-872a-4898595ba9f2 a33a965b76fc462d9b652971c6641128 93ce8b2fcfc948b3b1b917365da7aa0c - - default default] show failed (client error): The resource could not be found.
2026-07-01 02:04:38.905 10 INFO neutron.api.wsgi [None req-75e00013-1549-4c56-872a-4898595ba9f2 a33a965b76fc462d9b652971c6641128 93ce8b2fcfc948b3b1b917365da7aa0c - - default default] 199.204.45.22 "GET /v2.0/security-groups/lb-db862bc3-5c38-408e-980e-a6fc492028c8 HTTP/1.1" status: 404 len: 355 time: 0.0109744
2026-07-01 02:04:38.906 9 INFO neutron.api.wsgi [None req-f3e817a1-4754-44f6-8ef3-6e5af54bc87b 23020f82f3334bc1aaec852987ff8f81 acd20e29c0694ec7bc3bc8d8df220b88 - - default default] 10.0.0.179 "GET /v2.0/policies/a3061687-1c34-475b-9c43-f0fd3f80d3fc/tags/red HTTP/1.1" status: 204 len: 168 time: 0.0161326
2026-07-01 02:04:38.923 9 INFO neutron.api.v2.resource [None req-1d760163-5b69-4f98-98c0-3c9677efd37f 23020f82f3334bc1aaec852987ff8f81 acd20e29c0694ec7bc3bc8d8df220b88 - - default default] show failed (client error): The resource could not be found.
2026-07-01 02:04:38.924 9 INFO neutron.api.wsgi [None req-1d760163-5b69-4f98-98c0-3c9677efd37f 23020f82f3334bc1aaec852987ff8f81 acd20e29c0694ec7bc3bc8d8df220b88 - - default default] 10.0.0.179 "GET /v2.0/policies/a3061687-1c34-475b-9c43-f0fd3f80d3fc/tags/green HTTP/1.1" status: 404 len: 299 time: 0.0139632
2026-07-01 02:04:38.928 10 INFO neutron.notifiers.nova [-] Nova event matching ['req-43b1dd6a-ee65-46de-9ad0-ed916e9fc1ad'] response: {'name': 'network-changed', 'server_uuid': '7bcecd71-1a39-4d2e-9b59-495fb3298497', 'tag': 'b2bed0fc-a96c-42f8-973d-b9d049ccb776', 'status': 'completed', 'code': 200}
2026-07-01 02:04:38.951 10 INFO neutron.api.wsgi [None req-3d9c0b52-5db1-443e-90ca-ff74dafc6644 a33a965b76fc462d9b652971c6641128 93ce8b2fcfc948b3b1b917365da7aa0c - - default default] 199.204.45.22 "GET /v2.0/security-groups?name=lb-db862bc3-5c38-408e-980e-a6fc492028c8 HTTP/1.1" status: 200 len: 1837 time: 0.0409300
2026-07-01 02:04:38.965 9 INFO neutron.api.wsgi [None req-77fe4567-693c-45ea-98b4-a893b48c2ec5 23020f82f3334bc1aaec852987ff8f81 acd20e29c0694ec7bc3bc8d8df220b88 - - default default] 10.0.0.179 "DELETE /v2.0/policies/a3061687-1c34-475b-9c43-f0fd3f80d3fc/tags/red HTTP/1.1" status: 204 len: 168 time: 0.0363026
2026-07-01 02:04:38.985 10 INFO neutron.db.ovn_revision_numbers_db [None req-f371d252-1d4a-4c11-9f26-6abf2b8075d1 745e79a7f5fa4234a9ea17cce8b1654d 625bd1d5bf034640989a3ddcc887171d - - default default] Successfully bumped revision number for resource 08890d10-8665-47da-9780-95eea2a2f398 (type: floatingips) to 1
2026-07-01 02:04:38.986 10 INFO neutron.db.l3_db [None req-f371d252-1d4a-4c11-9f26-6abf2b8075d1 745e79a7f5fa4234a9ea17cce8b1654d 625bd1d5bf034640989a3ddcc887171d - - default default] Floating IP 08890d10-8665-47da-9780-95eea2a2f398 associated. External IP: 10.96.250.218, port: 0f78fe7c-7356-45a1-bb74-72b91089c8ed.
2026-07-01 02:04:38.990 10 INFO neutron.api.wsgi [None req-bd10a3f8-4c11-4695-bd64-ed29248f4378 23020f82f3334bc1aaec852987ff8f81 acd20e29c0694ec7bc3bc8d8df220b88 - - default default] 10.0.0.179 "GET /v2.0/policies/a3061687-1c34-475b-9c43-f0fd3f80d3fc/tags HTTP/1.1" status: 200 len: 223 time: 0.0200193
2026-07-01 02:04:39.017 9 INFO neutron.api.v2.resource [None req-584573ba-5b89-48c0-bab4-c5e09b016e0f 23020f82f3334bc1aaec852987ff8f81 acd20e29c0694ec7bc3bc8d8df220b88 - - default default] delete failed (client error): The resource could not be found.
2026-07-01 02:04:39.019 9 INFO neutron.api.wsgi [None req-584573ba-5b89-48c0-bab4-c5e09b016e0f 23020f82f3334bc1aaec852987ff8f81 acd20e29c0694ec7bc3bc8d8df220b88 - - default default] 10.0.0.179 "DELETE /v2.0/policies/a3061687-1c34-475b-9c43-f0fd3f80d3fc/tags/green HTTP/1.1" status: 404 len: 299 time: 0.0220785
2026-07-01 02:04:39.028 10 INFO neutron.api.wsgi [None req-f371d252-1d4a-4c11-9f26-6abf2b8075d1 745e79a7f5fa4234a9ea17cce8b1654d 625bd1d5bf034640989a3ddcc887171d - - default default] 10.0.0.179 "POST /v2.0/floatingips HTTP/1.1" status: 201 len: 1041 time: 1.1318624
2026-07-01 02:04:39.069 9 INFO neutron.api.wsgi [None req-b0a69a92-d53f-4e03-afd5-fee5a7c11f42 23020f82f3334bc1aaec852987ff8f81 acd20e29c0694ec7bc3bc8d8df220b88 - - default default] 10.0.0.179 "DELETE /v2.0/policies/a3061687-1c34-475b-9c43-f0fd3f80d3fc/tags HTTP/1.1" status: 204 len: 168 time: 0.0455859
2026-07-01 02:04:39.083 9 INFO neutron.api.wsgi [None req-1dc57595-4107-4054-bef1-dcadfe914faf 745e79a7f5fa4234a9ea17cce8b1654d 625bd1d5bf034640989a3ddcc887171d - - default default] 10.0.0.179 "GET /v2.0/floatingips/08890d10-8665-47da-9780-95eea2a2f398 HTTP/1.1" status: 200 len: 1038 time: 0.0455613
2026-07-01 02:04:39.093 9 INFO neutron.api.wsgi [None req-77896b13-84e2-4520-a6f8-7d2119f26155 23020f82f3334bc1aaec852987ff8f81 acd20e29c0694ec7bc3bc8d8df220b88 - - default default] 10.0.0.179 "GET /v2.0/policies/a3061687-1c34-475b-9c43-f0fd3f80d3fc/tags HTTP/1.1" status: 200 len: 205 time: 0.0183020
2026-07-01 02:04:39.140 10 INFO neutron.api.wsgi [None req-e9ade467-02da-4d53-aa9f-68d6a410ec22 745e79a7f5fa4234a9ea17cce8b1654d 625bd1d5bf034640989a3ddcc887171d - - default default] 10.0.0.179 "GET /v2.0/floatingips HTTP/1.1" status: 200 len: 1041 time: 0.0530665
2026-07-01 02:04:39.155 9 INFO neutron.api.wsgi [None req-8badb37c-ad5b-4d27-8dc3-4ae79e9dbf9f 23020f82f3334bc1aaec852987ff8f81 acd20e29c0694ec7bc3bc8d8df220b88 - - default default] 10.0.0.179 "DELETE /v2.0/qos/policies/a3061687-1c34-475b-9c43-f0fd3f80d3fc HTTP/1.1" status: 204 len: 168 time: 0.0560038
2026-07-01 02:04:39.297 10 INFO neutron.db.ovn_revision_numbers_db [None req-7fc75368-0fcb-4ef0-9355-7bf7c3c8a58e a33a965b76fc462d9b652971c6641128 93ce8b2fcfc948b3b1b917365da7aa0c - - default default] Successfully bumped revision number for resource b2bed0fc-a96c-42f8-973d-b9d049ccb776 (type: ports) to 6
2026-07-01 02:04:39.318 10 INFO neutron.api.wsgi [None req-7fc75368-0fcb-4ef0-9355-7bf7c3c8a58e a33a965b76fc462d9b652971c6641128 93ce8b2fcfc948b3b1b917365da7aa0c - - default default] 199.204.45.22 "PUT /v2.0/ports/b2bed0fc-a96c-42f8-973d-b9d049ccb776 HTTP/1.1" status: 200 len: 1488 time: 0.3617299
2026-07-01 02:04:39.488 9 INFO neutron.api.wsgi [req-6ee357d5-8064-453e-a8d5-830f4fb4e796 req-b3c39ce4-39fb-484e-bdb1-de1597ac776a 0746676e60fb4efe8b29012ba137f9ce a001d5f3965e404585f5f6102d39a46b - - d98b857e90864c74adc3bf5bfdf4dc38 d98b857e90864c74adc3bf5bfdf4dc38] 199.204.45.22 "GET /v2.0/ports?tenant_id=93ce8b2fcfc948b3b1b917365da7aa0c&device_id=7bcecd71-1a39-4d2e-9b59-495fb3298497 HTTP/1.1" status: 200 len: 2721 time: 0.0473208
2026-07-01 02:04:39.543 9 INFO neutron.api.wsgi [req-6ee357d5-8064-453e-a8d5-830f4fb4e796 req-3bcfac4c-a8e6-4f44-af0e-c9a08968823b 0746676e60fb4efe8b29012ba137f9ce a001d5f3965e404585f5f6102d39a46b - - d98b857e90864c74adc3bf5bfdf4dc38 d98b857e90864c74adc3bf5bfdf4dc38] 199.204.45.22 "GET /v2.0/networks?id=e14165a1-6d96-4f33-b98f-7c92d69b728a HTTP/1.1" status: 200 len: 1004 time: 0.0482650
2026-07-01 02:04:39.566 9 INFO neutron.api.wsgi [req-6ee357d5-8064-453e-a8d5-830f4fb4e796 req-0b8b1e9f-1289-4b0d-93f2-bd2e18b76d3c 0746676e60fb4efe8b29012ba137f9ce a001d5f3965e404585f5f6102d39a46b - - d98b857e90864c74adc3bf5bfdf4dc38 d98b857e90864c74adc3bf5bfdf4dc38] 199.204.45.22 "GET /v2.0/floatingips?fixed_ip_address=10.1.1.252&port_id=b2bed0fc-a96c-42f8-973d-b9d049ccb776 HTTP/1.1" status: 200 len: 217 time: 0.0185916
2026-07-01 02:04:39.594 9 INFO neutron.api.wsgi [req-6ee357d5-8064-453e-a8d5-830f4fb4e796 req-2a10614c-3701-4d36-b3e1-a2dcd47602bb 0746676e60fb4efe8b29012ba137f9ce a001d5f3965e404585f5f6102d39a46b - - d98b857e90864c74adc3bf5bfdf4dc38 d98b857e90864c74adc3bf5bfdf4dc38] 199.204.45.22 "GET /v2.0/subnets?id=b05b17bb-7aee-4ccb-a539-643fc88cd177 HTTP/1.1" status: 200 len: 878 time: 0.0220172
2026-07-01 02:04:39.615 9 INFO neutron.api.wsgi [req-6ee357d5-8064-453e-a8d5-830f4fb4e796 req-5a4a8608-8ee8-4360-853c-a5053f618199 0746676e60fb4efe8b29012ba137f9ce a001d5f3965e404585f5f6102d39a46b - - d98b857e90864c74adc3bf5bfdf4dc38 d98b857e90864c74adc3bf5bfdf4dc38] 199.204.45.22 "GET /v2.0/ports?network_id=e14165a1-6d96-4f33-b98f-7c92d69b728a&device_owner=network%3Adhcp HTTP/1.1" status: 200 len: 210 time: 0.0160286
2026-07-01 02:04:39.645 10 INFO neutron.db.ovn_revision_numbers_db [None req-49e3ab44-07a0-4275-a36c-c482e281a6d3 745e79a7f5fa4234a9ea17cce8b1654d 625bd1d5bf034640989a3ddcc887171d - - default default] Successfully bumped revision number for resource 08890d10-8665-47da-9780-95eea2a2f398 (type: floatingips) to 2
2026-07-01 02:04:39.690 9 INFO neutron.api.wsgi [req-6ee357d5-8064-453e-a8d5-830f4fb4e796 req-150b12af-fb8a-439a-9a0f-79589ddf52f6 0746676e60fb4efe8b29012ba137f9ce a001d5f3965e404585f5f6102d39a46b - - d98b857e90864c74adc3bf5bfdf4dc38 d98b857e90864c74adc3bf5bfdf4dc38] 199.204.45.22 "GET /v2.0/networks/e14165a1-6d96-4f33-b98f-7c92d69b728a?fields=segments HTTP/1.1" status: 200 len: 212 time: 0.0707397
2026-07-01 02:04:39.757 9 INFO neutron.api.wsgi [req-6ee357d5-8064-453e-a8d5-830f4fb4e796 req-7ac699dd-e5e8-4805-8195-a7ad3cb973f7 0746676e60fb4efe8b29012ba137f9ce a001d5f3965e404585f5f6102d39a46b - - d98b857e90864c74adc3bf5bfdf4dc38 d98b857e90864c74adc3bf5bfdf4dc38] 199.204.45.22 "GET /v2.0/networks/e14165a1-6d96-4f33-b98f-7c92d69b728a?fields=provider%3Aphysical_network&fields=provider%3Anetwork_type HTTP/1.1" status: 200 len: 277 time: 0.0604672
2026-07-01 02:04:39.764 10 INFO neutron.db.ovn_revision_numbers_db [None req-49e3ab44-07a0-4275-a36c-c482e281a6d3 745e79a7f5fa4234a9ea17cce8b1654d 625bd1d5bf034640989a3ddcc887171d - - default default] Successfully bumped revision number for resource 08890d10-8665-47da-9780-95eea2a2f398 (type: floatingips) to 2
2026-07-01 02:04:39.764 10 INFO neutron.db.l3_db [None req-49e3ab44-07a0-4275-a36c-c482e281a6d3 745e79a7f5fa4234a9ea17cce8b1654d 625bd1d5bf034640989a3ddcc887171d - - default default] Floating IP 08890d10-8665-47da-9780-95eea2a2f398 associated. External IP: 10.96.250.218, port: 0f78fe7c-7356-45a1-bb74-72b91089c8ed.
2026-07-01 02:04:39.813 10 INFO neutron.api.wsgi [None req-49e3ab44-07a0-4275-a36c-c482e281a6d3 745e79a7f5fa4234a9ea17cce8b1654d 625bd1d5bf034640989a3ddcc887171d - - default default] 10.0.0.179 "PUT /v2.0/floatingips/08890d10-8665-47da-9780-95eea2a2f398 HTTP/1.1" status: 200 len: 1038 time: 0.6675570 /var/lib/openstack/lib/python3.12/site-packages/pycadf/identifier.py:71: UserWarning: Invalid uuid: neutron. To ensure interoperability, identifiers should be a valid uuid. warnings.warn(('Invalid uuid: %s. To ensure interoperability, '
2026-07-01 02:04:39.912 10 INFO neutron.api.wsgi [None req-726e5c22-9785-4ce7-b494-5dfc9b379989 a33a965b76fc462d9b652971c6641128 93ce8b2fcfc948b3b1b917365da7aa0c - - default default] 199.204.45.22 "GET /v2.0/extensions/security-group HTTP/1.1" status: 200 len: 369 time: 0.0058317
2026-07-01 02:04:39.921 10 INFO neutron.api.wsgi [None req-efc774a9-ecd7-4c55-a727-c1f8abe4a554 a33a965b76fc462d9b652971c6641128 93ce8b2fcfc948b3b1b917365da7aa0c - - default default] 199.204.45.22 "GET /v2.0/extensions/dns-integration HTTP/1.1" status: 200 len: 371 time: 0.0032470
