2026-07-01 02:03:46.022 10 INFO neutron.db.ovn_revision_numbers_db [None req-ec0a620d-8673-4506-b7d7-e7cfa56b6f71 a33a965b76fc462d9b652971c6641128 93ce8b2fcfc948b3b1b917365da7aa0c - - default default] Successfully bumped revision number for resource 486a89cb-4f90-42aa-b17e-d994e5a8043d (type: security_groups) to 1
2026-07-01 02:03:46.037 10 INFO neutron.db.ovn_revision_numbers_db [None req-ec0a620d-8673-4506-b7d7-e7cfa56b6f71 a33a965b76fc462d9b652971c6641128 93ce8b2fcfc948b3b1b917365da7aa0c - - default default] Successfully bumped revision number for resource 5614a1ee-9e97-4df8-8577-198971b758b1 (type: security_group_rules) to 0
2026-07-01 02:03:46.054 10 INFO neutron.db.ovn_revision_numbers_db [None req-ec0a620d-8673-4506-b7d7-e7cfa56b6f71 a33a965b76fc462d9b652971c6641128 93ce8b2fcfc948b3b1b917365da7aa0c - - default default] Successfully bumped revision number for resource 832da24d-0b8e-43d3-844c-1fd73450538f (type: security_group_rules) to 0
2026-07-01 02:03:46.073 10 INFO neutron.db.ovn_revision_numbers_db [None req-ec0a620d-8673-4506-b7d7-e7cfa56b6f71 a33a965b76fc462d9b652971c6641128 93ce8b2fcfc948b3b1b917365da7aa0c - - default default] Successfully bumped revision number for resource d6a0cbdf-c7c6-45b3-9345-76fdd7e777ee (type: security_group_rules) to 0
2026-07-01 02:03:46.090 10 INFO neutron.db.ovn_revision_numbers_db [None req-ec0a620d-8673-4506-b7d7-e7cfa56b6f71 a33a965b76fc462d9b652971c6641128 93ce8b2fcfc948b3b1b917365da7aa0c - - default default] Successfully bumped revision number for resource e59cc3d9-1d01-41dd-a4f4-81bb46954912 (type: security_group_rules) to 0
2026-07-01 02:03:46.120 10 INFO neutron.api.wsgi [None req-ec0a620d-8673-4506-b7d7-e7cfa56b6f71 a33a965b76fc462d9b652971c6641128 93ce8b2fcfc948b3b1b917365da7aa0c - - default default] 10.0.0.179 "GET /v2.0/security-groups?tenant_id=598d34766428477393606f09a9ae04a6&name=default HTTP/1.1" status: 200 len: 3120 time: 0.2626030
2026-07-01 02:03:46.131 10 INFO neutron.api.wsgi [None req-7f935bf0-b945-4361-a362-849941fe29ce a33a965b76fc462d9b652971c6641128 93ce8b2fcfc948b3b1b917365da7aa0c - - default default] 10.0.0.179 "DELETE /v2.0/security-groups/8ff4bb8a-69fd-4b15-91e0-d6e0640f2495 HTTP/1.1" status: 204 len: 168 time: 0.2174394
2026-07-01 02:03:46.295 9 INFO neutron.db.ovn_revision_numbers_db [req-f0a7028c-ae3e-4c5c-8b7e-6ca70fb98d72 req-9ac45247-dea5-4cc9-b2ea-fe0e1da1576c 0746676e60fb4efe8b29012ba137f9ce a001d5f3965e404585f5f6102d39a46b - - d98b857e90864c74adc3bf5bfdf4dc38 d98b857e90864c74adc3bf5bfdf4dc38] Successfully bumped revision number for resource e2bab586-c7d7-4544-bb33-525123cc108f (type: ports) to 2
2026-07-01 02:03:46.334 10 INFO neutron.db.ovn_revision_numbers_db [None req-e87dd5b6-02ad-43a5-859a-66f7425f184c a33a965b76fc462d9b652971c6641128 93ce8b2fcfc948b3b1b917365da7aa0c - - default default] Successfully bumped revision number for resource b9a61f6e-bb04-4417-9514-0d71bba703ab (type: security_groups) to 1
2026-07-01 02:03:46.344 10 INFO neutron.db.ovn_revision_numbers_db [None req-e87dd5b6-02ad-43a5-859a-66f7425f184c a33a965b76fc462d9b652971c6641128 93ce8b2fcfc948b3b1b917365da7aa0c - - default default] Successfully bumped revision number for resource 7e0c13fd-f8e4-4c4e-bf49-738be88de4f4 (type: security_group_rules) to 0
2026-07-01 02:03:46.358 10 INFO neutron.api.wsgi [None req-bf26120c-d577-4cf6-babb-e3fab0799b03 a33a965b76fc462d9b652971c6641128 93ce8b2fcfc948b3b1b917365da7aa0c - - default default] 10.0.0.179 "DELETE /v2.0/security-groups/486a89cb-4f90-42aa-b17e-d994e5a8043d HTTP/1.1" status: 204 len: 168 time: 0.2327840
2026-07-01 02:03:46.370 10 INFO neutron.db.ovn_revision_numbers_db [None req-e87dd5b6-02ad-43a5-859a-66f7425f184c a33a965b76fc462d9b652971c6641128 93ce8b2fcfc948b3b1b917365da7aa0c - - default default] Successfully bumped revision number for resource 80d19f52-6f0c-43f6-8c91-97f67dcc84e1 (type: security_group_rules) to 0
2026-07-01 02:03:46.384 10 INFO neutron.db.ovn_revision_numbers_db [None req-e87dd5b6-02ad-43a5-859a-66f7425f184c a33a965b76fc462d9b652971c6641128 93ce8b2fcfc948b3b1b917365da7aa0c - - default default] Successfully bumped revision number for resource ab5dbff0-fcfb-47c6-aed5-3b262e7ee9b5 (type: security_group_rules) to 0
2026-07-01 02:03:46.398 10 INFO neutron.db.ovn_revision_numbers_db [None req-e87dd5b6-02ad-43a5-859a-66f7425f184c a33a965b76fc462d9b652971c6641128 93ce8b2fcfc948b3b1b917365da7aa0c - - default default] Successfully bumped revision number for resource d6f71227-5196-4d5c-ba5f-49de2b139ee1 (type: security_group_rules) to 0
2026-07-01 02:03:46.443 10 INFO neutron.api.wsgi [None req-e87dd5b6-02ad-43a5-859a-66f7425f184c a33a965b76fc462d9b652971c6641128 93ce8b2fcfc948b3b1b917365da7aa0c - - default default] 10.0.0.179 "GET /v2.0/security-groups?tenant_id=826d2ee937134fb5a5547f10ec117d55&name=default HTTP/1.1" status: 200 len: 3120 time: 0.2313344
2026-07-01 02:03:46.491 9 INFO neutron.db.ovn_revision_numbers_db [req-f0a7028c-ae3e-4c5c-8b7e-6ca70fb98d72 req-9ac45247-dea5-4cc9-b2ea-fe0e1da1576c 0746676e60fb4efe8b29012ba137f9ce a001d5f3965e404585f5f6102d39a46b - - d98b857e90864c74adc3bf5bfdf4dc38 d98b857e90864c74adc3bf5bfdf4dc38] Successfully bumped revision number for resource e2bab586-c7d7-4544-bb33-525123cc108f (type: ports) to 4
2026-07-01 02:03:46.515 9 INFO neutron.api.wsgi [req-f0a7028c-ae3e-4c5c-8b7e-6ca70fb98d72 req-9ac45247-dea5-4cc9-b2ea-fe0e1da1576c 0746676e60fb4efe8b29012ba137f9ce a001d5f3965e404585f5f6102d39a46b - - d98b857e90864c74adc3bf5bfdf4dc38 d98b857e90864c74adc3bf5bfdf4dc38] 199.204.45.22 "PUT /v2.0/ports/e2bab586-c7d7-4544-bb33-525123cc108f HTTP/1.1" status: 200 len: 1408 time: 0.5519001
2026-07-01 02:03:46.545 9 INFO neutron.notifiers.nova [-] Nova event matching ['req-4ad454e4-b348-4b39-9beb-ec889b3af5f6'] response: {'name': 'network-changed', 'server_uuid': '7bcecd71-1a39-4d2e-9b59-495fb3298497', 'tag': 'e2bab586-c7d7-4544-bb33-525123cc108f', 'status': 'completed', 'code': 200} /var/lib/openstack/lib/python3.12/site-packages/pycadf/identifier.py:71: UserWarning: Invalid uuid: neutron. To ensure interoperability, identifiers should be a valid uuid. warnings.warn(('Invalid uuid: %s. To ensure interoperability, '
2026-07-01 02:03:46.571 10 INFO neutron.api.wsgi [req-413eb520-09f6-4ee7-a78f-dc12414945fd req-7243612f-1eef-42d4-8b1f-e15db782688d 563834bf283245f1afe6398a1d6846ce 32a82bb623f545babf8cff3fe78ae7a3 - - default default] 10.0.0.12 "GET /v2.0/ports?device_id=9d2ffeaf-a886-46fc-805a-8d5198b2596c HTTP/1.1" status: 200 len: 210 time: 0.0259719
2026-07-01 02:03:46.659 9 INFO neutron.db.ovn_revision_numbers_db [None req-3b300e7b-469f-4950-b418-98e94219ddaf a33a965b76fc462d9b652971c6641128 93ce8b2fcfc948b3b1b917365da7aa0c - - default default] Successfully bumped revision number for resource 8865f084-9656-4201-a8e1-24ba286719a2 (type: security_groups) to 1
2026-07-01 02:03:46.677 9 INFO neutron.db.ovn_revision_numbers_db [None req-3b300e7b-469f-4950-b418-98e94219ddaf a33a965b76fc462d9b652971c6641128 93ce8b2fcfc948b3b1b917365da7aa0c - - default default] Successfully bumped revision number for resource 3cdebdb0-46d3-4071-af79-3e2f3375f165 (type: security_group_rules) to 0
2026-07-01 02:03:46.680 10 INFO neutron.api.wsgi [None req-ce725dc5-21d0-409d-8b89-bb3ce41f233b a33a965b76fc462d9b652971c6641128 93ce8b2fcfc948b3b1b917365da7aa0c - - default default] 10.0.0.179 "DELETE /v2.0/security-groups/b9a61f6e-bb04-4417-9514-0d71bba703ab HTTP/1.1" status: 204 len: 168 time: 0.2325778
2026-07-01 02:03:46.691 9 INFO neutron.db.ovn_revision_numbers_db [None req-3b300e7b-469f-4950-b418-98e94219ddaf a33a965b76fc462d9b652971c6641128 93ce8b2fcfc948b3b1b917365da7aa0c - - default default] Successfully bumped revision number for resource 42b2b049-2b8a-4f5b-b943-b7f778bd1e01 (type: security_group_rules) to 0
2026-07-01 02:03:46.704 9 INFO neutron.db.ovn_revision_numbers_db [None req-3b300e7b-469f-4950-b418-98e94219ddaf a33a965b76fc462d9b652971c6641128 93ce8b2fcfc948b3b1b917365da7aa0c - - default default] Successfully bumped revision number for resource 906d1040-fa4a-463e-9094-1a2d001f061c (type: security_group_rules) to 0
2026-07-01 02:03:46.717 9 INFO neutron.db.ovn_revision_numbers_db [None req-3b300e7b-469f-4950-b418-98e94219ddaf a33a965b76fc462d9b652971c6641128 93ce8b2fcfc948b3b1b917365da7aa0c - - default default] Successfully bumped revision number for resource 98197ab3-2101-4594-8ec0-b6a46a2484d4 (type: security_group_rules) to 0
2026-07-01 02:03:46.756 9 INFO neutron.api.wsgi [None req-3b300e7b-469f-4950-b418-98e94219ddaf a33a965b76fc462d9b652971c6641128 93ce8b2fcfc948b3b1b917365da7aa0c - - default default] 10.0.0.179 "GET /v2.0/security-groups?tenant_id=2bdaf9f94ce541de9b8a55dd022052ce&name=default HTTP/1.1" status: 200 len: 3120 time: 0.2093983
2026-07-01 02:03:46.974 9 INFO neutron.api.wsgi [None req-17e1e3a3-edfb-4690-9fd3-12f6be46fde2 a33a965b76fc462d9b652971c6641128 93ce8b2fcfc948b3b1b917365da7aa0c - - default default] 10.0.0.179 "DELETE /v2.0/security-groups/8865f084-9656-4201-a8e1-24ba286719a2 HTTP/1.1" status: 204 len: 168 time: 0.2146845
2026-07-01 02:03:47.097 9 INFO neutron.api.wsgi [req-fb4a62da-faac-49dc-9b6e-bef8e1b43ba5 req-c198a76e-5b60-457e-abba-8318ea0d34fa 0746676e60fb4efe8b29012ba137f9ce a001d5f3965e404585f5f6102d39a46b - - d98b857e90864c74adc3bf5bfdf4dc38 d98b857e90864c74adc3bf5bfdf4dc38] 199.204.45.22 "GET /v2.0/ports?tenant_id=93ce8b2fcfc948b3b1b917365da7aa0c&device_id=7bcecd71-1a39-4d2e-9b59-495fb3298497 HTTP/1.1" status: 200 len: 1411 time: 0.0417674
2026-07-01 02:03:47.172 9 INFO neutron.api.wsgi [req-fb4a62da-faac-49dc-9b6e-bef8e1b43ba5 req-7dc8cad2-9f63-47cb-9aa1-1faf2dc1e147 0746676e60fb4efe8b29012ba137f9ce a001d5f3965e404585f5f6102d39a46b - - d98b857e90864c74adc3bf5bfdf4dc38 d98b857e90864c74adc3bf5bfdf4dc38] 199.204.45.22 "GET /v2.0/networks?tenant_id=93ce8b2fcfc948b3b1b917365da7aa0c&shared=False HTTP/1.1" status: 200 len: 937 time: 0.0693829
2026-07-01 02:03:47.215 9 INFO neutron.api.wsgi [req-fb4a62da-faac-49dc-9b6e-bef8e1b43ba5 req-5cd84040-9749-429b-8be8-b26d30aa6440 0746676e60fb4efe8b29012ba137f9ce a001d5f3965e404585f5f6102d39a46b - - d98b857e90864c74adc3bf5bfdf4dc38 d98b857e90864c74adc3bf5bfdf4dc38] 199.204.45.22 "GET /v2.0/networks?shared=True HTTP/1.1" status: 200 len: 952 time: 0.0385375
2026-07-01 02:03:47.218 10 INFO neutron.db.ovn_revision_numbers_db [None req-13c343ed-7245-4411-82b1-095981335001 a33a965b76fc462d9b652971c6641128 93ce8b2fcfc948b3b1b917365da7aa0c - - default default] Successfully bumped revision number for resource f34e9f03-424f-437a-b7fc-034305f27f86 (type: security_groups) to 1
2026-07-01 02:03:47.228 10 INFO neutron.db.ovn_revision_numbers_db [None req-13c343ed-7245-4411-82b1-095981335001 a33a965b76fc462d9b652971c6641128 93ce8b2fcfc948b3b1b917365da7aa0c - - default default] Successfully bumped revision number for resource 07a2ccd8-adb3-4872-98ed-332d4877c516 (type: security_group_rules) to 0
2026-07-01 02:03:47.242 10 INFO neutron.db.ovn_revision_numbers_db [None req-13c343ed-7245-4411-82b1-095981335001 a33a965b76fc462d9b652971c6641128 93ce8b2fcfc948b3b1b917365da7aa0c - - default default] Successfully bumped revision number for resource 1904b08b-ed98-4fa6-9030-23c43bc96a88 (type: security_group_rules) to 0
2026-07-01 02:03:47.255 10 INFO neutron.db.ovn_revision_numbers_db [None req-13c343ed-7245-4411-82b1-095981335001 a33a965b76fc462d9b652971c6641128 93ce8b2fcfc948b3b1b917365da7aa0c - - default default] Successfully bumped revision number for resource 35f13851-1206-4d7c-8171-1cdb9856e8d6 (type: security_group_rules) to 0
2026-07-01 02:03:47.266 10 INFO neutron.db.ovn_revision_numbers_db [None req-13c343ed-7245-4411-82b1-095981335001 a33a965b76fc462d9b652971c6641128 93ce8b2fcfc948b3b1b917365da7aa0c - - default default] Successfully bumped revision number for resource 9b49ca40-61d1-40e2-aecd-a5e4a4828155 (type: security_group_rules) to 0
2026-07-01 02:03:47.275 9 INFO neutron.api.wsgi [req-fdadb402-3db5-42b7-a8ea-9f604544246e req-b109be5e-055d-4a9f-b30e-36d75835e004 a33a965b76fc462d9b652971c6641128 93ce8b2fcfc948b3b1b917365da7aa0c - - default default] 10.0.0.12 "GET /v2.0/ports?device_id=7bcecd71-1a39-4d2e-9b59-495fb3298497 HTTP/1.1" status: 200 len: 1411 time: 0.0316093
2026-07-01 02:03:47.298 10 INFO neutron.api.wsgi [None req-13c343ed-7245-4411-82b1-095981335001 a33a965b76fc462d9b652971c6641128 93ce8b2fcfc948b3b1b917365da7aa0c - - default default] 10.0.0.179 "GET /v2.0/security-groups?tenant_id=71779ed2983746d290959b914ec97fe6&name=default HTTP/1.1" status: 200 len: 3120 time: 0.1759923
2026-07-01 02:03:47.310 9 INFO neutron.api.wsgi [req-fdadb402-3db5-42b7-a8ea-9f604544246e req-5812def3-f972-4408-a522-07bb05eb094c a33a965b76fc462d9b652971c6641128 93ce8b2fcfc948b3b1b917365da7aa0c - - default default] 10.0.0.12 "GET /v2.0/security-groups?id=0fe53cdd-1005-4ad6-9e98-7492ccbd62c4&fields=id&fields=name HTTP/1.1" status: 200 len: 294 time: 0.0294912
2026-07-01 02:03:47.399 10 INFO neutron.api.wsgi [req-ec87722d-4f47-458c-8f31-37365a4b8646 req-6016f97c-c158-4cd7-8248-adf62d309e14 a33a965b76fc462d9b652971c6641128 93ce8b2fcfc948b3b1b917365da7aa0c - - default default] 10.0.0.12 "GET /v2.0/ports?device_id=7bcecd71-1a39-4d2e-9b59-495fb3298497 HTTP/1.1" status: 200 len: 1411 time: 0.0317631
2026-07-01 02:03:47.506 10 INFO neutron.api.wsgi [None req-4ead606d-615d-4029-baf1-ac62d576a22e a33a965b76fc462d9b652971c6641128 93ce8b2fcfc948b3b1b917365da7aa0c - - default default] 10.0.0.179 "DELETE /v2.0/security-groups/f34e9f03-424f-437a-b7fc-034305f27f86 HTTP/1.1" status: 204 len: 168 time: 0.2024500
2026-07-01 02:03:47.664 10 INFO neutron.api.wsgi [req-73652953-0303-4416-8e2d-edfc44360949 req-6c4f37fa-1fd9-407f-970d-b97000b6d6d8 563834bf283245f1afe6398a1d6846ce 32a82bb623f545babf8cff3fe78ae7a3 - - default default] 10.0.0.12 "GET /v2.0/ports?device_id=9d2ffeaf-a886-46fc-805a-8d5198b2596c HTTP/1.1" status: 200 len: 210 time: 0.0222762
2026-07-01 02:03:48.260 9 INFO neutron.api.wsgi [req-f0a7028c-ae3e-4c5c-8b7e-6ca70fb98d72 req-ce1a9db5-9500-471f-b952-d32536be5b38 0746676e60fb4efe8b29012ba137f9ce a001d5f3965e404585f5f6102d39a46b - - d98b857e90864c74adc3bf5bfdf4dc38 d98b857e90864c74adc3bf5bfdf4dc38] 199.204.45.22 "GET /v2.0/ports?tenant_id=93ce8b2fcfc948b3b1b917365da7aa0c&device_id=7bcecd71-1a39-4d2e-9b59-495fb3298497 HTTP/1.1" status: 200 len: 1411 time: 0.0314517
2026-07-01 02:03:48.287 9 INFO neutron.api.wsgi [req-f0a7028c-ae3e-4c5c-8b7e-6ca70fb98d72 req-d77c6bac-44ab-4340-9179-8c9f9b24be00 0746676e60fb4efe8b29012ba137f9ce a001d5f3965e404585f5f6102d39a46b - - d98b857e90864c74adc3bf5bfdf4dc38 d98b857e90864c74adc3bf5bfdf4dc38] 199.204.45.22 "GET /v2.0/floatingips?fixed_ip_address=172.24.2.14&port_id=e2bab586-c7d7-4544-bb33-525123cc108f HTTP/1.1" status: 200 len: 217 time: 0.0179098
2026-07-01 02:03:48.320 9 INFO neutron.api.wsgi [req-f0a7028c-ae3e-4c5c-8b7e-6ca70fb98d72 req-b92ee311-fcaa-4f9d-8f60-d4779fb3da00 0746676e60fb4efe8b29012ba137f9ce a001d5f3965e404585f5f6102d39a46b - - d98b857e90864c74adc3bf5bfdf4dc38 d98b857e90864c74adc3bf5bfdf4dc38] 199.204.45.22 "GET /v2.0/subnets?id=0e293b2c-b828-4078-8c3c-94ca2ae6a90c HTTP/1.1" status: 200 len: 853 time: 0.0248368
2026-07-01 02:03:48.341 9 INFO neutron.api.wsgi [req-f0a7028c-ae3e-4c5c-8b7e-6ca70fb98d72 req-ee5aa8a1-7e69-4fea-a47d-ab84febe6ef6 0746676e60fb4efe8b29012ba137f9ce a001d5f3965e404585f5f6102d39a46b - - d98b857e90864c74adc3bf5bfdf4dc38 d98b857e90864c74adc3bf5bfdf4dc38] 199.204.45.22 "GET /v2.0/ports?network_id=1a27c178-a91b-4258-808e-fc7adf5e007b&device_owner=network%3Adhcp HTTP/1.1" status: 200 len: 210 time: 0.0165665
2026-07-01 02:03:48.393 9 INFO neutron.api.wsgi [req-f0a7028c-ae3e-4c5c-8b7e-6ca70fb98d72 req-3b8bcf49-97c8-44bc-bc26-f5b7c810dfff 0746676e60fb4efe8b29012ba137f9ce a001d5f3965e404585f5f6102d39a46b - - d98b857e90864c74adc3bf5bfdf4dc38 d98b857e90864c74adc3bf5bfdf4dc38] 199.204.45.22 "GET /v2.0/networks/1a27c178-a91b-4258-808e-fc7adf5e007b?fields=segments HTTP/1.1" status: 200 len: 212 time: 0.0438890
2026-07-01 02:03:48.438 9 INFO neutron.api.wsgi [req-f0a7028c-ae3e-4c5c-8b7e-6ca70fb98d72 req-48ebe55c-3b20-4209-896b-4e6bf7684dd9 0746676e60fb4efe8b29012ba137f9ce a001d5f3965e404585f5f6102d39a46b - - d98b857e90864c74adc3bf5bfdf4dc38 d98b857e90864c74adc3bf5bfdf4dc38] 199.204.45.22 "GET /v2.0/networks/1a27c178-a91b-4258-808e-fc7adf5e007b?fields=provider%3Aphysical_network&fields=provider%3Anetwork_type HTTP/1.1" status: 200 len: 277 time: 0.0391920
2026-07-01 02:03:48.575 9 INFO neutron.api.wsgi [req-6f5da327-24f5-431f-9754-9b1bf0afb37f req-ccf96f76-459b-4f2f-84e2-435b08fdbb0c 0746676e60fb4efe8b29012ba137f9ce a001d5f3965e404585f5f6102d39a46b - - d98b857e90864c74adc3bf5bfdf4dc38 d98b857e90864c74adc3bf5bfdf4dc38] 199.204.45.22 "GET /v2.0/ports?device_id=95f7919e-fe11-43a6-8f29-3527d310a43d&fields=binding%3Ahost_id&fields=binding%3Avif_type HTTP/1.1" status: 200 len: 265 time: 0.0448532
2026-07-01 02:03:48.781 9 INFO neutron.api.wsgi [req-21e2018a-1fc9-463d-8cee-47dfbe0c557e req-38f938dc-0766-4b54-95dd-0864f033ab02 563834bf283245f1afe6398a1d6846ce 32a82bb623f545babf8cff3fe78ae7a3 - - default default] 10.0.0.12 "GET /v2.0/ports?device_id=9d2ffeaf-a886-46fc-805a-8d5198b2596c HTTP/1.1" status: 200 len: 210 time: 0.0237820
2026-07-01 02:03:49.627 9 INFO neutron.api.wsgi [req-6f5da327-24f5-431f-9754-9b1bf0afb37f req-7a51770b-8454-43bb-ae4e-640195020186 0746676e60fb4efe8b29012ba137f9ce a001d5f3965e404585f5f6102d39a46b - - d98b857e90864c74adc3bf5bfdf4dc38 d98b857e90864c74adc3bf5bfdf4dc38] 199.204.45.22 "GET /v2.0/ports?tenant_id=a6dec8187bb74f7cb5ebe0c80cdcf421&device_id=95f7919e-fe11-43a6-8f29-3527d310a43d HTTP/1.1" status: 200 len: 1634 time: 0.0354173
2026-07-01 02:03:50.000 10 INFO neutron.api.wsgi [None req-2236f9fb-46a3-4615-8ccc-b201d6ab3a75 563834bf283245f1afe6398a1d6846ce 32a82bb623f545babf8cff3fe78ae7a3 - - default default] 10.0.0.179 "DELETE /v2.0/security-groups/4f63e09b-6b62-4692-b03e-da0c9ddd8ef6 HTTP/1.1" status: 204 len: 168 time: 0.1442900
2026-07-01 02:03:50.025 10 INFO neutron.api.v2.resource [None req-42a70535-007b-4db2-9fdd-f174b452388e 563834bf283245f1afe6398a1d6846ce 32a82bb623f545babf8cff3fe78ae7a3 - - default default] show failed (client error): The resource could not be found.
2026-07-01 02:03:50.026 10 INFO neutron.api.wsgi [None req-42a70535-007b-4db2-9fdd-f174b452388e 563834bf283245f1afe6398a1d6846ce 32a82bb623f545babf8cff3fe78ae7a3 - - default default] 10.0.0.179 "GET /v2.0/security-groups/4f63e09b-6b62-4692-b03e-da0c9ddd8ef6 HTTP/1.1" status: 404 len: 347 time: 0.0187154
2026-07-01 02:03:50.114 10 INFO neutron.api.wsgi [req-ee8cf300-5344-419d-ac65-4b9981e8c26d req-914e6e2c-f32d-4b12-ac70-96092b8d0cf0 a33a965b76fc462d9b652971c6641128 93ce8b2fcfc948b3b1b917365da7aa0c - - default default] 10.0.0.12 "GET /v2.0/ports?device_id=7bcecd71-1a39-4d2e-9b59-495fb3298497 HTTP/1.1" status: 200 len: 1411 time: 0.0327857
2026-07-01 02:03:50.154 10 WARNING neutron_lib.context [None req-c5858f21-f68e-47ed-b01a-1d9b02c01fea 56f45a0c5392496389b343a425c934db 44e1240c9c834dccadc4e13caf2db214 - - default default] Method 'is_advsvc' is deprecated since 2023.2 release (neutron-lib 3.8.0) and will be removed once support for the old RBAC API policies will be removed from Neutron. Please use method 'is_service_role' instead.
2026-07-01 02:03:50.158 10 INFO neutron.api.wsgi [req-ee8cf300-5344-419d-ac65-4b9981e8c26d req-2b2cb9ed-d6e5-498b-8087-8919396f142d a33a965b76fc462d9b652971c6641128 93ce8b2fcfc948b3b1b917365da7aa0c - - default default] 10.0.0.12 "GET /v2.0/security-groups?id=0fe53cdd-1005-4ad6-9e98-7492ccbd62c4&fields=id&fields=name HTTP/1.1" status: 200 len: 294 time: 0.0364931
2026-07-01 02:03:50.185 9 INFO neutron.api.wsgi [req-6f5da327-24f5-431f-9754-9b1bf0afb37f req-183054ac-5971-4227-a446-d9fc5fe2c44a 0746676e60fb4efe8b29012ba137f9ce a001d5f3965e404585f5f6102d39a46b - - d98b857e90864c74adc3bf5bfdf4dc38 d98b857e90864c74adc3bf5bfdf4dc38] 199.204.45.22 "GET /v2.0/networks?id=3d22bb25-4d75-4f44-a367-3d8586e689c2 HTTP/1.1" status: 200 len: 1003 time: 0.0487866
2026-07-01 02:03:50.244 9 INFO neutron.api.wsgi [req-6f5da327-24f5-431f-9754-9b1bf0afb37f req-829b7d7f-ae90-4476-8037-ad53e28eb92b 0746676e60fb4efe8b29012ba137f9ce a001d5f3965e404585f5f6102d39a46b - - d98b857e90864c74adc3bf5bfdf4dc38 d98b857e90864c74adc3bf5bfdf4dc38] 199.204.45.22 "GET /v2.0/floatingips?fixed_ip_address=10.2.1.80&port_id=ed88778d-f489-45c2-adfc-d571435ca376 HTTP/1.1" status: 200 len: 1058 time: 0.0531220
2026-07-01 02:03:50.251 9 INFO neutron.api.wsgi [req-3dab3e1d-8075-41bc-bee5-2490c9d8bea0 req-4ee84d8a-fa04-4d54-8e18-44d39db6cd3a a33a965b76fc462d9b652971c6641128 93ce8b2fcfc948b3b1b917365da7aa0c - - default default] 10.0.0.12 "GET /v2.0/ports?device_id=7bcecd71-1a39-4d2e-9b59-495fb3298497 HTTP/1.1" status: 200 len: 1411 time: 0.0463305
2026-07-01 02:03:50.272 9 INFO neutron.api.wsgi [req-6f5da327-24f5-431f-9754-9b1bf0afb37f req-c0fad91d-39e0-4336-a2cf-7ff6a08b1b3c 0746676e60fb4efe8b29012ba137f9ce a001d5f3965e404585f5f6102d39a46b - - d98b857e90864c74adc3bf5bfdf4dc38 d98b857e90864c74adc3bf5bfdf4dc38] 199.204.45.22 "GET /v2.0/floatingips?fixed_ip_address=fd7b%3Af9f7%3Afff%3A4eca%3A%3A2bc&port_id=ed88778d-f489-45c2-adfc-d571435ca376 HTTP/1.1" status: 200 len: 217 time: 0.0198841
2026-07-01 02:03:50.275 10 INFO neutron.db.ovn_revision_numbers_db [None req-c5858f21-f68e-47ed-b01a-1d9b02c01fea 56f45a0c5392496389b343a425c934db 44e1240c9c834dccadc4e13caf2db214 - - default default] Successfully bumped revision number for resource 03fc598e-1f8f-445c-89bd-5e3d9c3d5158 (type: security_groups) to 1
2026-07-01 02:03:50.287 10 INFO neutron.db.ovn_revision_numbers_db [None req-c5858f21-f68e-47ed-b01a-1d9b02c01fea 56f45a0c5392496389b343a425c934db 44e1240c9c834dccadc4e13caf2db214 - - default default] Successfully bumped revision number for resource 5aed266c-c3ab-46ef-8642-4e34e8829a55 (type: security_group_rules) to 0
2026-07-01 02:03:50.300 10 INFO neutron.db.ovn_revision_numbers_db [None req-c5858f21-f68e-47ed-b01a-1d9b02c01fea 56f45a0c5392496389b343a425c934db 44e1240c9c834dccadc4e13caf2db214 - - default default] Successfully bumped revision number for resource 5c53a41f-5a22-4a68-9494-e20950d2398b (type: security_group_rules) to 0
2026-07-01 02:03:50.305 9 INFO neutron.api.wsgi [req-6f5da327-24f5-431f-9754-9b1bf0afb37f req-d9401748-e5c0-4d3b-83bc-178cabf70ec0 0746676e60fb4efe8b29012ba137f9ce a001d5f3965e404585f5f6102d39a46b - - d98b857e90864c74adc3bf5bfdf4dc38 d98b857e90864c74adc3bf5bfdf4dc38] 199.204.45.22 "GET /v2.0/subnets?id=f6b3bbc9-5019-4d9f-91f4-2d0e9aca6546&id=5367ca18-fdfe-4f72-bfae-7b931354ae70 HTTP/1.1" status: 200 len: 1611 time: 0.0264146
2026-07-01 02:03:50.312 10 INFO neutron.db.ovn_revision_numbers_db [None req-c5858f21-f68e-47ed-b01a-1d9b02c01fea 56f45a0c5392496389b343a425c934db 44e1240c9c834dccadc4e13caf2db214 - - default default] Successfully bumped revision number for resource b4360d10-c505-4a6a-a3f1-5ae8c6c9e0dd (type: security_group_rules) to 0
2026-07-01 02:03:50.329 9 INFO neutron.api.wsgi [req-6f5da327-24f5-431f-9754-9b1bf0afb37f req-c0b0c998-ea33-4d09-9e6a-e2e04ea4fea0 0746676e60fb4efe8b29012ba137f9ce a001d5f3965e404585f5f6102d39a46b - - d98b857e90864c74adc3bf5bfdf4dc38 d98b857e90864c74adc3bf5bfdf4dc38] 199.204.45.22 "GET /v2.0/ports?network_id=3d22bb25-4d75-4f44-a367-3d8586e689c2&device_owner=network%3Adhcp HTTP/1.1" status: 200 len: 210 time: 0.0186684
2026-07-01 02:03:50.336 10 INFO neutron.db.ovn_revision_numbers_db [None req-c5858f21-f68e-47ed-b01a-1d9b02c01fea 56f45a0c5392496389b343a425c934db 44e1240c9c834dccadc4e13caf2db214 - - default default] Successfully bumped revision number for resource d228e746-a0ed-4ec3-a97e-24e46f3003f2 (type: security_group_rules) to 0
2026-07-01 02:03:50.348 9 INFO neutron.api.wsgi [req-6f5da327-24f5-431f-9754-9b1bf0afb37f req-4e64fe93-9c52-4948-aef8-280cb4ec05cd 0746676e60fb4efe8b29012ba137f9ce a001d5f3965e404585f5f6102d39a46b - - d98b857e90864c74adc3bf5bfdf4dc38 d98b857e90864c74adc3bf5bfdf4dc38] 199.204.45.22 "GET /v2.0/ports?network_id=3d22bb25-4d75-4f44-a367-3d8586e689c2&device_owner=network%3Adhcp HTTP/1.1" status: 200 len: 210 time: 0.0150764
2026-07-01 02:03:50.397 9 INFO neutron.api.wsgi [req-6f5da327-24f5-431f-9754-9b1bf0afb37f req-217be332-2d61-48c6-b7c0-1f38e80bbedb 0746676e60fb4efe8b29012ba137f9ce a001d5f3965e404585f5f6102d39a46b - - d98b857e90864c74adc3bf5bfdf4dc38 d98b857e90864c74adc3bf5bfdf4dc38] 199.204.45.22 "GET /v2.0/networks/3d22bb25-4d75-4f44-a367-3d8586e689c2?fields=segments HTTP/1.1" status: 200 len: 212 time: 0.0418737
2026-07-01 02:03:50.403 9 INFO neutron.api.wsgi [None req-3903eddf-3eae-4694-8257-ddcc98d0c20a 563834bf283245f1afe6398a1d6846ce 32a82bb623f545babf8cff3fe78ae7a3 - - default default] 10.0.0.179 "DELETE /v2.0/floatingips/c4409c59-a8c2-4ca1-afc3-24ef2cd7587b HTTP/1.1" status: 204 len: 168 time: 0.3726828
2026-07-01 02:03:50.428 10 INFO neutron.db.segments_db [None req-c5858f21-f68e-47ed-b01a-1d9b02c01fea 56f45a0c5392496389b343a425c934db 44e1240c9c834dccadc4e13caf2db214 - - default default] Added segment ad1c7016-e98e-455a-90fe-4332b48e97d6 of type geneve for network ba6feb43-df1a-412a-b7ed-5a98ce197c86
2026-07-01 02:03:50.466 9 INFO neutron.api.wsgi [req-6f5da327-24f5-431f-9754-9b1bf0afb37f req-f046e0a1-f99e-4c16-9c63-7f6b110c996e 0746676e60fb4efe8b29012ba137f9ce a001d5f3965e404585f5f6102d39a46b - - d98b857e90864c74adc3bf5bfdf4dc38 d98b857e90864c74adc3bf5bfdf4dc38] 199.204.45.22 "GET /v2.0/networks/3d22bb25-4d75-4f44-a367-3d8586e689c2?fields=provider%3Aphysical_network&fields=provider%3Anetwork_type HTTP/1.1" status: 200 len: 277 time: 0.0617836
2026-07-01 02:03:50.544 10 INFO neutron.db.ovn_revision_numbers_db [None req-c5858f21-f68e-47ed-b01a-1d9b02c01fea 56f45a0c5392496389b343a425c934db 44e1240c9c834dccadc4e13caf2db214 - - default default] Successfully bumped revision number for resource ba6feb43-df1a-412a-b7ed-5a98ce197c86 (type: networks) to 1
2026-07-01 02:03:50.696 10 WARNING neutron.scheduler.dhcp_agent_scheduler [None req-c5858f21-f68e-47ed-b01a-1d9b02c01fea 56f45a0c5392496389b343a425c934db 44e1240c9c834dccadc4e13caf2db214 - - default default] No more DHCP agents
2026-07-01 02:03:50.697 10 WARNING neutron.api.rpc.agentnotifiers.dhcp_rpc_agent_api [None req-c5858f21-f68e-47ed-b01a-1d9b02c01fea 56f45a0c5392496389b343a425c934db 44e1240c9c834dccadc4e13caf2db214 - - default default] Unable to schedule network ba6feb43-df1a-412a-b7ed-5a98ce197c86: no agents available; will retry on subsequent port and subnet creation events.
2026-07-01 02:03:50.760 10 INFO neutron.db.ovn_revision_numbers_db [None req-c5858f21-f68e-47ed-b01a-1d9b02c01fea 56f45a0c5392496389b343a425c934db 44e1240c9c834dccadc4e13caf2db214 - - default default] Successfully bumped revision number for resource c2bb7cc5-785d-4914-8754-b5160bf39be6 (type: ports) to 1
2026-07-01 02:03:50.785 10 INFO neutron.api.wsgi [None req-c5858f21-f68e-47ed-b01a-1d9b02c01fea 56f45a0c5392496389b343a425c934db 44e1240c9c834dccadc4e13caf2db214 - - default default] 10.0.0.179 "POST /v2.0/networks HTTP/1.1" status: 201 len: 830 time: 0.7909954
2026-07-01 02:03:50.793 10 WARNING neutron_lib.context [None req-cf40895f-10dc-4a0f-8b1d-83e126de8a5a 56f45a0c5392496389b343a425c934db 44e1240c9c834dccadc4e13caf2db214 - - default default] Method 'is_advsvc' is deprecated since 2023.2 release (neutron-lib 3.8.0) and will be removed once support for the old RBAC API policies will be removed from Neutron. Please use method 'is_service_role' instead.
2026-07-01 02:03:51.003 10 WARNING neutron.scheduler.dhcp_agent_scheduler [None req-cf40895f-10dc-4a0f-8b1d-83e126de8a5a 56f45a0c5392496389b343a425c934db 44e1240c9c834dccadc4e13caf2db214 - - default default] No more DHCP agents
2026-07-01 02:03:51.004 10 WARNING neutron.api.rpc.agentnotifiers.dhcp_rpc_agent_api [None req-cf40895f-10dc-4a0f-8b1d-83e126de8a5a 56f45a0c5392496389b343a425c934db 44e1240c9c834dccadc4e13caf2db214 - - default default] Unable to schedule network ba6feb43-df1a-412a-b7ed-5a98ce197c86: no agents available; will retry on subsequent port and subnet creation events.
2026-07-01 02:03:51.074 10 INFO neutron.db.ovn_revision_numbers_db [None req-cf40895f-10dc-4a0f-8b1d-83e126de8a5a 56f45a0c5392496389b343a425c934db 44e1240c9c834dccadc4e13caf2db214 - - default default] Successfully bumped revision number for resource 7eb0a3c7-1312-4648-9b8d-dcfd0120ae9d (type: ports) to 1
2026-07-01 02:03:51.094 10 INFO neutron.api.wsgi [None req-cf40895f-10dc-4a0f-8b1d-83e126de8a5a 56f45a0c5392496389b343a425c934db 44e1240c9c834dccadc4e13caf2db214 - - default default] 10.0.0.179 "POST /v2.0/ports HTTP/1.1" status: 201 len: 942 time: 0.3048904 /var/lib/openstack/lib/python3.12/site-packages/pycadf/identifier.py:71: UserWarning: Invalid uuid: neutron. To ensure interoperability, identifiers should be a valid uuid. warnings.warn(('Invalid uuid: %s. To ensure interoperability, '
2026-07-01 02:03:51.103 10 WARNING neutron_lib.context [None req-48b4d373-a140-41c6-a739-3048e9287a03 56f45a0c5392496389b343a425c934db 44e1240c9c834dccadc4e13caf2db214 - - default default] Method 'is_advsvc' is deprecated since 2023.2 release (neutron-lib 3.8.0) and will be removed once support for the old RBAC API policies will be removed from Neutron. Please use method 'is_service_role' instead.
2026-07-01 02:03:51.307 10 INFO neutron.api.wsgi [None req-48b4d373-a140-41c6-a739-3048e9287a03 56f45a0c5392496389b343a425c934db 44e1240c9c834dccadc4e13caf2db214 - - default default] 10.0.0.179 "POST /v2.0/trunks HTTP/1.1" status: 201 len: 608 time: 0.2081981
2026-07-01 02:03:51.333 10 INFO neutron.api.wsgi [None req-06a0fdd6-377f-43e9-81de-2ae1b396661b 56f45a0c5392496389b343a425c934db 44e1240c9c834dccadc4e13caf2db214 - - default default] 10.0.0.179 "PUT /v2.0/trunks/25b70190-90de-4bb8-9518-4c92fa4bed17/tags HTTP/1.1" status: 200 len: 218 time: 0.0197909
2026-07-01 02:03:51.352 10 INFO neutron.api.wsgi [None req-facfd653-00b1-4c59-94b0-19d406e62be2 56f45a0c5392496389b343a425c934db 44e1240c9c834dccadc4e13caf2db214 - - default default] 10.0.0.179 "GET /v2.0/trunks/25b70190-90de-4bb8-9518-4c92fa4bed17/tags HTTP/1.1" status: 200 len: 218 time: 0.0121167
2026-07-01 02:03:51.378 10 INFO neutron.api.wsgi [None req-34515f76-705e-4dd6-8088-fd157607bfa8 56f45a0c5392496389b343a425c934db 44e1240c9c834dccadc4e13caf2db214 - - default default] 10.0.0.179 "PUT /v2.0/trunks/25b70190-90de-4bb8-9518-4c92fa4bed17/tags/green HTTP/1.1" status: 201 len: 201 time: 0.0216088
2026-07-01 02:03:51.394 10 INFO neutron.api.wsgi [None req-00895288-2a7f-4678-a6dd-4e1031b155c7 56f45a0c5392496389b343a425c934db 44e1240c9c834dccadc4e13caf2db214 - - default default] 10.0.0.179 "GET /v2.0/trunks/25b70190-90de-4bb8-9518-4c92fa4bed17/tags HTTP/1.1" status: 200 len: 227 time: 0.0115290
2026-07-01 02:03:51.409 10 INFO neutron.api.wsgi [None req-5ac663fb-cbc2-4309-89cc-29564f6c585e 56f45a0c5392496389b343a425c934db 44e1240c9c834dccadc4e13caf2db214 - - default default] 10.0.0.179 "PUT /v2.0/trunks/25b70190-90de-4bb8-9518-4c92fa4bed17/tags/red HTTP/1.1" status: 201 len: 201 time: 0.0117023
2026-07-01 02:03:51.425 10 INFO neutron.api.wsgi [None req-ebfd58e2-aaf8-477a-97e7-a7696dc036a1 56f45a0c5392496389b343a425c934db 44e1240c9c834dccadc4e13caf2db214 - - default default] 10.0.0.179 "GET /v2.0/trunks/25b70190-90de-4bb8-9518-4c92fa4bed17/tags HTTP/1.1" status: 200 len: 227 time: 0.0104549
2026-07-01 02:03:51.454 10 INFO neutron.api.wsgi [None req-05a1778e-8ef4-474d-ad7f-c15522e1d7c2 56f45a0c5392496389b343a425c934db 44e1240c9c834dccadc4e13caf2db214 - - default default] 10.0.0.179 "PUT /v2.0/trunks/25b70190-90de-4bb8-9518-4c92fa4bed17/tags/black.or.white HTTP/1.1" status: 201 len: 201 time: 0.0240350
2026-07-01 02:03:51.472 10 INFO neutron.api.wsgi [None req-14f0201e-c09b-43e0-9dde-b7c088b26922 56f45a0c5392496389b343a425c934db 44e1240c9c834dccadc4e13caf2db214 - - default default] 10.0.0.179 "GET /v2.0/trunks/25b70190-90de-4bb8-9518-4c92fa4bed17/tags HTTP/1.1" status: 200 len: 245 time: 0.0132148
2026-07-01 02:03:51.504 10 INFO neutron.api.wsgi [None req-286b3181-0049-47b1-af3d-2aaf6fe8240e 56f45a0c5392496389b343a425c934db 44e1240c9c834dccadc4e13caf2db214 - - default default] 10.0.0.179 "PUT /v2.0/trunks/25b70190-90de-4bb8-9518-4c92fa4bed17/tags HTTP/1.1" status: 200 len: 230 time: 0.0273349
2026-07-01 02:03:51.527 10 INFO neutron.api.wsgi [None req-e6103b2e-3681-457e-a129-000b1fe003da 56f45a0c5392496389b343a425c934db 44e1240c9c834dccadc4e13caf2db214 - - default default] 10.0.0.179 "GET /v2.0/trunks/25b70190-90de-4bb8-9518-4c92fa4bed17/tags HTTP/1.1" status: 200 len: 230 time: 0.0188289
2026-07-01 02:03:51.546 10 INFO neutron.api.wsgi [None req-4f3e280d-1008-4769-818e-1fe63b6ea040 56f45a0c5392496389b343a425c934db 44e1240c9c834dccadc4e13caf2db214 - - default default] 10.0.0.179 "GET /v2.0/trunks/25b70190-90de-4bb8-9518-4c92fa4bed17/tags/red HTTP/1.1" status: 204 len: 168 time: 0.0161045
2026-07-01 02:03:51.562 10 INFO neutron.api.v2.resource [None req-173663dc-2567-417c-9a2e-7645a0256bef 56f45a0c5392496389b343a425c934db 44e1240c9c834dccadc4e13caf2db214 - - default default] show failed (client error): The resource could not be found.
2026-07-01 02:03:51.563 10 INFO neutron.api.wsgi [None req-173663dc-2567-417c-9a2e-7645a0256bef 56f45a0c5392496389b343a425c934db 44e1240c9c834dccadc4e13caf2db214 - - default default] 10.0.0.179 "GET /v2.0/trunks/25b70190-90de-4bb8-9518-4c92fa4bed17/tags/green HTTP/1.1" status: 404 len: 299 time: 0.0125198
2026-07-01 02:03:51.594 10 INFO neutron.api.wsgi [None req-940c76d2-0f51-4003-be63-0985987388a8 56f45a0c5392496389b343a425c934db 44e1240c9c834dccadc4e13caf2db214 - - default default] 10.0.0.179 "DELETE /v2.0/trunks/25b70190-90de-4bb8-9518-4c92fa4bed17/tags/red HTTP/1.1" status: 204 len: 168 time: 0.0271146
2026-07-01 02:03:51.610 10 INFO neutron.api.wsgi [None req-bcd2923f-8a9e-4355-879e-2f8b83b22a4c 56f45a0c5392496389b343a425c934db 44e1240c9c834dccadc4e13caf2db214 - - default default] 10.0.0.179 "GET /v2.0/trunks/25b70190-90de-4bb8-9518-4c92fa4bed17/tags HTTP/1.1" status: 200 len: 223 time: 0.0131943
2026-07-01 02:03:51.634 10 INFO neutron.api.v2.resource [None req-fa45b24f-6ea3-4508-829a-89f5ddcf8f8a 56f45a0c5392496389b343a425c934db 44e1240c9c834dccadc4e13caf2db214 - - default default] delete failed (client error): The resource could not be found.
2026-07-01 02:03:51.635 10 INFO neutron.api.wsgi [None req-fa45b24f-6ea3-4508-829a-89f5ddcf8f8a 56f45a0c5392496389b343a425c934db 44e1240c9c834dccadc4e13caf2db214 - - default default] 10.0.0.179 "DELETE /v2.0/trunks/25b70190-90de-4bb8-9518-4c92fa4bed17/tags/green HTTP/1.1" status: 404 len: 299 time: 0.0215032
2026-07-01 02:03:51.639 9 INFO neutron.api.wsgi [None req-2c88164f-95b4-4874-87a0-d0ee44b2e74a a33a965b76fc462d9b652971c6641128 93ce8b2fcfc948b3b1b917365da7aa0c - - default default] 10.0.0.179 "PUT /v2.0/routers/eed94399-fad9-4b4e-8312-a38e3c107004/remove_router_interface HTTP/1.1" status: 200 len: 503 time: 1.2259796 /var/lib/openstack/lib/python3.12/site-packages/pycadf/identifier.py:71: UserWarning: Invalid uuid: neutron. To ensure interoperability, identifiers should be a valid uuid. warnings.warn(('Invalid uuid: %s. To ensure interoperability, '
2026-07-01 02:03:51.673 10 INFO neutron.api.wsgi [None req-3a222de9-eec5-4e7c-81e5-5ff57b85db1a 56f45a0c5392496389b343a425c934db 44e1240c9c834dccadc4e13caf2db214 - - default default] 10.0.0.179 "DELETE /v2.0/trunks/25b70190-90de-4bb8-9518-4c92fa4bed17/tags HTTP/1.1" status: 204 len: 168 time: 0.0335641
2026-07-01 02:03:51.699 10 INFO neutron.api.wsgi [None req-fcde9b4d-ae0f-486f-a0c2-f7faaa174b4b 56f45a0c5392496389b343a425c934db 44e1240c9c834dccadc4e13caf2db214 - - default default] 10.0.0.179 "GET /v2.0/trunks/25b70190-90de-4bb8-9518-4c92fa4bed17/tags HTTP/1.1" status: 200 len: 205 time: 0.0203166
2026-07-01 02:03:51.717 10 WARNING neutron_lib.context [None req-b4393193-4dba-45f9-86ef-7c6594da3c2e 3a43ef9e207d45c5826312bdd2279e59 e51741aef5554832b2dc7ba1451de07b - - default default] Method 'is_advsvc' is deprecated since 2023.2 release (neutron-lib 3.8.0) and will be removed once support for the old RBAC API policies will be removed from Neutron. Please use method 'is_service_role' instead.
2026-07-01 02:03:51.758 9 INFO neutron.api.wsgi [None req-911f868b-a7ac-4895-a922-0da9eac4d19c 56f45a0c5392496389b343a425c934db 44e1240c9c834dccadc4e13caf2db214 - - default default] 10.0.0.179 "GET /v2.0/trunks/25b70190-90de-4bb8-9518-4c92fa4bed17 HTTP/1.1" status: 200 len: 603 time: 0.0305221
2026-07-01 02:03:51.776 9 INFO neutron.api.wsgi [-] 10.0.0.183 "GET / HTTP/1.1" status: 200 len: 245 time: 0.0017605
2026-07-01 02:03:51.778 9 INFO neutron.api.wsgi [-] 10.0.0.183 "GET / HTTP/1.1" status: 200 len: 245 time: 0.0017471
2026-07-01 02:03:51.854 10 INFO neutron.api.wsgi [None req-28ab0840-ebd6-4bd5-8d39-2423176b4a2c 56f45a0c5392496389b343a425c934db 44e1240c9c834dccadc4e13caf2db214 - - default default] 10.0.0.179 "GET /v2.0/ports/7eb0a3c7-1312-4648-9b8d-dcfd0120ae9d HTTP/1.1" status: 200 len: 1020 time: 0.0908773
2026-07-01 02:03:51.889 10 INFO neutron.db.ovn_revision_numbers_db [None req-b4393193-4dba-45f9-86ef-7c6594da3c2e 3a43ef9e207d45c5826312bdd2279e59 e51741aef5554832b2dc7ba1451de07b - - default default] Successfully bumped revision number for resource fe3cfe22-98f9-488a-8d6f-0f6dd5721ac7 (type: security_groups) to 1
2026-07-01 02:03:51.901 10 INFO neutron.db.ovn_revision_numbers_db [None req-b4393193-4dba-45f9-86ef-7c6594da3c2e 3a43ef9e207d45c5826312bdd2279e59 e51741aef5554832b2dc7ba1451de07b - - default default] Successfully bumped revision number for resource 11b800b4-9ce7-4439-9984-18df40b8814f (type: security_group_rules) to 0
2026-07-01 02:03:51.902 9 INFO neutron.api.wsgi [req-e7c2e2fb-6f2e-4d70-9eb5-82314511bc8c req-68ab7e1b-baa3-4797-9756-18c3476480ac 0746676e60fb4efe8b29012ba137f9ce a001d5f3965e404585f5f6102d39a46b - - d98b857e90864c74adc3bf5bfdf4dc38 d98b857e90864c74adc3bf5bfdf4dc38] 199.204.45.22 "GET /v2.0/ports?device_id=7bcecd71-1a39-4d2e-9b59-495fb3298497 HTTP/1.1" status: 200 len: 1411 time: 0.0396233
2026-07-01 02:03:51.917 10 INFO neutron.db.ovn_revision_numbers_db [None req-b4393193-4dba-45f9-86ef-7c6594da3c2e 3a43ef9e207d45c5826312bdd2279e59 e51741aef5554832b2dc7ba1451de07b - - default default] Successfully bumped revision number for resource 48683cf3-3485-490b-a1fa-9cc28e70883b (type: security_group_rules) to 0
2026-07-01 02:03:51.931 10 INFO neutron.api.wsgi [None req-603d7a11-c718-4860-8e94-7c23c8c3139f 56f45a0c5392496389b343a425c934db 44e1240c9c834dccadc4e13caf2db214 - - default default] 10.0.0.179 "DELETE /v2.0/trunks/25b70190-90de-4bb8-9518-4c92fa4bed17 HTTP/1.1" status: 204 len: 168 time: 0.0714533
2026-07-01 02:03:51.932 10 INFO neutron.db.ovn_revision_numbers_db [None req-b4393193-4dba-45f9-86ef-7c6594da3c2e 3a43ef9e207d45c5826312bdd2279e59 e51741aef5554832b2dc7ba1451de07b - - default default] Successfully bumped revision number for resource 5d00a878-3ed2-4aa5-9fa3-d8b46668cb12 (type: security_group_rules) to 0
2026-07-01 02:03:51.949 9 INFO neutron.api.wsgi [req-e7c2e2fb-6f2e-4d70-9eb5-82314511bc8c req-e20c95e3-ff9b-46a0-a24e-cf1889d26012 0746676e60fb4efe8b29012ba137f9ce a001d5f3965e404585f5f6102d39a46b - - d98b857e90864c74adc3bf5bfdf4dc38 d98b857e90864c74adc3bf5bfdf4dc38] 199.204.45.22 "GET /v2.0/security-groups?id=0fe53cdd-1005-4ad6-9e98-7492ccbd62c4&fields=id&fields=name HTTP/1.1" status: 200 len: 294 time: 0.0405166
2026-07-01 02:03:51.958 10 INFO neutron.db.ovn_revision_numbers_db [None req-b4393193-4dba-45f9-86ef-7c6594da3c2e 3a43ef9e207d45c5826312bdd2279e59 e51741aef5554832b2dc7ba1451de07b - - default default] Successfully bumped revision number for resource 6bba16ef-98fc-4ff1-a457-5f403f55d025 (type: security_group_rules) to 0
2026-07-01 02:03:52.039 10 INFO neutron.db.segments_db [None req-b4393193-4dba-45f9-86ef-7c6594da3c2e 3a43ef9e207d45c5826312bdd2279e59 e51741aef5554832b2dc7ba1451de07b - - default default] Added segment f0ec3284-6565-407a-bbca-98c8d5df2ee6 of type geneve for network 1c1dbcd6-6f3c-4384-b638-a233a61fb7c1
2026-07-01 02:03:52.048 10 INFO neutron.plugins.ml2.drivers.ovn.mech_driver.mech_driver [None req-1567738e-aa32-44b2-a24a-ea930dc07238 - - - - - -] OVN reports status up for port: e2bab586-c7d7-4544-bb33-525123cc108f
2026-07-01 02:03:52.071 10 INFO neutron.plugins.ml2.plugin [None req-1567738e-aa32-44b2-a24a-ea930dc07238 - - - - - -] Attempt 1 to provision port e2bab586-c7d7-4544-bb33-525123cc108f
2026-07-01 02:03:52.246 10 INFO neutron.api.wsgi [None req-d6efe76f-10df-4922-90e8-92302e9d20eb 56f45a0c5392496389b343a425c934db 44e1240c9c834dccadc4e13caf2db214 - - default default] 10.0.0.179 "DELETE /v2.0/ports/7eb0a3c7-1312-4648-9b8d-dcfd0120ae9d HTTP/1.1" status: 204 len: 168 time: 0.3107569
2026-07-01 02:03:52.246 10 INFO neutron.db.ovn_revision_numbers_db [None req-b4393193-4dba-45f9-86ef-7c6594da3c2e 3a43ef9e207d45c5826312bdd2279e59 e51741aef5554832b2dc7ba1451de07b - - default default] Successfully bumped revision number for resource 1c1dbcd6-6f3c-4384-b638-a233a61fb7c1 (type: networks) to 1
2026-07-01 02:03:52.255 10 INFO neutron.notifiers.nova [-] Nova event matching ['req-57cf2d04-b9d4-447e-9dbe-90b9f5fed122'] response: {'server_uuid': '7bcecd71-1a39-4d2e-9b59-495fb3298497', 'name': 'network-vif-plugged', 'status': 'completed', 'tag': 'e2bab586-c7d7-4544-bb33-525123cc108f', 'code': 200}
2026-07-01 02:03:52.323 9 INFO neutron.api.wsgi [None req-6de30fb9-cf33-4a7f-9e96-ecb40cc58492 a33a965b76fc462d9b652971c6641128 93ce8b2fcfc948b3b1b917365da7aa0c - - default default] 10.0.0.179 "DELETE /v2.0/routers/eed94399-fad9-4b4e-8312-a38e3c107004 HTTP/1.1" status: 204 len: 168 time: 0.6811852
2026-07-01 02:03:52.489 9 INFO neutron.api.wsgi [None req-f31c9fd2-ca29-44c1-83fd-60c1fca63d9e a33a965b76fc462d9b652971c6641128 93ce8b2fcfc948b3b1b917365da7aa0c - - default default] 10.0.0.179 "DELETE /v2.0/subnets/1f73d9d8-6988-43ed-b56f-c7443a613bf6 HTTP/1.1" status: 204 len: 168 time: 0.1617410
2026-07-01 02:03:52.490 10 INFO neutron.db.ovn_revision_numbers_db [None req-1567738e-aa32-44b2-a24a-ea930dc07238 - - - - - -] Successfully bumped revision number for resource e2bab586-c7d7-4544-bb33-525123cc108f (type: ports) to 5
2026-07-01 02:03:52.517 10 WARNING neutron.scheduler.dhcp_agent_scheduler [None req-b4393193-4dba-45f9-86ef-7c6594da3c2e 3a43ef9e207d45c5826312bdd2279e59 e51741aef5554832b2dc7ba1451de07b - - default default] No more DHCP agents
2026-07-01 02:03:52.520 10 WARNING neutron.api.rpc.agentnotifiers.dhcp_rpc_agent_api [None req-b4393193-4dba-45f9-86ef-7c6594da3c2e 3a43ef9e207d45c5826312bdd2279e59 e51741aef5554832b2dc7ba1451de07b - - default default] Unable to schedule network 1c1dbcd6-6f3c-4384-b638-a233a61fb7c1: no agents available; will retry on subsequent port and subnet creation events.
2026-07-01 02:03:52.612 10 INFO neutron.db.ovn_revision_numbers_db [None req-b4393193-4dba-45f9-86ef-7c6594da3c2e 3a43ef9e207d45c5826312bdd2279e59 e51741aef5554832b2dc7ba1451de07b - - default default] Successfully bumped revision number for resource 6208edc2-e8cc-4899-afe6-6601bd8735ee (type: ports) to 1
2026-07-01 02:03:52.641 10 INFO neutron.api.wsgi [None req-b4393193-4dba-45f9-86ef-7c6594da3c2e 3a43ef9e207d45c5826312bdd2279e59 e51741aef5554832b2dc7ba1451de07b - - default default] 10.0.0.179 "POST /v2.0/networks HTTP/1.1" status: 201 len: 831 time: 1.0928137 /var/lib/openstack/lib/python3.12/site-packages/pycadf/identifier.py:71: UserWarning: Invalid uuid: neutron. To ensure interoperability, identifiers should be a valid uuid. warnings.warn(('Invalid uuid: %s. To ensure interoperability, '
2026-07-01 02:03:52.651 10 WARNING neutron_lib.context [None req-e36ee748-5f1a-41c8-b365-65f1f3464656 3a43ef9e207d45c5826312bdd2279e59 e51741aef5554832b2dc7ba1451de07b - - default default] Method 'is_advsvc' is deprecated since 2023.2 release (neutron-lib 3.8.0) and will be removed once support for the old RBAC API policies will be removed from Neutron. Please use method 'is_service_role' instead.
2026-07-01 02:03:52.709 10 INFO neutron.services.segments.plugin [-] Segment ad1c7016-e98e-455a-90fe-4332b48e97d6 resource provider aggregate not found
2026-07-01 02:03:52.716 10 INFO neutron.services.segments.plugin [-] Segment ad1c7016-e98e-455a-90fe-4332b48e97d6 resource provider aggregate not found
2026-07-01 02:03:52.725 10 INFO neutron.services.segments.plugin [-] Segment ad1c7016-e98e-455a-90fe-4332b48e97d6 resource provider not found; error: Placement Client Error (4xx): {"errors": [{"status": 404, "title": "Not Found", "detail": "The resource could not be found.\n\n No resource provider with uuid ad1c7016-e98e-455a-90fe-4332b48e97d6 found for delete ", "request_id": "req-3ed69c71-0a1f-46d8-b778-f6c641f1daac"}]}
2026-07-01 02:03:52.744 10 INFO neutron.services.segments.plugin [-] Segment ad1c7016-e98e-455a-90fe-4332b48e97d6 resource provider not found; error: Placement Client Error (4xx): {"errors": [{"status": 404, "title": "Not Found", "detail": "The resource could not be found.\n\n No resource provider with uuid ad1c7016-e98e-455a-90fe-4332b48e97d6 found for delete ", "request_id": "req-46d542a6-38ac-4ca8-9d49-66c7b1314633"}]}
2026-07-01 02:03:52.771 10 INFO neutron.api.wsgi [None req-e2f02da8-b864-42d2-a221-fff6a4a44bcb 56f45a0c5392496389b343a425c934db 44e1240c9c834dccadc4e13caf2db214 - - default default] 10.0.0.179 "DELETE /v2.0/networks/ba6feb43-df1a-412a-b7ed-5a98ce197c86 HTTP/1.1" status: 204 len: 168 time: 0.5216122
2026-07-01 02:03:52.778 10 INFO neutron.db.segments_db [None req-e36ee748-5f1a-41c8-b365-65f1f3464656 3a43ef9e207d45c5826312bdd2279e59 e51741aef5554832b2dc7ba1451de07b - - default default] Added segment fe8abbe4-724a-4257-a10b-098ad1dade0b of type geneve for network d55fab15-fe2e-4836-96ba-782f941ea2de
2026-07-01 02:03:52.801 9 INFO neutron.services.segments.plugin [-] Segment e672938e-e13a-4498-ac73-5c46ca8686d0 resource provider aggregate not found
2026-07-01 02:03:52.807 9 INFO neutron.services.segments.plugin [-] Segment e672938e-e13a-4498-ac73-5c46ca8686d0 resource provider aggregate not found
2026-07-01 02:03:52.815 9 INFO neutron.services.segments.plugin [-] Segment e672938e-e13a-4498-ac73-5c46ca8686d0 resource provider not found; error: Placement Client Error (4xx): {"errors": [{"status": 404, "title": "Not Found", "detail": "The resource could not be found.\n\n No resource provider with uuid e672938e-e13a-4498-ac73-5c46ca8686d0 found for delete ", "request_id": "req-13cf34c3-a685-446c-aff1-c56b0a2446a1"}]}
2026-07-01 02:03:52.819 9 INFO neutron.services.segments.plugin [-] Segment e672938e-e13a-4498-ac73-5c46ca8686d0 resource provider not found; error: Placement Client Error (4xx): {"errors": [{"status": 404, "title": "Not Found", "detail": "The resource could not be found.\n\n No resource provider with uuid e672938e-e13a-4498-ac73-5c46ca8686d0 found for delete ", "request_id": "req-b57ce346-cb33-4cea-b6f6-eada3b568b37"}]}
2026-07-01 02:03:52.838 9 INFO neutron.api.wsgi [None req-77eff2af-db7a-43fa-ba9f-7a29fcc8765b a33a965b76fc462d9b652971c6641128 93ce8b2fcfc948b3b1b917365da7aa0c - - default default] 10.0.0.179 "DELETE /v2.0/networks/9d00111c-50b6-4635-8abf-e86f8e1c9024 HTTP/1.1" status: 204 len: 168 time: 0.3439808
2026-07-01 02:03:52.870 10 INFO neutron.db.ovn_revision_numbers_db [None req-e36ee748-5f1a-41c8-b365-65f1f3464656 3a43ef9e207d45c5826312bdd2279e59 e51741aef5554832b2dc7ba1451de07b - - default default] Successfully bumped revision number for resource d55fab15-fe2e-4836-96ba-782f941ea2de (type: networks) to 1
2026-07-01 02:03:52.998 9 INFO neutron.api.wsgi [None req-6ab3b0a2-b341-4af7-ab17-7ab0b5f38539 a33a965b76fc462d9b652971c6641128 93ce8b2fcfc948b3b1b917365da7aa0c - - default default] 10.0.0.179 "GET /v2.0/security-groups?tenant_id=32a82bb623f545babf8cff3fe78ae7a3&name=default HTTP/1.1" status: 200 len: 3120 time: 0.0312667
2026-07-01 02:03:53.025 10 WARNING neutron.scheduler.dhcp_agent_scheduler [None req-e36ee748-5f1a-41c8-b365-65f1f3464656 3a43ef9e207d45c5826312bdd2279e59 e51741aef5554832b2dc7ba1451de07b - - default default] No more DHCP agents
2026-07-01 02:03:53.027 10 WARNING neutron.api.rpc.agentnotifiers.dhcp_rpc_agent_api [None req-e36ee748-5f1a-41c8-b365-65f1f3464656 3a43ef9e207d45c5826312bdd2279e59 e51741aef5554832b2dc7ba1451de07b - - default default] Unable to schedule network d55fab15-fe2e-4836-96ba-782f941ea2de: no agents available; will retry on subsequent port and subnet creation events.
2026-07-01 02:03:53.113 10 INFO neutron.db.ovn_revision_numbers_db [None req-e36ee748-5f1a-41c8-b365-65f1f3464656 3a43ef9e207d45c5826312bdd2279e59 e51741aef5554832b2dc7ba1451de07b - - default default] Successfully bumped revision number for resource 6328d777-1fcc-4d12-b96d-25dda03c9733 (type: ports) to 1
2026-07-01 02:03:53.135 10 INFO neutron.api.wsgi [req-2177f806-94ae-43d5-9d6a-82cc7a33a064 req-34cd8af7-9095-4b68-8e88-41099bfc8e06 a33a965b76fc462d9b652971c6641128 93ce8b2fcfc948b3b1b917365da7aa0c - - default default] 10.0.0.12 "GET /v2.0/ports?device_id=7bcecd71-1a39-4d2e-9b59-495fb3298497 HTTP/1.1" status: 200 len: 1413 time: 0.0388138
2026-07-01 02:03:53.141 10 INFO neutron.api.wsgi [None req-e36ee748-5f1a-41c8-b365-65f1f3464656 3a43ef9e207d45c5826312bdd2279e59 e51741aef5554832b2dc7ba1451de07b - - default default] 10.0.0.179 "POST /v2.0/networks HTTP/1.1" status: 201 len: 831 time: 0.4947813
2026-07-01 02:03:53.150 9 WARNING neutron_lib.context [None req-ec6b343d-e53d-4d05-a304-ac99da645c1f 3a43ef9e207d45c5826312bdd2279e59 e51741aef5554832b2dc7ba1451de07b - - default default] Method 'is_advsvc' is deprecated since 2023.2 release (neutron-lib 3.8.0) and will be removed once support for the old RBAC API policies will be removed from Neutron. Please use method 'is_service_role' instead.
2026-07-01 02:03:53.174 10 INFO neutron.api.wsgi [req-2177f806-94ae-43d5-9d6a-82cc7a33a064 req-6ec6a384-f6a9-4b63-ab76-02ac234d96d6 a33a965b76fc462d9b652971c6641128 93ce8b2fcfc948b3b1b917365da7aa0c - - default default] 10.0.0.12 "GET /v2.0/security-groups?id=0fe53cdd-1005-4ad6-9e98-7492ccbd62c4&fields=id&fields=name HTTP/1.1" status: 200 len: 294 time: 0.0322442
