2026-07-01 02:02:52.984 10 INFO neutron.api.wsgi [req-7700bebb-dd84-43fa-9ee1-9ead8b749fe9 req-9fae1c75-266f-4c80-a66e-8a4bfb4430c5 6775a505b33246898c557453a6eed607 a6dec8187bb74f7cb5ebe0c80cdcf421 - - default default] 10.0.0.12 "GET /v2.0/security-groups?id=c487779b-8652-4f28-948f-80b014f4ded6&fields=id&fields=name HTTP/1.1" status: 200 len: 311 time: 0.0452287
2026-07-01 02:02:53.433 10 INFO neutron.db.ovn_revision_numbers_db [None req-5913c3cb-fc4f-4644-bfdb-fe562179803f - - - - - -] Successfully bumped revision number for resource 8fe52341-2b9b-4c64-ae5d-468f59268923 (type: ports) to 2 /var/lib/openstack/lib/python3.12/site-packages/pycadf/identifier.py:71: UserWarning: Invalid uuid: neutron. To ensure interoperability, identifiers should be a valid uuid. warnings.warn(('Invalid uuid: %s. To ensure interoperability, '
2026-07-01 02:02:53.568 9 INFO neutron.db.ovn_revision_numbers_db [None req-d146cef8-77a7-4855-8830-cf806a99528e a33a965b76fc462d9b652971c6641128 93ce8b2fcfc948b3b1b917365da7aa0c - - default default] Successfully bumped revision number for resource 48dd9efe-86e5-416f-bdd5-1b8dfc1f575c (type: security_groups) to 1
2026-07-01 02:02:53.580 9 INFO neutron.db.ovn_revision_numbers_db [None req-d146cef8-77a7-4855-8830-cf806a99528e a33a965b76fc462d9b652971c6641128 93ce8b2fcfc948b3b1b917365da7aa0c - - default default] Successfully bumped revision number for resource 94050af7-79d9-4f48-a34f-ec130706ca16 (type: security_group_rules) to 0
2026-07-01 02:02:53.592 9 INFO neutron.db.ovn_revision_numbers_db [None req-d146cef8-77a7-4855-8830-cf806a99528e a33a965b76fc462d9b652971c6641128 93ce8b2fcfc948b3b1b917365da7aa0c - - default default] Successfully bumped revision number for resource a2307f2e-a5c2-4f02-a622-98515267387f (type: security_group_rules) to 0
2026-07-01 02:02:53.605 9 INFO neutron.db.ovn_revision_numbers_db [None req-d146cef8-77a7-4855-8830-cf806a99528e a33a965b76fc462d9b652971c6641128 93ce8b2fcfc948b3b1b917365da7aa0c - - default default] Successfully bumped revision number for resource d9f1fa61-e6f2-46df-89f3-b101e051fea7 (type: security_group_rules) to 0
2026-07-01 02:02:53.620 9 INFO neutron.db.ovn_revision_numbers_db [None req-d146cef8-77a7-4855-8830-cf806a99528e a33a965b76fc462d9b652971c6641128 93ce8b2fcfc948b3b1b917365da7aa0c - - default default] Successfully bumped revision number for resource de487210-0d1e-4320-9a77-9526409f97aa (type: security_group_rules) to 0
2026-07-01 02:02:53.670 9 INFO neutron.api.wsgi [None req-d146cef8-77a7-4855-8830-cf806a99528e a33a965b76fc462d9b652971c6641128 93ce8b2fcfc948b3b1b917365da7aa0c - - default default] 10.0.0.179 "GET /v2.0/security-groups?tenant_id=6a95dcc2890240e39a56c5caac622c2c&name=default HTTP/1.1" status: 200 len: 3120 time: 0.3024125
2026-07-01 02:02:53.683 9 INFO neutron.api.wsgi [req-ba48deb2-1ebf-42b7-94d7-dc46ef1d85c7 req-e1bc80c6-59f2-4611-a334-ce91e521eb8c 8b1fe97b3a2e47f3b322c480747c506d 609e0b9cb71948a9bae8c2a41da7ecfa - - default default] 10.0.0.12 "GET /v2.0/ports?device_id=1eed58d8-3ff8-441f-9c18-84df26845093 HTTP/1.1" status: 200 len: 210 time: 0.0274904
2026-07-01 02:02:53.835 9 INFO neutron.api.wsgi [req-7d5eb856-92d8-4a9f-a8f6-a64cf982fe0b req-9f306a45-a094-4e19-b432-8cd704a2587f 563834bf283245f1afe6398a1d6846ce 32a82bb623f545babf8cff3fe78ae7a3 - - default default] 199.204.45.22 "GET /v2.0/networks?id=9d00111c-50b6-4635-8abf-e86f8e1c9024 HTTP/1.1" status: 200 len: 874 time: 0.0512648
2026-07-01 02:02:53.869 10 INFO neutron.api.wsgi [req-858b21ad-66fb-4cab-a6be-060a09139b40 req-7ffae61c-ddb9-4b80-aded-95b6548f6f10 563834bf283245f1afe6398a1d6846ce 32a82bb623f545babf8cff3fe78ae7a3 - - default default] 10.0.0.12 "GET /v2.0/ports?device_id=9d2ffeaf-a886-46fc-805a-8d5198b2596c HTTP/1.1" status: 200 len: 210 time: 0.0219638
2026-07-01 02:02:53.873 9 INFO neutron.api.wsgi [req-7d5eb856-92d8-4a9f-a8f6-a64cf982fe0b req-576df04e-e811-4922-baa0-89092875ad1b 563834bf283245f1afe6398a1d6846ce 32a82bb623f545babf8cff3fe78ae7a3 - - default default] 199.204.45.22 "GET /v2.0/security-groups?fields=id&fields=name&tenant_id=32a82bb623f545babf8cff3fe78ae7a3 HTTP/1.1" status: 200 len: 380 time: 0.0336151
2026-07-01 02:02:53.881 9 WARNING neutron_lib.context [req-7d5eb856-92d8-4a9f-a8f6-a64cf982fe0b req-8caab994-4f71-4093-ac62-07a1ff1b5e3c 563834bf283245f1afe6398a1d6846ce 32a82bb623f545babf8cff3fe78ae7a3 - - default default] Method 'is_advsvc' is deprecated since 2023.2 release (neutron-lib 3.8.0) and will be removed once support for the old RBAC API policies will be removed from Neutron. Please use method 'is_service_role' instead.
2026-07-01 02:02:53.948 10 INFO neutron.api.wsgi [None req-2ab2da42-a819-4384-8f82-8dc82b1f7059 a33a965b76fc462d9b652971c6641128 93ce8b2fcfc948b3b1b917365da7aa0c - - default default] 10.0.0.179 "DELETE /v2.0/security-groups/48dd9efe-86e5-416f-bdd5-1b8dfc1f575c HTTP/1.1" status: 204 len: 168 time: 0.2707226
2026-07-01 02:02:54.172 9 WARNING neutron.scheduler.dhcp_agent_scheduler [req-7d5eb856-92d8-4a9f-a8f6-a64cf982fe0b req-8caab994-4f71-4093-ac62-07a1ff1b5e3c 563834bf283245f1afe6398a1d6846ce 32a82bb623f545babf8cff3fe78ae7a3 - - default default] No more DHCP agents
2026-07-01 02:02:54.181 9 WARNING neutron.api.rpc.agentnotifiers.dhcp_rpc_agent_api [req-7d5eb856-92d8-4a9f-a8f6-a64cf982fe0b req-8caab994-4f71-4093-ac62-07a1ff1b5e3c 563834bf283245f1afe6398a1d6846ce 32a82bb623f545babf8cff3fe78ae7a3 - - default default] Unable to schedule network 9d00111c-50b6-4635-8abf-e86f8e1c9024: no agents available; will retry on subsequent port and subnet creation events.
2026-07-01 02:02:54.375 9 INFO neutron.db.ovn_revision_numbers_db [req-7d5eb856-92d8-4a9f-a8f6-a64cf982fe0b req-8caab994-4f71-4093-ac62-07a1ff1b5e3c 563834bf283245f1afe6398a1d6846ce 32a82bb623f545babf8cff3fe78ae7a3 - - default default] Successfully bumped revision number for resource 417d440a-e452-4d79-a339-ad6c133dbd2a (type: ports) to 1
2026-07-01 02:02:54.399 9 INFO neutron.api.wsgi [req-7d5eb856-92d8-4a9f-a8f6-a64cf982fe0b req-8caab994-4f71-4093-ac62-07a1ff1b5e3c 563834bf283245f1afe6398a1d6846ce 32a82bb623f545babf8cff3fe78ae7a3 - - default default] 199.204.45.22 "POST /v2.0/ports HTTP/1.1" status: 201 len: 1158 time: 0.5229626 /var/lib/openstack/lib/python3.12/site-packages/pycadf/identifier.py:71: UserWarning: Invalid uuid: neutron. To ensure interoperability, identifiers should be a valid uuid. warnings.warn(('Invalid uuid: %s. To ensure interoperability, '
2026-07-01 02:02:54.671 9 INFO neutron.notifiers.nova [-] Nova event matching ['req-9ac4aaad-0013-4a03-b910-e7e6e29f4744'] response: {'server_uuid': '95f7919e-fe11-43a6-8f29-3527d310a43d', 'name': 'network-vif-plugged', 'status': 'completed', 'tag': 'ed88778d-f489-45c2-adfc-d571435ca376', 'code': 200}
2026-07-01 02:02:54.773 10 INFO neutron.api.wsgi [req-bf17299e-e025-4903-8980-112fdcb026a6 req-2c61b618-2854-447f-ba43-36e660b2fa65 8b1fe97b3a2e47f3b322c480747c506d 609e0b9cb71948a9bae8c2a41da7ecfa - - default default] 10.0.0.12 "GET /v2.0/ports?device_id=1eed58d8-3ff8-441f-9c18-84df26845093 HTTP/1.1" status: 200 len: 210 time: 0.0165172
2026-07-01 02:02:54.811 9 INFO neutron.db.ovn_revision_numbers_db [req-7d5eb856-92d8-4a9f-a8f6-a64cf982fe0b req-de6dfb18-0a12-4fd7-9e31-c7c10de5979c 0746676e60fb4efe8b29012ba137f9ce a001d5f3965e404585f5f6102d39a46b - - d98b857e90864c74adc3bf5bfdf4dc38 d98b857e90864c74adc3bf5bfdf4dc38] Successfully bumped revision number for resource 417d440a-e452-4d79-a339-ad6c133dbd2a (type: ports) to 2 /var/lib/openstack/lib/python3.12/site-packages/pycadf/identifier.py:71: UserWarning: Invalid uuid: neutron. To ensure interoperability, identifiers should be a valid uuid. warnings.warn(('Invalid uuid: %s. To ensure interoperability, '
2026-07-01 02:02:55.232 9 INFO neutron.api.wsgi [req-23911586-6d89-488a-8d0a-10e4a52008c5 req-febb1e00-f079-4442-98b4-2f188ac0ff22 563834bf283245f1afe6398a1d6846ce 32a82bb623f545babf8cff3fe78ae7a3 - - default default] 10.0.0.12 "GET /v2.0/ports?device_id=9d2ffeaf-a886-46fc-805a-8d5198b2596c HTTP/1.1" status: 200 len: 1168 time: 0.0950527 /var/lib/openstack/lib/python3.12/site-packages/pycadf/identifier.py:71: UserWarning: Invalid uuid: neutron. To ensure interoperability, identifiers should be a valid uuid. warnings.warn(('Invalid uuid: %s. To ensure interoperability, '
2026-07-01 02:02:55.250 9 INFO neutron.db.ovn_revision_numbers_db [req-7d5eb856-92d8-4a9f-a8f6-a64cf982fe0b req-de6dfb18-0a12-4fd7-9e31-c7c10de5979c 0746676e60fb4efe8b29012ba137f9ce a001d5f3965e404585f5f6102d39a46b - - d98b857e90864c74adc3bf5bfdf4dc38 d98b857e90864c74adc3bf5bfdf4dc38] Successfully bumped revision number for resource 417d440a-e452-4d79-a339-ad6c133dbd2a (type: ports) to 4
2026-07-01 02:02:55.268 9 INFO neutron.api.wsgi [req-7d5eb856-92d8-4a9f-a8f6-a64cf982fe0b req-de6dfb18-0a12-4fd7-9e31-c7c10de5979c 0746676e60fb4efe8b29012ba137f9ce a001d5f3965e404585f5f6102d39a46b - - d98b857e90864c74adc3bf5bfdf4dc38 d98b857e90864c74adc3bf5bfdf4dc38] 199.204.45.22 "PUT /v2.0/ports/417d440a-e452-4d79-a339-ad6c133dbd2a HTTP/1.1" status: 200 len: 1404 time: 0.8628519
2026-07-01 02:02:55.283 9 INFO neutron.api.wsgi [req-23911586-6d89-488a-8d0a-10e4a52008c5 req-711fef10-86c5-4841-b6d6-e67bd6ab0759 563834bf283245f1afe6398a1d6846ce 32a82bb623f545babf8cff3fe78ae7a3 - - default default] 10.0.0.12 "GET /v2.0/security-groups?id=4f63e09b-6b62-4692-b03e-da0c9ddd8ef6&fields=id&fields=name HTTP/1.1" status: 200 len: 313 time: 0.0433381
2026-07-01 02:02:55.867 10 INFO neutron.api.wsgi [req-e6a94681-655a-43f1-bed8-b3b8f5c91892 req-67157e04-11e2-497c-bbd8-5d67f1fc5516 8b1fe97b3a2e47f3b322c480747c506d 609e0b9cb71948a9bae8c2a41da7ecfa - - default default] 10.0.0.12 "GET /v2.0/ports?device_id=1eed58d8-3ff8-441f-9c18-84df26845093 HTTP/1.1" status: 200 len: 210 time: 0.0288815
2026-07-01 02:02:55.963 9 INFO neutron.api.wsgi [req-f47769fe-d536-4176-9f9a-03111cd03092 req-bf8bb4e7-e56c-4db8-9324-802e5344e7c7 8b1fe97b3a2e47f3b322c480747c506d 609e0b9cb71948a9bae8c2a41da7ecfa - - default default] 199.204.45.22 "GET /v2.0/networks?id=b1449820-4b35-4401-a36d-1c292be71294 HTTP/1.1" status: 200 len: 872 time: 0.0551364
2026-07-01 02:02:56.019 9 INFO neutron.api.wsgi [req-f47769fe-d536-4176-9f9a-03111cd03092 req-46147968-7d05-4048-9cd5-8e0eff76b04a 8b1fe97b3a2e47f3b322c480747c506d 609e0b9cb71948a9bae8c2a41da7ecfa - - default default] 199.204.45.22 "GET /v2.0/security-groups?fields=id&fields=name&tenant_id=609e0b9cb71948a9bae8c2a41da7ecfa HTTP/1.1" status: 200 len: 472 time: 0.0483322
2026-07-01 02:02:56.028 9 WARNING neutron_lib.context [req-f47769fe-d536-4176-9f9a-03111cd03092 req-2860d71d-535c-4d52-93d0-6e7669acbc8e 8b1fe97b3a2e47f3b322c480747c506d 609e0b9cb71948a9bae8c2a41da7ecfa - - default default] Method 'is_advsvc' is deprecated since 2023.2 release (neutron-lib 3.8.0) and will be removed once support for the old RBAC API policies will be removed from Neutron. Please use method 'is_service_role' instead. /var/lib/openstack/lib/python3.12/site-packages/pycadf/identifier.py:71: UserWarning: Invalid uuid: neutron. To ensure interoperability, identifiers should be a valid uuid. warnings.warn(('Invalid uuid: %s. To ensure interoperability, '
2026-07-01 02:02:56.322 9 INFO neutron.api.wsgi [req-7d5eb856-92d8-4a9f-a8f6-a64cf982fe0b req-28a4f4a5-de88-4a40-8b12-b79c4a9717e1 0746676e60fb4efe8b29012ba137f9ce a001d5f3965e404585f5f6102d39a46b - - d98b857e90864c74adc3bf5bfdf4dc38 d98b857e90864c74adc3bf5bfdf4dc38] 199.204.45.22 "GET /v2.0/ports?tenant_id=32a82bb623f545babf8cff3fe78ae7a3&device_id=9d2ffeaf-a886-46fc-805a-8d5198b2596c HTTP/1.1" status: 200 len: 1407 time: 0.0402522 /var/lib/openstack/lib/python3.12/site-packages/pycadf/identifier.py:71: UserWarning: Invalid uuid: neutron. To ensure interoperability, identifiers should be a valid uuid. warnings.warn(('Invalid uuid: %s. To ensure interoperability, '
2026-07-01 02:02:56.343 9 INFO neutron.api.wsgi [req-7d5eb856-92d8-4a9f-a8f6-a64cf982fe0b req-5d87e0e3-5eea-49ee-a09f-b703bd710602 0746676e60fb4efe8b29012ba137f9ce a001d5f3965e404585f5f6102d39a46b - - d98b857e90864c74adc3bf5bfdf4dc38 d98b857e90864c74adc3bf5bfdf4dc38] 199.204.45.22 "GET /v2.0/floatingips?fixed_ip_address=10.100.0.6&port_id=417d440a-e452-4d79-a339-ad6c133dbd2a HTTP/1.1" status: 200 len: 217 time: 0.0151222
2026-07-01 02:02:56.347 9 WARNING neutron.scheduler.dhcp_agent_scheduler [req-f47769fe-d536-4176-9f9a-03111cd03092 req-2860d71d-535c-4d52-93d0-6e7669acbc8e 8b1fe97b3a2e47f3b322c480747c506d 609e0b9cb71948a9bae8c2a41da7ecfa - - default default] No more DHCP agents
2026-07-01 02:02:56.354 9 WARNING neutron.api.rpc.agentnotifiers.dhcp_rpc_agent_api [req-f47769fe-d536-4176-9f9a-03111cd03092 req-2860d71d-535c-4d52-93d0-6e7669acbc8e 8b1fe97b3a2e47f3b322c480747c506d 609e0b9cb71948a9bae8c2a41da7ecfa - - default default] Unable to schedule network b1449820-4b35-4401-a36d-1c292be71294: no agents available; will retry on subsequent port and subnet creation events.
2026-07-01 02:02:56.394 9 INFO neutron.api.wsgi [req-7d5eb856-92d8-4a9f-a8f6-a64cf982fe0b req-3e2d266e-3893-4141-a382-c8d6df9001aa 0746676e60fb4efe8b29012ba137f9ce a001d5f3965e404585f5f6102d39a46b - - d98b857e90864c74adc3bf5bfdf4dc38 d98b857e90864c74adc3bf5bfdf4dc38] 199.204.45.22 "GET /v2.0/subnets?id=1f73d9d8-6988-43ed-b56f-c7443a613bf6 HTTP/1.1" status: 200 len: 892 time: 0.0461142
2026-07-01 02:02:56.399 9 INFO neutron.api.wsgi [req-6bf80f16-3e27-4b10-a561-358a16cff0da req-2182fa15-2dca-460d-9d8b-8e473cc4549f 563834bf283245f1afe6398a1d6846ce 32a82bb623f545babf8cff3fe78ae7a3 - - default default] 10.0.0.12 "GET /v2.0/ports?device_id=9d2ffeaf-a886-46fc-805a-8d5198b2596c HTTP/1.1" status: 200 len: 1168 time: 0.0428507
2026-07-01 02:02:56.421 9 INFO neutron.api.wsgi [req-7d5eb856-92d8-4a9f-a8f6-a64cf982fe0b req-9d89ba43-cbba-42e5-929a-32eb35149d20 0746676e60fb4efe8b29012ba137f9ce a001d5f3965e404585f5f6102d39a46b - - d98b857e90864c74adc3bf5bfdf4dc38 d98b857e90864c74adc3bf5bfdf4dc38] 199.204.45.22 "GET /v2.0/ports?network_id=9d00111c-50b6-4635-8abf-e86f8e1c9024&device_owner=network%3Adhcp HTTP/1.1" status: 200 len: 210 time: 0.0204933
2026-07-01 02:02:56.462 9 INFO neutron.api.wsgi [req-6bf80f16-3e27-4b10-a561-358a16cff0da req-ee2c643f-adb7-4212-99c7-ba24d6cbf793 563834bf283245f1afe6398a1d6846ce 32a82bb623f545babf8cff3fe78ae7a3 - - default default] 10.0.0.12 "GET /v2.0/security-groups?id=4f63e09b-6b62-4692-b03e-da0c9ddd8ef6&fields=id&fields=name HTTP/1.1" status: 200 len: 313 time: 0.0552144
2026-07-01 02:02:56.481 9 INFO neutron.api.wsgi [req-7d5eb856-92d8-4a9f-a8f6-a64cf982fe0b req-0936891a-1b04-4b54-9b79-aeecde350bab 0746676e60fb4efe8b29012ba137f9ce a001d5f3965e404585f5f6102d39a46b - - d98b857e90864c74adc3bf5bfdf4dc38 d98b857e90864c74adc3bf5bfdf4dc38] 199.204.45.22 "GET /v2.0/networks/9d00111c-50b6-4635-8abf-e86f8e1c9024?fields=segments HTTP/1.1" status: 200 len: 212 time: 0.0544498
2026-07-01 02:02:56.545 9 INFO neutron.api.wsgi [req-7d5eb856-92d8-4a9f-a8f6-a64cf982fe0b req-2504fae1-686b-4ed0-a746-db1664c8aa77 0746676e60fb4efe8b29012ba137f9ce a001d5f3965e404585f5f6102d39a46b - - d98b857e90864c74adc3bf5bfdf4dc38 d98b857e90864c74adc3bf5bfdf4dc38] 199.204.45.22 "GET /v2.0/networks/9d00111c-50b6-4635-8abf-e86f8e1c9024?fields=provider%3Aphysical_network&fields=provider%3Anetwork_type HTTP/1.1" status: 200 len: 277 time: 0.0589967
2026-07-01 02:02:56.557 9 INFO neutron.db.ovn_revision_numbers_db [req-f47769fe-d536-4176-9f9a-03111cd03092 req-2860d71d-535c-4d52-93d0-6e7669acbc8e 8b1fe97b3a2e47f3b322c480747c506d 609e0b9cb71948a9bae8c2a41da7ecfa - - default default] Successfully bumped revision number for resource a51b094f-b538-4416-962b-8dbf8d2011b4 (type: ports) to 1
2026-07-01 02:02:56.585 9 INFO neutron.api.wsgi [req-f47769fe-d536-4176-9f9a-03111cd03092 req-2860d71d-535c-4d52-93d0-6e7669acbc8e 8b1fe97b3a2e47f3b322c480747c506d 609e0b9cb71948a9bae8c2a41da7ecfa - - default default] 199.204.45.22 "POST /v2.0/ports HTTP/1.1" status: 201 len: 1197 time: 0.5615041
2026-07-01 02:02:56.712 9 INFO neutron.notifiers.nova [-] Nova event matching ['req-a87d66ef-1da8-4585-bbf4-94d74f47fa10'] response: {'name': 'network-changed', 'server_uuid': '9d2ffeaf-a886-46fc-805a-8d5198b2596c', 'tag': '417d440a-e452-4d79-a339-ad6c133dbd2a', 'status': 'completed', 'code': 200} /var/lib/openstack/lib/python3.12/site-packages/pycadf/identifier.py:71: UserWarning: Invalid uuid: neutron. To ensure interoperability, identifiers should be a valid uuid. warnings.warn(('Invalid uuid: %s. To ensure interoperability, '
2026-07-01 02:02:57.025 9 INFO neutron.api.wsgi [req-7db8091b-e121-4b50-bf2c-325c405a1efb req-37df44b5-8617-4aae-8402-8c71e37057e1 8b1fe97b3a2e47f3b322c480747c506d 609e0b9cb71948a9bae8c2a41da7ecfa - - default default] 10.0.0.12 "GET /v2.0/ports?device_id=1eed58d8-3ff8-441f-9c18-84df26845093 HTTP/1.1" status: 200 len: 1208 time: 0.0801492
2026-07-01 02:02:57.039 9 INFO neutron.db.ovn_revision_numbers_db [req-f47769fe-d536-4176-9f9a-03111cd03092 req-1d426c50-1b7c-4637-8fbb-4bcaaf63ebad 0746676e60fb4efe8b29012ba137f9ce a001d5f3965e404585f5f6102d39a46b - - d98b857e90864c74adc3bf5bfdf4dc38 d98b857e90864c74adc3bf5bfdf4dc38] Successfully bumped revision number for resource a51b094f-b538-4416-962b-8dbf8d2011b4 (type: ports) to 2
2026-07-01 02:02:57.073 9 INFO neutron.api.wsgi [req-7db8091b-e121-4b50-bf2c-325c405a1efb req-fb5777dc-c4a8-4093-8fe9-17ffe712dfd8 8b1fe97b3a2e47f3b322c480747c506d 609e0b9cb71948a9bae8c2a41da7ecfa - - default default] 10.0.0.12 "GET /v2.0/security-groups?id=874f1a1d-2b6c-4875-8329-c759ad0d980b&id=8cd4fdd7-ea43-4321-b40d-6497e4c933ad&fields=id&fields=name HTTP/1.1" status: 200 len: 405 time: 0.0415220
2026-07-01 02:02:57.266 9 INFO neutron.db.ovn_revision_numbers_db [req-f47769fe-d536-4176-9f9a-03111cd03092 req-1d426c50-1b7c-4637-8fbb-4bcaaf63ebad 0746676e60fb4efe8b29012ba137f9ce a001d5f3965e404585f5f6102d39a46b - - d98b857e90864c74adc3bf5bfdf4dc38 d98b857e90864c74adc3bf5bfdf4dc38] Successfully bumped revision number for resource a51b094f-b538-4416-962b-8dbf8d2011b4 (type: ports) to 4
2026-07-01 02:02:57.282 9 INFO neutron.api.wsgi [req-f47769fe-d536-4176-9f9a-03111cd03092 req-1d426c50-1b7c-4637-8fbb-4bcaaf63ebad 0746676e60fb4efe8b29012ba137f9ce a001d5f3965e404585f5f6102d39a46b - - d98b857e90864c74adc3bf5bfdf4dc38 d98b857e90864c74adc3bf5bfdf4dc38] 199.204.45.22 "PUT /v2.0/ports/a51b094f-b538-4416-962b-8dbf8d2011b4 HTTP/1.1" status: 200 len: 1443 time: 0.6931367 /var/lib/openstack/lib/python3.12/site-packages/pycadf/identifier.py:71: UserWarning: Invalid uuid: neutron. To ensure interoperability, identifiers should be a valid uuid. warnings.warn(('Invalid uuid: %s. To ensure interoperability, '
2026-07-01 02:02:57.589 10 INFO neutron.api.wsgi [req-560fa365-43fe-4083-9304-2d1293802842 req-27116487-aee0-4125-bc7f-e9d146e1de48 563834bf283245f1afe6398a1d6846ce 32a82bb623f545babf8cff3fe78ae7a3 - - default default] 10.0.0.12 "GET /v2.0/ports?device_id=9d2ffeaf-a886-46fc-805a-8d5198b2596c HTTP/1.1" status: 200 len: 1168 time: 0.0664048
2026-07-01 02:02:57.596 9 INFO neutron.api.wsgi [req-8ef97790-9363-45bc-be53-ec9041496bd4 req-ac7bfbe9-26b2-4c30-9041-2a2c6c841d0b 0746676e60fb4efe8b29012ba137f9ce a001d5f3965e404585f5f6102d39a46b - - d98b857e90864c74adc3bf5bfdf4dc38 d98b857e90864c74adc3bf5bfdf4dc38] 199.204.45.22 "GET /v2.0/ports?tenant_id=32a82bb623f545babf8cff3fe78ae7a3&device_id=9d2ffeaf-a886-46fc-805a-8d5198b2596c HTTP/1.1" status: 200 len: 1407 time: 0.0343709
2026-07-01 02:02:57.630 10 INFO neutron.api.wsgi [req-560fa365-43fe-4083-9304-2d1293802842 req-e6c4e3c0-92a2-4059-8b73-078d20e1d9de 563834bf283245f1afe6398a1d6846ce 32a82bb623f545babf8cff3fe78ae7a3 - - default default] 10.0.0.12 "GET /v2.0/security-groups?id=4f63e09b-6b62-4692-b03e-da0c9ddd8ef6&fields=id&fields=name HTTP/1.1" status: 200 len: 313 time: 0.0342233
2026-07-01 02:02:57.637 9 INFO neutron.api.wsgi [req-8ef97790-9363-45bc-be53-ec9041496bd4 req-2029668e-c41a-43ab-98d0-1abb1ad01c0a 0746676e60fb4efe8b29012ba137f9ce a001d5f3965e404585f5f6102d39a46b - - d98b857e90864c74adc3bf5bfdf4dc38 d98b857e90864c74adc3bf5bfdf4dc38] 199.204.45.22 "GET /v2.0/networks?id=9d00111c-50b6-4635-8abf-e86f8e1c9024 HTTP/1.1" status: 200 len: 973 time: 0.0380516
2026-07-01 02:02:57.666 9 INFO neutron.api.wsgi [req-8ef97790-9363-45bc-be53-ec9041496bd4 req-72e4ea69-b2ff-40ce-a1d3-6f5d1e6ad68b 0746676e60fb4efe8b29012ba137f9ce a001d5f3965e404585f5f6102d39a46b - - d98b857e90864c74adc3bf5bfdf4dc38 d98b857e90864c74adc3bf5bfdf4dc38] 199.204.45.22 "GET /v2.0/floatingips?fixed_ip_address=10.100.0.6&port_id=417d440a-e452-4d79-a339-ad6c133dbd2a HTTP/1.1" status: 200 len: 217 time: 0.0216925
2026-07-01 02:02:57.697 9 INFO neutron.api.wsgi [req-8ef97790-9363-45bc-be53-ec9041496bd4 req-287d7b8b-1da4-4543-91e5-5742ef13427b 0746676e60fb4efe8b29012ba137f9ce a001d5f3965e404585f5f6102d39a46b - - d98b857e90864c74adc3bf5bfdf4dc38 d98b857e90864c74adc3bf5bfdf4dc38] 199.204.45.22 "GET /v2.0/subnets?id=1f73d9d8-6988-43ed-b56f-c7443a613bf6 HTTP/1.1" status: 200 len: 892 time: 0.0258114
2026-07-01 02:02:57.727 9 INFO neutron.api.wsgi [req-8ef97790-9363-45bc-be53-ec9041496bd4 req-552d8187-a5d9-41db-bddf-094d6b07d574 0746676e60fb4efe8b29012ba137f9ce a001d5f3965e404585f5f6102d39a46b - - d98b857e90864c74adc3bf5bfdf4dc38 d98b857e90864c74adc3bf5bfdf4dc38] 199.204.45.22 "GET /v2.0/ports?network_id=9d00111c-50b6-4635-8abf-e86f8e1c9024&device_owner=network%3Adhcp HTTP/1.1" status: 200 len: 210 time: 0.0241022
2026-07-01 02:02:57.774 9 INFO neutron.api.wsgi [req-8ef97790-9363-45bc-be53-ec9041496bd4 req-eb533c8d-7c80-484d-be2c-510eac6784b9 0746676e60fb4efe8b29012ba137f9ce a001d5f3965e404585f5f6102d39a46b - - d98b857e90864c74adc3bf5bfdf4dc38 d98b857e90864c74adc3bf5bfdf4dc38] 199.204.45.22 "GET /v2.0/networks/9d00111c-50b6-4635-8abf-e86f8e1c9024?fields=segments HTTP/1.1" status: 200 len: 212 time: 0.0421538
2026-07-01 02:02:57.821 9 INFO neutron.api.wsgi [req-8ef97790-9363-45bc-be53-ec9041496bd4 req-fbdaceca-f2bc-4765-94e4-e39520730d25 0746676e60fb4efe8b29012ba137f9ce a001d5f3965e404585f5f6102d39a46b - - d98b857e90864c74adc3bf5bfdf4dc38 d98b857e90864c74adc3bf5bfdf4dc38] 199.204.45.22 "GET /v2.0/networks/9d00111c-50b6-4635-8abf-e86f8e1c9024?fields=provider%3Aphysical_network&fields=provider%3Anetwork_type HTTP/1.1" status: 200 len: 277 time: 0.0410984
2026-07-01 02:02:58.117 9 INFO neutron.api.wsgi [req-b5ee3d90-f5a8-4df4-bdf4-1c0a279d38d4 req-53440ead-afa1-4fbf-92ad-bb16c809fe12 6775a505b33246898c557453a6eed607 a6dec8187bb74f7cb5ebe0c80cdcf421 - - default default] 10.0.0.12 "GET /v2.0/ports?device_id=95f7919e-fe11-43a6-8f29-3527d310a43d HTTP/1.1" status: 200 len: 1396 time: 0.0635319
2026-07-01 02:02:58.150 9 INFO neutron.api.wsgi [req-b5ee3d90-f5a8-4df4-bdf4-1c0a279d38d4 req-03c7fdaa-a6b1-44eb-9875-2f4a36bafe06 6775a505b33246898c557453a6eed607 a6dec8187bb74f7cb5ebe0c80cdcf421 - - default default] 10.0.0.12 "GET /v2.0/security-groups?id=c487779b-8652-4f28-948f-80b014f4ded6&fields=id&fields=name HTTP/1.1" status: 200 len: 311 time: 0.0283303
2026-07-01 02:02:58.209 10 INFO neutron.api.wsgi [req-b2c20fbe-c579-4ca3-9dac-e067939a0d2a req-fb00f918-9385-4591-ad0f-7c6a16f4b52e 8b1fe97b3a2e47f3b322c480747c506d 609e0b9cb71948a9bae8c2a41da7ecfa - - default default] 10.0.0.12 "GET /v2.0/ports?device_id=1eed58d8-3ff8-441f-9c18-84df26845093 HTTP/1.1" status: 200 len: 1208 time: 0.0790098
2026-07-01 02:02:58.227 9 INFO neutron.api.wsgi [None req-ff8411a3-c9d5-45e3-8035-d14d47fd55c2 6775a505b33246898c557453a6eed607 a6dec8187bb74f7cb5ebe0c80cdcf421 - - default default] 10.0.0.179 "GET /v2.0/ports?network_id=3d22bb25-4d75-4f44-a367-3d8586e689c2&mac_address=fa%3A16%3A3e%3A57%3Abe%3A94 HTTP/1.1" status: 200 len: 1391 time: 0.0479181
2026-07-01 02:02:58.234 9 WARNING neutron_lib.context [None req-7c5e3743-7e01-47a2-8ca1-c267f174a768 6775a505b33246898c557453a6eed607 a6dec8187bb74f7cb5ebe0c80cdcf421 - - default default] Method 'is_advsvc' is deprecated since 2023.2 release (neutron-lib 3.8.0) and will be removed once support for the old RBAC API policies will be removed from Neutron. Please use method 'is_service_role' instead.
2026-07-01 02:02:58.253 10 INFO neutron.api.wsgi [req-b2c20fbe-c579-4ca3-9dac-e067939a0d2a req-83b0946c-ed51-4a33-9896-2bd589ca90df 8b1fe97b3a2e47f3b322c480747c506d 609e0b9cb71948a9bae8c2a41da7ecfa - - default default] 10.0.0.12 "GET /v2.0/security-groups?id=874f1a1d-2b6c-4875-8329-c759ad0d980b&id=8cd4fdd7-ea43-4321-b40d-6497e4c933ad&fields=id&fields=name HTTP/1.1" status: 200 len: 405 time: 0.0398824
2026-07-01 02:02:58.284 10 INFO neutron.db.ovn_revision_numbers_db [None req-9706f65e-9c56-4b8a-b613-c172939067fd d40ccbf5cee44b5e961203ace94e6077 1a875914e4e34df7bf562fe9c3a1c911 - - default default] Successfully bumped revision number for resource 6113c15f-eac8-49da-9b1f-35c7fdb8444a (type: security_groups) to 1
2026-07-01 02:02:58.296 10 INFO neutron.db.ovn_revision_numbers_db [None req-9706f65e-9c56-4b8a-b613-c172939067fd d40ccbf5cee44b5e961203ace94e6077 1a875914e4e34df7bf562fe9c3a1c911 - - default default] Successfully bumped revision number for resource 27463e06-8430-419d-8fd7-52799e58942a (type: security_group_rules) to 0
2026-07-01 02:02:58.310 10 INFO neutron.db.ovn_revision_numbers_db [None req-9706f65e-9c56-4b8a-b613-c172939067fd d40ccbf5cee44b5e961203ace94e6077 1a875914e4e34df7bf562fe9c3a1c911 - - default default] Successfully bumped revision number for resource 5ef16e59-fc79-411e-9df5-45e9ad095e52 (type: security_group_rules) to 0
2026-07-01 02:02:58.322 10 INFO neutron.db.ovn_revision_numbers_db [None req-9706f65e-9c56-4b8a-b613-c172939067fd d40ccbf5cee44b5e961203ace94e6077 1a875914e4e34df7bf562fe9c3a1c911 - - default default] Successfully bumped revision number for resource c5dca1cd-4b4e-44f2-b85a-05fd25ec9ed4 (type: security_group_rules) to 0
2026-07-01 02:02:58.335 10 INFO neutron.db.ovn_revision_numbers_db [None req-9706f65e-9c56-4b8a-b613-c172939067fd d40ccbf5cee44b5e961203ace94e6077 1a875914e4e34df7bf562fe9c3a1c911 - - default default] Successfully bumped revision number for resource dade4b42-6559-4b82-83e3-85937ca4539e (type: security_group_rules) to 0
2026-07-01 02:02:58.339 9 INFO neutron.api.wsgi [req-f47769fe-d536-4176-9f9a-03111cd03092 req-de9bb827-e9eb-43c8-8fb9-48d0f8a457d0 0746676e60fb4efe8b29012ba137f9ce a001d5f3965e404585f5f6102d39a46b - - d98b857e90864c74adc3bf5bfdf4dc38 d98b857e90864c74adc3bf5bfdf4dc38] 199.204.45.22 "GET /v2.0/ports?tenant_id=609e0b9cb71948a9bae8c2a41da7ecfa&device_id=1eed58d8-3ff8-441f-9c18-84df26845093 HTTP/1.1" status: 200 len: 1446 time: 0.0418327
2026-07-01 02:02:58.366 9 INFO neutron.api.wsgi [req-f47769fe-d536-4176-9f9a-03111cd03092 req-275db993-500d-4719-8910-b66dc4e15625 0746676e60fb4efe8b29012ba137f9ce a001d5f3965e404585f5f6102d39a46b - - d98b857e90864c74adc3bf5bfdf4dc38 d98b857e90864c74adc3bf5bfdf4dc38] 199.204.45.22 "GET /v2.0/floatingips?fixed_ip_address=10.100.0.6&port_id=a51b094f-b538-4416-962b-8dbf8d2011b4 HTTP/1.1" status: 200 len: 217 time: 0.0198073
2026-07-01 02:02:58.398 9 INFO neutron.api.wsgi [req-f47769fe-d536-4176-9f9a-03111cd03092 req-291657bd-6bba-41a9-a9de-00eeea30ebd9 0746676e60fb4efe8b29012ba137f9ce a001d5f3965e404585f5f6102d39a46b - - d98b857e90864c74adc3bf5bfdf4dc38 d98b857e90864c74adc3bf5bfdf4dc38] 199.204.45.22 "GET /v2.0/subnets?id=9a68b33a-d403-4d66-b70b-e04a67ec7904 HTTP/1.1" status: 200 len: 890 time: 0.0261748
2026-07-01 02:02:58.404 10 INFO neutron.db.segments_db [None req-9706f65e-9c56-4b8a-b613-c172939067fd d40ccbf5cee44b5e961203ace94e6077 1a875914e4e34df7bf562fe9c3a1c911 - - default default] Added segment 9a0fd403-7161-45b2-91f7-a8e306e59f06 of type geneve for network a5d4c4f9-1f4b-4046-b2ba-34580e7215c7
2026-07-01 02:02:58.422 9 INFO neutron.api.wsgi [req-f47769fe-d536-4176-9f9a-03111cd03092 req-90d448cc-6524-4279-af5b-a4daf3a8a2fb 0746676e60fb4efe8b29012ba137f9ce a001d5f3965e404585f5f6102d39a46b - - d98b857e90864c74adc3bf5bfdf4dc38 d98b857e90864c74adc3bf5bfdf4dc38] 199.204.45.22 "GET /v2.0/ports?network_id=b1449820-4b35-4401-a36d-1c292be71294&device_owner=network%3Adhcp HTTP/1.1" status: 200 len: 210 time: 0.0191641
2026-07-01 02:02:58.485 9 INFO neutron.api.wsgi [req-f47769fe-d536-4176-9f9a-03111cd03092 req-3afa9d8e-932a-4a32-a5a6-70560c4340ef 0746676e60fb4efe8b29012ba137f9ce a001d5f3965e404585f5f6102d39a46b - - d98b857e90864c74adc3bf5bfdf4dc38 d98b857e90864c74adc3bf5bfdf4dc38] 199.204.45.22 "GET /v2.0/networks/b1449820-4b35-4401-a36d-1c292be71294?fields=segments HTTP/1.1" status: 200 len: 212 time: 0.0564435
2026-07-01 02:02:58.526 9 WARNING neutron.scheduler.dhcp_agent_scheduler [None req-7c5e3743-7e01-47a2-8ca1-c267f174a768 6775a505b33246898c557453a6eed607 a6dec8187bb74f7cb5ebe0c80cdcf421 - - default default] No more DHCP agents
2026-07-01 02:02:58.528 9 WARNING neutron.api.rpc.agentnotifiers.dhcp_rpc_agent_api [None req-7c5e3743-7e01-47a2-8ca1-c267f174a768 6775a505b33246898c557453a6eed607 a6dec8187bb74f7cb5ebe0c80cdcf421 - - default default] Unable to schedule network c3a7df79-e9e7-40b4-ac86-3230c57ce204: no agents available; will retry on subsequent port and subnet creation events.
2026-07-01 02:02:58.534 9 INFO neutron.api.wsgi [req-f47769fe-d536-4176-9f9a-03111cd03092 req-a6a58110-5af0-476a-9910-17e386c2f601 0746676e60fb4efe8b29012ba137f9ce a001d5f3965e404585f5f6102d39a46b - - d98b857e90864c74adc3bf5bfdf4dc38 d98b857e90864c74adc3bf5bfdf4dc38] 199.204.45.22 "GET /v2.0/networks/b1449820-4b35-4401-a36d-1c292be71294?fields=provider%3Aphysical_network&fields=provider%3Anetwork_type HTTP/1.1" status: 200 len: 277 time: 0.0429645
2026-07-01 02:02:58.542 10 INFO neutron.db.ovn_revision_numbers_db [None req-9706f65e-9c56-4b8a-b613-c172939067fd d40ccbf5cee44b5e961203ace94e6077 1a875914e4e34df7bf562fe9c3a1c911 - - default default] Successfully bumped revision number for resource a5d4c4f9-1f4b-4046-b2ba-34580e7215c7 (type: networks) to 1
2026-07-01 02:02:58.713 10 WARNING neutron.plugins.ml2.drivers.ovn.mech_driver.ovsdb.ovn_client [None req-77d5efc7-df9e-4576-a4db-2ce30cbb48e8 - - - - - -] No hosting information found for port 8fe52341-2b9b-4c64-ae5d-468f59268923: RuntimeError: No hosting information found for port 8fe52341-2b9b-4c64-ae5d-468f59268923
2026-07-01 02:02:58.716 10 WARNING neutron.scheduler.dhcp_agent_scheduler [None req-9706f65e-9c56-4b8a-b613-c172939067fd d40ccbf5cee44b5e961203ace94e6077 1a875914e4e34df7bf562fe9c3a1c911 - - default default] No more DHCP agents
2026-07-01 02:02:58.731 10 WARNING neutron.api.rpc.agentnotifiers.dhcp_rpc_agent_api [None req-9706f65e-9c56-4b8a-b613-c172939067fd d40ccbf5cee44b5e961203ace94e6077 1a875914e4e34df7bf562fe9c3a1c911 - - default default] Unable to schedule network a5d4c4f9-1f4b-4046-b2ba-34580e7215c7: no agents available; will retry on subsequent port and subnet creation events.
2026-07-01 02:02:58.765 9 INFO neutron.api.wsgi [req-159ba437-dfce-42b9-8270-923a10d621dc req-d5472ff4-03bc-4cbd-b8a4-bd342be9dd86 563834bf283245f1afe6398a1d6846ce 32a82bb623f545babf8cff3fe78ae7a3 - - default default] 10.0.0.12 "GET /v2.0/ports?device_id=9d2ffeaf-a886-46fc-805a-8d5198b2596c HTTP/1.1" status: 200 len: 1168 time: 0.0697858
2026-07-01 02:02:58.767 9 INFO neutron.notifiers.nova [-] Nova event matching ['req-ca5ae141-d1ef-40e2-9afb-c2f502bd01d6'] response: {'name': 'network-changed', 'server_uuid': '1eed58d8-3ff8-441f-9c18-84df26845093', 'tag': 'a51b094f-b538-4416-962b-8dbf8d2011b4', 'status': 'completed', 'code': 200}
2026-07-01 02:02:58.825 9 INFO neutron.api.wsgi [req-159ba437-dfce-42b9-8270-923a10d621dc req-f4376972-6728-4631-8bdb-ef938bee975b 563834bf283245f1afe6398a1d6846ce 32a82bb623f545babf8cff3fe78ae7a3 - - default default] 10.0.0.12 "GET /v2.0/security-groups?id=4f63e09b-6b62-4692-b03e-da0c9ddd8ef6&fields=id&fields=name HTTP/1.1" status: 200 len: 313 time: 0.0533314
2026-07-01 02:02:58.850 10 INFO neutron.db.ovn_revision_numbers_db [None req-9706f65e-9c56-4b8a-b613-c172939067fd d40ccbf5cee44b5e961203ace94e6077 1a875914e4e34df7bf562fe9c3a1c911 - - default default] Successfully bumped revision number for resource 585d9c36-a20e-416e-88a3-09a3e737043f (type: ports) to 1
2026-07-01 02:02:58.881 10 INFO neutron.api.wsgi [None req-9706f65e-9c56-4b8a-b613-c172939067fd d40ccbf5cee44b5e961203ace94e6077 1a875914e4e34df7bf562fe9c3a1c911 - - default default] 10.0.0.179 "POST /v2.0/networks HTTP/1.1" status: 201 len: 929 time: 0.8921285
2026-07-01 02:02:58.899 10 INFO neutron.db.ovn_revision_numbers_db [None req-77d5efc7-df9e-4576-a4db-2ce30cbb48e8 - - - - - -] Successfully bumped revision number for resource 8fe52341-2b9b-4c64-ae5d-468f59268923 (type: router_ports) to 2
2026-07-01 02:02:58.951 10 INFO neutron.plugins.ml2.drivers.ovn.mech_driver.mech_driver [None req-77d5efc7-df9e-4576-a4db-2ce30cbb48e8 - - - - - -] OVN reports status up for port: 417d440a-e452-4d79-a339-ad6c133dbd2a
2026-07-01 02:02:58.968 10 INFO neutron.plugins.ml2.plugin [None req-77d5efc7-df9e-4576-a4db-2ce30cbb48e8 - - - - - -] Attempt 1 to provision port 417d440a-e452-4d79-a339-ad6c133dbd2a
2026-07-01 02:02:59.065 10 WARNING neutron.scheduler.dhcp_agent_scheduler [None req-d5b87fef-3779-4c96-914a-efb6e1cd2737 d40ccbf5cee44b5e961203ace94e6077 1a875914e4e34df7bf562fe9c3a1c911 - - default default] No more DHCP agents
2026-07-01 02:02:59.072 10 WARNING neutron.api.rpc.agentnotifiers.dhcp_rpc_agent_api [None req-d5b87fef-3779-4c96-914a-efb6e1cd2737 d40ccbf5cee44b5e961203ace94e6077 1a875914e4e34df7bf562fe9c3a1c911 - - default default] Unable to schedule network a5d4c4f9-1f4b-4046-b2ba-34580e7215c7: no agents available; will retry on subsequent port and subnet creation events.
2026-07-01 02:02:59.102 10 INFO neutron.notifiers.nova [-] Nova event matching ['req-6c6d2fbb-cd66-4a91-89d6-6ed4eb35a001'] response: {'server_uuid': '9d2ffeaf-a886-46fc-805a-8d5198b2596c', 'name': 'network-vif-plugged', 'status': 'completed', 'tag': '417d440a-e452-4d79-a339-ad6c133dbd2a', 'code': 200}
2026-07-01 02:02:59.230 10 INFO neutron.db.ovn_revision_numbers_db [None req-77d5efc7-df9e-4576-a4db-2ce30cbb48e8 - - - - - -] Successfully bumped revision number for resource 417d440a-e452-4d79-a339-ad6c133dbd2a (type: ports) to 5
2026-07-01 02:02:59.286 9 INFO neutron.db.ovn_revision_numbers_db [None req-7c5e3743-7e01-47a2-8ca1-c267f174a768 6775a505b33246898c557453a6eed607 a6dec8187bb74f7cb5ebe0c80cdcf421 - - default default] Successfully bumped revision number for resource ac80c1cf-7a3c-4b65-aad7-6e702f508782 (type: floatingips) to -1 /var/lib/openstack/lib/python3.12/site-packages/pycadf/identifier.py:71: UserWarning: Invalid uuid: neutron. To ensure interoperability, identifiers should be a valid uuid. warnings.warn(('Invalid uuid: %s. To ensure interoperability, '
2026-07-01 02:02:59.355 9 INFO neutron.api.wsgi [req-25293440-33ae-4ab8-8e74-c577b714f3e4 req-e7ad620c-50c6-4816-9749-b080792ddfbb 8b1fe97b3a2e47f3b322c480747c506d 609e0b9cb71948a9bae8c2a41da7ecfa - - default default] 10.0.0.12 "GET /v2.0/ports?device_id=1eed58d8-3ff8-441f-9c18-84df26845093 HTTP/1.1" status: 200 len: 1208 time: 0.0433440
2026-07-01 02:02:59.418 9 INFO neutron.api.wsgi [req-25293440-33ae-4ab8-8e74-c577b714f3e4 req-3a85d3db-d185-4af8-bea8-5f72c2111f3f 8b1fe97b3a2e47f3b322c480747c506d 609e0b9cb71948a9bae8c2a41da7ecfa - - default default] 10.0.0.12 "GET /v2.0/security-groups?id=874f1a1d-2b6c-4875-8329-c759ad0d980b&id=8cd4fdd7-ea43-4321-b40d-6497e4c933ad&fields=id&fields=name HTTP/1.1" status: 200 len: 405 time: 0.0560770
2026-07-01 02:02:59.436 9 INFO neutron.db.ovn_revision_numbers_db [None req-7c5e3743-7e01-47a2-8ca1-c267f174a768 6775a505b33246898c557453a6eed607 a6dec8187bb74f7cb5ebe0c80cdcf421 - - default default] Successfully bumped revision number for resource ac80c1cf-7a3c-4b65-aad7-6e702f508782 (type: floatingips) to 1
2026-07-01 02:02:59.437 9 INFO neutron.db.l3_db [None req-7c5e3743-7e01-47a2-8ca1-c267f174a768 6775a505b33246898c557453a6eed607 a6dec8187bb74f7cb5ebe0c80cdcf421 - - default default] Floating IP ac80c1cf-7a3c-4b65-aad7-6e702f508782 associated. External IP: 10.96.250.216, port: ed88778d-f489-45c2-adfc-d571435ca376.
2026-07-01 02:02:59.476 9 INFO neutron.api.wsgi [None req-7c5e3743-7e01-47a2-8ca1-c267f174a768 6775a505b33246898c557453a6eed607 a6dec8187bb74f7cb5ebe0c80cdcf421 - - default default] 10.0.0.179 "POST /v2.0/floatingips HTTP/1.1" status: 201 len: 1053 time: 1.2448218
2026-07-01 02:02:59.520 10 INFO neutron.db.ovn_revision_numbers_db [None req-f6b62f93-48a7-45e7-8014-4c26618c830d - - - - - -] Successfully bumped revision number for resource 585d9c36-a20e-416e-88a3-09a3e737043f (type: ports) to 2 /var/lib/openstack/lib/python3.12/site-packages/pycadf/identifier.py:71: UserWarning: Invalid uuid: neutron. To ensure interoperability, identifiers should be a valid uuid. warnings.warn(('Invalid uuid: %s. To ensure interoperability, '
2026-07-01 02:02:59.560 10 INFO neutron.db.ovn_revision_numbers_db [None req-f6b62f93-48a7-45e7-8014-4c26618c830d - - - - - -] Successfully bumped revision number for resource bf33acbf-aaac-481f-86a4-859340eb0f42 (type: subnets) to 0
2026-07-01 02:02:59.574 10 INFO neutron.api.wsgi [None req-d5b87fef-3779-4c96-914a-efb6e1cd2737 d40ccbf5cee44b5e961203ace94e6077 1a875914e4e34df7bf562fe9c3a1c911 - - default default] 10.0.0.179 "POST /v2.0/subnets HTTP/1.1" status: 201 len: 843 time: 0.6836486
2026-07-01 02:02:59.588 9 INFO neutron.api.wsgi [req-922b6877-5c8d-4201-bf89-f4b3aefced64 req-6fab630f-d374-46a8-aeee-2f49ccaef313 0746676e60fb4efe8b29012ba137f9ce a001d5f3965e404585f5f6102d39a46b - - d98b857e90864c74adc3bf5bfdf4dc38 d98b857e90864c74adc3bf5bfdf4dc38] 199.204.45.22 "GET /v2.0/ports?tenant_id=609e0b9cb71948a9bae8c2a41da7ecfa&device_id=1eed58d8-3ff8-441f-9c18-84df26845093 HTTP/1.1" status: 200 len: 1446 time: 0.0348158
2026-07-01 02:02:59.593 10 WARNING neutron.api.v2.base [None req-83a459d8-8b7b-495c-b99c-cc549194a75b d40ccbf5cee44b5e961203ace94e6077 1a875914e4e34df7bf562fe9c3a1c911 - - default default] An exception happened while processing the request body. The exception message is [Invalid input for target_tenant. Reason: 'None' is not a valid string.].: webob.exc.HTTPBadRequest: Invalid input for target_tenant. Reason: 'None' is not a valid string.
2026-07-01 02:02:59.593 10 INFO neutron.api.v2.resource [None req-83a459d8-8b7b-495c-b99c-cc549194a75b d40ccbf5cee44b5e961203ace94e6077 1a875914e4e34df7bf562fe9c3a1c911 - - default default] create failed (client error): Invalid input for target_tenant. Reason: 'None' is not a valid string.
2026-07-01 02:02:59.594 10 INFO neutron.api.wsgi [None req-83a459d8-8b7b-495c-b99c-cc549194a75b d40ccbf5cee44b5e961203ace94e6077 1a875914e4e34df7bf562fe9c3a1c911 - - default default] 10.0.0.179 "POST /v2.0/rbac-policies HTTP/1.1" status: 400 len: 346 time: 0.0075796
2026-07-01 02:02:59.599 10 INFO neutron.api.wsgi [req-2cbc70e4-a509-48cd-a704-67c0c2f2d8d7 req-2ce77c2f-6808-4746-a4e3-3467f86e020c 6775a505b33246898c557453a6eed607 a6dec8187bb74f7cb5ebe0c80cdcf421 - - default default] 10.0.0.12 "GET /v2.0/security-groups?name=tempest-lb_member_SG-2026478306&fields=id&tenant_id=a6dec8187bb74f7cb5ebe0c80cdcf421 HTTP/1.1" status: 200 len: 267 time: 0.0457499
2026-07-01 02:02:59.665 9 INFO neutron.api.wsgi [req-922b6877-5c8d-4201-bf89-f4b3aefced64 req-a1820add-2720-47c8-9632-c2d75673870f 0746676e60fb4efe8b29012ba137f9ce a001d5f3965e404585f5f6102d39a46b - - d98b857e90864c74adc3bf5bfdf4dc38 d98b857e90864c74adc3bf5bfdf4dc38] 199.204.45.22 "GET /v2.0/networks?id=b1449820-4b35-4401-a36d-1c292be71294 HTTP/1.1" status: 200 len: 971 time: 0.0716338
2026-07-01 02:02:59.687 10 INFO neutron.api.wsgi [req-2cbc70e4-a509-48cd-a704-67c0c2f2d8d7 req-6ad162a1-fb98-466a-a0d6-9744014a30a0 6775a505b33246898c557453a6eed607 a6dec8187bb74f7cb5ebe0c80cdcf421 - - default default] 10.0.0.12 "GET /v2.0/networks?id=174b4a95-a4b4-41b2-a91a-8f1c10c8209b HTTP/1.1" status: 200 len: 903 time: 0.0804820
2026-07-01 02:02:59.692 9 INFO neutron.api.wsgi [req-922b6877-5c8d-4201-bf89-f4b3aefced64 req-38578fb8-3c0d-4ec1-ac57-fb598ba45015 0746676e60fb4efe8b29012ba137f9ce a001d5f3965e404585f5f6102d39a46b - - d98b857e90864c74adc3bf5bfdf4dc38 d98b857e90864c74adc3bf5bfdf4dc38] 199.204.45.22 "GET /v2.0/floatingips?fixed_ip_address=10.100.0.6&port_id=a51b094f-b538-4416-962b-8dbf8d2011b4 HTTP/1.1" status: 200 len: 217 time: 0.0211637
2026-07-01 02:02:59.719 10 INFO neutron.api.wsgi [req-2cbc70e4-a509-48cd-a704-67c0c2f2d8d7 req-51cecebc-ff93-4236-ae5f-7d418c2febc9 6775a505b33246898c557453a6eed607 a6dec8187bb74f7cb5ebe0c80cdcf421 - - default default] 10.0.0.12 "GET /v2.0/quotas/a6dec8187bb74f7cb5ebe0c80cdcf421 HTTP/1.1" status: 200 len: 491 time: 0.0253994
2026-07-01 02:02:59.723 9 INFO neutron.api.wsgi [req-922b6877-5c8d-4201-bf89-f4b3aefced64 req-2b6b011d-9321-4734-9258-57c421f0dde5 0746676e60fb4efe8b29012ba137f9ce a001d5f3965e404585f5f6102d39a46b - - d98b857e90864c74adc3bf5bfdf4dc38 d98b857e90864c74adc3bf5bfdf4dc38] 199.204.45.22 "GET /v2.0/subnets?id=9a68b33a-d403-4d66-b70b-e04a67ec7904 HTTP/1.1" status: 200 len: 890 time: 0.0240042
2026-07-01 02:02:59.747 9 INFO neutron.api.wsgi [req-922b6877-5c8d-4201-bf89-f4b3aefced64 req-a8d08e71-9b2d-439b-a1c0-29094612f77d 0746676e60fb4efe8b29012ba137f9ce a001d5f3965e404585f5f6102d39a46b - - d98b857e90864c74adc3bf5bfdf4dc38 d98b857e90864c74adc3bf5bfdf4dc38] 199.204.45.22 "GET /v2.0/ports?network_id=b1449820-4b35-4401-a36d-1c292be71294&device_owner=network%3Adhcp HTTP/1.1" status: 200 len: 210 time: 0.0181856
2026-07-01 02:02:59.830 9 INFO neutron.api.wsgi [req-922b6877-5c8d-4201-bf89-f4b3aefced64 req-997c4b0c-7d42-4117-ae6b-f4550fe25dc8 0746676e60fb4efe8b29012ba137f9ce a001d5f3965e404585f5f6102d39a46b - - d98b857e90864c74adc3bf5bfdf4dc38 d98b857e90864c74adc3bf5bfdf4dc38] 199.204.45.22 "GET /v2.0/networks/b1449820-4b35-4401-a36d-1c292be71294?fields=segments HTTP/1.1" status: 200 len: 212 time: 0.0738614
2026-07-01 02:02:59.894 9 INFO neutron.api.wsgi [req-922b6877-5c8d-4201-bf89-f4b3aefced64 req-6fe7f0c4-c570-4871-804a-049d0eedb8d6 0746676e60fb4efe8b29012ba137f9ce a001d5f3965e404585f5f6102d39a46b - - d98b857e90864c74adc3bf5bfdf4dc38 d98b857e90864c74adc3bf5bfdf4dc38] 199.204.45.22 "GET /v2.0/networks/b1449820-4b35-4401-a36d-1c292be71294?fields=provider%3Aphysical_network&fields=provider%3Anetwork_type HTTP/1.1" status: 200 len: 277 time: 0.0574200
2026-07-01 02:02:59.929 9 INFO neutron.api.wsgi [req-9d703c93-0404-4067-a1b5-9076527f2b45 req-5d9b6fad-b346-4beb-8802-982fb28620e3 563834bf283245f1afe6398a1d6846ce 32a82bb623f545babf8cff3fe78ae7a3 - - default default] 10.0.0.12 "GET /v2.0/ports?device_id=9d2ffeaf-a886-46fc-805a-8d5198b2596c HTTP/1.1" status: 200 len: 1170 time: 0.0348258
2026-07-01 02:02:59.949 10 INFO neutron.api.wsgi [req-2cbc70e4-a509-48cd-a704-67c0c2f2d8d7 req-6ac1c211-60fa-4548-8151-1b9b02df99fb 6775a505b33246898c557453a6eed607 a6dec8187bb74f7cb5ebe0c80cdcf421 - - default default] 10.0.0.12 "GET /v2.0/ports?tenant_id=a6dec8187bb74f7cb5ebe0c80cdcf421&fields=id HTTP/1.1" status: 200 len: 532 time: 0.2228329
2026-07-01 02:02:59.969 9 INFO neutron.api.wsgi [req-9d703c93-0404-4067-a1b5-9076527f2b45 req-7bbc5b94-d945-419c-8874-9eebe51ee421 563834bf283245f1afe6398a1d6846ce 32a82bb623f545babf8cff3fe78ae7a3 - - default default] 10.0.0.12 "GET /v2.0/security-groups?id=4f63e09b-6b62-4692-b03e-da0c9ddd8ef6&fields=id&fields=name HTTP/1.1" status: 200 len: 313 time: 0.0338466
2026-07-01 02:03:00.010 10 INFO neutron.api.wsgi [req-2cbc70e4-a509-48cd-a704-67c0c2f2d8d7 req-671b22f1-5e64-4488-a979-bbc89d567b42 0746676e60fb4efe8b29012ba137f9ce a001d5f3965e404585f5f6102d39a46b - - d98b857e90864c74adc3bf5bfdf4dc38 d98b857e90864c74adc3bf5bfdf4dc38] 10.0.0.12 "GET /v2.0/networks/174b4a95-a4b4-41b2-a91a-8f1c10c8209b?fields=segments HTTP/1.1" status: 200 len: 212 time: 0.0490496
2026-07-01 02:03:00.060 10 INFO neutron.api.wsgi [req-2cbc70e4-a509-48cd-a704-67c0c2f2d8d7 req-9de5bd6a-e0a1-4dd1-9041-08958ac8e463 0746676e60fb4efe8b29012ba137f9ce a001d5f3965e404585f5f6102d39a46b - - d98b857e90864c74adc3bf5bfdf4dc38 d98b857e90864c74adc3bf5bfdf4dc38] 10.0.0.12 "GET /v2.0/networks/174b4a95-a4b4-41b2-a91a-8f1c10c8209b?fields=provider%3Aphysical_network&fields=provider%3Anetwork_type HTTP/1.1" status: 200 len: 277 time: 0.0461035
2026-07-01 02:03:00.181 9 INFO neutron.api.wsgi [req-c28a539c-db4d-4342-b264-a5634f03d96c req-07d4c09e-695c-4dbf-846d-74120b890f4c 6775a505b33246898c557453a6eed607 a6dec8187bb74f7cb5ebe0c80cdcf421 - - default default] 10.0.0.12 "GET /v2.0/ports?device_id=f8aea557-d305-4b61-ac3c-a5c918827032 HTTP/1.1" status: 200 len: 210 time: 0.0208123
2026-07-01 02:03:00.307 10 INFO neutron.services.segments.plugin [-] Segment 9a0fd403-7161-45b2-91f7-a8e306e59f06 resource provider aggregate not found
2026-07-01 02:03:00.316 10 INFO neutron.services.segments.plugin [-] Segment 9a0fd403-7161-45b2-91f7-a8e306e59f06 resource provider aggregate not found
2026-07-01 02:03:00.325 10 INFO neutron.services.segments.plugin [-] Segment 9a0fd403-7161-45b2-91f7-a8e306e59f06 resource provider not found; error: Placement Client Error (4xx): {"errors": [{"status": 404, "title": "Not Found", "detail": "The resource could not be found.\n\n No resource provider with uuid 9a0fd403-7161-45b2-91f7-a8e306e59f06 found for delete ", "request_id": "req-9c91dcaf-ab4a-470b-b0f4-2e63d4a63aab"}]}
2026-07-01 02:03:00.337 10 INFO neutron.services.segments.plugin [-] Segment 9a0fd403-7161-45b2-91f7-a8e306e59f06 resource provider not found; error: Placement Client Error (4xx): {"errors": [{"status": 404, "title": "Not Found", "detail": "The resource could not be found.\n\n No resource provider with uuid 9a0fd403-7161-45b2-91f7-a8e306e59f06 found for delete ", "request_id": "req-36432e0c-ce08-4ac9-ba5e-b05a993d0b4e"}]}
2026-07-01 02:03:00.340 10 INFO neutron.api.wsgi [None req-a99971e7-ed54-4e38-84e4-54b456cd1a7d d40ccbf5cee44b5e961203ace94e6077 1a875914e4e34df7bf562fe9c3a1c911 - - default default] 10.0.0.179 "DELETE /v2.0/networks/a5d4c4f9-1f4b-4046-b2ba-34580e7215c7 HTTP/1.1" status: 204 len: 168 time: 0.7396049
2026-07-01 02:03:00.438 10 INFO neutron.db.segments_db [None req-e972f557-ffa2-4e36-af8e-de0e57d96805 d40ccbf5cee44b5e961203ace94e6077 1a875914e4e34df7bf562fe9c3a1c911 - - default default] Added segment c68cf4ca-6c8d-4c66-9435-f5cfce77220a of type geneve for network ac03d5c9-699b-4752-9c46-070e5ef411b7
2026-07-01 02:03:00.555 10 INFO neutron.api.wsgi [req-ed092e41-4686-4a36-a2be-75083dc5e60b req-71e74d08-0767-441b-89c3-e5e5c99d0397 8b1fe97b3a2e47f3b322c480747c506d 609e0b9cb71948a9bae8c2a41da7ecfa - - default default] 10.0.0.12 "GET /v2.0/ports?device_id=1eed58d8-3ff8-441f-9c18-84df26845093 HTTP/1.1" status: 200 len: 1208 time: 0.0580995
2026-07-01 02:03:00.604 10 INFO neutron.db.ovn_revision_numbers_db [None req-e972f557-ffa2-4e36-af8e-de0e57d96805 d40ccbf5cee44b5e961203ace94e6077 1a875914e4e34df7bf562fe9c3a1c911 - - default default] Successfully bumped revision number for resource ac03d5c9-699b-4752-9c46-070e5ef411b7 (type: networks) to 1
2026-07-01 02:03:00.666 10 INFO neutron.api.wsgi [req-ed092e41-4686-4a36-a2be-75083dc5e60b req-c0ff24d4-6efd-4903-8775-dc6794448ebb 8b1fe97b3a2e47f3b322c480747c506d 609e0b9cb71948a9bae8c2a41da7ecfa - - default default] 10.0.0.12 "GET /v2.0/security-groups?id=874f1a1d-2b6c-4875-8329-c759ad0d980b&id=8cd4fdd7-ea43-4321-b40d-6497e4c933ad&fields=id&fields=name HTTP/1.1" status: 200 len: 405 time: 0.1017430
2026-07-01 02:03:00.805 9 INFO neutron.notifiers.nova [-] Nova event matching ['req-24865fed-4bb0-4753-8e5a-84ceef5ea68b'] response: {'name': 'network-changed', 'server_uuid': '95f7919e-fe11-43a6-8f29-3527d310a43d', 'tag': 'ed88778d-f489-45c2-adfc-d571435ca376', 'status': 'completed', 'code': 200}
2026-07-01 02:03:00.823 10 WARNING neutron.scheduler.dhcp_agent_scheduler [None req-e972f557-ffa2-4e36-af8e-de0e57d96805 d40ccbf5cee44b5e961203ace94e6077 1a875914e4e34df7bf562fe9c3a1c911 - - default default] No more DHCP agents
2026-07-01 02:03:00.827 10 WARNING neutron.api.rpc.agentnotifiers.dhcp_rpc_agent_api [None req-e972f557-ffa2-4e36-af8e-de0e57d96805 d40ccbf5cee44b5e961203ace94e6077 1a875914e4e34df7bf562fe9c3a1c911 - - default default] Unable to schedule network ac03d5c9-699b-4752-9c46-070e5ef411b7: no agents available; will retry on subsequent port and subnet creation events.
2026-07-01 02:03:00.888 10 INFO neutron.db.ovn_revision_numbers_db [None req-e972f557-ffa2-4e36-af8e-de0e57d96805 d40ccbf5cee44b5e961203ace94e6077 1a875914e4e34df7bf562fe9c3a1c911 - - default default] Successfully bumped revision number for resource 9d4e3391-811a-4676-aadc-626e24f2b90e (type: ports) to 1
2026-07-01 02:03:00.911 10 INFO neutron.api.wsgi [None req-e972f557-ffa2-4e36-af8e-de0e57d96805 d40ccbf5cee44b5e961203ace94e6077 1a875914e4e34df7bf562fe9c3a1c911 - - default default] 10.0.0.179 "POST /v2.0/networks HTTP/1.1" status: 201 len: 927 time: 0.5646563
2026-07-01 02:03:01.056 10 WARNING neutron.scheduler.dhcp_agent_scheduler [None req-1164ddd7-355d-4115-b716-2a9aaa0b520c d40ccbf5cee44b5e961203ace94e6077 1a875914e4e34df7bf562fe9c3a1c911 - - default default] No more DHCP agents
2026-07-01 02:03:01.059 10 WARNING neutron.api.rpc.agentnotifiers.dhcp_rpc_agent_api [None req-1164ddd7-355d-4115-b716-2a9aaa0b520c d40ccbf5cee44b5e961203ace94e6077 1a875914e4e34df7bf562fe9c3a1c911 - - default default] Unable to schedule network ac03d5c9-699b-4752-9c46-070e5ef411b7: no agents available; will retry on subsequent port and subnet creation events.
2026-07-01 02:03:01.118 9 INFO neutron.api.wsgi [req-d6057c3f-9d98-4f83-8e54-eac45564d832 req-dc9fcc87-a1d5-4116-8461-d73151b1227b 563834bf283245f1afe6398a1d6846ce 32a82bb623f545babf8cff3fe78ae7a3 - - default default] 10.0.0.12 "GET /v2.0/ports?device_id=9d2ffeaf-a886-46fc-805a-8d5198b2596c HTTP/1.1" status: 200 len: 1170 time: 0.0791273
2026-07-01 02:03:01.138 10 INFO neutron.notifiers.nova [-] Nova event matching ['req-66c4a92f-2803-4c0d-af47-c7ceaa88fcb6'] response: {'server_uuid': '9d2ffeaf-a886-46fc-805a-8d5198b2596c', 'name': 'network-vif-plugged', 'status': 'completed', 'tag': '417d440a-e452-4d79-a339-ad6c133dbd2a', 'code': 200}
