Jun 17 15:23:36.352557 np0000181159 devstack@neutron-api.service[107286]: DEBUG neutron.plugins.ml2.drivers.ovn.mech_driver.ovsdb.maintenance [-] Touching Hash Ring node "40f147347d905baaa1cb778094cc7b8e" from periodic health check thread {{(pid=107286) touch_hash_ring_node /opt/stack/neutron/neutron/plugins/ml2/drivers/ovn/mech_driver/ovsdb/maintenance.py:1419}}
Jun 17 15:23:36.514237 np0000181159 devstack@neutron-api.service[107285]: DEBUG futurist.periodics [-] Submitting periodic callback 'neutron.plugins.ml2.drivers.ovn.mech_driver.ovsdb.maintenance.HashRingHealthCheckPeriodics.touch_hash_ring_node' {{(pid=107285) _process_scheduled /opt/stack/data/venv/lib/python3.12/site-packages/futurist/periodics.py:784}}
Jun 17 15:23:36.515192 np0000181159 devstack@neutron-api.service[107285]: DEBUG neutron.plugins.ml2.drivers.ovn.mech_driver.ovsdb.maintenance [-] Touching Hash Ring node "95039367c6655d219f70d96dd8163568" from periodic health check thread {{(pid=107285) touch_hash_ring_node /opt/stack/neutron/neutron/plugins/ml2/drivers/ovn/mech_driver/ovsdb/maintenance.py:1419}}
Jun 17 15:23:45.475412 np0000181159 devstack@neutron-api.service[107287]: DEBUG dbcounter [-] [107287] Writing DB stats neutron:UPDATE=1,neutron:SELECT=1 {{(pid=107287) stat_writer /opt/stack/data/venv/lib/python3.12/site-packages/dbcounter.py:115}}
Jun 17 15:23:46.349602 np0000181159 devstack@neutron-api.service[107288]: DEBUG dbcounter [-] [107288] Writing DB stats neutron:UPDATE=1,neutron:SELECT=1 {{(pid=107288) stat_writer /opt/stack/data/venv/lib/python3.12/site-packages/dbcounter.py:115}}
Jun 17 15:23:46.374901 np0000181159 devstack@neutron-api.service[107286]: DEBUG dbcounter [-] [107286] Writing DB stats neutron:UPDATE=1,neutron:SELECT=1 {{(pid=107286) stat_writer /opt/stack/data/venv/lib/python3.12/site-packages/dbcounter.py:115}}
Jun 17 15:23:46.527143 np0000181159 devstack@neutron-api.service[107285]: DEBUG dbcounter [-] [107285] Writing DB stats neutron:UPDATE=1,neutron:SELECT=1 {{(pid=107285) stat_writer /opt/stack/data/venv/lib/python3.12/site-packages/dbcounter.py:115}}
Jun 17 15:23:50.463174 np0000181159 devstack@neutron-api.service[107287]: DEBUG futurist.periodics [-] Submitting periodic callback 'neutron.plugins.ml2.drivers.ovn.mech_driver.ovsdb.maintenance.HashRingHealthCheckPeriodics.touch_hash_ring_node' {{(pid=107287) _process_scheduled /opt/stack/data/venv/lib/python3.12/site-packages/futurist/periodics.py:784}}
Jun 17 15:23:50.463831 np0000181159 devstack@neutron-api.service[107287]: DEBUG neutron.plugins.ml2.drivers.ovn.mech_driver.ovsdb.maintenance [-] Touching Hash Ring node "3c7710e826d452cc950d33a4763d15a9" from periodic health check thread {{(pid=107287) touch_hash_ring_node /opt/stack/neutron/neutron/plugins/ml2/drivers/ovn/mech_driver/ovsdb/maintenance.py:1419}}
Jun 17 15:23:51.336093 np0000181159 devstack@neutron-api.service[107288]: DEBUG futurist.periodics [-] Submitting periodic callback 'neutron.plugins.ml2.drivers.ovn.mech_driver.ovsdb.maintenance.HashRingHealthCheckPeriodics.touch_hash_ring_node' {{(pid=107288) _process_scheduled /opt/stack/data/venv/lib/python3.12/site-packages/futurist/periodics.py:784}}
Jun 17 15:23:51.336773 np0000181159 devstack@neutron-api.service[107288]: DEBUG neutron.plugins.ml2.drivers.ovn.mech_driver.ovsdb.maintenance [-] Touching Hash Ring node "0a17c89976935a8bac50580edb2e0279" from periodic health check thread {{(pid=107288) touch_hash_ring_node /opt/stack/neutron/neutron/plugins/ml2/drivers/ovn/mech_driver/ovsdb/maintenance.py:1419}}
Jun 17 15:23:51.351799 np0000181159 devstack@neutron-api.service[107286]: DEBUG futurist.periodics [-] Submitting periodic callback 'neutron.plugins.ml2.drivers.ovn.mech_driver.ovsdb.maintenance.HashRingHealthCheckPeriodics.touch_hash_ring_node' {{(pid=107286) _process_scheduled /opt/stack/data/venv/lib/python3.12/site-packages/futurist/periodics.py:784}}
Jun 17 15:23:51.352194 np0000181159 devstack@neutron-api.service[107286]: DEBUG neutron.plugins.ml2.drivers.ovn.mech_driver.ovsdb.maintenance [-] Touching Hash Ring node "40f147347d905baaa1cb778094cc7b8e" from periodic health check thread {{(pid=107286) touch_hash_ring_node /opt/stack/neutron/neutron/plugins/ml2/drivers/ovn/mech_driver/ovsdb/maintenance.py:1419}}
Jun 17 15:23:51.515184 np0000181159 devstack@neutron-api.service[107285]: DEBUG futurist.periodics [-] Submitting periodic callback 'neutron.plugins.ml2.drivers.ovn.mech_driver.ovsdb.maintenance.HashRingHealthCheckPeriodics.touch_hash_ring_node' {{(pid=107285) _process_scheduled /opt/stack/data/venv/lib/python3.12/site-packages/futurist/periodics.py:784}}
Jun 17 15:23:51.515832 np0000181159 devstack@neutron-api.service[107285]: DEBUG neutron.plugins.ml2.drivers.ovn.mech_driver.ovsdb.maintenance [-] Touching Hash Ring node "95039367c6655d219f70d96dd8163568" from periodic health check thread {{(pid=107285) touch_hash_ring_node /opt/stack/neutron/neutron/plugins/ml2/drivers/ovn/mech_driver/ovsdb/maintenance.py:1419}}
Jun 17 15:24:00.478258 np0000181159 devstack@neutron-api.service[107287]: DEBUG dbcounter [-] [107287] Writing DB stats neutron:UPDATE=1,neutron:SELECT=1 {{(pid=107287) stat_writer /opt/stack/data/venv/lib/python3.12/site-packages/dbcounter.py:115}}
Jun 17 15:24:01.347309 np0000181159 devstack@neutron-api.service[107288]: DEBUG dbcounter [-] [107288] Writing DB stats neutron:UPDATE=1,neutron:SELECT=1 {{(pid=107288) stat_writer /opt/stack/data/venv/lib/python3.12/site-packages/dbcounter.py:115}}
Jun 17 15:24:01.363298 np0000181159 devstack@neutron-api.service[107286]: DEBUG dbcounter [-] [107286] Writing DB stats neutron:UPDATE=1,neutron:SELECT=1 {{(pid=107286) stat_writer /opt/stack/data/venv/lib/python3.12/site-packages/dbcounter.py:115}}
Jun 17 15:24:01.527783 np0000181159 devstack@neutron-api.service[107285]: DEBUG dbcounter [-] [107285] Writing DB stats neutron:UPDATE=1,neutron:SELECT=1 {{(pid=107285) stat_writer /opt/stack/data/venv/lib/python3.12/site-packages/dbcounter.py:115}}
Jun 17 15:24:05.463981 np0000181159 devstack@neutron-api.service[107287]: DEBUG futurist.periodics [-] Submitting periodic callback 'neutron.plugins.ml2.drivers.ovn.mech_driver.ovsdb.maintenance.HashRingHealthCheckPeriodics.touch_hash_ring_node' {{(pid=107287) _process_scheduled /opt/stack/data/venv/lib/python3.12/site-packages/futurist/periodics.py:784}}
Jun 17 15:24:05.464941 np0000181159 devstack@neutron-api.service[107287]: DEBUG neutron.plugins.ml2.drivers.ovn.mech_driver.ovsdb.maintenance [-] Touching Hash Ring node "3c7710e826d452cc950d33a4763d15a9" from periodic health check thread {{(pid=107287) touch_hash_ring_node /opt/stack/neutron/neutron/plugins/ml2/drivers/ovn/mech_driver/ovsdb/maintenance.py:1419}}
Jun 17 15:24:06.337000 np0000181159 devstack@neutron-api.service[107288]: DEBUG futurist.periodics [-] Submitting periodic callback 'neutron.plugins.ml2.drivers.ovn.mech_driver.ovsdb.maintenance.HashRingHealthCheckPeriodics.touch_hash_ring_node' {{(pid=107288) _process_scheduled /opt/stack/data/venv/lib/python3.12/site-packages/futurist/periodics.py:784}}
Jun 17 15:24:06.338172 np0000181159 devstack@neutron-api.service[107288]: DEBUG neutron.plugins.ml2.drivers.ovn.mech_driver.ovsdb.maintenance [-] Touching Hash Ring node "0a17c89976935a8bac50580edb2e0279" from periodic health check thread {{(pid=107288) touch_hash_ring_node /opt/stack/neutron/neutron/plugins/ml2/drivers/ovn/mech_driver/ovsdb/maintenance.py:1419}}
Jun 17 15:24:06.352376 np0000181159 devstack@neutron-api.service[107286]: DEBUG futurist.periodics [-] Submitting periodic callback 'neutron.plugins.ml2.drivers.ovn.mech_driver.ovsdb.maintenance.HashRingHealthCheckPeriodics.touch_hash_ring_node' {{(pid=107286) _process_scheduled /opt/stack/data/venv/lib/python3.12/site-packages/futurist/periodics.py:784}}
Jun 17 15:24:06.352920 np0000181159 devstack@neutron-api.service[107286]: DEBUG neutron.plugins.ml2.drivers.ovn.mech_driver.ovsdb.maintenance [-] Touching Hash Ring node "40f147347d905baaa1cb778094cc7b8e" from periodic health check thread {{(pid=107286) touch_hash_ring_node /opt/stack/neutron/neutron/plugins/ml2/drivers/ovn/mech_driver/ovsdb/maintenance.py:1419}}
Jun 17 15:24:06.516165 np0000181159 devstack@neutron-api.service[107285]: DEBUG futurist.periodics [-] Submitting periodic callback 'neutron.plugins.ml2.drivers.ovn.mech_driver.ovsdb.maintenance.HashRingHealthCheckPeriodics.touch_hash_ring_node' {{(pid=107285) _process_scheduled /opt/stack/data/venv/lib/python3.12/site-packages/futurist/periodics.py:784}}
Jun 17 15:24:06.516744 np0000181159 devstack@neutron-api.service[107285]: DEBUG neutron.plugins.ml2.drivers.ovn.mech_driver.ovsdb.maintenance [-] Touching Hash Ring node "95039367c6655d219f70d96dd8163568" from periodic health check thread {{(pid=107285) touch_hash_ring_node /opt/stack/neutron/neutron/plugins/ml2/drivers/ovn/mech_driver/ovsdb/maintenance.py:1419}}
Jun 17 15:24:15.474871 np0000181159 devstack@neutron-api.service[107287]: DEBUG dbcounter [-] [107287] Writing DB stats neutron:UPDATE=1,neutron:SELECT=1 {{(pid=107287) stat_writer /opt/stack/data/venv/lib/python3.12/site-packages/dbcounter.py:115}}
Jun 17 15:24:16.349527 np0000181159 devstack@neutron-api.service[107288]: DEBUG dbcounter [-] [107288] Writing DB stats neutron:UPDATE=1,neutron:SELECT=1 {{(pid=107288) stat_writer /opt/stack/data/venv/lib/python3.12/site-packages/dbcounter.py:115}}
Jun 17 15:24:16.364884 np0000181159 devstack@neutron-api.service[107286]: DEBUG dbcounter [-] [107286] Writing DB stats neutron:UPDATE=1,neutron:SELECT=1 {{(pid=107286) stat_writer /opt/stack/data/venv/lib/python3.12/site-packages/dbcounter.py:115}}
Jun 17 15:24:16.528528 np0000181159 devstack@neutron-api.service[107285]: DEBUG dbcounter [-] [107285] Writing DB stats neutron:UPDATE=1,neutron:SELECT=1 {{(pid=107285) stat_writer /opt/stack/data/venv/lib/python3.12/site-packages/dbcounter.py:115}}
Jun 17 15:24:17.944263 np0000181159 devstack@neutron-api.service[107286]: /opt/stack/neutron/neutron/extensions/quotasv2.py:134: UserWarning: "--check-limit" parameter is no longer needed since Epoxy (2025.1) release. By default, Neutron quota engine checks the resource usage before updating the limits
Jun 17 15:24:17.944263 np0000181159 devstack@neutron-api.service[107286]: warnings.warn('"--check-limit" parameter is no longer needed '
Jun 17 15:24:17.944886 np0000181159 devstack@neutron-api.service[107286]: DEBUG neutron.api.v2.base [None req-c77cfc48-eb31-49f4-b5f3-ce9e2c34205c admin admin] Request body: {'quota': {'security_group': 100}} {{(pid=107286) prepare_request_body /opt/stack/neutron/neutron/api/v2/base.py:727}}
Jun 17 15:24:17.963842 np0000181159 devstack@neutron-api.service[107286]: [pid: 107286|app: 0|req: 22/88] 199.19.213.73 () {68 vars in 1442 bytes} [Wed Jun 17 15:24:17 2026] PUT /networking/v2.0/quotas/171b9f4d7a384241bd28938db899f457 => generated 175 bytes in 26 msecs (HTTP/1.1 200) 4 headers in 157 bytes (1 switches on core 0)
Jun 17 15:24:18.245007 np0000181159 devstack@neutron-api.service[107285]: /opt/stack/neutron/neutron/extensions/quotasv2.py:134: UserWarning: "--check-limit" parameter is no longer needed since Epoxy (2025.1) release. By default, Neutron quota engine checks the resource usage before updating the limits
Jun 17 15:24:18.245007 np0000181159 devstack@neutron-api.service[107285]: warnings.warn('"--check-limit" parameter is no longer needed '
Jun 17 15:24:18.245673 np0000181159 devstack@neutron-api.service[107285]: DEBUG neutron.api.v2.base [None req-a37b23ec-42af-4a10-98bb-30972af20f3a admin admin] Request body: {'quota': {'security_group_rule': 1000}} {{(pid=107285) prepare_request_body /opt/stack/neutron/neutron/api/v2/base.py:727}}
Jun 17 15:24:18.264551 np0000181159 devstack@neutron-api.service[107285]: [pid: 107285|app: 0|req: 22/89] 199.19.213.73 () {68 vars in 1442 bytes} [Wed Jun 17 15:24:18 2026] PUT /networking/v2.0/quotas/171b9f4d7a384241bd28938db899f457 => generated 176 bytes in 26 msecs (HTTP/1.1 200) 4 headers in 157 bytes (1 switches on core 0)
Jun 17 15:24:20.464687 np0000181159 devstack@neutron-api.service[107287]: DEBUG futurist.periodics [-] Submitting periodic callback 'neutron.plugins.ml2.drivers.ovn.mech_driver.ovsdb.maintenance.HashRingHealthCheckPeriodics.touch_hash_ring_node' {{(pid=107287) _process_scheduled /opt/stack/data/venv/lib/python3.12/site-packages/futurist/periodics.py:784}}
Jun 17 15:24:20.465404 np0000181159 devstack@neutron-api.service[107287]: DEBUG neutron.plugins.ml2.drivers.ovn.mech_driver.ovsdb.maintenance [-] Touching Hash Ring node "3c7710e826d452cc950d33a4763d15a9" from periodic health check thread {{(pid=107287) touch_hash_ring_node /opt/stack/neutron/neutron/plugins/ml2/drivers/ovn/mech_driver/ovsdb/maintenance.py:1419}}
Jun 17 15:24:21.338613 np0000181159 devstack@neutron-api.service[107288]: DEBUG futurist.periodics [-] Submitting periodic callback 'neutron.plugins.ml2.drivers.ovn.mech_driver.ovsdb.maintenance.HashRingHealthCheckPeriodics.touch_hash_ring_node' {{(pid=107288) _process_scheduled /opt/stack/data/venv/lib/python3.12/site-packages/futurist/periodics.py:784}}
Jun 17 15:24:21.339230 np0000181159 devstack@neutron-api.service[107288]: DEBUG neutron.plugins.ml2.drivers.ovn.mech_driver.ovsdb.maintenance [-] Touching Hash Ring node "0a17c89976935a8bac50580edb2e0279" from periodic health check thread {{(pid=107288) touch_hash_ring_node /opt/stack/neutron/neutron/plugins/ml2/drivers/ovn/mech_driver/ovsdb/maintenance.py:1419}}
Jun 17 15:24:21.353132 np0000181159 devstack@neutron-api.service[107286]: DEBUG futurist.periodics [-] Submitting periodic callback 'neutron.plugins.ml2.drivers.ovn.mech_driver.ovsdb.maintenance.HashRingHealthCheckPeriodics.touch_hash_ring_node' {{(pid=107286) _process_scheduled /opt/stack/data/venv/lib/python3.12/site-packages/futurist/periodics.py:784}}
Jun 17 15:24:21.354325 np0000181159 devstack@neutron-api.service[107286]: DEBUG neutron.plugins.ml2.drivers.ovn.mech_driver.ovsdb.maintenance [-] Touching Hash Ring node "40f147347d905baaa1cb778094cc7b8e" from periodic health check thread {{(pid=107286) touch_hash_ring_node /opt/stack/neutron/neutron/plugins/ml2/drivers/ovn/mech_driver/ovsdb/maintenance.py:1419}}
Jun 17 15:24:21.517186 np0000181159 devstack@neutron-api.service[107285]: DEBUG futurist.periodics [-] Submitting periodic callback 'neutron.plugins.ml2.drivers.ovn.mech_driver.ovsdb.maintenance.HashRingHealthCheckPeriodics.touch_hash_ring_node' {{(pid=107285) _process_scheduled /opt/stack/data/venv/lib/python3.12/site-packages/futurist/periodics.py:784}}
Jun 17 15:24:21.518190 np0000181159 devstack@neutron-api.service[107285]: DEBUG neutron.plugins.ml2.drivers.ovn.mech_driver.ovsdb.maintenance [-] Touching Hash Ring node "95039367c6655d219f70d96dd8163568" from periodic health check thread {{(pid=107285) touch_hash_ring_node /opt/stack/neutron/neutron/plugins/ml2/drivers/ovn/mech_driver/ovsdb/maintenance.py:1419}}
Jun 17 15:24:30.483450 np0000181159 devstack@neutron-api.service[107287]: DEBUG dbcounter [-] [107287] Writing DB stats neutron:UPDATE=1,neutron:SELECT=1 {{(pid=107287) stat_writer /opt/stack/data/venv/lib/python3.12/site-packages/dbcounter.py:115}}
Jun 17 15:24:31.349558 np0000181159 devstack@neutron-api.service[107288]: DEBUG dbcounter [-] [107288] Writing DB stats neutron:UPDATE=1,neutron:SELECT=1 {{(pid=107288) stat_writer /opt/stack/data/venv/lib/python3.12/site-packages/dbcounter.py:115}}
Jun 17 15:24:31.365974 np0000181159 devstack@neutron-api.service[107286]: DEBUG dbcounter [-] [107286] Writing DB stats neutron:SELECT=5,neutron:INSERT=1,neutron:UPDATE=1 {{(pid=107286) stat_writer /opt/stack/data/venv/lib/python3.12/site-packages/dbcounter.py:115}}
Jun 17 15:24:31.534834 np0000181159 devstack@neutron-api.service[107285]: DEBUG dbcounter [-] [107285] Writing DB stats neutron:SELECT=5,neutron:INSERT=1,neutron:UPDATE=1 {{(pid=107285) stat_writer /opt/stack/data/venv/lib/python3.12/site-packages/dbcounter.py:115}}
Jun 17 15:24:32.020709 np0000181159 devstack@neutron-api.service[107286]: DEBUG neutron.common.ovn.hash_ring_manager [None req-d770c878-97cf-499c-8228-cf68ea624272 None None] Hash Ring loaded. 4 active nodes. 0 offline nodes {{(pid=107286) _load_hash_ring /opt/stack/neutron/neutron/common/ovn/hash_ring_manager.py:110}}
Jun 17 15:24:32.020920 np0000181159 devstack@neutron-api.service[107286]: DEBUG neutron.plugins.ml2.drivers.ovn.mech_driver.ovsdb.ovsdb_monitor [None req-d770c878-97cf-499c-8228-cf68ea624272 None None] Hash Ring: Node 40f147347d905baaa1cb778094cc7b8e (host: np0000181159) handling event "update" for row 240ee0d0-f637-43a4-b326-6844ac8abe38 (table: Connection) {{(pid=107286) notify /opt/stack/neutron/neutron/plugins/ml2/drivers/ovn/mech_driver/ovsdb/ovsdb_monitor.py:1015}}
Jun 17 15:24:32.021014 np0000181159 devstack@neutron-api.service[107288]: DEBUG neutron.common.ovn.hash_ring_manager [None req-b3198553-82f3-4453-a21d-f57d397b5311 None None] Hash Ring loaded. 4 active nodes. 0 offline nodes {{(pid=107288) _load_hash_ring /opt/stack/neutron/neutron/common/ovn/hash_ring_manager.py:110}}
Jun 17 15:24:32.021465 np0000181159 devstack@neutron-api.service[107285]: DEBUG neutron.common.ovn.hash_ring_manager [None req-c04525e0-d7a4-4c29-bc2c-18bee5a15082 None None] Hash Ring loaded. 4 active nodes. 0 offline nodes {{(pid=107285) _load_hash_ring /opt/stack/neutron/neutron/common/ovn/hash_ring_manager.py:110}}
Jun 17 15:24:32.028611 np0000181159 devstack@neutron-api.service[107287]: DEBUG neutron.common.ovn.hash_ring_manager [None req-4429999f-716c-4c2a-91d0-ce7c34714fe4 None None] Hash Ring loaded. 4 active nodes. 0 offline nodes {{(pid=107287) _load_hash_ring /opt/stack/neutron/neutron/common/ovn/hash_ring_manager.py:110}}
Jun 17 15:24:32.743630 np0000181159 devstack@neutron-api.service[107287]: DEBUG neutron.pecan_wsgi.hooks.policy_enforcement [None req-70538361-ee04-4cbe-9a40-07d27ce9d22a admin admin] Attributes excluded by policy engine: ['standard_attr_id'] {{(pid=107287) _exclude_attributes_by_policy /opt/stack/neutron/neutron/pecan_wsgi/hooks/policy_enforcement.py:259}}
Jun 17 15:24:32.745314 np0000181159 devstack@neutron-api.service[107287]: [pid: 107287|app: 0|req: 24/90] 199.19.213.73 () {64 vars in 1371 bytes} [Wed Jun 17 15:24:32 2026] GET /networking/v2.0/ports?device_owner=network%3Adistributed => generated 1650 bytes in 124 msecs (HTTP/1.1 200) 4 headers in 158 bytes (1 switches on core 0)
Jun 17 15:24:34.566471 np0000181159 devstack@neutron-api.service[107286]: DEBUG neutron.plugins.ml2.drivers.ovn.mech_driver.ovsdb.ovsdb_monitor [None req-d770c878-97cf-499c-8228-cf68ea624272 None None] Hash Ring: Node 40f147347d905baaa1cb778094cc7b8e (host: np0000181159) handling event "update" for row 240ee0d0-f637-43a4-b326-6844ac8abe38 (table: Connection) {{(pid=107286) notify /opt/stack/neutron/neutron/plugins/ml2/drivers/ovn/mech_driver/ovsdb/ovsdb_monitor.py:1015}}
Jun 17 15:24:35.465559 np0000181159 devstack@neutron-api.service[107287]: DEBUG futurist.periodics [-] Submitting periodic callback 'neutron.plugins.ml2.drivers.ovn.mech_driver.ovsdb.maintenance.HashRingHealthCheckPeriodics.touch_hash_ring_node' {{(pid=107287) _process_scheduled /opt/stack/data/venv/lib/python3.12/site-packages/futurist/periodics.py:784}}
Jun 17 15:24:35.466056 np0000181159 devstack@neutron-api.service[107287]: DEBUG neutron.plugins.ml2.drivers.ovn.mech_driver.ovsdb.maintenance [-] Touching Hash Ring node "3c7710e826d452cc950d33a4763d15a9" from periodic health check thread {{(pid=107287) touch_hash_ring_node /opt/stack/neutron/neutron/plugins/ml2/drivers/ovn/mech_driver/ovsdb/maintenance.py:1419}}
Jun 17 15:24:36.339248 np0000181159 devstack@neutron-api.service[107288]: DEBUG futurist.periodics [-] Submitting periodic callback 'neutron.plugins.ml2.drivers.ovn.mech_driver.ovsdb.maintenance.HashRingHealthCheckPeriodics.touch_hash_ring_node' {{(pid=107288) _process_scheduled /opt/stack/data/venv/lib/python3.12/site-packages/futurist/periodics.py:784}}
Jun 17 15:24:36.339787 np0000181159 devstack@neutron-api.service[107288]: DEBUG neutron.plugins.ml2.drivers.ovn.mech_driver.ovsdb.maintenance [-] Touching Hash Ring node "0a17c89976935a8bac50580edb2e0279" from periodic health check thread {{(pid=107288) touch_hash_ring_node /opt/stack/neutron/neutron/plugins/ml2/drivers/ovn/mech_driver/ovsdb/maintenance.py:1419}}
Jun 17 15:24:36.354489 np0000181159 devstack@neutron-api.service[107286]: DEBUG futurist.periodics [-] Submitting periodic callback 'neutron.plugins.ml2.drivers.ovn.mech_driver.ovsdb.maintenance.HashRingHealthCheckPeriodics.touch_hash_ring_node' {{(pid=107286) _process_scheduled /opt/stack/data/venv/lib/python3.12/site-packages/futurist/periodics.py:784}}
Jun 17 15:24:36.355001 np0000181159 devstack@neutron-api.service[107286]: DEBUG neutron.plugins.ml2.drivers.ovn.mech_driver.ovsdb.maintenance [-] Touching Hash Ring node "40f147347d905baaa1cb778094cc7b8e" from periodic health check thread {{(pid=107286) touch_hash_ring_node /opt/stack/neutron/neutron/plugins/ml2/drivers/ovn/mech_driver/ovsdb/maintenance.py:1419}}
Jun 17 15:24:36.518033 np0000181159 devstack@neutron-api.service[107285]: DEBUG futurist.periodics [-] Submitting periodic callback 'neutron.plugins.ml2.drivers.ovn.mech_driver.ovsdb.maintenance.HashRingHealthCheckPeriodics.touch_hash_ring_node' {{(pid=107285) _process_scheduled /opt/stack/data/venv/lib/python3.12/site-packages/futurist/periodics.py:784}}
Jun 17 15:24:36.519036 np0000181159 devstack@neutron-api.service[107285]: DEBUG neutron.plugins.ml2.drivers.ovn.mech_driver.ovsdb.maintenance [-] Touching Hash Ring node "95039367c6655d219f70d96dd8163568" from periodic health check thread {{(pid=107285) touch_hash_ring_node /opt/stack/neutron/neutron/plugins/ml2/drivers/ovn/mech_driver/ovsdb/maintenance.py:1419}}
Jun 17 15:24:44.747746 np0000181159 devstack@neutron-api.service[107288]: INFO neutron.pecan_wsgi.hooks.translation [None req-7f94bb88-23f1-48f9-8a54-72bf21219ff5 admin admin] GET failed (client error): The resource could not be found.
Jun 17 15:24:44.748247 np0000181159 devstack@neutron-api.service[107288]: [pid: 107288|app: 0|req: 23/91] 199.19.213.73 () {64 vars in 1327 bytes} [Wed Jun 17 15:24:44 2026] GET /networking/v2.0/networks/admin_net => generated 111 bytes in 12 msecs (HTTP/1.1 404) 4 headers in 164 bytes (1 switches on core 0)
Jun 17 15:24:44.780647 np0000181159 devstack@neutron-api.service[107286]: [pid: 107286|app: 0|req: 23/92] 199.19.213.73 () {64 vars in 1339 bytes} [Wed Jun 17 15:24:44 2026] GET /networking/v2.0/networks?name=admin_net => generated 15 bytes in 21 msecs (HTTP/1.1 200) 4 headers in 156 bytes (1 switches on core 0)
Jun 17 15:24:45.015031 np0000181159 devstack@neutron-api.service[107285]: DEBUG neutron.api.v2.base [None req-07377fea-e6b2-46de-b7bb-b9da1897ad0e admin admin] Request body: {'network': {'name': 'admin_net', 'project_id': '482f9e1421704056ad0a7809984b1bd8', 'admin_state_up': True}} {{(pid=107285) prepare_request_body /opt/stack/neutron/neutron/api/v2/base.py:727}}
Jun 17 15:24:45.033246 np0000181159 devstack@neutron-api.service[107285]: DEBUG neutron.pecan_wsgi.hooks.quota_enforcement [None req-07377fea-e6b2-46de-b7bb-b9da1897ad0e admin admin] Made reservation on behalf of 482f9e1421704056ad0a7809984b1bd8 for: {'network': 1} {{(pid=107285) before /opt/stack/neutron/neutron/pecan_wsgi/hooks/quota_enforcement.py:66}}
Jun 17 15:24:45.036544 np0000181159 devstack@neutron-api.service[107285]: DEBUG neutron_lib.callbacks.manager [None req-07377fea-e6b2-46de-b7bb-b9da1897ad0e admin admin] Publish callbacks ['neutron.plugins.ml2.plugin.SecurityGroupDbMixin._ensure_default_security_group_handler-101992'] for network (None), before_create {{(pid=107285) _notify_loop /opt/stack/data/venv/lib/python3.12/site-packages/neutron_lib/callbacks/manager.py:184}}
Jun 17 15:24:45.041773 np0000181159 devstack@neutron-api.service[107285]: DEBUG neutron_lib.callbacks.manager [None req-07377fea-e6b2-46de-b7bb-b9da1897ad0e admin admin] Publish callbacks [] for security_group (None), before_create {{(pid=107285) _notify_loop /opt/stack/data/venv/lib/python3.12/site-packages/neutron_lib/callbacks/manager.py:184}}
Jun 17 15:24:45.107735 np0000181159 devstack@neutron-api.service[107285]: DEBUG neutron_lib.callbacks.manager [None req-07377fea-e6b2-46de-b7bb-b9da1897ad0e admin admin] Publish callbacks ['neutron.plugins.ml2.drivers.ovn.mech_driver.mech_driver.OVNMechanismDriver._create_security_group_precommit-200570'] for security_group (c2135568-3b2e-48fa-b104-a1e00b737b46), precommit_create {{(pid=107285) _notify_loop /opt/stack/data/venv/lib/python3.12/site-packages/neutron_lib/callbacks/manager.py:184}}
Jun 17 15:24:45.108020 np0000181159 devstack@neutron-api.service[107285]: DEBUG neutron.db.ovn_revision_numbers_db [None req-07377fea-e6b2-46de-b7bb-b9da1897ad0e admin admin] create_initial_revision uuid=c2135568-3b2e-48fa-b104-a1e00b737b46, type=security_groups, rev=-1 {{(pid=107285) create_initial_revision /opt/stack/neutron/neutron/db/ovn_revision_numbers_db.py:98}}
Jun 17 15:24:45.109330 np0000181159 devstack@neutron-api.service[107285]: DEBUG neutron.db.ovn_revision_numbers_db [None req-07377fea-e6b2-46de-b7bb-b9da1897ad0e admin admin] create_initial_revision uuid=65503bca-a6f9-46ee-a190-7dec599f6a6a, type=security_group_rules, rev=-1 {{(pid=107285) create_initial_revision /opt/stack/neutron/neutron/db/ovn_revision_numbers_db.py:98}}
Jun 17 15:24:45.110340 np0000181159 devstack@neutron-api.service[107285]: DEBUG neutron.db.ovn_revision_numbers_db [None req-07377fea-e6b2-46de-b7bb-b9da1897ad0e admin admin] create_initial_revision uuid=afb062e2-78ae-41d4-ad92-f42eb49f5fdb, type=security_group_rules, rev=-1 {{(pid=107285) create_initial_revision /opt/stack/neutron/neutron/db/ovn_revision_numbers_db.py:98}}
Jun 17 15:24:45.111364 np0000181159 devstack@neutron-api.service[107285]: DEBUG neutron.db.ovn_revision_numbers_db [None req-07377fea-e6b2-46de-b7bb-b9da1897ad0e admin admin] create_initial_revision uuid=cbd606dc-b8f0-4569-a2c9-b66d76c623df, type=security_group_rules, rev=-1 {{(pid=107285) create_initial_revision /opt/stack/neutron/neutron/db/ovn_revision_numbers_db.py:98}}
Jun 17 15:24:45.112511 np0000181159 devstack@neutron-api.service[107285]: DEBUG neutron.db.ovn_revision_numbers_db [None req-07377fea-e6b2-46de-b7bb-b9da1897ad0e admin admin] create_initial_revision uuid=e029859a-0a68-448e-86f8-90a9de9b9b57, type=security_group_rules, rev=-1 {{(pid=107285) create_initial_revision /opt/stack/neutron/neutron/db/ovn_revision_numbers_db.py:98}}
Jun 17 15:24:45.118893 np0000181159 devstack@neutron-api.service[107285]: DEBUG neutron_lib.callbacks.manager [None req-07377fea-e6b2-46de-b7bb-b9da1897ad0e admin admin] Publish callbacks ['neutron.plugins.ml2.drivers.ovn.mech_driver.mech_driver.OVNMechanismDriver._create_security_group-200564', 'neutron.plugins.ml2.ovo_rpc._ObjectChangeHandler.handle_event-2792043'] for security_group (c2135568-3b2e-48fa-b104-a1e00b737b46), after_create {{(pid=107285) _notify_loop /opt/stack/data/venv/lib/python3.12/site-packages/neutron_lib/callbacks/manager.py:184}}
Jun 17 15:24:45.119796 np0000181159 devstack@neutron-api.service[107285]: DEBUG ovsdbapp.backend.ovs_idl.transaction [None req-c04525e0-d7a4-4c29-bc2c-18bee5a15082 None None] Running txn n=1 command(idx=0): PgAddCommand(_result=None, name=pg_c2135568_3b2e_48fa_b104_a1e00b737b46, may_exist=False, columns={'acls': [], 'external_ids': {'neutron:security_group_id': 'c2135568-3b2e-48fa-b104-a1e00b737b46'}}) {{(pid=107285) do_commit /opt/stack/data/venv/lib/python3.12/site-packages/ovsdbapp/backend/ovs_idl/transaction.py:89}}
Jun 17 15:24:45.120530 np0000181159 devstack@neutron-api.service[107285]: DEBUG ovsdbapp.backend.ovs_idl.transaction [None req-c04525e0-d7a4-4c29-bc2c-18bee5a15082 None None] Running txn n=1 command(idx=1): PgAclAddCommand(_result=None, entity=pg_c2135568_3b2e_48fa_b104_a1e00b737b46, direction=from-lport, priority=1002, match=inport == @pg_c2135568_3b2e_48fa_b104_a1e00b737b46 && ip4, action=allow-related, log=False, may_exist=True, severity=[], name=[], meter=[], external_ids={'neutron:security_group_rule_id': '65503bca-a6f9-46ee-a190-7dec599f6a6a'}) {{(pid=107285) do_commit /opt/stack/data/venv/lib/python3.12/site-packages/ovsdbapp/backend/ovs_idl/transaction.py:89}}
Jun 17 15:24:45.120681 np0000181159 devstack@neutron-api.service[107285]: DEBUG ovsdbapp.backend.ovs_idl.transaction [None req-c04525e0-d7a4-4c29-bc2c-18bee5a15082 None None] Running txn n=1 command(idx=2): PgAclAddCommand(_result=None, entity=pg_c2135568_3b2e_48fa_b104_a1e00b737b46, direction=to-lport, priority=1002, match=outport == @pg_c2135568_3b2e_48fa_b104_a1e00b737b46 && ip6 && ip6.src == $pg_c2135568_3b2e_48fa_b104_a1e00b737b46_ip6, action=allow-related, log=False, may_exist=True, severity=[], name=[], meter=[], external_ids={'neutron:security_group_rule_id': 'afb062e2-78ae-41d4-ad92-f42eb49f5fdb'}) {{(pid=107285) do_commit /opt/stack/data/venv/lib/python3.12/site-packages/ovsdbapp/backend/ovs_idl/transaction.py:89}}
Jun 17 15:24:45.121389 np0000181159 devstack@neutron-api.service[107285]: DEBUG ovsdbapp.backend.ovs_idl.transaction [None req-c04525e0-d7a4-4c29-bc2c-18bee5a15082 None None] Running txn n=1 command(idx=3): PgAclAddCommand(_result=None, entity=pg_c2135568_3b2e_48fa_b104_a1e00b737b46, direction=to-lport, priority=1002, match=outport == @pg_c2135568_3b2e_48fa_b104_a1e00b737b46 && ip4 && ip4.src == $pg_c2135568_3b2e_48fa_b104_a1e00b737b46_ip4, action=allow-related, log=False, may_exist=True, severity=[], name=[], meter=[], external_ids={'neutron:security_group_rule_id': 'cbd606dc-b8f0-4569-a2c9-b66d76c623df'}) {{(pid=107285) do_commit /opt/stack/data/venv/lib/python3.12/site-packages/ovsdbapp/backend/ovs_idl/transaction.py:89}}
Jun 17 15:24:45.121983 np0000181159 devstack@neutron-api.service[107285]: DEBUG ovsdbapp.backend.ovs_idl.transaction [None req-c04525e0-d7a4-4c29-bc2c-18bee5a15082 None None] Running txn n=1 command(idx=4): PgAclAddCommand(_result=None, entity=pg_c2135568_3b2e_48fa_b104_a1e00b737b46, direction=from-lport, priority=1002, match=inport == @pg_c2135568_3b2e_48fa_b104_a1e00b737b46 && ip6, action=allow-related, log=False, may_exist=True, severity=[], name=[], meter=[], external_ids={'neutron:security_group_rule_id': 'e029859a-0a68-448e-86f8-90a9de9b9b57'}) {{(pid=107285) do_commit /opt/stack/data/venv/lib/python3.12/site-packages/ovsdbapp/backend/ovs_idl/transaction.py:89}}
Jun 17 15:24:45.131736 np0000181159 devstack@neutron-api.service[107285]: DEBUG neutron.plugins.ml2.drivers.ovn.mech_driver.ovsdb.ovsdb_monitor [None req-c04525e0-d7a4-4c29-bc2c-18bee5a15082 None None] Touching Hash Ring node "95039367c6655d219f70d96dd8163568" from IDL notify handler {{(pid=107285) notify /opt/stack/neutron/neutron/plugins/ml2/drivers/ovn/mech_driver/ovsdb/ovsdb_monitor.py:1007}}
Jun 17 15:24:45.134444 np0000181159 devstack@neutron-api.service[107286]: DEBUG neutron.plugins.ml2.drivers.ovn.mech_driver.ovsdb.ovsdb_monitor [None req-d770c878-97cf-499c-8228-cf68ea624272 None None] Touching Hash Ring node "40f147347d905baaa1cb778094cc7b8e" from IDL notify handler {{(pid=107286) notify /opt/stack/neutron/neutron/plugins/ml2/drivers/ovn/mech_driver/ovsdb/ovsdb_monitor.py:1007}}
Jun 17 15:24:45.137578 np0000181159 devstack@neutron-api.service[107287]: DEBUG neutron.plugins.ml2.drivers.ovn.mech_driver.ovsdb.ovsdb_monitor [None req-4429999f-716c-4c2a-91d0-ce7c34714fe4 None None] Touching Hash Ring node "3c7710e826d452cc950d33a4763d15a9" from IDL notify handler {{(pid=107287) notify /opt/stack/neutron/neutron/plugins/ml2/drivers/ovn/mech_driver/ovsdb/ovsdb_monitor.py:1007}}
Jun 17 15:24:45.138040 np0000181159 devstack@neutron-api.service[107288]: DEBUG neutron.plugins.ml2.drivers.ovn.mech_driver.ovsdb.ovsdb_monitor [None req-b3198553-82f3-4453-a21d-f57d397b5311 None None] Touching Hash Ring node "0a17c89976935a8bac50580edb2e0279" from IDL notify handler {{(pid=107288) notify /opt/stack/neutron/neutron/plugins/ml2/drivers/ovn/mech_driver/ovsdb/ovsdb_monitor.py:1007}}
Jun 17 15:24:45.139707 np0000181159 devstack@neutron-api.service[107285]: DEBUG neutron.plugins.ml2.drivers.ovn.mech_driver.ovsdb.ovsdb_monitor [None req-c04525e0-d7a4-4c29-bc2c-18bee5a15082 None None] Hash Ring: Node 95039367c6655d219f70d96dd8163568 (host: np0000181159) handling event "create" for row a2ec7777-b99f-40c5-8825-3b1207d5ba16 (table: ACL) {{(pid=107285) notify /opt/stack/neutron/neutron/plugins/ml2/drivers/ovn/mech_driver/ovsdb/ovsdb_monitor.py:1015}}
Jun 17 15:24:45.143072 np0000181159 devstack@neutron-api.service[107286]: DEBUG neutron.plugins.ml2.drivers.ovn.mech_driver.ovsdb.ovsdb_monitor [None req-d770c878-97cf-499c-8228-cf68ea624272 None None] Hash Ring: Node 40f147347d905baaa1cb778094cc7b8e (host: np0000181159) handling event "create" for row 11607d90-b6d6-4bff-a7df-c8a9e8be9a3a (table: ACL) {{(pid=107286) notify /opt/stack/neutron/neutron/plugins/ml2/drivers/ovn/mech_driver/ovsdb/ovsdb_monitor.py:1015}}
Jun 17 15:24:45.145974 np0000181159 devstack@neutron-api.service[107287]: DEBUG neutron.plugins.ml2.drivers.ovn.mech_driver.ovsdb.ovsdb_monitor [None req-4429999f-716c-4c2a-91d0-ce7c34714fe4 None None] Hash Ring: Node 3c7710e826d452cc950d33a4763d15a9 (host: np0000181159) handling event "create" for row c9a2c63a-cf5e-430a-9418-b26f256df837 (table: ACL) {{(pid=107287) notify /opt/stack/neutron/neutron/plugins/ml2/drivers/ovn/mech_driver/ovsdb/ovsdb_monitor.py:1015}}
Jun 17 15:24:45.147308 np0000181159 devstack@neutron-api.service[107288]: DEBUG neutron.plugins.ml2.drivers.ovn.mech_driver.ovsdb.ovsdb_monitor [None req-b3198553-82f3-4453-a21d-f57d397b5311 None None] Hash Ring: Node 0a17c89976935a8bac50580edb2e0279 (host: np0000181159) handling event "create" for row 9fd1407e-d96e-4bfd-9860-c94e6b00a833 (table: ACL) {{(pid=107288) notify /opt/stack/neutron/neutron/plugins/ml2/drivers/ovn/mech_driver/ovsdb/ovsdb_monitor.py:1015}}
Jun 17 15:24:45.149515 np0000181159 devstack@neutron-api.service[107288]: DEBUG neutron.plugins.ml2.drivers.ovn.mech_driver.ovsdb.ovsdb_monitor [None req-b3198553-82f3-4453-a21d-f57d397b5311 None None] Touching Hash Ring node "0a17c89976935a8bac50580edb2e0279" from IDL notify handler {{(pid=107288) notify /opt/stack/neutron/neutron/plugins/ml2/drivers/ovn/mech_driver/ovsdb/ovsdb_monitor.py:1007}}
Jun 17 15:24:45.152050 np0000181159 devstack@neutron-api.service[107288]: DEBUG neutron.plugins.ml2.drivers.ovn.mech_driver.ovsdb.ovsdb_monitor [None req-b3198553-82f3-4453-a21d-f57d397b5311 None None] Hash Ring: Node 0a17c89976935a8bac50580edb2e0279 (host: np0000181159) handling event "create" for row 8f2c3b0d-5d5e-402d-baee-34953e8d1fad (table: Port_Group) {{(pid=107288) notify /opt/stack/neutron/neutron/plugins/ml2/drivers/ovn/mech_driver/ovsdb/ovsdb_monitor.py:1015}}
Jun 17 15:24:45.160131 np0000181159 devstack@neutron-api.service[107285]: INFO neutron.db.ovn_revision_numbers_db [None req-07377fea-e6b2-46de-b7bb-b9da1897ad0e admin admin] Successfully bumped revision number for resource c2135568-3b2e-48fa-b104-a1e00b737b46 (type: security_groups) to 1
Jun 17 15:24:45.171965 np0000181159 devstack@neutron-api.service[107285]: INFO neutron.db.ovn_revision_numbers_db [None req-07377fea-e6b2-46de-b7bb-b9da1897ad0e admin admin] Successfully bumped revision number for resource 65503bca-a6f9-46ee-a190-7dec599f6a6a (type: security_group_rules) to 0
Jun 17 15:24:45.184750 np0000181159 devstack@neutron-api.service[107285]: INFO neutron.db.ovn_revision_numbers_db [None req-07377fea-e6b2-46de-b7bb-b9da1897ad0e admin admin] Successfully bumped revision number for resource afb062e2-78ae-41d4-ad92-f42eb49f5fdb (type: security_group_rules) to 0
Jun 17 15:24:45.198287 np0000181159 devstack@neutron-api.service[107285]: INFO neutron.db.ovn_revision_numbers_db [None req-07377fea-e6b2-46de-b7bb-b9da1897ad0e admin admin] Successfully bumped revision number for resource cbd606dc-b8f0-4569-a2c9-b66d76c623df (type: security_group_rules) to 0
Jun 17 15:24:45.210461 np0000181159 devstack@neutron-api.service[107285]: INFO neutron.db.ovn_revision_numbers_db [None req-07377fea-e6b2-46de-b7bb-b9da1897ad0e admin admin] Successfully bumped revision number for resource e029859a-0a68-448e-86f8-90a9de9b9b57 (type: security_group_rules) to 0
Jun 17 15:24:45.234296 np0000181159 devstack@neutron-api.service[107285]: DEBUG neutron.api.rpc.handlers.resources_rpc [None req-07377fea-e6b2-46de-b7bb-b9da1897ad0e admin admin] Pushing event updated for resources: {'SecurityGroup': ['ID=c2135568-3b2e-48fa-b104-a1e00b737b46,revision_number=1']} {{(pid=107285) push /opt/stack/neutron/neutron/api/rpc/handlers/resources_rpc.py:237}}
Jun 17 15:24:45.239199 np0000181159 devstack@neutron-api.service[107285]: DEBUG ovsdbapp.backend.ovs_idl.transaction [None req-c04525e0-d7a4-4c29-bc2c-18bee5a15082 None None] Running txn n=1 command(idx=0): CheckLivenessCommand(_result=None) {{(pid=107285) do_commit /opt/stack/data/venv/lib/python3.12/site-packages/ovsdbapp/backend/ovs_idl/transaction.py:89}}
Jun 17 15:24:45.245689 np0000181159 devstack@neutron-api.service[107286]: DEBUG neutron.plugins.ml2.drivers.ovn.mech_driver.ovsdb.ovsdb_monitor [None req-d770c878-97cf-499c-8228-cf68ea624272 None None] Touching Hash Ring node "40f147347d905baaa1cb778094cc7b8e" from IDL notify handler {{(pid=107286) notify /opt/stack/neutron/neutron/plugins/ml2/drivers/ovn/mech_driver/ovsdb/ovsdb_monitor.py:1007}}
Jun 17 15:24:45.247257 np0000181159 devstack@neutron-api.service[107287]: DEBUG neutron.plugins.ml2.drivers.ovn.mech_driver.ovsdb.ovsdb_monitor [None req-19a00ee9-b9d5-47ae-98e8-88c4e3b3e420 None None] ChassisAgentWriteEvent : Matched Chassis_Private, update, None None {{(pid=107287) matches /opt/stack/neutron/neutron/plugins/ml2/drivers/ovn/mech_driver/ovsdb/ovsdb_monitor.py:64}}
Jun 17 15:24:45.249105 np0000181159 devstack@neutron-api.service[107285]: DEBUG neutron.api.rpc.callbacks.version_manager [None req-07377fea-e6b2-46de-b7bb-b9da1897ad0e admin admin] Tracked resource versions report:
Jun 17 15:24:45.249105 np0000181159 devstack@neutron-api.service[107285]: pushed versions:
Jun 17 15:24:45.249105 np0000181159 devstack@neutron-api.service[107285]: { 'AddressGroup': {'1.2'},
Jun 17 15:24:45.249105 np0000181159 devstack@neutron-api.service[107285]: 'Agent': {'1.1'},
Jun 17 15:24:45.249105 np0000181159 devstack@neutron-api.service[107285]: 'ConntrackHelper': {'1.0'},
Jun 17 15:24:45.249105 np0000181159 devstack@neutron-api.service[107285]: 'LocalIPAssociation': {'1.0'},
Jun 17 15:24:45.249105 np0000181159 devstack@neutron-api.service[107285]: 'Log': {'1.0'},
Jun 17 15:24:45.249105 np0000181159 devstack@neutron-api.service[107285]: 'NDPProxy': {'1.0'},
Jun 17 15:24:45.249105 np0000181159 devstack@neutron-api.service[107285]: 'Network': {'1.3'},
Jun 17 15:24:45.249105 np0000181159 devstack@neutron-api.service[107285]: 'Port': {'1.11'},
Jun 17 15:24:45.249105 np0000181159 devstack@neutron-api.service[107285]: 'PortForwarding': {'1.3'},
Jun 17 15:24:45.249105 np0000181159 devstack@neutron-api.service[107285]: 'QosPolicy': {'1.10'},
Jun 17 15:24:45.249105 np0000181159 devstack@neutron-api.service[107285]: 'SecurityGroup': {'1.6'},
Jun 17 15:24:45.249105 np0000181159 devstack@neutron-api.service[107285]: 'SecurityGroupRule': {'1.3'},
Jun 17 15:24:45.249105 np0000181159 devstack@neutron-api.service[107285]: 'SubPort': {'1.0'},
Jun 17 15:24:45.249105 np0000181159 devstack@neutron-api.service[107285]: 'Subnet': {'1.2'},
Jun 17 15:24:45.249105 np0000181159 devstack@neutron-api.service[107285]: 'Trunk': {'1.1'}}
Jun 17 15:24:45.249105 np0000181159 devstack@neutron-api.service[107285]: consumer versions:
Jun 17 15:24:45.249105 np0000181159 devstack@neutron-api.service[107285]: { OVN Neutron agent@np0000181159: {},
Jun 17 15:24:45.249105 np0000181159 devstack@neutron-api.service[107285]: OVN Controller Gateway agent@np0000181159: {}}
Jun 17 15:24:45.249105 np0000181159 devstack@neutron-api.service[107285]: {{(pid=107285) report /opt/stack/neutron/neutron/api/rpc/callbacks/version_manager.py:183}}
Jun 17 15:24:45.252355 np0000181159 devstack@neutron-api.service[107288]: DEBUG neutron.plugins.ml2.drivers.ovn.mech_driver.ovsdb.ovsdb_monitor [None req-50a98a37-7339-40c0-b79c-a0485ba7dc48 None None] ChassisAgentWriteEvent : Matched Chassis_Private, update, None None {{(pid=107288) matches /opt/stack/neutron/neutron/plugins/ml2/drivers/ovn/mech_driver/ovsdb/ovsdb_monitor.py:64}}
Jun 17 15:24:45.253168 np0000181159 devstack@neutron-api.service[107286]: DEBUG neutron.plugins.ml2.drivers.ovn.mech_driver.ovsdb.ovsdb_monitor [None req-d0b1e6c3-fdbf-4776-ae05-115f5d9ab37f None None] ChassisAgentWriteEvent : Matched Chassis_Private, update, None None {{(pid=107286) matches /opt/stack/neutron/neutron/plugins/ml2/drivers/ovn/mech_driver/ovsdb/ovsdb_monitor.py:64}}
Jun 17 15:24:45.256499 np0000181159 devstack@neutron-api.service[107287]: DEBUG neutron.common.ovn.hash_ring_manager [None req-19a00ee9-b9d5-47ae-98e8-88c4e3b3e420 None None] Hash Ring loaded. 4 active nodes. 0 offline nodes {{(pid=107287) _load_hash_ring /opt/stack/neutron/neutron/common/ovn/hash_ring_manager.py:110}}
Jun 17 15:24:45.257091 np0000181159 devstack@neutron-api.service[107286]: DEBUG neutron.plugins.ml2.drivers.ovn.mech_driver.ovsdb.ovsdb_monitor [None req-d770c878-97cf-499c-8228-cf68ea624272 None None] Hash Ring: Node 40f147347d905baaa1cb778094cc7b8e (host: np0000181159) handling event "update" for row 06e0d061-2444-408a-9dd8-8c64ad18dc74 (table: NB_Global) {{(pid=107286) notify /opt/stack/neutron/neutron/plugins/ml2/drivers/ovn/mech_driver/ovsdb/ovsdb_monitor.py:1015}}
Jun 17 15:24:45.257923 np0000181159 devstack@neutron-api.service[107286]: DEBUG neutron.plugins.ml2.drivers.ovn.mech_driver.ovsdb.ovsdb_monitor [None req-d770c878-97cf-499c-8228-cf68ea624272 None None] Touching Hash Ring node "40f147347d905baaa1cb778094cc7b8e" from IDL notify handler {{(pid=107286) notify /opt/stack/neutron/neutron/plugins/ml2/drivers/ovn/mech_driver/ovsdb/ovsdb_monitor.py:1007}}
Jun 17 15:24:45.258549 np0000181159 devstack@neutron-api.service[107285]: DEBUG neutron.plugins.ml2.drivers.ovn.mech_driver.ovsdb.ovsdb_monitor [None req-e05b7ecc-f8d9-47fd-88d1-4ec0291e9464 None None] ChassisAgentWriteEvent : Matched Chassis_Private, update, None None {{(pid=107285) matches /opt/stack/neutron/neutron/plugins/ml2/drivers/ovn/mech_driver/ovsdb/ovsdb_monitor.py:64}}
Jun 17 15:24:45.259745 np0000181159 devstack@neutron-api.service[107288]: DEBUG neutron.common.ovn.hash_ring_manager [None req-50a98a37-7339-40c0-b79c-a0485ba7dc48 None None] Hash Ring loaded. 4 active nodes. 0 offline nodes {{(pid=107288) _load_hash_ring /opt/stack/neutron/neutron/common/ovn/hash_ring_manager.py:110}}
Jun 17 15:24:45.260867 np0000181159 devstack@neutron-api.service[107286]: DEBUG neutron.plugins.ml2.drivers.ovn.mech_driver.ovsdb.ovsdb_monitor [None req-d770c878-97cf-499c-8228-cf68ea624272 None None] Hash Ring: Node 40f147347d905baaa1cb778094cc7b8e (host: np0000181159) handling event "update" for row 06e0d061-2444-408a-9dd8-8c64ad18dc74 (table: NB_Global) {{(pid=107286) notify /opt/stack/neutron/neutron/plugins/ml2/drivers/ovn/mech_driver/ovsdb/ovsdb_monitor.py:1015}}
Jun 17 15:24:45.261940 np0000181159 devstack@neutron-api.service[107286]: DEBUG neutron.plugins.ml2.drivers.ovn.mech_driver.ovsdb.ovsdb_monitor [None req-d770c878-97cf-499c-8228-cf68ea624272 None None] Touching Hash Ring node "40f147347d905baaa1cb778094cc7b8e" from IDL notify handler {{(pid=107286) notify /opt/stack/neutron/neutron/plugins/ml2/drivers/ovn/mech_driver/ovsdb/ovsdb_monitor.py:1007}}
Jun 17 15:24:45.262405 np0000181159 devstack@neutron-api.service[107286]: DEBUG neutron.common.ovn.hash_ring_manager [None req-d0b1e6c3-fdbf-4776-ae05-115f5d9ab37f None None] Hash Ring loaded. 4 active nodes. 0 offline nodes {{(pid=107286) _load_hash_ring /opt/stack/neutron/neutron/common/ovn/hash_ring_manager.py:110}}
Jun 17 15:24:45.262558 np0000181159 devstack@neutron-api.service[107286]: DEBUG neutron.plugins.ml2.drivers.ovn.mech_driver.ovsdb.ovsdb_monitor [None req-d0b1e6c3-fdbf-4776-ae05-115f5d9ab37f None None] Hash Ring: Node 40f147347d905baaa1cb778094cc7b8e (host: np0000181159) handling event "update" for row 7f290d88-14d8-414c-bae3-23437674fe66 (table: Chassis_Private) {{(pid=107286) notify /opt/stack/neutron/neutron/plugins/ml2/drivers/ovn/mech_driver/ovsdb/ovsdb_monitor.py:1015}}
Jun 17 15:24:45.263874 np0000181159 devstack@neutron-api.service[107286]: DEBUG neutron.plugins.ml2.drivers.ovn.mech_driver.ovsdb.ovsdb_monitor [None req-d770c878-97cf-499c-8228-cf68ea624272 None None] Hash Ring: Node 40f147347d905baaa1cb778094cc7b8e (host: np0000181159) handling event "update" for row 06e0d061-2444-408a-9dd8-8c64ad18dc74 (table: NB_Global) {{(pid=107286) notify /opt/stack/neutron/neutron/plugins/ml2/drivers/ovn/mech_driver/ovsdb/ovsdb_monitor.py:1015}}
Jun 17 15:24:45.264895 np0000181159 devstack@neutron-api.service[107286]: DEBUG neutron.plugins.ml2.drivers.ovn.mech_driver.ovsdb.ovsdb_monitor [None req-d770c878-97cf-499c-8228-cf68ea624272 None None] Touching Hash Ring node "40f147347d905baaa1cb778094cc7b8e" from IDL notify handler {{(pid=107286) notify /opt/stack/neutron/neutron/plugins/ml2/drivers/ovn/mech_driver/ovsdb/ovsdb_monitor.py:1007}}
Jun 17 15:24:45.266654 np0000181159 devstack@neutron-api.service[107286]: DEBUG neutron.plugins.ml2.drivers.ovn.mech_driver.ovsdb.ovsdb_monitor [None req-d770c878-97cf-499c-8228-cf68ea624272 None None] Hash Ring: Node 40f147347d905baaa1cb778094cc7b8e (host: np0000181159) handling event "update" for row 06e0d061-2444-408a-9dd8-8c64ad18dc74 (table: NB_Global) {{(pid=107286) notify /opt/stack/neutron/neutron/plugins/ml2/drivers/ovn/mech_driver/ovsdb/ovsdb_monitor.py:1015}}
Jun 17 15:24:45.273499 np0000181159 devstack@neutron-api.service[107285]: DEBUG neutron.common.ovn.hash_ring_manager [None req-e05b7ecc-f8d9-47fd-88d1-4ec0291e9464 None None] Hash Ring loaded. 4 active nodes. 0 offline nodes {{(pid=107285) _load_hash_ring /opt/stack/neutron/neutron/common/ovn/hash_ring_manager.py:110}}
Jun 17 15:24:45.295852 np0000181159 devstack@neutron-api.service[107285]: DEBUG neutron.plugins.ml2.drivers.helpers [None req-07377fea-e6b2-46de-b7bb-b9da1897ad0e admin admin] geneve segment allocate from pool success with {'geneve_vni': 23218} {{(pid=107285) allocate_partially_specified_segment /opt/stack/neutron/neutron/plugins/ml2/drivers/helpers.py:142}}
Jun 17 15:24:45.303841 np0000181159 devstack@neutron-api.service[107285]: DEBUG neutron_lib.callbacks.manager [None req-07377fea-e6b2-46de-b7bb-b9da1897ad0e admin admin] Publish callbacks ['neutron.services.segments.db._add_segment_host_mapping_for_segment-8085404043568', 'neutron.plugins.ml2.plugin.Ml2Plugin._handle_segment_change-4016988'] for segment (ec6d4f83-df03-470a-a538-c836b21387a5), precommit_create {{(pid=107285) _notify_loop /opt/stack/data/venv/lib/python3.12/site-packages/neutron_lib/callbacks/manager.py:184}}
Jun 17 15:24:45.304022 np0000181159 devstack@neutron-api.service[107285]: INFO neutron.db.segments_db [None req-07377fea-e6b2-46de-b7bb-b9da1897ad0e admin admin] Added segment ec6d4f83-df03-470a-a538-c836b21387a5 of type geneve for network 7072a404-b6b0-4c0e-bf1b-2c2a3561a195
Jun 17 15:24:45.318846 np0000181159 devstack@neutron-api.service[107285]: DEBUG neutron_lib.callbacks.manager [None req-07377fea-e6b2-46de-b7bb-b9da1897ad0e admin admin] Publish callbacks ['neutron.services.auto_allocate.db._ensure_external_network_default_value_callback-8085401430880'] for network (7072a404-b6b0-4c0e-bf1b-2c2a3561a195), precommit_create {{(pid=107285) _notify_loop /opt/stack/data/venv/lib/python3.12/site-packages/neutron_lib/callbacks/manager.py:184}}
Jun 17 15:24:45.332152 np0000181159 devstack@neutron-api.service[107285]: DEBUG neutron.plugins.ml2.drivers.ovn.mech_driver.mech_driver [None req-07377fea-e6b2-46de-b7bb-b9da1897ad0e admin admin] Validating network segment with type geneve, segmentation ID 23218, physical network None {{(pid=107285) _validate_network_segments /opt/stack/neutron/neutron/plugins/ml2/drivers/ovn/mech_driver/mech_driver.py:643}}
Jun 17 15:24:45.332382 np0000181159 devstack@neutron-api.service[107285]: DEBUG neutron.db.ovn_revision_numbers_db [None req-07377fea-e6b2-46de-b7bb-b9da1897ad0e admin admin] create_initial_revision uuid=7072a404-b6b0-4c0e-bf1b-2c2a3561a195, type=networks, rev=-1 {{(pid=107285) create_initial_revision /opt/stack/neutron/neutron/db/ovn_revision_numbers_db.py:98}}
Jun 17 15:24:45.342323 np0000181159 devstack@neutron-api.service[107285]: DEBUG neutron_lib.callbacks.manager [None req-07377fea-e6b2-46de-b7bb-b9da1897ad0e admin admin] Publish callbacks ['neutron.plugins.ml2.ovo_rpc._ObjectChangeHandler.handle_event-2792040'] for network (7072a404-b6b0-4c0e-bf1b-2c2a3561a195), after_create {{(pid=107285) _notify_loop /opt/stack/data/venv/lib/python3.12/site-packages/neutron_lib/callbacks/manager.py:184}}
Jun 17 15:24:45.358985 np0000181159 devstack@neutron-api.service[107285]: DEBUG neutron.api.rpc.handlers.resources_rpc [None req-07377fea-e6b2-46de-b7bb-b9da1897ad0e admin admin] Pushing event updated for resources: {'Network': ['ID=7072a404-b6b0-4c0e-bf1b-2c2a3561a195,revision_number=1']} {{(pid=107285) push /opt/stack/neutron/neutron/api/rpc/handlers/resources_rpc.py:237}}
