Jun 29 06:05:53.473800 np0000183457 devstack@neutron-api.service[103163]: DEBUG neutron.plugins.ml2.drivers.ovn.mech_driver.ovsdb.ovsdb_monitor [None req-3d86385d-2837-424e-af64-160b9fe97440 None None] Hash Ring: Node 1009e071297a53f7948a3279fc30750c (host: np0000183457) handling event "update" for row aec52f27-9f35-4e19-b79b-17311cf1e81d (table: Logical_Switch_Port) {{(pid=103163) notify /opt/stack/neutron/neutron/plugins/ml2/drivers/ovn/mech_driver/ovsdb/ovsdb_monitor.py:1015}}
Jun 29 06:05:53.515855 np0000183457 devstack@neutron-api.service[103165]: INFO neutron.db.ovn_revision_numbers_db [None req-2e1163e4-34a4-44e8-9cb5-c80b62d32ced admin admin] Successfully bumped revision number for resource a4075770-1228-45a7-8781-52412192eec4 (type: ports) to 1
Jun 29 06:05:53.656244 np0000183457 devstack@neutron-api.service[103165]: DEBUG neutron_lib.callbacks.manager [None req-2e1163e4-34a4-44e8-9cb5-c80b62d32ced admin admin] Publish callbacks [] for router_gateway (8610706a-e34f-4fef-9560-2504d8719be3), after_create {{(pid=103165) _notify_loop /opt/stack/data/venv/lib/python3.12/site-packages/neutron_lib/callbacks/manager.py:184}}
Jun 29 06:05:53.889866 np0000183457 devstack@neutron-api.service[103165]: DEBUG neutron_lib.callbacks.manager [None req-2e1163e4-34a4-44e8-9cb5-c80b62d32ced admin admin] Publish callbacks ['neutron.services.ovn_l3.plugin.ExtraGatewaysDbOnlyMixin._process_bfd_ecmp_update-4174342', 'neutron.services.ovn_l3.service_providers.driver_controller.DriverController._update_router_provider-44969'] for router (8610706a-e34f-4fef-9560-2504d8719be3), precommit_update {{(pid=103165) _notify_loop /opt/stack/data/venv/lib/python3.12/site-packages/neutron_lib/callbacks/manager.py:184}}
Jun 29 06:05:53.893006 np0000183457 devstack@neutron-api.service[103165]: DEBUG neutron_lib.callbacks.manager [None req-2e1163e4-34a4-44e8-9cb5-c80b62d32ced admin admin] Publish callbacks ['neutron.services.ovn_l3.service_providers.ovn.OvnDriver._process_router_update-4184399'] for router (8610706a-e34f-4fef-9560-2504d8719be3), after_update {{(pid=103165) _notify_loop /opt/stack/data/venv/lib/python3.12/site-packages/neutron_lib/callbacks/manager.py:184}}
Jun 29 06:05:53.893147 np0000183457 devstack@neutron-api.service[103165]: INFO neutron.plugins.ml2.drivers.ovn.mech_driver.ovsdb.extensions.qos [None req-2e1163e4-34a4-44e8-9cb5-c80b62d32ced admin admin] Starting OVNClientQosExtension
Jun 29 06:05:54.010796 np0000183457 devstack@neutron-api.service[103165]: ERROR ovsdbapp.backend.ovs_idl.command [None req-2e1163e4-34a4-44e8-9cb5-c80b62d32ced admin admin] Error executing command (DbGetCommand): ovsdbapp.backend.ovs_idl.idlutils.RowNotFound: Cannot find Logical_Router_Port with name=lrp-a4075770-1228-45a7-8781-52412192eec4
Jun 29 06:05:54.010796 np0000183457 devstack@neutron-api.service[103165]: ERROR ovsdbapp.backend.ovs_idl.command
Traceback (most recent call last):
Jun 29 06:05:54.010796 np0000183457 devstack@neutron-api.service[103165]: ERROR ovsdbapp.backend.ovs_idl.command
File "/opt/stack/data/venv/lib/python3.12/site-packages/ovsdbapp/backend/ovs_idl/command.py", line 47, in execute
Jun 29 06:05:54.010796 np0000183457 devstack@neutron-api.service[103165]: ERROR ovsdbapp.backend.ovs_idl.command self.run_idl(None)
Jun 29 06:05:54.010796 np0000183457 devstack@neutron-api.service[103165]: ERROR ovsdbapp.backend.ovs_idl.command
File "/opt/stack/data/venv/lib/python3.12/site-packages/ovsdbapp/backend/ovs_idl/command.py", line 235, in run_idl
Jun 29 06:05:54.010796 np0000183457 devstack@neutron-api.service[103165]: ERROR ovsdbapp.backend.ovs_idl.command record = self.api.lookup(self.table, self.record)
Jun 29 06:05:54.010796 np0000183457 devstack@neutron-api.service[103165]: ERROR ovsdbapp.backend.ovs_idl.command ^^^^^^^^^^^^^^^^^^^^^^^^^^^^^^^^^^^^^^^^
Jun 29 06:05:54.010796 np0000183457 devstack@neutron-api.service[103165]: ERROR ovsdbapp.backend.ovs_idl.command
File "/opt/stack/data/venv/lib/python3.12/site-packages/ovsdbapp/backend/ovs_idl/__init__.py", line 184, in lookup
Jun 29 06:05:54.010796 np0000183457 devstack@neutron-api.service[103165]: ERROR ovsdbapp.backend.ovs_idl.command return self._lookup(table, record)
Jun 29 06:05:54.010796 np0000183457 devstack@neutron-api.service[103165]: ERROR ovsdbapp.backend.ovs_idl.command ^^^^^^^^^^^^^^^^^^^^^^^^^^^
Jun 29 06:05:54.010796 np0000183457 devstack@neutron-api.service[103165]: ERROR ovsdbapp.backend.ovs_idl.command
File "/opt/stack/data/venv/lib/python3.12/site-packages/ovsdbapp/backend/ovs_idl/__init__.py", line 235, in _lookup
Jun 29 06:05:54.010796 np0000183457 devstack@neutron-api.service[103165]: ERROR ovsdbapp.backend.ovs_idl.command row = idlutils.row_by_value(self, rl.table, rl.column, record)
Jun 29 06:05:54.010796 np0000183457 devstack@neutron-api.service[103165]: ERROR ovsdbapp.backend.ovs_idl.command ^^^^^^^^^^^^^^^^^^^^^^^^^^^^^^^^^^^^^^^^^^^^^^^^^^^^^^^^
Jun 29 06:05:54.010796 np0000183457 devstack@neutron-api.service[103165]: ERROR ovsdbapp.backend.ovs_idl.command
File "/opt/stack/data/venv/lib/python3.12/site-packages/ovsdbapp/backend/ovs_idl/idlutils.py", line 116, in row_by_value
Jun 29 06:05:54.010796 np0000183457 devstack@neutron-api.service[103165]: ERROR ovsdbapp.backend.ovs_idl.command raise RowNotFound(table=table, col=column, match=match)
Jun 29 06:05:54.010796 np0000183457 devstack@neutron-api.service[103165]: ERROR ovsdbapp.backend.ovs_idl.command ovsdbapp.backend.ovs_idl.idlutils.RowNotFound: Cannot find Logical_Router_Port with name=lrp-a4075770-1228-45a7-8781-52412192eec4
Jun 29 06:05:54.010796 np0000183457 devstack@neutron-api.service[103165]: ERROR ovsdbapp.backend.ovs_idl.command
Jun 29 06:05:54.234191 np0000183457 devstack@neutron-api.service[103165]: DEBUG ovsdbapp.backend.ovs_idl.transaction [None req-211352ac-1de0-46cb-ad13-3fbdae01b1b1 None None] Running txn n=1 command(idx=0): CheckRevisionNumberCommand(_result=None, name=neutron-8610706a-e34f-4fef-9560-2504d8719be3, resource={'id': '8610706a-e34f-4fef-9560-2504d8719be3', 'name': 'router1', 'project_id': '98b47a085b044a50b8b0a64a9fc7f06b', 'admin_state_up': True, 'status': 'ACTIVE', 'enable_snat': True, 'external_gateway_info': {'network_id': '84339130-531b-491e-8aa7-746993d1a1a8', 'external_fixed_ips': [{'subnet_id': '174df60a-285e-4936-8858-b5d66a29608f', 'ip_address': '172.24.5.247'}], 'enable_snat': True}, 'gw_port_id': 'a4075770-1228-45a7-8781-52412192eec4', 'description': '', 'availability_zones': [], 'distributed': False, 'ha': True, 'ha_vr_id': 0, 'availability_zone_hints': [], 'enable_default_route_ecmp': False, 'enable_default_route_bfd': False, 'external_gateways': [{'network_id': '84339130-531b-491e-8aa7-746993d1a1a8', 'external_fixed_ips': [{'ip_address': '172.24.5.247', 'subnet_id': '174df60a-285e-4936-8858-b5d66a29608f'}]}], 'routes': [], 'flavor_id': None, 'tags': [], 'created_at': '2026-06-29T06:05:46Z', 'updated_at': '2026-06-29T06:05:53Z', 'revision_number': 3, 'tenant_id': '98b47a085b044a50b8b0a64a9fc7f06b'}, resource_type=routers, if_exists=True) {{(pid=103165) do_commit /opt/stack/data/venv/lib/python3.12/site-packages/ovsdbapp/backend/ovs_idl/transaction.py:89}}
Jun 29 06:05:54.234533 np0000183457 devstack@neutron-api.service[103165]: DEBUG ovsdbapp.backend.ovs_idl.transaction [None req-211352ac-1de0-46cb-ad13-3fbdae01b1b1 None None] Running txn n=1 command(idx=1): DeleteLRouterExtGwCommand(_result=None, lrouter=neutron-8610706a-e34f-4fef-9560-2504d8719be3, if_exists=True, maintain_bfd=True) {{(pid=103165) do_commit /opt/stack/data/venv/lib/python3.12/site-packages/ovsdbapp/backend/ovs_idl/transaction.py:89}}
Jun 29 06:05:54.234784 np0000183457 devstack@neutron-api.service[103165]: DEBUG ovsdbapp.backend.ovs_idl.transaction [None req-211352ac-1de0-46cb-ad13-3fbdae01b1b1 None None] Running txn n=1 command(idx=2): DeleteNATRuleInLRouterCommand(_result=None, lrouter=neutron-8610706a-e34f-4fef-9560-2504d8719be3, type=snat, logical_ip=0.0.0.0/0, external_ip=172.24.5.247, if_exists=True) {{(pid=103165) do_commit /opt/stack/data/venv/lib/python3.12/site-packages/ovsdbapp/backend/ovs_idl/transaction.py:89}}
Jun 29 06:05:54.234917 np0000183457 devstack@neutron-api.service[103165]: DEBUG ovsdbapp.backend.ovs_idl.transaction [None req-211352ac-1de0-46cb-ad13-3fbdae01b1b1 None None] Running txn n=1 command(idx=3): DelStaticRoutesCommand(_result=None, lrouter=neutron-8610706a-e34f-4fef-9560-2504d8719be3, routes=[('0.0.0.0/0', '172.24.5.1')], if_exists=True) {{(pid=103165) do_commit /opt/stack/data/venv/lib/python3.12/site-packages/ovsdbapp/backend/ovs_idl/transaction.py:89}}
Jun 29 06:05:54.235065 np0000183457 devstack@neutron-api.service[103165]: DEBUG ovsdbapp.backend.ovs_idl.transaction [None req-211352ac-1de0-46cb-ad13-3fbdae01b1b1 None None] Running txn n=1 command(idx=4): DelLRouterPortCommand(_result=None, name=lrp-a4075770-1228-45a7-8781-52412192eec4, lrouter=neutron-8610706a-e34f-4fef-9560-2504d8719be3, if_exists=True) {{(pid=103165) do_commit /opt/stack/data/venv/lib/python3.12/site-packages/ovsdbapp/backend/ovs_idl/transaction.py:89}}
Jun 29 06:05:54.235244 np0000183457 devstack@neutron-api.service[103165]: DEBUG ovsdbapp.backend.ovs_idl.transaction [None req-211352ac-1de0-46cb-ad13-3fbdae01b1b1 None None] Running txn n=1 command(idx=5): AddLRouterPortCommand(_result=None, name=lrp-a4075770-1228-45a7-8781-52412192eec4, lrouter=neutron-8610706a-e34f-4fef-9560-2504d8719be3, may_exist=True, columns={'mac': 'fa:16:3e:cf:31:d0', 'networks': ['172.24.5.247/24'], 'external_ids': {'neutron:revision_number': '1', 'neutron:subnet_ids': '174df60a-285e-4936-8858-b5d66a29608f', 'neutron:network_name': 'neutron-84339130-531b-491e-8aa7-746993d1a1a8', 'neutron:is_ext_gw': 'True', 'neutron:router_name': 'neutron-8610706a-e34f-4fef-9560-2504d8719be3'}, 'options': {'reside-on-redirect-chassis': 'true', 'gateway_mtu': '1372'}}) {{(pid=103165) do_commit /opt/stack/data/venv/lib/python3.12/site-packages/ovsdbapp/backend/ovs_idl/transaction.py:89}}
Jun 29 06:05:54.235634 np0000183457 devstack@neutron-api.service[103165]: DEBUG ovsdbapp.backend.ovs_idl.transaction [None req-211352ac-1de0-46cb-ad13-3fbdae01b1b1 None None] Running txn n=1 command(idx=6): ScheduleNewGatewayCommand(_result=None, g_name=lrp-a4075770-1228-45a7-8781-52412192eec4, sb_api=, lrouter_name=neutron-8610706a-e34f-4fef-9560-2504d8719be3, ovn_client=, scheduler=, physnet=public, az_hints=[]) {{(pid=103165) do_commit /opt/stack/data/venv/lib/python3.12/site-packages/ovsdbapp/backend/ovs_idl/transaction.py:89}}
Jun 29 06:05:54.236114 np0000183457 devstack@neutron-api.service[103165]: DEBUG neutron.plugins.ml2.drivers.ovn.mech_driver.ovsdb.ovn_client [None req-211352ac-1de0-46cb-ad13-3fbdae01b1b1 None None] Chassis candidates for scheduling gateway router ports for "public" physical network: ['985a3af9-586e-4681-a692-0ff8c820dcbe'] {{(pid=103165) get_candidates_for_scheduling /opt/stack/neutron/neutron/plugins/ml2/drivers/ovn/mech_driver/ovsdb/ovn_client.py:1759}}
Jun 29 06:05:54.236712 np0000183457 devstack@neutron-api.service[103165]: DEBUG neutron.scheduler.l3_ovn_scheduler [None req-211352ac-1de0-46cb-ad13-3fbdae01b1b1 None None] Gateway lrp-a4075770-1228-45a7-8781-52412192eec4 scheduled on chassis ['985a3af9-586e-4681-a692-0ff8c820dcbe'] {{(pid=103165) _schedule_gateway /opt/stack/neutron/neutron/scheduler/l3_ovn_scheduler.py:88}}
Jun 29 06:05:54.237000 np0000183457 devstack@neutron-api.service[103165]: DEBUG ovsdbapp.backend.ovs_idl.transaction [None req-211352ac-1de0-46cb-ad13-3fbdae01b1b1 None None] Running txn n=1 command(idx=7): SetLRouterPortInLSwitchPortCommand(_result=None, lswitch_port=a4075770-1228-45a7-8781-52412192eec4, lrouter_port=lrp-a4075770-1228-45a7-8781-52412192eec4, is_gw_port=True, if_exists=True, lsp_address=router) {{(pid=103165) do_commit /opt/stack/data/venv/lib/python3.12/site-packages/ovsdbapp/backend/ovs_idl/transaction.py:89}}
Jun 29 06:05:54.237237 np0000183457 devstack@neutron-api.service[103165]: DEBUG ovsdbapp.backend.ovs_idl.transaction [None req-211352ac-1de0-46cb-ad13-3fbdae01b1b1 None None] Running txn n=1 command(idx=8): AddStaticRouteCommand(_result=None, lrouter=neutron-8610706a-e34f-4fef-9560-2504d8719be3, maintain_bfd=False, columns={'ip_prefix': '0.0.0.0/0', 'nexthop': '172.24.5.1', 'external_ids': {'neutron:is_ext_gw': 'true', 'neutron:subnet_id': '174df60a-285e-4936-8858-b5d66a29608f', 'neutron:is_static_route': 'true'}}) {{(pid=103165) do_commit /opt/stack/data/venv/lib/python3.12/site-packages/ovsdbapp/backend/ovs_idl/transaction.py:89}}
Jun 29 06:05:54.237451 np0000183457 devstack@neutron-api.service[103165]: DEBUG ovsdbapp.backend.ovs_idl.transaction [None req-211352ac-1de0-46cb-ad13-3fbdae01b1b1 None None] Running txn n=1 command(idx=9): AddNATRuleInLRouterCommand(_result=None, lrouter=neutron-8610706a-e34f-4fef-9560-2504d8719be3, nat_uuid=None, columns={'type': 'snat', 'logical_ip': '0.0.0.0/0', 'external_ip': '172.24.5.247'}) {{(pid=103165) do_commit /opt/stack/data/venv/lib/python3.12/site-packages/ovsdbapp/backend/ovs_idl/transaction.py:89}}
Jun 29 06:05:54.237651 np0000183457 devstack@neutron-api.service[103165]: DEBUG ovsdbapp.backend.ovs_idl.transaction [None req-211352ac-1de0-46cb-ad13-3fbdae01b1b1 None None] Running txn n=1 command(idx=10): UpdateLRouterCommand(_result=None, name=neutron-8610706a-e34f-4fef-9560-2504d8719be3, columns={'external_ids': {'neutron:router_name': 'router1', 'neutron:revision_number': '3', 'neutron:availability_zone_hints': ''}, 'enabled': True}, if_exists=True) {{(pid=103165) do_commit /opt/stack/data/venv/lib/python3.12/site-packages/ovsdbapp/backend/ovs_idl/transaction.py:89}}
Jun 29 06:05:54.237852 np0000183457 devstack@neutron-api.service[103165]: DEBUG ovsdbapp.backend.ovs_idl.transaction [None req-211352ac-1de0-46cb-ad13-3fbdae01b1b1 None None] Running txn n=1 command(idx=11): QoSDelCommand(_result=None, switch=neutron-84339130-531b-491e-8aa7-746993d1a1a8, conditions=[('direction', '=', 'from-lport'), ('priority', '=', 2002), ('match', '=', 'inport == "a4075770-1228-45a7-8781-52412192eec4"')], if_exists=True) {{(pid=103165) do_commit /opt/stack/data/venv/lib/python3.12/site-packages/ovsdbapp/backend/ovs_idl/transaction.py:89}}
Jun 29 06:05:54.238003 np0000183457 devstack@neutron-api.service[103165]: DEBUG ovsdbapp.backend.ovs_idl.transaction [None req-211352ac-1de0-46cb-ad13-3fbdae01b1b1 None None] Running txn n=1 command(idx=12): QoSDelCommand(_result=None, switch=neutron-84339130-531b-491e-8aa7-746993d1a1a8, conditions=[('direction', '=', 'to-lport'), ('priority', '=', 2002), ('match', '=', 'outport == "a4075770-1228-45a7-8781-52412192eec4"')], if_exists=True) {{(pid=103165) do_commit /opt/stack/data/venv/lib/python3.12/site-packages/ovsdbapp/backend/ovs_idl/transaction.py:89}}
Jun 29 06:05:54.247637 np0000183457 devstack@neutron-api.service[103164]: DEBUG neutron.plugins.ml2.drivers.ovn.mech_driver.ovsdb.ovsdb_monitor [None req-428d38e3-61c2-4849-a97c-1519338d9b2c None None] Touching Hash Ring node "1e4acd14e5215f56a0f043397fa8ee27" from IDL notify handler {{(pid=103164) notify /opt/stack/neutron/neutron/plugins/ml2/drivers/ovn/mech_driver/ovsdb/ovsdb_monitor.py:1007}}
Jun 29 06:05:54.248238 np0000183457 devstack@neutron-api.service[103162]: DEBUG neutron.plugins.ml2.drivers.ovn.mech_driver.ovsdb.ovsdb_monitor [None req-9fbe1dbf-24e1-447f-a652-9eae2bf8ca93 None None] Touching Hash Ring node "c445030291ba586a97b67a4648e86283" from IDL notify handler {{(pid=103162) notify /opt/stack/neutron/neutron/plugins/ml2/drivers/ovn/mech_driver/ovsdb/ovsdb_monitor.py:1007}}
Jun 29 06:05:54.252748 np0000183457 devstack@neutron-api.service[103165]: DEBUG neutron.plugins.ml2.drivers.ovn.mech_driver.ovsdb.ovsdb_monitor [None req-211352ac-1de0-46cb-ad13-3fbdae01b1b1 None None] Touching Hash Ring node "da68a95de86953d2bda862c09457c42b" from IDL notify handler {{(pid=103165) notify /opt/stack/neutron/neutron/plugins/ml2/drivers/ovn/mech_driver/ovsdb/ovsdb_monitor.py:1007}}
Jun 29 06:05:54.255483 np0000183457 devstack@neutron-api.service[103163]: DEBUG neutron.plugins.ml2.drivers.ovn.mech_driver.ovsdb.ovsdb_monitor [None req-3d86385d-2837-424e-af64-160b9fe97440 None None] Touching Hash Ring node "1009e071297a53f7948a3279fc30750c" from IDL notify handler {{(pid=103163) notify /opt/stack/neutron/neutron/plugins/ml2/drivers/ovn/mech_driver/ovsdb/ovsdb_monitor.py:1007}}
Jun 29 06:05:54.262313 np0000183457 devstack@neutron-api.service[103164]: DEBUG neutron.plugins.ml2.drivers.ovn.mech_driver.ovsdb.ovsdb_monitor [None req-a1b0fcbb-85f7-488d-b56b-5ab880047d1e None None] Touching Hash Ring node "1e4acd14e5215f56a0f043397fa8ee27" from IDL notify handler {{(pid=103164) notify /opt/stack/neutron/neutron/plugins/ml2/drivers/ovn/mech_driver/ovsdb/ovsdb_monitor.py:1007}}
Jun 29 06:05:54.262632 np0000183457 devstack@neutron-api.service[103162]: DEBUG neutron.plugins.ml2.drivers.ovn.mech_driver.ovsdb.ovsdb_monitor [None req-9fbe1dbf-24e1-447f-a652-9eae2bf8ca93 None None] Hash Ring: Node c445030291ba586a97b67a4648e86283 (host: np0000183457) handling event "create" for row 411a2b65-ee3c-49b3-b0b8-16c5f0471d3f (table: HA_Chassis_Group) {{(pid=103162) notify /opt/stack/neutron/neutron/plugins/ml2/drivers/ovn/mech_driver/ovsdb/ovsdb_monitor.py:1015}}
Jun 29 06:05:54.263815 np0000183457 devstack@neutron-api.service[103162]: DEBUG neutron.plugins.ml2.drivers.ovn.mech_driver.ovsdb.ovsdb_monitor [None req-9fbe1dbf-24e1-447f-a652-9eae2bf8ca93 None None] Touching Hash Ring node "c445030291ba586a97b67a4648e86283" from IDL notify handler {{(pid=103162) notify /opt/stack/neutron/neutron/plugins/ml2/drivers/ovn/mech_driver/ovsdb/ovsdb_monitor.py:1007}}
Jun 29 06:05:54.265546 np0000183457 devstack@neutron-api.service[103162]: DEBUG neutron.plugins.ml2.drivers.ovn.mech_driver.ovsdb.ovsdb_monitor [None req-c1676221-4c7f-494f-a909-1752de52a029 None None] Touching Hash Ring node "c445030291ba586a97b67a4648e86283" from IDL notify handler {{(pid=103162) notify /opt/stack/neutron/neutron/plugins/ml2/drivers/ovn/mech_driver/ovsdb/ovsdb_monitor.py:1007}}
Jun 29 06:05:54.265896 np0000183457 devstack@neutron-api.service[103163]: DEBUG neutron.plugins.ml2.drivers.ovn.mech_driver.ovsdb.ovsdb_monitor [None req-3d402bd2-0685-45bd-a951-79c0ef197399 None None] Touching Hash Ring node "1009e071297a53f7948a3279fc30750c" from IDL notify handler {{(pid=103163) notify /opt/stack/neutron/neutron/plugins/ml2/drivers/ovn/mech_driver/ovsdb/ovsdb_monitor.py:1007}}
Jun 29 06:05:54.268566 np0000183457 devstack@neutron-api.service[103165]: DEBUG neutron.plugins.ml2.drivers.ovn.mech_driver.ovsdb.ovsdb_monitor [None req-211352ac-1de0-46cb-ad13-3fbdae01b1b1 None None] Hash Ring: Node da68a95de86953d2bda862c09457c42b (host: np0000183457) handling event "create" for row d3c6c727-673f-4c58-9e4d-4ac50ec49abd (table: Logical_Router_Port) {{(pid=103165) notify /opt/stack/neutron/neutron/plugins/ml2/drivers/ovn/mech_driver/ovsdb/ovsdb_monitor.py:1015}}
Jun 29 06:05:54.269091 np0000183457 devstack@neutron-api.service[103162]: DEBUG neutron.plugins.ml2.drivers.ovn.mech_driver.ovsdb.ovsdb_monitor [None req-c1676221-4c7f-494f-a909-1752de52a029 None None] Hash Ring: Node c445030291ba586a97b67a4648e86283 (host: np0000183457) handling event "create" for row ecc4351f-5817-4992-bb42-df74b662e9a2 (table: Port_Binding) {{(pid=103162) notify /opt/stack/neutron/neutron/plugins/ml2/drivers/ovn/mech_driver/ovsdb/ovsdb_monitor.py:1015}}
Jun 29 06:05:54.269243 np0000183457 devstack@neutron-api.service[103164]: DEBUG neutron.plugins.ml2.drivers.ovn.mech_driver.ovsdb.ovsdb_monitor [None req-428d38e3-61c2-4849-a97c-1519338d9b2c None None] Hash Ring: Node 1e4acd14e5215f56a0f043397fa8ee27 (host: np0000183457) handling event "create" for row f918c1a0-cfd4-414c-92ca-0e6d24c41121 (table: HA_Chassis) {{(pid=103164) notify /opt/stack/neutron/neutron/plugins/ml2/drivers/ovn/mech_driver/ovsdb/ovsdb_monitor.py:1015}}
Jun 29 06:05:54.269768 np0000183457 devstack@neutron-api.service[103164]: DEBUG neutron.plugins.ml2.drivers.ovn.mech_driver.ovsdb.ovsdb_monitor [None req-a1b0fcbb-85f7-488d-b56b-5ab880047d1e None None] Hash Ring: Node 1e4acd14e5215f56a0f043397fa8ee27 (host: np0000183457) handling event "update" for row 67939084-1ddb-4725-8573-9c4061337ddb (table: Port_Binding) {{(pid=103164) notify /opt/stack/neutron/neutron/plugins/ml2/drivers/ovn/mech_driver/ovsdb/ovsdb_monitor.py:1015}}
Jun 29 06:05:54.270287 np0000183457 devstack@neutron-api.service[103163]: DEBUG neutron.plugins.ml2.drivers.ovn.mech_driver.ovsdb.ovsdb_monitor [None req-3d86385d-2837-424e-af64-160b9fe97440 None None] Hash Ring: Node 1009e071297a53f7948a3279fc30750c (host: np0000183457) handling event "create" for row f918c1a0-cfd4-414c-92ca-0e6d24c41121 (table: HA_Chassis) {{(pid=103163) notify /opt/stack/neutron/neutron/plugins/ml2/drivers/ovn/mech_driver/ovsdb/ovsdb_monitor.py:1015}}
Jun 29 06:05:54.271031 np0000183457 devstack@neutron-api.service[103163]: DEBUG neutron.plugins.ml2.drivers.ovn.mech_driver.ovsdb.ovsdb_monitor [None req-3d86385d-2837-424e-af64-160b9fe97440 None None] Touching Hash Ring node "1009e071297a53f7948a3279fc30750c" from IDL notify handler {{(pid=103163) notify /opt/stack/neutron/neutron/plugins/ml2/drivers/ovn/mech_driver/ovsdb/ovsdb_monitor.py:1007}}
Jun 29 06:05:54.271118 np0000183457 devstack@neutron-api.service[103162]: DEBUG neutron.plugins.ml2.drivers.ovn.mech_driver.ovsdb.ovsdb_monitor [None req-9fbe1dbf-24e1-447f-a652-9eae2bf8ca93 None None] Hash Ring: Node c445030291ba586a97b67a4648e86283 (host: np0000183457) handling event "update" for row af434e21-fb27-49b5-9a26-24fb087f2d8c (table: Logical_Router) {{(pid=103162) notify /opt/stack/neutron/neutron/plugins/ml2/drivers/ovn/mech_driver/ovsdb/ovsdb_monitor.py:1015}}
Jun 29 06:05:54.271572 np0000183457 devstack@neutron-api.service[103164]: DEBUG neutron.plugins.ml2.drivers.ovn.mech_driver.ovsdb.ovsdb_monitor [None req-428d38e3-61c2-4849-a97c-1519338d9b2c None None] Touching Hash Ring node "1e4acd14e5215f56a0f043397fa8ee27" from IDL notify handler {{(pid=103164) notify /opt/stack/neutron/neutron/plugins/ml2/drivers/ovn/mech_driver/ovsdb/ovsdb_monitor.py:1007}}
Jun 29 06:05:54.272251 np0000183457 devstack@neutron-api.service[103164]: DEBUG neutron.plugins.ml2.drivers.ovn.mech_driver.ovsdb.ovsdb_monitor [None req-a1b0fcbb-85f7-488d-b56b-5ab880047d1e None None] Touching Hash Ring node "1e4acd14e5215f56a0f043397fa8ee27" from IDL notify handler {{(pid=103164) notify /opt/stack/neutron/neutron/plugins/ml2/drivers/ovn/mech_driver/ovsdb/ovsdb_monitor.py:1007}}
Jun 29 06:05:54.272375 np0000183457 devstack@neutron-api.service[103163]: DEBUG neutron.plugins.ml2.drivers.ovn.mech_driver.ovsdb.ovsdb_monitor [None req-3d402bd2-0685-45bd-a951-79c0ef197399 None None] Hash Ring: Node 1009e071297a53f7948a3279fc30750c (host: np0000183457) handling event "update" for row 67939084-1ddb-4725-8573-9c4061337ddb (table: Port_Binding) {{(pid=103163) notify /opt/stack/neutron/neutron/plugins/ml2/drivers/ovn/mech_driver/ovsdb/ovsdb_monitor.py:1015}}
Jun 29 06:05:54.273117 np0000183457 devstack@neutron-api.service[103163]: DEBUG neutron.plugins.ml2.drivers.ovn.mech_driver.ovsdb.ovsdb_monitor [None req-3d402bd2-0685-45bd-a951-79c0ef197399 None None] Touching Hash Ring node "1009e071297a53f7948a3279fc30750c" from IDL notify handler {{(pid=103163) notify /opt/stack/neutron/neutron/plugins/ml2/drivers/ovn/mech_driver/ovsdb/ovsdb_monitor.py:1007}}
Jun 29 06:05:54.275111 np0000183457 devstack@neutron-api.service[103163]: DEBUG neutron.plugins.ml2.drivers.ovn.mech_driver.ovsdb.ovsdb_monitor [None req-3d86385d-2837-424e-af64-160b9fe97440 None None] Hash Ring: Node 1009e071297a53f7948a3279fc30750c (host: np0000183457) handling event "create" for row 411a2b65-ee3c-49b3-b0b8-16c5f0471d3f (table: HA_Chassis_Group) {{(pid=103163) notify /opt/stack/neutron/neutron/plugins/ml2/drivers/ovn/mech_driver/ovsdb/ovsdb_monitor.py:1015}}
Jun 29 06:05:54.275923 np0000183457 devstack@neutron-api.service[103163]: DEBUG neutron.plugins.ml2.drivers.ovn.mech_driver.ovsdb.ovsdb_monitor [None req-3d86385d-2837-424e-af64-160b9fe97440 None None] Touching Hash Ring node "1009e071297a53f7948a3279fc30750c" from IDL notify handler {{(pid=103163) notify /opt/stack/neutron/neutron/plugins/ml2/drivers/ovn/mech_driver/ovsdb/ovsdb_monitor.py:1007}}
Jun 29 06:05:54.276252 np0000183457 devstack@neutron-api.service[103165]: DEBUG ovsdbapp.backend.ovs_idl.event [None req-211352ac-1de0-46cb-ad13-3fbdae01b1b1 None None] Matched CREATE: LogicalRouterPortEvent(events=('create', 'delete'), table='Logical_Router_Port', conditions=None, old_conditions=None), priority=20 to row=Logical_Router_Port(uuid=d3c6c727-673f-4c58-9e4d-4ac50ec49abd, enabled=[], external_ids={'neutron:is_ext_gw': 'True', 'neutron:network_name': 'neutron-84339130-531b-491e-8aa7-746993d1a1a8', 'neutron:revision_number': '1', 'neutron:router_name': 'neutron-8610706a-e34f-4fef-9560-2504d8719be3', 'neutron:subnet_ids': '174df60a-285e-4936-8858-b5d66a29608f'}, gateway_chassis=[], ha_chassis_group=411a2b65-ee3c-49b3-b0b8-16c5f0471d3f, ipv6_prefix=[], ipv6_ra_configs={}, mac='fa:16:3e:cf:31:d0', name='lrp-a4075770-1228-45a7-8781-52412192eec4', networks=['172.24.5.247/24'], options={'gateway_mtu': '1372', 'reside-on-redirect-chassis': 'true'}, peer=[], status={}) old= {{(pid=103165) matches /opt/stack/data/venv/lib/python3.12/site-packages/ovsdbapp/backend/ovs_idl/event.py:55}}
Jun 29 06:05:54.278082 np0000183457 devstack@neutron-api.service[103165]: DEBUG neutron.plugins.ml2.drivers.ovn.mech_driver.ovsdb.ovsdb_monitor [None req-211352ac-1de0-46cb-ad13-3fbdae01b1b1 None None] Touching Hash Ring node "da68a95de86953d2bda862c09457c42b" from IDL notify handler {{(pid=103165) notify /opt/stack/neutron/neutron/plugins/ml2/drivers/ovn/mech_driver/ovsdb/ovsdb_monitor.py:1007}}
Jun 29 06:05:54.278596 np0000183457 devstack@neutron-api.service[103163]: DEBUG neutron.plugins.ml2.drivers.ovn.mech_driver.ovsdb.ovsdb_monitor [None req-3d402bd2-0685-45bd-a951-79c0ef197399 None None] Hash Ring: Node 1009e071297a53f7948a3279fc30750c (host: np0000183457) handling event "create" for row a5eb15f7-544b-46d5-a902-4f25e664e4ee (table: Port_Binding) {{(pid=103163) notify /opt/stack/neutron/neutron/plugins/ml2/drivers/ovn/mech_driver/ovsdb/ovsdb_monitor.py:1015}}
Jun 29 06:05:54.279428 np0000183457 devstack@neutron-api.service[103164]: DEBUG neutron.plugins.ml2.drivers.ovn.mech_driver.ovsdb.ovsdb_monitor [None req-428d38e3-61c2-4849-a97c-1519338d9b2c None None] Hash Ring: Node 1e4acd14e5215f56a0f043397fa8ee27 (host: np0000183457) handling event "create" for row 5b1db3e2-f7d7-4da0-90a2-d3d1ad201ae6 (table: NAT) {{(pid=103164) notify /opt/stack/neutron/neutron/plugins/ml2/drivers/ovn/mech_driver/ovsdb/ovsdb_monitor.py:1015}}
Jun 29 06:05:54.279904 np0000183457 devstack@neutron-api.service[103163]: DEBUG neutron.plugins.ml2.drivers.ovn.mech_driver.ovsdb.ovsdb_monitor [None req-3d402bd2-0685-45bd-a951-79c0ef197399 None None] Touching Hash Ring node "1009e071297a53f7948a3279fc30750c" from IDL notify handler {{(pid=103163) notify /opt/stack/neutron/neutron/plugins/ml2/drivers/ovn/mech_driver/ovsdb/ovsdb_monitor.py:1007}}
Jun 29 06:05:54.280564 np0000183457 devstack@neutron-api.service[103165]: DEBUG neutron.plugins.ml2.drivers.ovn.mech_driver.ovsdb.ovsdb_monitor [None req-211352ac-1de0-46cb-ad13-3fbdae01b1b1 None None] Hash Ring: Node da68a95de86953d2bda862c09457c42b (host: np0000183457) handling event "create" for row 2b8a117e-60d0-48c5-93b1-2f569395774c (table: Logical_Router_Static_Route) {{(pid=103165) notify /opt/stack/neutron/neutron/plugins/ml2/drivers/ovn/mech_driver/ovsdb/ovsdb_monitor.py:1015}}
Jun 29 06:05:54.281379 np0000183457 devstack@neutron-api.service[103165]: DEBUG neutron.plugins.ml2.drivers.ovn.mech_driver.ovsdb.ovsdb_monitor [None req-211352ac-1de0-46cb-ad13-3fbdae01b1b1 None None] Touching Hash Ring node "da68a95de86953d2bda862c09457c42b" from IDL notify handler {{(pid=103165) notify /opt/stack/neutron/neutron/plugins/ml2/drivers/ovn/mech_driver/ovsdb/ovsdb_monitor.py:1007}}
Jun 29 06:05:54.283165 np0000183457 devstack@neutron-api.service[103165]: DEBUG neutron.plugins.ml2.drivers.ovn.mech_driver.ovsdb.ovsdb_monitor [None req-211352ac-1de0-46cb-ad13-3fbdae01b1b1 None None] Hash Ring: Node da68a95de86953d2bda862c09457c42b (host: np0000183457) handling event "update" for row aec52f27-9f35-4e19-b79b-17311cf1e81d (table: Logical_Switch_Port) {{(pid=103165) notify /opt/stack/neutron/neutron/plugins/ml2/drivers/ovn/mech_driver/ovsdb/ovsdb_monitor.py:1015}}
Jun 29 06:05:54.283746 np0000183457 devstack@neutron-api.service[103163]: DEBUG neutron.plugins.ml2.drivers.ovn.mech_driver.ovsdb.ovsdb_monitor [None req-3d402bd2-0685-45bd-a951-79c0ef197399 None None] Hash Ring: Node 1009e071297a53f7948a3279fc30750c (host: np0000183457) handling event "create" for row ecc4351f-5817-4992-bb42-df74b662e9a2 (table: Port_Binding) {{(pid=103163) notify /opt/stack/neutron/neutron/plugins/ml2/drivers/ovn/mech_driver/ovsdb/ovsdb_monitor.py:1015}}
Jun 29 06:05:54.284412 np0000183457 devstack@neutron-api.service[103164]: DEBUG neutron.plugins.ml2.drivers.ovn.mech_driver.ovsdb.ovsdb_monitor [None req-a1b0fcbb-85f7-488d-b56b-5ab880047d1e None None] Hash Ring: Node 1e4acd14e5215f56a0f043397fa8ee27 (host: np0000183457) handling event "create" for row a5eb15f7-544b-46d5-a902-4f25e664e4ee (table: Port_Binding) {{(pid=103164) notify /opt/stack/neutron/neutron/plugins/ml2/drivers/ovn/mech_driver/ovsdb/ovsdb_monitor.py:1015}}
Jun 29 06:05:54.285146 np0000183457 devstack@neutron-api.service[103165]: DEBUG neutron.plugins.ml2.drivers.ovn.mech_driver.ovsdb.ovsdb_monitor [None req-211352ac-1de0-46cb-ad13-3fbdae01b1b1 None None] Touching Hash Ring node "da68a95de86953d2bda862c09457c42b" from IDL notify handler {{(pid=103165) notify /opt/stack/neutron/neutron/plugins/ml2/drivers/ovn/mech_driver/ovsdb/ovsdb_monitor.py:1007}}
Jun 29 06:05:54.286168 np0000183457 devstack@neutron-api.service[103163]: DEBUG neutron.plugins.ml2.drivers.ovn.mech_driver.ovsdb.ovsdb_monitor [None req-3d86385d-2837-424e-af64-160b9fe97440 None None] Hash Ring: Node 1009e071297a53f7948a3279fc30750c (host: np0000183457) handling event "update" for row af434e21-fb27-49b5-9a26-24fb087f2d8c (table: Logical_Router) {{(pid=103163) notify /opt/stack/neutron/neutron/plugins/ml2/drivers/ovn/mech_driver/ovsdb/ovsdb_monitor.py:1015}}
Jun 29 06:05:54.286763 np0000183457 devstack@neutron-api.service[103164]: DEBUG neutron.plugins.ml2.drivers.ovn.mech_driver.ovsdb.ovsdb_monitor [None req-a1b0fcbb-85f7-488d-b56b-5ab880047d1e None None] Touching Hash Ring node "1e4acd14e5215f56a0f043397fa8ee27" from IDL notify handler {{(pid=103164) notify /opt/stack/neutron/neutron/plugins/ml2/drivers/ovn/mech_driver/ovsdb/ovsdb_monitor.py:1007}}
Jun 29 06:05:54.287432 np0000183457 devstack@neutron-api.service[103163]: DEBUG neutron.plugins.ml2.drivers.ovn.mech_driver.ovsdb.ovsdb_monitor [None req-3d402bd2-0685-45bd-a951-79c0ef197399 None None] Touching Hash Ring node "1009e071297a53f7948a3279fc30750c" from IDL notify handler {{(pid=103163) notify /opt/stack/neutron/neutron/plugins/ml2/drivers/ovn/mech_driver/ovsdb/ovsdb_monitor.py:1007}}
Jun 29 06:05:54.287568 np0000183457 devstack@neutron-api.service[103165]: DEBUG neutron.plugins.ml2.drivers.ovn.mech_driver.ovsdb.ovsdb_monitor [None req-211352ac-1de0-46cb-ad13-3fbdae01b1b1 None None] Hash Ring: Node da68a95de86953d2bda862c09457c42b (host: np0000183457) handling event "update" for row aec52f27-9f35-4e19-b79b-17311cf1e81d (table: Logical_Switch_Port) {{(pid=103165) notify /opt/stack/neutron/neutron/plugins/ml2/drivers/ovn/mech_driver/ovsdb/ovsdb_monitor.py:1015}}
Jun 29 06:05:54.288611 np0000183457 devstack@neutron-api.service[103163]: DEBUG neutron.plugins.ml2.drivers.ovn.mech_driver.ovsdb.ovsdb_monitor [None req-3d86385d-2837-424e-af64-160b9fe97440 None None] Touching Hash Ring node "1009e071297a53f7948a3279fc30750c" from IDL notify handler {{(pid=103163) notify /opt/stack/neutron/neutron/plugins/ml2/drivers/ovn/mech_driver/ovsdb/ovsdb_monitor.py:1007}}
Jun 29 06:05:54.288709 np0000183457 devstack@neutron-api.service[103165]: DEBUG ovsdbapp.backend.ovs_idl.event [None req-211352ac-1de0-46cb-ad13-3fbdae01b1b1 None None] Matched UPDATE: LogicalSwitchPortUpdateUpEvent(events=('update',), table='Logical_Switch_Port', conditions=None, old_conditions=None), priority=20 to row=Logical_Switch_Port(uuid=aec52f27-9f35-4e19-b79b-17311cf1e81d, addresses=['router'], dhcpv4_options=[], dhcpv6_options=[], dynamic_addresses=[], enabled=True, external_ids={'neutron:cidrs': '172.24.5.247/24', 'neutron:device_id': '8610706a-e34f-4fef-9560-2504d8719be3', 'neutron:device_owner': 'network:router_gateway', 'neutron:mtu': '', 'neutron:network_name': 'neutron-84339130-531b-491e-8aa7-746993d1a1a8', 'neutron:port_capabilities': '', 'neutron:port_name': '', 'neutron:project_id': '', 'neutron:revision_number': '1', 'neutron:security_group_ids': '', 'neutron:subnet_pool_addr_scope4': '', 'neutron:subnet_pool_addr_scope6': '', 'neutron:vnic_type': 'normal'}, ha_chassis_group=[], mirror_rules=[], name='a4075770-1228-45a7-8781-52412192eec4', options={'exclude-lb-vips-from-garp': 'true', 'nat-addresses': 'router', 'router-port': 'lrp-a4075770-1228-45a7-8781-52412192eec4'}, parent_name=[], port_security=[], tag=[], tag_request=[], type='router', up=True) old=Logical_Switch_Port(uuid=aec52f27-9f35-4e19-b79b-17311cf1e81d, up=False) {{(pid=103165) matches /opt/stack/data/venv/lib/python3.12/site-packages/ovsdbapp/backend/ovs_idl/event.py:55}}
Jun 29 06:05:54.290181 np0000183457 devstack@neutron-api.service[103165]: DEBUG neutron.plugins.ml2.drivers.ovn.mech_driver.ovsdb.ovsdb_monitor [None req-211352ac-1de0-46cb-ad13-3fbdae01b1b1 None None] Touching Hash Ring node "da68a95de86953d2bda862c09457c42b" from IDL notify handler {{(pid=103165) notify /opt/stack/neutron/neutron/plugins/ml2/drivers/ovn/mech_driver/ovsdb/ovsdb_monitor.py:1007}}
Jun 29 06:05:54.291163 np0000183457 devstack@neutron-api.service[103164]: DEBUG neutron.plugins.ml2.drivers.ovn.mech_driver.ovsdb.ovsdb_monitor [None req-a1b0fcbb-85f7-488d-b56b-5ab880047d1e None None] Hash Ring: Node 1e4acd14e5215f56a0f043397fa8ee27 (host: np0000183457) handling event "update" for row a5eb15f7-544b-46d5-a902-4f25e664e4ee (table: Port_Binding) {{(pid=103164) notify /opt/stack/neutron/neutron/plugins/ml2/drivers/ovn/mech_driver/ovsdb/ovsdb_monitor.py:1015}}
Jun 29 06:05:54.292911 np0000183457 devstack@neutron-api.service[103163]: DEBUG neutron.plugins.ml2.drivers.ovn.mech_driver.ovsdb.ovsdb_monitor [None req-3d402bd2-0685-45bd-a951-79c0ef197399 None None] Hash Ring: Node 1009e071297a53f7948a3279fc30750c (host: np0000183457) handling event "update" for row a5eb15f7-544b-46d5-a902-4f25e664e4ee (table: Port_Binding) {{(pid=103163) notify /opt/stack/neutron/neutron/plugins/ml2/drivers/ovn/mech_driver/ovsdb/ovsdb_monitor.py:1015}}
Jun 29 06:05:54.293487 np0000183457 devstack@neutron-api.service[103164]: DEBUG ovsdbapp.backend.ovs_idl.event [None req-a1b0fcbb-85f7-488d-b56b-5ab880047d1e None None] Matched UPDATE: PortBindingChassisEvent(events=('update',), table='Port_Binding', conditions=None, old_conditions=None), priority=20 to row=Port_Binding(uuid=a5eb15f7-544b-46d5-a902-4f25e664e4ee, additional_chassis=[], additional_encap=[], chassis=784304af-010f-4654-ac50-372c1f66ab7e, datapath=53678a95-4e05-4c3b-96c9-3d86f5c4bbe6, encap=[], external_ids={'neutron:is_ext_gw': 'True', 'neutron:network_name': 'neutron-84339130-531b-491e-8aa7-746993d1a1a8', 'neutron:revision_number': '1', 'neutron:router_name': 'neutron-8610706a-e34f-4fef-9560-2504d8719be3', 'neutron:subnet_ids': '174df60a-285e-4936-8858-b5d66a29608f'}, gateway_chassis=[], logical_port='cr-lrp-a4075770-1228-45a7-8781-52412192eec4', mac=['fa:16:3e:cf:31:d0 172.24.5.247/24'], mirror_rules=[], nat_addresses=[], options={'always-redirect': 'true', 'distributed-port': 'lrp-a4075770-1228-45a7-8781-52412192eec4'}, parent_port=[], port_security=[], requested_additional_chassis=[], requested_chassis=[], tag=[], tunnel_key=3, type='chassisredirect', up=True, virtual_parent=[]) old=Port_Binding(uuid=a5eb15f7-544b-46d5-a902-4f25e664e4ee, chassis=[], up=False) {{(pid=103164) matches /opt/stack/data/venv/lib/python3.12/site-packages/ovsdbapp/backend/ovs_idl/event.py:55}}
Jun 29 06:05:54.294611 np0000183457 devstack@neutron-api.service[103163]: DEBUG ovsdbapp.backend.ovs_idl.event [None req-3d402bd2-0685-45bd-a951-79c0ef197399 None None] Matched UPDATE: PortBindingChassisEvent(events=('update',), table='Port_Binding', conditions=None, old_conditions=None), priority=20 to row=Port_Binding(uuid=a5eb15f7-544b-46d5-a902-4f25e664e4ee, additional_chassis=[], additional_encap=[], chassis=784304af-010f-4654-ac50-372c1f66ab7e, datapath=53678a95-4e05-4c3b-96c9-3d86f5c4bbe6, encap=[], external_ids={'neutron:is_ext_gw': 'True', 'neutron:network_name': 'neutron-84339130-531b-491e-8aa7-746993d1a1a8', 'neutron:revision_number': '1', 'neutron:router_name': 'neutron-8610706a-e34f-4fef-9560-2504d8719be3', 'neutron:subnet_ids': '174df60a-285e-4936-8858-b5d66a29608f'}, gateway_chassis=[], logical_port='cr-lrp-a4075770-1228-45a7-8781-52412192eec4', mac=['fa:16:3e:cf:31:d0 172.24.5.247/24'], mirror_rules=[], nat_addresses=[], options={'always-redirect': 'true', 'distributed-port': 'lrp-a4075770-1228-45a7-8781-52412192eec4'}, parent_port=[], port_security=[], requested_additional_chassis=[], requested_chassis=[], tag=[], tunnel_key=3, type='chassisredirect', up=True, virtual_parent=[]) old=Port_Binding(uuid=a5eb15f7-544b-46d5-a902-4f25e664e4ee, chassis=[], up=False) {{(pid=103163) matches /opt/stack/data/venv/lib/python3.12/site-packages/ovsdbapp/backend/ovs_idl/event.py:55}}
Jun 29 06:05:54.332704 np0000183457 devstack@neutron-api.service[103163]: INFO neutron.plugins.ml2.drivers.ovn.mech_driver.ovsdb.ovsdb_monitor [-] Router 8610706a-e34f-4fef-9560-2504d8719be3 is bound to host np0000183457
Jun 29 06:05:54.332937 np0000183457 devstack@neutron-api.service[103164]: INFO neutron.plugins.ml2.drivers.ovn.mech_driver.ovsdb.ovsdb_monitor [-] Router 8610706a-e34f-4fef-9560-2504d8719be3 is bound to host np0000183457
Jun 29 06:05:54.333807 np0000183457 devstack@neutron-api.service[103165]: DEBUG neutron.plugins.ml2.drivers.ovn.mech_driver.ovsdb.ovsdb_monitor [None req-211352ac-1de0-46cb-ad13-3fbdae01b1b1 None None] Hash Ring: Node da68a95de86953d2bda862c09457c42b (host: np0000183457) handling event "update" for row d3c6c727-673f-4c58-9e4d-4ac50ec49abd (table: Logical_Router_Port) {{(pid=103165) notify /opt/stack/neutron/neutron/plugins/ml2/drivers/ovn/mech_driver/ovsdb/ovsdb_monitor.py:1015}}
Jun 29 06:05:54.335084 np0000183457 devstack@neutron-api.service[103163]: DEBUG neutron.plugins.ml2.drivers.ovn.mech_driver.ovsdb.ovsdb_monitor [None req-3d86385d-2837-424e-af64-160b9fe97440 None None] Hash Ring: Node 1009e071297a53f7948a3279fc30750c (host: np0000183457) handling event "create" for row d3c6c727-673f-4c58-9e4d-4ac50ec49abd (table: Logical_Router_Port) {{(pid=103163) notify /opt/stack/neutron/neutron/plugins/ml2/drivers/ovn/mech_driver/ovsdb/ovsdb_monitor.py:1015}}
Jun 29 06:05:54.336489 np0000183457 devstack@neutron-api.service[103163]: DEBUG ovsdbapp.backend.ovs_idl.event [None req-3d86385d-2837-424e-af64-160b9fe97440 None None] Matched CREATE: LogicalRouterPortEvent(events=('create', 'delete'), table='Logical_Router_Port', conditions=None, old_conditions=None), priority=20 to row=Logical_Router_Port(uuid=d3c6c727-673f-4c58-9e4d-4ac50ec49abd, enabled=[], external_ids={'neutron:is_ext_gw': 'True', 'neutron:network_name': 'neutron-84339130-531b-491e-8aa7-746993d1a1a8', 'neutron:revision_number': '1', 'neutron:router_name': 'neutron-8610706a-e34f-4fef-9560-2504d8719be3', 'neutron:subnet_ids': '174df60a-285e-4936-8858-b5d66a29608f'}, gateway_chassis=[], ha_chassis_group=411a2b65-ee3c-49b3-b0b8-16c5f0471d3f, ipv6_prefix=[], ipv6_ra_configs={}, mac='fa:16:3e:cf:31:d0', name='lrp-a4075770-1228-45a7-8781-52412192eec4', networks=['172.24.5.247/24'], options={'gateway_mtu': '1372', 'reside-on-redirect-chassis': 'true'}, peer=[], status={}) old= {{(pid=103163) matches /opt/stack/data/venv/lib/python3.12/site-packages/ovsdbapp/backend/ovs_idl/event.py:55}}
Jun 29 06:05:54.338952 np0000183457 devstack@neutron-api.service[103163]: DEBUG neutron.plugins.ml2.drivers.ovn.mech_driver.ovsdb.ovsdb_monitor [None req-3d86385d-2837-424e-af64-160b9fe97440 None None] Touching Hash Ring node "1009e071297a53f7948a3279fc30750c" from IDL notify handler {{(pid=103163) notify /opt/stack/neutron/neutron/plugins/ml2/drivers/ovn/mech_driver/ovsdb/ovsdb_monitor.py:1007}}
Jun 29 06:05:54.366195 np0000183457 devstack@neutron-api.service[103163]: DEBUG neutron.plugins.ml2.drivers.ovn.mech_driver.ovsdb.ovsdb_monitor [None req-3d86385d-2837-424e-af64-160b9fe97440 None None] Hash Ring: Node 1009e071297a53f7948a3279fc30750c (host: np0000183457) handling event "create" for row 2b8a117e-60d0-48c5-93b1-2f569395774c (table: Logical_Router_Static_Route) {{(pid=103163) notify /opt/stack/neutron/neutron/plugins/ml2/drivers/ovn/mech_driver/ovsdb/ovsdb_monitor.py:1015}}
Jun 29 06:05:54.367475 np0000183457 devstack@neutron-api.service[103163]: DEBUG neutron.plugins.ml2.drivers.ovn.mech_driver.ovsdb.ovsdb_monitor [None req-3d86385d-2837-424e-af64-160b9fe97440 None None] Touching Hash Ring node "1009e071297a53f7948a3279fc30750c" from IDL notify handler {{(pid=103163) notify /opt/stack/neutron/neutron/plugins/ml2/drivers/ovn/mech_driver/ovsdb/ovsdb_monitor.py:1007}}
Jun 29 06:05:54.371412 np0000183457 devstack@neutron-api.service[103163]: DEBUG neutron.plugins.ml2.drivers.ovn.mech_driver.ovsdb.ovsdb_monitor [None req-3d86385d-2837-424e-af64-160b9fe97440 None None] Hash Ring: Node 1009e071297a53f7948a3279fc30750c (host: np0000183457) handling event "update" for row aec52f27-9f35-4e19-b79b-17311cf1e81d (table: Logical_Switch_Port) {{(pid=103163) notify /opt/stack/neutron/neutron/plugins/ml2/drivers/ovn/mech_driver/ovsdb/ovsdb_monitor.py:1015}}
Jun 29 06:05:54.381385 np0000183457 devstack@neutron-api.service[103163]: DEBUG neutron.plugins.ml2.drivers.ovn.mech_driver.ovsdb.ovsdb_monitor [None req-3d86385d-2837-424e-af64-160b9fe97440 None None] Touching Hash Ring node "1009e071297a53f7948a3279fc30750c" from IDL notify handler {{(pid=103163) notify /opt/stack/neutron/neutron/plugins/ml2/drivers/ovn/mech_driver/ovsdb/ovsdb_monitor.py:1007}}
Jun 29 06:05:54.394452 np0000183457 devstack@neutron-api.service[103163]: DEBUG neutron.plugins.ml2.drivers.ovn.mech_driver.ovsdb.ovsdb_monitor [None req-3d86385d-2837-424e-af64-160b9fe97440 None None] Hash Ring: Node 1009e071297a53f7948a3279fc30750c (host: np0000183457) handling event "create" for row 5b1db3e2-f7d7-4da0-90a2-d3d1ad201ae6 (table: NAT) {{(pid=103163) notify /opt/stack/neutron/neutron/plugins/ml2/drivers/ovn/mech_driver/ovsdb/ovsdb_monitor.py:1015}}
Jun 29 06:05:54.398963 np0000183457 devstack@neutron-api.service[103163]: DEBUG neutron.plugins.ml2.drivers.ovn.mech_driver.ovsdb.ovsdb_monitor [None req-3d86385d-2837-424e-af64-160b9fe97440 None None] Touching Hash Ring node "1009e071297a53f7948a3279fc30750c" from IDL notify handler {{(pid=103163) notify /opt/stack/neutron/neutron/plugins/ml2/drivers/ovn/mech_driver/ovsdb/ovsdb_monitor.py:1007}}
Jun 29 06:05:54.400150 np0000183457 devstack@neutron-api.service[103164]: DEBUG neutron_lib.callbacks.manager [None req-b2ac0c94-5363-4f8f-9288-94b63072bda5 None None] Publish callbacks ['neutron.plugins.ml2.plugin.SecurityGroupDbMixin._ensure_default_security_group_handler-18293', 'neutron.services.ovn_l3.plugin.OVNL3RouterPlugin._port_update-8156018890672', 'neutron.db.l3_db.L3_NAT_dbonly_mixin._prevent_internal_ip_change_for_fip-8156020420782'] for port (a4075770-1228-45a7-8781-52412192eec4), before_update {{(pid=103164) _notify_loop /opt/stack/data/venv/lib/python3.12/site-packages/neutron_lib/callbacks/manager.py:184}}
Jun 29 06:05:54.406126 np0000183457 devstack@neutron-api.service[103165]: INFO neutron.db.ovn_revision_numbers_db [None req-2e1163e4-34a4-44e8-9cb5-c80b62d32ced admin admin] Successfully bumped revision number for resource 8610706a-e34f-4fef-9560-2504d8719be3 (type: routers) to 3
Jun 29 06:05:54.414027 np0000183457 devstack@neutron-api.service[103163]: DEBUG neutron.plugins.ml2.drivers.ovn.mech_driver.ovsdb.ovsdb_monitor [None req-3d86385d-2837-424e-af64-160b9fe97440 None None] Hash Ring: Node 1009e071297a53f7948a3279fc30750c (host: np0000183457) handling event "update" for row aec52f27-9f35-4e19-b79b-17311cf1e81d (table: Logical_Switch_Port) {{(pid=103163) notify /opt/stack/neutron/neutron/plugins/ml2/drivers/ovn/mech_driver/ovsdb/ovsdb_monitor.py:1015}}
Jun 29 06:05:54.417041 np0000183457 devstack@neutron-api.service[103163]: DEBUG ovsdbapp.backend.ovs_idl.event [None req-3d86385d-2837-424e-af64-160b9fe97440 None None] Matched UPDATE: LogicalSwitchPortUpdateUpEvent(events=('update',), table='Logical_Switch_Port', conditions=None, old_conditions=None), priority=20 to row=Logical_Switch_Port(uuid=aec52f27-9f35-4e19-b79b-17311cf1e81d, addresses=['router'], dhcpv4_options=[], dhcpv6_options=[], dynamic_addresses=[], enabled=True, external_ids={'neutron:cidrs': '172.24.5.247/24', 'neutron:device_id': '8610706a-e34f-4fef-9560-2504d8719be3', 'neutron:device_owner': 'network:router_gateway', 'neutron:mtu': '', 'neutron:network_name': 'neutron-84339130-531b-491e-8aa7-746993d1a1a8', 'neutron:port_capabilities': '', 'neutron:port_name': '', 'neutron:project_id': '', 'neutron:revision_number': '1', 'neutron:security_group_ids': '', 'neutron:subnet_pool_addr_scope4': '', 'neutron:subnet_pool_addr_scope6': '', 'neutron:vnic_type': 'normal'}, ha_chassis_group=[], mirror_rules=[], name='a4075770-1228-45a7-8781-52412192eec4', options={'exclude-lb-vips-from-garp': 'true', 'nat-addresses': 'router', 'router-port': 'lrp-a4075770-1228-45a7-8781-52412192eec4'}, parent_name=[], port_security=[], tag=[], tag_request=[], type='router', up=True) old=Logical_Switch_Port(uuid=aec52f27-9f35-4e19-b79b-17311cf1e81d, up=False) {{(pid=103163) matches /opt/stack/data/venv/lib/python3.12/site-packages/ovsdbapp/backend/ovs_idl/event.py:55}}
Jun 29 06:05:54.431452 np0000183457 devstack@neutron-api.service[103165]: INFO neutron.db.ovn_revision_numbers_db [None req-2e1163e4-34a4-44e8-9cb5-c80b62d32ced admin admin] Successfully bumped revision number for resource a4075770-1228-45a7-8781-52412192eec4 (type: router_ports) to 1
Jun 29 06:05:54.431651 np0000183457 devstack@neutron-api.service[103165]: DEBUG neutron.db.ovn_revision_numbers_db [None req-2e1163e4-34a4-44e8-9cb5-c80b62d32ced admin admin] delete_revision(a4075770-1228-45a7-8781-52412192eec4) {{(pid=103165) delete_revision /opt/stack/neutron/neutron/db/ovn_revision_numbers_db.py:112}}
Jun 29 06:05:54.439624 np0000183457 devstack@neutron-api.service[103163]: DEBUG neutron.plugins.ml2.drivers.ovn.mech_driver.ovsdb.ovsdb_monitor [None req-3d86385d-2837-424e-af64-160b9fe97440 None None] Touching Hash Ring node "1009e071297a53f7948a3279fc30750c" from IDL notify handler {{(pid=103163) notify /opt/stack/neutron/neutron/plugins/ml2/drivers/ovn/mech_driver/ovsdb/ovsdb_monitor.py:1007}}
Jun 29 06:05:54.440853 np0000183457 devstack@neutron-api.service[103165]: [pid: 103165|app: 0|req: 6/25] 199.204.45.19 () {68 vars in 1532 bytes} [Mon Jun 29 06:05:52 2026] PUT /networking/v2.0/routers/8610706a-e34f-4fef-9560-2504d8719be3/update_external_gateways => generated 1033 bytes in 1907 msecs (HTTP/1.1 200) 4 headers in 158 bytes (1 switches on core 0)
Jun 29 06:05:54.456749 np0000183457 devstack@neutron-api.service[103163]: DEBUG neutron.plugins.ml2.drivers.ovn.mech_driver.ovsdb.ovsdb_monitor [None req-3d86385d-2837-424e-af64-160b9fe97440 None None] Hash Ring: Node 1009e071297a53f7948a3279fc30750c (host: np0000183457) handling event "update" for row d3c6c727-673f-4c58-9e4d-4ac50ec49abd (table: Logical_Router_Port) {{(pid=103163) notify /opt/stack/neutron/neutron/plugins/ml2/drivers/ovn/mech_driver/ovsdb/ovsdb_monitor.py:1015}}
Jun 29 06:05:54.468591 np0000183457 devstack@neutron-api.service[103163]: DEBUG neutron_lib.callbacks.manager [None req-e80c45be-276a-4d25-8075-6a76420baf36 None None] Publish callbacks ['neutron.plugins.ml2.plugin.SecurityGroupDbMixin._ensure_default_security_group_handler-236341', 'neutron.services.ovn_l3.plugin.OVNL3RouterPlugin._port_update-8156018911062', 'neutron.db.l3_db.L3_NAT_dbonly_mixin._prevent_internal_ip_change_for_fip-8156020418440'] for port (a4075770-1228-45a7-8781-52412192eec4), before_update {{(pid=103163) _notify_loop /opt/stack/data/venv/lib/python3.12/site-packages/neutron_lib/callbacks/manager.py:184}}
Jun 29 06:05:54.521101 np0000183457 devstack@neutron-api.service[103164]: DEBUG neutron_lib.callbacks.manager [None req-b2ac0c94-5363-4f8f-9288-94b63072bda5 None None] Publish callbacks [] for port (a4075770-1228-45a7-8781-52412192eec4), precommit_update {{(pid=103164) _notify_loop /opt/stack/data/venv/lib/python3.12/site-packages/neutron_lib/callbacks/manager.py:184}}
Jun 29 06:05:54.530048 np0000183457 devstack@neutron-api.service[103164]: DEBUG neutron.db.provisioning_blocks [None req-b2ac0c94-5363-4f8f-9288-94b63072bda5 None None] Transition to ACTIVE for port object a4075770-1228-45a7-8781-52412192eec4 will not be triggered until provisioned by entity L2. {{(pid=103164) add_provisioning_component /opt/stack/neutron/neutron/db/provisioning_blocks.py:74}}
Jun 29 06:05:54.594859 np0000183457 devstack@neutron-api.service[103164]: DEBUG neutron_lib.callbacks.manager [None req-b2ac0c94-5363-4f8f-9288-94b63072bda5 None None] Publish callbacks ['neutron.plugins.ml2.ovo_rpc._ObjectChangeHandler.handle_event-3014656', 'neutron.services.ovn_l3.plugin.OVNL3RouterPlugin._port_update-8156018890672'] for port (a4075770-1228-45a7-8781-52412192eec4), after_update {{(pid=103164) _notify_loop /opt/stack/data/venv/lib/python3.12/site-packages/neutron_lib/callbacks/manager.py:184}}
