Jun 29 06:05:26.028630 np0000183457 devstack@neutron-api.service[103162]: DEBUG neutron.api.extensions [None req-47b976bf-9eae-4bea-9ca0-d1aec8ffbdf7 None None] Ext name="project_id field enabled" alias="project-id" description="Extension that indicates that project_id field is enabled." updated="2016-09-09T09:09:09-09:09" {{(pid=103162) _check_extension /opt/stack/neutron/neutron/api/extensions.py:415}}
Jun 29 06:05:26.028676 np0000183457 devstack@neutron-api.service[103164]: DEBUG neutron.api.extensions [None req-2bb3ca6c-a74d-4d26-9552-e47e9f6c2114 None None] Ext name="QoS minimum packet rate rule" alias="qos-pps-minimum" description="Allow to configure QoS minimum packet rate rule." updated="2021-07-14T10:00:00-00:00" {{(pid=103164) _check_extension /opt/stack/neutron/neutron/api/extensions.py:415}}
Jun 29 06:05:26.028725 np0000183457 devstack@neutron-api.service[103162]: INFO neutron.api.extensions [None req-47b976bf-9eae-4bea-9ca0-d1aec8ffbdf7 None None] Loaded extension: project-id
Jun 29 06:05:26.028805 np0000183457 devstack@neutron-api.service[103164]: INFO neutron.api.extensions [None req-2bb3ca6c-a74d-4d26-9552-e47e9f6c2114 None None] Extension qos-pps-minimum not supported by any of loaded plugins
Jun 29 06:05:26.028839 np0000183457 devstack@neutron-api.service[103162]: DEBUG neutron.api.extensions [None req-47b976bf-9eae-4bea-9ca0-d1aec8ffbdf7 None None] Loading extension file: providernet.py {{(pid=103162) _load_all_extensions_from_path /opt/stack/neutron/neutron/api/extensions.py:449}}
Jun 29 06:05:26.028896 np0000183457 devstack@neutron-api.service[103164]: DEBUG neutron.api.extensions [None req-2bb3ca6c-a74d-4d26-9552-e47e9f6c2114 None None] Loading extension file: qos_pps_minimum_rule_alias.py {{(pid=103164) _load_all_extensions_from_path /opt/stack/neutron/neutron/api/extensions.py:449}}
Jun 29 06:05:26.029025 np0000183457 devstack@neutron-api.service[103162]: DEBUG neutron.api.extensions [None req-47b976bf-9eae-4bea-9ca0-d1aec8ffbdf7 None None] Ext name="Provider Network" alias="provider" description="Expose mapping of virtual networks to physical networks" updated="2012-09-07T10:00:00-00:00" {{(pid=103162) _check_extension /opt/stack/neutron/neutron/api/extensions.py:415}}
Jun 29 06:05:26.029136 np0000183457 devstack@neutron-api.service[103164]: DEBUG neutron.api.extensions [None req-2bb3ca6c-a74d-4d26-9552-e47e9f6c2114 None None] Ext name="QoS minimum packet rate rule alias" alias="qos-pps-minimum-rule-alias" description="API to enable GET, PUT and DELETE operations on QoS minimum packet rate rule without specifying policy ID" updated="2021-10-22T10:00:00-00:00" {{(pid=103164) _check_extension /opt/stack/neutron/neutron/api/extensions.py:415}}
Jun 29 06:05:26.029198 np0000183457 devstack@neutron-api.service[103162]: INFO neutron.api.extensions [None req-47b976bf-9eae-4bea-9ca0-d1aec8ffbdf7 None None] Loaded extension: provider
Jun 29 06:05:26.029311 np0000183457 devstack@neutron-api.service[103162]: DEBUG neutron.api.extensions [None req-47b976bf-9eae-4bea-9ca0-d1aec8ffbdf7 None None] Loading extension file: pvlan.py {{(pid=103162) _load_all_extensions_from_path /opt/stack/neutron/neutron/api/extensions.py:449}}
Jun 29 06:05:26.029348 np0000183457 devstack@neutron-api.service[103164]: INFO neutron.api.extensions [None req-2bb3ca6c-a74d-4d26-9552-e47e9f6c2114 None None] Extension qos-pps-minimum-rule-alias not supported by any of loaded plugins
Jun 29 06:05:26.029412 np0000183457 devstack@neutron-api.service[103164]: DEBUG neutron.api.extensions [None req-2bb3ca6c-a74d-4d26-9552-e47e9f6c2114 None None] Loading extension file: qos_pps_rule.py {{(pid=103164) _load_all_extensions_from_path /opt/stack/neutron/neutron/api/extensions.py:449}}
Jun 29 06:05:26.029677 np0000183457 devstack@neutron-api.service[103164]: DEBUG neutron.api.extensions [None req-2bb3ca6c-a74d-4d26-9552-e47e9f6c2114 None None] Ext name="QoS Rule Type Packet per Second Extension" alias="qos-pps" description="Add QoS Rule Type Packet per Second" updated="2021-05-12T10:00:00-00:00" {{(pid=103164) _check_extension /opt/stack/neutron/neutron/api/extensions.py:415}}
Jun 29 06:05:26.029715 np0000183457 devstack@neutron-api.service[103162]: DEBUG neutron.api.extensions [None req-47b976bf-9eae-4bea-9ca0-d1aec8ffbdf7 None None] Ext name="Private VLAN" alias="pvlan" description="The Private VLAN semantics extension." updated="2026-02-03T10:00:00-00:00" {{(pid=103162) _check_extension /opt/stack/neutron/neutron/api/extensions.py:415}}
Jun 29 06:05:26.029854 np0000183457 devstack@neutron-api.service[103164]: INFO neutron.api.extensions [None req-2bb3ca6c-a74d-4d26-9552-e47e9f6c2114 None None] Extension qos-pps not supported by any of loaded plugins
Jun 29 06:05:26.029916 np0000183457 devstack@neutron-api.service[103162]: INFO neutron.api.extensions [None req-47b976bf-9eae-4bea-9ca0-d1aec8ffbdf7 None None] Extension pvlan not supported by any of loaded plugins
Jun 29 06:05:26.029963 np0000183457 devstack@neutron-api.service[103164]: DEBUG neutron.api.extensions [None req-2bb3ca6c-a74d-4d26-9552-e47e9f6c2114 None None] Loading extension file: qos_rule_type_details.py {{(pid=103164) _load_all_extensions_from_path /opt/stack/neutron/neutron/api/extensions.py:449}}
Jun 29 06:05:26.030009 np0000183457 devstack@neutron-api.service[103162]: DEBUG neutron.api.extensions [None req-47b976bf-9eae-4bea-9ca0-d1aec8ffbdf7 None None] Loading extension file: qinq.py {{(pid=103162) _load_all_extensions_from_path /opt/stack/neutron/neutron/api/extensions.py:449}}
Jun 29 06:05:26.030172 np0000183457 devstack@neutron-api.service[103164]: DEBUG neutron.api.extensions [None req-2bb3ca6c-a74d-4d26-9552-e47e9f6c2114 None None] Ext name="Details of QoS rule types" alias="qos-rule-type-details" description="Expose details about QoS rule types supported by loaded backend drivers" updated="2017-06-22T10:00:00-00:00" {{(pid=103164) _check_extension /opt/stack/neutron/neutron/api/extensions.py:415}}
Jun 29 06:05:26.030253 np0000183457 devstack@neutron-api.service[103162]: DEBUG neutron.api.extensions [None req-47b976bf-9eae-4bea-9ca0-d1aec8ffbdf7 None None] Ext name="QinQ networks" alias="qinq" description="Expose network 'qinq' attribute in the API. This allows to configure network to allow vlan in vlan configuration using 0x88a8 ethertype (QinQ)." updated="2024-12-02T10:00:00-00:00" {{(pid=103162) _check_extension /opt/stack/neutron/neutron/api/extensions.py:415}}
Jun 29 06:05:26.030363 np0000183457 devstack@neutron-api.service[103164]: INFO neutron.api.extensions [None req-2bb3ca6c-a74d-4d26-9552-e47e9f6c2114 None None] Extension qos-rule-type-details not supported by any of loaded plugins
Jun 29 06:05:26.030438 np0000183457 devstack@neutron-api.service[103162]: INFO neutron.api.extensions [None req-47b976bf-9eae-4bea-9ca0-d1aec8ffbdf7 None None] Loaded extension: qinq
Jun 29 06:05:26.030495 np0000183457 devstack@neutron-api.service[103164]: DEBUG neutron.api.extensions [None req-2bb3ca6c-a74d-4d26-9552-e47e9f6c2114 None None] Loading extension file: qos_rule_type_filter.py {{(pid=103164) _load_all_extensions_from_path /opt/stack/neutron/neutron/api/extensions.py:449}}
Jun 29 06:05:26.030554 np0000183457 devstack@neutron-api.service[103162]: DEBUG neutron.api.extensions [None req-47b976bf-9eae-4bea-9ca0-d1aec8ffbdf7 None None] Loading extension file: qos.py {{(pid=103162) _load_all_extensions_from_path /opt/stack/neutron/neutron/api/extensions.py:449}}
Jun 29 06:05:26.030681 np0000183457 devstack@neutron-api.service[103164]: DEBUG neutron.api.extensions [None req-2bb3ca6c-a74d-4d26-9552-e47e9f6c2114 None None] Ext name="Allow to filter the list of QoS rule types" alias="qos-rule-type-filter" description="Allows to filter the QoS rule type list adding two new flags. "all_rules" prints all implemented QoS rule types."all_supported" prints all supported QoS rule types by the loaded mechanism drivers" updated="2022-02-02T10:00:00-00:00" {{(pid=103164) _check_extension /opt/stack/neutron/neutron/api/extensions.py:415}}
Jun 29 06:05:26.030844 np0000183457 devstack@neutron-api.service[103164]: INFO neutron.api.extensions [None req-2bb3ca6c-a74d-4d26-9552-e47e9f6c2114 None None] Extension qos-rule-type-filter not supported by any of loaded plugins
Jun 29 06:05:26.030932 np0000183457 devstack@neutron-api.service[103164]: DEBUG neutron.api.extensions [None req-2bb3ca6c-a74d-4d26-9552-e47e9f6c2114 None None] Loading extension file: qos_rules_alias.py {{(pid=103164) _load_all_extensions_from_path /opt/stack/neutron/neutron/api/extensions.py:449}}
Jun 29 06:05:26.031181 np0000183457 devstack@neutron-api.service[103164]: DEBUG neutron.api.extensions [None req-2bb3ca6c-a74d-4d26-9552-e47e9f6c2114 None None] Ext name="Quality of Service rules alias API" alias="qos-rules-alias" description="API to enable GET, PUT and DELETE operations on QoS policy rules without specifying policy ID" updated="2018-10-07T10:00:00-00:00" {{(pid=103164) _check_extension /opt/stack/neutron/neutron/api/extensions.py:415}}
Jun 29 06:05:26.031262 np0000183457 devstack@neutron-api.service[103162]: DEBUG neutron.api.extensions [None req-47b976bf-9eae-4bea-9ca0-d1aec8ffbdf7 None None] Ext name="Quality of Service" alias="qos" description="The Quality of Service extension." updated="2015-06-08T10:00:00-00:00" {{(pid=103162) _check_extension /opt/stack/neutron/neutron/api/extensions.py:415}}
Jun 29 06:05:26.031379 np0000183457 devstack@neutron-api.service[103164]: INFO neutron.api.extensions [None req-2bb3ca6c-a74d-4d26-9552-e47e9f6c2114 None None] Extension qos-rules-alias not supported by any of loaded plugins
Jun 29 06:05:26.031470 np0000183457 devstack@neutron-api.service[103164]: DEBUG neutron.api.extensions [None req-2bb3ca6c-a74d-4d26-9552-e47e9f6c2114 None None] Loading extension file: quota_check_limit.py {{(pid=103164) _load_all_extensions_from_path /opt/stack/neutron/neutron/api/extensions.py:449}}
Jun 29 06:05:26.031615 np0000183457 devstack@neutron-api.service[103162]: INFO neutron.api.extensions [None req-47b976bf-9eae-4bea-9ca0-d1aec8ffbdf7 None None] Extension qos not supported by any of loaded plugins
Jun 29 06:05:26.031615 np0000183457 devstack@neutron-api.service[103162]: DEBUG neutron.api.extensions [None req-47b976bf-9eae-4bea-9ca0-d1aec8ffbdf7 None None] Loading extension file: qos_bw_limit_direction.py {{(pid=103162) _load_all_extensions_from_path /opt/stack/neutron/neutron/api/extensions.py:449}}
Jun 29 06:05:26.031709 np0000183457 devstack@neutron-api.service[103165]: INFO neutron.plugins.ml2.drivers.type_vlan [None req-c06d25ba-4afb-4217-a5e5-c8a096cd2af7 None None] VlanTypeDriver initialization complete
Jun 29 06:05:26.032261 np0000183457 devstack@neutron-api.service[103164]: DEBUG neutron.api.extensions [None req-2bb3ca6c-a74d-4d26-9552-e47e9f6c2114 None None] Ext name="Quota engine limit check" alias="quota-check-limit" description="Support for checking the resource usage before applying a new quota limit" updated="2021-09-08T16:00:00-00:00" {{(pid=103164) _check_extension /opt/stack/neutron/neutron/api/extensions.py:415}}
Jun 29 06:05:26.032321 np0000183457 devstack@neutron-api.service[103165]: INFO neutron.plugins.ml2.managers [None req-c06d25ba-4afb-4217-a5e5-c8a096cd2af7 None None] Initializing extension driver 'port_security'
Jun 29 06:05:26.032371 np0000183457 devstack@neutron-api.service[103162]: DEBUG neutron.api.extensions [None req-47b976bf-9eae-4bea-9ca0-d1aec8ffbdf7 None None] Ext name="Direction for QoS bandwidth limit rule" alias="qos-bw-limit-direction" description="Allow to configure QoS bandwidth limit rule with specific direction: ingress or egress" updated="2017-04-10T10:00:00-00:00" {{(pid=103162) _check_extension /opt/stack/neutron/neutron/api/extensions.py:415}}
Jun 29 06:05:26.032413 np0000183457 devstack@neutron-api.service[103164]: INFO neutron.api.extensions [None req-2bb3ca6c-a74d-4d26-9552-e47e9f6c2114 None None] Loaded extension: quota-check-limit
Jun 29 06:05:26.032451 np0000183457 devstack@neutron-api.service[103165]: INFO neutron.plugins.ml2.extensions.port_security [None req-c06d25ba-4afb-4217-a5e5-c8a096cd2af7 None None] PortSecurityExtensionDriver initialization complete
Jun 29 06:05:26.032513 np0000183457 devstack@neutron-api.service[103164]: DEBUG neutron.api.extensions [None req-2bb3ca6c-a74d-4d26-9552-e47e9f6c2114 None None] Loading extension file: quota_check_limit_default.py {{(pid=103164) _load_all_extensions_from_path /opt/stack/neutron/neutron/api/extensions.py:449}}
Jun 29 06:05:26.032568 np0000183457 devstack@neutron-api.service[103165]: INFO neutron.plugins.ml2.managers [None req-c06d25ba-4afb-4217-a5e5-c8a096cd2af7 None None] Initializing extension driver 'qos'
Jun 29 06:05:26.032608 np0000183457 devstack@neutron-api.service[103162]: INFO neutron.api.extensions [None req-47b976bf-9eae-4bea-9ca0-d1aec8ffbdf7 None None] Extension qos-bw-limit-direction not supported by any of loaded plugins
Jun 29 06:05:26.032608 np0000183457 devstack@neutron-api.service[103162]: DEBUG neutron.api.extensions [None req-47b976bf-9eae-4bea-9ca0-d1aec8ffbdf7 None None] Loading extension file: qos_bw_minimum_ingress.py {{(pid=103162) _load_all_extensions_from_path /opt/stack/neutron/neutron/api/extensions.py:449}}
Jun 29 06:05:26.032682 np0000183457 devstack@neutron-api.service[103165]: DEBUG neutron.plugins.ml2.extensions.qos [None req-c06d25ba-4afb-4217-a5e5-c8a096cd2af7 None None] QosExtensionDriver initialization complete {{(pid=103165) initialize /opt/stack/neutron/neutron/plugins/ml2/extensions/qos.py:31}}
Jun 29 06:05:26.032724 np0000183457 devstack@neutron-api.service[103164]: DEBUG neutron.api.extensions [None req-2bb3ca6c-a74d-4d26-9552-e47e9f6c2114 None None] Ext name="Quota engine limit check by default" alias="quota-check-limit-default" description="By default, the Neutron quota engine checks the resource usage before applying a new quota limit" updated="2024-08-21T16:00:00-00:00" {{(pid=103164) _check_extension /opt/stack/neutron/neutron/api/extensions.py:415}}
Jun 29 06:05:26.032758 np0000183457 devstack@neutron-api.service[103165]: INFO neutron.plugins.ml2.managers [None req-c06d25ba-4afb-4217-a5e5-c8a096cd2af7 None None] Initializing mechanism driver 'ovn'
Jun 29 06:05:26.032758 np0000183457 devstack@neutron-api.service[103165]: INFO neutron.plugins.ml2.drivers.ovn.mech_driver.mech_driver [None req-c06d25ba-4afb-4217-a5e5-c8a096cd2af7 None None] Starting OVNMechanismDriver
Jun 29 06:05:26.032829 np0000183457 devstack@neutron-api.service[103162]: DEBUG neutron.api.extensions [None req-47b976bf-9eae-4bea-9ca0-d1aec8ffbdf7 None None] Ext name="Ingress direction for QoS minimum bandwidth rule" alias="qos-bw-minimum-ingress" description="Allow to configure QoS minumum bandwidth rule with ingress direction." updated="2018-07-09T10:00:00-00:00" {{(pid=103162) _check_extension /opt/stack/neutron/neutron/api/extensions.py:415}}
Jun 29 06:05:26.032878 np0000183457 devstack@neutron-api.service[103164]: INFO neutron.api.extensions [None req-2bb3ca6c-a74d-4d26-9552-e47e9f6c2114 None None] Loaded extension: quota-check-limit-default
Jun 29 06:05:26.032878 np0000183457 devstack@neutron-api.service[103164]: DEBUG neutron.api.extensions [None req-2bb3ca6c-a74d-4d26-9552-e47e9f6c2114 None None] Loading extension file: quotasv2.py {{(pid=103164) _load_all_extensions_from_path /opt/stack/neutron/neutron/api/extensions.py:449}}
Jun 29 06:05:26.032945 np0000183457 devstack@neutron-api.service[103162]: INFO neutron.api.extensions [None req-47b976bf-9eae-4bea-9ca0-d1aec8ffbdf7 None None] Extension qos-bw-minimum-ingress not supported by any of loaded plugins
Jun 29 06:05:26.032945 np0000183457 devstack@neutron-api.service[103162]: DEBUG neutron.api.extensions [None req-47b976bf-9eae-4bea-9ca0-d1aec8ffbdf7 None None] Loading extension file: qos_default.py {{(pid=103162) _load_all_extensions_from_path /opt/stack/neutron/neutron/api/extensions.py:449}}
Jun 29 06:05:26.032945 np0000183457 devstack@neutron-api.service[103162]: DEBUG neutron.api.extensions [None req-47b976bf-9eae-4bea-9ca0-d1aec8ffbdf7 None None] Ext name="QoS default policy" alias="qos-default" description="Expose the QoS default policy per project" updated="2017-041-06T10:00:00-00:00" {{(pid=103162) _check_extension /opt/stack/neutron/neutron/api/extensions.py:415}}
Jun 29 06:05:26.033052 np0000183457 devstack@neutron-api.service[103164]: DEBUG neutron.api.extensions [None req-2bb3ca6c-a74d-4d26-9552-e47e9f6c2114 None None] Ext name="Quota management support" alias="quotas" description="Expose functions for quotas management per project" updated="2012-07-29T10:00:00-00:00" {{(pid=103164) _check_extension /opt/stack/neutron/neutron/api/extensions.py:415}}
Jun 29 06:05:26.033092 np0000183457 devstack@neutron-api.service[103162]: INFO neutron.api.extensions [None req-47b976bf-9eae-4bea-9ca0-d1aec8ffbdf7 None None] Extension qos-default not supported by any of loaded plugins
Jun 29 06:05:26.033129 np0000183457 devstack@neutron-api.service[103164]: INFO neutron.api.extensions [None req-2bb3ca6c-a74d-4d26-9552-e47e9f6c2114 None None] Loaded extension: quotas
Jun 29 06:05:26.033174 np0000183457 devstack@neutron-api.service[103162]: DEBUG neutron.api.extensions [None req-47b976bf-9eae-4bea-9ca0-d1aec8ffbdf7 None None] Loading extension file: qos_fip.py {{(pid=103162) _load_all_extensions_from_path /opt/stack/neutron/neutron/api/extensions.py:449}}
Jun 29 06:05:26.033230 np0000183457 devstack@neutron-api.service[103164]: DEBUG neutron.api.extensions [None req-2bb3ca6c-a74d-4d26-9552-e47e9f6c2114 None None] Loading extension file: quotasv2_detail.py {{(pid=103164) _load_all_extensions_from_path /opt/stack/neutron/neutron/api/extensions.py:449}}
Jun 29 06:05:26.033317 np0000183457 devstack@neutron-api.service[103162]: DEBUG neutron.api.extensions [None req-47b976bf-9eae-4bea-9ca0-d1aec8ffbdf7 None None] Ext name="Floating IP QoS" alias="qos-fip" description="The floating IP Quality of Service extension" updated="2017-07-20T00:00:00-00:00" {{(pid=103162) _check_extension /opt/stack/neutron/neutron/api/extensions.py:415}}
Jun 29 06:05:26.033456 np0000183457 devstack@neutron-api.service[103164]: DEBUG neutron.api.extensions [None req-2bb3ca6c-a74d-4d26-9552-e47e9f6c2114 None None] Ext name="Quota details management support" alias="quota_details" description="Expose functions for quotas usage statistics per project" updated="2017-02-10T10:00:00-00:00" {{(pid=103164) _check_extension /opt/stack/neutron/neutron/api/extensions.py:415}}
Jun 29 06:05:26.033503 np0000183457 devstack@neutron-api.service[103162]: INFO neutron.api.extensions [None req-47b976bf-9eae-4bea-9ca0-d1aec8ffbdf7 None None] Extension qos-fip not supported by any of loaded plugins
Jun 29 06:05:26.033553 np0000183457 devstack@neutron-api.service[103164]: INFO neutron.api.extensions [None req-2bb3ca6c-a74d-4d26-9552-e47e9f6c2114 None None] Loaded extension: quota_details
Jun 29 06:05:26.033605 np0000183457 devstack@neutron-api.service[103162]: DEBUG neutron.api.extensions [None req-47b976bf-9eae-4bea-9ca0-d1aec8ffbdf7 None None] Loading extension file: qos_fip_network_policy.py {{(pid=103162) _load_all_extensions_from_path /opt/stack/neutron/neutron/api/extensions.py:449}}
Jun 29 06:05:26.033645 np0000183457 devstack@neutron-api.service[103164]: DEBUG neutron.api.extensions [None req-2bb3ca6c-a74d-4d26-9552-e47e9f6c2114 None None] Loading extension file: rbac.py {{(pid=103164) _load_all_extensions_from_path /opt/stack/neutron/neutron/api/extensions.py:449}}
Jun 29 06:05:26.033798 np0000183457 devstack@neutron-api.service[103162]: DEBUG neutron.api.extensions [None req-47b976bf-9eae-4bea-9ca0-d1aec8ffbdf7 None None] Ext name="QoS floating IP network policy ID" alias="qos-fip-network-policy" description="Adds a the QoS network ID to the floating IP definition" updated="2021-11-15T10:00:00-00:00" {{(pid=103162) _check_extension /opt/stack/neutron/neutron/api/extensions.py:415}}
Jun 29 06:05:26.033982 np0000183457 devstack@neutron-api.service[103162]: INFO neutron.api.extensions [None req-47b976bf-9eae-4bea-9ca0-d1aec8ffbdf7 None None] Extension qos-fip-network-policy not supported by any of loaded plugins
Jun 29 06:05:26.034076 np0000183457 devstack@neutron-api.service[103162]: DEBUG neutron.api.extensions [None req-47b976bf-9eae-4bea-9ca0-d1aec8ffbdf7 None None] Loading extension file: qos_gateway_ip.py {{(pid=103162) _load_all_extensions_from_path /opt/stack/neutron/neutron/api/extensions.py:449}}
Jun 29 06:05:26.034282 np0000183457 devstack@neutron-api.service[103164]: DEBUG neutron.api.extensions [None req-2bb3ca6c-a74d-4d26-9552-e47e9f6c2114 None None] Ext name="RBAC Policies" alias="rbac-policies" description="Allows creation and modification of policies that control project access to resources." updated="2015-06-17T12:15:12-00:00" {{(pid=103164) _check_extension /opt/stack/neutron/neutron/api/extensions.py:415}}
Jun 29 06:05:26.034332 np0000183457 devstack@neutron-api.service[103162]: DEBUG neutron.api.extensions [None req-47b976bf-9eae-4bea-9ca0-d1aec8ffbdf7 None None] Ext name="Router gateway IP QoS" alias="qos-gateway-ip" description="The Router gateway IP Quality of Service extension" updated="2018-02-24T00:00:00-00:00" {{(pid=103162) _check_extension /opt/stack/neutron/neutron/api/extensions.py:415}}
Jun 29 06:05:26.034475 np0000183457 devstack@neutron-api.service[103164]: INFO neutron.api.extensions [None req-2bb3ca6c-a74d-4d26-9552-e47e9f6c2114 None None] Loaded extension: rbac-policies
Jun 29 06:05:26.034536 np0000183457 devstack@neutron-api.service[103162]: INFO neutron.api.extensions [None req-47b976bf-9eae-4bea-9ca0-d1aec8ffbdf7 None None] Extension qos-gateway-ip not supported by any of loaded plugins
Jun 29 06:05:26.034578 np0000183457 devstack@neutron-api.service[103164]: DEBUG neutron.api.extensions [None req-2bb3ca6c-a74d-4d26-9552-e47e9f6c2114 None None] Loading extension file: rbac_address_group.py {{(pid=103164) _load_all_extensions_from_path /opt/stack/neutron/neutron/api/extensions.py:449}}
Jun 29 06:05:26.034618 np0000183457 devstack@neutron-api.service[103162]: DEBUG neutron.api.extensions [None req-47b976bf-9eae-4bea-9ca0-d1aec8ffbdf7 None None] Loading extension file: qos_port_network_policy.py {{(pid=103162) _load_all_extensions_from_path /opt/stack/neutron/neutron/api/extensions.py:449}}
Jun 29 06:05:26.034664 np0000183457 devstack@neutron-api.service[103165]: DEBUG neutron_lib.callbacks.manager [None req-c06d25ba-4afb-4217-a5e5-c8a096cd2af7 None None] Subscribe: > process before_spawn 55550000, False {{(pid=103165) subscribe /opt/stack/data/venv/lib/python3.12/site-packages/neutron_lib/callbacks/manager.py:52}}
Jun 29 06:05:26.034753 np0000183457 devstack@neutron-api.service[103165]: DEBUG neutron_lib.callbacks.manager [None req-c06d25ba-4afb-4217-a5e5-c8a096cd2af7 None None] Subscribe: > process after_init 55550000, True {{(pid=103165) subscribe /opt/stack/data/venv/lib/python3.12/site-packages/neutron_lib/callbacks/manager.py:52}}
Jun 29 06:05:26.034798 np0000183457 devstack@neutron-api.service[103164]: DEBUG neutron.api.extensions [None req-2bb3ca6c-a74d-4d26-9552-e47e9f6c2114 None None] Ext name="Add address_group type to RBAC" alias="rbac-address-group" description="Add address_group type to network RBAC" updated="2021-01-20T00:00:00-00:00" {{(pid=103164) _check_extension /opt/stack/neutron/neutron/api/extensions.py:415}}
Jun 29 06:05:26.034838 np0000183457 devstack@neutron-api.service[103162]: DEBUG neutron.api.extensions [None req-47b976bf-9eae-4bea-9ca0-d1aec8ffbdf7 None None] Ext name="QoS port network policy ID" alias="qos-port-network-policy" description="Adds a the QoS network ID to the port definition" updated="2019-11-01T10:00:00-00:00" {{(pid=103162) _check_extension /opt/stack/neutron/neutron/api/extensions.py:415}}
Jun 29 06:05:26.034894 np0000183457 devstack@neutron-api.service[103165]: DEBUG neutron_lib.callbacks.manager [None req-c06d25ba-4afb-4217-a5e5-c8a096cd2af7 None None] Subscribe: > segment after_create 55550000, False {{(pid=103165) subscribe /opt/stack/data/venv/lib/python3.12/site-packages/neutron_lib/callbacks/manager.py:52}}
Jun 29 06:05:26.034974 np0000183457 devstack@neutron-api.service[103164]: INFO neutron.api.extensions [None req-2bb3ca6c-a74d-4d26-9552-e47e9f6c2114 None None] Extension rbac-address-group not supported by any of loaded plugins
Jun 29 06:05:26.035025 np0000183457 devstack@neutron-api.service[103162]: INFO neutron.api.extensions [None req-47b976bf-9eae-4bea-9ca0-d1aec8ffbdf7 None None] Extension qos-port-network-policy not supported by any of loaded plugins
Jun 29 06:05:26.035081 np0000183457 devstack@neutron-api.service[103165]: DEBUG neutron_lib.callbacks.manager [None req-c06d25ba-4afb-4217-a5e5-c8a096cd2af7 None None] Subscribe: > segment after_create 55550000, False {{(pid=103165) subscribe /opt/stack/data/venv/lib/python3.12/site-packages/neutron_lib/callbacks/manager.py:52}}
Jun 29 06:05:26.035149 np0000183457 devstack@neutron-api.service[103162]: DEBUG neutron.api.extensions [None req-47b976bf-9eae-4bea-9ca0-d1aec8ffbdf7 None None] Loading extension file: qos_pps_minimum_rule.py {{(pid=103162) _load_all_extensions_from_path /opt/stack/neutron/neutron/api/extensions.py:449}}
Jun 29 06:05:26.035202 np0000183457 devstack@neutron-api.service[103164]: DEBUG neutron.api.extensions [None req-2bb3ca6c-a74d-4d26-9552-e47e9f6c2114 None None] Loading extension file: rbac_address_scope.py {{(pid=103164) _load_all_extensions_from_path /opt/stack/neutron/neutron/api/extensions.py:449}}
Jun 29 06:05:26.035377 np0000183457 devstack@neutron-api.service[103165]: DEBUG neutron_lib.callbacks.manager [None req-c06d25ba-4afb-4217-a5e5-c8a096cd2af7 None None] Subscribe: > segment after_delete 55550000, False {{(pid=103165) subscribe /opt/stack/data/venv/lib/python3.12/site-packages/neutron_lib/callbacks/manager.py:52}}
Jun 29 06:05:26.035377 np0000183457 devstack@neutron-api.service[103165]: DEBUG neutron_lib.callbacks.manager [None req-c06d25ba-4afb-4217-a5e5-c8a096cd2af7 None None] Subscribe: > allowed_address_pair before_create 55550000, False {{(pid=103165) subscribe /opt/stack/data/venv/lib/python3.12/site-packages/neutron_lib/callbacks/manager.py:52}}
Jun 29 06:05:26.035464 np0000183457 devstack@neutron-api.service[103162]: DEBUG neutron.api.extensions [None req-47b976bf-9eae-4bea-9ca0-d1aec8ffbdf7 None None] Ext name="QoS minimum packet rate rule" alias="qos-pps-minimum" description="Allow to configure QoS minimum packet rate rule." updated="2021-07-14T10:00:00-00:00" {{(pid=103162) _check_extension /opt/stack/neutron/neutron/api/extensions.py:415}}
Jun 29 06:05:26.035513 np0000183457 devstack@neutron-api.service[103164]: DEBUG neutron.api.extensions [None req-2bb3ca6c-a74d-4d26-9552-e47e9f6c2114 None None] Ext name="Add address_scope type to RBAC" alias="rbac-address-scope" description="Add address_scope type to RBAC" updated="2020-02-12T00:00:00-00:00" {{(pid=103164) _check_extension /opt/stack/neutron/neutron/api/extensions.py:415}}
Jun 29 06:05:26.035563 np0000183457 devstack@neutron-api.service[103165]: DEBUG neutron_lib.callbacks.manager [None req-c06d25ba-4afb-4217-a5e5-c8a096cd2af7 None None] Subscribe: > security_group precommit_create 55550000, False {{(pid=103165) subscribe /opt/stack/data/venv/lib/python3.12/site-packages/neutron_lib/callbacks/manager.py:52}}
Jun 29 06:05:26.035603 np0000183457 devstack@neutron-api.service[103164]: INFO neutron.api.extensions [None req-2bb3ca6c-a74d-4d26-9552-e47e9f6c2114 None None] Loaded extension: rbac-address-scope
Jun 29 06:05:26.035645 np0000183457 devstack@neutron-api.service[103162]: INFO neutron.api.extensions [None req-47b976bf-9eae-4bea-9ca0-d1aec8ffbdf7 None None] Extension qos-pps-minimum not supported by any of loaded plugins
Jun 29 06:05:26.035683 np0000183457 devstack@neutron-api.service[103165]: DEBUG neutron_lib.callbacks.manager [None req-c06d25ba-4afb-4217-a5e5-c8a096cd2af7 None None] Subscribe: > security_group after_update 55550000, False {{(pid=103165) subscribe /opt/stack/data/venv/lib/python3.12/site-packages/neutron_lib/callbacks/manager.py:52}}
Jun 29 06:05:26.035724 np0000183457 devstack@neutron-api.service[103164]: DEBUG neutron.api.extensions [None req-2bb3ca6c-a74d-4d26-9552-e47e9f6c2114 None None] Loading extension file: rbac_security_groups.py {{(pid=103164) _load_all_extensions_from_path /opt/stack/neutron/neutron/api/extensions.py:449}}
Jun 29 06:05:26.035760 np0000183457 devstack@neutron-api.service[103162]: DEBUG neutron.api.extensions [None req-47b976bf-9eae-4bea-9ca0-d1aec8ffbdf7 None None] Loading extension file: qos_pps_minimum_rule_alias.py {{(pid=103162) _load_all_extensions_from_path /opt/stack/neutron/neutron/api/extensions.py:449}}
Jun 29 06:05:26.035796 np0000183457 devstack@neutron-api.service[103165]: DEBUG neutron_lib.callbacks.manager [None req-c06d25ba-4afb-4217-a5e5-c8a096cd2af7 None None] Subscribe: > security_group after_create 55550000, False {{(pid=103165) subscribe /opt/stack/data/venv/lib/python3.12/site-packages/neutron_lib/callbacks/manager.py:52}}
Jun 29 06:05:26.035796 np0000183457 devstack@neutron-api.service[103165]: DEBUG neutron_lib.callbacks.manager [None req-c06d25ba-4afb-4217-a5e5-c8a096cd2af7 None None] Subscribe: > security_group precommit_delete 55550000, False {{(pid=103165) subscribe /opt/stack/data/venv/lib/python3.12/site-packages/neutron_lib/callbacks/manager.py:52}}
Jun 29 06:05:26.035965 np0000183457 devstack@neutron-api.service[103164]: DEBUG neutron.api.extensions [None req-2bb3ca6c-a74d-4d26-9552-e47e9f6c2114 None None] Ext name="Add security_group type to network RBAC" alias="rbac-security-groups" description="Add security_group type to network RBAC" updated="2019-02-14T00:00:00-00:00" {{(pid=103164) _check_extension /opt/stack/neutron/neutron/api/extensions.py:415}}
Jun 29 06:05:26.036009 np0000183457 devstack@neutron-api.service[103162]: DEBUG neutron.api.extensions [None req-47b976bf-9eae-4bea-9ca0-d1aec8ffbdf7 None None] Ext name="QoS minimum packet rate rule alias" alias="qos-pps-minimum-rule-alias" description="API to enable GET, PUT and DELETE operations on QoS minimum packet rate rule without specifying policy ID" updated="2021-10-22T10:00:00-00:00" {{(pid=103162) _check_extension /opt/stack/neutron/neutron/api/extensions.py:415}}
Jun 29 06:05:26.036049 np0000183457 devstack@neutron-api.service[103165]: DEBUG neutron_lib.callbacks.manager [None req-c06d25ba-4afb-4217-a5e5-c8a096cd2af7 None None] Subscribe: > security_group after_delete 55550000, False {{(pid=103165) subscribe /opt/stack/data/venv/lib/python3.12/site-packages/neutron_lib/callbacks/manager.py:52}}
Jun 29 06:05:26.036049 np0000183457 devstack@neutron-api.service[103165]: DEBUG neutron_lib.callbacks.manager [None req-c06d25ba-4afb-4217-a5e5-c8a096cd2af7 None None] Subscribe: > security_group_rule precommit_create 55550000, False {{(pid=103165) subscribe /opt/stack/data/venv/lib/python3.12/site-packages/neutron_lib/callbacks/manager.py:52}}
Jun 29 06:05:26.036145 np0000183457 devstack@neutron-api.service[103164]: INFO neutron.api.extensions [None req-2bb3ca6c-a74d-4d26-9552-e47e9f6c2114 None None] Loaded extension: rbac-security-groups
Jun 29 06:05:26.036190 np0000183457 devstack@neutron-api.service[103162]: INFO neutron.api.extensions [None req-47b976bf-9eae-4bea-9ca0-d1aec8ffbdf7 None None] Extension qos-pps-minimum-rule-alias not supported by any of loaded plugins
Jun 29 06:05:26.036256 np0000183457 devstack@neutron-api.service[103165]: DEBUG neutron_lib.callbacks.manager [None req-c06d25ba-4afb-4217-a5e5-c8a096cd2af7 None None] Subscribe: > security_group_rule after_create 55550000, False {{(pid=103165) subscribe /opt/stack/data/venv/lib/python3.12/site-packages/neutron_lib/callbacks/manager.py:52}}
Jun 29 06:05:26.036300 np0000183457 devstack@neutron-api.service[103164]: DEBUG neutron.api.extensions [None req-2bb3ca6c-a74d-4d26-9552-e47e9f6c2114 None None] Loading extension file: rbac_subnetpool.py {{(pid=103164) _load_all_extensions_from_path /opt/stack/neutron/neutron/api/extensions.py:449}}
Jun 29 06:05:26.036340 np0000183457 devstack@neutron-api.service[103162]: DEBUG neutron.api.extensions [None req-47b976bf-9eae-4bea-9ca0-d1aec8ffbdf7 None None] Loading extension file: qos_pps_rule.py {{(pid=103162) _load_all_extensions_from_path /opt/stack/neutron/neutron/api/extensions.py:449}}
Jun 29 06:05:26.036409 np0000183457 devstack@neutron-api.service[103165]: DEBUG neutron_lib.callbacks.manager [None req-c06d25ba-4afb-4217-a5e5-c8a096cd2af7 None None] Subscribe: > security_group_rule before_delete 55550000, False {{(pid=103165) subscribe /opt/stack/data/venv/lib/python3.12/site-packages/neutron_lib/callbacks/manager.py:52}}
Jun 29 06:05:26.036409 np0000183457 devstack@neutron-api.service[103165]: DEBUG neutron_lib.callbacks.manager [None req-c06d25ba-4afb-4217-a5e5-c8a096cd2af7 None None] Subscribe: > address_group after_create 55550000, False {{(pid=103165) subscribe /opt/stack/data/venv/lib/python3.12/site-packages/neutron_lib/callbacks/manager.py:52}}
Jun 29 06:05:26.036480 np0000183457 devstack@neutron-api.service[103164]: DEBUG neutron.api.extensions [None req-2bb3ca6c-a74d-4d26-9552-e47e9f6c2114 None None] Ext name="Add subnetpool type to RBAC" alias="rbac-subnetpool" description="Add subnetpool type to RBAC" updated="2020-02-05T00:00:00-00:00" {{(pid=103164) _check_extension /opt/stack/neutron/neutron/api/extensions.py:415}}
Jun 29 06:05:26.036525 np0000183457 devstack@neutron-api.service[103162]: DEBUG neutron.api.extensions [None req-47b976bf-9eae-4bea-9ca0-d1aec8ffbdf7 None None] Ext name="QoS Rule Type Packet per Second Extension" alias="qos-pps" description="Add QoS Rule Type Packet per Second" updated="2021-05-12T10:00:00-00:00" {{(pid=103162) _check_extension /opt/stack/neutron/neutron/api/extensions.py:415}}
Jun 29 06:05:26.036564 np0000183457 devstack@neutron-api.service[103165]: DEBUG neutron_lib.callbacks.manager [None req-c06d25ba-4afb-4217-a5e5-c8a096cd2af7 None None] Subscribe: > address_group after_update 55550000, False {{(pid=103165) subscribe /opt/stack/data/venv/lib/python3.12/site-packages/neutron_lib/callbacks/manager.py:52}}
Jun 29 06:05:26.036564 np0000183457 devstack@neutron-api.service[103165]: DEBUG neutron_lib.callbacks.manager [None req-c06d25ba-4afb-4217-a5e5-c8a096cd2af7 None None] Subscribe: > address_group after_delete 55550000, False {{(pid=103165) subscribe /opt/stack/data/venv/lib/python3.12/site-packages/neutron_lib/callbacks/manager.py:52}}
Jun 29 06:05:26.036633 np0000183457 devstack@neutron-api.service[103164]: INFO neutron.api.extensions [None req-2bb3ca6c-a74d-4d26-9552-e47e9f6c2114 None None] Extension rbac-subnetpool not supported by any of loaded plugins
Jun 29 06:05:26.036671 np0000183457 devstack@neutron-api.service[103162]: INFO neutron.api.extensions [None req-47b976bf-9eae-4bea-9ca0-d1aec8ffbdf7 None None] Extension qos-pps not supported by any of loaded plugins
Jun 29 06:05:26.036711 np0000183457 devstack@neutron-api.service[103164]: DEBUG neutron.api.extensions [None req-2bb3ca6c-a74d-4d26-9552-e47e9f6c2114 None None] Loading extension file: revisionifmatch.py {{(pid=103164) _load_all_extensions_from_path /opt/stack/neutron/neutron/api/extensions.py:449}}
Jun 29 06:05:26.036748 np0000183457 devstack@neutron-api.service[103162]: DEBUG neutron.api.extensions [None req-47b976bf-9eae-4bea-9ca0-d1aec8ffbdf7 None None] Loading extension file: qos_rule_type_details.py {{(pid=103162) _load_all_extensions_from_path /opt/stack/neutron/neutron/api/extensions.py:449}}
Jun 29 06:05:26.036795 np0000183457 devstack@neutron-api.service[103165]: DEBUG neutron_lib.callbacks.manager [None req-c06d25ba-4afb-4217-a5e5-c8a096cd2af7 None None] Subscribe: > qos_plugin after_init 55550000, False {{(pid=103165) subscribe /opt/stack/data/venv/lib/python3.12/site-packages/neutron_lib/callbacks/manager.py:52}}
Jun 29 06:05:26.036839 np0000183457 devstack@neutron-api.service[103164]: DEBUG neutron.api.extensions [None req-2bb3ca6c-a74d-4d26-9552-e47e9f6c2114 None None] Ext name="If-Match constraints based on revision_number" alias="revision-if-match" description="Extension indicating that If-Match based on revision_number is supported." updated="2016-12-11T00:00:00-00:00" {{(pid=103164) _check_extension /opt/stack/neutron/neutron/api/extensions.py:415}}
Jun 29 06:05:26.036878 np0000183457 devstack@neutron-api.service[103162]: DEBUG neutron.api.extensions [None req-47b976bf-9eae-4bea-9ca0-d1aec8ffbdf7 None None] Ext name="Details of QoS rule types" alias="qos-rule-type-details" description="Expose details about QoS rule types supported by loaded backend drivers" updated="2017-06-22T10:00:00-00:00" {{(pid=103162) _check_extension /opt/stack/neutron/neutron/api/extensions.py:415}}
Jun 29 06:05:26.036920 np0000183457 devstack@neutron-api.service[103165]: DEBUG neutron_lib.callbacks.manager [None req-c06d25ba-4afb-4217-a5e5-c8a096cd2af7 None None] Subscribe: > trunk_plugin after_init 55550000, False {{(pid=103165) subscribe /opt/stack/data/venv/lib/python3.12/site-packages/neutron_lib/callbacks/manager.py:52}}
Jun 29 06:05:26.036959 np0000183457 devstack@neutron-api.service[103164]: INFO neutron.api.extensions [None req-2bb3ca6c-a74d-4d26-9552-e47e9f6c2114 None None] Loaded extension: revision-if-match
Jun 29 06:05:26.036997 np0000183457 devstack@neutron-api.service[103162]: INFO neutron.api.extensions [None req-47b976bf-9eae-4bea-9ca0-d1aec8ffbdf7 None None] Extension qos-rule-type-details not supported by any of loaded plugins
Jun 29 06:05:26.037096 np0000183457 devstack@neutron-api.service[103164]: DEBUG neutron.api.extensions [None req-2bb3ca6c-a74d-4d26-9552-e47e9f6c2114 None None] Loading extension file: revisions.py {{(pid=103164) _load_all_extensions_from_path /opt/stack/neutron/neutron/api/extensions.py:449}}
Jun 29 06:05:26.037152 np0000183457 devstack@neutron-api.service[103162]: DEBUG neutron.api.extensions [None req-47b976bf-9eae-4bea-9ca0-d1aec8ffbdf7 None None] Loading extension file: qos_rule_type_filter.py {{(pid=103162) _load_all_extensions_from_path /opt/stack/neutron/neutron/api/extensions.py:449}}
Jun 29 06:05:26.037199 np0000183457 devstack@neutron-api.service[103165]: DEBUG neutron_lib.callbacks.manager [None req-c06d25ba-4afb-4217-a5e5-c8a096cd2af7 None None] Subscribe: > logging-plugin after_init 55550000, False {{(pid=103165) subscribe /opt/stack/data/venv/lib/python3.12/site-packages/neutron_lib/callbacks/manager.py:52}}
Jun 29 06:05:26.037327 np0000183457 devstack@neutron-api.service[103164]: DEBUG neutron.api.extensions [None req-2bb3ca6c-a74d-4d26-9552-e47e9f6c2114 None None] Ext name="Resource revision numbers" alias="standard-attr-revisions" description="This extension will display the revision number of neutron resources." updated="2016-04-11T10:00:00-00:00" {{(pid=103164) _check_extension /opt/stack/neutron/neutron/api/extensions.py:415}}
Jun 29 06:05:26.037371 np0000183457 devstack@neutron-api.service[103162]: DEBUG neutron.api.extensions [None req-47b976bf-9eae-4bea-9ca0-d1aec8ffbdf7 None None] Ext name="Allow to filter the list of QoS rule types" alias="qos-rule-type-filter" description="Allows to filter the QoS rule type list adding two new flags. "all_rules" prints all implemented QoS rule types."all_supported" prints all supported QoS rule types by the loaded mechanism drivers" updated="2022-02-02T10:00:00-00:00" {{(pid=103162) _check_extension /opt/stack/neutron/neutron/api/extensions.py:415}}
Jun 29 06:05:26.037497 np0000183457 devstack@neutron-api.service[103164]: INFO neutron.api.extensions [None req-2bb3ca6c-a74d-4d26-9552-e47e9f6c2114 None None] Loaded extension: standard-attr-revisions
Jun 29 06:05:26.037539 np0000183457 devstack@neutron-api.service[103162]: INFO neutron.api.extensions [None req-47b976bf-9eae-4bea-9ca0-d1aec8ffbdf7 None None] Extension qos-rule-type-filter not supported by any of loaded plugins
Jun 29 06:05:26.037573 np0000183457 devstack@neutron-api.service[103164]: DEBUG neutron.api.extensions [None req-2bb3ca6c-a74d-4d26-9552-e47e9f6c2114 None None] Loading extension file: router_availability_zone.py {{(pid=103164) _load_all_extensions_from_path /opt/stack/neutron/neutron/api/extensions.py:449}}
Jun 29 06:05:26.037621 np0000183457 devstack@neutron-api.service[103162]: DEBUG neutron.api.extensions [None req-47b976bf-9eae-4bea-9ca0-d1aec8ffbdf7 None None] Loading extension file: qos_rules_alias.py {{(pid=103162) _load_all_extensions_from_path /opt/stack/neutron/neutron/api/extensions.py:449}}
Jun 29 06:05:26.037666 np0000183457 devstack@neutron-api.service[103165]: INFO neutron.services.logapi.drivers.ovn.driver [None req-c06d25ba-4afb-4217-a5e5-c8a096cd2af7 None None] OVN logging driver registered
Jun 29 06:05:26.037758 np0000183457 devstack@neutron-api.service[103165]: DEBUG neutron_lib.callbacks.manager [None req-c06d25ba-4afb-4217-a5e5-c8a096cd2af7 None None] Subscribe: ._register_pvlan_driver at 0x76af8a487f60> pvlan_plugin before_spawn 55550000, False {{(pid=103165) subscribe /opt/stack/data/venv/lib/python3.12/site-packages/neutron_lib/callbacks/manager.py:52}}
Jun 29 06:05:26.037835 np0000183457 devstack@neutron-api.service[103162]: DEBUG neutron.api.extensions [None req-47b976bf-9eae-4bea-9ca0-d1aec8ffbdf7 None None] Ext name="Quality of Service rules alias API" alias="qos-rules-alias" description="API to enable GET, PUT and DELETE operations on QoS policy rules without specifying policy ID" updated="2018-10-07T10:00:00-00:00" {{(pid=103162) _check_extension /opt/stack/neutron/neutron/api/extensions.py:415}}
Jun 29 06:05:26.037888 np0000183457 devstack@neutron-api.service[103164]: DEBUG neutron.api.extensions [None req-2bb3ca6c-a74d-4d26-9552-e47e9f6c2114 None None] Ext name="Router Availability Zone" alias="router_availability_zone" description="Availability zone support for router." updated="2015-01-01T10:00:00-00:00" {{(pid=103164) _check_extension /opt/stack/neutron/neutron/api/extensions.py:415}}
Jun 29 06:05:26.037931 np0000183457 devstack@neutron-api.service[103165]: DEBUG neutron_lib.callbacks.manager [None req-c06d25ba-4afb-4217-a5e5-c8a096cd2af7 None None] Subscribe: process after_init 55550000, False {{(pid=103165) subscribe /opt/stack/data/venv/lib/python3.12/site-packages/neutron_lib/callbacks/manager.py:52}}
Jun 29 06:05:26.038009 np0000183457 devstack@neutron-api.service[103162]: INFO neutron.api.extensions [None req-47b976bf-9eae-4bea-9ca0-d1aec8ffbdf7 None None] Extension qos-rules-alias not supported by any of loaded plugins
Jun 29 06:05:26.038054 np0000183457 devstack@neutron-api.service[103164]: INFO neutron.api.extensions [None req-2bb3ca6c-a74d-4d26-9552-e47e9f6c2114 None None] Loaded extension: router_availability_zone
Jun 29 06:05:26.038092 np0000183457 devstack@neutron-api.service[103164]: DEBUG neutron.api.extensions [None req-2bb3ca6c-a74d-4d26-9552-e47e9f6c2114 None None] Loading extension file: router_enable_snat.py {{(pid=103164) _load_all_extensions_from_path /opt/stack/neutron/neutron/api/extensions.py:449}}
Jun 29 06:05:26.038140 np0000183457 devstack@neutron-api.service[103162]: DEBUG neutron.api.extensions [None req-47b976bf-9eae-4bea-9ca0-d1aec8ffbdf7 None None] Loading extension file: quota_check_limit.py {{(pid=103162) _load_all_extensions_from_path /opt/stack/neutron/neutron/api/extensions.py:449}}
Jun 29 06:05:26.038346 np0000183457 devstack@neutron-api.service[103164]: DEBUG neutron.api.extensions [None req-2bb3ca6c-a74d-4d26-9552-e47e9f6c2114 None None] Ext name="Exposes the router "enable_snat" read-only configuration flag" alias="router-enable-snat" description="Exposes the router "enable_snat" read-only configuration flag" updated="2025-09-18T18:00:00-00:00" {{(pid=103164) _check_extension /opt/stack/neutron/neutron/api/extensions.py:415}}
Jun 29 06:05:26.038398 np0000183457 devstack@neutron-api.service[103162]: DEBUG neutron.api.extensions [None req-47b976bf-9eae-4bea-9ca0-d1aec8ffbdf7 None None] Ext name="Quota engine limit check" alias="quota-check-limit" description="Support for checking the resource usage before applying a new quota limit" updated="2021-09-08T16:00:00-00:00" {{(pid=103162) _check_extension /opt/stack/neutron/neutron/api/extensions.py:415}}
Jun 29 06:05:26.038521 np0000183457 devstack@neutron-api.service[103164]: INFO neutron.api.extensions [None req-2bb3ca6c-a74d-4d26-9552-e47e9f6c2114 None None] Loaded extension: router-enable-snat
Jun 29 06:05:26.038578 np0000183457 devstack@neutron-api.service[103162]: INFO neutron.api.extensions [None req-47b976bf-9eae-4bea-9ca0-d1aec8ffbdf7 None None] Loaded extension: quota-check-limit
Jun 29 06:05:26.038625 np0000183457 devstack@neutron-api.service[103164]: DEBUG neutron.api.extensions [None req-2bb3ca6c-a74d-4d26-9552-e47e9f6c2114 None None] Loading extension file: routerservicetype.py {{(pid=103164) _load_all_extensions_from_path /opt/stack/neutron/neutron/api/extensions.py:449}}
Jun 29 06:05:26.038666 np0000183457 devstack@neutron-api.service[103162]: DEBUG neutron.api.extensions [None req-47b976bf-9eae-4bea-9ca0-d1aec8ffbdf7 None None] Loading extension file: quota_check_limit_default.py {{(pid=103162) _load_all_extensions_from_path /opt/stack/neutron/neutron/api/extensions.py:449}}
Jun 29 06:05:26.038836 np0000183457 devstack@neutron-api.service[103164]: DEBUG neutron.api.extensions [None req-2bb3ca6c-a74d-4d26-9552-e47e9f6c2114 None None] Ext name="Router Service Type" alias="router-service-type" description="Provides router service type" updated="2013-01-29T00:00:00-00:00" {{(pid=103164) _check_extension /opt/stack/neutron/neutron/api/extensions.py:415}}
Jun 29 06:05:26.038909 np0000183457 devstack@neutron-api.service[103162]: DEBUG neutron.api.extensions [None req-47b976bf-9eae-4bea-9ca0-d1aec8ffbdf7 None None] Ext name="Quota engine limit check by default" alias="quota-check-limit-default" description="By default, the Neutron quota engine checks the resource usage before applying a new quota limit" updated="2024-08-21T16:00:00-00:00" {{(pid=103162) _check_extension /opt/stack/neutron/neutron/api/extensions.py:415}}
Jun 29 06:05:26.039007 np0000183457 devstack@neutron-api.service[103164]: INFO neutron.api.extensions [None req-2bb3ca6c-a74d-4d26-9552-e47e9f6c2114 None None] Extension router-service-type not supported by any of loaded plugins
Jun 29 06:05:26.039069 np0000183457 devstack@neutron-api.service[103162]: INFO neutron.api.extensions [None req-47b976bf-9eae-4bea-9ca0-d1aec8ffbdf7 None None] Loaded extension: quota-check-limit-default
Jun 29 06:05:26.039117 np0000183457 devstack@neutron-api.service[103164]: DEBUG neutron.api.extensions [None req-2bb3ca6c-a74d-4d26-9552-e47e9f6c2114 None None] Loading extension file: security_groups_default_rules.py {{(pid=103164) _load_all_extensions_from_path /opt/stack/neutron/neutron/api/extensions.py:449}}
Jun 29 06:05:26.039175 np0000183457 devstack@neutron-api.service[103162]: DEBUG neutron.api.extensions [None req-47b976bf-9eae-4bea-9ca0-d1aec8ffbdf7 None None] Loading extension file: quotasv2.py {{(pid=103162) _load_all_extensions_from_path /opt/stack/neutron/neutron/api/extensions.py:449}}
Jun 29 06:05:26.039609 np0000183457 devstack@neutron-api.service[103164]: DEBUG neutron.api.extensions [None req-2bb3ca6c-a74d-4d26-9552-e47e9f6c2114 None None] Ext name="Default rules for security groups" alias="security-groups-default-rules" description="Configure set of security group rules used as default rules for every new security group" updated="2022-12-19T10:00:00-00:00" {{(pid=103164) _check_extension /opt/stack/neutron/neutron/api/extensions.py:415}}
Jun 29 06:05:26.039674 np0000183457 devstack@neutron-api.service[103162]: DEBUG neutron.api.extensions [None req-47b976bf-9eae-4bea-9ca0-d1aec8ffbdf7 None None] Ext name="Quota management support" alias="quotas" description="Expose functions for quotas management per project" updated="2012-07-29T10:00:00-00:00" {{(pid=103162) _check_extension /opt/stack/neutron/neutron/api/extensions.py:415}}
Jun 29 06:05:26.039707 np0000183457 devstack@neutron-api.service[103165]: DEBUG neutron.plugins.ml2.plugin [None req-c06d25ba-4afb-4217-a5e5-c8a096cd2af7 None None] neutron.plugins.ml2.plugin.Ml2Plugin method _start_rpc_notifiers called with arguments () {} {{(pid=103165) wrapper /opt/stack/data/venv/lib/python3.12/site-packages/oslo_log/helpers.py:77}}
Jun 29 06:05:26.039748 np0000183457 devstack@neutron-api.service[103162]: INFO neutron.api.extensions [None req-47b976bf-9eae-4bea-9ca0-d1aec8ffbdf7 None None] Loaded extension: quotas
Jun 29 06:05:26.039785 np0000183457 devstack@neutron-api.service[103162]: DEBUG neutron.api.extensions [None req-47b976bf-9eae-4bea-9ca0-d1aec8ffbdf7 None None] Loading extension file: quotasv2_detail.py {{(pid=103162) _load_all_extensions_from_path /opt/stack/neutron/neutron/api/extensions.py:449}}
Jun 29 06:05:26.039890 np0000183457 devstack@neutron-api.service[103164]: INFO neutron.api.extensions [None req-2bb3ca6c-a74d-4d26-9552-e47e9f6c2114 None None] Loaded extension: security-groups-default-rules
Jun 29 06:05:26.039939 np0000183457 devstack@neutron-api.service[103165]: DEBUG neutron_lib.callbacks.manager [None req-c06d25ba-4afb-4217-a5e5-c8a096cd2af7 None None] Subscribe: > port after_create 55550000, False {{(pid=103165) subscribe /opt/stack/data/venv/lib/python3.12/site-packages/neutron_lib/callbacks/manager.py:52}}
Jun 29 06:05:26.040019 np0000183457 devstack@neutron-api.service[103165]: DEBUG neutron_lib.callbacks.manager [None req-c06d25ba-4afb-4217-a5e5-c8a096cd2af7 None None] Subscribe: > port after_update 55550000, False {{(pid=103165) subscribe /opt/stack/data/venv/lib/python3.12/site-packages/neutron_lib/callbacks/manager.py:52}}
Jun 29 06:05:26.040065 np0000183457 devstack@neutron-api.service[103164]: DEBUG neutron.api.extensions [None req-2bb3ca6c-a74d-4d26-9552-e47e9f6c2114 None None] Loading extension file: security_groups_default_statefulness.py {{(pid=103164) _load_all_extensions_from_path /opt/stack/neutron/neutron/api/extensions.py:449}}
