2026-03-03 13:00:25.165 8 INFO placement.requestlog [req-c17cef59-6153-4a27-a7dc-8933c474c4e0 req-b3500ece-6874-4b5e-ad62-c8216b18d128 9be76ad280be4391a6f9d19e6cf3c916 0ef59d643975475898e65c5f767ef633 - - 0dcfd25d578349e999f4a2154be5b659 0dcfd25d578349e999f4a2154be5b659] 10.0.0.68 "GET /allocation_candidates?limit=1000&resources=DISK_GB%3A1%2CMEMORY_MB%3A512%2CVCPU%3A1&root_required=%21COMPUTE_STATUS_DISABLED" status: 200 len: 2781 microversion: 1.36 [pid: 8|app: 0|req: 361/723] 10.0.0.68 () {34 vars in 1009 bytes} [Tue Mar 3 13:00:25 2026] GET /allocation_candidates?limit=1000&resources=DISK_GB%3A1%2CMEMORY_MB%3A512%2CVCPU%3A1&root_required=%21COMPUTE_STATUS_DISABLED => generated 2781 bytes in 135 msecs (HTTP/1.1 200) 8 headers in 297 bytes (1 switches on core 0)
2026-03-03 13:00:25.207 7 INFO placement.requestlog [req-c17cef59-6153-4a27-a7dc-8933c474c4e0 req-cb7e1253-44c7-44c3-8bc8-3be64d9840ea 9be76ad280be4391a6f9d19e6cf3c916 0ef59d643975475898e65c5f767ef633 - - 0dcfd25d578349e999f4a2154be5b659 0dcfd25d578349e999f4a2154be5b659] 10.0.0.68 "GET /allocations/285fb83c-0958-4282-a4ba-e1c3bf18e6f2" status: 200 len: 19 microversion: 1.28 [pid: 7|app: 0|req: 363/724] 10.0.0.68 () {34 vars in 858 bytes} [Tue Mar 3 13:00:25 2026] GET /allocations/285fb83c-0958-4282-a4ba-e1c3bf18e6f2 => generated 19 bytes in 11 msecs (HTTP/1.1 200) 8 headers in 295 bytes (1 switches on core 0)
2026-03-03 13:00:26.768 8 INFO placement.requestlog [req-c17cef59-6153-4a27-a7dc-8933c474c4e0 req-cc81edeb-cbf7-42d4-adfe-3a9583d17e09 9be76ad280be4391a6f9d19e6cf3c916 0ef59d643975475898e65c5f767ef633 - - 0dcfd25d578349e999f4a2154be5b659 0dcfd25d578349e999f4a2154be5b659] 10.0.0.68 "PUT /allocations/285fb83c-0958-4282-a4ba-e1c3bf18e6f2" status: 204 len: 0 microversion: 1.36 [pid: 8|app: 0|req: 362/725] 10.0.0.68 () {38 vars in 911 bytes} [Tue Mar 3 13:00:25 2026] PUT /allocations/285fb83c-0958-4282-a4ba-e1c3bf18e6f2 => generated 0 bytes in 1554 msecs (HTTP/1.1 204) 5 headers in 199 bytes (1 switches on core 0)
2026-03-03 13:00:28.189 7 INFO placement.requestlog [req-c17cef59-6153-4a27-a7dc-8933c474c4e0 req-c0bbf05f-4599-4590-98f1-4b4838e952ed 9be76ad280be4391a6f9d19e6cf3c916 0ef59d643975475898e65c5f767ef633 - - 0dcfd25d578349e999f4a2154be5b659 0dcfd25d578349e999f4a2154be5b659] 199.19.213.81 "GET /allocations/285fb83c-0958-4282-a4ba-e1c3bf18e6f2" status: 200 len: 257 microversion: 1.28 [pid: 7|app: 0|req: 364/726] 199.19.213.81 () {34 vars in 860 bytes} [Tue Mar 3 13:00:28 2026] GET /allocations/285fb83c-0958-4282-a4ba-e1c3bf18e6f2 => generated 257 bytes in 16 msecs (HTTP/1.1 200) 8 headers in 296 bytes (1 switches on core 0)
2026-03-03 13:00:29.231 8 INFO placement.requestlog [req-c17cef59-6153-4a27-a7dc-8933c474c4e0 req-456b590e-84bd-4ef6-90c3-c6f5598d7299 9be76ad280be4391a6f9d19e6cf3c916 0ef59d643975475898e65c5f767ef633 - - 0dcfd25d578349e999f4a2154be5b659 0dcfd25d578349e999f4a2154be5b659] 199.19.213.81 "GET /resource_providers/c0b86d80-7a32-470a-987e-2d77f6245802/allocations" status: 200 len: 152 microversion: 1.0 [pid: 8|app: 0|req: 363/727] 199.19.213.81 () {32 vars in 854 bytes} [Tue Mar 3 13:00:29 2026] GET /resource_providers/c0b86d80-7a32-470a-987e-2d77f6245802/allocations => generated 152 bytes in 22 msecs (HTTP/1.1 200) 6 headers in 224 bytes (1 switches on core 0)
2026-03-03 13:00:29.248 7 INFO placement.requestlog [req-c17cef59-6153-4a27-a7dc-8933c474c4e0 req-995c4181-c8a2-4c51-833f-b3780900e414 9be76ad280be4391a6f9d19e6cf3c916 0ef59d643975475898e65c5f767ef633 - - 0dcfd25d578349e999f4a2154be5b659 0dcfd25d578349e999f4a2154be5b659] 199.19.213.81 "GET /allocations/285fb83c-0958-4282-a4ba-e1c3bf18e6f2" status: 200 len: 257 microversion: 1.28 [pid: 7|app: 0|req: 365/728] 199.19.213.81 () {34 vars in 860 bytes} [Tue Mar 3 13:00:29 2026] GET /allocations/285fb83c-0958-4282-a4ba-e1c3bf18e6f2 => generated 257 bytes in 13 msecs (HTTP/1.1 200) 8 headers in 296 bytes (1 switches on core 0)
2026-03-03 13:00:31.351 8 INFO placement.requestlog [None req-b8625468-1f9c-4324-afec-80939f63b657 3a44b4756d2c48369d92a9a82055c623 0ef59d643975475898e65c5f767ef633 - - 0dcfd25d578349e999f4a2154be5b659 0dcfd25d578349e999f4a2154be5b659] 10.0.0.109 "GET /resource_providers/13e14823-436a-481f-8206-53c21cfc1ba7/aggregates" status: 404 len: 235 microversion: 1.1 [pid: 8|app: 0|req: 364/729] 10.0.0.109 () {32 vars in 814 bytes} [Tue Mar 3 13:00:31 2026] GET /resource_providers/13e14823-436a-481f-8206-53c21cfc1ba7/aggregates => generated 235 bytes in 123 msecs (HTTP/1.1 404) 5 headers in 202 bytes (1 switches on core 0)
2026-03-03 13:00:31.355 7 INFO placement.requestlog [None req-d87b0387-2198-4d6e-8dbe-c3ed86d26ad3 3a44b4756d2c48369d92a9a82055c623 0ef59d643975475898e65c5f767ef633 - - 0dcfd25d578349e999f4a2154be5b659 0dcfd25d578349e999f4a2154be5b659] 10.0.0.109 "GET /resource_providers/13e14823-436a-481f-8206-53c21cfc1ba7/aggregates" status: 404 len: 235 microversion: 1.1 [pid: 7|app: 0|req: 366/730] 10.0.0.109 () {32 vars in 814 bytes} [Tue Mar 3 13:00:31 2026] GET /resource_providers/13e14823-436a-481f-8206-53c21cfc1ba7/aggregates => generated 235 bytes in 117 msecs (HTTP/1.1 404) 5 headers in 202 bytes (1 switches on core 0)
2026-03-03 13:00:31.374 8 INFO placement.requestlog [None req-f82c8fd3-0d6e-4dda-b2ec-90e98aeae90d 3a44b4756d2c48369d92a9a82055c623 0ef59d643975475898e65c5f767ef633 - - 0dcfd25d578349e999f4a2154be5b659 0dcfd25d578349e999f4a2154be5b659] 10.0.0.109 "DELETE /resource_providers/13e14823-436a-481f-8206-53c21cfc1ba7" status: 404 len: 246 microversion: 1.1 [pid: 8|app: 0|req: 365/731] 10.0.0.109 () {34 vars in 814 bytes} [Tue Mar 3 13:00:31 2026] DELETE /resource_providers/13e14823-436a-481f-8206-53c21cfc1ba7 => generated 246 bytes in 8 msecs (HTTP/1.1 404) 6 headers in 231 bytes (1 switches on core 0)
2026-03-03 13:00:31.375 7 INFO placement.requestlog [None req-e1f6761f-51fe-4bec-b8f1-8ca6e8001686 3a44b4756d2c48369d92a9a82055c623 0ef59d643975475898e65c5f767ef633 - - 0dcfd25d578349e999f4a2154be5b659 0dcfd25d578349e999f4a2154be5b659] 10.0.0.109 "DELETE /resource_providers/13e14823-436a-481f-8206-53c21cfc1ba7" status: 404 len: 246 microversion: 1.1 [pid: 7|app: 0|req: 367/732] 10.0.0.109 () {34 vars in 814 bytes} [Tue Mar 3 13:00:31 2026] DELETE /resource_providers/13e14823-436a-481f-8206-53c21cfc1ba7 => generated 246 bytes in 9 msecs (HTTP/1.1 404) 6 headers in 231 bytes (1 switches on core 0)
2026-03-03 13:00:32.849 8 INFO placement.requestlog [None req-c0aca8d5-6381-4b44-87f7-832d290840e6 - - - - - -] 10.0.0.149 "GET /" status: 200 len: 136 microversion: 1.0
2026-03-03 13:00:32.849 7 INFO placement.requestlog [None req-e1cd5f44-27c0-44f3-80b7-a03e85c363f7 - - - - - -] 10.0.0.149 "GET /" status: 200 len: 136 microversion: 1.0
2026-03-03 13:00:33.396 8 INFO placement.requestlog [None req-f34b2d16-8161-45b8-ab1c-a779b29170d3 3a44b4756d2c48369d92a9a82055c623 0ef59d643975475898e65c5f767ef633 - - 0dcfd25d578349e999f4a2154be5b659 0dcfd25d578349e999f4a2154be5b659] 10.0.0.109 "GET /resource_providers/a6b71a13-53d0-45f4-8945-49c5b57af7ee/aggregates" status: 404 len: 235 microversion: 1.1 [pid: 8|app: 0|req: 367/735] 10.0.0.109 () {32 vars in 814 bytes} [Tue Mar 3 13:00:33 2026] GET /resource_providers/a6b71a13-53d0-45f4-8945-49c5b57af7ee/aggregates => generated 235 bytes in 9 msecs (HTTP/1.1 404) 5 headers in 202 bytes (1 switches on core 0)
2026-03-03 13:00:33.399 7 INFO placement.requestlog [None req-73e88047-5ec9-4ffa-87cc-b09b73606d3d 3a44b4756d2c48369d92a9a82055c623 0ef59d643975475898e65c5f767ef633 - - 0dcfd25d578349e999f4a2154be5b659 0dcfd25d578349e999f4a2154be5b659] 10.0.0.109 "GET /resource_providers/a6b71a13-53d0-45f4-8945-49c5b57af7ee/aggregates" status: 404 len: 235 microversion: 1.1 [pid: 7|app: 0|req: 369/736] 10.0.0.109 () {32 vars in 814 bytes} [Tue Mar 3 13:00:33 2026] GET /resource_providers/a6b71a13-53d0-45f4-8945-49c5b57af7ee/aggregates => generated 235 bytes in 10 msecs (HTTP/1.1 404) 5 headers in 202 bytes (1 switches on core 0)
2026-03-03 13:00:33.412 8 INFO placement.requestlog [None req-f766b2b7-f353-41e5-b734-9fda367b26c4 3a44b4756d2c48369d92a9a82055c623 0ef59d643975475898e65c5f767ef633 - - 0dcfd25d578349e999f4a2154be5b659 0dcfd25d578349e999f4a2154be5b659] 10.0.0.109 "DELETE /resource_providers/a6b71a13-53d0-45f4-8945-49c5b57af7ee" status: 404 len: 246 microversion: 1.1 [pid: 8|app: 0|req: 368/737] 10.0.0.109 () {34 vars in 814 bytes} [Tue Mar 3 13:00:33 2026] DELETE /resource_providers/a6b71a13-53d0-45f4-8945-49c5b57af7ee => generated 246 bytes in 6 msecs (HTTP/1.1 404) 6 headers in 231 bytes (1 switches on core 0)
2026-03-03 13:00:33.419 7 INFO placement.requestlog [None req-2d8a41bf-45e1-4c50-a2d8-eea765418534 3a44b4756d2c48369d92a9a82055c623 0ef59d643975475898e65c5f767ef633 - - 0dcfd25d578349e999f4a2154be5b659 0dcfd25d578349e999f4a2154be5b659] 10.0.0.109 "DELETE /resource_providers/a6b71a13-53d0-45f4-8945-49c5b57af7ee" status: 404 len: 246 microversion: 1.1 [pid: 7|app: 0|req: 370/738] 10.0.0.109 () {34 vars in 814 bytes} [Tue Mar 3 13:00:33 2026] DELETE /resource_providers/a6b71a13-53d0-45f4-8945-49c5b57af7ee => generated 246 bytes in 11 msecs (HTTP/1.1 404) 6 headers in 231 bytes (1 switches on core 0)
2026-03-03 13:00:42.849 7 INFO placement.requestlog [None req-fd913418-77fc-4e65-88af-7ad4fba17fce - - - - - -] 10.0.0.149 "GET /" status: 200 len: 136 microversion: 1.0
2026-03-03 13:00:42.850 8 INFO placement.requestlog [None req-1771932a-722c-4b9d-9aba-ec6ac38589b0 - - - - - -] 10.0.0.149 "GET /" status: 200 len: 136 microversion: 1.0
2026-03-03 13:00:50.453 7 INFO placement.requestlog [None req-2e93f7c6-fb94-44f6-a17f-0b367b296e06 a650ce9a1e0145fba4cea8765edf7728 58f559072b214ffd9203bce1c5ba3b96 - - default default] 10.0.0.96 "GET /resource_providers" status: 200 len: 405 microversion: 1.0 [pid: 7|app: 0|req: 372/741] 10.0.0.96 () {28 vars in 590 bytes} [Tue Mar 3 13:00:50 2026] GET /resource_providers => generated 405 bytes in 117 msecs (HTTP/1.1 200) 6 headers in 224 bytes (1 switches on core 0)
2026-03-03 13:00:50.483 8 INFO placement.requestlog [None req-5dfbb0fd-0fed-422b-8ae0-c423260b62bb a650ce9a1e0145fba4cea8765edf7728 58f559072b214ffd9203bce1c5ba3b96 - - default default] 10.0.0.96 "GET /resource_providers/c0b86d80-7a32-470a-987e-2d77f6245802/inventories" status: 200 len: 400 microversion: 1.0 [pid: 8|app: 0|req: 370/742] 10.0.0.96 () {28 vars in 688 bytes} [Tue Mar 3 13:00:50 2026] GET /resource_providers/c0b86d80-7a32-470a-987e-2d77f6245802/inventories => generated 400 bytes in 16 msecs (HTTP/1.1 200) 6 headers in 224 bytes (1 switches on core 0)
2026-03-03 13:00:50.506 7 INFO placement.requestlog [None req-4b04a2d0-e42d-4223-b8c7-0783b0fc28f4 a650ce9a1e0145fba4cea8765edf7728 58f559072b214ffd9203bce1c5ba3b96 - - default default] 10.0.0.96 "GET /resource_providers/c0b86d80-7a32-470a-987e-2d77f6245802/usages" status: 200 len: 90 microversion: 1.0 [pid: 7|app: 0|req: 373/743] 10.0.0.96 () {28 vars in 678 bytes} [Tue Mar 3 13:00:50 2026] GET /resource_providers/c0b86d80-7a32-470a-987e-2d77f6245802/usages => generated 90 bytes in 19 msecs (HTTP/1.1 200) 6 headers in 223 bytes (1 switches on core 0)
2026-03-03 13:00:52.849 7 INFO placement.requestlog [None req-299029dd-7855-479f-928d-2d9863d6fab4 - - - - - -] 10.0.0.149 "GET /" status: 200 len: 136 microversion: 1.0
2026-03-03 13:00:52.849 8 INFO placement.requestlog [None req-863f7dca-4ad1-42ad-82da-7cd7f69ced89 - - - - - -] 10.0.0.149 "GET /" status: 200 len: 136 microversion: 1.0
2026-03-03 13:00:58.427 8 INFO placement.requestlog [req-2979dbb7-b0cd-4b9e-a1e0-b0250dd03cbb req-6e6f270b-7a74-49bf-b996-eef001f30356 9be76ad280be4391a6f9d19e6cf3c916 0ef59d643975475898e65c5f767ef633 - - 0dcfd25d578349e999f4a2154be5b659 0dcfd25d578349e999f4a2154be5b659] 10.0.0.68 "GET /allocation_candidates?limit=1000&resources=MEMORY_MB%3A512%2CVCPU%3A1&root_required=%21COMPUTE_STATUS_DISABLED" status: 200 len: 2769 microversion: 1.36 [pid: 8|app: 0|req: 372/746] 10.0.0.68 () {34 vars in 981 bytes} [Tue Mar 3 13:00:58 2026] GET /allocation_candidates?limit=1000&resources=MEMORY_MB%3A512%2CVCPU%3A1&root_required=%21COMPUTE_STATUS_DISABLED => generated 2769 bytes in 36 msecs (HTTP/1.1 200) 8 headers in 297 bytes (1 switches on core 0)
2026-03-03 13:00:58.474 7 INFO placement.requestlog [req-2979dbb7-b0cd-4b9e-a1e0-b0250dd03cbb req-3efbcb8e-0045-44b7-bfc7-834be0fadc78 9be76ad280be4391a6f9d19e6cf3c916 0ef59d643975475898e65c5f767ef633 - - 0dcfd25d578349e999f4a2154be5b659 0dcfd25d578349e999f4a2154be5b659] 10.0.0.68 "GET /allocations/c5cb518c-6470-4d47-b391-c5f3487bc0d3" status: 200 len: 19 microversion: 1.28 [pid: 7|app: 0|req: 375/747] 10.0.0.68 () {34 vars in 858 bytes} [Tue Mar 3 13:00:58 2026] GET /allocations/c5cb518c-6470-4d47-b391-c5f3487bc0d3 => generated 19 bytes in 15 msecs (HTTP/1.1 200) 8 headers in 295 bytes (1 switches on core 0)
2026-03-03 13:00:58.582 8 INFO placement.requestlog [req-2979dbb7-b0cd-4b9e-a1e0-b0250dd03cbb req-73a34425-1dad-4f4c-9d7f-94dc5f0806c9 9be76ad280be4391a6f9d19e6cf3c916 0ef59d643975475898e65c5f767ef633 - - 0dcfd25d578349e999f4a2154be5b659 0dcfd25d578349e999f4a2154be5b659] 10.0.0.68 "PUT /allocations/c5cb518c-6470-4d47-b391-c5f3487bc0d3" status: 204 len: 0 microversion: 1.36 [pid: 8|app: 0|req: 373/748] 10.0.0.68 () {38 vars in 911 bytes} [Tue Mar 3 13:00:58 2026] PUT /allocations/c5cb518c-6470-4d47-b391-c5f3487bc0d3 => generated 0 bytes in 103 msecs (HTTP/1.1 204) 5 headers in 199 bytes (1 switches on core 0)
2026-03-03 13:01:00.178 7 INFO placement.requestlog [req-2979dbb7-b0cd-4b9e-a1e0-b0250dd03cbb req-767bc46e-540a-46b8-a7ac-ad4f8d1ba493 9be76ad280be4391a6f9d19e6cf3c916 0ef59d643975475898e65c5f767ef633 - - 0dcfd25d578349e999f4a2154be5b659 0dcfd25d578349e999f4a2154be5b659] 199.19.213.81 "GET /allocations/c5cb518c-6470-4d47-b391-c5f3487bc0d3" status: 200 len: 243 microversion: 1.28 [pid: 7|app: 0|req: 376/749] 199.19.213.81 () {34 vars in 860 bytes} [Tue Mar 3 13:01:00 2026] GET /allocations/c5cb518c-6470-4d47-b391-c5f3487bc0d3 => generated 243 bytes in 14 msecs (HTTP/1.1 200) 8 headers in 296 bytes (1 switches on core 0)
2026-03-03 13:01:01.004 8 INFO placement.requestlog [req-c59e52c7-7779-4638-b544-d36ff405e530 req-a6b1a833-ba69-43c9-9eb4-38e32b34246f 9be76ad280be4391a6f9d19e6cf3c916 0ef59d643975475898e65c5f767ef633 - - 0dcfd25d578349e999f4a2154be5b659 0dcfd25d578349e999f4a2154be5b659] 10.0.0.68 "GET /allocation_candidates?limit=1000&resources=DISK_GB%3A1%2CMEMORY_MB%3A512%2CVCPU%3A1&root_required=%21COMPUTE_STATUS_DISABLED" status: 200 len: 2784 microversion: 1.36 [pid: 8|app: 0|req: 374/750] 10.0.0.68 () {34 vars in 1009 bytes} [Tue Mar 3 13:01:00 2026] GET /allocation_candidates?limit=1000&resources=DISK_GB%3A1%2CMEMORY_MB%3A512%2CVCPU%3A1&root_required=%21COMPUTE_STATUS_DISABLED => generated 2784 bytes in 43 msecs (HTTP/1.1 200) 8 headers in 297 bytes (1 switches on core 0)
2026-03-03 13:01:01.044 7 INFO placement.requestlog [req-c59e52c7-7779-4638-b544-d36ff405e530 req-c94e18d4-0f04-4db3-bee4-418890c3ee2b 9be76ad280be4391a6f9d19e6cf3c916 0ef59d643975475898e65c5f767ef633 - - 0dcfd25d578349e999f4a2154be5b659 0dcfd25d578349e999f4a2154be5b659] 10.0.0.68 "GET /allocations/d95316b6-997f-4d3a-9541-bd11e8859602" status: 200 len: 19 microversion: 1.28 [pid: 7|app: 0|req: 377/751] 10.0.0.68 () {34 vars in 858 bytes} [Tue Mar 3 13:01:01 2026] GET /allocations/d95316b6-997f-4d3a-9541-bd11e8859602 => generated 19 bytes in 18 msecs (HTTP/1.1 200) 8 headers in 295 bytes (1 switches on core 0)
2026-03-03 13:01:01.107 8 INFO placement.requestlog [req-c59e52c7-7779-4638-b544-d36ff405e530 req-6b751610-d6fb-4696-b52b-2d859206c8f1 9be76ad280be4391a6f9d19e6cf3c916 0ef59d643975475898e65c5f767ef633 - - 0dcfd25d578349e999f4a2154be5b659 0dcfd25d578349e999f4a2154be5b659] 10.0.0.68 "PUT /allocations/d95316b6-997f-4d3a-9541-bd11e8859602" status: 204 len: 0 microversion: 1.36 [pid: 8|app: 0|req: 375/752] 10.0.0.68 () {38 vars in 911 bytes} [Tue Mar 3 13:01:01 2026] PUT /allocations/d95316b6-997f-4d3a-9541-bd11e8859602 => generated 0 bytes in 57 msecs (HTTP/1.1 204) 5 headers in 199 bytes (1 switches on core 0)
2026-03-03 13:01:01.233 7 INFO placement.requestlog [req-2979dbb7-b0cd-4b9e-a1e0-b0250dd03cbb req-e69ebdf8-14c2-465f-9218-e2d7c17ce95d 9be76ad280be4391a6f9d19e6cf3c916 0ef59d643975475898e65c5f767ef633 - - 0dcfd25d578349e999f4a2154be5b659 0dcfd25d578349e999f4a2154be5b659] 199.19.213.81 "GET /resource_providers/c0b86d80-7a32-470a-987e-2d77f6245802/allocations" status: 200 len: 338 microversion: 1.0 [pid: 7|app: 0|req: 378/753] 199.19.213.81 () {32 vars in 854 bytes} [Tue Mar 3 13:01:01 2026] GET /resource_providers/c0b86d80-7a32-470a-987e-2d77f6245802/allocations => generated 338 bytes in 23 msecs (HTTP/1.1 200) 6 headers in 224 bytes (1 switches on core 0)
2026-03-03 13:01:01.254 8 INFO placement.requestlog [req-2979dbb7-b0cd-4b9e-a1e0-b0250dd03cbb req-d9d8b442-8323-482a-87eb-4bd83ea6bc77 9be76ad280be4391a6f9d19e6cf3c916 0ef59d643975475898e65c5f767ef633 - - 0dcfd25d578349e999f4a2154be5b659 0dcfd25d578349e999f4a2154be5b659] 199.19.213.81 "GET /allocations/285fb83c-0958-4282-a4ba-e1c3bf18e6f2" status: 200 len: 257 microversion: 1.28 [pid: 8|app: 0|req: 376/754] 199.19.213.81 () {34 vars in 860 bytes} [Tue Mar 3 13:01:01 2026] GET /allocations/285fb83c-0958-4282-a4ba-e1c3bf18e6f2 => generated 257 bytes in 15 msecs (HTTP/1.1 200) 8 headers in 296 bytes (1 switches on core 0)
2026-03-03 13:01:01.273 7 INFO placement.requestlog [req-2979dbb7-b0cd-4b9e-a1e0-b0250dd03cbb req-1ac118eb-b203-47c2-b604-0bc74c62ec16 9be76ad280be4391a6f9d19e6cf3c916 0ef59d643975475898e65c5f767ef633 - - 0dcfd25d578349e999f4a2154be5b659 0dcfd25d578349e999f4a2154be5b659] 199.19.213.81 "GET /allocations/c5cb518c-6470-4d47-b391-c5f3487bc0d3" status: 200 len: 243 microversion: 1.28 [pid: 7|app: 0|req: 379/755] 199.19.213.81 () {34 vars in 860 bytes} [Tue Mar 3 13:01:01 2026] GET /allocations/c5cb518c-6470-4d47-b391-c5f3487bc0d3 => generated 243 bytes in 13 msecs (HTTP/1.1 200) 8 headers in 296 bytes (1 switches on core 0)
2026-03-03 13:01:01.291 8 INFO placement.requestlog [req-2979dbb7-b0cd-4b9e-a1e0-b0250dd03cbb req-edd06fa3-a953-42f1-9e0e-66629daad2ba 9be76ad280be4391a6f9d19e6cf3c916 0ef59d643975475898e65c5f767ef633 - - 0dcfd25d578349e999f4a2154be5b659 0dcfd25d578349e999f4a2154be5b659] 199.19.213.81 "GET /allocations/d95316b6-997f-4d3a-9541-bd11e8859602" status: 200 len: 257 microversion: 1.28 [pid: 8|app: 0|req: 377/756] 199.19.213.81 () {34 vars in 860 bytes} [Tue Mar 3 13:01:01 2026] GET /allocations/d95316b6-997f-4d3a-9541-bd11e8859602 => generated 257 bytes in 13 msecs (HTTP/1.1 200) 8 headers in 296 bytes (1 switches on core 0)
2026-03-03 13:01:02.849 7 INFO placement.requestlog [None req-1b89994f-fd93-4754-8cfd-3982eaec4dab - - - - - -] 10.0.0.149 "GET /" status: 200 len: 136 microversion: 1.0
2026-03-03 13:01:02.849 8 INFO placement.requestlog [None req-8a980630-6ddf-4639-b809-e0123a1b8ad1 - - - - - -] 10.0.0.149 "GET /" status: 200 len: 136 microversion: 1.0
2026-03-03 13:01:08.480 7 INFO placement.requestlog [req-c59e52c7-7779-4638-b544-d36ff405e530 req-1023294a-88b8-4891-bd11-5d3cc072953b 9be76ad280be4391a6f9d19e6cf3c916 0ef59d643975475898e65c5f767ef633 - - 0dcfd25d578349e999f4a2154be5b659 0dcfd25d578349e999f4a2154be5b659] 199.19.213.81 "GET /allocations/d95316b6-997f-4d3a-9541-bd11e8859602" status: 200 len: 257 microversion: 1.28 [pid: 7|app: 0|req: 381/759] 199.19.213.81 () {34 vars in 860 bytes} [Tue Mar 3 13:01:08 2026] GET /allocations/d95316b6-997f-4d3a-9541-bd11e8859602 => generated 257 bytes in 15 msecs (HTTP/1.1 200) 8 headers in 296 bytes (1 switches on core 0)
2026-03-03 13:01:10.023 8 INFO placement.requestlog [req-c59e52c7-7779-4638-b544-d36ff405e530 req-1e94e33d-52f3-4701-920d-05dc37436ce8 9be76ad280be4391a6f9d19e6cf3c916 0ef59d643975475898e65c5f767ef633 - - 0dcfd25d578349e999f4a2154be5b659 0dcfd25d578349e999f4a2154be5b659] 199.19.213.81 "GET /resource_providers/c0b86d80-7a32-470a-987e-2d77f6245802/allocations" status: 200 len: 338 microversion: 1.0 [pid: 8|app: 0|req: 379/760] 199.19.213.81 () {32 vars in 854 bytes} [Tue Mar 3 13:01:10 2026] GET /resource_providers/c0b86d80-7a32-470a-987e-2d77f6245802/allocations => generated 338 bytes in 20 msecs (HTTP/1.1 200) 6 headers in 224 bytes (1 switches on core 0)
2026-03-03 13:01:10.046 7 INFO placement.requestlog [req-c59e52c7-7779-4638-b544-d36ff405e530 req-5a1aba7d-4c3f-4d5c-bd6e-3a9712688dcd 9be76ad280be4391a6f9d19e6cf3c916 0ef59d643975475898e65c5f767ef633 - - 0dcfd25d578349e999f4a2154be5b659 0dcfd25d578349e999f4a2154be5b659] 199.19.213.81 "GET /allocations/285fb83c-0958-4282-a4ba-e1c3bf18e6f2" status: 200 len: 257 microversion: 1.28 [pid: 7|app: 0|req: 382/761] 199.19.213.81 () {34 vars in 860 bytes} [Tue Mar 3 13:01:10 2026] GET /allocations/285fb83c-0958-4282-a4ba-e1c3bf18e6f2 => generated 257 bytes in 9 msecs (HTTP/1.1 200) 8 headers in 296 bytes (1 switches on core 0)
2026-03-03 13:01:10.062 8 INFO placement.requestlog [req-c59e52c7-7779-4638-b544-d36ff405e530 req-f5730ca2-a783-48d4-a2d1-e8c5e49aaa7c 9be76ad280be4391a6f9d19e6cf3c916 0ef59d643975475898e65c5f767ef633 - - 0dcfd25d578349e999f4a2154be5b659 0dcfd25d578349e999f4a2154be5b659] 199.19.213.81 "GET /allocations/c5cb518c-6470-4d47-b391-c5f3487bc0d3" status: 200 len: 243 microversion: 1.28 [pid: 8|app: 0|req: 380/762] 199.19.213.81 () {34 vars in 860 bytes} [Tue Mar 3 13:01:10 2026] GET /allocations/c5cb518c-6470-4d47-b391-c5f3487bc0d3 => generated 243 bytes in 12 msecs (HTTP/1.1 200) 8 headers in 296 bytes (1 switches on core 0)
2026-03-03 13:01:10.073 7 INFO placement.requestlog [req-c59e52c7-7779-4638-b544-d36ff405e530 req-a35b7458-eb07-46c4-ac82-4e5556932f05 9be76ad280be4391a6f9d19e6cf3c916 0ef59d643975475898e65c5f767ef633 - - 0dcfd25d578349e999f4a2154be5b659 0dcfd25d578349e999f4a2154be5b659] 199.19.213.81 "GET /allocations/d95316b6-997f-4d3a-9541-bd11e8859602" status: 200 len: 257 microversion: 1.28 [pid: 7|app: 0|req: 383/763] 199.19.213.81 () {34 vars in 860 bytes} [Tue Mar 3 13:01:10 2026] GET /allocations/d95316b6-997f-4d3a-9541-bd11e8859602 => generated 257 bytes in 8 msecs (HTTP/1.1 200) 8 headers in 296 bytes (1 switches on core 0)
2026-03-03 13:01:12.850 8 INFO placement.requestlog [None req-4948c14c-c9f9-41c6-8c55-74c0bcd744b2 - - - - - -] 10.0.0.149 "GET /" status: 200 len: 136 microversion: 1.0
2026-03-03 13:01:12.850 7 INFO placement.requestlog [None req-5b3cdc4e-cec6-4d4c-9963-bf7d2320ea5d - - - - - -] 10.0.0.149 "GET /" status: 200 len: 136 microversion: 1.0
2026-03-03 13:01:17.947 8 INFO placement.requestlog [req-2d7a3b09-1616-43a5-803c-740e540aa671 req-ad2c9748-34ab-4568-9c20-89704d668938 9be76ad280be4391a6f9d19e6cf3c916 0ef59d643975475898e65c5f767ef633 - - 0dcfd25d578349e999f4a2154be5b659 0dcfd25d578349e999f4a2154be5b659] 199.19.213.81 "GET /resource_providers/c0b86d80-7a32-470a-987e-2d77f6245802/allocations" status: 200 len: 338 microversion: 1.0 [pid: 8|app: 0|req: 382/766] 199.19.213.81 () {32 vars in 854 bytes} [Tue Mar 3 13:01:17 2026] GET /resource_providers/c0b86d80-7a32-470a-987e-2d77f6245802/allocations => generated 338 bytes in 32 msecs (HTTP/1.1 200) 6 headers in 224 bytes (1 switches on core 0)
2026-03-03 13:01:17.986 7 INFO placement.requestlog [req-2d7a3b09-1616-43a5-803c-740e540aa671 req-21862747-2031-4afd-be12-9413ddb89f64 9be76ad280be4391a6f9d19e6cf3c916 0ef59d643975475898e65c5f767ef633 - - 0dcfd25d578349e999f4a2154be5b659 0dcfd25d578349e999f4a2154be5b659] 199.19.213.81 "GET /resource_providers/c0b86d80-7a32-470a-987e-2d77f6245802/allocations" status: 200 len: 338 microversion: 1.0 [pid: 7|app: 0|req: 385/767] 199.19.213.81 () {32 vars in 854 bytes} [Tue Mar 3 13:01:17 2026] GET /resource_providers/c0b86d80-7a32-470a-987e-2d77f6245802/allocations => generated 338 bytes in 31 msecs (HTTP/1.1 200) 6 headers in 224 bytes (1 switches on core 0)
2026-03-03 13:01:18.004 8 INFO placement.requestlog [req-2d7a3b09-1616-43a5-803c-740e540aa671 req-876dd9de-0d26-4d88-bf9b-0eb5cd890ef5 9be76ad280be4391a6f9d19e6cf3c916 0ef59d643975475898e65c5f767ef633 - - 0dcfd25d578349e999f4a2154be5b659 0dcfd25d578349e999f4a2154be5b659] 199.19.213.81 "GET /allocations/285fb83c-0958-4282-a4ba-e1c3bf18e6f2" status: 200 len: 257 microversion: 1.28 [pid: 8|app: 0|req: 383/768] 199.19.213.81 () {34 vars in 860 bytes} [Tue Mar 3 13:01:17 2026] GET /allocations/285fb83c-0958-4282-a4ba-e1c3bf18e6f2 => generated 257 bytes in 12 msecs (HTTP/1.1 200) 8 headers in 296 bytes (1 switches on core 0)
2026-03-03 13:01:18.034 7 INFO placement.requestlog [req-2d7a3b09-1616-43a5-803c-740e540aa671 req-0ecce0a6-0fce-4f52-99f4-5fe72f7de367 9be76ad280be4391a6f9d19e6cf3c916 0ef59d643975475898e65c5f767ef633 - - 0dcfd25d578349e999f4a2154be5b659 0dcfd25d578349e999f4a2154be5b659] 199.19.213.81 "GET /allocations/c5cb518c-6470-4d47-b391-c5f3487bc0d3" status: 200 len: 243 microversion: 1.28 [pid: 7|app: 0|req: 386/769] 199.19.213.81 () {34 vars in 860 bytes} [Tue Mar 3 13:01:18 2026] GET /allocations/c5cb518c-6470-4d47-b391-c5f3487bc0d3 => generated 243 bytes in 26 msecs (HTTP/1.1 200) 8 headers in 296 bytes (1 switches on core 0)
2026-03-03 13:01:18.051 8 INFO placement.requestlog [req-2d7a3b09-1616-43a5-803c-740e540aa671 req-fca9e5cc-cb9d-42cc-884f-aa1886e59b7b 9be76ad280be4391a6f9d19e6cf3c916 0ef59d643975475898e65c5f767ef633 - - 0dcfd25d578349e999f4a2154be5b659 0dcfd25d578349e999f4a2154be5b659] 199.19.213.81 "GET /allocations/d95316b6-997f-4d3a-9541-bd11e8859602" status: 200 len: 257 microversion: 1.28 [pid: 8|app: 0|req: 384/770] 199.19.213.81 () {34 vars in 860 bytes} [Tue Mar 3 13:01:18 2026] GET /allocations/d95316b6-997f-4d3a-9541-bd11e8859602 => generated 257 bytes in 13 msecs (HTTP/1.1 200) 8 headers in 296 bytes (1 switches on core 0)
2026-03-03 13:01:19.162 7 INFO placement.requestlog [req-813d65d7-a04d-4216-a322-67c70b189866 req-3d775f3f-4d60-4cb7-a467-64e8be54e3b1 9be76ad280be4391a6f9d19e6cf3c916 0ef59d643975475898e65c5f767ef633 - - 0dcfd25d578349e999f4a2154be5b659 0dcfd25d578349e999f4a2154be5b659] 199.19.213.81 "GET /resource_providers/c0b86d80-7a32-470a-987e-2d77f6245802/allocations" status: 200 len: 338 microversion: 1.0 [pid: 7|app: 0|req: 387/771] 199.19.213.81 () {32 vars in 854 bytes} [Tue Mar 3 13:01:19 2026] GET /resource_providers/c0b86d80-7a32-470a-987e-2d77f6245802/allocations => generated 338 bytes in 22 msecs (HTTP/1.1 200) 6 headers in 224 bytes (1 switches on core 0)
2026-03-03 13:01:19.182 8 INFO placement.requestlog [req-813d65d7-a04d-4216-a322-67c70b189866 req-cf4ad4be-4f8c-4ea2-90e6-8d6e1a9e15ce 9be76ad280be4391a6f9d19e6cf3c916 0ef59d643975475898e65c5f767ef633 - - 0dcfd25d578349e999f4a2154be5b659 0dcfd25d578349e999f4a2154be5b659] 199.19.213.81 "GET /allocations/285fb83c-0958-4282-a4ba-e1c3bf18e6f2" status: 200 len: 257 microversion: 1.28 [pid: 8|app: 0|req: 385/772] 199.19.213.81 () {34 vars in 860 bytes} [Tue Mar 3 13:01:19 2026] GET /allocations/285fb83c-0958-4282-a4ba-e1c3bf18e6f2 => generated 257 bytes in 14 msecs (HTTP/1.1 200) 8 headers in 296 bytes (1 switches on core 0)
2026-03-03 13:01:19.210 7 INFO placement.requestlog [req-813d65d7-a04d-4216-a322-67c70b189866 req-3897ae83-aeed-496b-b0e5-d9683e449b18 9be76ad280be4391a6f9d19e6cf3c916 0ef59d643975475898e65c5f767ef633 - - 0dcfd25d578349e999f4a2154be5b659 0dcfd25d578349e999f4a2154be5b659] 199.19.213.81 "GET /allocations/c5cb518c-6470-4d47-b391-c5f3487bc0d3" status: 200 len: 243 microversion: 1.28 [pid: 7|app: 0|req: 388/773] 199.19.213.81 () {34 vars in 860 bytes} [Tue Mar 3 13:01:19 2026] GET /allocations/c5cb518c-6470-4d47-b391-c5f3487bc0d3 => generated 243 bytes in 21 msecs (HTTP/1.1 200) 8 headers in 296 bytes (1 switches on core 0)
2026-03-03 13:01:19.226 8 INFO placement.requestlog [req-813d65d7-a04d-4216-a322-67c70b189866 req-54c494cf-0b93-4137-9771-fb2137b5be84 9be76ad280be4391a6f9d19e6cf3c916 0ef59d643975475898e65c5f767ef633 - - 0dcfd25d578349e999f4a2154be5b659 0dcfd25d578349e999f4a2154be5b659] 199.19.213.81 "GET /allocations/d95316b6-997f-4d3a-9541-bd11e8859602" status: 200 len: 257 microversion: 1.28 [pid: 8|app: 0|req: 386/774] 199.19.213.81 () {34 vars in 860 bytes} [Tue Mar 3 13:01:19 2026] GET /allocations/d95316b6-997f-4d3a-9541-bd11e8859602 => generated 257 bytes in 12 msecs (HTTP/1.1 200) 8 headers in 296 bytes (1 switches on core 0)
2026-03-03 13:01:20.686 7 INFO placement.requestlog [req-813d65d7-a04d-4216-a322-67c70b189866 req-2d5da1c1-a6fc-4460-969a-5ad2afcaadfd 9be76ad280be4391a6f9d19e6cf3c916 0ef59d643975475898e65c5f767ef633 - - 0dcfd25d578349e999f4a2154be5b659 0dcfd25d578349e999f4a2154be5b659] 199.19.213.81 "DELETE /allocations/285fb83c-0958-4282-a4ba-e1c3bf18e6f2" status: 204 len: 0 microversion: 1.0 [pid: 7|app: 0|req: 389/775] 199.19.213.81 () {34 vars in 838 bytes} [Tue Mar 3 13:01:20 2026] DELETE /allocations/285fb83c-0958-4282-a4ba-e1c3bf18e6f2 => generated 0 bytes in 442 msecs (HTTP/1.1 204) 5 headers in 198 bytes (1 switches on core 0)
2026-03-03 13:01:22.848 7 INFO placement.requestlog [None req-5e2af62f-d773-4740-88b7-c9b55a4c7790 - - - - - -] 10.0.0.149 "GET /" status: 200 len: 136 microversion: 1.0
2026-03-03 13:01:22.848 8 INFO placement.requestlog [None req-7a23aab3-3f7a-482f-89f4-3912b2c846b8 - - - - - -] 10.0.0.149 "GET /" status: 200 len: 136 microversion: 1.0
2026-03-03 13:01:27.271 7 INFO placement.requestlog [None req-b2404749-32d8-4780-84b3-a49dd15ce24e 3a44b4756d2c48369d92a9a82055c623 0ef59d643975475898e65c5f767ef633 - - 0dcfd25d578349e999f4a2154be5b659 0dcfd25d578349e999f4a2154be5b659] 10.0.0.109 "GET /resource_providers/9ea0bc41-d80f-4148-9fda-d3feb59191d0/aggregates" status: 404 len: 235 microversion: 1.1 [pid: 7|app: 0|req: 391/778] 10.0.0.109 () {32 vars in 814 bytes} [Tue Mar 3 13:01:27 2026] GET /resource_providers/9ea0bc41-d80f-4148-9fda-d3feb59191d0/aggregates => generated 235 bytes in 11 msecs (HTTP/1.1 404) 5 headers in 202 bytes (1 switches on core 0)
2026-03-03 13:01:27.276 8 INFO placement.requestlog [None req-4c5146fc-1064-4bc5-9308-87678f9dd435 3a44b4756d2c48369d92a9a82055c623 0ef59d643975475898e65c5f767ef633 - - 0dcfd25d578349e999f4a2154be5b659 0dcfd25d578349e999f4a2154be5b659] 10.0.0.109 "GET /resource_providers/9ea0bc41-d80f-4148-9fda-d3feb59191d0/aggregates" status: 404 len: 235 microversion: 1.1 [pid: 8|app: 0|req: 388/779] 10.0.0.109 () {32 vars in 814 bytes} [Tue Mar 3 13:01:27 2026] GET /resource_providers/9ea0bc41-d80f-4148-9fda-d3feb59191d0/aggregates => generated 235 bytes in 12 msecs (HTTP/1.1 404) 5 headers in 202 bytes (1 switches on core 0)
2026-03-03 13:01:27.299 7 INFO placement.requestlog [None req-7499b6a5-d9b9-4996-86c0-f46f2b1f2146 3a44b4756d2c48369d92a9a82055c623 0ef59d643975475898e65c5f767ef633 - - 0dcfd25d578349e999f4a2154be5b659 0dcfd25d578349e999f4a2154be5b659] 10.0.0.109 "DELETE /resource_providers/9ea0bc41-d80f-4148-9fda-d3feb59191d0" status: 404 len: 246 microversion: 1.1 [pid: 7|app: 0|req: 392/780] 10.0.0.109 () {34 vars in 814 bytes} [Tue Mar 3 13:01:27 2026] DELETE /resource_providers/9ea0bc41-d80f-4148-9fda-d3feb59191d0 => generated 246 bytes in 12 msecs (HTTP/1.1 404) 6 headers in 231 bytes (1 switches on core 0)
2026-03-03 13:01:27.303 8 INFO placement.requestlog [None req-a7c18697-b482-4f9a-8b7a-c55a46b3bb3f 3a44b4756d2c48369d92a9a82055c623 0ef59d643975475898e65c5f767ef633 - - 0dcfd25d578349e999f4a2154be5b659 0dcfd25d578349e999f4a2154be5b659] 10.0.0.109 "DELETE /resource_providers/9ea0bc41-d80f-4148-9fda-d3feb59191d0" status: 404 len: 246 microversion: 1.1 [pid: 8|app: 0|req: 389/781] 10.0.0.109 () {34 vars in 814 bytes} [Tue Mar 3 13:01:27 2026] DELETE /resource_providers/9ea0bc41-d80f-4148-9fda-d3feb59191d0 => generated 246 bytes in 13 msecs (HTTP/1.1 404) 6 headers in 231 bytes (1 switches on core 0)
2026-03-03 13:01:30.068 7 INFO placement.requestlog [req-de691dfa-fea9-44bf-a42f-4d0237ad179f req-9ea44791-e139-4a27-8a9d-e3e2c638131a 9be76ad280be4391a6f9d19e6cf3c916 0ef59d643975475898e65c5f767ef633 - - 0dcfd25d578349e999f4a2154be5b659 0dcfd25d578349e999f4a2154be5b659] 199.19.213.81 "GET /resource_providers/c0b86d80-7a32-470a-987e-2d77f6245802/allocations" status: 200 len: 238 microversion: 1.0 [pid: 7|app: 0|req: 393/782] 199.19.213.81 () {32 vars in 854 bytes} [Tue Mar 3 13:01:30 2026] GET /resource_providers/c0b86d80-7a32-470a-987e-2d77f6245802/allocations => generated 238 bytes in 29 msecs (HTTP/1.1 200) 6 headers in 224 bytes (1 switches on core 0)
2026-03-03 13:01:30.099 8 INFO placement.requestlog [req-de691dfa-fea9-44bf-a42f-4d0237ad179f req-06f2798a-7c97-4ece-8d6c-a1a39d29d98b 9be76ad280be4391a6f9d19e6cf3c916 0ef59d643975475898e65c5f767ef633 - - 0dcfd25d578349e999f4a2154be5b659 0dcfd25d578349e999f4a2154be5b659] 199.19.213.81 "GET /allocations/c5cb518c-6470-4d47-b391-c5f3487bc0d3" status: 200 len: 243 microversion: 1.28 [pid: 8|app: 0|req: 390/783] 199.19.213.81 () {34 vars in 860 bytes} [Tue Mar 3 13:01:30 2026] GET /allocations/c5cb518c-6470-4d47-b391-c5f3487bc0d3 => generated 243 bytes in 21 msecs (HTTP/1.1 200) 8 headers in 296 bytes (1 switches on core 0)
2026-03-03 13:01:30.130 7 INFO placement.requestlog [req-de691dfa-fea9-44bf-a42f-4d0237ad179f req-bbec430b-0f23-4164-b0fc-a34a4e31db07 9be76ad280be4391a6f9d19e6cf3c916 0ef59d643975475898e65c5f767ef633 - - 0dcfd25d578349e999f4a2154be5b659 0dcfd25d578349e999f4a2154be5b659] 199.19.213.81 "GET /allocations/d95316b6-997f-4d3a-9541-bd11e8859602" status: 200 len: 257 microversion: 1.28 [pid: 7|app: 0|req: 394/784] 199.19.213.81 () {34 vars in 860 bytes} [Tue Mar 3 13:01:30 2026] GET /allocations/d95316b6-997f-4d3a-9541-bd11e8859602 => generated 257 bytes in 25 msecs (HTTP/1.1 200) 8 headers in 296 bytes (1 switches on core 0)
2026-03-03 13:01:31.191 8 INFO placement.requestlog [req-de691dfa-fea9-44bf-a42f-4d0237ad179f req-40d5e42f-74e6-4c8a-8996-6d2ec6ac019a 9be76ad280be4391a6f9d19e6cf3c916 0ef59d643975475898e65c5f767ef633 - - 0dcfd25d578349e999f4a2154be5b659 0dcfd25d578349e999f4a2154be5b659] 199.19.213.81 "DELETE /allocations/c5cb518c-6470-4d47-b391-c5f3487bc0d3" status: 204 len: 0 microversion: 1.0 [pid: 8|app: 0|req: 391/785] 199.19.213.81 () {34 vars in 838 bytes} [Tue Mar 3 13:01:31 2026] DELETE /allocations/c5cb518c-6470-4d47-b391-c5f3487bc0d3 => generated 0 bytes in 34 msecs (HTTP/1.1 204) 5 headers in 198 bytes (1 switches on core 0)
2026-03-03 13:01:32.849 7 INFO placement.requestlog [None req-7ef1ffeb-0c9a-404f-b5c0-838389d2f087 - - - - - -] 10.0.0.149 "GET /" status: 200 len: 136 microversion: 1.0
2026-03-03 13:01:32.849 8 INFO placement.requestlog [None req-91485d1d-48de-454c-aef4-9267fa3c6460 - - - - - -] 10.0.0.149 "GET /" status: 200 len: 136 microversion: 1.0
2026-03-03 13:01:35.635 8 INFO placement.requestlog [None req-e44f4ebe-3a06-4b5d-9516-3ba62364a305 3a44b4756d2c48369d92a9a82055c623 0ef59d643975475898e65c5f767ef633 - - 0dcfd25d578349e999f4a2154be5b659 0dcfd25d578349e999f4a2154be5b659] 10.0.0.109 "GET /resource_providers/57f23c81-fcd7-4c5e-b3b1-76b1a9c2ec5d/aggregates" status: 404 len: 235 microversion: 1.1 [pid: 8|app: 0|req: 393/788] 10.0.0.109 () {32 vars in 814 bytes} [Tue Mar 3 13:01:35 2026] GET /resource_providers/57f23c81-fcd7-4c5e-b3b1-76b1a9c2ec5d/aggregates => generated 235 bytes in 12 msecs (HTTP/1.1 404) 5 headers in 202 bytes (1 switches on core 0)
2026-03-03 13:01:35.641 7 INFO placement.requestlog [None req-4c254f26-07bc-47c7-8140-96e0c6eec371 3a44b4756d2c48369d92a9a82055c623 0ef59d643975475898e65c5f767ef633 - - 0dcfd25d578349e999f4a2154be5b659 0dcfd25d578349e999f4a2154be5b659] 10.0.0.109 "GET /resource_providers/57f23c81-fcd7-4c5e-b3b1-76b1a9c2ec5d/aggregates" status: 404 len: 235 microversion: 1.1 [pid: 7|app: 0|req: 396/789] 10.0.0.109 () {32 vars in 814 bytes} [Tue Mar 3 13:01:35 2026] GET /resource_providers/57f23c81-fcd7-4c5e-b3b1-76b1a9c2ec5d/aggregates => generated 235 bytes in 14 msecs (HTTP/1.1 404) 5 headers in 202 bytes (1 switches on core 0)
2026-03-03 13:01:35.659 7 INFO placement.requestlog [None req-99657fc4-05e5-451c-9c13-0c217c45e4ff 3a44b4756d2c48369d92a9a82055c623 0ef59d643975475898e65c5f767ef633 - - 0dcfd25d578349e999f4a2154be5b659 0dcfd25d578349e999f4a2154be5b659] 10.0.0.109 "DELETE /resource_providers/57f23c81-fcd7-4c5e-b3b1-76b1a9c2ec5d" status: 404 len: 246 microversion: 1.1 [pid: 7|app: 0|req: 397/790] 10.0.0.109 () {34 vars in 814 bytes} [Tue Mar 3 13:01:35 2026] DELETE /resource_providers/57f23c81-fcd7-4c5e-b3b1-76b1a9c2ec5d => generated 246 bytes in 9 msecs (HTTP/1.1 404) 6 headers in 231 bytes (1 switches on core 0)
2026-03-03 13:01:35.661 8 INFO placement.requestlog [None req-b5290754-e2b2-45ce-afd8-16ec0c0596cd 3a44b4756d2c48369d92a9a82055c623 0ef59d643975475898e65c5f767ef633 - - 0dcfd25d578349e999f4a2154be5b659 0dcfd25d578349e999f4a2154be5b659] 10.0.0.109 "DELETE /resource_providers/57f23c81-fcd7-4c5e-b3b1-76b1a9c2ec5d" status: 404 len: 246 microversion: 1.1 [pid: 8|app: 0|req: 394/791] 10.0.0.109 () {34 vars in 814 bytes} [Tue Mar 3 13:01:35 2026] DELETE /resource_providers/57f23c81-fcd7-4c5e-b3b1-76b1a9c2ec5d => generated 246 bytes in 14 msecs (HTTP/1.1 404) 6 headers in 231 bytes (1 switches on core 0)
2026-03-03 13:01:42.849 8 INFO placement.requestlog [None req-789ae22d-c10e-4025-9b14-c8653879a63b - - - - - -] 10.0.0.149 "GET /" status: 200 len: 136 microversion: 1.0
2026-03-03 13:01:42.851 7 INFO placement.requestlog [None req-f27bc860-9d43-4363-8fb1-28fbece26dde - - - - - -] 10.0.0.149 "GET /" status: 200 len: 136 microversion: 1.0
2026-03-03 13:01:46.077 7 INFO placement.requestlog [None req-1208fc90-ed6e-4c55-af46-d668582be31a 3a44b4756d2c48369d92a9a82055c623 0ef59d643975475898e65c5f767ef633 - - 0dcfd25d578349e999f4a2154be5b659 0dcfd25d578349e999f4a2154be5b659] 10.0.0.109 "GET /resource_providers/dd8c60e1-254f-490b-8172-9c86fb6a3996/aggregates" status: 404 len: 235 microversion: 1.1 [pid: 7|app: 0|req: 399/794] 10.0.0.109 () {32 vars in 814 bytes} [Tue Mar 3 13:01:46 2026] GET /resource_providers/dd8c60e1-254f-490b-8172-9c86fb6a3996/aggregates => generated 235 bytes in 10 msecs (HTTP/1.1 404) 5 headers in 202 bytes (1 switches on core 0)
2026-03-03 13:01:46.078 8 INFO placement.requestlog [None req-90cd742d-05a1-4e45-829c-10d159e6f34d 3a44b4756d2c48369d92a9a82055c623 0ef59d643975475898e65c5f767ef633 - - 0dcfd25d578349e999f4a2154be5b659 0dcfd25d578349e999f4a2154be5b659] 10.0.0.109 "GET /resource_providers/dd8c60e1-254f-490b-8172-9c86fb6a3996/aggregates" status: 404 len: 235 microversion: 1.1 [pid: 8|app: 0|req: 396/795] 10.0.0.109 () {32 vars in 814 bytes} [Tue Mar 3 13:01:46 2026] GET /resource_providers/dd8c60e1-254f-490b-8172-9c86fb6a3996/aggregates => generated 235 bytes in 14 msecs (HTTP/1.1 404) 5 headers in 202 bytes (1 switches on core 0)
2026-03-03 13:01:46.106 7 INFO placement.requestlog [None req-d3a1c761-13f5-4116-8e65-81b56b0951ad 3a44b4756d2c48369d92a9a82055c623 0ef59d643975475898e65c5f767ef633 - - 0dcfd25d578349e999f4a2154be5b659 0dcfd25d578349e999f4a2154be5b659] 10.0.0.109 "DELETE /resource_providers/dd8c60e1-254f-490b-8172-9c86fb6a3996" status: 404 len: 246 microversion: 1.1 [pid: 7|app: 0|req: 400/796] 10.0.0.109 () {34 vars in 814 bytes} [Tue Mar 3 13:01:46 2026] DELETE /resource_providers/dd8c60e1-254f-490b-8172-9c86fb6a3996 => generated 246 bytes in 10 msecs (HTTP/1.1 404) 6 headers in 231 bytes (1 switches on core 0)
2026-03-03 13:01:46.109 8 INFO placement.requestlog [None req-b2e23639-5ed5-48fc-b3b3-540ade20f0e3 3a44b4756d2c48369d92a9a82055c623 0ef59d643975475898e65c5f767ef633 - - 0dcfd25d578349e999f4a2154be5b659 0dcfd25d578349e999f4a2154be5b659] 10.0.0.109 "DELETE /resource_providers/dd8c60e1-254f-490b-8172-9c86fb6a3996" status: 404 len: 246 microversion: 1.1 [pid: 8|app: 0|req: 397/797] 10.0.0.109 () {34 vars in 814 bytes} [Tue Mar 3 13:01:46 2026] DELETE /resource_providers/dd8c60e1-254f-490b-8172-9c86fb6a3996 => generated 246 bytes in 8 msecs (HTTP/1.1 404) 6 headers in 231 bytes (1 switches on core 0)
2026-03-03 13:01:47.222 7 INFO placement.requestlog [None req-54892bea-3ece-423a-b70f-58c499775a09 3a44b4756d2c48369d92a9a82055c623 0ef59d643975475898e65c5f767ef633 - - 0dcfd25d578349e999f4a2154be5b659 0dcfd25d578349e999f4a2154be5b659] 10.0.0.109 "GET /resource_providers/16e32113-0088-44fa-9be5-4e87b0334358/aggregates" status: 404 len: 235 microversion: 1.1
2026-03-03 13:01:47.222 8 INFO placement.requestlog [None req-7b996a30-db50-4c75-b83f-37f0d61c2b5f 3a44b4756d2c48369d92a9a82055c623 0ef59d643975475898e65c5f767ef633 - - 0dcfd25d578349e999f4a2154be5b659 0dcfd25d578349e999f4a2154be5b659] 10.0.0.109 "GET /resource_providers/16e32113-0088-44fa-9be5-4e87b0334358/aggregates" status: 404 len: 235 microversion: 1.1 [pid: 7|app: 0|req: 401/798] 10.0.0.109 () {32 vars in 814 bytes} [Tue Mar 3 13:01:46 2026] GET /resource_providers/16e32113-0088-44fa-9be5-4e87b0334358/aggregates => generated 235 bytes in 256 msecs (HTTP/1.1 404) 5 headers in 202 bytes (1 switches on core 0) [pid: 8|app: 0|req: 398/799] 10.0.0.109 () {32 vars in 814 bytes} [Tue Mar 3 13:01:46 2026] GET /resource_providers/16e32113-0088-44fa-9be5-4e87b0334358/aggregates => generated 235 bytes in 243 msecs (HTTP/1.1 404) 5 headers in 202 bytes (1 switches on core 0)
2026-03-03 13:01:47.243 7 INFO placement.requestlog [None req-8d7129e8-098d-4837-b8dc-334c54adab8a 3a44b4756d2c48369d92a9a82055c623 0ef59d643975475898e65c5f767ef633 - - 0dcfd25d578349e999f4a2154be5b659 0dcfd25d578349e999f4a2154be5b659] 10.0.0.109 "DELETE /resource_providers/16e32113-0088-44fa-9be5-4e87b0334358" status: 404 len: 246 microversion: 1.1 [pid: 7|app: 0|req: 402/800] 10.0.0.109 () {34 vars in 814 bytes} [Tue Mar 3 13:01:47 2026] DELETE /resource_providers/16e32113-0088-44fa-9be5-4e87b0334358 => generated 246 bytes in 7 msecs (HTTP/1.1 404) 6 headers in 231 bytes (1 switches on core 0)
2026-03-03 13:01:47.249 8 INFO placement.requestlog [None req-c7e84730-36b8-49f1-bd6c-a34ba341b787 3a44b4756d2c48369d92a9a82055c623 0ef59d643975475898e65c5f767ef633 - - 0dcfd25d578349e999f4a2154be5b659 0dcfd25d578349e999f4a2154be5b659] 10.0.0.109 "DELETE /resource_providers/16e32113-0088-44fa-9be5-4e87b0334358" status: 404 len: 246 microversion: 1.1 [pid: 8|app: 0|req: 399/801] 10.0.0.109 () {34 vars in 814 bytes} [Tue Mar 3 13:01:47 2026] DELETE /resource_providers/16e32113-0088-44fa-9be5-4e87b0334358 => generated 246 bytes in 9 msecs (HTTP/1.1 404) 6 headers in 231 bytes (1 switches on core 0)
2026-03-03 13:01:50.482 7 INFO placement.requestlog [None req-5e345a47-0019-4ae9-a159-1fd4f719b334 a650ce9a1e0145fba4cea8765edf7728 58f559072b214ffd9203bce1c5ba3b96 - - default default] 10.0.0.96 "GET /resource_providers" status: 200 len: 405 microversion: 1.0 [pid: 7|app: 0|req: 403/802] 10.0.0.96 () {28 vars in 590 bytes} [Tue Mar 3 13:01:50 2026] GET /resource_providers => generated 405 bytes in 160 msecs (HTTP/1.1 200) 6 headers in 224 bytes (1 switches on core 0)
2026-03-03 13:01:50.508 8 INFO placement.requestlog [None req-22802fb5-11b7-4e2c-8a17-279e5ae6c34a a650ce9a1e0145fba4cea8765edf7728 58f559072b214ffd9203bce1c5ba3b96 - - default default] 10.0.0.96 "GET /resource_providers/c0b86d80-7a32-470a-987e-2d77f6245802/inventories" status: 200 len: 400 microversion: 1.0 [pid: 8|app: 0|req: 400/803] 10.0.0.96 () {28 vars in 688 bytes} [Tue Mar 3 13:01:50 2026] GET /resource_providers/c0b86d80-7a32-470a-987e-2d77f6245802/inventories => generated 400 bytes in 21 msecs (HTTP/1.1 200) 6 headers in 224 bytes (1 switches on core 0)
2026-03-03 13:01:50.534 7 INFO placement.requestlog [None req-436e3445-daa4-44df-a556-2790f551ae1d a650ce9a1e0145fba4cea8765edf7728 58f559072b214ffd9203bce1c5ba3b96 - - default default] 10.0.0.96 "GET /resource_providers/c0b86d80-7a32-470a-987e-2d77f6245802/usages" status: 200 len: 90 microversion: 1.0 [pid: 7|app: 0|req: 404/804] 10.0.0.96 () {28 vars in 678 bytes} [Tue Mar 3 13:01:50 2026] GET /resource_providers/c0b86d80-7a32-470a-987e-2d77f6245802/usages => generated 90 bytes in 21 msecs (HTTP/1.1 200) 6 headers in 223 bytes (1 switches on core 0)
2026-03-03 13:01:51.644 8 INFO placement.requestlog [req-75d1cf57-a3e9-4ffc-81f1-cb38d3464b35 req-cf5c35c9-8dfd-4278-adcf-19e24b9ac86d 9be76ad280be4391a6f9d19e6cf3c916 0ef59d643975475898e65c5f767ef633 - - 0dcfd25d578349e999f4a2154be5b659 0dcfd25d578349e999f4a2154be5b659] 10.0.0.68 "GET /allocation_candidates?limit=1000&resources=DISK_GB%3A1%2CMEMORY_MB%3A512%2CVCPU%3A1&root_required=%21COMPUTE_STATUS_DISABLED" status: 200 len: 2783 microversion: 1.36 [pid: 8|app: 0|req: 401/805] 10.0.0.68 () {34 vars in 1009 bytes} [Tue Mar 3 13:01:51 2026] GET /allocation_candidates?limit=1000&resources=DISK_GB%3A1%2CMEMORY_MB%3A512%2CVCPU%3A1&root_required=%21COMPUTE_STATUS_DISABLED => generated 2783 bytes in 45 msecs (HTTP/1.1 200) 8 headers in 297 bytes (1 switches on core 0)
2026-03-03 13:01:51.680 7 INFO placement.requestlog [req-75d1cf57-a3e9-4ffc-81f1-cb38d3464b35 req-666190ea-39dc-4620-abde-e45373b0a5d7 9be76ad280be4391a6f9d19e6cf3c916 0ef59d643975475898e65c5f767ef633 - - 0dcfd25d578349e999f4a2154be5b659 0dcfd25d578349e999f4a2154be5b659] 10.0.0.68 "GET /allocations/45800b3a-f073-40d6-8062-883620c11b08" status: 200 len: 19 microversion: 1.28 [pid: 7|app: 0|req: 405/806] 10.0.0.68 () {34 vars in 858 bytes} [Tue Mar 3 13:01:51 2026] GET /allocations/45800b3a-f073-40d6-8062-883620c11b08 => generated 19 bytes in 13 msecs (HTTP/1.1 200) 8 headers in 295 bytes (1 switches on core 0)
2026-03-03 13:01:51.751 8 INFO placement.requestlog [req-75d1cf57-a3e9-4ffc-81f1-cb38d3464b35 req-39e40695-42f2-487c-9eb3-128e6191c4f3 9be76ad280be4391a6f9d19e6cf3c916 0ef59d643975475898e65c5f767ef633 - - 0dcfd25d578349e999f4a2154be5b659 0dcfd25d578349e999f4a2154be5b659] 10.0.0.68 "PUT /allocations/45800b3a-f073-40d6-8062-883620c11b08" status: 204 len: 0 microversion: 1.36 [pid: 8|app: 0|req: 402/807] 10.0.0.68 () {38 vars in 911 bytes} [Tue Mar 3 13:01:51 2026] PUT /allocations/45800b3a-f073-40d6-8062-883620c11b08 => generated 0 bytes in 59 msecs (HTTP/1.1 204) 5 headers in 199 bytes (1 switches on core 0)
2026-03-03 13:01:52.673 7 INFO placement.requestlog [req-a99cfaf1-bf3a-4c9d-90a7-d16bb7a19eb6 req-740e38bb-69b4-4721-97d3-b279b90e1bd9 9be76ad280be4391a6f9d19e6cf3c916 0ef59d643975475898e65c5f767ef633 - - 0dcfd25d578349e999f4a2154be5b659 0dcfd25d578349e999f4a2154be5b659] 199.19.213.81 "GET /resource_providers/c0b86d80-7a32-470a-987e-2d77f6245802/allocations" status: 200 len: 252 microversion: 1.0 [pid: 7|app: 0|req: 406/808] 199.19.213.81 () {32 vars in 854 bytes} [Tue Mar 3 13:01:52 2026] GET /resource_providers/c0b86d80-7a32-470a-987e-2d77f6245802/allocations => generated 252 bytes in 13 msecs (HTTP/1.1 200) 6 headers in 224 bytes (1 switches on core 0)
2026-03-03 13:01:52.702 8 INFO placement.requestlog [req-a99cfaf1-bf3a-4c9d-90a7-d16bb7a19eb6 req-e3d9a5ad-7543-4088-a22c-3e6a59e3f7f4 9be76ad280be4391a6f9d19e6cf3c916 0ef59d643975475898e65c5f767ef633 - - 0dcfd25d578349e999f4a2154be5b659 0dcfd25d578349e999f4a2154be5b659] 199.19.213.81 "GET /allocations/45800b3a-f073-40d6-8062-883620c11b08" status: 200 len: 257 microversion: 1.28 [pid: 8|app: 0|req: 403/809] 199.19.213.81 () {34 vars in 860 bytes} [Tue Mar 3 13:01:52 2026] GET /allocations/45800b3a-f073-40d6-8062-883620c11b08 => generated 257 bytes in 23 msecs (HTTP/1.1 200) 8 headers in 296 bytes (1 switches on core 0)
2026-03-03 13:01:52.715 7 INFO placement.requestlog [req-a99cfaf1-bf3a-4c9d-90a7-d16bb7a19eb6 req-1fe15569-37c1-4019-8cbc-65483b96e76a 9be76ad280be4391a6f9d19e6cf3c916 0ef59d643975475898e65c5f767ef633 - - 0dcfd25d578349e999f4a2154be5b659 0dcfd25d578349e999f4a2154be5b659] 199.19.213.81 "GET /allocations/d95316b6-997f-4d3a-9541-bd11e8859602" status: 200 len: 257 microversion: 1.28 [pid: 7|app: 0|req: 407/810] 199.19.213.81 () {34 vars in 860 bytes} [Tue Mar 3 13:01:52 2026] GET /allocations/d95316b6-997f-4d3a-9541-bd11e8859602 => generated 257 bytes in 9 msecs (HTTP/1.1 200) 8 headers in 296 bytes (1 switches on core 0)
2026-03-03 13:01:52.849 8 INFO placement.requestlog [None req-f07aca79-ec59-419c-b488-85455dbe9c25 - - - - - -] 10.0.0.149 "GET /" status: 200 len: 136 microversion: 1.0
2026-03-03 13:01:52.850 7 INFO placement.requestlog [None req-0c1bb63e-048a-4a67-8503-5f102e930bdc - - - - - -] 10.0.0.149 "GET /" status: 200 len: 136 microversion: 1.0
2026-03-03 13:01:53.212 8 INFO placement.requestlog [None req-011e6680-1aa8-43e7-b2b9-20d7de87b325 3a44b4756d2c48369d92a9a82055c623 0ef59d643975475898e65c5f767ef633 - - 0dcfd25d578349e999f4a2154be5b659 0dcfd25d578349e999f4a2154be5b659] 10.0.0.109 "GET /resource_providers/ae65cb79-e2f9-4b93-a903-dab4fcaf37f9/aggregates" status: 404 len: 235 microversion: 1.1 [pid: 8|app: 0|req: 405/813] 10.0.0.109 () {32 vars in 814 bytes} [Tue Mar 3 13:01:53 2026] GET /resource_providers/ae65cb79-e2f9-4b93-a903-dab4fcaf37f9/aggregates => generated 235 bytes in 9 msecs (HTTP/1.1 404) 5 headers in 202 bytes (1 switches on core 0)
2026-03-03 13:01:53.216 7 INFO placement.requestlog [None req-f06befb6-cbad-40c0-b7b7-6df7db64ab51 3a44b4756d2c48369d92a9a82055c623 0ef59d643975475898e65c5f767ef633 - - 0dcfd25d578349e999f4a2154be5b659 0dcfd25d578349e999f4a2154be5b659] 10.0.0.109 "GET /resource_providers/ae65cb79-e2f9-4b93-a903-dab4fcaf37f9/aggregates" status: 404 len: 235 microversion: 1.1 [pid: 7|app: 0|req: 409/814] 10.0.0.109 () {32 vars in 814 bytes} [Tue Mar 3 13:01:53 2026] GET /resource_providers/ae65cb79-e2f9-4b93-a903-dab4fcaf37f9/aggregates => generated 235 bytes in 10 msecs (HTTP/1.1 404) 5 headers in 202 bytes (1 switches on core 0)
2026-03-03 13:01:53.230 8 INFO placement.requestlog [None req-ccf8149c-0de1-4863-a06a-b2564e5b462d 3a44b4756d2c48369d92a9a82055c623 0ef59d643975475898e65c5f767ef633 - - 0dcfd25d578349e999f4a2154be5b659 0dcfd25d578349e999f4a2154be5b659] 10.0.0.109 "DELETE /resource_providers/ae65cb79-e2f9-4b93-a903-dab4fcaf37f9" status: 404 len: 246 microversion: 1.1 [pid: 8|app: 0|req: 406/815] 10.0.0.109 () {34 vars in 814 bytes} [Tue Mar 3 13:01:53 2026] DELETE /resource_providers/ae65cb79-e2f9-4b93-a903-dab4fcaf37f9 => generated 246 bytes in 8 msecs (HTTP/1.1 404) 6 headers in 231 bytes (1 switches on core 0)
