2026-04-28 08:40:20.148 8 WARNING neutron.scheduler.dhcp_agent_scheduler [None req-2190e063-cd71-42c3-95ba-e318b9552cad 9484efbc45b9421a93dbfbc72591a2e3 3168251623fd41d1a36ef23621ddd66c - - default default] No more DHCP agents
2026-04-28 08:40:20.149 8 WARNING neutron.api.rpc.agentnotifiers.dhcp_rpc_agent_api [None req-2190e063-cd71-42c3-95ba-e318b9552cad 9484efbc45b9421a93dbfbc72591a2e3 3168251623fd41d1a36ef23621ddd66c - - default default] Unable to schedule network 166f5d3e-1176-4fd1-82ce-f94fce7c5798: no agents available; will retry on subsequent port and subnet creation events.
2026-04-28 08:40:20.272 7 INFO neutron.db.ovn_revision_numbers_db [None req-d32b1575-9c8e-4a89-a23d-fb7dce1cccc6 42b823765e704d82aede86742b6a7236 6f8c4e0cde0b44f6a33b86f1c4e452f1 - - default default] Successfully bumped revision number for resource 0ff1f344-68a9-4925-ad6e-a8997c457547 (type: routers) to 1 [pid: 7|app: 0|req: 761/1443] 10.0.0.41 () {34 vars in 667 bytes} [Tue Apr 28 08:40:20 2026] POST /v2.0/routers => generated 624 bytes in 281 msecs (HTTP/1.1 201) 4 headers in 162 bytes (1 switches on core 0)
2026-04-28 08:40:20.321 7 WARNING neutron.db.securitygroups_db [req-e65e61b2-5fab-44d4-9507-bcd02bc4e012 req-7ccc74e3-f636-4514-a5de-9dbf3fa44987 72ea331bde15423ea8c77ededafc4ca8 e035ce95c3784c4e8bfccd0962c21e67 - - default default] project_id key not found in filters, using tenant_id instead. This support has been deprecated and will be removed in a future release. [pid: 7|app: 0|req: 762/1444] 199.19.213.180 () {34 vars in 1049 bytes} [Tue Apr 28 08:40:20 2026] GET /v2.0/security-groups?fields=id&fields=name&tenant_id=e035ce95c3784c4e8bfccd0962c21e67 => generated 181 bytes in 69 msecs (HTTP/1.1 200) 4 headers in 157 bytes (1 switches on core 0)
2026-04-28 08:40:20.414 7 INFO neutron.db.ovn_revision_numbers_db [None req-27528a75-5e14-40ca-b9d8-3f20f9e43167 - - - - - -] Successfully bumped revision number for resource e0cffb28-4d3f-4153-a363-bf78291d87c4 (type: ports) to 5 [pid: 7|app: 0|req: 763/1445] 10.0.0.41 () {32 vars in 734 bytes} [Tue Apr 28 08:40:20 2026] GET /v2.0/ports?device_id=d35598af-e1a2-4fb1-801e-4e5ae8c47765 => generated 12 bytes in 36 msecs (HTTP/1.1 200) 4 headers in 156 bytes (1 switches on core 0)
2026-04-28 08:40:20.653 8 INFO neutron.db.ovn_revision_numbers_db [None req-2190e063-cd71-42c3-95ba-e318b9552cad 9484efbc45b9421a93dbfbc72591a2e3 3168251623fd41d1a36ef23621ddd66c - - default default] Successfully bumped revision number for resource 9bb9e4a6-cdcd-4d9b-9347-0920ba739da4 (type: router_ports) to 1 [pid: 8|app: 0|req: 683/1446] 10.0.0.41 () {34 vars in 781 bytes} [Tue Apr 28 08:40:18 2026] PUT /v2.0/routers/59ee9310-b361-4b65-a098-e8fa52c9391d/add_router_interface => generated 310 bytes in 1855 msecs (HTTP/1.1 200) 4 headers in 157 bytes (1 switches on core 0)
2026-04-28 08:40:20.739 8 INFO neutron.common.ovn.utils [None req-27735010-48bd-42d6-ad8a-078b33cde62e - - - - - -] HA Chassis Group neutron-166f5d3e-1176-4fd1-82ce-f94fce7c5798 synchronized; highest priority chassis 874d406b-403d-4ec9-8b29-d8ffa3f4ab37
2026-04-28 08:40:20.990 7 WARNING neutron.scheduler.dhcp_agent_scheduler [None req-044239f3-a150-44db-ad68-7b8ad54a4b37 42b823765e704d82aede86742b6a7236 6f8c4e0cde0b44f6a33b86f1c4e452f1 - - default default] No more DHCP agents
2026-04-28 08:40:20.991 7 WARNING neutron.api.rpc.agentnotifiers.dhcp_rpc_agent_api [None req-044239f3-a150-44db-ad68-7b8ad54a4b37 42b823765e704d82aede86742b6a7236 6f8c4e0cde0b44f6a33b86f1c4e452f1 - - default default] Unable to schedule network bdfbdc93-6c7f-42a7-9fea-9a93d47df2ea: no agents available; will retry on subsequent port and subnet creation events.
2026-04-28 08:40:20.996 8 WARNING neutron.scheduler.dhcp_agent_scheduler [req-e65e61b2-5fab-44d4-9507-bcd02bc4e012 req-c4a05b1e-fae7-4d7e-915f-9744108df695 72ea331bde15423ea8c77ededafc4ca8 e035ce95c3784c4e8bfccd0962c21e67 - - default default] No more DHCP agents
2026-04-28 08:40:20.998 8 WARNING neutron.api.rpc.agentnotifiers.dhcp_rpc_agent_api [req-e65e61b2-5fab-44d4-9507-bcd02bc4e012 req-c4a05b1e-fae7-4d7e-915f-9744108df695 72ea331bde15423ea8c77ededafc4ca8 e035ce95c3784c4e8bfccd0962c21e67 - - default default] Unable to schedule network b5697dc9-2920-429e-bf44-ebd55b4af800: no agents available; will retry on subsequent port and subnet creation events.
2026-04-28 08:40:21.164 8 INFO neutron.db.ovn_revision_numbers_db [req-e65e61b2-5fab-44d4-9507-bcd02bc4e012 req-c4a05b1e-fae7-4d7e-915f-9744108df695 72ea331bde15423ea8c77ededafc4ca8 e035ce95c3784c4e8bfccd0962c21e67 - - default default] Successfully bumped revision number for resource 8f455ac0-b1e2-45f5-a4ba-89cc8b38f697 (type: ports) to 1
2026-04-28 08:40:21.184 7 INFO neutron.db.ovn_revision_numbers_db [None req-044239f3-a150-44db-ad68-7b8ad54a4b37 42b823765e704d82aede86742b6a7236 6f8c4e0cde0b44f6a33b86f1c4e452f1 - - default default] Successfully bumped revision number for resource 178266ef-ae38-4a3f-99d1-13ad6aeb4f66 (type: ports) to 1 [pid: 8|app: 0|req: 684/1447] 199.19.213.180 () {38 vars in 954 bytes} [Tue Apr 28 08:40:20 2026] POST /v2.0/ports => generated 958 bytes in 568 msecs (HTTP/1.1 201) 4 headers in 162 bytes (1 switches on core 0) /var/lib/openstack/lib/python3.12/site-packages/pycadf/identifier.py:70: UserWarning: Invalid uuid: neutron. To ensure interoperability, identifiers should be a valid uuid. warnings.warn(('Invalid uuid: %s. To ensure interoperability, ' [pid: 8|app: 0|req: 685/1448] 10.0.0.41 () {32 vars in 722 bytes} [Tue Apr 28 08:40:21 2026] DELETE /v2.0/routers/d35598af-e1a2-4fb1-801e-4e5ae8c47765 => generated 0 bytes in 213 msecs (HTTP/1.1 204) 2 headers in 112 bytes (1 switches on core 0) [pid: 8|app: 0|req: 686/1449] 10.0.0.22 () {34 vars in 988 bytes} [Tue Apr 28 08:40:21 2026] GET /v2.0/ports?device_id=380841d7-42bb-490c-8578-d6f6cd20bf43 => generated 961 bytes in 44 msecs (HTTP/1.1 200) 4 headers in 157 bytes (1 switches on core 0)
2026-04-28 08:40:21.893 7 WARNING neutron.scheduler.dhcp_agent_scheduler [None req-044239f3-a150-44db-ad68-7b8ad54a4b37 42b823765e704d82aede86742b6a7236 6f8c4e0cde0b44f6a33b86f1c4e452f1 - - default default] No more DHCP agents
2026-04-28 08:40:21.894 7 WARNING neutron.api.rpc.agentnotifiers.dhcp_rpc_agent_api [None req-044239f3-a150-44db-ad68-7b8ad54a4b37 42b823765e704d82aede86742b6a7236 6f8c4e0cde0b44f6a33b86f1c4e452f1 - - default default] Unable to schedule network bdfbdc93-6c7f-42a7-9fea-9a93d47df2ea: no agents available; will retry on subsequent port and subnet creation events.
2026-04-28 08:40:21.902 8 INFO neutron.db.ovn_revision_numbers_db [req-e65e61b2-5fab-44d4-9507-bcd02bc4e012 req-a75c014e-9ac4-47de-9a0b-d72faa1f98cc 2b3fedf1f51b48ca848f109d54e9794d d87323adfab6497c9bbdbd2e511c2ee5 - - 2113441044e84827b20b6514e7604c6d 2113441044e84827b20b6514e7604c6d] Successfully bumped revision number for resource 8f455ac0-b1e2-45f5-a4ba-89cc8b38f697 (type: ports) to 2
2026-04-28 08:40:22.131 8 INFO neutron.db.ovn_revision_numbers_db [req-e65e61b2-5fab-44d4-9507-bcd02bc4e012 req-a75c014e-9ac4-47de-9a0b-d72faa1f98cc 2b3fedf1f51b48ca848f109d54e9794d d87323adfab6497c9bbdbd2e511c2ee5 - - 2113441044e84827b20b6514e7604c6d 2113441044e84827b20b6514e7604c6d] Successfully bumped revision number for resource 8f455ac0-b1e2-45f5-a4ba-89cc8b38f697 (type: ports) to 4
2026-04-28 08:40:22.150 7 INFO neutron.db.ovn_revision_numbers_db [None req-044239f3-a150-44db-ad68-7b8ad54a4b37 42b823765e704d82aede86742b6a7236 6f8c4e0cde0b44f6a33b86f1c4e452f1 - - default default] Successfully bumped revision number for resource 178266ef-ae38-4a3f-99d1-13ad6aeb4f66 (type: router_ports) to 1 [pid: 8|app: 0|req: 687/1450] 199.19.213.180 () {38 vars in 1027 bytes} [Tue Apr 28 08:40:21 2026] PUT /v2.0/ports/8f455ac0-b1e2-45f5-a4ba-89cc8b38f697 => generated 1231 bytes in 661 msecs (HTTP/1.1 200) 4 headers in 158 bytes (1 switches on core 0) [pid: 7|app: 0|req: 764/1451] 10.0.0.41 () {34 vars in 781 bytes} [Tue Apr 28 08:40:20 2026] PUT /v2.0/routers/0ff1f344-68a9-4925-ad6e-a8997c457547/add_router_interface => generated 310 bytes in 1741 msecs (HTTP/1.1 200) 4 headers in 157 bytes (1 switches on core 0) /var/lib/openstack/lib/python3.12/site-packages/pycadf/identifier.py:70: UserWarning: Invalid uuid: neutron. To ensure interoperability, identifiers should be a valid uuid. warnings.warn(('Invalid uuid: %s. To ensure interoperability, ' [pid: 7|app: 0|req: 765/1452] 10.0.0.22 () {34 vars in 1038 bytes} [Tue Apr 28 08:40:22 2026] GET /v2.0/security-groups?id=bb9b2355-c986-4b3f-8dd7-b74d11eb1c01&fields=id&fields=name => generated 114 bytes in 43 msecs (HTTP/1.1 200) 4 headers in 157 bytes (1 switches on core 0)
2026-04-28 08:40:22.215 8 INFO neutron.notifiers.nova [-] Nova event matching ['req-b2f80502-509f-4c06-b124-258e0f433c76'] response: {'name': 'network-changed', 'server_uuid': '380841d7-42bb-490c-8578-d6f6cd20bf43', 'tag': '8f455ac0-b1e2-45f5-a4ba-89cc8b38f697', 'status': 'completed', 'code': 200} [pid: 8|app: 0|req: 688/1453] 10.0.0.41 () {32 vars in 722 bytes} [Tue Apr 28 08:40:22 2026] DELETE /v2.0/subnets/19751a9f-e988-4207-800f-835875287d6f => generated 0 bytes in 152 msecs (HTTP/1.1 204) 3 headers in 131 bytes (1 switches on core 0) [pid: 8|app: 0|req: 689/1454] 10.0.0.41 () {32 vars in 715 bytes} [Tue Apr 28 08:40:22 2026] GET /v2.0/ports/178266ef-ae38-4a3f-99d1-13ad6aeb4f66 => generated 941 bytes in 73 msecs (HTTP/1.1 200) 4 headers in 157 bytes (1 switches on core 0)
2026-04-28 08:40:22.378 7 INFO neutron.db.ovn_revision_numbers_db [None req-4d8b0f08-2c4d-459f-b259-620154bd73d2 9484efbc45b9421a93dbfbc72591a2e3 3168251623fd41d1a36ef23621ddd66c - - default default] Successfully bumped revision number for resource 291c15c0-d2df-4504-b300-6577204c45ca (type: security_groups) to 1
2026-04-28 08:40:22.393 7 INFO neutron.db.ovn_revision_numbers_db [None req-4d8b0f08-2c4d-459f-b259-620154bd73d2 9484efbc45b9421a93dbfbc72591a2e3 3168251623fd41d1a36ef23621ddd66c - - default default] Successfully bumped revision number for resource 908016ca-40d8-40dc-96b4-445be65c855f (type: security_group_rules) to 0
2026-04-28 08:40:22.407 7 INFO neutron.db.ovn_revision_numbers_db [None req-4d8b0f08-2c4d-459f-b259-620154bd73d2 9484efbc45b9421a93dbfbc72591a2e3 3168251623fd41d1a36ef23621ddd66c - - default default] Successfully bumped revision number for resource 915c3995-7ca1-43db-843f-cfdec1be8ee8 (type: security_group_rules) to 0
2026-04-28 08:40:22.421 7 INFO neutron.db.ovn_revision_numbers_db [None req-4d8b0f08-2c4d-459f-b259-620154bd73d2 9484efbc45b9421a93dbfbc72591a2e3 3168251623fd41d1a36ef23621ddd66c - - default default] Successfully bumped revision number for resource b0d86b58-52d3-421a-8dbc-ab8c4d9d7be6 (type: security_group_rules) to 0
2026-04-28 08:40:22.432 7 INFO neutron.db.ovn_revision_numbers_db [None req-4d8b0f08-2c4d-459f-b259-620154bd73d2 9484efbc45b9421a93dbfbc72591a2e3 3168251623fd41d1a36ef23621ddd66c - - default default] Successfully bumped revision number for resource da65b736-3ca6-4130-9d72-0bf0cf644491 (type: security_group_rules) to 0
2026-04-28 08:40:22.504 8 INFO neutron_taas.services.taas.taas_plugin [None req-9552b0d7-8432-4d30-99e2-b146b211f2da bcc9b660aa8c4d4ca1de1c4380307bf1 08704f5a8c5048088c1df70c915c0706 - - default default] TaaS: Handle Delete Port: 48804447-840f-4feb-88a2-5435c21bbe2b
2026-04-28 08:40:22.508 8 INFO neutron_taas.services.taas.tap_mirror_plugin [None req-9552b0d7-8432-4d30-99e2-b146b211f2da bcc9b660aa8c4d4ca1de1c4380307bf1 08704f5a8c5048088c1df70c915c0706 - - default default] Tap Mirror: Handle Delete Port: 48804447-840f-4feb-88a2-5435c21bbe2b
2026-04-28 08:40:22.522 7 INFO neutron.db.segments_db [None req-4d8b0f08-2c4d-459f-b259-620154bd73d2 9484efbc45b9421a93dbfbc72591a2e3 3168251623fd41d1a36ef23621ddd66c - - default default] Added segment 726c520a-869e-43d5-bfae-e78c839ab1e5 of type geneve for network 27584200-841f-48f4-a001-ae984d355b91
2026-04-28 08:40:22.678 7 INFO neutron.db.ovn_revision_numbers_db [None req-4d8b0f08-2c4d-459f-b259-620154bd73d2 9484efbc45b9421a93dbfbc72591a2e3 3168251623fd41d1a36ef23621ddd66c - - default default] Successfully bumped revision number for resource 27584200-841f-48f4-a001-ae984d355b91 (type: networks) to 1
2026-04-28 08:40:22.680 8 INFO neutron.services.segments.plugin [-] Segment 20e51db6-c379-4dcf-a550-f2b93a464321 resource provider aggregate not found
2026-04-28 08:40:22.687 8 INFO neutron.services.segments.plugin [-] Segment 20e51db6-c379-4dcf-a550-f2b93a464321 resource provider aggregate not found
2026-04-28 08:40:22.701 8 INFO neutron.services.segments.plugin [-] Segment 20e51db6-c379-4dcf-a550-f2b93a464321 resource provider not found; error: Placement Client Error (4xx): {"errors": [{"status": 404, "title": "Not Found", "detail": "The resource could not be found.\n\n No resource provider with uuid 20e51db6-c379-4dcf-a550-f2b93a464321 found for delete ", "request_id": "req-8ba88628-b58c-435d-9cc6-e7bbf60e02ab"}]}
2026-04-28 08:40:22.702 8 INFO neutron.services.segments.plugin [-] Segment 20e51db6-c379-4dcf-a550-f2b93a464321 resource provider not found; error: Placement Client Error (4xx): {"errors": [{"status": 404, "title": "Not Found", "detail": "The resource could not be found.\n\n No resource provider with uuid 20e51db6-c379-4dcf-a550-f2b93a464321 found for delete ", "request_id": "req-16f726fd-47be-404d-9075-0f44543420a5"}]} [pid: 8|app: 0|req: 690/1455] 10.0.0.41 () {32 vars in 724 bytes} [Tue Apr 28 08:40:22 2026] DELETE /v2.0/networks/fb5382ae-4f38-4b8d-9a29-ad39f1e6d295 => generated 0 bytes in 356 msecs (HTTP/1.1 204) 3 headers in 131 bytes (1 switches on core 0) [pid: 8|app: 0|req: 691/1456] 10.0.0.41 () {32 vars in 715 bytes} [Tue Apr 28 08:40:22 2026] GET /v2.0/ports/178266ef-ae38-4a3f-99d1-13ad6aeb4f66 => generated 941 bytes in 34 msecs (HTTP/1.1 200) 4 headers in 157 bytes (1 switches on core 0) [pid: 8|app: 0|req: 692/1457] 199.19.213.180 () {34 vars in 1079 bytes} [Tue Apr 28 08:40:22 2026] GET /v2.0/ports?tenant_id=e035ce95c3784c4e8bfccd0962c21e67&device_id=380841d7-42bb-490c-8578-d6f6cd20bf43 => generated 1234 bytes in 42 msecs (HTTP/1.1 200) 4 headers in 158 bytes (1 switches on core 0)
2026-04-28 08:40:22.896 7 WARNING neutron.scheduler.dhcp_agent_scheduler [None req-4d8b0f08-2c4d-459f-b259-620154bd73d2 9484efbc45b9421a93dbfbc72591a2e3 3168251623fd41d1a36ef23621ddd66c - - default default] No more DHCP agents
2026-04-28 08:40:22.898 7 WARNING neutron.api.rpc.agentnotifiers.dhcp_rpc_agent_api [None req-4d8b0f08-2c4d-459f-b259-620154bd73d2 9484efbc45b9421a93dbfbc72591a2e3 3168251623fd41d1a36ef23621ddd66c - - default default] Unable to schedule network 27584200-841f-48f4-a001-ae984d355b91: no agents available; will retry on subsequent port and subnet creation events.
2026-04-28 08:40:22.915 8 INFO neutron.db.segments_db [None req-959ec06e-04a8-4aea-bf87-7f10d06a50bb bcc9b660aa8c4d4ca1de1c4380307bf1 08704f5a8c5048088c1df70c915c0706 - - default default] Added segment e231927b-dac2-4100-bad1-d59237926fd1 of type geneve for network da89a831-ffca-4ce7-a439-87d7d8e35f70
2026-04-28 08:40:22.979 7 INFO neutron.db.ovn_revision_numbers_db [None req-4d8b0f08-2c4d-459f-b259-620154bd73d2 9484efbc45b9421a93dbfbc72591a2e3 3168251623fd41d1a36ef23621ddd66c - - default default] Successfully bumped revision number for resource 9f088526-99ac-4463-9e40-d7398a8f02bb (type: ports) to 1 [pid: 7|app: 0|req: 766/1458] 10.0.0.41 () {34 vars in 669 bytes} [Tue Apr 28 08:40:22 2026] POST /v2.0/networks => generated 781 bytes in 797 msecs (HTTP/1.1 201) 4 headers in 162 bytes (1 switches on core 0)
2026-04-28 08:40:23.040 8 INFO neutron.db.ovn_revision_numbers_db [None req-959ec06e-04a8-4aea-bf87-7f10d06a50bb bcc9b660aa8c4d4ca1de1c4380307bf1 08704f5a8c5048088c1df70c915c0706 - - default default] Successfully bumped revision number for resource da89a831-ffca-4ce7-a439-87d7d8e35f70 (type: networks) to 1 [pid: 7|app: 0|req: 767/1459] 199.19.213.180 () {34 vars in 1017 bytes} [Tue Apr 28 08:40:23 2026] GET /v2.0/networks?tenant_id=e035ce95c3784c4e8bfccd0962c21e67&shared=False => generated 817 bytes in 43 msecs (HTTP/1.1 200) 4 headers in 157 bytes (1 switches on core 0)
2026-04-28 08:40:23.099 7 WARNING neutron.plugins.ml2.drivers.ovn.mech_driver.ovsdb.ovn_client [None req-0796c89a-73c9-413a-9245-6f1f4667f2bf - - - - - -] No port found with ID 786af33d-62e0-4e89-b860-f31b3592860f: RuntimeError: No port found with ID 786af33d-62e0-4e89-b860-f31b3592860f
2026-04-28 08:40:23.126 7 INFO neutron.plugins.ml2.drivers.ovn.mech_driver.mech_driver [None req-0796c89a-73c9-413a-9245-6f1f4667f2bf - - - - - -] OVN reports status down for port: 9bb9e4a6-cdcd-4d9b-9347-0920ba739da4
2026-04-28 08:40:23.224 8 WARNING neutron.scheduler.dhcp_agent_scheduler [None req-959ec06e-04a8-4aea-bf87-7f10d06a50bb bcc9b660aa8c4d4ca1de1c4380307bf1 08704f5a8c5048088c1df70c915c0706 - - default default] No more DHCP agents
2026-04-28 08:40:23.226 8 WARNING neutron.api.rpc.agentnotifiers.dhcp_rpc_agent_api [None req-959ec06e-04a8-4aea-bf87-7f10d06a50bb bcc9b660aa8c4d4ca1de1c4380307bf1 08704f5a8c5048088c1df70c915c0706 - - default default] Unable to schedule network da89a831-ffca-4ce7-a439-87d7d8e35f70: no agents available; will retry on subsequent port and subnet creation events.
2026-04-28 08:40:23.227 7 WARNING neutron.plugins.ml2.drivers.ovn.mech_driver.ovsdb.ovn_client [None req-0796c89a-73c9-413a-9245-6f1f4667f2bf - - - - - -] Logical_Switch_Port 9bb9e4a6-cdcd-4d9b-9347-0920ba739da4 host information not removed, the port state is up
2026-04-28 08:40:23.228 7 INFO neutron.plugins.ml2.drivers.ovn.mech_driver.mech_driver [None req-0796c89a-73c9-413a-9245-6f1f4667f2bf - - - - - -] OVN reports status up for port: 9bb9e4a6-cdcd-4d9b-9347-0920ba739da4
2026-04-28 08:40:23.247 7 INFO neutron.plugins.ml2.plugin [None req-0796c89a-73c9-413a-9245-6f1f4667f2bf - - - - - -] Attempt 1 to provision port 9bb9e4a6-cdcd-4d9b-9347-0920ba739da4
2026-04-28 08:40:23.277 8 INFO neutron.plugins.ml2.drivers.ovn.mech_driver.mech_driver [None req-27735010-48bd-42d6-ad8a-078b33cde62e - - - - - -] OVN reports status down for port: 1d5b6e58-0690-4285-8fec-01ad6268ff1b
2026-04-28 08:40:23.285 7 WARNING neutron.scheduler.dhcp_agent_scheduler [None req-cdb3ed21-c253-446c-8a93-0f6032cb6cac 9484efbc45b9421a93dbfbc72591a2e3 3168251623fd41d1a36ef23621ddd66c - - default default] No more DHCP agents
2026-04-28 08:40:23.293 7 WARNING neutron.api.rpc.agentnotifiers.dhcp_rpc_agent_api [None req-cdb3ed21-c253-446c-8a93-0f6032cb6cac 9484efbc45b9421a93dbfbc72591a2e3 3168251623fd41d1a36ef23621ddd66c - - default default] Unable to schedule network 27584200-841f-48f4-a001-ae984d355b91: no agents available; will retry on subsequent port and subnet creation events.
2026-04-28 08:40:23.324 8 INFO neutron.db.ovn_revision_numbers_db [None req-959ec06e-04a8-4aea-bf87-7f10d06a50bb bcc9b660aa8c4d4ca1de1c4380307bf1 08704f5a8c5048088c1df70c915c0706 - - default default] Successfully bumped revision number for resource 1d5b6e58-0690-4285-8fec-01ad6268ff1b (type: ports) to 1 [pid: 8|app: 0|req: 693/1460] 10.0.0.41 () {34 vars in 668 bytes} [Tue Apr 28 08:40:22 2026] POST /v2.0/networks => generated 671 bytes in 549 msecs (HTTP/1.1 201) 4 headers in 162 bytes (1 switches on core 0) [pid: 8|app: 0|req: 694/1461] 199.19.213.180 () {34 vars in 929 bytes} [Tue Apr 28 08:40:23 2026] GET /v2.0/networks?shared=True => generated 791 bytes in 62 msecs (HTTP/1.1 200) 4 headers in 157 bytes (1 switches on core 0) [pid: 8|app: 0|req: 695/1462] 10.0.0.22 () {34 vars in 988 bytes} [Tue Apr 28 08:40:23 2026] GET /v2.0/ports?device_id=380841d7-42bb-490c-8578-d6f6cd20bf43 => generated 973 bytes in 35 msecs (HTTP/1.1 200) 4 headers in 157 bytes (1 switches on core 0)
2026-04-28 08:40:23.672 8 WARNING neutron.scheduler.dhcp_agent_scheduler [None req-1ab5eb66-f495-4c30-b680-750c16b6ecc0 bcc9b660aa8c4d4ca1de1c4380307bf1 08704f5a8c5048088c1df70c915c0706 - - default default] No more DHCP agents
2026-04-28 08:40:23.677 8 WARNING neutron.api.rpc.agentnotifiers.dhcp_rpc_agent_api [None req-1ab5eb66-f495-4c30-b680-750c16b6ecc0 bcc9b660aa8c4d4ca1de1c4380307bf1 08704f5a8c5048088c1df70c915c0706 - - default default] Unable to schedule network da89a831-ffca-4ce7-a439-87d7d8e35f70: no agents available; will retry on subsequent port and subnet creation events.
2026-04-28 08:40:23.704 8 INFO neutron.db.ovn_revision_numbers_db [None req-1ab5eb66-f495-4c30-b680-750c16b6ecc0 bcc9b660aa8c4d4ca1de1c4380307bf1 08704f5a8c5048088c1df70c915c0706 - - default default] Successfully bumped revision number for resource 1e672b94-7d39-4f0c-bbc5-15c3422b886f (type: subnets) to 0 [pid: 8|app: 0|req: 696/1463] 10.0.0.41 () {34 vars in 667 bytes} [Tue Apr 28 08:40:23 2026] POST /v2.0/subnets => generated 646 bytes in 260 msecs (HTTP/1.1 201) 4 headers in 162 bytes (1 switches on core 0) [pid: 8|app: 0|req: 697/1464] 10.0.0.22 () {34 vars in 1038 bytes} [Tue Apr 28 08:40:23 2026] GET /v2.0/security-groups?id=bb9b2355-c986-4b3f-8dd7-b74d11eb1c01&fields=id&fields=name => generated 114 bytes in 42 msecs (HTTP/1.1 200) 4 headers in 157 bytes (1 switches on core 0)
2026-04-28 08:40:23.908 8 INFO neutron.db.ovn_revision_numbers_db [None req-ce12f7da-bd79-4ed8-9519-83f0bb261c80 bcc9b660aa8c4d4ca1de1c4380307bf1 08704f5a8c5048088c1df70c915c0706 - - default default] Successfully bumped revision number for resource 3e525d8e-6772-4ee9-b7d0-036854750694 (type: routers) to 1 [pid: 8|app: 0|req: 698/1465] 10.0.0.41 () {34 vars in 667 bytes} [Tue Apr 28 08:40:23 2026] POST /v2.0/routers => generated 627 bytes in 164 msecs (HTTP/1.1 201) 4 headers in 162 bytes (1 switches on core 0) [pid: 8|app: 0|req: 699/1466] 10.0.0.41 () {32 vars in 715 bytes} [Tue Apr 28 08:40:23 2026] GET /v2.0/ports/178266ef-ae38-4a3f-99d1-13ad6aeb4f66 => generated 941 bytes in 46 msecs (HTTP/1.1 200) 4 headers in 157 bytes (1 switches on core 0)
2026-04-28 08:40:24.098 7 INFO neutron.db.ovn_revision_numbers_db [None req-0796c89a-73c9-413a-9245-6f1f4667f2bf - - - - - -] Successfully bumped revision number for resource 9bb9e4a6-cdcd-4d9b-9347-0920ba739da4 (type: ports) to 2
2026-04-28 08:40:24.272 7 INFO neutron.db.ovn_revision_numbers_db [None req-cdb3ed21-c253-446c-8a93-0f6032cb6cac 9484efbc45b9421a93dbfbc72591a2e3 3168251623fd41d1a36ef23621ddd66c - - default default] Successfully bumped revision number for resource 9f088526-99ac-4463-9e40-d7398a8f02bb (type: ports) to 2
2026-04-28 08:40:24.316 7 INFO neutron.db.ovn_revision_numbers_db [None req-cdb3ed21-c253-446c-8a93-0f6032cb6cac 9484efbc45b9421a93dbfbc72591a2e3 3168251623fd41d1a36ef23621ddd66c - - default default] Successfully bumped revision number for resource 586dbd54-bd28-42dc-8843-bdf0f354ddf1 (type: subnets) to 0 [pid: 7|app: 0|req: 768/1467] 10.0.0.41 () {34 vars in 667 bytes} [Tue Apr 28 08:40:23 2026] POST /v2.0/subnets => generated 687 bytes in 1292 msecs (HTTP/1.1 201) 4 headers in 162 bytes (1 switches on core 0)
2026-04-28 08:40:24.385 8 WARNING neutron.scheduler.dhcp_agent_scheduler [None req-0beebadb-3f97-49de-a43f-cf483a9b9d92 bcc9b660aa8c4d4ca1de1c4380307bf1 08704f5a8c5048088c1df70c915c0706 - - default default] No more DHCP agents
2026-04-28 08:40:24.386 8 WARNING neutron.api.rpc.agentnotifiers.dhcp_rpc_agent_api [None req-0beebadb-3f97-49de-a43f-cf483a9b9d92 bcc9b660aa8c4d4ca1de1c4380307bf1 08704f5a8c5048088c1df70c915c0706 - - default default] Unable to schedule network da89a831-ffca-4ce7-a439-87d7d8e35f70: no agents available; will retry on subsequent port and subnet creation events.
2026-04-28 08:40:24.480 8 INFO neutron.plugins.ml2.drivers.ovn.mech_driver.mech_driver [None req-27735010-48bd-42d6-ad8a-078b33cde62e - - - - - -] OVN reports status down for port: 504d17af-cc01-4970-9b3d-3101c931dcfc
2026-04-28 08:40:24.551 8 INFO neutron.db.ovn_revision_numbers_db [None req-0beebadb-3f97-49de-a43f-cf483a9b9d92 bcc9b660aa8c4d4ca1de1c4380307bf1 08704f5a8c5048088c1df70c915c0706 - - default default] Successfully bumped revision number for resource 504d17af-cc01-4970-9b3d-3101c931dcfc (type: ports) to 1
2026-04-28 08:40:24.841 7 WARNING neutron.scheduler.dhcp_agent_scheduler [None req-dfa66efe-8611-4f3c-916d-3e6fb0c72d1f 9484efbc45b9421a93dbfbc72591a2e3 3168251623fd41d1a36ef23621ddd66c - - default default] No more DHCP agents
2026-04-28 08:40:24.843 7 WARNING neutron.api.rpc.agentnotifiers.dhcp_rpc_agent_api [None req-dfa66efe-8611-4f3c-916d-3e6fb0c72d1f 9484efbc45b9421a93dbfbc72591a2e3 3168251623fd41d1a36ef23621ddd66c - - default default] Unable to schedule network fe1de6f7-0008-497f-b076-96e6ca5f5109: no agents available; will retry on subsequent port and subnet creation events.
2026-04-28 08:40:24.997 7 INFO neutron.db.ovn_revision_numbers_db [None req-dfa66efe-8611-4f3c-916d-3e6fb0c72d1f 9484efbc45b9421a93dbfbc72591a2e3 3168251623fd41d1a36ef23621ddd66c - - default default] Successfully bumped revision number for resource c334c6d9-e77b-4402-b883-0378706a7afb (type: ports) to 1
2026-04-28 08:40:25.106 8 INFO neutron.plugins.ml2.drivers.ovn.mech_driver.mech_driver [None req-27735010-48bd-42d6-ad8a-078b33cde62e - - - - - -] OVN reports status up for port: 504d17af-cc01-4970-9b3d-3101c931dcfc
2026-04-28 08:40:25.139 8 INFO neutron.plugins.ml2.plugin [None req-27735010-48bd-42d6-ad8a-078b33cde62e - - - - - -] Attempt 1 to provision port 504d17af-cc01-4970-9b3d-3101c931dcfc
2026-04-28 08:40:25.263 8 WARNING neutron.scheduler.dhcp_agent_scheduler [None req-0beebadb-3f97-49de-a43f-cf483a9b9d92 bcc9b660aa8c4d4ca1de1c4380307bf1 08704f5a8c5048088c1df70c915c0706 - - default default] No more DHCP agents
2026-04-28 08:40:25.266 8 WARNING neutron.api.rpc.agentnotifiers.dhcp_rpc_agent_api [None req-0beebadb-3f97-49de-a43f-cf483a9b9d92 bcc9b660aa8c4d4ca1de1c4380307bf1 08704f5a8c5048088c1df70c915c0706 - - default default] Unable to schedule network da89a831-ffca-4ce7-a439-87d7d8e35f70: no agents available; will retry on subsequent port and subnet creation events.
2026-04-28 08:40:25.715 8 INFO neutron.db.ovn_revision_numbers_db [None req-0beebadb-3f97-49de-a43f-cf483a9b9d92 bcc9b660aa8c4d4ca1de1c4380307bf1 08704f5a8c5048088c1df70c915c0706 - - default default] Successfully bumped revision number for resource 504d17af-cc01-4970-9b3d-3101c931dcfc (type: router_ports) to 1 [pid: 8|app: 0|req: 700/1468] 10.0.0.41 () {34 vars in 781 bytes} [Tue Apr 28 08:40:23 2026] PUT /v2.0/routers/3e525d8e-6772-4ee9-b7d0-036854750694/add_router_interface => generated 310 bytes in 1745 msecs (HTTP/1.1 200) 4 headers in 157 bytes (1 switches on core 0)
2026-04-28 08:40:25.723 7 INFO neutron.db.ovn_revision_numbers_db [None req-dfa66efe-8611-4f3c-916d-3e6fb0c72d1f 9484efbc45b9421a93dbfbc72591a2e3 3168251623fd41d1a36ef23621ddd66c - - default default] Successfully bumped revision number for resource c334c6d9-e77b-4402-b883-0378706a7afb (type: router_ports) to 1
2026-04-28 08:40:25.745 7 INFO neutron.plugins.ml2.drivers.ovn.mech_driver.ovsdb.ovsdb_monitor [None req-27528a75-5e14-40ca-b9d8-3f20f9e43167 - - - - - -] Router 4efa0738-572b-460f-9654-6221c3758644 is bound to host instance [pid: 8|app: 0|req: 701/1469] 199.19.213.180 () {34 vars in 1079 bytes} [Tue Apr 28 08:40:25 2026] GET /v2.0/ports?tenant_id=e035ce95c3784c4e8bfccd0962c21e67&device_id=380841d7-42bb-490c-8578-d6f6cd20bf43 => generated 1234 bytes in 101 msecs (HTTP/1.1 200) 4 headers in 158 bytes (1 switches on core 0)
2026-04-28 08:40:25.865 7 INFO neutron.db.ovn_revision_numbers_db [None req-dfa66efe-8611-4f3c-916d-3e6fb0c72d1f 9484efbc45b9421a93dbfbc72591a2e3 3168251623fd41d1a36ef23621ddd66c - - default default] Successfully bumped revision number for resource 4efa0738-572b-460f-9654-6221c3758644 (type: routers) to 2 [pid: 7|app: 0|req: 769/1470] 10.0.0.41 () {34 vars in 667 bytes} [Tue Apr 28 08:40:24 2026] POST /v2.0/routers => generated 986 bytes in 1552 msecs (HTTP/1.1 201) 4 headers in 162 bytes (1 switches on core 0) [pid: 8|app: 0|req: 702/1471] 10.0.0.22 () {34 vars in 988 bytes} [Tue Apr 28 08:40:25 2026] GET /v2.0/ports?device_id=380841d7-42bb-490c-8578-d6f6cd20bf43 => generated 973 bytes in 97 msecs (HTTP/1.1 200) 4 headers in 157 bytes (1 switches on core 0)
2026-04-28 08:40:25.987 8 INFO neutron.db.ovn_revision_numbers_db [None req-27735010-48bd-42d6-ad8a-078b33cde62e - - - - - -] Successfully bumped revision number for resource 504d17af-cc01-4970-9b3d-3101c931dcfc (type: ports) to 2 [pid: 8|app: 0|req: 703/1472] 10.0.0.41 () {32 vars in 715 bytes} [Tue Apr 28 08:40:25 2026] GET /v2.0/ports/504d17af-cc01-4970-9b3d-3101c931dcfc => generated 947 bytes in 76 msecs (HTTP/1.1 200) 4 headers in 157 bytes (1 switches on core 0) [pid: 7|app: 0|req: 770/1473] 10.0.0.41 () {32 vars in 715 bytes} [Tue Apr 28 08:40:25 2026] GET /v2.0/ports/178266ef-ae38-4a3f-99d1-13ad6aeb4f66 => generated 941 bytes in 132 msecs (HTTP/1.1 200) 4 headers in 157 bytes (1 switches on core 0) [pid: 8|app: 0|req: 704/1474] 199.19.213.180 () {34 vars in 1059 bytes} [Tue Apr 28 08:40:25 2026] GET /v2.0/floatingips?fixed_ip_address=10.100.0.14&port_id=8f455ac0-b1e2-45f5-a4ba-89cc8b38f697 => generated 19 bytes in 41 msecs (HTTP/1.1 200) 4 headers in 156 bytes (1 switches on core 0) [pid: 8|app: 0|req: 705/1475] 10.0.0.22 () {34 vars in 1038 bytes} [Tue Apr 28 08:40:26 2026] GET /v2.0/security-groups?id=bb9b2355-c986-4b3f-8dd7-b74d11eb1c01&fields=id&fields=name => generated 114 bytes in 67 msecs (HTTP/1.1 200) 4 headers in 157 bytes (1 switches on core 0) [pid: 8|app: 0|req: 706/1476] 10.0.0.41 () {32 vars in 715 bytes} [Tue Apr 28 08:40:26 2026] GET /v2.0/ports/504d17af-cc01-4970-9b3d-3101c931dcfc => generated 947 bytes in 35 msecs (HTTP/1.1 200) 4 headers in 157 bytes (1 switches on core 0) [pid: 8|app: 0|req: 707/1477] 199.19.213.180 () {34 vars in 983 bytes} [Tue Apr 28 08:40:26 2026] GET /v2.0/subnets?id=b6f723e5-b85d-4a11-b5b2-be8fe5ffab8a => generated 698 bytes in 34 msecs (HTTP/1.1 200) 4 headers in 157 bytes (1 switches on core 0)
2026-04-28 08:40:26.457 8 INFO neutron_taas.services.taas.taas_plugin [None req-49a191cf-999e-4d48-b6e2-1081d8d8a20e bcc9b660aa8c4d4ca1de1c4380307bf1 08704f5a8c5048088c1df70c915c0706 - - default default] TaaS: Handle Delete Port: 504d17af-cc01-4970-9b3d-3101c931dcfc
2026-04-28 08:40:26.461 8 INFO neutron_taas.services.taas.tap_mirror_plugin [None req-49a191cf-999e-4d48-b6e2-1081d8d8a20e bcc9b660aa8c4d4ca1de1c4380307bf1 08704f5a8c5048088c1df70c915c0706 - - default default] Tap Mirror: Handle Delete Port: 504d17af-cc01-4970-9b3d-3101c931dcfc [pid: 8|app: 0|req: 708/1478] 10.0.0.41 () {34 vars in 787 bytes} [Tue Apr 28 08:40:26 2026] PUT /v2.0/routers/3e525d8e-6772-4ee9-b7d0-036854750694/remove_router_interface => generated 310 bytes in 573 msecs (HTTP/1.1 200) 4 headers in 157 bytes (1 switches on core 0) /var/lib/openstack/lib/python3.12/site-packages/pycadf/identifier.py:70: UserWarning: Invalid uuid: neutron. To ensure interoperability, identifiers should be a valid uuid. warnings.warn(('Invalid uuid: %s. To ensure interoperability, ' [pid: 8|app: 0|req: 709/1479] 199.19.213.180 () {34 vars in 1051 bytes} [Tue Apr 28 08:40:26 2026] GET /v2.0/ports?network_id=b5697dc9-2920-429e-bf44-ebd55b4af800&device_owner=network%3Adhcp => generated 12 bytes in 20 msecs (HTTP/1.1 200) 4 headers in 156 bytes (1 switches on core 0) [pid: 8|app: 0|req: 710/1480] 10.0.0.41 () {32 vars in 734 bytes} [Tue Apr 28 08:40:26 2026] GET /v2.0/ports?device_id=3e525d8e-6772-4ee9-b7d0-036854750694 => generated 12 bytes in 15 msecs (HTTP/1.1 200) 4 headers in 156 bytes (1 switches on core 0) [pid: 8|app: 0|req: 711/1481] 199.19.213.180 () {34 vars in 1011 bytes} [Tue Apr 28 08:40:26 2026] GET /v2.0/networks/b5697dc9-2920-429e-bf44-ebd55b4af800?fields=segments => generated 14 bytes in 44 msecs (HTTP/1.1 200) 4 headers in 156 bytes (1 switches on core 0)
2026-04-28 08:40:26.894 7 WARNING neutron.scheduler.dhcp_agent_scheduler [None req-dbd7b03d-b17d-4239-ae2e-4a9f4e4f569c 9484efbc45b9421a93dbfbc72591a2e3 3168251623fd41d1a36ef23621ddd66c - - default default] No more DHCP agents
2026-04-28 08:40:26.898 7 WARNING neutron.api.rpc.agentnotifiers.dhcp_rpc_agent_api [None req-dbd7b03d-b17d-4239-ae2e-4a9f4e4f569c 9484efbc45b9421a93dbfbc72591a2e3 3168251623fd41d1a36ef23621ddd66c - - default default] Unable to schedule network 27584200-841f-48f4-a001-ae984d355b91: no agents available; will retry on subsequent port and subnet creation events. [pid: 8|app: 0|req: 712/1482] 10.0.0.41 () {32 vars in 722 bytes} [Tue Apr 28 08:40:26 2026] DELETE /v2.0/routers/3e525d8e-6772-4ee9-b7d0-036854750694 => generated 0 bytes in 188 msecs (HTTP/1.1 204) 2 headers in 112 bytes (1 switches on core 0) [pid: 8|app: 0|req: 713/1483] 199.19.213.180 () {34 vars in 1111 bytes} [Tue Apr 28 08:40:27 2026] GET /v2.0/networks/b5697dc9-2920-429e-bf44-ebd55b4af800?fields=provider%3Aphysical_network&fields=provider%3Anetwork_type => generated 79 bytes in 45 msecs (HTTP/1.1 200) 4 headers in 156 bytes (1 switches on core 0)
2026-04-28 08:40:27.173 7 INFO neutron.db.ovn_revision_numbers_db [None req-dbd7b03d-b17d-4239-ae2e-4a9f4e4f569c 9484efbc45b9421a93dbfbc72591a2e3 3168251623fd41d1a36ef23621ddd66c - - default default] Successfully bumped revision number for resource 2fe9b658-edb2-4bf7-9573-58018e628e72 (type: ports) to 1 [pid: 8|app: 0|req: 716/1486] 10.0.0.41 () {32 vars in 722 bytes} [Tue Apr 28 08:40:27 2026] DELETE /v2.0/subnets/1e672b94-7d39-4f0c-bbc5-15c3422b886f => generated 0 bytes in 215 msecs (HTTP/1.1 204) 3 headers in 131 bytes (1 switches on core 0) [pid: 8|app: 0|req: 717/1487] 10.0.0.41 () {32 vars in 715 bytes} [Tue Apr 28 08:40:27 2026] GET /v2.0/ports/178266ef-ae38-4a3f-99d1-13ad6aeb4f66 => generated 941 bytes in 40 msecs (HTTP/1.1 200) 4 headers in 157 bytes (1 switches on core 0)
2026-04-28 08:40:27.335 7 INFO neutron.db.ovn_revision_numbers_db [None req-ba4f8d1e-d62d-4305-a195-52d328da516d - - - - - -] Successfully bumped revision number for resource c334c6d9-e77b-4402-b883-0378706a7afb (type: ports) to 4 [pid: 8|app: 0|req: 718/1488] 10.0.0.22 () {34 vars in 988 bytes} [Tue Apr 28 08:40:27 2026] GET /v2.0/ports?device_id=380841d7-42bb-490c-8578-d6f6cd20bf43 => generated 973 bytes in 85 msecs (HTTP/1.1 200) 4 headers in 157 bytes (1 switches on core 0)
2026-04-28 08:40:27.526 8 INFO neutron_taas.services.taas.taas_plugin [None req-2262c143-785d-4a5b-bd13-a1fb392f0254 bcc9b660aa8c4d4ca1de1c4380307bf1 08704f5a8c5048088c1df70c915c0706 - - default default] TaaS: Handle Delete Port: 1d5b6e58-0690-4285-8fec-01ad6268ff1b
2026-04-28 08:40:27.530 8 INFO neutron_taas.services.taas.tap_mirror_plugin [None req-2262c143-785d-4a5b-bd13-a1fb392f0254 bcc9b660aa8c4d4ca1de1c4380307bf1 08704f5a8c5048088c1df70c915c0706 - - default default] Tap Mirror: Handle Delete Port: 1d5b6e58-0690-4285-8fec-01ad6268ff1b
2026-04-28 08:40:27.719 8 INFO neutron.services.segments.plugin [-] Segment e231927b-dac2-4100-bad1-d59237926fd1 resource provider aggregate not found
2026-04-28 08:40:27.725 8 INFO neutron.services.segments.plugin [-] Segment e231927b-dac2-4100-bad1-d59237926fd1 resource provider aggregate not found
2026-04-28 08:40:27.745 8 INFO neutron.services.segments.plugin [-] Segment e231927b-dac2-4100-bad1-d59237926fd1 resource provider not found; error: Placement Client Error (4xx): {"errors": [{"status": 404, "title": "Not Found", "detail": "The resource could not be found.\n\n No resource provider with uuid e231927b-dac2-4100-bad1-d59237926fd1 found for delete ", "request_id": "req-f0b45fb8-7ff5-45bb-bc2a-3222e1e8c973"}]}
2026-04-28 08:40:27.749 8 INFO neutron.services.segments.plugin [-] Segment e231927b-dac2-4100-bad1-d59237926fd1 resource provider not found; error: Placement Client Error (4xx): {"errors": [{"status": 404, "title": "Not Found", "detail": "The resource could not be found.\n\n No resource provider with uuid e231927b-dac2-4100-bad1-d59237926fd1 found for delete ", "request_id": "req-d5c0895f-4359-42b2-89f7-5c9026f78f0a"}]} [pid: 8|app: 0|req: 719/1489] 10.0.0.41 () {32 vars in 724 bytes} [Tue Apr 28 08:40:27 2026] DELETE /v2.0/networks/da89a831-ffca-4ce7-a439-87d7d8e35f70 => generated 0 bytes in 362 msecs (HTTP/1.1 204) 3 headers in 131 bytes (1 switches on core 0) [pid: 8|app: 0|req: 720/1490] 10.0.0.22 () {34 vars in 1038 bytes} [Tue Apr 28 08:40:27 2026] GET /v2.0/security-groups?id=bb9b2355-c986-4b3f-8dd7-b74d11eb1c01&fields=id&fields=name => generated 114 bytes in 31 msecs (HTTP/1.1 200) 4 headers in 157 bytes (1 switches on core 0)
2026-04-28 08:40:27.997 7 INFO neutron.db.ovn_revision_numbers_db [None req-ba4f8d1e-d62d-4305-a195-52d328da516d - - - - - -] Successfully bumped revision number for resource c334c6d9-e77b-4402-b883-0378706a7afb (type: ports) to 5
2026-04-28 08:40:28.236 8 WARNING neutron.scheduler.dhcp_agent_scheduler [None req-19d6753e-7783-4f19-9623-fa218c863b38 bcc9b660aa8c4d4ca1de1c4380307bf1 08704f5a8c5048088c1df70c915c0706 - - default default] No more DHCP agents
2026-04-28 08:40:28.241 8 WARNING neutron.api.rpc.agentnotifiers.dhcp_rpc_agent_api [None req-19d6753e-7783-4f19-9623-fa218c863b38 bcc9b660aa8c4d4ca1de1c4380307bf1 08704f5a8c5048088c1df70c915c0706 - - default default] Unable to schedule network fe1de6f7-0008-497f-b076-96e6ca5f5109: no agents available; will retry on subsequent port and subnet creation events.
2026-04-28 08:40:28.355 7 WARNING neutron.scheduler.dhcp_agent_scheduler [None req-dbd7b03d-b17d-4239-ae2e-4a9f4e4f569c 9484efbc45b9421a93dbfbc72591a2e3 3168251623fd41d1a36ef23621ddd66c - - default default] No more DHCP agents
2026-04-28 08:40:28.360 7 WARNING neutron.api.rpc.agentnotifiers.dhcp_rpc_agent_api [None req-dbd7b03d-b17d-4239-ae2e-4a9f4e4f569c 9484efbc45b9421a93dbfbc72591a2e3 3168251623fd41d1a36ef23621ddd66c - - default default] Unable to schedule network 27584200-841f-48f4-a001-ae984d355b91: no agents available; will retry on subsequent port and subnet creation events.
2026-04-28 08:40:28.418 8 INFO neutron.db.ovn_revision_numbers_db [None req-19d6753e-7783-4f19-9623-fa218c863b38 bcc9b660aa8c4d4ca1de1c4380307bf1 08704f5a8c5048088c1df70c915c0706 - - default default] Successfully bumped revision number for resource ab9c687c-608f-4681-b85d-3f30c9f90139 (type: ports) to 1
2026-04-28 08:40:28.916 7 WARNING neutron.plugins.ml2.drivers.ovn.mech_driver.ovsdb.ovn_client [None req-77f27f99-9439-40d7-9713-29c496add908 - - - - - -] No hosting information found for port 9bb9e4a6-cdcd-4d9b-9347-0920ba739da4: RuntimeError: No hosting information found for port 9bb9e4a6-cdcd-4d9b-9347-0920ba739da4
2026-04-28 08:40:29.056 7 INFO neutron.db.ovn_revision_numbers_db [None req-77f27f99-9439-40d7-9713-29c496add908 - - - - - -] Successfully bumped revision number for resource 9bb9e4a6-cdcd-4d9b-9347-0920ba739da4 (type: router_ports) to 2
2026-04-28 08:40:29.057 7 INFO neutron.plugins.ml2.drivers.ovn.mech_driver.mech_driver [None req-77f27f99-9439-40d7-9713-29c496add908 - - - - - -] OVN reports status down for port: 8f455ac0-b1e2-45f5-a4ba-89cc8b38f697
2026-04-28 08:40:29.059 7 INFO neutron.db.ovn_revision_numbers_db [None req-dbd7b03d-b17d-4239-ae2e-4a9f4e4f569c 9484efbc45b9421a93dbfbc72591a2e3 3168251623fd41d1a36ef23621ddd66c - - default default] Successfully bumped revision number for resource 2fe9b658-edb2-4bf7-9573-58018e628e72 (type: router_ports) to 1 [pid: 7|app: 0|req: 771/1491] 10.0.0.41 () {34 vars in 781 bytes} [Tue Apr 28 08:40:26 2026] PUT /v2.0/routers/4efa0738-572b-460f-9654-6221c3758644/add_router_interface => generated 310 bytes in 3041 msecs (HTTP/1.1 200) 4 headers in 157 bytes (1 switches on core 0)
2026-04-28 08:40:29.122 8 INFO neutron.db.ovn_revision_numbers_db [None req-19d6753e-7783-4f19-9623-fa218c863b38 bcc9b660aa8c4d4ca1de1c4380307bf1 08704f5a8c5048088c1df70c915c0706 - - default default] Successfully bumped revision number for resource ab9c687c-608f-4681-b85d-3f30c9f90139 (type: router_ports) to 1
2026-04-28 08:40:29.183 8 INFO neutron.db.ovn_revision_numbers_db [None req-19d6753e-7783-4f19-9623-fa218c863b38 bcc9b660aa8c4d4ca1de1c4380307bf1 08704f5a8c5048088c1df70c915c0706 - - default default] Successfully bumped revision number for resource 19114d06-57ed-43bd-82ba-03879ae155e9 (type: routers) to 2 [pid: 7|app: 0|req: 772/1492] 10.0.0.41 () {32 vars in 715 bytes} [Tue Apr 28 08:40:29 2026] GET /v2.0/ports/178266ef-ae38-4a3f-99d1-13ad6aeb4f66 => generated 941 bytes in 117 msecs (HTTP/1.1 200) 4 headers in 157 bytes (1 switches on core 0) [pid: 8|app: 0|req: 721/1493] 10.0.0.41 () {34 vars in 667 bytes} [Tue Apr 28 08:40:27 2026] POST /v2.0/routers => generated 973 bytes in 1395 msecs (HTTP/1.1 201) 4 headers in 162 bytes (1 switches on core 0) [pid: 8|app: 0|req: 722/1494] 10.0.0.41 () {32 vars in 719 bytes} [Tue Apr 28 08:40:29 2026] GET /v2.0/routers/19114d06-57ed-43bd-82ba-03879ae155e9 => generated 979 bytes in 71 msecs (HTTP/1.1 200) 4 headers in 157 bytes (1 switches on core 0)
2026-04-28 08:40:29.329 7 INFO neutron.plugins.ml2.drivers.ovn.mech_driver.mech_driver [None req-77f27f99-9439-40d7-9713-29c496add908 - - - - - -] OVN reports status down for port: 178266ef-ae38-4a3f-99d1-13ad6aeb4f66
2026-04-28 08:40:29.361 7 INFO neutron.notifiers.nova [-] Nova event matching ['req-b1ba72c6-b45b-4336-b8a0-a33d774a6faf'] response: {'server_uuid': '380841d7-42bb-490c-8578-d6f6cd20bf43', 'name': 'network-vif-unplugged', 'status': 'completed', 'tag': '8f455ac0-b1e2-45f5-a4ba-89cc8b38f697', 'code': 200} [pid: 8|app: 0|req: 723/1495] 10.0.0.41 () {32 vars in 645 bytes} [Tue Apr 28 08:40:29 2026] GET /v2.0/routers => generated 982 bytes in 108 msecs (HTTP/1.1 200) 4 headers in 157 bytes (1 switches on core 0) [pid: 7|app: 0|req: 773/1496] 10.0.0.22 () {34 vars in 988 bytes} [Tue Apr 28 08:40:29 2026] GET /v2.0/ports?device_id=380841d7-42bb-490c-8578-d6f6cd20bf43 => generated 973 bytes in 219 msecs (HTTP/1.1 200) 4 headers in 157 bytes (1 switches on core 0)
2026-04-28 08:40:29.452 7 WARNING neutron.plugins.ml2.drivers.ovn.mech_driver.ovsdb.ovn_client [None req-77f27f99-9439-40d7-9713-29c496add908 - - - - - -] Logical_Switch_Port 178266ef-ae38-4a3f-99d1-13ad6aeb4f66 host information not removed, the port state is up
2026-04-28 08:40:29.452 7 INFO neutron.plugins.ml2.drivers.ovn.mech_driver.mech_driver [None req-77f27f99-9439-40d7-9713-29c496add908 - - - - - -] OVN reports status up for port: 178266ef-ae38-4a3f-99d1-13ad6aeb4f66 [pid: 7|app: 0|req: 774/1497] 10.0.0.22 () {34 vars in 1038 bytes} [Tue Apr 28 08:40:29 2026] GET /v2.0/security-groups?id=bb9b2355-c986-4b3f-8dd7-b74d11eb1c01&fields=id&fields=name => generated 114 bytes in 54 msecs (HTTP/1.1 200) 4 headers in 157 bytes (1 switches on core 0)
2026-04-28 08:40:29.473 7 INFO neutron.plugins.ml2.plugin [None req-77f27f99-9439-40d7-9713-29c496add908 - - - - - -] Attempt 1 to provision port 178266ef-ae38-4a3f-99d1-13ad6aeb4f66
2026-04-28 08:40:30.386 8 INFO neutron.db.ovn_revision_numbers_db [None req-daf00c94-00d4-42bb-bc03-59d01868eeb9 bcc9b660aa8c4d4ca1de1c4380307bf1 08704f5a8c5048088c1df70c915c0706 - - default default] Successfully bumped revision number for resource 19114d06-57ed-43bd-82ba-03879ae155e9 (type: routers) to 3 [pid: 8|app: 0|req: 724/1498] 10.0.0.41 () {34 vars in 739 bytes} [Tue Apr 28 08:40:29 2026] PUT /v2.0/routers/19114d06-57ed-43bd-82ba-03879ae155e9 => generated 986 bytes in 1001 msecs (HTTP/1.1 200) 4 headers in 157 bytes (1 switches on core 0)
2026-04-28 08:40:30.458 7 INFO neutron.db.ovn_revision_numbers_db [None req-329375fb-faea-4ccb-b44a-b5c39ea48366 338e401b9b794d68a1f9ae3dcc22a0b8 e8eb6b8b9a674859ac052c63fa37d022 - - default default] Successfully bumped revision number for resource a255b303-65b1-4ee4-b191-4f6d9831dcf8 (type: security_groups) to 1 [pid: 8|app: 0|req: 725/1499] 10.0.0.41 () {32 vars in 715 bytes} [Tue Apr 28 08:40:30 2026] GET /v2.0/ports/178266ef-ae38-4a3f-99d1-13ad6aeb4f66 => generated 943 bytes in 79 msecs (HTTP/1.1 200) 4 headers in 157 bytes (1 switches on core 0)
2026-04-28 08:40:30.483 7 INFO neutron.db.ovn_revision_numbers_db [None req-329375fb-faea-4ccb-b44a-b5c39ea48366 338e401b9b794d68a1f9ae3dcc22a0b8 e8eb6b8b9a674859ac052c63fa37d022 - - default default] Successfully bumped revision number for resource 89d626d1-5ef2-4f60-8a41-78fe3bc2e040 (type: security_group_rules) to 0
2026-04-28 08:40:30.511 7 INFO neutron.db.ovn_revision_numbers_db [None req-329375fb-faea-4ccb-b44a-b5c39ea48366 338e401b9b794d68a1f9ae3dcc22a0b8 e8eb6b8b9a674859ac052c63fa37d022 - - default default] Successfully bumped revision number for resource 90d24ced-ad7d-4012-8352-ec10045c50ba (type: security_group_rules) to 0 [pid: 8|app: 0|req: 726/1500] 10.0.0.41 () {32 vars in 719 bytes} [Tue Apr 28 08:40:30 2026] GET /v2.0/routers/19114d06-57ed-43bd-82ba-03879ae155e9 => generated 986 bytes in 78 msecs (HTTP/1.1 200) 4 headers in 157 bytes (1 switches on core 0) [pid: 7|app: 0|req: 775/1501] 10.0.0.41 () {34 vars in 683 bytes} [Tue Apr 28 08:40:29 2026] POST /v2.0/security-groups => generated 1673 bytes in 822 msecs (HTTP/1.1 201) 4 headers in 163 bytes (1 switches on core 0)
2026-04-28 08:40:30.616 8 WARNING neutron.plugins.ml2.drivers.ovn.mech_driver.ovsdb.ovn_client [None req-49fa2a32-2d39-49ee-b73a-96d0467a3698 - - - - - -] No port found with ID 504d17af-cc01-4970-9b3d-3101c931dcfc: RuntimeError: No port found with ID 504d17af-cc01-4970-9b3d-3101c931dcfc
2026-04-28 08:40:30.656 7 INFO neutron.db.ovn_revision_numbers_db [None req-77f27f99-9439-40d7-9713-29c496add908 - - - - - -] Successfully bumped revision number for resource 178266ef-ae38-4a3f-99d1-13ad6aeb4f66 (type: ports) to 2 [pid: 7|app: 0|req: 776/1502] 10.0.0.22 () {34 vars in 988 bytes} [Tue Apr 28 08:40:30 2026] GET /v2.0/ports?device_id=380841d7-42bb-490c-8578-d6f6cd20bf43 => generated 973 bytes in 65 msecs (HTTP/1.1 200) 4 headers in 157 bytes (1 switches on core 0) [pid: 7|app: 0|req: 777/1503] 10.0.0.41 () {32 vars in 734 bytes} [Tue Apr 28 08:40:30 2026] GET /v2.0/ports?device_id=19114d06-57ed-43bd-82ba-03879ae155e9 => generated 12 bytes in 31 msecs (HTTP/1.1 200) 4 headers in 156 bytes (1 switches on core 0)
2026-04-28 08:40:30.709 8 INFO neutron.common.ovn.utils [None req-49fa2a32-2d39-49ee-b73a-96d0467a3698 - - - - - -] HA Chassis Group neutron-27584200-841f-48f4-a001-ae984d355b91 synchronized; highest priority chassis 874d406b-403d-4ec9-8b29-d8ffa3f4ab37
2026-04-28 08:40:30.809 8 INFO neutron.common.ovn.utils [None req-49fa2a32-2d39-49ee-b73a-96d0467a3698 - - - - - -] HA Chassis Group neutron-27584200-841f-48f4-a001-ae984d355b91 synchronized; highest priority chassis 874d406b-403d-4ec9-8b29-d8ffa3f4ab37
2026-04-28 08:40:30.868 7 INFO neutron.db.ovn_revision_numbers_db [None req-2ff55c3a-8616-4623-b84c-cd77faac2b59 338e401b9b794d68a1f9ae3dcc22a0b8 e8eb6b8b9a674859ac052c63fa37d022 - - default default] Successfully bumped revision number for resource bfcebecc-36f1-4dc9-b763-5e4b72963270 (type: security_group_rules) to 0 [pid: 7|app: 0|req: 778/1504] 10.0.0.41 () {34 vars in 693 bytes} [Tue Apr 28 08:40:30 2026] POST /v2.0/security-group-rules => generated 597 bytes in 196 msecs (HTTP/1.1 201) 4 headers in 162 bytes (1 switches on core 0) [pid: 7|app: 0|req: 779/1505] 10.0.0.22 () {34 vars in 1038 bytes} [Tue Apr 28 08:40:30 2026] GET /v2.0/security-groups?id=bb9b2355-c986-4b3f-8dd7-b74d11eb1c01&fields=id&fields=name => generated 114 bytes in 29 msecs (HTTP/1.1 200) 4 headers in 157 bytes (1 switches on core 0)
2026-04-28 08:40:30.936 8 INFO neutron_taas.services.taas.taas_plugin [None req-aec030a6-b600-4e03-a4f1-15d4681e6b5f 42b823765e704d82aede86742b6a7236 6f8c4e0cde0b44f6a33b86f1c4e452f1 - - default default] TaaS: Handle Delete Port: 178266ef-ae38-4a3f-99d1-13ad6aeb4f66
2026-04-28 08:40:30.938 8 INFO neutron_taas.services.taas.tap_mirror_plugin [None req-aec030a6-b600-4e03-a4f1-15d4681e6b5f 42b823765e704d82aede86742b6a7236 6f8c4e0cde0b44f6a33b86f1c4e452f1 - - default default] Tap Mirror: Handle Delete Port: 178266ef-ae38-4a3f-99d1-13ad6aeb4f66
2026-04-28 08:40:31.244 7 INFO neutron_taas.services.taas.taas_plugin [None req-29858d6f-bead-41c6-ae0c-88154385783f bcc9b660aa8c4d4ca1de1c4380307bf1 08704f5a8c5048088c1df70c915c0706 - - default default] TaaS: Handle Delete Port: ab9c687c-608f-4681-b85d-3f30c9f90139
2026-04-28 08:40:31.248 7 INFO neutron_taas.services.taas.tap_mirror_plugin [None req-29858d6f-bead-41c6-ae0c-88154385783f bcc9b660aa8c4d4ca1de1c4380307bf1 08704f5a8c5048088c1df70c915c0706 - - default default] Tap Mirror: Handle Delete Port: ab9c687c-608f-4681-b85d-3f30c9f90139 [pid: 8|app: 0|req: 727/1506] 10.0.0.41 () {34 vars in 787 bytes} [Tue Apr 28 08:40:30 2026] PUT /v2.0/routers/0ff1f344-68a9-4925-ad6e-a8997c457547/remove_router_interface => generated 310 bytes in 718 msecs (HTTP/1.1 200) 4 headers in 157 bytes (1 switches on core 0) /var/lib/openstack/lib/python3.12/site-packages/pycadf/identifier.py:70: UserWarning: Invalid uuid: neutron. To ensure interoperability, identifiers should be a valid uuid. warnings.warn(('Invalid uuid: %s. To ensure interoperability, '
2026-04-28 08:40:31.404 8 INFO neutron.db.ovn_revision_numbers_db [None req-f892317b-3a5b-483c-a7df-ac21628f920a 338e401b9b794d68a1f9ae3dcc22a0b8 e8eb6b8b9a674859ac052c63fa37d022 - - default default] Successfully bumped revision number for resource 131c41e4-4115-4592-8deb-2567a08dbdc8 (type: security_group_rules) to 0 [pid: 8|app: 0|req: 728/1507] 10.0.0.41 () {34 vars in 693 bytes} [Tue Apr 28 08:40:31 2026] POST /v2.0/security-group-rules => generated 596 bytes in 183 msecs (HTTP/1.1 201) 4 headers in 162 bytes (1 switches on core 0) [pid: 8|app: 0|req: 729/1508] 10.0.0.41 () {32 vars in 734 bytes} [Tue Apr 28 08:40:31 2026] GET /v2.0/ports?device_id=0ff1f344-68a9-4925-ad6e-a8997c457547 => generated 12 bytes in 32 msecs (HTTP/1.1 200) 4 headers in 156 bytes (1 switches on core 0)
