2026-04-28 08:39:53.980 8 INFO neutron_taas.services.taas.tap_mirror_plugin [None req-f093e4df-cf90-4d62-9417-1e423302ee5a 30b8c281cf0b4c1abee5570eab4da766 7ef587a64e11491986859bd4e0b2f8c0 - - default default] Tap Mirror: Handle Delete Port: a04258aa-7a3b-4e75-a0ba-1c8b9c343bcc [pid: 8|app: 0|req: 642/1336] 10.0.0.41 () {32 vars in 730 bytes} [Tue Apr 28 08:39:53 2026] DELETE /v2.0/floatingips/fd2f354d-e602-4ad8-b31a-521c9c3d51fd => generated 0 bytes in 328 msecs (HTTP/1.1 204) 2 headers in 112 bytes (1 switches on core 0)
2026-04-28 08:39:54.373 8 WARNING neutron.scheduler.dhcp_agent_scheduler [None req-e136f9cf-8de8-4911-9cb6-82ab16e5a94b bcc9b660aa8c4d4ca1de1c4380307bf1 08704f5a8c5048088c1df70c915c0706 - - default default] No more DHCP agents
2026-04-28 08:39:54.375 8 WARNING neutron.api.rpc.agentnotifiers.dhcp_rpc_agent_api [None req-e136f9cf-8de8-4911-9cb6-82ab16e5a94b bcc9b660aa8c4d4ca1de1c4380307bf1 08704f5a8c5048088c1df70c915c0706 - - default default] Unable to schedule network 373cb8ec-9cff-46cd-a6c2-85211b6498ed: no agents available; will retry on subsequent port and subnet creation events.
2026-04-28 08:39:54.394 7 INFO neutron.db.ovn_revision_numbers_db [None req-1a772f1b-4a52-48fb-b73c-5cf0d4257c52 42b823765e704d82aede86742b6a7236 6f8c4e0cde0b44f6a33b86f1c4e452f1 - - default default] Successfully bumped revision number for resource fb3add37-7033-4979-9e6c-aec9374f458a (type: ports) to 2
2026-04-28 08:39:54.408 8 INFO neutron.db.ovn_revision_numbers_db [None req-e136f9cf-8de8-4911-9cb6-82ab16e5a94b bcc9b660aa8c4d4ca1de1c4380307bf1 08704f5a8c5048088c1df70c915c0706 - - default default] Successfully bumped revision number for resource 703b2f5c-be53-47f9-b919-9b2cf0eaa685 (type: subnets) to 0 [pid: 8|app: 0|req: 643/1337] 10.0.0.41 () {34 vars in 667 bytes} [Tue Apr 28 08:39:54 2026] POST /v2.0/subnets => generated 646 bytes in 258 msecs (HTTP/1.1 201) 4 headers in 162 bytes (1 switches on core 0)
2026-04-28 08:39:54.447 7 INFO neutron.db.ovn_revision_numbers_db [None req-1a772f1b-4a52-48fb-b73c-5cf0d4257c52 42b823765e704d82aede86742b6a7236 6f8c4e0cde0b44f6a33b86f1c4e452f1 - - default default] Successfully bumped revision number for resource 3b4c9dda-651d-4492-9b8a-d6f0963d16a4 (type: subnets) to 0 [pid: 7|app: 0|req: 695/1338] 10.0.0.41 () {34 vars in 667 bytes} [Tue Apr 28 08:39:53 2026] POST /v2.0/subnets => generated 626 bytes in 875 msecs (HTTP/1.1 201) 4 headers in 162 bytes (1 switches on core 0)
2026-04-28 08:39:54.665 7 WARNING neutron.scheduler.dhcp_agent_scheduler [None req-4de063fa-6862-4c70-bbb1-00468e701c36 bcc9b660aa8c4d4ca1de1c4380307bf1 08704f5a8c5048088c1df70c915c0706 - - default default] No more DHCP agents
2026-04-28 08:39:54.666 7 WARNING neutron.api.rpc.agentnotifiers.dhcp_rpc_agent_api [None req-4de063fa-6862-4c70-bbb1-00468e701c36 bcc9b660aa8c4d4ca1de1c4380307bf1 08704f5a8c5048088c1df70c915c0706 - - default default] Unable to schedule network 9df0d79e-4610-46f6-9240-4560bcf37744: no agents available; will retry on subsequent port and subnet creation events.
2026-04-28 08:39:54.698 7 INFO neutron.db.ovn_revision_numbers_db [None req-4de063fa-6862-4c70-bbb1-00468e701c36 bcc9b660aa8c4d4ca1de1c4380307bf1 08704f5a8c5048088c1df70c915c0706 - - default default] Successfully bumped revision number for resource 09e3f42d-739d-4d60-9d90-ba7cff28bd25 (type: subnets) to 0
2026-04-28 08:39:54.709 8 INFO neutron_taas.services.taas.taas_plugin [None req-bb39f175-45bd-40a6-a785-b9a91abc83b1 9484efbc45b9421a93dbfbc72591a2e3 3168251623fd41d1a36ef23621ddd66c - - default default] TaaS: Handle Delete Port: 7af4ad02-5233-4f29-a91a-756080550045
2026-04-28 08:39:54.713 8 INFO neutron_taas.services.taas.tap_mirror_plugin [None req-bb39f175-45bd-40a6-a785-b9a91abc83b1 9484efbc45b9421a93dbfbc72591a2e3 3168251623fd41d1a36ef23621ddd66c - - default default] Tap Mirror: Handle Delete Port: 7af4ad02-5233-4f29-a91a-756080550045 [pid: 7|app: 0|req: 696/1339] 10.0.0.41 () {34 vars in 667 bytes} [Tue Apr 28 08:39:54 2026] POST /v2.0/subnets => generated 655 bytes in 248 msecs (HTTP/1.1 201) 4 headers in 162 bytes (1 switches on core 0)
2026-04-28 08:39:54.829 7 INFO neutron.db.ovn_revision_numbers_db [None req-9bb8936f-193b-4279-893a-12794d239b50 42b823765e704d82aede86742b6a7236 6f8c4e0cde0b44f6a33b86f1c4e452f1 - - default default] Successfully bumped revision number for resource 4191ae69-7fb2-4e30-8838-5242cfda94a5 (type: routers) to 1 [pid: 7|app: 0|req: 697/1340] 10.0.0.41 () {34 vars in 667 bytes} [Tue Apr 28 08:39:54 2026] POST /v2.0/routers => generated 624 bytes in 131 msecs (HTTP/1.1 201) 4 headers in 162 bytes (1 switches on core 0)
2026-04-28 08:39:54.970 7 INFO neutron.db.ovn_revision_numbers_db [None req-809863d3-c684-4103-86f4-4708172a9681 bcc9b660aa8c4d4ca1de1c4380307bf1 08704f5a8c5048088c1df70c915c0706 - - default default] Successfully bumped revision number for resource fc3e5f00-ceb9-480d-ac16-fc5e34d1e159 (type: routers) to 1 [pid: 7|app: 0|req: 698/1341] 10.0.0.41 () {34 vars in 667 bytes} [Tue Apr 28 08:39:54 2026] POST /v2.0/routers => generated 628 bytes in 146 msecs (HTTP/1.1 201) 4 headers in 162 bytes (1 switches on core 0) [pid: 8|app: 0|req: 644/1342] 10.0.0.41 () {34 vars in 787 bytes} [Tue Apr 28 08:39:54 2026] PUT /v2.0/routers/623add90-b996-4910-ad1f-5eba53df3742/remove_router_interface => generated 310 bytes in 946 msecs (HTTP/1.1 200) 4 headers in 157 bytes (1 switches on core 0) /var/lib/openstack/lib/python3.12/site-packages/pycadf/identifier.py:70: UserWarning: Invalid uuid: neutron. To ensure interoperability, identifiers should be a valid uuid. warnings.warn(('Invalid uuid: %s. To ensure interoperability, '
2026-04-28 08:39:55.385 7 WARNING neutron.scheduler.dhcp_agent_scheduler [None req-1b24b585-02c9-414b-a740-ebf4f1a4f647 42b823765e704d82aede86742b6a7236 6f8c4e0cde0b44f6a33b86f1c4e452f1 - - default default] No more DHCP agents
2026-04-28 08:39:55.395 7 WARNING neutron.api.rpc.agentnotifiers.dhcp_rpc_agent_api [None req-1b24b585-02c9-414b-a740-ebf4f1a4f647 42b823765e704d82aede86742b6a7236 6f8c4e0cde0b44f6a33b86f1c4e452f1 - - default default] Unable to schedule network 8eb0c323-b904-4de2-b05f-2a50904c3ab7: no agents available; will retry on subsequent port and subnet creation events.
2026-04-28 08:39:55.568 8 INFO neutron.plugins.ml2.drivers.ovn.mech_driver.mech_driver [None req-921e56a5-4600-4b7a-811b-6628dc3a392c - - - - - -] OVN reports status down for port: 0033dab2-3058-4b37-a105-fc9a96ca83c8
2026-04-28 08:39:55.567 7 INFO neutron.db.ovn_revision_numbers_db [None req-1b24b585-02c9-414b-a740-ebf4f1a4f647 42b823765e704d82aede86742b6a7236 6f8c4e0cde0b44f6a33b86f1c4e452f1 - - default default] Successfully bumped revision number for resource 0033dab2-3058-4b37-a105-fc9a96ca83c8 (type: ports) to 1
2026-04-28 08:39:55.972 8 WARNING neutron.scheduler.dhcp_agent_scheduler [None req-48a2e2ad-86d9-4f08-84e7-77fecfb71311 bcc9b660aa8c4d4ca1de1c4380307bf1 08704f5a8c5048088c1df70c915c0706 - - default default] No more DHCP agents
2026-04-28 08:39:55.975 8 WARNING neutron.api.rpc.agentnotifiers.dhcp_rpc_agent_api [None req-48a2e2ad-86d9-4f08-84e7-77fecfb71311 bcc9b660aa8c4d4ca1de1c4380307bf1 08704f5a8c5048088c1df70c915c0706 - - default default] Unable to schedule network 373cb8ec-9cff-46cd-a6c2-85211b6498ed: no agents available; will retry on subsequent port and subnet creation events.
2026-04-28 08:39:56.079 7 INFO neutron.plugins.ml2.drivers.ovn.mech_driver.mech_driver [None req-5ed88e20-bd4a-4415-943d-c423fa15eeea - - - - - -] OVN reports status down for port: 0b09cdac-dc0b-413f-85c8-fb523d46ae7d
2026-04-28 08:39:56.093 8 INFO neutron.db.ovn_revision_numbers_db [None req-48a2e2ad-86d9-4f08-84e7-77fecfb71311 bcc9b660aa8c4d4ca1de1c4380307bf1 08704f5a8c5048088c1df70c915c0706 - - default default] Successfully bumped revision number for resource 0b09cdac-dc0b-413f-85c8-fb523d46ae7d (type: ports) to 1
2026-04-28 08:39:56.223 8 INFO neutron.plugins.ml2.drivers.ovn.mech_driver.mech_driver [None req-921e56a5-4600-4b7a-811b-6628dc3a392c - - - - - -] OVN reports status up for port: 0033dab2-3058-4b37-a105-fc9a96ca83c8
2026-04-28 08:39:56.258 8 INFO neutron.plugins.ml2.plugin [None req-921e56a5-4600-4b7a-811b-6628dc3a392c - - - - - -] Attempt 1 to provision port 0033dab2-3058-4b37-a105-fc9a96ca83c8
2026-04-28 08:39:56.291 7 WARNING neutron.scheduler.dhcp_agent_scheduler [None req-1b24b585-02c9-414b-a740-ebf4f1a4f647 42b823765e704d82aede86742b6a7236 6f8c4e0cde0b44f6a33b86f1c4e452f1 - - default default] No more DHCP agents
2026-04-28 08:39:56.292 7 WARNING neutron.api.rpc.agentnotifiers.dhcp_rpc_agent_api [None req-1b24b585-02c9-414b-a740-ebf4f1a4f647 42b823765e704d82aede86742b6a7236 6f8c4e0cde0b44f6a33b86f1c4e452f1 - - default default] Unable to schedule network 8eb0c323-b904-4de2-b05f-2a50904c3ab7: no agents available; will retry on subsequent port and subnet creation events.
2026-04-28 08:39:56.487 7 INFO neutron.db.ovn_revision_numbers_db [None req-1b24b585-02c9-414b-a740-ebf4f1a4f647 42b823765e704d82aede86742b6a7236 6f8c4e0cde0b44f6a33b86f1c4e452f1 - - default default] Successfully bumped revision number for resource 0033dab2-3058-4b37-a105-fc9a96ca83c8 (type: router_ports) to 1 [pid: 7|app: 0|req: 699/1343] 10.0.0.41 () {34 vars in 781 bytes} [Tue Apr 28 08:39:54 2026] PUT /v2.0/routers/4191ae69-7fb2-4e30-8838-5242cfda94a5/add_router_interface => generated 310 bytes in 1501 msecs (HTTP/1.1 200) 4 headers in 157 bytes (1 switches on core 0)
2026-04-28 08:39:56.808 7 INFO neutron_taas.services.taas.taas_plugin [None req-7c1e80cf-327c-4b18-9fcc-56f3055e867b 9484efbc45b9421a93dbfbc72591a2e3 3168251623fd41d1a36ef23621ddd66c - - default default] TaaS: Handle Delete Port: a27f73a3-1483-46ea-b0b3-dcacad05d1a7
2026-04-28 08:39:56.812 7 INFO neutron_taas.services.taas.tap_mirror_plugin [None req-7c1e80cf-327c-4b18-9fcc-56f3055e867b 9484efbc45b9421a93dbfbc72591a2e3 3168251623fd41d1a36ef23621ddd66c - - default default] Tap Mirror: Handle Delete Port: a27f73a3-1483-46ea-b0b3-dcacad05d1a7
2026-04-28 08:39:56.978 8 INFO neutron.db.ovn_revision_numbers_db [None req-921e56a5-4600-4b7a-811b-6628dc3a392c - - - - - -] Successfully bumped revision number for resource 0033dab2-3058-4b37-a105-fc9a96ca83c8 (type: ports) to 2
2026-04-28 08:39:57.022 7 INFO neutron.plugins.ml2.drivers.ovn.mech_driver.mech_driver [None req-5ed88e20-bd4a-4415-943d-c423fa15eeea - - - - - -] OVN reports status up for port: 0b09cdac-dc0b-413f-85c8-fb523d46ae7d
2026-04-28 08:39:57.047 7 INFO neutron.plugins.ml2.plugin [None req-5ed88e20-bd4a-4415-943d-c423fa15eeea - - - - - -] Attempt 1 to provision port 0b09cdac-dc0b-413f-85c8-fb523d46ae7d
2026-04-28 08:39:57.186 8 WARNING neutron.scheduler.dhcp_agent_scheduler [None req-48a2e2ad-86d9-4f08-84e7-77fecfb71311 bcc9b660aa8c4d4ca1de1c4380307bf1 08704f5a8c5048088c1df70c915c0706 - - default default] No more DHCP agents
2026-04-28 08:39:57.188 8 WARNING neutron.api.rpc.agentnotifiers.dhcp_rpc_agent_api [None req-48a2e2ad-86d9-4f08-84e7-77fecfb71311 bcc9b660aa8c4d4ca1de1c4380307bf1 08704f5a8c5048088c1df70c915c0706 - - default default] Unable to schedule network 373cb8ec-9cff-46cd-a6c2-85211b6498ed: no agents available; will retry on subsequent port and subnet creation events.
2026-04-28 08:39:57.412 8 INFO neutron.db.ovn_revision_numbers_db [None req-48a2e2ad-86d9-4f08-84e7-77fecfb71311 bcc9b660aa8c4d4ca1de1c4380307bf1 08704f5a8c5048088c1df70c915c0706 - - default default] Successfully bumped revision number for resource 0b09cdac-dc0b-413f-85c8-fb523d46ae7d (type: router_ports) to 1 [pid: 8|app: 0|req: 645/1344] 10.0.0.41 () {34 vars in 781 bytes} [Tue Apr 28 08:39:55 2026] PUT /v2.0/routers/fc3e5f00-ceb9-480d-ac16-fc5e34d1e159/add_router_interface => generated 310 bytes in 2046 msecs (HTTP/1.1 200) 4 headers in 157 bytes (1 switches on core 0) [pid: 8|app: 0|req: 646/1345] 10.0.0.41 () {32 vars in 715 bytes} [Tue Apr 28 08:39:57 2026] GET /v2.0/ports/0033dab2-3058-4b37-a105-fc9a96ca83c8 => generated 943 bytes in 87 msecs (HTTP/1.1 200) 4 headers in 157 bytes (1 switches on core 0) [pid: 8|app: 0|req: 649/1348] 10.0.0.41 () {32 vars in 715 bytes} [Tue Apr 28 08:39:57 2026] GET /v2.0/ports/0b09cdac-dc0b-413f-85c8-fb523d46ae7d => generated 947 bytes in 33 msecs (HTTP/1.1 200) 4 headers in 157 bytes (1 switches on core 0) [pid: 7|app: 0|req: 700/1349] 10.0.0.41 () {32 vars in 722 bytes} [Tue Apr 28 08:39:56 2026] DELETE /v2.0/routers/623add90-b996-4910-ad1f-5eba53df3742 => generated 0 bytes in 1136 msecs (HTTP/1.1 204) 2 headers in 112 bytes (1 switches on core 0)
2026-04-28 08:39:57.926 7 INFO neutron.db.ovn_revision_numbers_db [None req-5ed88e20-bd4a-4415-943d-c423fa15eeea - - - - - -] Successfully bumped revision number for resource 0b09cdac-dc0b-413f-85c8-fb523d46ae7d (type: ports) to 2
2026-04-28 08:39:58.013 8 WARNING neutron.scheduler.dhcp_agent_scheduler [None req-79733477-815b-40b6-902f-78c4e6c15820 42b823765e704d82aede86742b6a7236 6f8c4e0cde0b44f6a33b86f1c4e452f1 - - default default] No more DHCP agents
2026-04-28 08:39:58.014 8 WARNING neutron.api.rpc.agentnotifiers.dhcp_rpc_agent_api [None req-79733477-815b-40b6-902f-78c4e6c15820 42b823765e704d82aede86742b6a7236 6f8c4e0cde0b44f6a33b86f1c4e452f1 - - default default] Unable to schedule network 55284045-4d2e-4aa4-ad2f-92ce1bcaaaed: no agents available; will retry on subsequent port and subnet creation events.
2026-04-28 08:39:58.194 8 INFO neutron.db.ovn_revision_numbers_db [None req-79733477-815b-40b6-902f-78c4e6c15820 42b823765e704d82aede86742b6a7236 6f8c4e0cde0b44f6a33b86f1c4e452f1 - - default default] Successfully bumped revision number for resource 39f0e826-76a2-43f5-aa4f-f7c3ff61ef92 (type: ports) to 1
2026-04-28 08:39:58.288 7 WARNING neutron.scheduler.dhcp_agent_scheduler [None req-b2dcb190-eaf0-4166-b503-a25555b470cd bcc9b660aa8c4d4ca1de1c4380307bf1 08704f5a8c5048088c1df70c915c0706 - - default default] No more DHCP agents
2026-04-28 08:39:58.289 7 WARNING neutron.api.rpc.agentnotifiers.dhcp_rpc_agent_api [None req-b2dcb190-eaf0-4166-b503-a25555b470cd bcc9b660aa8c4d4ca1de1c4380307bf1 08704f5a8c5048088c1df70c915c0706 - - default default] Unable to schedule network 9df0d79e-4610-46f6-9240-4560bcf37744: no agents available; will retry on subsequent port and subnet creation events.
2026-04-28 08:39:58.415 7 INFO neutron.db.ovn_revision_numbers_db [None req-b2dcb190-eaf0-4166-b503-a25555b470cd bcc9b660aa8c4d4ca1de1c4380307bf1 08704f5a8c5048088c1df70c915c0706 - - default default] Successfully bumped revision number for resource 27ebb171-74c4-46ec-9b2b-6159aa273887 (type: ports) to 1
2026-04-28 08:39:58.959 8 WARNING neutron.scheduler.dhcp_agent_scheduler [None req-79733477-815b-40b6-902f-78c4e6c15820 42b823765e704d82aede86742b6a7236 6f8c4e0cde0b44f6a33b86f1c4e452f1 - - default default] No more DHCP agents
2026-04-28 08:39:58.961 8 WARNING neutron.api.rpc.agentnotifiers.dhcp_rpc_agent_api [None req-79733477-815b-40b6-902f-78c4e6c15820 42b823765e704d82aede86742b6a7236 6f8c4e0cde0b44f6a33b86f1c4e452f1 - - default default] Unable to schedule network 55284045-4d2e-4aa4-ad2f-92ce1bcaaaed: no agents available; will retry on subsequent port and subnet creation events.
2026-04-28 08:39:59.081 7 WARNING neutron.scheduler.dhcp_agent_scheduler [None req-b2dcb190-eaf0-4166-b503-a25555b470cd bcc9b660aa8c4d4ca1de1c4380307bf1 08704f5a8c5048088c1df70c915c0706 - - default default] No more DHCP agents
2026-04-28 08:39:59.082 7 WARNING neutron.api.rpc.agentnotifiers.dhcp_rpc_agent_api [None req-b2dcb190-eaf0-4166-b503-a25555b470cd bcc9b660aa8c4d4ca1de1c4380307bf1 08704f5a8c5048088c1df70c915c0706 - - default default] Unable to schedule network 9df0d79e-4610-46f6-9240-4560bcf37744: no agents available; will retry on subsequent port and subnet creation events.
2026-04-28 08:39:59.238 8 INFO neutron.db.ovn_revision_numbers_db [None req-79733477-815b-40b6-902f-78c4e6c15820 42b823765e704d82aede86742b6a7236 6f8c4e0cde0b44f6a33b86f1c4e452f1 - - default default] Successfully bumped revision number for resource 39f0e826-76a2-43f5-aa4f-f7c3ff61ef92 (type: router_ports) to 1 [pid: 8|app: 0|req: 650/1350] 10.0.0.41 () {34 vars in 781 bytes} [Tue Apr 28 08:39:57 2026] PUT /v2.0/routers/4191ae69-7fb2-4e30-8838-5242cfda94a5/add_router_interface => generated 310 bytes in 1704 msecs (HTTP/1.1 200) 4 headers in 157 bytes (1 switches on core 0)
2026-04-28 08:39:59.289 7 INFO neutron.db.ovn_revision_numbers_db [None req-b2dcb190-eaf0-4166-b503-a25555b470cd bcc9b660aa8c4d4ca1de1c4380307bf1 08704f5a8c5048088c1df70c915c0706 - - default default] Successfully bumped revision number for resource 27ebb171-74c4-46ec-9b2b-6159aa273887 (type: router_ports) to 1 [pid: 7|app: 0|req: 701/1351] 10.0.0.41 () {34 vars in 781 bytes} [Tue Apr 28 08:39:57 2026] PUT /v2.0/routers/fc3e5f00-ceb9-480d-ac16-fc5e34d1e159/add_router_interface => generated 310 bytes in 1662 msecs (HTTP/1.1 200) 4 headers in 157 bytes (1 switches on core 0) [pid: 7|app: 0|req: 702/1352] 10.0.0.41 () {32 vars in 715 bytes} [Tue Apr 28 08:39:59 2026] GET /v2.0/ports/39f0e826-76a2-43f5-aa4f-f7c3ff61ef92 => generated 941 bytes in 79 msecs (HTTP/1.1 200) 4 headers in 157 bytes (1 switches on core 0) [pid: 7|app: 0|req: 703/1353] 10.0.0.41 () {32 vars in 715 bytes} [Tue Apr 28 08:39:59 2026] GET /v2.0/ports/27ebb171-74c4-46ec-9b2b-6159aa273887 => generated 953 bytes in 40 msecs (HTTP/1.1 200) 4 headers in 157 bytes (1 switches on core 0) [pid: 7|app: 0|req: 704/1354] 10.0.0.41 () {32 vars in 715 bytes} [Tue Apr 28 08:39:59 2026] GET /v2.0/ports/39f0e826-76a2-43f5-aa4f-f7c3ff61ef92 => generated 941 bytes in 29 msecs (HTTP/1.1 200) 4 headers in 157 bytes (1 switches on core 0) [pid: 7|app: 0|req: 705/1355] 10.0.0.41 () {32 vars in 715 bytes} [Tue Apr 28 08:39:59 2026] GET /v2.0/ports/27ebb171-74c4-46ec-9b2b-6159aa273887 => generated 953 bytes in 30 msecs (HTTP/1.1 200) 4 headers in 157 bytes (1 switches on core 0) [pid: 8|app: 0|req: 651/1356] 10.0.0.41 () {32 vars in 722 bytes} [Tue Apr 28 08:39:59 2026] DELETE /v2.0/subnets/ca3184d6-c856-497b-8326-864a9df87c78 => generated 0 bytes in 246 msecs (HTTP/1.1 204) 3 headers in 131 bytes (1 switches on core 0)
2026-04-28 08:39:59.635 7 INFO neutron_taas.services.taas.taas_plugin [None req-14fef7d6-1077-45ab-bb19-34aa3e83a97d 9484efbc45b9421a93dbfbc72591a2e3 3168251623fd41d1a36ef23621ddd66c - - default default] TaaS: Handle Delete Port: 4c891a49-0411-49fb-a3f8-91bdcd409cb0
2026-04-28 08:39:59.638 7 INFO neutron_taas.services.taas.tap_mirror_plugin [None req-14fef7d6-1077-45ab-bb19-34aa3e83a97d 9484efbc45b9421a93dbfbc72591a2e3 3168251623fd41d1a36ef23621ddd66c - - default default] Tap Mirror: Handle Delete Port: 4c891a49-0411-49fb-a3f8-91bdcd409cb0
2026-04-28 08:39:59.839 7 INFO neutron.services.segments.plugin [-] Segment a849f2c1-6ff8-4c43-94ac-09ebfda621cf resource provider aggregate not found
2026-04-28 08:39:59.847 7 INFO neutron.services.segments.plugin [-] Segment a849f2c1-6ff8-4c43-94ac-09ebfda621cf resource provider aggregate not found
2026-04-28 08:39:59.862 7 INFO neutron.services.segments.plugin [-] Segment a849f2c1-6ff8-4c43-94ac-09ebfda621cf resource provider not found; error: Placement Client Error (4xx): {"errors": [{"status": 404, "title": "Not Found", "detail": "The resource could not be found.\n\n No resource provider with uuid a849f2c1-6ff8-4c43-94ac-09ebfda621cf found for delete ", "request_id": "req-3092eea3-b160-4277-a0da-be819665ff9b"}]}
2026-04-28 08:39:59.875 7 INFO neutron.services.segments.plugin [-] Segment a849f2c1-6ff8-4c43-94ac-09ebfda621cf resource provider not found; error: Placement Client Error (4xx): {"errors": [{"status": 404, "title": "Not Found", "detail": "The resource could not be found.\n\n No resource provider with uuid a849f2c1-6ff8-4c43-94ac-09ebfda621cf found for delete ", "request_id": "req-ad688aa2-f3fe-4183-a1f5-604e4e938382"}]} [pid: 7|app: 0|req: 706/1357] 10.0.0.41 () {32 vars in 724 bytes} [Tue Apr 28 08:39:59 2026] DELETE /v2.0/networks/64752514-f0ad-47b2-b86f-5f0131d4f23c => generated 0 bytes in 427 msecs (HTTP/1.1 204) 3 headers in 131 bytes (1 switches on core 0)
2026-04-28 08:40:00.064 8 WARNING neutron.db.securitygroups_db [None req-ac27f7c1-218f-4bf7-89c1-4815d6cd7d86 9484efbc45b9421a93dbfbc72591a2e3 3168251623fd41d1a36ef23621ddd66c - - default default] project_id key not found in filters, using tenant_id instead. This support has been deprecated and will be removed in a future release.
2026-04-28 08:40:00.128 7 WARNING neutron.db.securitygroups_db [None req-54452486-a66a-447c-8e00-223dbe6f14a3 9484efbc45b9421a93dbfbc72591a2e3 3168251623fd41d1a36ef23621ddd66c - - default default] project_id key not found in filters, using tenant_id instead. This support has been deprecated and will be removed in a future release. [pid: 7|app: 0|req: 707/1358] 10.0.0.41 () {32 vars in 772 bytes} [Tue Apr 28 08:40:00 2026] GET /v2.0/security-groups?tenant_id=7ef587a64e11491986859bd4e0b2f8c0&name=default => generated 2925 bytes in 43 msecs (HTTP/1.1 200) 4 headers in 158 bytes (1 switches on core 0)
2026-04-28 08:40:00.233 8 INFO neutron.db.ovn_revision_numbers_db [None req-ac27f7c1-218f-4bf7-89c1-4815d6cd7d86 9484efbc45b9421a93dbfbc72591a2e3 3168251623fd41d1a36ef23621ddd66c - - default default] Successfully bumped revision number for resource 93fc1913-04df-4878-9e3d-2f19a924590f (type: security_groups) to 1
2026-04-28 08:40:00.244 8 INFO neutron.db.ovn_revision_numbers_db [None req-ac27f7c1-218f-4bf7-89c1-4815d6cd7d86 9484efbc45b9421a93dbfbc72591a2e3 3168251623fd41d1a36ef23621ddd66c - - default default] Successfully bumped revision number for resource 2630f0aa-15c6-476b-bed1-593dcf17160b (type: security_group_rules) to 0
2026-04-28 08:40:00.256 8 INFO neutron.db.ovn_revision_numbers_db [None req-ac27f7c1-218f-4bf7-89c1-4815d6cd7d86 9484efbc45b9421a93dbfbc72591a2e3 3168251623fd41d1a36ef23621ddd66c - - default default] Successfully bumped revision number for resource 277fa1ed-6f0b-47ef-a900-a51372b23596 (type: security_group_rules) to 0
2026-04-28 08:40:00.268 8 INFO neutron.db.ovn_revision_numbers_db [None req-ac27f7c1-218f-4bf7-89c1-4815d6cd7d86 9484efbc45b9421a93dbfbc72591a2e3 3168251623fd41d1a36ef23621ddd66c - - default default] Successfully bumped revision number for resource 35cfe196-ce11-4904-90a2-f5625d14798f (type: security_group_rules) to 0
2026-04-28 08:40:00.285 8 INFO neutron.db.ovn_revision_numbers_db [None req-ac27f7c1-218f-4bf7-89c1-4815d6cd7d86 9484efbc45b9421a93dbfbc72591a2e3 3168251623fd41d1a36ef23621ddd66c - - default default] Successfully bumped revision number for resource c58b472d-e06e-42a9-a469-060be7530bbe (type: security_group_rules) to 0 [pid: 7|app: 0|req: 708/1359] 10.0.0.41 () {32 vars in 738 bytes} [Tue Apr 28 08:40:00 2026] DELETE /v2.0/security-groups/29751bff-3734-412b-bb04-d877f87e64fa => generated 0 bytes in 164 msecs (HTTP/1.1 204) 2 headers in 112 bytes (1 switches on core 0) [pid: 8|app: 0|req: 652/1360] 10.0.0.41 () {32 vars in 772 bytes} [Tue Apr 28 08:39:59 2026] GET /v2.0/security-groups?tenant_id=86592c7f55ce4672b0f64e0e4a020c8e&name=default => generated 2925 bytes in 373 msecs (HTTP/1.1 200) 4 headers in 158 bytes (1 switches on core 0) [pid: 7|app: 0|req: 709/1361] 10.0.0.41 () {32 vars in 738 bytes} [Tue Apr 28 08:40:00 2026] DELETE /v2.0/security-groups/93fc1913-04df-4878-9e3d-2f19a924590f => generated 0 bytes in 194 msecs (HTTP/1.1 204) 2 headers in 112 bytes (1 switches on core 0) [pid: 8|app: 0|req: 653/1362] 10.0.0.41 () {32 vars in 715 bytes} [Tue Apr 28 08:40:00 2026] GET /v2.0/ports/39f0e826-76a2-43f5-aa4f-f7c3ff61ef92 => generated 941 bytes in 100 msecs (HTTP/1.1 200) 4 headers in 157 bytes (1 switches on core 0) [pid: 7|app: 0|req: 710/1363] 10.0.0.41 () {32 vars in 715 bytes} [Tue Apr 28 08:40:00 2026] GET /v2.0/ports/27ebb171-74c4-46ec-9b2b-6159aa273887 => generated 953 bytes in 69 msecs (HTTP/1.1 200) 4 headers in 157 bytes (1 switches on core 0) [pid: 8|app: 0|req: 654/1364] 10.0.0.41 () {32 vars in 715 bytes} [Tue Apr 28 08:40:01 2026] GET /v2.0/ports/39f0e826-76a2-43f5-aa4f-f7c3ff61ef92 => generated 941 bytes in 93 msecs (HTTP/1.1 200) 4 headers in 157 bytes (1 switches on core 0) [pid: 7|app: 0|req: 711/1365] 10.0.0.41 () {32 vars in 715 bytes} [Tue Apr 28 08:40:01 2026] GET /v2.0/ports/27ebb171-74c4-46ec-9b2b-6159aa273887 => generated 953 bytes in 49 msecs (HTTP/1.1 200) 4 headers in 157 bytes (1 switches on core 0)
2026-04-28 08:40:02.080 8 WARNING neutron.plugins.ml2.drivers.ovn.mech_driver.ovsdb.ovn_client [None req-57dcf688-02a0-4cdc-b414-a10e31190d04 - - - - - -] No hosting information found for port 0033dab2-3058-4b37-a105-fc9a96ca83c8: RuntimeError: No hosting information found for port 0033dab2-3058-4b37-a105-fc9a96ca83c8
2026-04-28 08:40:02.171 8 INFO neutron.db.ovn_revision_numbers_db [None req-57dcf688-02a0-4cdc-b414-a10e31190d04 - - - - - -] Successfully bumped revision number for resource 0033dab2-3058-4b37-a105-fc9a96ca83c8 (type: router_ports) to 2
2026-04-28 08:40:02.220 8 INFO neutron.plugins.ml2.drivers.ovn.mech_driver.mech_driver [None req-57dcf688-02a0-4cdc-b414-a10e31190d04 - - - - - -] OVN reports status down for port: 39f0e826-76a2-43f5-aa4f-f7c3ff61ef92
2026-04-28 08:40:02.300 8 WARNING neutron.plugins.ml2.drivers.ovn.mech_driver.ovsdb.ovn_client [None req-57dcf688-02a0-4cdc-b414-a10e31190d04 - - - - - -] Logical_Switch_Port 39f0e826-76a2-43f5-aa4f-f7c3ff61ef92 host information not removed, the port state is up
2026-04-28 08:40:02.301 8 INFO neutron.plugins.ml2.drivers.ovn.mech_driver.mech_driver [None req-57dcf688-02a0-4cdc-b414-a10e31190d04 - - - - - -] OVN reports status down for port: 27ebb171-74c4-46ec-9b2b-6159aa273887
2026-04-28 08:40:02.409 8 WARNING neutron.plugins.ml2.drivers.ovn.mech_driver.ovsdb.ovn_client [None req-57dcf688-02a0-4cdc-b414-a10e31190d04 - - - - - -] Logical_Switch_Port 27ebb171-74c4-46ec-9b2b-6159aa273887 host information not removed, the port state is up
2026-04-28 08:40:02.409 8 INFO neutron.plugins.ml2.drivers.ovn.mech_driver.mech_driver [None req-57dcf688-02a0-4cdc-b414-a10e31190d04 - - - - - -] OVN reports status up for port: 39f0e826-76a2-43f5-aa4f-f7c3ff61ef92
2026-04-28 08:40:02.436 8 INFO neutron.plugins.ml2.plugin [None req-57dcf688-02a0-4cdc-b414-a10e31190d04 - - - - - -] Attempt 1 to provision port 39f0e826-76a2-43f5-aa4f-f7c3ff61ef92
2026-04-28 08:40:02.541 8 INFO neutron.db.ovn_revision_numbers_db [None req-59d34cff-60bf-4768-a78b-363ef112a101 9484efbc45b9421a93dbfbc72591a2e3 3168251623fd41d1a36ef23621ddd66c - - default default] Successfully bumped revision number for resource 01256cd2-8166-4726-b48a-5e45a2f13d36 (type: security_groups) to 1
2026-04-28 08:40:02.563 8 INFO neutron.db.ovn_revision_numbers_db [None req-59d34cff-60bf-4768-a78b-363ef112a101 9484efbc45b9421a93dbfbc72591a2e3 3168251623fd41d1a36ef23621ddd66c - - default default] Successfully bumped revision number for resource 395eaaf7-0a82-4c77-99b3-70e6266bd618 (type: security_group_rules) to 0
2026-04-28 08:40:02.589 8 INFO neutron.db.ovn_revision_numbers_db [None req-59d34cff-60bf-4768-a78b-363ef112a101 9484efbc45b9421a93dbfbc72591a2e3 3168251623fd41d1a36ef23621ddd66c - - default default] Successfully bumped revision number for resource 5986485c-0ccc-4a6c-a333-c97cf238a1e1 (type: security_group_rules) to 0
2026-04-28 08:40:02.625 8 INFO neutron.db.ovn_revision_numbers_db [None req-59d34cff-60bf-4768-a78b-363ef112a101 9484efbc45b9421a93dbfbc72591a2e3 3168251623fd41d1a36ef23621ddd66c - - default default] Successfully bumped revision number for resource 8e506b78-2781-4ff8-b81b-db30ef929d2c (type: security_group_rules) to 0
2026-04-28 08:40:02.645 8 INFO neutron.db.ovn_revision_numbers_db [None req-59d34cff-60bf-4768-a78b-363ef112a101 9484efbc45b9421a93dbfbc72591a2e3 3168251623fd41d1a36ef23621ddd66c - - default default] Successfully bumped revision number for resource c671edf4-a711-418c-a936-38e0cdab82d5 (type: security_group_rules) to 0 [pid: 7|app: 0|req: 712/1366] 10.0.0.41 () {32 vars in 715 bytes} [Tue Apr 28 08:40:02 2026] GET /v2.0/ports/39f0e826-76a2-43f5-aa4f-f7c3ff61ef92 => generated 943 bytes in 35 msecs (HTTP/1.1 200) 4 headers in 157 bytes (1 switches on core 0) [pid: 7|app: 0|req: 713/1367] 10.0.0.41 () {32 vars in 715 bytes} [Tue Apr 28 08:40:02 2026] GET /v2.0/ports/27ebb171-74c4-46ec-9b2b-6159aa273887 => generated 953 bytes in 38 msecs (HTTP/1.1 200) 4 headers in 157 bytes (1 switches on core 0)
2026-04-28 08:40:02.767 8 INFO neutron.db.segments_db [None req-59d34cff-60bf-4768-a78b-363ef112a101 9484efbc45b9421a93dbfbc72591a2e3 3168251623fd41d1a36ef23621ddd66c - - default default] Added segment 282afd1d-6449-4666-a007-7da2ce98b5cc of type geneve for network b5697dc9-2920-429e-bf44-ebd55b4af800
2026-04-28 08:40:03.011 8 INFO neutron.db.ovn_revision_numbers_db [None req-59d34cff-60bf-4768-a78b-363ef112a101 9484efbc45b9421a93dbfbc72591a2e3 3168251623fd41d1a36ef23621ddd66c - - default default] Successfully bumped revision number for resource b5697dc9-2920-429e-bf44-ebd55b4af800 (type: networks) to 1
2026-04-28 08:40:03.015 8 INFO neutron.db.ovn_revision_numbers_db [None req-57dcf688-02a0-4cdc-b414-a10e31190d04 - - - - - -] Successfully bumped revision number for resource 39f0e826-76a2-43f5-aa4f-f7c3ff61ef92 (type: ports) to 2
2026-04-28 08:40:03.127 7 INFO neutron_taas.services.taas.taas_plugin [None req-46255701-3ccd-4021-a41a-0ada2707d37d 42b823765e704d82aede86742b6a7236 6f8c4e0cde0b44f6a33b86f1c4e452f1 - - default default] TaaS: Handle Delete Port: 39f0e826-76a2-43f5-aa4f-f7c3ff61ef92
2026-04-28 08:40:03.132 7 INFO neutron_taas.services.taas.tap_mirror_plugin [None req-46255701-3ccd-4021-a41a-0ada2707d37d 42b823765e704d82aede86742b6a7236 6f8c4e0cde0b44f6a33b86f1c4e452f1 - - default default] Tap Mirror: Handle Delete Port: 39f0e826-76a2-43f5-aa4f-f7c3ff61ef92
2026-04-28 08:40:03.297 8 WARNING neutron.scheduler.dhcp_agent_scheduler [None req-59d34cff-60bf-4768-a78b-363ef112a101 9484efbc45b9421a93dbfbc72591a2e3 3168251623fd41d1a36ef23621ddd66c - - default default] No more DHCP agents
2026-04-28 08:40:03.298 8 WARNING neutron.api.rpc.agentnotifiers.dhcp_rpc_agent_api [None req-59d34cff-60bf-4768-a78b-363ef112a101 9484efbc45b9421a93dbfbc72591a2e3 3168251623fd41d1a36ef23621ddd66c - - default default] Unable to schedule network b5697dc9-2920-429e-bf44-ebd55b4af800: no agents available; will retry on subsequent port and subnet creation events.
2026-04-28 08:40:03.373 8 INFO neutron.db.ovn_revision_numbers_db [None req-59d34cff-60bf-4768-a78b-363ef112a101 9484efbc45b9421a93dbfbc72591a2e3 3168251623fd41d1a36ef23621ddd66c - - default default] Successfully bumped revision number for resource 9facdbf4-cae5-4f7b-80f9-e5f6fde1e504 (type: ports) to 1 [pid: 8|app: 0|req: 655/1368] 10.0.0.41 () {34 vars in 669 bytes} [Tue Apr 28 08:40:02 2026] POST /v2.0/networks => generated 789 bytes in 1270 msecs (HTTP/1.1 201) 4 headers in 162 bytes (1 switches on core 0)
2026-04-28 08:40:03.433 7 WARNING neutron.plugins.ml2.drivers.ovn.mech_driver.ovsdb.ovn_client [None req-f12a330a-6b46-4a6c-9b46-b24894078b05 - - - - - -] No hosting information found for port 0b09cdac-dc0b-413f-85c8-fb523d46ae7d: RuntimeError: No hosting information found for port 0b09cdac-dc0b-413f-85c8-fb523d46ae7d
2026-04-28 08:40:03.604 8 WARNING neutron.scheduler.dhcp_agent_scheduler [None req-ad0acbc6-f544-46a9-8777-9f27fb65fb54 9484efbc45b9421a93dbfbc72591a2e3 3168251623fd41d1a36ef23621ddd66c - - default default] No more DHCP agents
2026-04-28 08:40:03.605 8 WARNING neutron.api.rpc.agentnotifiers.dhcp_rpc_agent_api [None req-ad0acbc6-f544-46a9-8777-9f27fb65fb54 9484efbc45b9421a93dbfbc72591a2e3 3168251623fd41d1a36ef23621ddd66c - - default default] Unable to schedule network b5697dc9-2920-429e-bf44-ebd55b4af800: no agents available; will retry on subsequent port and subnet creation events.
2026-04-28 08:40:03.679 7 INFO neutron.db.ovn_revision_numbers_db [None req-f12a330a-6b46-4a6c-9b46-b24894078b05 - - - - - -] Successfully bumped revision number for resource 0b09cdac-dc0b-413f-85c8-fb523d46ae7d (type: router_ports) to 2
2026-04-28 08:40:03.776 7 INFO neutron.plugins.ml2.drivers.ovn.mech_driver.mech_driver [None req-f12a330a-6b46-4a6c-9b46-b24894078b05 - - - - - -] OVN reports status down for port: 9facdbf4-cae5-4f7b-80f9-e5f6fde1e504 [pid: 7|app: 0|req: 714/1369] 10.0.0.41 () {34 vars in 787 bytes} [Tue Apr 28 08:40:02 2026] PUT /v2.0/routers/4191ae69-7fb2-4e30-8838-5242cfda94a5/remove_router_interface => generated 310 bytes in 1111 msecs (HTTP/1.1 200) 4 headers in 157 bytes (1 switches on core 0) /var/lib/openstack/lib/python3.12/site-packages/pycadf/identifier.py:70: UserWarning: Invalid uuid: neutron. To ensure interoperability, identifiers should be a valid uuid. warnings.warn(('Invalid uuid: %s. To ensure interoperability, ' [pid: 7|app: 0|req: 715/1370] 10.0.0.41 () {32 vars in 715 bytes} [Tue Apr 28 08:40:03 2026] GET /v2.0/ports/27ebb171-74c4-46ec-9b2b-6159aa273887 => generated 953 bytes in 42 msecs (HTTP/1.1 200) 4 headers in 157 bytes (1 switches on core 0) [pid: 7|app: 0|req: 716/1371] 10.0.0.52 () {32 vars in 799 bytes} [Tue Apr 28 08:40:03 2026] GET /v2.0/extensions => generated 21521 bytes in 59 msecs (HTTP/1.1 200) 4 headers in 159 bytes (1 switches on core 0) [pid: 7|app: 0|req: 717/1372] 10.0.0.41 () {32 vars in 715 bytes} [Tue Apr 28 08:40:03 2026] GET /v2.0/ports/0033dab2-3058-4b37-a105-fc9a96ca83c8 => generated 943 bytes in 93 msecs (HTTP/1.1 200) 4 headers in 157 bytes (1 switches on core 0)
2026-04-28 08:40:04.110 8 INFO neutron.db.ovn_revision_numbers_db [None req-ad0acbc6-f544-46a9-8777-9f27fb65fb54 9484efbc45b9421a93dbfbc72591a2e3 3168251623fd41d1a36ef23621ddd66c - - default default] Successfully bumped revision number for resource 9facdbf4-cae5-4f7b-80f9-e5f6fde1e504 (type: ports) to 2
2026-04-28 08:40:04.143 8 INFO neutron.db.ovn_revision_numbers_db [None req-ad0acbc6-f544-46a9-8777-9f27fb65fb54 9484efbc45b9421a93dbfbc72591a2e3 3168251623fd41d1a36ef23621ddd66c - - default default] Successfully bumped revision number for resource b6f723e5-b85d-4a11-b5b2-be8fe5ffab8a (type: subnets) to 0 [pid: 8|app: 0|req: 656/1373] 10.0.0.41 () {34 vars in 667 bytes} [Tue Apr 28 08:40:03 2026] POST /v2.0/subnets => generated 695 bytes in 741 msecs (HTTP/1.1 201) 4 headers in 162 bytes (1 switches on core 0)
2026-04-28 08:40:04.355 7 INFO neutron_taas.services.taas.taas_plugin [None req-21f2df88-9f52-472e-9617-8da8c6285c77 42b823765e704d82aede86742b6a7236 6f8c4e0cde0b44f6a33b86f1c4e452f1 - - default default] TaaS: Handle Delete Port: 0033dab2-3058-4b37-a105-fc9a96ca83c8
2026-04-28 08:40:04.358 7 INFO neutron_taas.services.taas.tap_mirror_plugin [None req-21f2df88-9f52-472e-9617-8da8c6285c77 42b823765e704d82aede86742b6a7236 6f8c4e0cde0b44f6a33b86f1c4e452f1 - - default default] Tap Mirror: Handle Delete Port: 0033dab2-3058-4b37-a105-fc9a96ca83c8
2026-04-28 08:40:04.624 8 WARNING neutron.scheduler.dhcp_agent_scheduler [None req-d07766e2-b083-429f-bfe8-7bfa6d2f5083 9484efbc45b9421a93dbfbc72591a2e3 3168251623fd41d1a36ef23621ddd66c - - default default] No more DHCP agents
2026-04-28 08:40:04.625 8 WARNING neutron.api.rpc.agentnotifiers.dhcp_rpc_agent_api [None req-d07766e2-b083-429f-bfe8-7bfa6d2f5083 9484efbc45b9421a93dbfbc72591a2e3 3168251623fd41d1a36ef23621ddd66c - - default default] Unable to schedule network fe1de6f7-0008-497f-b076-96e6ca5f5109: no agents available; will retry on subsequent port and subnet creation events. [pid: 7|app: 0|req: 718/1374] 10.0.0.41 () {34 vars in 787 bytes} [Tue Apr 28 08:40:04 2026] PUT /v2.0/routers/4191ae69-7fb2-4e30-8838-5242cfda94a5/remove_router_interface => generated 310 bytes in 684 msecs (HTTP/1.1 200) 4 headers in 157 bytes (1 switches on core 0) /var/lib/openstack/lib/python3.12/site-packages/pycadf/identifier.py:70: UserWarning: Invalid uuid: neutron. To ensure interoperability, identifiers should be a valid uuid. warnings.warn(('Invalid uuid: %s. To ensure interoperability, '
2026-04-28 08:40:04.774 7 INFO neutron.plugins.ml2.drivers.ovn.mech_driver.mech_driver [None req-f12a330a-6b46-4a6c-9b46-b24894078b05 - - - - - -] OVN reports status down for port: b21c15ce-c5f1-410e-9a4f-33fa6c5ebf29
2026-04-28 08:40:04.790 8 INFO neutron.db.ovn_revision_numbers_db [None req-d07766e2-b083-429f-bfe8-7bfa6d2f5083 9484efbc45b9421a93dbfbc72591a2e3 3168251623fd41d1a36ef23621ddd66c - - default default] Successfully bumped revision number for resource b21c15ce-c5f1-410e-9a4f-33fa6c5ebf29 (type: ports) to 1 [pid: 7|app: 0|req: 719/1375] 10.0.0.52 () {30 vars in 722 bytes} [Tue Apr 28 08:40:04 2026] GET /v2.0/quotas/24465378cd504495a64b681d921a5ae8/details => generated 847 bytes in 211 msecs (HTTP/1.1 200) 4 headers in 157 bytes (1 switches on core 0) [pid: 7|app: 0|req: 720/1376] 10.0.0.41 () {32 vars in 734 bytes} [Tue Apr 28 08:40:04 2026] GET /v2.0/ports?device_id=4191ae69-7fb2-4e30-8838-5242cfda94a5 => generated 12 bytes in 21 msecs (HTTP/1.1 200) 4 headers in 156 bytes (1 switches on core 0) [pid: 7|app: 0|req: 721/1377] 10.0.0.41 () {32 vars in 715 bytes} [Tue Apr 28 08:40:04 2026] GET /v2.0/ports/27ebb171-74c4-46ec-9b2b-6159aa273887 => generated 953 bytes in 54 msecs (HTTP/1.1 200) 4 headers in 157 bytes (1 switches on core 0) [pid: 7|app: 0|req: 722/1378] 10.0.0.41 () {32 vars in 722 bytes} [Tue Apr 28 08:40:05 2026] DELETE /v2.0/routers/4191ae69-7fb2-4e30-8838-5242cfda94a5 => generated 0 bytes in 235 msecs (HTTP/1.1 204) 2 headers in 112 bytes (1 switches on core 0) [pid: 7|app: 0|req: 723/1379] 10.0.0.41 () {32 vars in 722 bytes} [Tue Apr 28 08:40:05 2026] DELETE /v2.0/subnets/3b4c9dda-651d-4492-9b8a-d6f0963d16a4 => generated 0 bytes in 211 msecs (HTTP/1.1 204) 3 headers in 131 bytes (1 switches on core 0)
2026-04-28 08:40:05.519 7 INFO neutron.plugins.ml2.drivers.ovn.mech_driver.ovsdb.ovsdb_monitor [None req-3dbe5c71-db0a-4a5f-9726-835e46a25c88 - - - - - -] Router b89efb72-e347-4a1e-a207-d74c31c80ca4 is bound to host instance
2026-04-28 08:40:05.584 8 INFO neutron.db.ovn_revision_numbers_db [None req-d07766e2-b083-429f-bfe8-7bfa6d2f5083 9484efbc45b9421a93dbfbc72591a2e3 3168251623fd41d1a36ef23621ddd66c - - default default] Successfully bumped revision number for resource b21c15ce-c5f1-410e-9a4f-33fa6c5ebf29 (type: router_ports) to 1
2026-04-28 08:40:05.658 8 INFO neutron.db.ovn_revision_numbers_db [None req-d07766e2-b083-429f-bfe8-7bfa6d2f5083 9484efbc45b9421a93dbfbc72591a2e3 3168251623fd41d1a36ef23621ddd66c - - default default] Successfully bumped revision number for resource b89efb72-e347-4a1e-a207-d74c31c80ca4 (type: routers) to 2
2026-04-28 08:40:05.675 7 INFO neutron.plugins.ml2.drivers.ovn.mech_driver.mech_driver [None req-f12a330a-6b46-4a6c-9b46-b24894078b05 - - - - - -] OVN reports status up for port: b21c15ce-c5f1-410e-9a4f-33fa6c5ebf29 [pid: 8|app: 0|req: 657/1380] 10.0.0.41 () {34 vars in 667 bytes} [Tue Apr 28 08:40:04 2026] POST /v2.0/routers => generated 994 bytes in 1514 msecs (HTTP/1.1 201) 4 headers in 162 bytes (1 switches on core 0)
2026-04-28 08:40:05.716 7 INFO neutron.plugins.ml2.plugin [None req-f12a330a-6b46-4a6c-9b46-b24894078b05 - - - - - -] Attempt 1 to provision port b21c15ce-c5f1-410e-9a4f-33fa6c5ebf29 [pid: 7|app: 0|req: 724/1381] 10.0.0.41 () {32 vars in 722 bytes} [Tue Apr 28 08:40:05 2026] DELETE /v2.0/subnets/39626dac-3ce1-4fbc-80e0-721aaeba72f2 => generated 0 bytes in 574 msecs (HTTP/1.1 204) 3 headers in 131 bytes (1 switches on core 0) [pid: 7|app: 0|req: 725/1382] 10.0.0.41 () {32 vars in 715 bytes} [Tue Apr 28 08:40:06 2026] GET /v2.0/ports/27ebb171-74c4-46ec-9b2b-6159aa273887 => generated 953 bytes in 156 msecs (HTTP/1.1 200) 4 headers in 157 bytes (1 switches on core 0)
2026-04-28 08:40:06.204 8 WARNING neutron.scheduler.dhcp_agent_scheduler [None req-59701dbb-263b-4b05-8fa9-20c4a692603f 9484efbc45b9421a93dbfbc72591a2e3 3168251623fd41d1a36ef23621ddd66c - - default default] No more DHCP agents
2026-04-28 08:40:06.206 8 WARNING neutron.api.rpc.agentnotifiers.dhcp_rpc_agent_api [None req-59701dbb-263b-4b05-8fa9-20c4a692603f 9484efbc45b9421a93dbfbc72591a2e3 3168251623fd41d1a36ef23621ddd66c - - default default] Unable to schedule network b5697dc9-2920-429e-bf44-ebd55b4af800: no agents available; will retry on subsequent port and subnet creation events.
2026-04-28 08:40:06.397 8 INFO neutron.db.ovn_revision_numbers_db [None req-59701dbb-263b-4b05-8fa9-20c4a692603f 9484efbc45b9421a93dbfbc72591a2e3 3168251623fd41d1a36ef23621ddd66c - - default default] Successfully bumped revision number for resource 54dc6718-3e35-413a-885d-ab8206818854 (type: ports) to 1
2026-04-28 08:40:06.487 7 INFO neutron_taas.services.taas.taas_plugin [None req-17d50b08-b2ef-4283-93fc-ced2131783a8 42b823765e704d82aede86742b6a7236 6f8c4e0cde0b44f6a33b86f1c4e452f1 - - default default] TaaS: Handle Delete Port: fb3add37-7033-4979-9e6c-aec9374f458a
2026-04-28 08:40:06.492 7 INFO neutron_taas.services.taas.tap_mirror_plugin [None req-17d50b08-b2ef-4283-93fc-ced2131783a8 42b823765e704d82aede86742b6a7236 6f8c4e0cde0b44f6a33b86f1c4e452f1 - - default default] Tap Mirror: Handle Delete Port: fb3add37-7033-4979-9e6c-aec9374f458a
2026-04-28 08:40:06.852 7 INFO neutron.services.segments.plugin [-] Segment 81cf22e7-e65e-4e22-8956-357009794174 resource provider aggregate not found
2026-04-28 08:40:06.856 7 INFO neutron.services.segments.plugin [-] Segment 81cf22e7-e65e-4e22-8956-357009794174 resource provider aggregate not found
2026-04-28 08:40:06.889 7 INFO neutron.services.segments.plugin [-] Segment 81cf22e7-e65e-4e22-8956-357009794174 resource provider not found; error: Placement Client Error (4xx): {"errors": [{"status": 404, "title": "Not Found", "detail": "The resource could not be found.\n\n No resource provider with uuid 81cf22e7-e65e-4e22-8956-357009794174 found for delete ", "request_id": "req-b38c2836-6879-421a-83ce-3a816d26d6fb"}]}
2026-04-28 08:40:06.893 7 INFO neutron.services.segments.plugin [-] Segment 81cf22e7-e65e-4e22-8956-357009794174 resource provider not found; error: Placement Client Error (4xx): {"errors": [{"status": 404, "title": "Not Found", "detail": "The resource could not be found.\n\n No resource provider with uuid 81cf22e7-e65e-4e22-8956-357009794174 found for delete ", "request_id": "req-4f3c1261-18cc-452d-bba7-93bab6ac73d8"}]} [pid: 7|app: 0|req: 726/1383] 10.0.0.41 () {32 vars in 724 bytes} [Tue Apr 28 08:40:06 2026] DELETE /v2.0/networks/55284045-4d2e-4aa4-ad2f-92ce1bcaaaed => generated 0 bytes in 770 msecs (HTTP/1.1 204) 3 headers in 131 bytes (1 switches on core 0)
2026-04-28 08:40:07.133 8 WARNING neutron.scheduler.dhcp_agent_scheduler [None req-59701dbb-263b-4b05-8fa9-20c4a692603f 9484efbc45b9421a93dbfbc72591a2e3 3168251623fd41d1a36ef23621ddd66c - - default default] No more DHCP agents
2026-04-28 08:40:07.134 8 WARNING neutron.api.rpc.agentnotifiers.dhcp_rpc_agent_api [None req-59701dbb-263b-4b05-8fa9-20c4a692603f 9484efbc45b9421a93dbfbc72591a2e3 3168251623fd41d1a36ef23621ddd66c - - default default] Unable to schedule network b5697dc9-2920-429e-bf44-ebd55b4af800: no agents available; will retry on subsequent port and subnet creation events.
2026-04-28 08:40:07.274 7 INFO neutron_taas.services.taas.taas_plugin [None req-ace71a97-4e0f-403e-a1ad-00a1cc790aa7 42b823765e704d82aede86742b6a7236 6f8c4e0cde0b44f6a33b86f1c4e452f1 - - default default] TaaS: Handle Delete Port: 902fcf14-2140-450a-b7e7-d0188a8fbd8c
2026-04-28 08:40:07.282 7 INFO neutron_taas.services.taas.tap_mirror_plugin [None req-ace71a97-4e0f-403e-a1ad-00a1cc790aa7 42b823765e704d82aede86742b6a7236 6f8c4e0cde0b44f6a33b86f1c4e452f1 - - default default] Tap Mirror: Handle Delete Port: 902fcf14-2140-450a-b7e7-d0188a8fbd8c
2026-04-28 08:40:07.386 7 INFO neutron.db.ovn_revision_numbers_db [None req-4a4c2b36-4aab-45ca-975c-12b4de95ec13 - - - - - -] Successfully bumped revision number for resource b21c15ce-c5f1-410e-9a4f-33fa6c5ebf29 (type: ports) to 4
2026-04-28 08:40:07.670 8 INFO neutron.db.ovn_revision_numbers_db [None req-59701dbb-263b-4b05-8fa9-20c4a692603f 9484efbc45b9421a93dbfbc72591a2e3 3168251623fd41d1a36ef23621ddd66c - - default default] Successfully bumped revision number for resource 54dc6718-3e35-413a-885d-ab8206818854 (type: router_ports) to 1 [pid: 8|app: 0|req: 658/1384] 10.0.0.41 () {34 vars in 781 bytes} [Tue Apr 28 08:40:05 2026] PUT /v2.0/routers/b89efb72-e347-4a1e-a207-d74c31c80ca4/add_router_interface => generated 310 bytes in 1994 msecs (HTTP/1.1 200) 4 headers in 157 bytes (1 switches on core 0) [pid: 8|app: 0|req: 659/1385] 10.0.0.41 () {32 vars in 715 bytes} [Tue Apr 28 08:40:07 2026] GET /v2.0/ports/27ebb171-74c4-46ec-9b2b-6159aa273887 => generated 953 bytes in 78 msecs (HTTP/1.1 200) 4 headers in 157 bytes (1 switches on core 0)
2026-04-28 08:40:07.834 8 WARNING neutron.plugins.ml2.drivers.ovn.mech_driver.ovsdb.ovn_client [None req-daa12968-7491-461b-9d30-d204c790e1ca - - - - - -] No port found with ID 39f0e826-76a2-43f5-aa4f-f7c3ff61ef92: RuntimeError: No port found with ID 39f0e826-76a2-43f5-aa4f-f7c3ff61ef92
2026-04-28 08:40:07.834 8 INFO neutron.plugins.ml2.drivers.ovn.mech_driver.mech_driver [None req-daa12968-7491-461b-9d30-d204c790e1ca - - - - - -] OVN reports status up for port: 27ebb171-74c4-46ec-9b2b-6159aa273887 [pid: 7|app: 0|req: 727/1386] 10.0.0.41 () {32 vars in 724 bytes} [Tue Apr 28 08:40:06 2026] DELETE /v2.0/networks/8eb0c323-b904-4de2-b05f-2a50904c3ab7 => generated 0 bytes in 868 msecs (HTTP/1.1 204) 3 headers in 131 bytes (1 switches on core 0)
2026-04-28 08:40:07.848 8 INFO neutron.plugins.ml2.plugin [None req-daa12968-7491-461b-9d30-d204c790e1ca - - - - - -] Attempt 1 to provision port 27ebb171-74c4-46ec-9b2b-6159aa273887
2026-04-28 08:40:08.004 7 INFO neutron.db.ovn_revision_numbers_db [None req-4a4c2b36-4aab-45ca-975c-12b4de95ec13 - - - - - -] Successfully bumped revision number for resource b21c15ce-c5f1-410e-9a4f-33fa6c5ebf29 (type: ports) to 5 [pid: 7|app: 0|req: 728/1387] 10.0.0.52 () {32 vars in 799 bytes} [Tue Apr 28 08:40:08 2026] GET /v2.0/extensions => generated 21521 bytes in 13 msecs (HTTP/1.1 200) 4 headers in 159 bytes (1 switches on core 0)
2026-04-28 08:40:08.036 8 INFO neutron.db.segments_db [None req-ff886dd8-78a4-498e-8963-f5e495a97b26 42b823765e704d82aede86742b6a7236 6f8c4e0cde0b44f6a33b86f1c4e452f1 - - default default] Added segment 1a8bbe05-40d5-4e0e-b5b7-771192a254b4 of type geneve for network dbdf8184-f940-4be1-8ebf-3ac0228513ac [pid: 7|app: 0|req: 729/1388] 10.0.0.52 () {30 vars in 722 bytes} [Tue Apr 28 08:40:08 2026] GET /v2.0/quotas/24465378cd504495a64b681d921a5ae8/details => generated 847 bytes in 97 msecs (HTTP/1.1 200) 4 headers in 157 bytes (1 switches on core 0)
2026-04-28 08:40:08.270 8 INFO neutron.db.ovn_revision_numbers_db [None req-ff886dd8-78a4-498e-8963-f5e495a97b26 42b823765e704d82aede86742b6a7236 6f8c4e0cde0b44f6a33b86f1c4e452f1 - - default default] Successfully bumped revision number for resource dbdf8184-f940-4be1-8ebf-3ac0228513ac (type: networks) to 1
2026-04-28 08:40:08.379 7 INFO neutron.db.ovn_revision_numbers_db [None req-b7f55b44-6a55-4ddd-bed6-ee8d2646c785 72ea331bde15423ea8c77ededafc4ca8 e035ce95c3784c4e8bfccd0962c21e67 - - default default] Successfully bumped revision number for resource bb9b2355-c986-4b3f-8dd7-b74d11eb1c01 (type: security_groups) to 1
2026-04-28 08:40:08.391 7 INFO neutron.db.ovn_revision_numbers_db [None req-b7f55b44-6a55-4ddd-bed6-ee8d2646c785 72ea331bde15423ea8c77ededafc4ca8 e035ce95c3784c4e8bfccd0962c21e67 - - default default] Successfully bumped revision number for resource 8926a9cb-1790-47a7-bddc-bef7b7240171 (type: security_group_rules) to 0
2026-04-28 08:40:08.403 7 INFO neutron.db.ovn_revision_numbers_db [None req-b7f55b44-6a55-4ddd-bed6-ee8d2646c785 72ea331bde15423ea8c77ededafc4ca8 e035ce95c3784c4e8bfccd0962c21e67 - - default default] Successfully bumped revision number for resource f1e7fd40-19b9-436f-ab24-f0f3ea0abf5b (type: security_group_rules) to 0 [pid: 7|app: 0|req: 730/1389] 10.0.0.41 () {34 vars in 683 bytes} [Tue Apr 28 08:40:08 2026] POST /v2.0/security-groups => generated 1660 bytes in 183 msecs (HTTP/1.1 201) 4 headers in 163 bytes (1 switches on core 0)
2026-04-28 08:40:08.569 7 INFO neutron.db.ovn_revision_numbers_db [None req-67d6f28a-91fd-4dcd-9486-4be3e71c713f 72ea331bde15423ea8c77ededafc4ca8 e035ce95c3784c4e8bfccd0962c21e67 - - default default] Successfully bumped revision number for resource 24447496-b66d-4d1f-a245-f2f2b7abd124 (type: security_group_rules) to 0
2026-04-28 08:40:08.592 8 INFO neutron.db.ovn_revision_numbers_db [None req-daa12968-7491-461b-9d30-d204c790e1ca - - - - - -] Successfully bumped revision number for resource 27ebb171-74c4-46ec-9b2b-6159aa273887 (type: ports) to 2 [pid: 7|app: 0|req: 731/1390] 10.0.0.41 () {34 vars in 693 bytes} [Tue Apr 28 08:40:08 2026] POST /v2.0/security-group-rules => generated 597 bytes in 157 msecs (HTTP/1.1 201) 4 headers in 162 bytes (1 switches on core 0)
2026-04-28 08:40:08.696 8 WARNING neutron.scheduler.dhcp_agent_scheduler [None req-ff886dd8-78a4-498e-8963-f5e495a97b26 42b823765e704d82aede86742b6a7236 6f8c4e0cde0b44f6a33b86f1c4e452f1 - - default default] No more DHCP agents
2026-04-28 08:40:08.698 8 WARNING neutron.api.rpc.agentnotifiers.dhcp_rpc_agent_api [None req-ff886dd8-78a4-498e-8963-f5e495a97b26 42b823765e704d82aede86742b6a7236 6f8c4e0cde0b44f6a33b86f1c4e452f1 - - default default] Unable to schedule network dbdf8184-f940-4be1-8ebf-3ac0228513ac: no agents available; will retry on subsequent port and subnet creation events.
2026-04-28 08:40:08.735 7 INFO neutron.db.ovn_revision_numbers_db [None req-1dc0aeff-2c47-4105-9939-b0be1d1a821a 72ea331bde15423ea8c77ededafc4ca8 e035ce95c3784c4e8bfccd0962c21e67 - - default default] Successfully bumped revision number for resource 4b272219-1406-4c18-8298-03263d2c8fd0 (type: security_group_rules) to 0
2026-04-28 08:40:08.799 8 INFO neutron.db.ovn_revision_numbers_db [None req-ff886dd8-78a4-498e-8963-f5e495a97b26 42b823765e704d82aede86742b6a7236 6f8c4e0cde0b44f6a33b86f1c4e452f1 - - default default] Successfully bumped revision number for resource cc90f452-df72-49ec-9fb0-be40347e50a0 (type: ports) to 1
