2026-04-28 08:40:51.574 8 INFO neutron.db.ovn_revision_numbers_db [None req-0247cea2-5ae4-4122-aa2d-774ac135d3e6 9484efbc45b9421a93dbfbc72591a2e3 3168251623fd41d1a36ef23621ddd66c - - default default] Successfully bumped revision number for resource 134317ad-0285-4e9c-8d75-ea802924bbd5 (type: security_group_rules) to 0 [pid: 8|app: 0|req: 832/1709] 10.0.0.41 () {32 vars in 772 bytes} [Tue Apr 28 08:40:51 2026] GET /v2.0/security-groups?tenant_id=7c3fb9a0dfd54cfb8556ef98b98c2424&name=default => generated 2925 bytes in 471 msecs (HTTP/1.1 200) 4 headers in 158 bytes (1 switches on core 0) [pid: 8|app: 0|req: 833/1710] 10.0.0.22 () {34 vars in 988 bytes} [Tue Apr 28 08:40:51 2026] GET /v2.0/ports?device_id=380841d7-42bb-490c-8578-d6f6cd20bf43 => generated 12 bytes in 24 msecs (HTTP/1.1 200) 4 headers in 156 bytes (1 switches on core 0) [pid: 7|app: 0|req: 878/1711] 10.0.0.41 () {32 vars in 738 bytes} [Tue Apr 28 08:40:51 2026] DELETE /v2.0/security-groups/1183e44e-d61a-4515-a69c-b06fe688884a => generated 0 bytes in 266 msecs (HTTP/1.1 204) 2 headers in 112 bytes (1 switches on core 0)
2026-04-28 08:40:52.751 8 INFO neutron.db.ovn_revision_numbers_db [None req-10774a06-c4a5-40f4-946e-20c0c07aa029 9484efbc45b9421a93dbfbc72591a2e3 3168251623fd41d1a36ef23621ddd66c - - default default] Successfully bumped revision number for resource 14ad55f6-33ef-424c-938b-0f1cce005dd5 (type: security_groups) to 1
2026-04-28 08:40:52.768 8 INFO neutron.db.ovn_revision_numbers_db [None req-10774a06-c4a5-40f4-946e-20c0c07aa029 9484efbc45b9421a93dbfbc72591a2e3 3168251623fd41d1a36ef23621ddd66c - - default default] Successfully bumped revision number for resource 04f3a0bb-cbe1-40c0-a5e9-d11c25990d13 (type: security_group_rules) to 0
2026-04-28 08:40:52.783 8 INFO neutron.db.ovn_revision_numbers_db [None req-10774a06-c4a5-40f4-946e-20c0c07aa029 9484efbc45b9421a93dbfbc72591a2e3 3168251623fd41d1a36ef23621ddd66c - - default default] Successfully bumped revision number for resource b7488959-ac64-4b20-93a3-d776a7d9ec99 (type: security_group_rules) to 0
2026-04-28 08:40:52.794 8 INFO neutron.db.ovn_revision_numbers_db [None req-10774a06-c4a5-40f4-946e-20c0c07aa029 9484efbc45b9421a93dbfbc72591a2e3 3168251623fd41d1a36ef23621ddd66c - - default default] Successfully bumped revision number for resource c46ef3af-e835-4438-99c2-9ec824eb5d27 (type: security_group_rules) to 0
2026-04-28 08:40:52.812 8 INFO neutron.db.ovn_revision_numbers_db [None req-10774a06-c4a5-40f4-946e-20c0c07aa029 9484efbc45b9421a93dbfbc72591a2e3 3168251623fd41d1a36ef23621ddd66c - - default default] Successfully bumped revision number for resource dde5f035-d7ac-445b-9019-e2cc399be28c (type: security_group_rules) to 0 [pid: 7|app: 0|req: 879/1712] 10.0.0.22 () {34 vars in 988 bytes} [Tue Apr 28 08:40:52 2026] GET /v2.0/ports?device_id=380841d7-42bb-490c-8578-d6f6cd20bf43 => generated 12 bytes in 21 msecs (HTTP/1.1 200) 4 headers in 156 bytes (1 switches on core 0)
2026-04-28 08:40:52.894 8 INFO neutron.db.segments_db [None req-10774a06-c4a5-40f4-946e-20c0c07aa029 9484efbc45b9421a93dbfbc72591a2e3 3168251623fd41d1a36ef23621ddd66c - - default default] Added segment 8bfa2883-4af4-4829-b022-24ba48e6b55e of type geneve for network f00fbd3d-c604-4050-a296-e01313ca7eb5
2026-04-28 08:40:53.030 8 INFO neutron.db.ovn_revision_numbers_db [None req-10774a06-c4a5-40f4-946e-20c0c07aa029 9484efbc45b9421a93dbfbc72591a2e3 3168251623fd41d1a36ef23621ddd66c - - default default] Successfully bumped revision number for resource f00fbd3d-c604-4050-a296-e01313ca7eb5 (type: networks) to 1
2026-04-28 08:40:53.216 8 WARNING neutron.scheduler.dhcp_agent_scheduler [None req-10774a06-c4a5-40f4-946e-20c0c07aa029 9484efbc45b9421a93dbfbc72591a2e3 3168251623fd41d1a36ef23621ddd66c - - default default] No more DHCP agents
2026-04-28 08:40:53.218 8 WARNING neutron.api.rpc.agentnotifiers.dhcp_rpc_agent_api [None req-10774a06-c4a5-40f4-946e-20c0c07aa029 9484efbc45b9421a93dbfbc72591a2e3 3168251623fd41d1a36ef23621ddd66c - - default default] Unable to schedule network f00fbd3d-c604-4050-a296-e01313ca7eb5: no agents available; will retry on subsequent port and subnet creation events.
2026-04-28 08:40:53.286 8 INFO neutron.plugins.ml2.drivers.ovn.mech_driver.mech_driver [None req-49fa2a32-2d39-49ee-b73a-96d0467a3698 - - - - - -] OVN reports status down for port: 5cb9106e-f491-41e3-bf38-cc53ee028398
2026-04-28 08:40:53.361 8 INFO neutron.db.ovn_revision_numbers_db [None req-10774a06-c4a5-40f4-946e-20c0c07aa029 9484efbc45b9421a93dbfbc72591a2e3 3168251623fd41d1a36ef23621ddd66c - - default default] Successfully bumped revision number for resource 5cb9106e-f491-41e3-bf38-cc53ee028398 (type: ports) to 1 [pid: 8|app: 0|req: 834/1713] 10.0.0.41 () {34 vars in 669 bytes} [Tue Apr 28 08:40:52 2026] POST /v2.0/networks => generated 780 bytes in 889 msecs (HTTP/1.1 201) 4 headers in 162 bytes (1 switches on core 0)
2026-04-28 08:40:53.568 7 WARNING neutron.scheduler.dhcp_agent_scheduler [None req-84188463-feb2-4301-b275-a92664592abb 9484efbc45b9421a93dbfbc72591a2e3 3168251623fd41d1a36ef23621ddd66c - - default default] No more DHCP agents
2026-04-28 08:40:53.569 7 WARNING neutron.api.rpc.agentnotifiers.dhcp_rpc_agent_api [None req-84188463-feb2-4301-b275-a92664592abb 9484efbc45b9421a93dbfbc72591a2e3 3168251623fd41d1a36ef23621ddd66c - - default default] Unable to schedule network f00fbd3d-c604-4050-a296-e01313ca7eb5: no agents available; will retry on subsequent port and subnet creation events. [pid: 8|app: 0|req: 835/1714] 10.0.0.41 () {32 vars in 738 bytes} [Tue Apr 28 08:40:53 2026] DELETE /v2.0/security-groups/bb9b2355-c986-4b3f-8dd7-b74d11eb1c01 => generated 0 bytes in 160 msecs (HTTP/1.1 204) 2 headers in 112 bytes (1 switches on core 0)
2026-04-28 08:40:54.137 8 INFO neutron.api.v2.resource [None req-1889a4fc-acd3-4176-b021-ce4d618bfd98 72ea331bde15423ea8c77ededafc4ca8 e035ce95c3784c4e8bfccd0962c21e67 - - default default] show failed (client error): The resource could not be found. [pid: 8|app: 0|req: 836/1715] 10.0.0.41 () {32 vars in 735 bytes} [Tue Apr 28 08:40:54 2026] GET /v2.0/security-groups/bb9b2355-c986-4b3f-8dd7-b74d11eb1c01 => generated 146 bytes in 28 msecs (HTTP/1.1 404) 4 headers in 164 bytes (1 switches on core 0)
2026-04-28 08:40:54.181 7 INFO neutron.db.ovn_revision_numbers_db [None req-84188463-feb2-4301-b275-a92664592abb 9484efbc45b9421a93dbfbc72591a2e3 3168251623fd41d1a36ef23621ddd66c - - default default] Successfully bumped revision number for resource 5cb9106e-f491-41e3-bf38-cc53ee028398 (type: ports) to 2
2026-04-28 08:40:54.227 7 INFO neutron.db.ovn_revision_numbers_db [None req-84188463-feb2-4301-b275-a92664592abb 9484efbc45b9421a93dbfbc72591a2e3 3168251623fd41d1a36ef23621ddd66c - - default default] Successfully bumped revision number for resource 7b3ba8aa-70fb-48ff-b4c3-00fb9eff0562 (type: subnets) to 0 [pid: 7|app: 0|req: 880/1716] 10.0.0.41 () {34 vars in 667 bytes} [Tue Apr 28 08:40:53 2026] POST /v2.0/subnets => generated 688 bytes in 850 msecs (HTTP/1.1 201) 4 headers in 162 bytes (1 switches on core 0)
2026-04-28 08:40:54.304 8 INFO neutron_taas.services.taas.taas_plugin [None req-094efedd-0fe3-4cc0-a91d-f5837e6151da 72ea331bde15423ea8c77ededafc4ca8 e035ce95c3784c4e8bfccd0962c21e67 - - default default] TaaS: Handle Delete Port: c347ac1b-2f1e-49f1-9045-9f360a6155c6
2026-04-28 08:40:54.309 8 INFO neutron_taas.services.taas.tap_mirror_plugin [None req-094efedd-0fe3-4cc0-a91d-f5837e6151da 72ea331bde15423ea8c77ededafc4ca8 e035ce95c3784c4e8bfccd0962c21e67 - - default default] Tap Mirror: Handle Delete Port: c347ac1b-2f1e-49f1-9045-9f360a6155c6 [pid: 8|app: 0|req: 837/1717] 10.0.0.41 () {32 vars in 730 bytes} [Tue Apr 28 08:40:54 2026] DELETE /v2.0/floatingips/258d91e0-4586-483e-81e5-664f8abb7822 => generated 0 bytes in 395 msecs (HTTP/1.1 204) 2 headers in 112 bytes (1 switches on core 0)
2026-04-28 08:40:54.804 7 WARNING neutron.scheduler.dhcp_agent_scheduler [None req-64a7b756-d72c-412b-8fa4-7d533900e781 9484efbc45b9421a93dbfbc72591a2e3 3168251623fd41d1a36ef23621ddd66c - - default default] No more DHCP agents
2026-04-28 08:40:54.806 7 WARNING neutron.api.rpc.agentnotifiers.dhcp_rpc_agent_api [None req-64a7b756-d72c-412b-8fa4-7d533900e781 9484efbc45b9421a93dbfbc72591a2e3 3168251623fd41d1a36ef23621ddd66c - - default default] Unable to schedule network fe1de6f7-0008-497f-b076-96e6ca5f5109: no agents available; will retry on subsequent port and subnet creation events.
2026-04-28 08:40:54.901 8 INFO neutron_taas.services.taas.taas_plugin [None req-5fa65b7d-b825-4e47-9005-8535244f80fd 9484efbc45b9421a93dbfbc72591a2e3 3168251623fd41d1a36ef23621ddd66c - - default default] TaaS: Handle Delete Port: 54dc6718-3e35-413a-885d-ab8206818854
2026-04-28 08:40:54.905 8 INFO neutron_taas.services.taas.tap_mirror_plugin [None req-5fa65b7d-b825-4e47-9005-8535244f80fd 9484efbc45b9421a93dbfbc72591a2e3 3168251623fd41d1a36ef23621ddd66c - - default default] Tap Mirror: Handle Delete Port: 54dc6718-3e35-413a-885d-ab8206818854
2026-04-28 08:40:54.944 7 INFO neutron.plugins.ml2.drivers.ovn.mech_driver.mech_driver [None req-72f04c63-3373-4a1a-8dab-956cd5ddcb42 - - - - - -] OVN reports status down for port: 7bbb8fc2-e8ab-4d8c-8725-fcdddfb1361f
2026-04-28 08:40:55.017 7 INFO neutron.db.ovn_revision_numbers_db [None req-64a7b756-d72c-412b-8fa4-7d533900e781 9484efbc45b9421a93dbfbc72591a2e3 3168251623fd41d1a36ef23621ddd66c - - default default] Successfully bumped revision number for resource 7bbb8fc2-e8ab-4d8c-8725-fcdddfb1361f (type: ports) to 1 [pid: 8|app: 0|req: 838/1718] 10.0.0.41 () {34 vars in 787 bytes} [Tue Apr 28 08:40:54 2026] PUT /v2.0/routers/b89efb72-e347-4a1e-a207-d74c31c80ca4/remove_router_interface => generated 310 bytes in 1145 msecs (HTTP/1.1 200) 4 headers in 157 bytes (1 switches on core 0)
2026-04-28 08:40:55.743 8 INFO neutron.plugins.ml2.drivers.ovn.mech_driver.ovsdb.ovsdb_monitor [None req-049deb8f-88f0-452d-8a5e-26ebdab8367f - - - - - -] Router e7c9452b-4839-46d8-9f3a-297686c6e7c8 is bound to host instance
2026-04-28 08:40:55.770 7 INFO neutron.plugins.ml2.drivers.ovn.mech_driver.mech_driver [None req-72f04c63-3373-4a1a-8dab-956cd5ddcb42 - - - - - -] OVN reports status up for port: 7bbb8fc2-e8ab-4d8c-8725-fcdddfb1361f
2026-04-28 08:40:55.811 7 INFO neutron.plugins.ml2.plugin [None req-72f04c63-3373-4a1a-8dab-956cd5ddcb42 - - - - - -] Attempt 1 to provision port 7bbb8fc2-e8ab-4d8c-8725-fcdddfb1361f
2026-04-28 08:40:55.830 7 INFO neutron.db.ovn_revision_numbers_db [None req-64a7b756-d72c-412b-8fa4-7d533900e781 9484efbc45b9421a93dbfbc72591a2e3 3168251623fd41d1a36ef23621ddd66c - - default default] Successfully bumped revision number for resource 7bbb8fc2-e8ab-4d8c-8725-fcdddfb1361f (type: router_ports) to 1 /var/lib/openstack/lib/python3.12/site-packages/pycadf/identifier.py:70: UserWarning: Invalid uuid: neutron. To ensure interoperability, identifiers should be a valid uuid. warnings.warn(('Invalid uuid: %s. To ensure interoperability, '
2026-04-28 08:40:55.902 8 WARNING neutron.db.securitygroups_db [None req-e9c645b9-bf0b-4428-b0b0-368025b9cca1 9484efbc45b9421a93dbfbc72591a2e3 3168251623fd41d1a36ef23621ddd66c - - default default] project_id key not found in filters, using tenant_id instead. This support has been deprecated and will be removed in a future release.
2026-04-28 08:40:55.975 7 INFO neutron.db.ovn_revision_numbers_db [None req-64a7b756-d72c-412b-8fa4-7d533900e781 9484efbc45b9421a93dbfbc72591a2e3 3168251623fd41d1a36ef23621ddd66c - - default default] Successfully bumped revision number for resource e7c9452b-4839-46d8-9f3a-297686c6e7c8 (type: routers) to 2 [pid: 7|app: 0|req: 881/1719] 10.0.0.41 () {34 vars in 667 bytes} [Tue Apr 28 08:40:54 2026] POST /v2.0/routers => generated 987 bytes in 1741 msecs (HTTP/1.1 201) 4 headers in 162 bytes (1 switches on core 0)
2026-04-28 08:40:56.227 8 INFO neutron.db.ovn_revision_numbers_db [None req-e9c645b9-bf0b-4428-b0b0-368025b9cca1 9484efbc45b9421a93dbfbc72591a2e3 3168251623fd41d1a36ef23621ddd66c - - default default] Successfully bumped revision number for resource 7edc6aa8-c843-4099-9182-507b4aa29c53 (type: security_groups) to 1
2026-04-28 08:40:56.258 8 INFO neutron.db.ovn_revision_numbers_db [None req-e9c645b9-bf0b-4428-b0b0-368025b9cca1 9484efbc45b9421a93dbfbc72591a2e3 3168251623fd41d1a36ef23621ddd66c - - default default] Successfully bumped revision number for resource 4a606257-df40-4c00-9a8f-8e68d013b202 (type: security_group_rules) to 0
2026-04-28 08:40:56.287 8 INFO neutron.db.ovn_revision_numbers_db [None req-e9c645b9-bf0b-4428-b0b0-368025b9cca1 9484efbc45b9421a93dbfbc72591a2e3 3168251623fd41d1a36ef23621ddd66c - - default default] Successfully bumped revision number for resource 5e39a933-57a1-4160-8331-c44e0b15eb4d (type: security_group_rules) to 0
2026-04-28 08:40:56.314 8 INFO neutron.db.ovn_revision_numbers_db [None req-e9c645b9-bf0b-4428-b0b0-368025b9cca1 9484efbc45b9421a93dbfbc72591a2e3 3168251623fd41d1a36ef23621ddd66c - - default default] Successfully bumped revision number for resource b37fd527-3a31-4920-a02b-d55b38782b97 (type: security_group_rules) to 0
2026-04-28 08:40:56.338 8 INFO neutron.db.ovn_revision_numbers_db [None req-e9c645b9-bf0b-4428-b0b0-368025b9cca1 9484efbc45b9421a93dbfbc72591a2e3 3168251623fd41d1a36ef23621ddd66c - - default default] Successfully bumped revision number for resource b461d0d9-1974-4ec8-b60c-2feedfa6f08e (type: security_group_rules) to 0
2026-04-28 08:40:56.373 7 INFO neutron_taas.services.taas.taas_plugin [None req-273b183e-3b49-4118-8eb5-1e0a6eea9b58 9484efbc45b9421a93dbfbc72591a2e3 3168251623fd41d1a36ef23621ddd66c - - default default] TaaS: Handle Delete Port: b21c15ce-c5f1-410e-9a4f-33fa6c5ebf29
2026-04-28 08:40:56.378 7 INFO neutron_taas.services.taas.tap_mirror_plugin [None req-273b183e-3b49-4118-8eb5-1e0a6eea9b58 9484efbc45b9421a93dbfbc72591a2e3 3168251623fd41d1a36ef23621ddd66c - - default default] Tap Mirror: Handle Delete Port: b21c15ce-c5f1-410e-9a4f-33fa6c5ebf29 [pid: 8|app: 0|req: 839/1720] 10.0.0.41 () {32 vars in 772 bytes} [Tue Apr 28 08:40:55 2026] GET /v2.0/security-groups?tenant_id=534c4d41921246e59d2b9ecece1d28cf&name=default => generated 2925 bytes in 725 msecs (HTTP/1.1 200) 4 headers in 158 bytes (1 switches on core 0) [pid: 7|app: 0|req: 882/1721] 10.0.0.41 () {32 vars in 722 bytes} [Tue Apr 28 08:40:56 2026] DELETE /v2.0/routers/b89efb72-e347-4a1e-a207-d74c31c80ca4 => generated 0 bytes in 803 msecs (HTTP/1.1 204) 2 headers in 112 bytes (1 switches on core 0) [pid: 7|app: 0|req: 883/1722] 10.0.0.41 () {32 vars in 738 bytes} [Tue Apr 28 08:40:56 2026] DELETE /v2.0/security-groups/7edc6aa8-c843-4099-9182-507b4aa29c53 => generated 0 bytes in 178 msecs (HTTP/1.1 204) 2 headers in 112 bytes (1 switches on core 0) [pid: 7|app: 0|req: 884/1723] 10.0.0.41 () {32 vars in 722 bytes} [Tue Apr 28 08:40:56 2026] DELETE /v2.0/subnets/b6f723e5-b85d-4a11-b5b2-be8fe5ffab8a => generated 0 bytes in 136 msecs (HTTP/1.1 204) 3 headers in 131 bytes (1 switches on core 0)
2026-04-28 08:40:57.223 7 INFO neutron_taas.services.taas.taas_plugin [None req-89d0dae9-a6c7-4b90-a768-59430d9bc984 9484efbc45b9421a93dbfbc72591a2e3 3168251623fd41d1a36ef23621ddd66c - - default default] TaaS: Handle Delete Port: 9facdbf4-cae5-4f7b-80f9-e5f6fde1e504
2026-04-28 08:40:57.226 7 INFO neutron_taas.services.taas.tap_mirror_plugin [None req-89d0dae9-a6c7-4b90-a768-59430d9bc984 9484efbc45b9421a93dbfbc72591a2e3 3168251623fd41d1a36ef23621ddd66c - - default default] Tap Mirror: Handle Delete Port: 9facdbf4-cae5-4f7b-80f9-e5f6fde1e504
2026-04-28 08:40:57.416 8 INFO neutron.db.ovn_revision_numbers_db [None req-d0a65ec3-9eb3-43ee-b039-47693ecddd54 - - - - - -] Successfully bumped revision number for resource 7bbb8fc2-e8ab-4d8c-8725-fcdddfb1361f (type: ports) to 4
2026-04-28 08:40:57.442 7 INFO neutron.services.segments.plugin [-] Segment 282afd1d-6449-4666-a007-7da2ce98b5cc resource provider aggregate not found
2026-04-28 08:40:57.447 7 INFO neutron.services.segments.plugin [-] Segment 282afd1d-6449-4666-a007-7da2ce98b5cc resource provider aggregate not found
2026-04-28 08:40:57.454 8 WARNING neutron.scheduler.dhcp_agent_scheduler [None req-3f68f4e8-9bc6-43a1-9c01-2ead50c6bb38 9484efbc45b9421a93dbfbc72591a2e3 3168251623fd41d1a36ef23621ddd66c - - default default] No more DHCP agents
2026-04-28 08:40:57.458 8 WARNING neutron.api.rpc.agentnotifiers.dhcp_rpc_agent_api [None req-3f68f4e8-9bc6-43a1-9c01-2ead50c6bb38 9484efbc45b9421a93dbfbc72591a2e3 3168251623fd41d1a36ef23621ddd66c - - default default] Unable to schedule network f00fbd3d-c604-4050-a296-e01313ca7eb5: no agents available; will retry on subsequent port and subnet creation events.
2026-04-28 08:40:57.480 7 INFO neutron.services.segments.plugin [-] Segment 282afd1d-6449-4666-a007-7da2ce98b5cc resource provider not found; error: Placement Client Error (4xx): {"errors": [{"status": 404, "title": "Not Found", "detail": "The resource could not be found.\n\n No resource provider with uuid 282afd1d-6449-4666-a007-7da2ce98b5cc found for delete ", "request_id": "req-541798a2-5d3f-4c2f-b489-b27f1dfeded0"}]}
2026-04-28 08:40:57.485 7 INFO neutron.services.segments.plugin [-] Segment 282afd1d-6449-4666-a007-7da2ce98b5cc resource provider not found; error: Placement Client Error (4xx): {"errors": [{"status": 404, "title": "Not Found", "detail": "The resource could not be found.\n\n No resource provider with uuid 282afd1d-6449-4666-a007-7da2ce98b5cc found for delete ", "request_id": "req-65356a12-1aac-4885-a887-b845829521f4"}]} [pid: 7|app: 0|req: 887/1726] 10.0.0.41 () {32 vars in 724 bytes} [Tue Apr 28 08:40:57 2026] DELETE /v2.0/networks/b5697dc9-2920-429e-bf44-ebd55b4af800 => generated 0 bytes in 399 msecs (HTTP/1.1 204) 3 headers in 131 bytes (1 switches on core 0)
2026-04-28 08:40:57.662 7 WARNING neutron.db.securitygroups_db [None req-f43a0d7d-b82b-461d-85ff-089e85684aec 9484efbc45b9421a93dbfbc72591a2e3 3168251623fd41d1a36ef23621ddd66c - - default default] project_id key not found in filters, using tenant_id instead. This support has been deprecated and will be removed in a future release. [pid: 7|app: 0|req: 888/1727] 10.0.0.41 () {32 vars in 772 bytes} [Tue Apr 28 08:40:57 2026] GET /v2.0/security-groups?tenant_id=e035ce95c3784c4e8bfccd0962c21e67&name=default => generated 2925 bytes in 31 msecs (HTTP/1.1 200) 4 headers in 158 bytes (1 switches on core 0)
2026-04-28 08:40:57.737 8 INFO neutron.plugins.ml2.drivers.ovn.mech_driver.mech_driver [None req-49fa2a32-2d39-49ee-b73a-96d0467a3698 - - - - - -] OVN reports status down for port: 8ccf6f9a-12db-4215-9098-627242d675e9
2026-04-28 08:40:57.824 8 INFO neutron.db.ovn_revision_numbers_db [None req-3f68f4e8-9bc6-43a1-9c01-2ead50c6bb38 9484efbc45b9421a93dbfbc72591a2e3 3168251623fd41d1a36ef23621ddd66c - - default default] Successfully bumped revision number for resource 8ccf6f9a-12db-4215-9098-627242d675e9 (type: ports) to 1 [pid: 7|app: 0|req: 889/1728] 10.0.0.41 () {32 vars in 738 bytes} [Tue Apr 28 08:40:57 2026] DELETE /v2.0/security-groups/01256cd2-8166-4726-b48a-5e45a2f13d36 => generated 0 bytes in 228 msecs (HTTP/1.1 204) 2 headers in 112 bytes (1 switches on core 0)
2026-04-28 08:40:58.176 8 INFO neutron.db.ovn_revision_numbers_db [None req-d0a65ec3-9eb3-43ee-b039-47693ecddd54 - - - - - -] Successfully bumped revision number for resource 7bbb8fc2-e8ab-4d8c-8725-fcdddfb1361f (type: ports) to 5
2026-04-28 08:40:58.719 8 INFO neutron.plugins.ml2.drivers.ovn.mech_driver.mech_driver [None req-49fa2a32-2d39-49ee-b73a-96d0467a3698 - - - - - -] OVN reports status up for port: 8ccf6f9a-12db-4215-9098-627242d675e9
2026-04-28 08:40:58.741 8 INFO neutron.plugins.ml2.plugin [None req-49fa2a32-2d39-49ee-b73a-96d0467a3698 - - - - - -] Attempt 1 to provision port 8ccf6f9a-12db-4215-9098-627242d675e9
2026-04-28 08:40:58.849 8 WARNING neutron.scheduler.dhcp_agent_scheduler [None req-3f68f4e8-9bc6-43a1-9c01-2ead50c6bb38 9484efbc45b9421a93dbfbc72591a2e3 3168251623fd41d1a36ef23621ddd66c - - default default] No more DHCP agents
2026-04-28 08:40:58.859 8 WARNING neutron.api.rpc.agentnotifiers.dhcp_rpc_agent_api [None req-3f68f4e8-9bc6-43a1-9c01-2ead50c6bb38 9484efbc45b9421a93dbfbc72591a2e3 3168251623fd41d1a36ef23621ddd66c - - default default] Unable to schedule network f00fbd3d-c604-4050-a296-e01313ca7eb5: no agents available; will retry on subsequent port and subnet creation events.
2026-04-28 08:40:59.467 8 INFO neutron.db.ovn_revision_numbers_db [None req-49fa2a32-2d39-49ee-b73a-96d0467a3698 - - - - - -] Successfully bumped revision number for resource 8ccf6f9a-12db-4215-9098-627242d675e9 (type: ports) to 2
2026-04-28 08:40:59.811 8 INFO neutron.db.ovn_revision_numbers_db [None req-3f68f4e8-9bc6-43a1-9c01-2ead50c6bb38 9484efbc45b9421a93dbfbc72591a2e3 3168251623fd41d1a36ef23621ddd66c - - default default] Successfully bumped revision number for resource 8ccf6f9a-12db-4215-9098-627242d675e9 (type: router_ports) to 1 [pid: 8|app: 0|req: 840/1729] 10.0.0.41 () {34 vars in 781 bytes} [Tue Apr 28 08:40:56 2026] PUT /v2.0/routers/e7c9452b-4839-46d8-9f3a-297686c6e7c8/add_router_interface => generated 310 bytes in 3403 msecs (HTTP/1.1 200) 4 headers in 157 bytes (1 switches on core 0)
2026-04-28 08:41:00.180 7 INFO neutron.db.ovn_revision_numbers_db [None req-06faa7c7-4f1c-4533-8406-ba5ed57bd8bf 9484efbc45b9421a93dbfbc72591a2e3 3168251623fd41d1a36ef23621ddd66c - - default default] Successfully bumped revision number for resource 680ef662-68e8-4967-a9af-4b3da924ac86 (type: security_groups) to 1
2026-04-28 08:41:00.196 7 INFO neutron.db.ovn_revision_numbers_db [None req-06faa7c7-4f1c-4533-8406-ba5ed57bd8bf 9484efbc45b9421a93dbfbc72591a2e3 3168251623fd41d1a36ef23621ddd66c - - default default] Successfully bumped revision number for resource 544a0955-c9c6-49b0-b6ef-b8d58f779100 (type: security_group_rules) to 0
2026-04-28 08:41:00.209 7 INFO neutron.db.ovn_revision_numbers_db [None req-06faa7c7-4f1c-4533-8406-ba5ed57bd8bf 9484efbc45b9421a93dbfbc72591a2e3 3168251623fd41d1a36ef23621ddd66c - - default default] Successfully bumped revision number for resource d440bcaa-442f-4514-8dc3-0062d773202c (type: security_group_rules) to 0
2026-04-28 08:41:00.221 7 INFO neutron.db.ovn_revision_numbers_db [None req-06faa7c7-4f1c-4533-8406-ba5ed57bd8bf 9484efbc45b9421a93dbfbc72591a2e3 3168251623fd41d1a36ef23621ddd66c - - default default] Successfully bumped revision number for resource dd761389-4821-4b60-9e79-2bd563572f45 (type: security_group_rules) to 0
2026-04-28 08:41:00.235 7 INFO neutron.db.ovn_revision_numbers_db [None req-06faa7c7-4f1c-4533-8406-ba5ed57bd8bf 9484efbc45b9421a93dbfbc72591a2e3 3168251623fd41d1a36ef23621ddd66c - - default default] Successfully bumped revision number for resource f423a483-fa81-4f28-bdf8-b56cd55ee507 (type: security_group_rules) to 0
2026-04-28 08:41:00.321 7 INFO neutron.db.segments_db [None req-06faa7c7-4f1c-4533-8406-ba5ed57bd8bf 9484efbc45b9421a93dbfbc72591a2e3 3168251623fd41d1a36ef23621ddd66c - - default default] Added segment 281abc43-67c8-4c30-a043-a92834f51116 of type geneve for network eb723a5b-a0ce-4e12-acf3-4d1362544304
2026-04-28 08:41:00.445 7 INFO neutron.db.ovn_revision_numbers_db [None req-06faa7c7-4f1c-4533-8406-ba5ed57bd8bf 9484efbc45b9421a93dbfbc72591a2e3 3168251623fd41d1a36ef23621ddd66c - - default default] Successfully bumped revision number for resource eb723a5b-a0ce-4e12-acf3-4d1362544304 (type: networks) to 1
2026-04-28 08:41:00.608 7 WARNING neutron.scheduler.dhcp_agent_scheduler [None req-06faa7c7-4f1c-4533-8406-ba5ed57bd8bf 9484efbc45b9421a93dbfbc72591a2e3 3168251623fd41d1a36ef23621ddd66c - - default default] No more DHCP agents
2026-04-28 08:41:00.610 7 WARNING neutron.api.rpc.agentnotifiers.dhcp_rpc_agent_api [None req-06faa7c7-4f1c-4533-8406-ba5ed57bd8bf 9484efbc45b9421a93dbfbc72591a2e3 3168251623fd41d1a36ef23621ddd66c - - default default] Unable to schedule network eb723a5b-a0ce-4e12-acf3-4d1362544304: no agents available; will retry on subsequent port and subnet creation events.
2026-04-28 08:41:00.676 7 INFO neutron.plugins.ml2.drivers.ovn.mech_driver.mech_driver [None req-72f04c63-3373-4a1a-8dab-956cd5ddcb42 - - - - - -] OVN reports status down for port: aee7b98b-97d8-4b18-9dfc-b0957c72e110
2026-04-28 08:41:00.681 8 WARNING neutron.db.securitygroups_db [None req-8629189e-b422-49be-8b9b-054a0b81eaa7 9484efbc45b9421a93dbfbc72591a2e3 3168251623fd41d1a36ef23621ddd66c - - default default] project_id key not found in filters, using tenant_id instead. This support has been deprecated and will be removed in a future release.
2026-04-28 08:41:00.743 7 INFO neutron.db.ovn_revision_numbers_db [None req-06faa7c7-4f1c-4533-8406-ba5ed57bd8bf 9484efbc45b9421a93dbfbc72591a2e3 3168251623fd41d1a36ef23621ddd66c - - default default] Successfully bumped revision number for resource aee7b98b-97d8-4b18-9dfc-b0957c72e110 (type: ports) to 1 [pid: 7|app: 0|req: 890/1730] 10.0.0.41 () {34 vars in 669 bytes} [Tue Apr 28 08:40:59 2026] POST /v2.0/networks => generated 785 bytes in 971 msecs (HTTP/1.1 201) 4 headers in 162 bytes (1 switches on core 0)
2026-04-28 08:41:00.831 8 INFO neutron.db.ovn_revision_numbers_db [None req-8629189e-b422-49be-8b9b-054a0b81eaa7 9484efbc45b9421a93dbfbc72591a2e3 3168251623fd41d1a36ef23621ddd66c - - default default] Successfully bumped revision number for resource a50e3691-27c4-4680-97dd-0ba00c62bc56 (type: security_groups) to 1
2026-04-28 08:41:00.853 8 INFO neutron.db.ovn_revision_numbers_db [None req-8629189e-b422-49be-8b9b-054a0b81eaa7 9484efbc45b9421a93dbfbc72591a2e3 3168251623fd41d1a36ef23621ddd66c - - default default] Successfully bumped revision number for resource 0fe166f0-5b10-4019-bf8b-294a84bb974b (type: security_group_rules) to 0
2026-04-28 08:41:00.866 8 INFO neutron.db.ovn_revision_numbers_db [None req-8629189e-b422-49be-8b9b-054a0b81eaa7 9484efbc45b9421a93dbfbc72591a2e3 3168251623fd41d1a36ef23621ddd66c - - default default] Successfully bumped revision number for resource 6be60cfa-1695-4296-ade4-9cb95032b1cd (type: security_group_rules) to 0
2026-04-28 08:41:00.882 8 INFO neutron.db.ovn_revision_numbers_db [None req-8629189e-b422-49be-8b9b-054a0b81eaa7 9484efbc45b9421a93dbfbc72591a2e3 3168251623fd41d1a36ef23621ddd66c - - default default] Successfully bumped revision number for resource cf8386b6-2b8e-4aac-9f0e-9b104226c869 (type: security_group_rules) to 0
2026-04-28 08:41:00.902 8 INFO neutron.db.ovn_revision_numbers_db [None req-8629189e-b422-49be-8b9b-054a0b81eaa7 9484efbc45b9421a93dbfbc72591a2e3 3168251623fd41d1a36ef23621ddd66c - - default default] Successfully bumped revision number for resource ee8ad9b1-a2e0-4ded-8bd2-e55e194b7d00 (type: security_group_rules) to 0 [pid: 8|app: 0|req: 841/1731] 10.0.0.41 () {32 vars in 772 bytes} [Tue Apr 28 08:41:00 2026] GET /v2.0/security-groups?tenant_id=afcde9fb8008435780903aab95367b7a&name=default => generated 2925 bytes in 387 msecs (HTTP/1.1 200) 4 headers in 158 bytes (1 switches on core 0)
2026-04-28 08:41:00.988 7 WARNING neutron.scheduler.dhcp_agent_scheduler [None req-60f0d599-d459-49fb-961b-e0d94abc4bdc 9484efbc45b9421a93dbfbc72591a2e3 3168251623fd41d1a36ef23621ddd66c - - default default] No more DHCP agents
2026-04-28 08:41:00.990 7 WARNING neutron.api.rpc.agentnotifiers.dhcp_rpc_agent_api [None req-60f0d599-d459-49fb-961b-e0d94abc4bdc 9484efbc45b9421a93dbfbc72591a2e3 3168251623fd41d1a36ef23621ddd66c - - default default] Unable to schedule network eb723a5b-a0ce-4e12-acf3-4d1362544304: no agents available; will retry on subsequent port and subnet creation events. [pid: 8|app: 0|req: 842/1732] 10.0.0.41 () {32 vars in 738 bytes} [Tue Apr 28 08:41:00 2026] DELETE /v2.0/security-groups/a50e3691-27c4-4680-97dd-0ba00c62bc56 => generated 0 bytes in 180 msecs (HTTP/1.1 204) 2 headers in 112 bytes (1 switches on core 0)
2026-04-28 08:41:01.607 7 INFO neutron.db.ovn_revision_numbers_db [None req-60f0d599-d459-49fb-961b-e0d94abc4bdc 9484efbc45b9421a93dbfbc72591a2e3 3168251623fd41d1a36ef23621ddd66c - - default default] Successfully bumped revision number for resource aee7b98b-97d8-4b18-9dfc-b0957c72e110 (type: ports) to 2
2026-04-28 08:41:01.653 7 INFO neutron.db.ovn_revision_numbers_db [None req-60f0d599-d459-49fb-961b-e0d94abc4bdc 9484efbc45b9421a93dbfbc72591a2e3 3168251623fd41d1a36ef23621ddd66c - - default default] Successfully bumped revision number for resource 54df6027-bc0e-4df0-8411-1ce178f88c05 (type: subnets) to 0 [pid: 7|app: 0|req: 891/1733] 10.0.0.41 () {34 vars in 667 bytes} [Tue Apr 28 08:41:00 2026] POST /v2.0/subnets => generated 691 bytes in 897 msecs (HTTP/1.1 201) 4 headers in 162 bytes (1 switches on core 0)
2026-04-28 08:41:02.193 8 WARNING neutron.scheduler.dhcp_agent_scheduler [None req-0a98a28c-9380-4c1f-9c41-e2aee5b98398 9484efbc45b9421a93dbfbc72591a2e3 3168251623fd41d1a36ef23621ddd66c - - default default] No more DHCP agents
2026-04-28 08:41:02.195 8 WARNING neutron.api.rpc.agentnotifiers.dhcp_rpc_agent_api [None req-0a98a28c-9380-4c1f-9c41-e2aee5b98398 9484efbc45b9421a93dbfbc72591a2e3 3168251623fd41d1a36ef23621ddd66c - - default default] Unable to schedule network fe1de6f7-0008-497f-b076-96e6ca5f5109: no agents available; will retry on subsequent port and subnet creation events. [pid: 7|app: 0|req: 892/1734] 10.0.0.22 () {34 vars in 980 bytes} [Tue Apr 28 08:41:02 2026] GET /v2.0/networks?id=f00fbd3d-c604-4050-a296-e01313ca7eb5 => generated 711 bytes in 52 msecs (HTTP/1.1 200) 4 headers in 157 bytes (1 switches on core 0) [pid: 7|app: 0|req: 893/1735] 10.0.0.22 () {34 vars in 963 bytes} [Tue Apr 28 08:41:02 2026] GET /v2.0/quotas/7b5766c1442e41c0a416f4803efbef6b => generated 292 bytes in 28 msecs (HTTP/1.1 200) 4 headers in 157 bytes (1 switches on core 0)
2026-04-28 08:41:02.335 7 INFO neutron.plugins.ml2.drivers.ovn.mech_driver.mech_driver [None req-72f04c63-3373-4a1a-8dab-956cd5ddcb42 - - - - - -] OVN reports status down for port: 9d80cde8-9052-44b7-b053-595eecbb222a
2026-04-28 08:41:02.369 8 INFO neutron.db.ovn_revision_numbers_db [None req-0a98a28c-9380-4c1f-9c41-e2aee5b98398 9484efbc45b9421a93dbfbc72591a2e3 3168251623fd41d1a36ef23621ddd66c - - default default] Successfully bumped revision number for resource 9d80cde8-9052-44b7-b053-595eecbb222a (type: ports) to 1 [pid: 7|app: 0|req: 894/1736] 10.0.0.22 () {34 vars in 1000 bytes} [Tue Apr 28 08:41:02 2026] GET /v2.0/ports?tenant_id=7b5766c1442e41c0a416f4803efbef6b&fields=id => generated 103 bytes in 129 msecs (HTTP/1.1 200) 4 headers in 157 bytes (1 switches on core 0) [pid: 7|app: 0|req: 895/1737] 10.0.0.22 () {34 vars in 1006 bytes} [Tue Apr 28 08:41:02 2026] GET /v2.0/networks/f00fbd3d-c604-4050-a296-e01313ca7eb5?fields=segments => generated 14 bytes in 71 msecs (HTTP/1.1 200) 4 headers in 156 bytes (1 switches on core 0) [pid: 7|app: 0|req: 896/1738] 10.0.0.22 () {34 vars in 1106 bytes} [Tue Apr 28 08:41:02 2026] GET /v2.0/networks/f00fbd3d-c604-4050-a296-e01313ca7eb5?fields=provider%3Aphysical_network&fields=provider%3Anetwork_type => generated 79 bytes in 58 msecs (HTTP/1.1 200) 4 headers in 156 bytes (1 switches on core 0) [pid: 7|app: 0|req: 897/1739] 10.0.0.22 () {34 vars in 988 bytes} [Tue Apr 28 08:41:02 2026] GET /v2.0/ports?device_id=f7fddbd0-5264-48df-ab54-cd3477bdb955 => generated 12 bytes in 26 msecs (HTTP/1.1 200) 4 headers in 156 bytes (1 switches on core 0)
2026-04-28 08:41:03.060 7 INFO neutron.plugins.ml2.drivers.ovn.mech_driver.ovsdb.ovsdb_monitor [None req-ba4f8d1e-d62d-4305-a195-52d328da516d - - - - - -] Router 59680d86-5336-4c14-a052-2a41bb60d93d is bound to host instance
2026-04-28 08:41:03.101 7 INFO neutron.plugins.ml2.drivers.ovn.mech_driver.mech_driver [None req-72f04c63-3373-4a1a-8dab-956cd5ddcb42 - - - - - -] OVN reports status up for port: 9d80cde8-9052-44b7-b053-595eecbb222a
2026-04-28 08:41:03.128 8 INFO neutron.db.ovn_revision_numbers_db [None req-0a98a28c-9380-4c1f-9c41-e2aee5b98398 9484efbc45b9421a93dbfbc72591a2e3 3168251623fd41d1a36ef23621ddd66c - - default default] Successfully bumped revision number for resource 9d80cde8-9052-44b7-b053-595eecbb222a (type: router_ports) to 1
2026-04-28 08:41:03.133 7 INFO neutron.plugins.ml2.plugin [None req-72f04c63-3373-4a1a-8dab-956cd5ddcb42 - - - - - -] Attempt 1 to provision port 9d80cde8-9052-44b7-b053-595eecbb222a
2026-04-28 08:41:03.202 8 INFO neutron.db.ovn_revision_numbers_db [None req-0a98a28c-9380-4c1f-9c41-e2aee5b98398 9484efbc45b9421a93dbfbc72591a2e3 3168251623fd41d1a36ef23621ddd66c - - default default] Successfully bumped revision number for resource 59680d86-5336-4c14-a052-2a41bb60d93d (type: routers) to 2 [pid: 8|app: 0|req: 843/1740] 10.0.0.41 () {34 vars in 667 bytes} [Tue Apr 28 08:41:01 2026] POST /v2.0/routers => generated 990 bytes in 1525 msecs (HTTP/1.1 201) 4 headers in 162 bytes (1 switches on core 0) [pid: 8|app: 0|req: 844/1741] 10.0.0.22 () {34 vars in 988 bytes} [Tue Apr 28 08:41:03 2026] GET /v2.0/ports?device_id=f7fddbd0-5264-48df-ab54-cd3477bdb955 => generated 12 bytes in 22 msecs (HTTP/1.1 200) 4 headers in 156 bytes (1 switches on core 0)
2026-04-28 08:41:04.173 7 WARNING neutron.scheduler.dhcp_agent_scheduler [None req-984ebe1c-a2e1-47f7-8054-b49d8638dd27 9484efbc45b9421a93dbfbc72591a2e3 3168251623fd41d1a36ef23621ddd66c - - default default] No more DHCP agents
2026-04-28 08:41:04.175 7 WARNING neutron.api.rpc.agentnotifiers.dhcp_rpc_agent_api [None req-984ebe1c-a2e1-47f7-8054-b49d8638dd27 9484efbc45b9421a93dbfbc72591a2e3 3168251623fd41d1a36ef23621ddd66c - - default default] Unable to schedule network eb723a5b-a0ce-4e12-acf3-4d1362544304: no agents available; will retry on subsequent port and subnet creation events.
2026-04-28 08:41:04.219 8 WARNING neutron.plugins.ml2.drivers.ovn.mech_driver.ovsdb.ovn_client [None req-680705c6-ec21-4c91-9713-a7557091c387 - - - - - -] No hosting information found for port 8ccf6f9a-12db-4215-9098-627242d675e9: RuntimeError: No hosting information found for port 8ccf6f9a-12db-4215-9098-627242d675e9
2026-04-28 08:41:04.256 8 INFO neutron.common.ovn.utils [None req-680705c6-ec21-4c91-9713-a7557091c387 - - - - - -] HA Chassis Group neutron-f00fbd3d-c604-4050-a296-e01313ca7eb5 synchronized; highest priority chassis 874d406b-403d-4ec9-8b29-d8ffa3f4ab37
2026-04-28 08:41:04.358 8 INFO neutron.db.ovn_revision_numbers_db [None req-680705c6-ec21-4c91-9713-a7557091c387 - - - - - -] Successfully bumped revision number for resource 8ccf6f9a-12db-4215-9098-627242d675e9 (type: router_ports) to 2
2026-04-28 08:41:04.515 7 INFO neutron.db.ovn_revision_numbers_db [None req-984ebe1c-a2e1-47f7-8054-b49d8638dd27 9484efbc45b9421a93dbfbc72591a2e3 3168251623fd41d1a36ef23621ddd66c - - default default] Successfully bumped revision number for resource e4aacea8-23a7-445b-a11d-846c912e3cef (type: ports) to 1
2026-04-28 08:41:04.610 8 INFO neutron.db.ovn_revision_numbers_db [None req-dd828a08-7a4d-4f35-9e58-0ec0e075aa83 3c18a1c34f22447881a93883cc7fb851 64c42c1a354c452a9cd0c67d30b9e34e - - default default] Successfully bumped revision number for resource d014c11f-1b83-4140-ba85-9fc0d9e20973 (type: security_groups) to 1
2026-04-28 08:41:04.625 8 INFO neutron.db.ovn_revision_numbers_db [None req-dd828a08-7a4d-4f35-9e58-0ec0e075aa83 3c18a1c34f22447881a93883cc7fb851 64c42c1a354c452a9cd0c67d30b9e34e - - default default] Successfully bumped revision number for resource 562f9068-66f3-4bb2-8293-a7da4c4245ef (type: security_group_rules) to 0
2026-04-28 08:41:04.638 8 INFO neutron.db.ovn_revision_numbers_db [None req-dd828a08-7a4d-4f35-9e58-0ec0e075aa83 3c18a1c34f22447881a93883cc7fb851 64c42c1a354c452a9cd0c67d30b9e34e - - default default] Successfully bumped revision number for resource c4da0aa6-4b5c-46d4-ab9e-c3322ee65b9e (type: security_group_rules) to 0
2026-04-28 08:41:04.651 8 INFO neutron.db.ovn_revision_numbers_db [None req-dd828a08-7a4d-4f35-9e58-0ec0e075aa83 3c18a1c34f22447881a93883cc7fb851 64c42c1a354c452a9cd0c67d30b9e34e - - default default] Successfully bumped revision number for resource f6de1e4b-591e-4183-9172-844527b986f2 (type: security_group_rules) to 0
2026-04-28 08:41:04.668 8 INFO neutron.db.ovn_revision_numbers_db [None req-dd828a08-7a4d-4f35-9e58-0ec0e075aa83 3c18a1c34f22447881a93883cc7fb851 64c42c1a354c452a9cd0c67d30b9e34e - - default default] Successfully bumped revision number for resource f70236ec-2b02-4609-ae3a-636c5bc90e0a (type: security_group_rules) to 0
2026-04-28 08:41:04.783 8 INFO neutron.db.segments_db [None req-dd828a08-7a4d-4f35-9e58-0ec0e075aa83 3c18a1c34f22447881a93883cc7fb851 64c42c1a354c452a9cd0c67d30b9e34e - - default default] Added segment 540ae5d8-3719-46d4-8b4c-59682844c559 of type geneve for network 3a61149d-548b-408f-9ada-435eb7e46b57
2026-04-28 08:41:04.805 7 INFO neutron.db.ovn_revision_numbers_db [None req-02d5e8e7-7424-46b7-a974-9bab41d58adc - - - - - -] Successfully bumped revision number for resource 9d80cde8-9052-44b7-b053-595eecbb222a (type: ports) to 4
2026-04-28 08:41:04.915 8 INFO neutron.db.ovn_revision_numbers_db [None req-dd828a08-7a4d-4f35-9e58-0ec0e075aa83 3c18a1c34f22447881a93883cc7fb851 64c42c1a354c452a9cd0c67d30b9e34e - - default default] Successfully bumped revision number for resource 3a61149d-548b-408f-9ada-435eb7e46b57 (type: networks) to 1
2026-04-28 08:41:05.109 8 WARNING neutron.scheduler.dhcp_agent_scheduler [None req-dd828a08-7a4d-4f35-9e58-0ec0e075aa83 3c18a1c34f22447881a93883cc7fb851 64c42c1a354c452a9cd0c67d30b9e34e - - default default] No more DHCP agents
2026-04-28 08:41:05.110 8 WARNING neutron.api.rpc.agentnotifiers.dhcp_rpc_agent_api [None req-dd828a08-7a4d-4f35-9e58-0ec0e075aa83 3c18a1c34f22447881a93883cc7fb851 64c42c1a354c452a9cd0c67d30b9e34e - - default default] Unable to schedule network 3a61149d-548b-408f-9ada-435eb7e46b57: no agents available; will retry on subsequent port and subnet creation events.
2026-04-28 08:41:05.171 8 INFO neutron.plugins.ml2.drivers.ovn.mech_driver.mech_driver [None req-680705c6-ec21-4c91-9713-a7557091c387 - - - - - -] OVN reports status down for port: ff77519e-de76-4c71-9f76-f8b735e87adc
2026-04-28 08:41:05.234 8 INFO neutron.db.ovn_revision_numbers_db [None req-dd828a08-7a4d-4f35-9e58-0ec0e075aa83 3c18a1c34f22447881a93883cc7fb851 64c42c1a354c452a9cd0c67d30b9e34e - - default default] Successfully bumped revision number for resource ff77519e-de76-4c71-9f76-f8b735e87adc (type: ports) to 1 [pid: 8|app: 0|req: 845/1742] 10.0.0.41 () {34 vars in 669 bytes} [Tue Apr 28 08:41:04 2026] POST /v2.0/networks => generated 671 bytes in 1066 msecs (HTTP/1.1 201) 4 headers in 162 bytes (1 switches on core 0) [pid: 8|app: 0|req: 846/1743] 10.0.0.22 () {34 vars in 988 bytes} [Tue Apr 28 08:41:05 2026] GET /v2.0/ports?device_id=6dfd2902-246f-4544-bed1-e5be1f3990da => generated 1010 bytes in 89 msecs (HTTP/1.1 200) 4 headers in 158 bytes (1 switches on core 0) [pid: 8|app: 0|req: 847/1744] 10.0.0.22 () {34 vars in 988 bytes} [Tue Apr 28 08:41:05 2026] GET /v2.0/ports?device_id=f7fddbd0-5264-48df-ab54-cd3477bdb955 => generated 12 bytes in 17 msecs (HTTP/1.1 200) 4 headers in 156 bytes (1 switches on core 0)
2026-04-28 08:41:05.554 7 INFO neutron.db.ovn_revision_numbers_db [None req-02d5e8e7-7424-46b7-a974-9bab41d58adc - - - - - -] Successfully bumped revision number for resource 9d80cde8-9052-44b7-b053-595eecbb222a (type: ports) to 5
2026-04-28 08:41:05.854 8 WARNING neutron.scheduler.dhcp_agent_scheduler [None req-f50007e3-264a-47c8-970d-ed3f9a9720f8 3c18a1c34f22447881a93883cc7fb851 64c42c1a354c452a9cd0c67d30b9e34e - - default default] No more DHCP agents
2026-04-28 08:41:05.856 8 WARNING neutron.api.rpc.agentnotifiers.dhcp_rpc_agent_api [None req-f50007e3-264a-47c8-970d-ed3f9a9720f8 3c18a1c34f22447881a93883cc7fb851 64c42c1a354c452a9cd0c67d30b9e34e - - default default] Unable to schedule network fe1de6f7-0008-497f-b076-96e6ca5f5109: no agents available; will retry on subsequent port and subnet creation events.
2026-04-28 08:41:05.870 7 WARNING neutron.scheduler.dhcp_agent_scheduler [None req-984ebe1c-a2e1-47f7-8054-b49d8638dd27 9484efbc45b9421a93dbfbc72591a2e3 3168251623fd41d1a36ef23621ddd66c - - default default] No more DHCP agents
2026-04-28 08:41:05.872 7 WARNING neutron.api.rpc.agentnotifiers.dhcp_rpc_agent_api [None req-984ebe1c-a2e1-47f7-8054-b49d8638dd27 9484efbc45b9421a93dbfbc72591a2e3 3168251623fd41d1a36ef23621ddd66c - - default default] Unable to schedule network eb723a5b-a0ce-4e12-acf3-4d1362544304: no agents available; will retry on subsequent port and subnet creation events.
2026-04-28 08:41:06.020 8 INFO neutron.db.ovn_revision_numbers_db [None req-f50007e3-264a-47c8-970d-ed3f9a9720f8 3c18a1c34f22447881a93883cc7fb851 64c42c1a354c452a9cd0c67d30b9e34e - - default default] Successfully bumped revision number for resource 11491fd1-9f78-499b-b3f8-37f0efcd2164 (type: ports) to 1
2026-04-28 08:41:06.149 7 INFO neutron.plugins.ml2.drivers.ovn.mech_driver.mech_driver [None req-72f04c63-3373-4a1a-8dab-956cd5ddcb42 - - - - - -] OVN reports status down for port: e4aacea8-23a7-445b-a11d-846c912e3cef
2026-04-28 08:41:06.269 7 WARNING neutron.plugins.ml2.drivers.ovn.mech_driver.ovsdb.ovn_client [None req-72f04c63-3373-4a1a-8dab-956cd5ddcb42 - - - - - -] Logical_Switch_Port e4aacea8-23a7-445b-a11d-846c912e3cef host information not removed, the port state is up
2026-04-28 08:41:06.269 7 INFO neutron.plugins.ml2.drivers.ovn.mech_driver.mech_driver [None req-72f04c63-3373-4a1a-8dab-956cd5ddcb42 - - - - - -] OVN reports status up for port: e4aacea8-23a7-445b-a11d-846c912e3cef
2026-04-28 08:41:06.294 7 INFO neutron.plugins.ml2.plugin [None req-72f04c63-3373-4a1a-8dab-956cd5ddcb42 - - - - - -] Attempt 1 to provision port e4aacea8-23a7-445b-a11d-846c912e3cef
2026-04-28 08:41:06.738 7 INFO neutron.plugins.ml2.drivers.ovn.mech_driver.ovsdb.ovsdb_monitor [None req-02d5e8e7-7424-46b7-a974-9bab41d58adc - - - - - -] Router c6882ebd-6792-412d-8c24-f6923e4b80a9 is bound to host instance
2026-04-28 08:41:06.768 8 INFO neutron.db.ovn_revision_numbers_db [None req-f50007e3-264a-47c8-970d-ed3f9a9720f8 3c18a1c34f22447881a93883cc7fb851 64c42c1a354c452a9cd0c67d30b9e34e - - default default] Successfully bumped revision number for resource 11491fd1-9f78-499b-b3f8-37f0efcd2164 (type: router_ports) to 1
2026-04-28 08:41:06.847 8 INFO neutron.db.ovn_revision_numbers_db [None req-f50007e3-264a-47c8-970d-ed3f9a9720f8 3c18a1c34f22447881a93883cc7fb851 64c42c1a354c452a9cd0c67d30b9e34e - - default default] Successfully bumped revision number for resource c6882ebd-6792-412d-8c24-f6923e4b80a9 (type: routers) to 2 [pid: 8|app: 0|req: 848/1745] 10.0.0.41 () {34 vars in 667 bytes} [Tue Apr 28 08:41:05 2026] POST /v2.0/routers => generated 975 bytes in 1490 msecs (HTTP/1.1 201) 4 headers in 162 bytes (1 switches on core 0) [pid: 8|app: 0|req: 849/1746] 10.0.0.22 () {34 vars in 1118 bytes} [Tue Apr 28 08:41:06 2026] GET /v2.0/security-groups?id=a255b303-65b1-4ee4-b191-4f6d9831dcf8&id=03bd04d3-7514-451f-adc7-96ebcf79dca2&fields=id&fields=name => generated 205 bytes in 35 msecs (HTTP/1.1 200) 4 headers in 157 bytes (1 switches on core 0) [pid: 8|app: 0|req: 850/1747] 10.0.0.22 () {34 vars in 988 bytes} [Tue Apr 28 08:41:06 2026] GET /v2.0/ports?device_id=f7fddbd0-5264-48df-ab54-cd3477bdb955 => generated 12 bytes in 22 msecs (HTTP/1.1 200) 4 headers in 156 bytes (1 switches on core 0)
2026-04-28 08:41:06.985 7 INFO neutron.db.ovn_revision_numbers_db [None req-984ebe1c-a2e1-47f7-8054-b49d8638dd27 9484efbc45b9421a93dbfbc72591a2e3 3168251623fd41d1a36ef23621ddd66c - - default default] Successfully bumped revision number for resource e4aacea8-23a7-445b-a11d-846c912e3cef (type: router_ports) to 1 [pid: 8|app: 0|req: 851/1748] 10.0.0.41 () {32 vars in 774 bytes} [Tue Apr 28 08:41:06 2026] GET /v2.0/subnets?project_id=64c42c1a354c452a9cd0c67d30b9e34e&cidr=10.100.0.0%2F28 => generated 14 bytes in 60 msecs (HTTP/1.1 200) 4 headers in 156 bytes (1 switches on core 0) [pid: 7|app: 0|req: 898/1749] 10.0.0.41 () {34 vars in 781 bytes} [Tue Apr 28 08:41:03 2026] PUT /v2.0/routers/59680d86-5336-4c14-a052-2a41bb60d93d/add_router_interface => generated 310 bytes in 3787 msecs (HTTP/1.1 200) 4 headers in 157 bytes (1 switches on core 0) [pid: 8|app: 0|req: 852/1750] 10.0.0.41 () {32 vars in 734 bytes} [Tue Apr 28 08:41:06 2026] GET /v2.0/ports?device_id=6dfd2902-246f-4544-bed1-e5be1f3990da => generated 1271 bytes in 142 msecs (HTTP/1.1 200) 4 headers in 158 bytes (1 switches on core 0) [pid: 8|app: 0|req: 853/1751] 199.19.213.180 () {34 vars in 985 bytes} [Tue Apr 28 08:41:07 2026] GET /v2.0/networks?id=f00fbd3d-c604-4050-a296-e01313ca7eb5 => generated 711 bytes in 53 msecs (HTTP/1.1 200) 4 headers in 157 bytes (1 switches on core 0) [pid: 7|app: 0|req: 899/1752] 10.0.0.41 () {32 vars in 692 bytes} [Tue Apr 28 08:41:07 2026] GET /v2.0/networks?router%3Aexternal=True => generated 791 bytes in 199 msecs (HTTP/1.1 200) 4 headers in 157 bytes (1 switches on core 0) [pid: 8|app: 0|req: 854/1753] 10.0.0.41 () {32 vars in 856 bytes} [Tue Apr 28 08:41:07 2026] GET /v2.0/floatingips?floating_network_id=fe1de6f7-0008-497f-b076-96e6ca5f5109&port_id=255fadf4-50fc-4af3-899f-776dca0b561f => generated 860 bytes in 101 msecs (HTTP/1.1 200) 4 headers in 157 bytes (1 switches on core 0) [pid: 8|app: 0|req: 855/1754] 10.0.0.41 () {32 vars in 782 bytes} [Tue Apr 28 08:41:07 2026] GET /v2.0/subnets?network_id=fe1de6f7-0008-497f-b076-96e6ca5f5109&cidr=10.100.0.0%2F28 => generated 14 bytes in 18 msecs (HTTP/1.1 200) 4 headers in 156 bytes (1 switches on core 0)
2026-04-28 08:41:07.530 8 WARNING neutron.scheduler.dhcp_agent_scheduler [None req-0366470b-c8ca-4ed1-8ab1-7f9a069f99b7 3c18a1c34f22447881a93883cc7fb851 64c42c1a354c452a9cd0c67d30b9e34e - - default default] No more DHCP agents
2026-04-28 08:41:07.531 8 WARNING neutron.api.rpc.agentnotifiers.dhcp_rpc_agent_api [None req-0366470b-c8ca-4ed1-8ab1-7f9a069f99b7 3c18a1c34f22447881a93883cc7fb851 64c42c1a354c452a9cd0c67d30b9e34e - - default default] Unable to schedule network 3a61149d-548b-408f-9ada-435eb7e46b57: no agents available; will retry on subsequent port and subnet creation events.
2026-04-28 08:41:08.196 7 INFO neutron.db.ovn_revision_numbers_db [None req-72f04c63-3373-4a1a-8dab-956cd5ddcb42 - - - - - -] Successfully bumped revision number for resource e4aacea8-23a7-445b-a11d-846c912e3cef (type: ports) to 2
2026-04-28 08:41:08.577 8 INFO neutron.db.ovn_revision_numbers_db [None req-0366470b-c8ca-4ed1-8ab1-7f9a069f99b7 3c18a1c34f22447881a93883cc7fb851 64c42c1a354c452a9cd0c67d30b9e34e - - default default] Successfully bumped revision number for resource ff77519e-de76-4c71-9f76-f8b735e87adc (type: ports) to 2
2026-04-28 08:41:08.613 8 INFO neutron.db.ovn_revision_numbers_db [None req-0366470b-c8ca-4ed1-8ab1-7f9a069f99b7 3c18a1c34f22447881a93883cc7fb851 64c42c1a354c452a9cd0c67d30b9e34e - - default default] Successfully bumped revision number for resource c35def22-e0fc-4329-b345-4fe61d618af7 (type: subnets) to 0
2026-04-28 08:41:08.633 7 WARNING neutron.scheduler.dhcp_agent_scheduler [req-31ea01f2-56dc-40bb-ae8e-a803c6b5963a req-94785995-b8ce-45df-b7d0-02a55990548c b27fb3dab1d14ae19a37dd95e70f719e 7b5766c1442e41c0a416f4803efbef6b - - default default] No more DHCP agents [pid: 8|app: 0|req: 856/1755] 10.0.0.41 () {34 vars in 667 bytes} [Tue Apr 28 08:41:07 2026] POST /v2.0/subnets => generated 657 bytes in 1326 msecs (HTTP/1.1 201) 4 headers in 162 bytes (1 switches on core 0)
2026-04-28 08:41:08.635 7 WARNING neutron.api.rpc.agentnotifiers.dhcp_rpc_agent_api [req-31ea01f2-56dc-40bb-ae8e-a803c6b5963a req-94785995-b8ce-45df-b7d0-02a55990548c b27fb3dab1d14ae19a37dd95e70f719e 7b5766c1442e41c0a416f4803efbef6b - - default default] Unable to schedule network f00fbd3d-c604-4050-a296-e01313ca7eb5: no agents available; will retry on subsequent port and subnet creation events. [pid: 8|app: 0|req: 857/1756] 10.0.0.103 () {34 vars in 989 bytes} [Tue Apr 28 08:41:08 2026] GET /v2.0/ports?device_id=6dfd2902-246f-4544-bed1-e5be1f3990da => generated 1271 bytes in 38 msecs (HTTP/1.1 200) 4 headers in 158 bytes (1 switches on core 0)
2026-04-28 08:41:08.805 8 INFO neutron.db.ovn_revision_numbers_db [None req-e7120ed1-ed9f-45f4-9cda-007746093e1b d261c42c79a64cc097437c2739177c5e 6ea72b348e1742dca6ec508c54bb1f97 - - default default] Successfully bumped revision number for resource 672109b7-505e-479e-a372-2129baf47d60 (type: security_groups) to 1
2026-04-28 08:41:08.818 8 INFO neutron.db.ovn_revision_numbers_db [None req-e7120ed1-ed9f-45f4-9cda-007746093e1b d261c42c79a64cc097437c2739177c5e 6ea72b348e1742dca6ec508c54bb1f97 - - default default] Successfully bumped revision number for resource 2b972be4-6392-4028-be57-6d56bd148218 (type: security_group_rules) to 0
2026-04-28 08:41:08.830 8 INFO neutron.db.ovn_revision_numbers_db [None req-e7120ed1-ed9f-45f4-9cda-007746093e1b d261c42c79a64cc097437c2739177c5e 6ea72b348e1742dca6ec508c54bb1f97 - - default default] Successfully bumped revision number for resource 5a9169a4-dfe6-4dee-bc6e-acda89104db0 (type: security_group_rules) to 0 [pid: 8|app: 0|req: 858/1757] 10.0.0.41 () {34 vars in 683 bytes} [Tue Apr 28 08:41:08 2026] POST /v2.0/security-groups => generated 1660 bytes in 210 msecs (HTTP/1.1 201) 4 headers in 163 bytes (1 switches on core 0) [pid: 8|app: 0|req: 859/1758] 10.0.0.22 () {34 vars in 988 bytes} [Tue Apr 28 08:41:08 2026] GET /v2.0/ports?device_id=f7fddbd0-5264-48df-ab54-cd3477bdb955 => generated 957 bytes in 93 msecs (HTTP/1.1 200) 4 headers in 157 bytes (1 switches on core 0)
