2026-04-28 08:42:28.094 8 INFO neutron_taas.services.taas.tap_mirror_plugin [None req-eed27b64-ca94-4cd9-bae2-3f0e601ccd75 4b4f3af8a5da4ddaad65f9fc753a4584 bec7ebce74564b669957e0c25539f15c - - default default] Tap Mirror: Handle Delete Port: 11850c5f-277c-452b-b3be-6e0cc9969d06
2026-04-28 08:42:28.389 8 INFO neutron.services.segments.plugin [-] Segment 45751eea-1ff8-4ba1-9cc0-e010966f95ce resource provider aggregate not found
2026-04-28 08:42:28.394 8 INFO neutron.services.segments.plugin [-] Segment 45751eea-1ff8-4ba1-9cc0-e010966f95ce resource provider aggregate not found
2026-04-28 08:42:28.408 8 INFO neutron.services.segments.plugin [-] Segment 45751eea-1ff8-4ba1-9cc0-e010966f95ce resource provider not found; error: Placement Client Error (4xx): {"errors": [{"status": 404, "title": "Not Found", "detail": "The resource could not be found.\n\n No resource provider with uuid 45751eea-1ff8-4ba1-9cc0-e010966f95ce found for delete ", "request_id": "req-07617cc0-8a97-4def-8334-5303c8527bc7"}]}
2026-04-28 08:42:28.424 8 INFO neutron.services.segments.plugin [-] Segment 45751eea-1ff8-4ba1-9cc0-e010966f95ce resource provider not found; error: Placement Client Error (4xx): {"errors": [{"status": 404, "title": "Not Found", "detail": "The resource could not be found.\n\n No resource provider with uuid 45751eea-1ff8-4ba1-9cc0-e010966f95ce found for delete ", "request_id": "req-58df25dc-5eee-4704-b6cb-e17883a78787"}]} [pid: 8|app: 0|req: 1158/2341] 10.0.0.41 () {32 vars in 724 bytes} [Tue Apr 28 08:42:27 2026] DELETE /v2.0/networks/dbc91a1f-e5f4-411c-8e14-24a97d927f5a => generated 0 bytes in 532 msecs (HTTP/1.1 204) 3 headers in 131 bytes (1 switches on core 0)
2026-04-28 08:42:28.473 7 INFO neutron.pecan_wsgi.hooks.translation [None req-d8ba24ec-3925-432e-b797-47d9a86f7dc6 4b4f3af8a5da4ddaad65f9fc753a4584 bec7ebce74564b669957e0c25539f15c - - default default] DELETE failed (client error): The resource could not be found. [pid: 7|app: 0|req: 1184/2342] 10.0.0.41 () {32 vars in 724 bytes} [Tue Apr 28 08:42:28 2026] DELETE /v2.0/networks/dbc91a1f-e5f4-411c-8e14-24a97d927f5a => generated 138 bytes in 23 msecs (HTTP/1.1 404) 4 headers in 164 bytes (1 switches on core 0) [pid: 8|app: 0|req: 1159/2343] 10.0.0.41 () {32 vars in 692 bytes} [Tue Apr 28 08:42:28 2026] GET /v2.0/networks?router%3Aexternal=True => generated 689 bytes in 53 msecs (HTTP/1.1 200) 4 headers in 157 bytes (1 switches on core 0) [pid: 7|app: 0|req: 1185/2344] 10.0.0.41 () {32 vars in 740 bytes} [Tue Apr 28 08:42:28 2026] GET /v2.0/subnets?network_id=fe1de6f7-0008-497f-b076-96e6ca5f5109 => generated 649 bytes in 35 msecs (HTTP/1.1 200) 4 headers in 157 bytes (1 switches on core 0) [pid: 8|app: 0|req: 1160/2345] 10.0.0.41 () {32 vars in 651 bytes} [Tue Apr 28 08:42:28 2026] GET /v2.0/extensions => generated 21521 bytes in 8 msecs (HTTP/1.1 200) 4 headers in 159 bytes (1 switches on core 0) [pid: 7|app: 0|req: 1186/2346] 10.0.0.41 () {32 vars in 647 bytes} [Tue Apr 28 08:42:28 2026] GET /v2.0/networks => generated 1388 bytes in 71 msecs (HTTP/1.1 200) 4 headers in 158 bytes (1 switches on core 0) [pid: 8|app: 0|req: 1161/2347] 10.0.0.41 () {32 vars in 645 bytes} [Tue Apr 28 08:42:28 2026] GET /v2.0/subnets => generated 1312 bytes in 49 msecs (HTTP/1.1 200) 4 headers in 158 bytes (1 switches on core 0) [pid: 7|app: 0|req: 1187/2348] 10.0.0.41 () {32 vars in 721 bytes} [Tue Apr 28 08:42:28 2026] GET /v2.0/networks/d354168f-a9af-4377-bc79-7b48b3d0a016 => generated 710 bytes in 51 msecs (HTTP/1.1 200) 4 headers in 157 bytes (1 switches on core 0) [pid: 8|app: 0|req: 1162/2349] 10.0.0.41 () {32 vars in 719 bytes} [Tue Apr 28 08:42:28 2026] GET /v2.0/subnets/66d796f6-17df-475a-a5fc-d687b32a937b => generated 673 bytes in 32 msecs (HTTP/1.1 200) 4 headers in 157 bytes (1 switches on core 0)
2026-04-28 08:42:28.862 7 INFO neutron.pecan_wsgi.hooks.translation [None req-d5deb425-0b9c-44e1-a0ba-37da910fa817 4b4f3af8a5da4ddaad65f9fc753a4584 bec7ebce74564b669957e0c25539f15c - - default default] DELETE failed (client error): The resource could not be found. [pid: 7|app: 0|req: 1188/2350] 10.0.0.41 () {32 vars in 722 bytes} [Tue Apr 28 08:42:28 2026] DELETE /v2.0/subnets/2ddb602f-6e80-4fc4-85d6-d82419579371 => generated 136 bytes in 19 msecs (HTTP/1.1 404) 4 headers in 164 bytes (1 switches on core 0)
2026-04-28 08:42:28.883 8 INFO neutron.pecan_wsgi.hooks.translation [None req-e2df26b4-a013-47ef-881f-dccc86e4bb71 4b4f3af8a5da4ddaad65f9fc753a4584 bec7ebce74564b669957e0c25539f15c - - default default] DELETE failed (client error): The resource could not be found. [pid: 8|app: 0|req: 1163/2351] 10.0.0.41 () {32 vars in 724 bytes} [Tue Apr 28 08:42:28 2026] DELETE /v2.0/networks/dbc91a1f-e5f4-411c-8e14-24a97d927f5a => generated 138 bytes in 16 msecs (HTTP/1.1 404) 4 headers in 164 bytes (1 switches on core 0) [pid: 8|app: 0|req: 1164/2352] 10.0.0.41 () {32 vars in 722 bytes} [Tue Apr 28 08:42:28 2026] DELETE /v2.0/subnets/66d796f6-17df-475a-a5fc-d687b32a937b => generated 0 bytes in 192 msecs (HTTP/1.1 204) 3 headers in 131 bytes (1 switches on core 0)
2026-04-28 08:42:29.213 7 INFO neutron.db.ovn_revision_numbers_db [None req-1933211b-996c-4a64-a1c7-cfc2a5ae5a7a 38e7bfad92f14895b9e9d8fa0af31f89 09c8f41cd5944d01b1479da66017b071 - - default default] Successfully bumped revision number for resource 3b7a1ba7-5265-4d2c-bc68-4438a1befde3 (type: security_groups) to 1
2026-04-28 08:42:29.228 7 INFO neutron.db.ovn_revision_numbers_db [None req-1933211b-996c-4a64-a1c7-cfc2a5ae5a7a 38e7bfad92f14895b9e9d8fa0af31f89 09c8f41cd5944d01b1479da66017b071 - - default default] Successfully bumped revision number for resource 1a12419a-de85-4351-883e-5cbf8453adce (type: security_group_rules) to 0
2026-04-28 08:42:29.232 8 INFO neutron_taas.services.taas.taas_plugin [None req-a22948fc-e5d0-4400-aba5-1aa05aa1a257 4b4f3af8a5da4ddaad65f9fc753a4584 bec7ebce74564b669957e0c25539f15c - - default default] TaaS: Handle Delete Port: d474ef28-ef00-443d-be18-ff2d46be8e9d
2026-04-28 08:42:29.237 8 INFO neutron_taas.services.taas.tap_mirror_plugin [None req-a22948fc-e5d0-4400-aba5-1aa05aa1a257 4b4f3af8a5da4ddaad65f9fc753a4584 bec7ebce74564b669957e0c25539f15c - - default default] Tap Mirror: Handle Delete Port: d474ef28-ef00-443d-be18-ff2d46be8e9d
2026-04-28 08:42:29.254 7 INFO neutron.db.ovn_revision_numbers_db [None req-1933211b-996c-4a64-a1c7-cfc2a5ae5a7a 38e7bfad92f14895b9e9d8fa0af31f89 09c8f41cd5944d01b1479da66017b071 - - default default] Successfully bumped revision number for resource 368e0958-e473-4f09-a380-be61f1d88395 (type: security_group_rules) to 0
2026-04-28 08:42:29.279 7 INFO neutron.db.ovn_revision_numbers_db [None req-1933211b-996c-4a64-a1c7-cfc2a5ae5a7a 38e7bfad92f14895b9e9d8fa0af31f89 09c8f41cd5944d01b1479da66017b071 - - default default] Successfully bumped revision number for resource 4f51824d-4766-4c3e-a50d-a37c138cbbc0 (type: security_group_rules) to 0
2026-04-28 08:42:29.291 7 INFO neutron.db.ovn_revision_numbers_db [None req-1933211b-996c-4a64-a1c7-cfc2a5ae5a7a 38e7bfad92f14895b9e9d8fa0af31f89 09c8f41cd5944d01b1479da66017b071 - - default default] Successfully bumped revision number for resource 61cc5674-df42-4cf5-bf93-0a22fc7db80d (type: security_group_rules) to 0
2026-04-28 08:42:29.405 7 INFO neutron.db.segments_db [None req-1933211b-996c-4a64-a1c7-cfc2a5ae5a7a 38e7bfad92f14895b9e9d8fa0af31f89 09c8f41cd5944d01b1479da66017b071 - - default default] Added segment 7340a7cc-8f6f-4b93-89e5-d9ca4db43452 of type geneve for network c0a8b28b-973d-4ec3-8b9e-fb99863d2e87
2026-04-28 08:42:29.549 7 INFO neutron.db.ovn_revision_numbers_db [None req-1933211b-996c-4a64-a1c7-cfc2a5ae5a7a 38e7bfad92f14895b9e9d8fa0af31f89 09c8f41cd5944d01b1479da66017b071 - - default default] Successfully bumped revision number for resource c0a8b28b-973d-4ec3-8b9e-fb99863d2e87 (type: networks) to 1 [pid: 8|app: 0|req: 1165/2353] 10.0.0.41 () {32 vars in 724 bytes} [Tue Apr 28 08:42:29 2026] DELETE /v2.0/networks/d354168f-a9af-4377-bc79-7b48b3d0a016 => generated 0 bytes in 463 msecs (HTTP/1.1 204) 3 headers in 131 bytes (1 switches on core 0)
2026-04-28 08:42:29.733 7 WARNING neutron.scheduler.dhcp_agent_scheduler [None req-1933211b-996c-4a64-a1c7-cfc2a5ae5a7a 38e7bfad92f14895b9e9d8fa0af31f89 09c8f41cd5944d01b1479da66017b071 - - default default] No more DHCP agents
2026-04-28 08:42:29.735 7 WARNING neutron.api.rpc.agentnotifiers.dhcp_rpc_agent_api [None req-1933211b-996c-4a64-a1c7-cfc2a5ae5a7a 38e7bfad92f14895b9e9d8fa0af31f89 09c8f41cd5944d01b1479da66017b071 - - default default] Unable to schedule network c0a8b28b-973d-4ec3-8b9e-fb99863d2e87: no agents available; will retry on subsequent port and subnet creation events.
2026-04-28 08:42:29.753 8 INFO neutron.db.ovn_revision_numbers_db [None req-3fad5366-701f-4e1e-9381-c7b4c987a35d 4c8f709678204aff94cc6656d93aeed9 a39dfce8069a461385f0d57b2ba59922 - - default default] Successfully bumped revision number for resource 889b162e-bc3d-467e-8ec3-d218856b7898 (type: security_groups) to 1
2026-04-28 08:42:29.765 8 INFO neutron.db.ovn_revision_numbers_db [None req-3fad5366-701f-4e1e-9381-c7b4c987a35d 4c8f709678204aff94cc6656d93aeed9 a39dfce8069a461385f0d57b2ba59922 - - default default] Successfully bumped revision number for resource 30dfeb5e-cfbc-4fcc-9ee9-aba0faf2d3d0 (type: security_group_rules) to 0
2026-04-28 08:42:29.789 8 INFO neutron.db.ovn_revision_numbers_db [None req-3fad5366-701f-4e1e-9381-c7b4c987a35d 4c8f709678204aff94cc6656d93aeed9 a39dfce8069a461385f0d57b2ba59922 - - default default] Successfully bumped revision number for resource 46c05cd0-652d-4dbc-846d-4895708fa6d1 (type: security_group_rules) to 0
2026-04-28 08:42:29.802 8 INFO neutron.plugins.ml2.drivers.ovn.mech_driver.mech_driver [None req-4d05a8f2-5793-4710-9d91-6bec1fd57ad6 - - - - - -] OVN reports status down for port: dad5a439-ff81-4ff8-bf73-caaf41baf508
2026-04-28 08:42:29.811 8 INFO neutron.db.ovn_revision_numbers_db [None req-3fad5366-701f-4e1e-9381-c7b4c987a35d 4c8f709678204aff94cc6656d93aeed9 a39dfce8069a461385f0d57b2ba59922 - - default default] Successfully bumped revision number for resource 63b68f1e-6efa-4137-82a9-8c78f4058168 (type: security_group_rules) to 0
2026-04-28 08:42:29.815 7 INFO neutron.db.ovn_revision_numbers_db [None req-1933211b-996c-4a64-a1c7-cfc2a5ae5a7a 38e7bfad92f14895b9e9d8fa0af31f89 09c8f41cd5944d01b1479da66017b071 - - default default] Successfully bumped revision number for resource dad5a439-ff81-4ff8-bf73-caaf41baf508 (type: ports) to 1
2026-04-28 08:42:29.831 8 INFO neutron.db.ovn_revision_numbers_db [None req-3fad5366-701f-4e1e-9381-c7b4c987a35d 4c8f709678204aff94cc6656d93aeed9 a39dfce8069a461385f0d57b2ba59922 - - default default] Successfully bumped revision number for resource 8d1ae337-8f7e-4364-b0e4-a93ea9adf8a5 (type: security_group_rules) to 0 [pid: 7|app: 0|req: 1189/2354] 10.0.0.41 () {34 vars in 668 bytes} [Tue Apr 28 08:42:28 2026] POST /v2.0/networks => generated 665 bytes in 963 msecs (HTTP/1.1 201) 4 headers in 162 bytes (1 switches on core 0)
2026-04-28 08:42:29.939 8 INFO neutron.db.segments_db [None req-3fad5366-701f-4e1e-9381-c7b4c987a35d 4c8f709678204aff94cc6656d93aeed9 a39dfce8069a461385f0d57b2ba59922 - - default default] Added segment cd0487d5-b914-45f3-9667-c6b904b70cb0 of type geneve for network f5b1a3e0-df5b-4953-ae80-a6d3bcff25e6
2026-04-28 08:42:30.030 7 WARNING neutron.scheduler.dhcp_agent_scheduler [None req-7467b80b-41ee-41c3-b9a8-157fcf17c54c 38e7bfad92f14895b9e9d8fa0af31f89 09c8f41cd5944d01b1479da66017b071 - - default default] No more DHCP agents
2026-04-28 08:42:30.031 7 WARNING neutron.api.rpc.agentnotifiers.dhcp_rpc_agent_api [None req-7467b80b-41ee-41c3-b9a8-157fcf17c54c 38e7bfad92f14895b9e9d8fa0af31f89 09c8f41cd5944d01b1479da66017b071 - - default default] Unable to schedule network c0a8b28b-973d-4ec3-8b9e-fb99863d2e87: no agents available; will retry on subsequent port and subnet creation events.
2026-04-28 08:42:30.070 8 INFO neutron.db.ovn_revision_numbers_db [None req-3fad5366-701f-4e1e-9381-c7b4c987a35d 4c8f709678204aff94cc6656d93aeed9 a39dfce8069a461385f0d57b2ba59922 - - default default] Successfully bumped revision number for resource f5b1a3e0-df5b-4953-ae80-a6d3bcff25e6 (type: networks) to 1
2026-04-28 08:42:30.229 8 WARNING neutron.scheduler.dhcp_agent_scheduler [None req-3fad5366-701f-4e1e-9381-c7b4c987a35d 4c8f709678204aff94cc6656d93aeed9 a39dfce8069a461385f0d57b2ba59922 - - default default] No more DHCP agents
2026-04-28 08:42:30.231 8 WARNING neutron.api.rpc.agentnotifiers.dhcp_rpc_agent_api [None req-3fad5366-701f-4e1e-9381-c7b4c987a35d 4c8f709678204aff94cc6656d93aeed9 a39dfce8069a461385f0d57b2ba59922 - - default default] Unable to schedule network f5b1a3e0-df5b-4953-ae80-a6d3bcff25e6: no agents available; will retry on subsequent port and subnet creation events.
2026-04-28 08:42:30.289 8 INFO neutron.plugins.ml2.drivers.ovn.mech_driver.mech_driver [None req-4d05a8f2-5793-4710-9d91-6bec1fd57ad6 - - - - - -] OVN reports status down for port: 15f18e41-e637-41b0-8ee5-1be40d1eeb29
2026-04-28 08:42:30.346 8 INFO neutron.db.ovn_revision_numbers_db [None req-3fad5366-701f-4e1e-9381-c7b4c987a35d 4c8f709678204aff94cc6656d93aeed9 a39dfce8069a461385f0d57b2ba59922 - - default default] Successfully bumped revision number for resource 15f18e41-e637-41b0-8ee5-1be40d1eeb29 (type: ports) to 1 [pid: 8|app: 0|req: 1166/2355] 10.0.0.41 () {34 vars in 668 bytes} [Tue Apr 28 08:42:29 2026] POST /v2.0/networks => generated 669 bytes in 852 msecs (HTTP/1.1 201) 4 headers in 162 bytes (1 switches on core 0)
2026-04-28 08:42:30.428 8 INFO neutron.services.segments.plugin [-] Segment bf5ddcda-9c27-473d-867a-c0179a73180f resource provider aggregate not found
2026-04-28 08:42:30.451 8 INFO neutron.services.segments.plugin [-] Segment bf5ddcda-9c27-473d-867a-c0179a73180f resource provider not found; error: Placement Client Error (4xx): {"errors": [{"status": 404, "title": "Not Found", "detail": "The resource could not be found.\n\n No resource provider with uuid bf5ddcda-9c27-473d-867a-c0179a73180f found for delete ", "request_id": "req-6afe0c6a-9c22-4f10-be74-b904de48292e"}]}
2026-04-28 08:42:30.453 8 INFO neutron.services.segments.plugin [-] Segment bf5ddcda-9c27-473d-867a-c0179a73180f resource provider aggregate not found
2026-04-28 08:42:30.469 8 INFO neutron.services.segments.plugin [-] Segment bf5ddcda-9c27-473d-867a-c0179a73180f resource provider not found; error: Placement Client Error (4xx): {"errors": [{"status": 404, "title": "Not Found", "detail": "The resource could not be found.\n\n No resource provider with uuid bf5ddcda-9c27-473d-867a-c0179a73180f found for delete ", "request_id": "req-3d3008b2-2b1a-4434-9a6d-367f9db9f4b5"}]}
2026-04-28 08:42:30.519 8 WARNING neutron.db.securitygroups_db [None req-0e25fdd5-9b56-4c08-9898-a71e073cdb4c 9484efbc45b9421a93dbfbc72591a2e3 3168251623fd41d1a36ef23621ddd66c - - default default] project_id key not found in filters, using tenant_id instead. This support has been deprecated and will be removed in a future release.
2026-04-28 08:42:30.535 7 INFO neutron.db.ovn_revision_numbers_db [None req-7467b80b-41ee-41c3-b9a8-157fcf17c54c 38e7bfad92f14895b9e9d8fa0af31f89 09c8f41cd5944d01b1479da66017b071 - - default default] Successfully bumped revision number for resource dad5a439-ff81-4ff8-bf73-caaf41baf508 (type: ports) to 2 [pid: 8|app: 0|req: 1167/2356] 10.0.0.41 () {32 vars in 772 bytes} [Tue Apr 28 08:42:30 2026] GET /v2.0/security-groups?tenant_id=bec7ebce74564b669957e0c25539f15c&name=default => generated 2925 bytes in 146 msecs (HTTP/1.1 200) 4 headers in 158 bytes (1 switches on core 0)
2026-04-28 08:42:30.575 7 INFO neutron.db.ovn_revision_numbers_db [None req-7467b80b-41ee-41c3-b9a8-157fcf17c54c 38e7bfad92f14895b9e9d8fa0af31f89 09c8f41cd5944d01b1479da66017b071 - - default default] Successfully bumped revision number for resource 1779a60d-edce-46bd-8d79-43d300fb4d0e (type: subnets) to 0 [pid: 7|app: 0|req: 1190/2357] 10.0.0.41 () {34 vars in 667 bytes} [Tue Apr 28 08:42:29 2026] POST /v2.0/subnets => generated 626 bytes in 748 msecs (HTTP/1.1 201) 4 headers in 162 bytes (1 switches on core 0)
2026-04-28 08:42:30.641 8 INFO neutron.db.segments_db [None req-fbee7a44-51a7-4a28-866d-2c3931249007 4c8f709678204aff94cc6656d93aeed9 a39dfce8069a461385f0d57b2ba59922 - - default default] Added segment c63661b4-cb74-424a-912c-d6fd5fff34c9 of type geneve for network 91366718-d420-4263-83dd-9db220f535d4
2026-04-28 08:42:30.766 8 INFO neutron.db.ovn_revision_numbers_db [None req-fbee7a44-51a7-4a28-866d-2c3931249007 4c8f709678204aff94cc6656d93aeed9 a39dfce8069a461385f0d57b2ba59922 - - default default] Successfully bumped revision number for resource 91366718-d420-4263-83dd-9db220f535d4 (type: networks) to 1 [pid: 7|app: 0|req: 1191/2358] 10.0.0.41 () {32 vars in 738 bytes} [Tue Apr 28 08:42:30 2026] DELETE /v2.0/security-groups/864b2c95-cda5-4b2a-a72f-a309e25e11f2 => generated 0 bytes in 212 msecs (HTTP/1.1 204) 2 headers in 112 bytes (1 switches on core 0)
2026-04-28 08:42:30.935 8 WARNING neutron.scheduler.dhcp_agent_scheduler [None req-fbee7a44-51a7-4a28-866d-2c3931249007 4c8f709678204aff94cc6656d93aeed9 a39dfce8069a461385f0d57b2ba59922 - - default default] No more DHCP agents
2026-04-28 08:42:30.937 8 WARNING neutron.api.rpc.agentnotifiers.dhcp_rpc_agent_api [None req-fbee7a44-51a7-4a28-866d-2c3931249007 4c8f709678204aff94cc6656d93aeed9 a39dfce8069a461385f0d57b2ba59922 - - default default] Unable to schedule network 91366718-d420-4263-83dd-9db220f535d4: no agents available; will retry on subsequent port and subnet creation events.
2026-04-28 08:42:30.991 8 INFO neutron.plugins.ml2.drivers.ovn.mech_driver.mech_driver [None req-4d05a8f2-5793-4710-9d91-6bec1fd57ad6 - - - - - -] OVN reports status down for port: 98ca94e2-36ae-469a-a359-c78f29b754f6
2026-04-28 08:42:31.051 8 INFO neutron.db.ovn_revision_numbers_db [None req-fbee7a44-51a7-4a28-866d-2c3931249007 4c8f709678204aff94cc6656d93aeed9 a39dfce8069a461385f0d57b2ba59922 - - default default] Successfully bumped revision number for resource 98ca94e2-36ae-469a-a359-c78f29b754f6 (type: ports) to 1 [pid: 8|app: 0|req: 1168/2359] 10.0.0.41 () {34 vars in 668 bytes} [Tue Apr 28 08:42:30 2026] POST /v2.0/networks => generated 669 bytes in 536 msecs (HTTP/1.1 201) 4 headers in 162 bytes (1 switches on core 0)
2026-04-28 08:42:31.196 8 INFO neutron.db.segments_db [None req-5b20d499-e948-4fc0-817e-dcabcd5841a7 4c8f709678204aff94cc6656d93aeed9 a39dfce8069a461385f0d57b2ba59922 - - default default] Added segment 276163d4-2914-4e93-84cf-3f035be5e91c of type geneve for network b76beaff-de93-48ca-94f1-839913ad4bce
2026-04-28 08:42:31.260 7 WARNING neutron.scheduler.dhcp_agent_scheduler [None req-f96472e3-260e-4e6d-9fc2-efa0ce5700da 38e7bfad92f14895b9e9d8fa0af31f89 09c8f41cd5944d01b1479da66017b071 - - default default] No more DHCP agents
2026-04-28 08:42:31.261 7 WARNING neutron.api.rpc.agentnotifiers.dhcp_rpc_agent_api [None req-f96472e3-260e-4e6d-9fc2-efa0ce5700da 38e7bfad92f14895b9e9d8fa0af31f89 09c8f41cd5944d01b1479da66017b071 - - default default] Unable to schedule network fe1de6f7-0008-497f-b076-96e6ca5f5109: no agents available; will retry on subsequent port and subnet creation events.
2026-04-28 08:42:31.306 8 INFO neutron.db.ovn_revision_numbers_db [None req-5b20d499-e948-4fc0-817e-dcabcd5841a7 4c8f709678204aff94cc6656d93aeed9 a39dfce8069a461385f0d57b2ba59922 - - default default] Successfully bumped revision number for resource b76beaff-de93-48ca-94f1-839913ad4bce (type: networks) to 1
2026-04-28 08:42:31.431 8 INFO neutron.plugins.ml2.drivers.ovn.mech_driver.mech_driver [None req-4d05a8f2-5793-4710-9d91-6bec1fd57ad6 - - - - - -] OVN reports status down for port: 9a6e04c6-c75c-42fe-8d3e-dd83015412b2
2026-04-28 08:42:31.431 7 INFO neutron.db.ovn_revision_numbers_db [None req-f96472e3-260e-4e6d-9fc2-efa0ce5700da 38e7bfad92f14895b9e9d8fa0af31f89 09c8f41cd5944d01b1479da66017b071 - - default default] Successfully bumped revision number for resource 9a6e04c6-c75c-42fe-8d3e-dd83015412b2 (type: ports) to 1
2026-04-28 08:42:31.591 8 WARNING neutron.scheduler.dhcp_agent_scheduler [None req-5b20d499-e948-4fc0-817e-dcabcd5841a7 4c8f709678204aff94cc6656d93aeed9 a39dfce8069a461385f0d57b2ba59922 - - default default] No more DHCP agents
2026-04-28 08:42:31.594 8 WARNING neutron.api.rpc.agentnotifiers.dhcp_rpc_agent_api [None req-5b20d499-e948-4fc0-817e-dcabcd5841a7 4c8f709678204aff94cc6656d93aeed9 a39dfce8069a461385f0d57b2ba59922 - - default default] Unable to schedule network b76beaff-de93-48ca-94f1-839913ad4bce: no agents available; will retry on subsequent port and subnet creation events.
2026-04-28 08:42:31.685 8 INFO neutron.db.ovn_revision_numbers_db [None req-5b20d499-e948-4fc0-817e-dcabcd5841a7 4c8f709678204aff94cc6656d93aeed9 a39dfce8069a461385f0d57b2ba59922 - - default default] Successfully bumped revision number for resource 38849dbb-2cb2-4863-b5de-2d5c27ebbce0 (type: ports) to 1
2026-04-28 08:42:31.690 7 INFO neutron.plugins.ml2.drivers.ovn.mech_driver.mech_driver [None req-26db60fa-aca8-483b-979e-6f55d1bf4838 - - - - - -] OVN reports status down for port: 38849dbb-2cb2-4863-b5de-2d5c27ebbce0 [pid: 8|app: 0|req: 1169/2360] 10.0.0.41 () {34 vars in 668 bytes} [Tue Apr 28 08:42:31 2026] POST /v2.0/networks => generated 668 bytes in 622 msecs (HTTP/1.1 201) 4 headers in 162 bytes (1 switches on core 0)
2026-04-28 08:42:31.821 8 INFO neutron.db.segments_db [None req-cf91602f-0ee1-4719-9f95-ac7984f40e86 4c8f709678204aff94cc6656d93aeed9 a39dfce8069a461385f0d57b2ba59922 - - default default] Added segment 6d642ac9-032b-4aee-9405-3d436f125563 of type geneve for network 706d8546-473d-4df2-be29-ca2a639a9586
2026-04-28 08:42:31.954 8 INFO neutron.db.ovn_revision_numbers_db [None req-cf91602f-0ee1-4719-9f95-ac7984f40e86 4c8f709678204aff94cc6656d93aeed9 a39dfce8069a461385f0d57b2ba59922 - - default default] Successfully bumped revision number for resource 706d8546-473d-4df2-be29-ca2a639a9586 (type: networks) to 1
2026-04-28 08:42:32.144 8 WARNING neutron.scheduler.dhcp_agent_scheduler [None req-cf91602f-0ee1-4719-9f95-ac7984f40e86 4c8f709678204aff94cc6656d93aeed9 a39dfce8069a461385f0d57b2ba59922 - - default default] No more DHCP agents
2026-04-28 08:42:32.146 8 WARNING neutron.api.rpc.agentnotifiers.dhcp_rpc_agent_api [None req-cf91602f-0ee1-4719-9f95-ac7984f40e86 4c8f709678204aff94cc6656d93aeed9 a39dfce8069a461385f0d57b2ba59922 - - default default] Unable to schedule network 706d8546-473d-4df2-be29-ca2a639a9586: no agents available; will retry on subsequent port and subnet creation events.
2026-04-28 08:42:32.208 8 INFO neutron.plugins.ml2.drivers.ovn.mech_driver.mech_driver [None req-4d05a8f2-5793-4710-9d91-6bec1fd57ad6 - - - - - -] OVN reports status down for port: c6f4ed9e-cd5f-4b96-ad5b-2e1d5b0fdf79
2026-04-28 08:42:32.284 8 INFO neutron.db.ovn_revision_numbers_db [None req-cf91602f-0ee1-4719-9f95-ac7984f40e86 4c8f709678204aff94cc6656d93aeed9 a39dfce8069a461385f0d57b2ba59922 - - default default] Successfully bumped revision number for resource c6f4ed9e-cd5f-4b96-ad5b-2e1d5b0fdf79 (type: ports) to 1 [pid: 8|app: 0|req: 1170/2361] 10.0.0.41 () {34 vars in 668 bytes} [Tue Apr 28 08:42:31 2026] POST /v2.0/networks => generated 670 bytes in 624 msecs (HTTP/1.1 201) 4 headers in 162 bytes (1 switches on core 0)
2026-04-28 08:42:32.453 8 INFO neutron.db.segments_db [None req-435cf33a-7753-439e-872d-75a0679ca7b0 4c8f709678204aff94cc6656d93aeed9 a39dfce8069a461385f0d57b2ba59922 - - default default] Added segment f27bc063-182a-4759-8618-e4572ae2247d of type geneve for network fb862c76-1cb1-456c-96f0-dbe21554f85b
2026-04-28 08:42:32.590 8 INFO neutron.db.ovn_revision_numbers_db [None req-435cf33a-7753-439e-872d-75a0679ca7b0 4c8f709678204aff94cc6656d93aeed9 a39dfce8069a461385f0d57b2ba59922 - - default default] Successfully bumped revision number for resource fb862c76-1cb1-456c-96f0-dbe21554f85b (type: networks) to 1
2026-04-28 08:42:32.781 8 WARNING neutron.scheduler.dhcp_agent_scheduler [None req-435cf33a-7753-439e-872d-75a0679ca7b0 4c8f709678204aff94cc6656d93aeed9 a39dfce8069a461385f0d57b2ba59922 - - default default] No more DHCP agents
2026-04-28 08:42:32.783 8 WARNING neutron.api.rpc.agentnotifiers.dhcp_rpc_agent_api [None req-435cf33a-7753-439e-872d-75a0679ca7b0 4c8f709678204aff94cc6656d93aeed9 a39dfce8069a461385f0d57b2ba59922 - - default default] Unable to schedule network fb862c76-1cb1-456c-96f0-dbe21554f85b: no agents available; will retry on subsequent port and subnet creation events.
2026-04-28 08:42:32.847 8 INFO neutron.plugins.ml2.drivers.ovn.mech_driver.mech_driver [None req-4d05a8f2-5793-4710-9d91-6bec1fd57ad6 - - - - - -] OVN reports status up for port: 9a6e04c6-c75c-42fe-8d3e-dd83015412b2
2026-04-28 08:42:32.848 7 INFO neutron.db.ovn_revision_numbers_db [None req-f96472e3-260e-4e6d-9fc2-efa0ce5700da 38e7bfad92f14895b9e9d8fa0af31f89 09c8f41cd5944d01b1479da66017b071 - - default default] Successfully bumped revision number for resource 9a6e04c6-c75c-42fe-8d3e-dd83015412b2 (type: router_ports) to 1
2026-04-28 08:42:32.898 8 INFO neutron.plugins.ml2.plugin [None req-4d05a8f2-5793-4710-9d91-6bec1fd57ad6 - - - - - -] Attempt 1 to provision port 9a6e04c6-c75c-42fe-8d3e-dd83015412b2
2026-04-28 08:42:32.930 7 INFO neutron.plugins.ml2.drivers.ovn.mech_driver.mech_driver [None req-26db60fa-aca8-483b-979e-6f55d1bf4838 - - - - - -] OVN reports status down for port: a7ece80f-0a8d-4bd9-94c0-b6105fbe405b
2026-04-28 08:42:32.938 8 INFO neutron.db.ovn_revision_numbers_db [None req-435cf33a-7753-439e-872d-75a0679ca7b0 4c8f709678204aff94cc6656d93aeed9 a39dfce8069a461385f0d57b2ba59922 - - default default] Successfully bumped revision number for resource a7ece80f-0a8d-4bd9-94c0-b6105fbe405b (type: ports) to 1
2026-04-28 08:42:32.991 7 INFO neutron.db.ovn_revision_numbers_db [None req-f96472e3-260e-4e6d-9fc2-efa0ce5700da 38e7bfad92f14895b9e9d8fa0af31f89 09c8f41cd5944d01b1479da66017b071 - - default default] Successfully bumped revision number for resource 4be72683-7cab-4b65-ab8a-5bdf641e7502 (type: routers) to 2 [pid: 8|app: 0|req: 1171/2362] 10.0.0.41 () {34 vars in 668 bytes} [Tue Apr 28 08:42:32 2026] POST /v2.0/networks => generated 670 bytes in 642 msecs (HTTP/1.1 201) 4 headers in 162 bytes (1 switches on core 0) [pid: 7|app: 0|req: 1192/2363] 10.0.0.41 () {34 vars in 667 bytes} [Tue Apr 28 08:42:30 2026] POST /v2.0/routers => generated 957 bytes in 2210 msecs (HTTP/1.1 201) 4 headers in 162 bytes (1 switches on core 0) [pid: 7|app: 0|req: 1193/2364] 10.0.0.41 () {34 vars in 751 bytes} [Tue Apr 28 08:42:33 2026] PUT /v2.0/networks/f5b1a3e0-df5b-4953-ae80-a6d3bcff25e6/tags => generated 17 bytes in 71 msecs (HTTP/1.1 200) 4 headers in 156 bytes (1 switches on core 0)
2026-04-28 08:42:33.416 8 INFO neutron.db.ovn_revision_numbers_db [None req-af3bb5eb-9890-4a1c-8bd7-129325a3a7bd 8f1a422232e24e209dd3304d8ade4ecc 93e2a32f59024784bc3b9280daf72e32 - - default default] Successfully bumped revision number for resource 9f05f153-c78f-41b3-9255-1eaf176b8ac2 (type: security_groups) to 1
2026-04-28 08:42:33.429 8 INFO neutron.db.ovn_revision_numbers_db [None req-af3bb5eb-9890-4a1c-8bd7-129325a3a7bd 8f1a422232e24e209dd3304d8ade4ecc 93e2a32f59024784bc3b9280daf72e32 - - default default] Successfully bumped revision number for resource 1c664dfa-6ae4-4ba0-b346-70a9a6bf9f57 (type: security_group_rules) to 0
2026-04-28 08:42:33.445 8 INFO neutron.db.ovn_revision_numbers_db [None req-af3bb5eb-9890-4a1c-8bd7-129325a3a7bd 8f1a422232e24e209dd3304d8ade4ecc 93e2a32f59024784bc3b9280daf72e32 - - default default] Successfully bumped revision number for resource 49b32ec3-5a94-4d3d-878b-99d4c3fc8701 (type: security_group_rules) to 0
2026-04-28 08:42:33.459 8 INFO neutron.db.ovn_revision_numbers_db [None req-af3bb5eb-9890-4a1c-8bd7-129325a3a7bd 8f1a422232e24e209dd3304d8ade4ecc 93e2a32f59024784bc3b9280daf72e32 - - default default] Successfully bumped revision number for resource d6d02fc8-bf07-4a88-b40e-4b272563afe4 (type: security_group_rules) to 0
2026-04-28 08:42:33.473 8 INFO neutron.db.ovn_revision_numbers_db [None req-af3bb5eb-9890-4a1c-8bd7-129325a3a7bd 8f1a422232e24e209dd3304d8ade4ecc 93e2a32f59024784bc3b9280daf72e32 - - default default] Successfully bumped revision number for resource ef69ec11-0407-4fae-9fd1-360119c2e1c0 (type: security_group_rules) to 0
2026-04-28 08:42:33.569 8 INFO neutron.db.segments_db [None req-af3bb5eb-9890-4a1c-8bd7-129325a3a7bd 8f1a422232e24e209dd3304d8ade4ecc 93e2a32f59024784bc3b9280daf72e32 - - default default] Added segment b0b94b23-2c15-403c-8262-f53b1e11ebd9 of type geneve for network 832a0dc0-7c51-4ebc-8cae-143a308f9d16
2026-04-28 08:42:33.659 7 WARNING neutron.scheduler.dhcp_agent_scheduler [None req-7e50ed04-23fc-4f23-a96a-b435a0744725 38e7bfad92f14895b9e9d8fa0af31f89 09c8f41cd5944d01b1479da66017b071 - - default default] No more DHCP agents
2026-04-28 08:42:33.664 7 WARNING neutron.api.rpc.agentnotifiers.dhcp_rpc_agent_api [None req-7e50ed04-23fc-4f23-a96a-b435a0744725 38e7bfad92f14895b9e9d8fa0af31f89 09c8f41cd5944d01b1479da66017b071 - - default default] Unable to schedule network c0a8b28b-973d-4ec3-8b9e-fb99863d2e87: no agents available; will retry on subsequent port and subnet creation events.
2026-04-28 08:42:33.688 8 INFO neutron.db.ovn_revision_numbers_db [None req-af3bb5eb-9890-4a1c-8bd7-129325a3a7bd 8f1a422232e24e209dd3304d8ade4ecc 93e2a32f59024784bc3b9280daf72e32 - - default default] Successfully bumped revision number for resource 832a0dc0-7c51-4ebc-8cae-143a308f9d16 (type: networks) to 1
2026-04-28 08:42:33.846 7 INFO neutron.db.ovn_revision_numbers_db [None req-7e50ed04-23fc-4f23-a96a-b435a0744725 38e7bfad92f14895b9e9d8fa0af31f89 09c8f41cd5944d01b1479da66017b071 - - default default] Successfully bumped revision number for resource 5074b5b5-e162-4aad-8d01-7abac9a576cc (type: ports) to 1
2026-04-28 08:42:33.912 8 WARNING neutron.scheduler.dhcp_agent_scheduler [None req-af3bb5eb-9890-4a1c-8bd7-129325a3a7bd 8f1a422232e24e209dd3304d8ade4ecc 93e2a32f59024784bc3b9280daf72e32 - - default default] No more DHCP agents
2026-04-28 08:42:33.914 8 WARNING neutron.api.rpc.agentnotifiers.dhcp_rpc_agent_api [None req-af3bb5eb-9890-4a1c-8bd7-129325a3a7bd 8f1a422232e24e209dd3304d8ade4ecc 93e2a32f59024784bc3b9280daf72e32 - - default default] Unable to schedule network 832a0dc0-7c51-4ebc-8cae-143a308f9d16: no agents available; will retry on subsequent port and subnet creation events.
2026-04-28 08:42:33.997 7 INFO neutron.plugins.ml2.drivers.ovn.mech_driver.mech_driver [None req-26db60fa-aca8-483b-979e-6f55d1bf4838 - - - - - -] OVN reports status down for port: 3ebf48dc-7ad9-4a0f-b2e1-66771284eff4
2026-04-28 08:42:34.002 8 INFO neutron.db.ovn_revision_numbers_db [None req-af3bb5eb-9890-4a1c-8bd7-129325a3a7bd 8f1a422232e24e209dd3304d8ade4ecc 93e2a32f59024784bc3b9280daf72e32 - - default default] Successfully bumped revision number for resource 3ebf48dc-7ad9-4a0f-b2e1-66771284eff4 (type: ports) to 1 [pid: 8|app: 0|req: 1172/2365] 10.0.0.41 () {34 vars in 668 bytes} [Tue Apr 28 08:42:32 2026] POST /v2.0/networks => generated 686 bytes in 1032 msecs (HTTP/1.1 201) 4 headers in 162 bytes (1 switches on core 0) [pid: 8|app: 0|req: 1173/2366] 10.0.0.41 () {34 vars in 751 bytes} [Tue Apr 28 08:42:34 2026] PUT /v2.0/networks/91366718-d420-4263-83dd-9db220f535d4/tags => generated 25 bytes in 66 msecs (HTTP/1.1 200) 4 headers in 156 bytes (1 switches on core 0)
2026-04-28 08:42:34.303 8 WARNING neutron.scheduler.dhcp_agent_scheduler [None req-dc855f60-187a-4d19-90dc-1f741764f7c6 8f1a422232e24e209dd3304d8ade4ecc 93e2a32f59024784bc3b9280daf72e32 - - default default] No more DHCP agents
2026-04-28 08:42:34.304 8 WARNING neutron.api.rpc.agentnotifiers.dhcp_rpc_agent_api [None req-dc855f60-187a-4d19-90dc-1f741764f7c6 8f1a422232e24e209dd3304d8ade4ecc 93e2a32f59024784bc3b9280daf72e32 - - default default] Unable to schedule network 832a0dc0-7c51-4ebc-8cae-143a308f9d16: no agents available; will retry on subsequent port and subnet creation events.
2026-04-28 08:42:34.383 8 INFO neutron.db.ovn_revision_numbers_db [None req-dc855f60-187a-4d19-90dc-1f741764f7c6 8f1a422232e24e209dd3304d8ade4ecc 93e2a32f59024784bc3b9280daf72e32 - - default default] Successfully bumped revision number for resource f0196643-0603-440e-b17a-4c64645d8c4e (type: ports) to 1
2026-04-28 08:42:34.388 7 INFO neutron.plugins.ml2.drivers.ovn.mech_driver.mech_driver [None req-26db60fa-aca8-483b-979e-6f55d1bf4838 - - - - - -] OVN reports status down for port: f0196643-0603-440e-b17a-4c64645d8c4e [pid: 8|app: 0|req: 1174/2367] 10.0.0.41 () {34 vars in 663 bytes} [Tue Apr 28 08:42:34 2026] POST /v2.0/ports => generated 778 bytes in 349 msecs (HTTP/1.1 201) 4 headers in 162 bytes (1 switches on core 0) /var/lib/openstack/lib/python3.12/site-packages/pycadf/identifier.py:70: UserWarning: Invalid uuid: neutron. To ensure interoperability, identifiers should be a valid uuid. warnings.warn(('Invalid uuid: %s. To ensure interoperability, ' [pid: 8|app: 0|req: 1175/2368] 10.0.0.41 () {34 vars in 751 bytes} [Tue Apr 28 08:42:34 2026] PUT /v2.0/networks/b76beaff-de93-48ca-94f1-839913ad4bce/tags => generated 34 bytes in 68 msecs (HTTP/1.1 200) 4 headers in 156 bytes (1 switches on core 0)
2026-04-28 08:42:34.605 8 INFO neutron.db.segments_db [None req-34525427-6441-41ae-b94f-c25fca1c03be 8f1a422232e24e209dd3304d8ade4ecc 93e2a32f59024784bc3b9280daf72e32 - - default default] Added segment 22e41cf4-5b90-482a-984b-d5416a38a11c of type geneve for network af82d626-9916-4260-a547-44e5aa35a1bf
2026-04-28 08:42:34.724 8 INFO neutron.db.ovn_revision_numbers_db [None req-34525427-6441-41ae-b94f-c25fca1c03be 8f1a422232e24e209dd3304d8ade4ecc 93e2a32f59024784bc3b9280daf72e32 - - default default] Successfully bumped revision number for resource af82d626-9916-4260-a547-44e5aa35a1bf (type: networks) to 1
2026-04-28 08:42:34.888 7 WARNING neutron.scheduler.dhcp_agent_scheduler [None req-7e50ed04-23fc-4f23-a96a-b435a0744725 38e7bfad92f14895b9e9d8fa0af31f89 09c8f41cd5944d01b1479da66017b071 - - default default] No more DHCP agents
2026-04-28 08:42:34.890 7 WARNING neutron.api.rpc.agentnotifiers.dhcp_rpc_agent_api [None req-7e50ed04-23fc-4f23-a96a-b435a0744725 38e7bfad92f14895b9e9d8fa0af31f89 09c8f41cd5944d01b1479da66017b071 - - default default] Unable to schedule network c0a8b28b-973d-4ec3-8b9e-fb99863d2e87: no agents available; will retry on subsequent port and subnet creation events.
2026-04-28 08:42:34.932 8 WARNING neutron.scheduler.dhcp_agent_scheduler [None req-34525427-6441-41ae-b94f-c25fca1c03be 8f1a422232e24e209dd3304d8ade4ecc 93e2a32f59024784bc3b9280daf72e32 - - default default] No more DHCP agents
2026-04-28 08:42:34.933 8 WARNING neutron.api.rpc.agentnotifiers.dhcp_rpc_agent_api [None req-34525427-6441-41ae-b94f-c25fca1c03be 8f1a422232e24e209dd3304d8ade4ecc 93e2a32f59024784bc3b9280daf72e32 - - default default] Unable to schedule network af82d626-9916-4260-a547-44e5aa35a1bf: no agents available; will retry on subsequent port and subnet creation events.
2026-04-28 08:42:35.026 8 INFO neutron.db.ovn_revision_numbers_db [None req-34525427-6441-41ae-b94f-c25fca1c03be 8f1a422232e24e209dd3304d8ade4ecc 93e2a32f59024784bc3b9280daf72e32 - - default default] Successfully bumped revision number for resource cc48b2f3-0e01-40f0-87b4-f9d4948ab71a (type: ports) to 1 [pid: 8|app: 0|req: 1176/2369] 10.0.0.41 () {34 vars in 668 bytes} [Tue Apr 28 08:42:34 2026] POST /v2.0/networks => generated 674 bytes in 551 msecs (HTTP/1.1 201) 4 headers in 162 bytes (1 switches on core 0) [pid: 8|app: 0|req: 1177/2370] 10.0.0.41 () {34 vars in 751 bytes} [Tue Apr 28 08:42:35 2026] PUT /v2.0/networks/706d8546-473d-4df2-be29-ca2a639a9586/tags => generated 19 bytes in 65 msecs (HTTP/1.1 200) 4 headers in 156 bytes (1 switches on core 0)
2026-04-28 08:42:35.252 7 INFO neutron.db.ovn_revision_numbers_db [None req-7e50ed04-23fc-4f23-a96a-b435a0744725 38e7bfad92f14895b9e9d8fa0af31f89 09c8f41cd5944d01b1479da66017b071 - - default default] Successfully bumped revision number for resource 5074b5b5-e162-4aad-8d01-7abac9a576cc (type: router_ports) to 1 [pid: 7|app: 0|req: 1194/2371] 10.0.0.41 () {34 vars in 781 bytes} [Tue Apr 28 08:42:33 2026] PUT /v2.0/routers/4be72683-7cab-4b65-ab8a-5bdf641e7502/add_router_interface => generated 310 bytes in 2163 msecs (HTTP/1.1 200) 4 headers in 157 bytes (1 switches on core 0) [pid: 7|app: 0|req: 1195/2372] 10.0.0.41 () {32 vars in 664 bytes} [Tue Apr 28 08:42:35 2026] GET /v2.0/networks?tags=red => generated 1985 bytes in 70 msecs (HTTP/1.1 200) 4 headers in 158 bytes (1 switches on core 0)
2026-04-28 08:42:35.418 8 WARNING neutron.scheduler.dhcp_agent_scheduler [None req-9d3bb5cd-33e8-4775-87a8-134a46d64491 8f1a422232e24e209dd3304d8ade4ecc 93e2a32f59024784bc3b9280daf72e32 - - default default] No more DHCP agents
2026-04-28 08:42:35.420 8 WARNING neutron.api.rpc.agentnotifiers.dhcp_rpc_agent_api [None req-9d3bb5cd-33e8-4775-87a8-134a46d64491 8f1a422232e24e209dd3304d8ade4ecc 93e2a32f59024784bc3b9280daf72e32 - - default default] Unable to schedule network af82d626-9916-4260-a547-44e5aa35a1bf: no agents available; will retry on subsequent port and subnet creation events.
2026-04-28 08:42:35.459 8 INFO neutron.db.ovn_revision_numbers_db [None req-9d3bb5cd-33e8-4775-87a8-134a46d64491 8f1a422232e24e209dd3304d8ade4ecc 93e2a32f59024784bc3b9280daf72e32 - - default default] Successfully bumped revision number for resource c80b47ba-fe1f-49e8-9dab-0b95cba9273e (type: subnets) to 0 [pid: 8|app: 0|req: 1178/2373] 10.0.0.41 () {34 vars in 667 bytes} [Tue Apr 28 08:42:35 2026] POST /v2.0/subnets => generated 646 bytes in 348 msecs (HTTP/1.1 201) 4 headers in 162 bytes (1 switches on core 0) [pid: 8|app: 0|req: 1179/2374] 10.0.0.41 () {32 vars in 678 bytes} [Tue Apr 28 08:42:35 2026] GET /v2.0/networks?tags=red%2Cblue => generated 1335 bytes in 91 msecs (HTTP/1.1 200) 4 headers in 158 bytes (1 switches on core 0)
2026-04-28 08:42:35.936 8 WARNING neutron.scheduler.dhcp_agent_scheduler [None req-ca727212-dc77-4647-a604-f28f1abb5d4b 8f1a422232e24e209dd3304d8ade4ecc 93e2a32f59024784bc3b9280daf72e32 - - default default] No more DHCP agents
2026-04-28 08:42:35.938 8 WARNING neutron.api.rpc.agentnotifiers.dhcp_rpc_agent_api [None req-ca727212-dc77-4647-a604-f28f1abb5d4b 8f1a422232e24e209dd3304d8ade4ecc 93e2a32f59024784bc3b9280daf72e32 - - default default] Unable to schedule network af82d626-9916-4260-a547-44e5aa35a1bf: no agents available; will retry on subsequent port and subnet creation events.
2026-04-28 08:42:35.977 7 WARNING neutron.scheduler.dhcp_agent_scheduler [None req-bc98abf3-c249-4b70-838d-f3d688617d95 - - - - - -] No more DHCP agents
2026-04-28 08:42:35.979 7 WARNING neutron.api.rpc.agentnotifiers.dhcp_rpc_agent_api [None req-bc98abf3-c249-4b70-838d-f3d688617d95 - - - - - -] Unable to schedule network fe1de6f7-0008-497f-b076-96e6ca5f5109: no agents available; will retry on subsequent port and subnet creation events.
2026-04-28 08:42:36.066 7 INFO neutron.plugins.ml2.drivers.ovn.mech_driver.mech_driver [None req-26db60fa-aca8-483b-979e-6f55d1bf4838 - - - - - -] OVN reports status down for port: fbc900cd-2922-438a-aca7-6dbc2b141aff
2026-04-28 08:42:36.076 8 INFO neutron.db.ovn_revision_numbers_db [None req-ca727212-dc77-4647-a604-f28f1abb5d4b 8f1a422232e24e209dd3304d8ade4ecc 93e2a32f59024784bc3b9280daf72e32 - - default default] Successfully bumped revision number for resource fbc900cd-2922-438a-aca7-6dbc2b141aff (type: ports) to 1 [pid: 8|app: 0|req: 1180/2375] 10.0.0.41 () {34 vars in 663 bytes} [Tue Apr 28 08:42:35 2026] POST /v2.0/ports => generated 966 bytes in 540 msecs (HTTP/1.1 201) 4 headers in 162 bytes (1 switches on core 0) /var/lib/openstack/lib/python3.12/site-packages/pycadf/identifier.py:70: UserWarning: Invalid uuid: neutron. To ensure interoperability, identifiers should be a valid uuid. warnings.warn(('Invalid uuid: %s. To ensure interoperability, ' [pid: 8|app: 0|req: 1181/2376] 10.0.0.41 () {32 vars in 674 bytes} [Tue Apr 28 08:42:36 2026] GET /v2.0/networks?tags-any=blue => generated 1335 bytes in 125 msecs (HTTP/1.1 200) 4 headers in 158 bytes (1 switches on core 0)
2026-04-28 08:42:36.250 7 INFO neutron.plugins.ml2.drivers.ovn.mech_driver.mech_driver [None req-26db60fa-aca8-483b-979e-6f55d1bf4838 - - - - - -] OVN reports status down for port: a8263d6e-60f7-454a-8ab2-33fa92466722
2026-04-28 08:42:36.292 7 INFO neutron.db.ovn_revision_numbers_db [None req-bc98abf3-c249-4b70-838d-f3d688617d95 - - - - - -] Successfully bumped revision number for resource a8263d6e-60f7-454a-8ab2-33fa92466722 (type: ports) to 1
2026-04-28 08:42:36.417 8 INFO neutron_taas.services.taas.taas_plugin [None req-99aebb22-9914-460e-985a-97f334326a8d 8f1a422232e24e209dd3304d8ade4ecc 93e2a32f59024784bc3b9280daf72e32 - - default default] TaaS: Handle Delete Port: fbc900cd-2922-438a-aca7-6dbc2b141aff
2026-04-28 08:42:36.421 8 INFO neutron_taas.services.taas.tap_mirror_plugin [None req-99aebb22-9914-460e-985a-97f334326a8d 8f1a422232e24e209dd3304d8ade4ecc 93e2a32f59024784bc3b9280daf72e32 - - default default] Tap Mirror: Handle Delete Port: fbc900cd-2922-438a-aca7-6dbc2b141aff [pid: 8|app: 0|req: 1182/2377] 10.0.0.41 () {32 vars in 718 bytes} [Tue Apr 28 08:42:36 2026] DELETE /v2.0/ports/fbc900cd-2922-438a-aca7-6dbc2b141aff => generated 0 bytes in 344 msecs (HTTP/1.1 204) 3 headers in 131 bytes (1 switches on core 0) [pid: 8|app: 0|req: 1183/2378] 10.0.0.41 () {32 vars in 686 bytes} [Tue Apr 28 08:42:36 2026] GET /v2.0/networks?tags-any=red%2Cblue => generated 1985 bytes in 58 msecs (HTTP/1.1 200) 4 headers in 158 bytes (1 switches on core 0)
2026-04-28 08:42:36.650 8 INFO neutron.pecan_wsgi.hooks.translation [None req-bec3dcde-04a4-42e7-b0b1-8d264247ac56 8f1a422232e24e209dd3304d8ade4ecc 93e2a32f59024784bc3b9280daf72e32 - - default default] DELETE failed (client error): The resource could not be found. [pid: 8|app: 0|req: 1184/2379] 10.0.0.41 () {32 vars in 718 bytes} [Tue Apr 28 08:42:36 2026] DELETE /v2.0/ports/fbc900cd-2922-438a-aca7-6dbc2b141aff => generated 132 bytes in 18 msecs (HTTP/1.1 404) 4 headers in 164 bytes (1 switches on core 0)
2026-04-28 08:42:36.662 7 INFO neutron.db.ovn_revision_numbers_db [None req-bc98abf3-c249-4b70-838d-f3d688617d95 - - - - - -] Successfully bumped revision number for resource a8263d6e-60f7-454a-8ab2-33fa92466722 (type: ports) to 3 [pid: 8|app: 0|req: 1185/2380] 10.0.0.41 () {32 vars in 672 bytes} [Tue Apr 28 08:42:36 2026] GET /v2.0/networks?not-tags=red => generated 1988 bytes in 72 msecs (HTTP/1.1 200) 4 headers in 158 bytes (1 switches on core 0)
2026-04-28 08:42:36.727 7 INFO neutron.db.segments_db [None req-bc98abf3-c249-4b70-838d-f3d688617d95 - - - - - -] Added segment 8204d259-d091-4b70-a3e1-a0446b1bb05d of type geneve for network b97c974b-6e87-41b5-b832-74cfa6cdd2c4
2026-04-28 08:42:36.748 8 INFO neutron.pecan_wsgi.hooks.translation [None req-2be29763-22e0-4128-858a-056b0b7e0b3a 8f1a422232e24e209dd3304d8ade4ecc 93e2a32f59024784bc3b9280daf72e32 - - default default] GET failed (client error): The resource could not be found. [pid: 8|app: 0|req: 1186/2381] 10.0.0.41 () {32 vars in 715 bytes} [Tue Apr 28 08:42:36 2026] GET /v2.0/ports/fbc900cd-2922-438a-aca7-6dbc2b141aff => generated 132 bytes in 24 msecs (HTTP/1.1 404) 4 headers in 164 bytes (1 switches on core 0)
2026-04-28 08:42:36.840 7 INFO neutron.db.ovn_revision_numbers_db [None req-38ea0176-173e-442e-be0b-97c20369e6d7 - - - - - -] Successfully bumped revision number for resource b97c974b-6e87-41b5-b832-74cfa6cdd2c4 (type: networks) to 1 [pid: 8|app: 0|req: 1187/2382] 10.0.0.41 () {32 vars in 686 bytes} [Tue Apr 28 08:42:36 2026] GET /v2.0/networks?not-tags=red%2Cblue => generated 2638 bytes in 92 msecs (HTTP/1.1 200) 4 headers in 158 bytes (1 switches on core 0) [pid: 8|app: 0|req: 1188/2383] 10.0.0.41 () {32 vars in 722 bytes} [Tue Apr 28 08:42:36 2026] DELETE /v2.0/subnets/c80b47ba-fe1f-49e8-9dab-0b95cba9273e => generated 0 bytes in 154 msecs (HTTP/1.1 204) 3 headers in 131 bytes (1 switches on core 0)
2026-04-28 08:42:37.023 7 WARNING neutron.scheduler.dhcp_agent_scheduler [None req-38ea0176-173e-442e-be0b-97c20369e6d7 - - - - - -] No more DHCP agents
2026-04-28 08:42:37.025 7 WARNING neutron.api.rpc.agentnotifiers.dhcp_rpc_agent_api [None req-38ea0176-173e-442e-be0b-97c20369e6d7 - - - - - -] Unable to schedule network b97c974b-6e87-41b5-b832-74cfa6cdd2c4: no agents available; will retry on subsequent port and subnet creation events.
2026-04-28 08:42:37.088 7 INFO neutron.plugins.ml2.drivers.ovn.mech_driver.mech_driver [None req-26db60fa-aca8-483b-979e-6f55d1bf4838 - - - - - -] OVN reports status down for port: b4cba78d-3565-41ea-8f79-f5be32927fda [pid: 8|app: 0|req: 1189/2384] 10.0.0.41 () {32 vars in 682 bytes} [Tue Apr 28 08:42:36 2026] GET /v2.0/networks?not-tags-any=blue => generated 2638 bytes in 100 msecs (HTTP/1.1 200) 4 headers in 158 bytes (1 switches on core 0)
2026-04-28 08:42:37.147 7 INFO neutron.db.ovn_revision_numbers_db [None req-38ea0176-173e-442e-be0b-97c20369e6d7 - - - - - -] Successfully bumped revision number for resource b4cba78d-3565-41ea-8f79-f5be32927fda (type: ports) to 1
2026-04-28 08:42:37.224 8 INFO neutron_taas.services.taas.taas_plugin [None req-325a9371-2279-4260-8300-8ed87a1a2b25 8f1a422232e24e209dd3304d8ade4ecc 93e2a32f59024784bc3b9280daf72e32 - - default default] TaaS: Handle Delete Port: cc48b2f3-0e01-40f0-87b4-f9d4948ab71a
2026-04-28 08:42:37.227 8 INFO neutron_taas.services.taas.tap_mirror_plugin [None req-325a9371-2279-4260-8300-8ed87a1a2b25 8f1a422232e24e209dd3304d8ade4ecc 93e2a32f59024784bc3b9280daf72e32 - - default default] Tap Mirror: Handle Delete Port: cc48b2f3-0e01-40f0-87b4-f9d4948ab71a
2026-04-28 08:42:37.312 7 WARNING neutron.scheduler.dhcp_agent_scheduler [None req-38ea0176-173e-442e-be0b-97c20369e6d7 - - - - - -] No more DHCP agents
2026-04-28 08:42:37.314 7 WARNING neutron.api.rpc.agentnotifiers.dhcp_rpc_agent_api [None req-38ea0176-173e-442e-be0b-97c20369e6d7 - - - - - -] Unable to schedule network b97c974b-6e87-41b5-b832-74cfa6cdd2c4: no agents available; will retry on subsequent port and subnet creation events.
2026-04-28 08:42:37.358 7 INFO neutron.db.ovn_revision_numbers_db [None req-38ea0176-173e-442e-be0b-97c20369e6d7 - - - - - -] Successfully bumped revision number for resource 339e8da2-dfa9-4971-a1d1-0fc4c115059f (type: subnets) to 0
2026-04-28 08:42:37.431 8 INFO neutron.services.segments.plugin [-] Segment 22e41cf4-5b90-482a-984b-d5416a38a11c resource provider aggregate not found
2026-04-28 08:42:37.437 8 INFO neutron.services.segments.plugin [-] Segment 22e41cf4-5b90-482a-984b-d5416a38a11c resource provider aggregate not found
2026-04-28 08:42:37.452 8 INFO neutron.services.segments.plugin [-] Segment 22e41cf4-5b90-482a-984b-d5416a38a11c resource provider not found; error: Placement Client Error (4xx): {"errors": [{"status": 404, "title": "Not Found", "detail": "The resource could not be found.\n\n No resource provider with uuid 22e41cf4-5b90-482a-984b-d5416a38a11c found for delete ", "request_id": "req-9f024134-8b83-4968-a747-f65052e4e789"}]}
2026-04-28 08:42:37.464 8 INFO neutron.services.segments.plugin [-] Segment 22e41cf4-5b90-482a-984b-d5416a38a11c resource provider not found; error: Placement Client Error (4xx): {"errors": [{"status": 404, "title": "Not Found", "detail": "The resource could not be found.\n\n No resource provider with uuid 22e41cf4-5b90-482a-984b-d5416a38a11c found for delete ", "request_id": "req-374d1c04-30d2-4461-a5a5-2ca29c2e4d5c"}]} [pid: 8|app: 0|req: 1190/2385] 10.0.0.41 () {32 vars in 724 bytes} [Tue Apr 28 08:42:37 2026] DELETE /v2.0/networks/af82d626-9916-4260-a547-44e5aa35a1bf => generated 0 bytes in 390 msecs (HTTP/1.1 204) 3 headers in 131 bytes (1 switches on core 0) [pid: 8|app: 0|req: 1191/2386] 10.0.0.41 () {32 vars in 694 bytes} [Tue Apr 28 08:42:37 2026] GET /v2.0/networks?not-tags-any=red%2Cblue => generated 1988 bytes in 60 msecs (HTTP/1.1 200) 4 headers in 158 bytes (1 switches on core 0)
2026-04-28 08:42:37.651 8 INFO neutron.db.segments_db [None req-e3c78057-9aea-463d-b7a6-b4c41057a34d 8f1a422232e24e209dd3304d8ade4ecc 93e2a32f59024784bc3b9280daf72e32 - - default default] Added segment 1ec4cce8-ddd0-48de-b9b5-e789b3faf565 of type geneve for network d0f3b9fd-8c18-4ea6-b95b-fabb1a3e34f8
2026-04-28 08:42:37.765 7 WARNING neutron.scheduler.dhcp_agent_scheduler [None req-38ea0176-173e-442e-be0b-97c20369e6d7 - - - - - -] No more DHCP agents
2026-04-28 08:42:37.768 7 WARNING neutron.api.rpc.agentnotifiers.dhcp_rpc_agent_api [None req-38ea0176-173e-442e-be0b-97c20369e6d7 - - - - - -] Unable to schedule network b97c974b-6e87-41b5-b832-74cfa6cdd2c4: no agents available; will retry on subsequent port and subnet creation events.
2026-04-28 08:42:37.774 8 INFO neutron.db.ovn_revision_numbers_db [None req-e3c78057-9aea-463d-b7a6-b4c41057a34d 8f1a422232e24e209dd3304d8ade4ecc 93e2a32f59024784bc3b9280daf72e32 - - default default] Successfully bumped revision number for resource d0f3b9fd-8c18-4ea6-b95b-fabb1a3e34f8 (type: networks) to 1
2026-04-28 08:42:37.937 7 INFO neutron.db.ovn_revision_numbers_db [None req-38ea0176-173e-442e-be0b-97c20369e6d7 - - - - - -] Successfully bumped revision number for resource c071e7d9-0d18-4569-84a3-56ea5897c9d7 (type: ports) to 1
2026-04-28 08:42:37.982 8 WARNING neutron.scheduler.dhcp_agent_scheduler [None req-e3c78057-9aea-463d-b7a6-b4c41057a34d 8f1a422232e24e209dd3304d8ade4ecc 93e2a32f59024784bc3b9280daf72e32 - - default default] No more DHCP agents
2026-04-28 08:42:37.984 8 WARNING neutron.api.rpc.agentnotifiers.dhcp_rpc_agent_api [None req-e3c78057-9aea-463d-b7a6-b4c41057a34d 8f1a422232e24e209dd3304d8ade4ecc 93e2a32f59024784bc3b9280daf72e32 - - default default] Unable to schedule network d0f3b9fd-8c18-4ea6-b95b-fabb1a3e34f8: no agents available; will retry on subsequent port and subnet creation events.
