2026-04-28 08:40:08.805 7 INFO neutron.plugins.ml2.drivers.ovn.mech_driver.mech_driver [None req-f12a330a-6b46-4a6c-9b46-b24894078b05 - - - - - -] OVN reports status down for port: 54dc6718-3e35-413a-885d-ab8206818854 [pid: 7|app: 0|req: 732/1391] 10.0.0.41 () {34 vars in 693 bytes} [Tue Apr 28 08:40:08 2026] POST /v2.0/security-group-rules => generated 602 bytes in 214 msecs (HTTP/1.1 201) 4 headers in 162 bytes (1 switches on core 0) [pid: 8|app: 0|req: 660/1392] 10.0.0.41 () {34 vars in 668 bytes} [Tue Apr 28 08:40:07 2026] POST /v2.0/networks => generated 667 bytes in 980 msecs (HTTP/1.1 201) 4 headers in 162 bytes (1 switches on core 0) [pid: 7|app: 0|req: 733/1393] 10.0.0.41 () {32 vars in 715 bytes} [Tue Apr 28 08:40:08 2026] GET /v2.0/ports/27ebb171-74c4-46ec-9b2b-6159aa273887 => generated 955 bytes in 49 msecs (HTTP/1.1 200) 4 headers in 157 bytes (1 switches on core 0)
2026-04-28 08:40:08.915 7 INFO neutron.services.segments.plugin [-] Segment 194de35e-8286-4442-8487-6db9d8f46082 resource provider aggregate not found
2026-04-28 08:40:08.925 7 INFO neutron.services.segments.plugin [-] Segment 194de35e-8286-4442-8487-6db9d8f46082 resource provider aggregate not found
2026-04-28 08:40:08.931 7 WARNING neutron.plugins.ml2.drivers.ovn.mech_driver.ovsdb.ovn_client [None req-f12a330a-6b46-4a6c-9b46-b24894078b05 - - - - - -] Logical_Switch_Port 54dc6718-3e35-413a-885d-ab8206818854 host information not removed, the port state is up
2026-04-28 08:40:08.932 7 INFO neutron.plugins.ml2.drivers.ovn.mech_driver.mech_driver [None req-f12a330a-6b46-4a6c-9b46-b24894078b05 - - - - - -] OVN reports status up for port: 54dc6718-3e35-413a-885d-ab8206818854
2026-04-28 08:40:08.941 7 INFO neutron.services.segments.plugin [-] Segment 194de35e-8286-4442-8487-6db9d8f46082 resource provider not found; error: Placement Client Error (4xx): {"errors": [{"status": 404, "title": "Not Found", "detail": "The resource could not be found.\n\n No resource provider with uuid 194de35e-8286-4442-8487-6db9d8f46082 found for delete ", "request_id": "req-00dc8bac-57d4-4adb-bf01-d023100354ec"}]}
2026-04-28 08:40:08.950 7 INFO neutron.services.segments.plugin [-] Segment 194de35e-8286-4442-8487-6db9d8f46082 resource provider not found; error: Placement Client Error (4xx): {"errors": [{"status": 404, "title": "Not Found", "detail": "The resource could not be found.\n\n No resource provider with uuid 194de35e-8286-4442-8487-6db9d8f46082 found for delete ", "request_id": "req-d80d4a4f-cc66-4177-b85d-ddf12575dc4c"}]}
2026-04-28 08:40:08.955 7 INFO neutron.plugins.ml2.plugin [None req-f12a330a-6b46-4a6c-9b46-b24894078b05 - - - - - -] Attempt 1 to provision port 54dc6718-3e35-413a-885d-ab8206818854
2026-04-28 08:40:09.077 8 WARNING neutron.scheduler.dhcp_agent_scheduler [None req-7222f65a-0183-4309-808a-23a47380d020 72ea331bde15423ea8c77ededafc4ca8 e035ce95c3784c4e8bfccd0962c21e67 - - default default] No more DHCP agents
2026-04-28 08:40:09.081 8 WARNING neutron.api.rpc.agentnotifiers.dhcp_rpc_agent_api [None req-7222f65a-0183-4309-808a-23a47380d020 72ea331bde15423ea8c77ededafc4ca8 e035ce95c3784c4e8bfccd0962c21e67 - - default default] Unable to schedule network fe1de6f7-0008-497f-b076-96e6ca5f5109: no agents available; will retry on subsequent port and subnet creation events. [pid: 8|app: 0|req: 661/1394] 10.0.0.41 () {34 vars in 674 bytes} [Tue Apr 28 08:40:08 2026] POST /v2.0/floatingips => generated 552 bytes in 570 msecs (HTTP/1.1 201) 4 headers in 162 bytes (1 switches on core 0)
2026-04-28 08:40:09.704 7 WARNING neutron.scheduler.dhcp_agent_scheduler [None req-978560ab-7a8d-4078-9da0-ddea13960280 42b823765e704d82aede86742b6a7236 6f8c4e0cde0b44f6a33b86f1c4e452f1 - - default default] No more DHCP agents
2026-04-28 08:40:09.713 7 WARNING neutron.api.rpc.agentnotifiers.dhcp_rpc_agent_api [None req-978560ab-7a8d-4078-9da0-ddea13960280 42b823765e704d82aede86742b6a7236 6f8c4e0cde0b44f6a33b86f1c4e452f1 - - default default] Unable to schedule network dbdf8184-f940-4be1-8ebf-3ac0228513ac: no agents available; will retry on subsequent port and subnet creation events.
2026-04-28 08:40:09.726 8 INFO neutron_taas.services.taas.taas_plugin [None req-564ba274-8d15-4966-8808-f3c491d1e142 bcc9b660aa8c4d4ca1de1c4380307bf1 08704f5a8c5048088c1df70c915c0706 - - default default] TaaS: Handle Delete Port: 27ebb171-74c4-46ec-9b2b-6159aa273887
2026-04-28 08:40:09.730 8 INFO neutron_taas.services.taas.tap_mirror_plugin [None req-564ba274-8d15-4966-8808-f3c491d1e142 bcc9b660aa8c4d4ca1de1c4380307bf1 08704f5a8c5048088c1df70c915c0706 - - default default] Tap Mirror: Handle Delete Port: 27ebb171-74c4-46ec-9b2b-6159aa273887 [pid: 8|app: 0|req: 662/1395] 10.0.0.41 () {34 vars in 787 bytes} [Tue Apr 28 08:40:09 2026] PUT /v2.0/routers/fc3e5f00-ceb9-480d-ac16-fc5e34d1e159/remove_router_interface => generated 310 bytes in 714 msecs (HTTP/1.1 200) 4 headers in 157 bytes (1 switches on core 0) /var/lib/openstack/lib/python3.12/site-packages/pycadf/identifier.py:70: UserWarning: Invalid uuid: neutron. To ensure interoperability, identifiers should be a valid uuid. warnings.warn(('Invalid uuid: %s. To ensure interoperability, '
2026-04-28 08:40:10.211 7 INFO neutron.db.ovn_revision_numbers_db [None req-f12a330a-6b46-4a6c-9b46-b24894078b05 - - - - - -] Successfully bumped revision number for resource 54dc6718-3e35-413a-885d-ab8206818854 (type: ports) to 2 [pid: 8|app: 0|req: 663/1396] 10.0.0.41 () {32 vars in 715 bytes} [Tue Apr 28 08:40:10 2026] GET /v2.0/ports/0b09cdac-dc0b-413f-85c8-fb523d46ae7d => generated 947 bytes in 114 msecs (HTTP/1.1 200) 4 headers in 157 bytes (1 switches on core 0)
2026-04-28 08:40:10.602 7 INFO neutron.db.ovn_revision_numbers_db [None req-978560ab-7a8d-4078-9da0-ddea13960280 42b823765e704d82aede86742b6a7236 6f8c4e0cde0b44f6a33b86f1c4e452f1 - - default default] Successfully bumped revision number for resource cc90f452-df72-49ec-9fb0-be40347e50a0 (type: ports) to 2
2026-04-28 08:40:10.641 8 INFO neutron_taas.services.taas.taas_plugin [None req-b00d3a25-60f7-48fc-8ee8-008322f6def1 bcc9b660aa8c4d4ca1de1c4380307bf1 08704f5a8c5048088c1df70c915c0706 - - default default] TaaS: Handle Delete Port: 0b09cdac-dc0b-413f-85c8-fb523d46ae7d
2026-04-28 08:40:10.645 8 INFO neutron_taas.services.taas.tap_mirror_plugin [None req-b00d3a25-60f7-48fc-8ee8-008322f6def1 bcc9b660aa8c4d4ca1de1c4380307bf1 08704f5a8c5048088c1df70c915c0706 - - default default] Tap Mirror: Handle Delete Port: 0b09cdac-dc0b-413f-85c8-fb523d46ae7d
2026-04-28 08:40:10.651 7 INFO neutron.db.ovn_revision_numbers_db [None req-978560ab-7a8d-4078-9da0-ddea13960280 42b823765e704d82aede86742b6a7236 6f8c4e0cde0b44f6a33b86f1c4e452f1 - - default default] Successfully bumped revision number for resource 4a99cad3-1e5f-4472-9c64-1abe80516686 (type: subnets) to 0 [pid: 7|app: 0|req: 734/1397] 10.0.0.41 () {34 vars in 667 bytes} [Tue Apr 28 08:40:08 2026] POST /v2.0/subnets => generated 626 bytes in 1862 msecs (HTTP/1.1 201) 4 headers in 162 bytes (1 switches on core 0)
2026-04-28 08:40:10.881 7 INFO neutron.db.ovn_revision_numbers_db [None req-cd8ce963-0db2-4783-8ef6-66c89fb5fea4 42b823765e704d82aede86742b6a7236 6f8c4e0cde0b44f6a33b86f1c4e452f1 - - default default] Successfully bumped revision number for resource d7553f43-6291-4557-9b0b-07f5052a4431 (type: routers) to 1 [pid: 7|app: 0|req: 735/1398] 10.0.0.41 () {34 vars in 667 bytes} [Tue Apr 28 08:40:10 2026] POST /v2.0/routers => generated 621 bytes in 156 msecs (HTTP/1.1 201) 4 headers in 162 bytes (1 switches on core 0) [pid: 8|app: 0|req: 664/1399] 10.0.0.41 () {34 vars in 787 bytes} [Tue Apr 28 08:40:10 2026] PUT /v2.0/routers/fc3e5f00-ceb9-480d-ac16-fc5e34d1e159/remove_router_interface => generated 310 bytes in 747 msecs (HTTP/1.1 200) 4 headers in 157 bytes (1 switches on core 0) /var/lib/openstack/lib/python3.12/site-packages/pycadf/identifier.py:70: UserWarning: Invalid uuid: neutron. To ensure interoperability, identifiers should be a valid uuid. warnings.warn(('Invalid uuid: %s. To ensure interoperability, ' [pid: 8|app: 0|req: 665/1400] 10.0.0.41 () {32 vars in 734 bytes} [Tue Apr 28 08:40:10 2026] GET /v2.0/ports?device_id=fc3e5f00-ceb9-480d-ac16-fc5e34d1e159 => generated 12 bytes in 23 msecs (HTTP/1.1 200) 4 headers in 156 bytes (1 switches on core 0)
2026-04-28 08:40:11.219 7 WARNING neutron.scheduler.dhcp_agent_scheduler [None req-89b5f568-0223-4d39-9673-9b0afb1c2f60 42b823765e704d82aede86742b6a7236 6f8c4e0cde0b44f6a33b86f1c4e452f1 - - default default] No more DHCP agents
2026-04-28 08:40:11.220 7 WARNING neutron.api.rpc.agentnotifiers.dhcp_rpc_agent_api [None req-89b5f568-0223-4d39-9673-9b0afb1c2f60 42b823765e704d82aede86742b6a7236 6f8c4e0cde0b44f6a33b86f1c4e452f1 - - default default] Unable to schedule network dbdf8184-f940-4be1-8ebf-3ac0228513ac: no agents available; will retry on subsequent port and subnet creation events.
2026-04-28 08:40:11.440 7 INFO neutron.db.ovn_revision_numbers_db [None req-89b5f568-0223-4d39-9673-9b0afb1c2f60 42b823765e704d82aede86742b6a7236 6f8c4e0cde0b44f6a33b86f1c4e452f1 - - default default] Successfully bumped revision number for resource 780d6af7-9b1f-4047-b493-c44c17075595 (type: ports) to 1 [pid: 7|app: 0|req: 736/1401] 10.0.0.41 () {34 vars in 663 bytes} [Tue Apr 28 08:40:10 2026] POST /v2.0/ports => generated 947 bytes in 557 msecs (HTTP/1.1 201) 4 headers in 162 bytes (1 switches on core 0) /var/lib/openstack/lib/python3.12/site-packages/pycadf/identifier.py:70: UserWarning: Invalid uuid: neutron. To ensure interoperability, identifiers should be a valid uuid. warnings.warn(('Invalid uuid: %s. To ensure interoperability, '
2026-04-28 08:40:11.576 7 WARNING neutron.db.securitygroups_db [None req-68676a36-1138-4c14-8868-3b65bb3fb29b 9484efbc45b9421a93dbfbc72591a2e3 3168251623fd41d1a36ef23621ddd66c - - default default] project_id key not found in filters, using tenant_id instead. This support has been deprecated and will be removed in a future release.
2026-04-28 08:40:11.700 7 INFO neutron.db.ovn_revision_numbers_db [None req-68676a36-1138-4c14-8868-3b65bb3fb29b 9484efbc45b9421a93dbfbc72591a2e3 3168251623fd41d1a36ef23621ddd66c - - default default] Successfully bumped revision number for resource 3f11a878-70a6-44e3-b745-2d225446213e (type: security_groups) to 1
2026-04-28 08:40:11.715 7 INFO neutron.db.ovn_revision_numbers_db [None req-68676a36-1138-4c14-8868-3b65bb3fb29b 9484efbc45b9421a93dbfbc72591a2e3 3168251623fd41d1a36ef23621ddd66c - - default default] Successfully bumped revision number for resource 7dfb889c-1095-40ea-936c-11c7bc2a6aae (type: security_group_rules) to 0
2026-04-28 08:40:11.735 7 INFO neutron.db.ovn_revision_numbers_db [None req-68676a36-1138-4c14-8868-3b65bb3fb29b 9484efbc45b9421a93dbfbc72591a2e3 3168251623fd41d1a36ef23621ddd66c - - default default] Successfully bumped revision number for resource a69873c4-610b-415a-bdf5-3c6056223c38 (type: security_group_rules) to 0
2026-04-28 08:40:11.752 7 INFO neutron.db.ovn_revision_numbers_db [None req-68676a36-1138-4c14-8868-3b65bb3fb29b 9484efbc45b9421a93dbfbc72591a2e3 3168251623fd41d1a36ef23621ddd66c - - default default] Successfully bumped revision number for resource ca7d83f1-22c0-4d34-a738-9e4ad4a0633e (type: security_group_rules) to 0 [pid: 8|app: 0|req: 666/1402] 10.0.0.41 () {32 vars in 722 bytes} [Tue Apr 28 08:40:11 2026] DELETE /v2.0/routers/fc3e5f00-ceb9-480d-ac16-fc5e34d1e159 => generated 0 bytes in 735 msecs (HTTP/1.1 204) 2 headers in 112 bytes (1 switches on core 0)
2026-04-28 08:40:11.768 7 INFO neutron.db.ovn_revision_numbers_db [None req-68676a36-1138-4c14-8868-3b65bb3fb29b 9484efbc45b9421a93dbfbc72591a2e3 3168251623fd41d1a36ef23621ddd66c - - default default] Successfully bumped revision number for resource dab256a2-4ca9-4d48-9c33-3d874bf119e6 (type: security_group_rules) to 0 [pid: 7|app: 0|req: 737/1403] 10.0.0.41 () {32 vars in 772 bytes} [Tue Apr 28 08:40:11 2026] GET /v2.0/security-groups?tenant_id=24465378cd504495a64b681d921a5ae8&name=default => generated 2925 bytes in 348 msecs (HTTP/1.1 200) 4 headers in 158 bytes (1 switches on core 0) [pid: 7|app: 0|req: 738/1404] 10.0.0.41 () {32 vars in 722 bytes} [Tue Apr 28 08:40:11 2026] DELETE /v2.0/subnets/09e3f42d-739d-4d60-9d90-ba7cff28bd25 => generated 0 bytes in 158 msecs (HTTP/1.1 204) 3 headers in 131 bytes (1 switches on core 0) [pid: 7|app: 0|req: 739/1405] 10.0.0.41 () {32 vars in 738 bytes} [Tue Apr 28 08:40:11 2026] DELETE /v2.0/security-groups/3f11a878-70a6-44e3-b745-2d225446213e => generated 0 bytes in 182 msecs (HTTP/1.1 204) 2 headers in 112 bytes (1 switches on core 0) [pid: 7|app: 0|req: 742/1408] 10.0.0.41 () {32 vars in 722 bytes} [Tue Apr 28 08:40:12 2026] DELETE /v2.0/subnets/703b2f5c-be53-47f9-b919-9b2cf0eaa685 => generated 0 bytes in 148 msecs (HTTP/1.1 204) 3 headers in 131 bytes (1 switches on core 0)
2026-04-28 08:40:12.313 7 WARNING neutron.db.securitygroups_db [req-e65e61b2-5fab-44d4-9507-bcd02bc4e012 req-b814bb37-5768-4b71-99f2-9d054943dd1c 72ea331bde15423ea8c77ededafc4ca8 e035ce95c3784c4e8bfccd0962c21e67 - - default default] project_id key not found in filters, using tenant_id instead. This support has been deprecated and will be removed in a future release.
2026-04-28 08:40:12.367 8 INFO neutron.db.ovn_revision_numbers_db [None req-1028d28f-d4ce-4cbe-b10e-ad00535fe229 42b823765e704d82aede86742b6a7236 6f8c4e0cde0b44f6a33b86f1c4e452f1 - - default default] Successfully bumped revision number for resource 780d6af7-9b1f-4047-b493-c44c17075595 (type: ports) to 2 [pid: 7|app: 0|req: 743/1409] 10.0.0.22 () {34 vars in 1098 bytes} [Tue Apr 28 08:40:12 2026] GET /v2.0/security-groups?name=tempest-securitygroup--2093227650&fields=id&tenant_id=e035ce95c3784c4e8bfccd0962c21e67 => generated 69 bytes in 63 msecs (HTTP/1.1 200) 4 headers in 156 bytes (1 switches on core 0)
2026-04-28 08:40:12.494 7 INFO neutron_taas.services.taas.taas_plugin [None req-55d9a838-08e0-4455-9ad0-f046b7c276e1 bcc9b660aa8c4d4ca1de1c4380307bf1 08704f5a8c5048088c1df70c915c0706 - - default default] TaaS: Handle Delete Port: 11b97763-92b4-4a61-ac39-6f31a7c046e1
2026-04-28 08:40:12.497 7 INFO neutron_taas.services.taas.tap_mirror_plugin [None req-55d9a838-08e0-4455-9ad0-f046b7c276e1 bcc9b660aa8c4d4ca1de1c4380307bf1 08704f5a8c5048088c1df70c915c0706 - - default default] Tap Mirror: Handle Delete Port: 11b97763-92b4-4a61-ac39-6f31a7c046e1
2026-04-28 08:40:12.695 7 INFO neutron.services.segments.plugin [-] Segment e8739bfc-cac3-4312-945b-d429e9fc95b4 resource provider aggregate not found
2026-04-28 08:40:12.704 7 INFO neutron.services.segments.plugin [-] Segment e8739bfc-cac3-4312-945b-d429e9fc95b4 resource provider aggregate not found
2026-04-28 08:40:12.724 7 INFO neutron.services.segments.plugin [-] Segment e8739bfc-cac3-4312-945b-d429e9fc95b4 resource provider not found; error: Placement Client Error (4xx): {"errors": [{"status": 404, "title": "Not Found", "detail": "The resource could not be found.\n\n No resource provider with uuid e8739bfc-cac3-4312-945b-d429e9fc95b4 found for delete ", "request_id": "req-01617a27-c2ea-4d96-a810-eb9e1e45c878"}]}
2026-04-28 08:40:12.726 7 INFO neutron.services.segments.plugin [-] Segment e8739bfc-cac3-4312-945b-d429e9fc95b4 resource provider not found; error: Placement Client Error (4xx): {"errors": [{"status": 404, "title": "Not Found", "detail": "The resource could not be found.\n\n No resource provider with uuid e8739bfc-cac3-4312-945b-d429e9fc95b4 found for delete ", "request_id": "req-4ceca72c-27ea-4c64-b45d-9ff87d70fd61"}]} [pid: 7|app: 0|req: 744/1410] 10.0.0.41 () {32 vars in 724 bytes} [Tue Apr 28 08:40:12 2026] DELETE /v2.0/networks/9df0d79e-4610-46f6-9240-4560bcf37744 => generated 0 bytes in 377 msecs (HTTP/1.1 204) 3 headers in 131 bytes (1 switches on core 0) [pid: 7|app: 0|req: 745/1411] 10.0.0.22 () {34 vars in 980 bytes} [Tue Apr 28 08:40:12 2026] GET /v2.0/networks?id=b5697dc9-2920-429e-bf44-ebd55b4af800 => generated 718 bytes in 41 msecs (HTTP/1.1 200) 4 headers in 157 bytes (1 switches on core 0)
2026-04-28 08:40:12.908 7 INFO neutron_taas.services.taas.taas_plugin [None req-ccc36fc1-2691-436a-aff6-dea43938981b bcc9b660aa8c4d4ca1de1c4380307bf1 08704f5a8c5048088c1df70c915c0706 - - default default] TaaS: Handle Delete Port: bcfbcbcc-5d9d-4986-97b5-038b8d0840e4
2026-04-28 08:40:12.911 7 INFO neutron_taas.services.taas.tap_mirror_plugin [None req-ccc36fc1-2691-436a-aff6-dea43938981b bcc9b660aa8c4d4ca1de1c4380307bf1 08704f5a8c5048088c1df70c915c0706 - - default default] Tap Mirror: Handle Delete Port: bcfbcbcc-5d9d-4986-97b5-038b8d0840e4
2026-04-28 08:40:13.101 8 WARNING neutron.scheduler.dhcp_agent_scheduler [None req-1028d28f-d4ce-4cbe-b10e-ad00535fe229 42b823765e704d82aede86742b6a7236 6f8c4e0cde0b44f6a33b86f1c4e452f1 - - default default] No more DHCP agents
2026-04-28 08:40:13.104 8 WARNING neutron.api.rpc.agentnotifiers.dhcp_rpc_agent_api [None req-1028d28f-d4ce-4cbe-b10e-ad00535fe229 42b823765e704d82aede86742b6a7236 6f8c4e0cde0b44f6a33b86f1c4e452f1 - - default default] Unable to schedule network dbdf8184-f940-4be1-8ebf-3ac0228513ac: no agents available; will retry on subsequent port and subnet creation events. [pid: 7|app: 0|req: 746/1412] 10.0.0.41 () {32 vars in 724 bytes} [Tue Apr 28 08:40:12 2026] DELETE /v2.0/networks/373cb8ec-9cff-46cd-a6c2-85211b6498ed => generated 0 bytes in 327 msecs (HTTP/1.1 204) 3 headers in 131 bytes (1 switches on core 0) [pid: 7|app: 0|req: 747/1413] 10.0.0.22 () {34 vars in 963 bytes} [Tue Apr 28 08:40:13 2026] GET /v2.0/quotas/e035ce95c3784c4e8bfccd0962c21e67 => generated 292 bytes in 7 msecs (HTTP/1.1 200) 4 headers in 157 bytes (1 switches on core 0)
2026-04-28 08:40:13.212 7 INFO neutron.db.segments_db [None req-46ab2c81-1094-4500-827b-e3d3be6c50ea bcc9b660aa8c4d4ca1de1c4380307bf1 08704f5a8c5048088c1df70c915c0706 - - default default] Added segment 20e51db6-c379-4dcf-a550-f2b93a464321 of type geneve for network fb5382ae-4f38-4b8d-9a29-ad39f1e6d295
2026-04-28 08:40:13.276 8 INFO neutron.db.ovn_revision_numbers_db [None req-1028d28f-d4ce-4cbe-b10e-ad00535fe229 42b823765e704d82aede86742b6a7236 6f8c4e0cde0b44f6a33b86f1c4e452f1 - - default default] Successfully bumped revision number for resource 780d6af7-9b1f-4047-b493-c44c17075595 (type: router_ports) to 2 [pid: 8|app: 0|req: 667/1414] 10.0.0.41 () {34 vars in 781 bytes} [Tue Apr 28 08:40:11 2026] PUT /v2.0/routers/d7553f43-6291-4557-9b0b-07f5052a4431/add_router_interface => generated 310 bytes in 1524 msecs (HTTP/1.1 200) 4 headers in 157 bytes (1 switches on core 0) /var/lib/openstack/lib/python3.12/site-packages/pycadf/identifier.py:70: UserWarning: Invalid uuid: neutron. To ensure interoperability, identifiers should be a valid uuid. warnings.warn(('Invalid uuid: %s. To ensure interoperability, ' [pid: 8|app: 0|req: 668/1415] 10.0.0.22 () {34 vars in 1000 bytes} [Tue Apr 28 08:40:13 2026] GET /v2.0/ports?tenant_id=e035ce95c3784c4e8bfccd0962c21e67&fields=id => generated 103 bytes in 95 msecs (HTTP/1.1 200) 4 headers in 157 bytes (1 switches on core 0)
2026-04-28 08:40:13.481 7 INFO neutron.db.ovn_revision_numbers_db [None req-46ab2c81-1094-4500-827b-e3d3be6c50ea bcc9b660aa8c4d4ca1de1c4380307bf1 08704f5a8c5048088c1df70c915c0706 - - default default] Successfully bumped revision number for resource fb5382ae-4f38-4b8d-9a29-ad39f1e6d295 (type: networks) to 1 [pid: 8|app: 0|req: 669/1416] 10.0.0.41 () {32 vars in 715 bytes} [Tue Apr 28 08:40:13 2026] GET /v2.0/ports/780d6af7-9b1f-4047-b493-c44c17075595 => generated 1007 bytes in 116 msecs (HTTP/1.1 200) 4 headers in 158 bytes (1 switches on core 0) [pid: 8|app: 0|req: 670/1417] 10.0.0.22 () {34 vars in 1006 bytes} [Tue Apr 28 08:40:13 2026] GET /v2.0/networks/b5697dc9-2920-429e-bf44-ebd55b4af800?fields=segments => generated 14 bytes in 43 msecs (HTTP/1.1 200) 4 headers in 156 bytes (1 switches on core 0)
2026-04-28 08:40:13.660 7 WARNING neutron.scheduler.dhcp_agent_scheduler [None req-46ab2c81-1094-4500-827b-e3d3be6c50ea bcc9b660aa8c4d4ca1de1c4380307bf1 08704f5a8c5048088c1df70c915c0706 - - default default] No more DHCP agents
2026-04-28 08:40:13.663 7 WARNING neutron.api.rpc.agentnotifiers.dhcp_rpc_agent_api [None req-46ab2c81-1094-4500-827b-e3d3be6c50ea bcc9b660aa8c4d4ca1de1c4380307bf1 08704f5a8c5048088c1df70c915c0706 - - default default] Unable to schedule network fb5382ae-4f38-4b8d-9a29-ad39f1e6d295: no agents available; will retry on subsequent port and subnet creation events.
2026-04-28 08:40:13.748 7 INFO neutron.db.ovn_revision_numbers_db [None req-46ab2c81-1094-4500-827b-e3d3be6c50ea bcc9b660aa8c4d4ca1de1c4380307bf1 08704f5a8c5048088c1df70c915c0706 - - default default] Successfully bumped revision number for resource 48804447-840f-4feb-88a2-5435c21bbe2b (type: ports) to 1 [pid: 7|app: 0|req: 748/1418] 10.0.0.41 () {34 vars in 668 bytes} [Tue Apr 28 08:40:13 2026] POST /v2.0/networks => generated 671 bytes in 650 msecs (HTTP/1.1 201) 4 headers in 162 bytes (1 switches on core 0) [pid: 7|app: 0|req: 749/1419] 10.0.0.22 () {34 vars in 1106 bytes} [Tue Apr 28 08:40:13 2026] GET /v2.0/networks/b5697dc9-2920-429e-bf44-ebd55b4af800?fields=provider%3Aphysical_network&fields=provider%3Anetwork_type => generated 79 bytes in 44 msecs (HTTP/1.1 200) 4 headers in 156 bytes (1 switches on core 0)
2026-04-28 08:40:13.856 8 INFO neutron_taas.services.taas.taas_plugin [None req-b7d33f04-3e09-4f92-8c66-d05eac9fda49 42b823765e704d82aede86742b6a7236 6f8c4e0cde0b44f6a33b86f1c4e452f1 - - default default] TaaS: Handle Delete Port: 780d6af7-9b1f-4047-b493-c44c17075595
2026-04-28 08:40:13.859 8 INFO neutron_taas.services.taas.tap_mirror_plugin [None req-b7d33f04-3e09-4f92-8c66-d05eac9fda49 42b823765e704d82aede86742b6a7236 6f8c4e0cde0b44f6a33b86f1c4e452f1 - - default default] Tap Mirror: Handle Delete Port: 780d6af7-9b1f-4047-b493-c44c17075595
2026-04-28 08:40:14.009 7 WARNING neutron.scheduler.dhcp_agent_scheduler [None req-a06d1d73-9aff-4e62-86b9-9ed7b25577aa bcc9b660aa8c4d4ca1de1c4380307bf1 08704f5a8c5048088c1df70c915c0706 - - default default] No more DHCP agents
2026-04-28 08:40:14.010 7 WARNING neutron.api.rpc.agentnotifiers.dhcp_rpc_agent_api [None req-a06d1d73-9aff-4e62-86b9-9ed7b25577aa bcc9b660aa8c4d4ca1de1c4380307bf1 08704f5a8c5048088c1df70c915c0706 - - default default] Unable to schedule network fb5382ae-4f38-4b8d-9a29-ad39f1e6d295: no agents available; will retry on subsequent port and subnet creation events.
2026-04-28 08:40:14.049 7 INFO neutron.db.ovn_revision_numbers_db [None req-a06d1d73-9aff-4e62-86b9-9ed7b25577aa bcc9b660aa8c4d4ca1de1c4380307bf1 08704f5a8c5048088c1df70c915c0706 - - default default] Successfully bumped revision number for resource 19751a9f-e988-4207-800f-835875287d6f (type: subnets) to 0 [pid: 7|app: 0|req: 750/1420] 10.0.0.41 () {34 vars in 667 bytes} [Tue Apr 28 08:40:13 2026] POST /v2.0/subnets => generated 646 bytes in 247 msecs (HTTP/1.1 201) 4 headers in 162 bytes (1 switches on core 0) [pid: 8|app: 0|req: 671/1421] 10.0.0.41 () {34 vars in 787 bytes} [Tue Apr 28 08:40:13 2026] PUT /v2.0/routers/d7553f43-6291-4557-9b0b-07f5052a4431/remove_router_interface => generated 310 bytes in 659 msecs (HTTP/1.1 200) 4 headers in 157 bytes (1 switches on core 0) /var/lib/openstack/lib/python3.12/site-packages/pycadf/identifier.py:70: UserWarning: Invalid uuid: neutron. To ensure interoperability, identifiers should be a valid uuid. warnings.warn(('Invalid uuid: %s. To ensure interoperability, '
2026-04-28 08:40:14.309 8 INFO neutron.db.ovn_revision_numbers_db [None req-ab6811b2-6206-4a9a-87a0-7cd446fe5603 bcc9b660aa8c4d4ca1de1c4380307bf1 08704f5a8c5048088c1df70c915c0706 - - default default] Successfully bumped revision number for resource d35598af-e1a2-4fb1-801e-4e5ae8c47765 (type: routers) to 1 [pid: 8|app: 0|req: 672/1422] 10.0.0.41 () {34 vars in 667 bytes} [Tue Apr 28 08:40:14 2026] POST /v2.0/routers => generated 628 bytes in 134 msecs (HTTP/1.1 201) 4 headers in 162 bytes (1 switches on core 0)
2026-04-28 08:40:14.384 7 INFO neutron.db.ovn_revision_numbers_db [None req-c8f4e366-27c5-4146-a35d-33e7efd04523 9484efbc45b9421a93dbfbc72591a2e3 3168251623fd41d1a36ef23621ddd66c - - default default] Successfully bumped revision number for resource e82a2301-065d-444c-b454-3b24ff707bf5 (type: security_groups) to 1
2026-04-28 08:40:14.393 8 INFO neutron.api.v2.resource [None req-2d31c36d-b8ed-464b-83cb-b18afa5190e5 42b823765e704d82aede86742b6a7236 6f8c4e0cde0b44f6a33b86f1c4e452f1 - - default default] remove_router_interface failed (client error): The resource could not be found. [pid: 8|app: 0|req: 673/1423] 10.0.0.41 () {34 vars in 787 bytes} [Tue Apr 28 08:40:14 2026] PUT /v2.0/routers/d7553f43-6291-4557-9b0b-07f5052a4431/remove_router_interface => generated 197 bytes in 63 msecs (HTTP/1.1 404) 4 headers in 164 bytes (1 switches on core 0)
2026-04-28 08:40:14.402 7 INFO neutron.db.ovn_revision_numbers_db [None req-c8f4e366-27c5-4146-a35d-33e7efd04523 9484efbc45b9421a93dbfbc72591a2e3 3168251623fd41d1a36ef23621ddd66c - - default default] Successfully bumped revision number for resource d9e099e4-c6de-4500-920f-69c00b8f4a71 (type: security_group_rules) to 0 [pid: 8|app: 0|req: 674/1424] 10.0.0.22 () {34 vars in 988 bytes} [Tue Apr 28 08:40:14 2026] GET /v2.0/ports?device_id=380841d7-42bb-490c-8578-d6f6cd20bf43 => generated 12 bytes in 20 msecs (HTTP/1.1 200) 4 headers in 156 bytes (1 switches on core 0)
2026-04-28 08:40:14.418 7 INFO neutron.db.ovn_revision_numbers_db [None req-c8f4e366-27c5-4146-a35d-33e7efd04523 9484efbc45b9421a93dbfbc72591a2e3 3168251623fd41d1a36ef23621ddd66c - - default default] Successfully bumped revision number for resource f3370c8a-8530-42c8-b810-bfd335140408 (type: security_group_rules) to 0
2026-04-28 08:40:14.431 7 INFO neutron.db.ovn_revision_numbers_db [None req-c8f4e366-27c5-4146-a35d-33e7efd04523 9484efbc45b9421a93dbfbc72591a2e3 3168251623fd41d1a36ef23621ddd66c - - default default] Successfully bumped revision number for resource f52fddc9-46b1-452e-aae4-7d405ba1055e (type: security_group_rules) to 0
2026-04-28 08:40:14.444 7 INFO neutron.db.ovn_revision_numbers_db [None req-c8f4e366-27c5-4146-a35d-33e7efd04523 9484efbc45b9421a93dbfbc72591a2e3 3168251623fd41d1a36ef23621ddd66c - - default default] Successfully bumped revision number for resource ff3e982f-3b70-4f4a-a0c5-ff7f5745026e (type: security_group_rules) to 0
2026-04-28 08:40:14.468 8 WARNING neutron.plugins.ml2.drivers.ovn.mech_driver.ovsdb.ovn_client [None req-27735010-48bd-42d6-ad8a-078b33cde62e - - - - - -] No port found with ID 27ebb171-74c4-46ec-9b2b-6159aa273887: RuntimeError: No port found with ID 27ebb171-74c4-46ec-9b2b-6159aa273887
2026-04-28 08:40:14.521 7 INFO neutron.db.segments_db [None req-c8f4e366-27c5-4146-a35d-33e7efd04523 9484efbc45b9421a93dbfbc72591a2e3 3168251623fd41d1a36ef23621ddd66c - - default default] Added segment acc6e22c-f0a7-4c6c-8b67-2465d696eb7a of type geneve for network 166f5d3e-1176-4fd1-82ce-f94fce7c5798
2026-04-28 08:40:14.607 8 INFO neutron.common.ovn.utils [None req-27735010-48bd-42d6-ad8a-078b33cde62e - - - - - -] HA Chassis Group neutron-b5697dc9-2920-429e-bf44-ebd55b4af800 synchronized; highest priority chassis 874d406b-403d-4ec9-8b29-d8ffa3f4ab37
2026-04-28 08:40:14.628 7 INFO neutron.db.ovn_revision_numbers_db [None req-c8f4e366-27c5-4146-a35d-33e7efd04523 9484efbc45b9421a93dbfbc72591a2e3 3168251623fd41d1a36ef23621ddd66c - - default default] Successfully bumped revision number for resource 166f5d3e-1176-4fd1-82ce-f94fce7c5798 (type: networks) to 1
2026-04-28 08:40:14.680 8 INFO neutron.common.ovn.utils [None req-27735010-48bd-42d6-ad8a-078b33cde62e - - - - - -] HA Chassis Group neutron-b5697dc9-2920-429e-bf44-ebd55b4af800 synchronized; highest priority chassis 874d406b-403d-4ec9-8b29-d8ffa3f4ab37
2026-04-28 08:40:14.700 8 INFO neutron.plugins.ml2.drivers.ovn.mech_driver.mech_driver [None req-27735010-48bd-42d6-ad8a-078b33cde62e - - - - - -] OVN reports status down for port: cc90f452-df72-49ec-9fb0-be40347e50a0
2026-04-28 08:40:14.750 7 INFO neutron.services.segments.plugin [-] Segment d5d4c91f-22e1-4947-adfa-4ea3ad13cb5a resource provider aggregate not found
2026-04-28 08:40:14.755 7 INFO neutron.services.segments.plugin [-] Segment d5d4c91f-22e1-4947-adfa-4ea3ad13cb5a resource provider aggregate not found
2026-04-28 08:40:14.772 7 INFO neutron.services.segments.plugin [-] Segment d5d4c91f-22e1-4947-adfa-4ea3ad13cb5a resource provider not found; error: Placement Client Error (4xx): {"errors": [{"status": 404, "title": "Not Found", "detail": "The resource could not be found.\n\n No resource provider with uuid d5d4c91f-22e1-4947-adfa-4ea3ad13cb5a found for delete ", "request_id": "req-b19801d2-124c-4bec-a9b5-814fbdef21e2"}]}
2026-04-28 08:40:14.777 7 INFO neutron.services.segments.plugin [-] Segment d5d4c91f-22e1-4947-adfa-4ea3ad13cb5a resource provider not found; error: Placement Client Error (4xx): {"errors": [{"status": 404, "title": "Not Found", "detail": "The resource could not be found.\n\n No resource provider with uuid d5d4c91f-22e1-4947-adfa-4ea3ad13cb5a found for delete ", "request_id": "req-9b2043fc-a369-455b-8c05-6fe126215689"}]}
2026-04-28 08:40:14.805 8 INFO neutron.plugins.ml2.drivers.ovn.mech_driver.mech_driver [None req-27735010-48bd-42d6-ad8a-078b33cde62e - - - - - -] OVN reports status down for port: 48804447-840f-4feb-88a2-5435c21bbe2b
2026-04-28 08:40:14.822 7 WARNING neutron.scheduler.dhcp_agent_scheduler [None req-c8f4e366-27c5-4146-a35d-33e7efd04523 9484efbc45b9421a93dbfbc72591a2e3 3168251623fd41d1a36ef23621ddd66c - - default default] No more DHCP agents
2026-04-28 08:40:14.824 7 WARNING neutron.api.rpc.agentnotifiers.dhcp_rpc_agent_api [None req-c8f4e366-27c5-4146-a35d-33e7efd04523 9484efbc45b9421a93dbfbc72591a2e3 3168251623fd41d1a36ef23621ddd66c - - default default] Unable to schedule network 166f5d3e-1176-4fd1-82ce-f94fce7c5798: no agents available; will retry on subsequent port and subnet creation events.
2026-04-28 08:40:14.897 7 INFO neutron.db.ovn_revision_numbers_db [None req-c8f4e366-27c5-4146-a35d-33e7efd04523 9484efbc45b9421a93dbfbc72591a2e3 3168251623fd41d1a36ef23621ddd66c - - default default] Successfully bumped revision number for resource fb64997d-468d-46e9-85af-caf65035ac58 (type: ports) to 1 [pid: 7|app: 0|req: 751/1425] 10.0.0.41 () {34 vars in 669 bytes} [Tue Apr 28 08:40:14 2026] POST /v2.0/networks => generated 782 bytes in 855 msecs (HTTP/1.1 201) 4 headers in 162 bytes (1 switches on core 0)
2026-04-28 08:40:14.938 8 INFO neutron.plugins.ml2.drivers.ovn.mech_driver.mech_driver [None req-27735010-48bd-42d6-ad8a-078b33cde62e - - - - - -] OVN reports status down for port: fb64997d-468d-46e9-85af-caf65035ac58 [pid: 7|app: 0|req: 752/1426] 10.0.0.41 () {32 vars in 734 bytes} [Tue Apr 28 08:40:14 2026] GET /v2.0/ports?device_id=d7553f43-6291-4557-9b0b-07f5052a4431 => generated 12 bytes in 26 msecs (HTTP/1.1 200) 4 headers in 156 bytes (1 switches on core 0)
2026-04-28 08:40:14.973 8 WARNING neutron.scheduler.dhcp_agent_scheduler [None req-d4b90f48-7364-414e-96ea-b92e18414163 bcc9b660aa8c4d4ca1de1c4380307bf1 08704f5a8c5048088c1df70c915c0706 - - default default] No more DHCP agents
2026-04-28 08:40:14.977 8 WARNING neutron.api.rpc.agentnotifiers.dhcp_rpc_agent_api [None req-d4b90f48-7364-414e-96ea-b92e18414163 bcc9b660aa8c4d4ca1de1c4380307bf1 08704f5a8c5048088c1df70c915c0706 - - default default] Unable to schedule network fb5382ae-4f38-4b8d-9a29-ad39f1e6d295: no agents available; will retry on subsequent port and subnet creation events.
2026-04-28 08:40:15.121 7 WARNING neutron.scheduler.dhcp_agent_scheduler [None req-73100eb2-e87a-4cd2-828e-383b790cafd0 9484efbc45b9421a93dbfbc72591a2e3 3168251623fd41d1a36ef23621ddd66c - - default default] No more DHCP agents
2026-04-28 08:40:15.125 7 WARNING neutron.api.rpc.agentnotifiers.dhcp_rpc_agent_api [None req-73100eb2-e87a-4cd2-828e-383b790cafd0 9484efbc45b9421a93dbfbc72591a2e3 3168251623fd41d1a36ef23621ddd66c - - default default] Unable to schedule network 166f5d3e-1176-4fd1-82ce-f94fce7c5798: no agents available; will retry on subsequent port and subnet creation events.
2026-04-28 08:40:15.128 8 INFO neutron.db.ovn_revision_numbers_db [None req-d4b90f48-7364-414e-96ea-b92e18414163 bcc9b660aa8c4d4ca1de1c4380307bf1 08704f5a8c5048088c1df70c915c0706 - - default default] Successfully bumped revision number for resource 786af33d-62e0-4e89-b860-f31b3592860f (type: ports) to 1 [pid: 8|app: 0|req: 675/1427] 10.0.0.41 () {34 vars in 663 bytes} [Tue Apr 28 08:40:14 2026] POST /v2.0/ports => generated 963 bytes in 779 msecs (HTTP/1.1 201) 4 headers in 162 bytes (1 switches on core 0) /var/lib/openstack/lib/python3.12/site-packages/pycadf/identifier.py:70: UserWarning: Invalid uuid: neutron. To ensure interoperability, identifiers should be a valid uuid. warnings.warn(('Invalid uuid: %s. To ensure interoperability, ' [pid: 8|app: 0|req: 676/1428] 10.0.0.41 () {32 vars in 722 bytes} [Tue Apr 28 08:40:15 2026] DELETE /v2.0/routers/d7553f43-6291-4557-9b0b-07f5052a4431 => generated 0 bytes in 207 msecs (HTTP/1.1 204) 2 headers in 112 bytes (1 switches on core 0)
2026-04-28 08:40:15.647 7 WARNING neutron.plugins.ml2.drivers.ovn.mech_driver.ovsdb.ovn_client [None req-88d898b2-611c-4c68-b73a-ffce6f77e476 - - - - - -] No hosting information found for port 54dc6718-3e35-413a-885d-ab8206818854: RuntimeError: No hosting information found for port 54dc6718-3e35-413a-885d-ab8206818854
2026-04-28 08:40:15.680 7 INFO neutron.db.ovn_revision_numbers_db [None req-73100eb2-e87a-4cd2-828e-383b790cafd0 9484efbc45b9421a93dbfbc72591a2e3 3168251623fd41d1a36ef23621ddd66c - - default default] Successfully bumped revision number for resource fb64997d-468d-46e9-85af-caf65035ac58 (type: ports) to 2
2026-04-28 08:40:15.769 7 INFO neutron.db.ovn_revision_numbers_db [None req-73100eb2-e87a-4cd2-828e-383b790cafd0 9484efbc45b9421a93dbfbc72591a2e3 3168251623fd41d1a36ef23621ddd66c - - default default] Successfully bumped revision number for resource 214f1db1-c4a6-4593-8618-8a349980a957 (type: subnets) to 0
2026-04-28 08:40:15.791 7 INFO neutron.db.ovn_revision_numbers_db [None req-88d898b2-611c-4c68-b73a-ffce6f77e476 - - - - - -] Successfully bumped revision number for resource 54dc6718-3e35-413a-885d-ab8206818854 (type: router_ports) to 2 [pid: 7|app: 0|req: 753/1429] 10.0.0.41 () {34 vars in 667 bytes} [Tue Apr 28 08:40:14 2026] POST /v2.0/subnets => generated 688 bytes in 847 msecs (HTTP/1.1 201) 4 headers in 162 bytes (1 switches on core 0)
2026-04-28 08:40:15.896 7 INFO neutron.plugins.ml2.drivers.ovn.mech_driver.mech_driver [None req-88d898b2-611c-4c68-b73a-ffce6f77e476 - - - - - -] OVN reports status down for port: 780d6af7-9b1f-4047-b493-c44c17075595
2026-04-28 08:40:15.929 7 INFO neutron.plugins.ml2.drivers.ovn.mech_driver.mech_driver [None req-88d898b2-611c-4c68-b73a-ffce6f77e476 - - - - - -] OVN reports status up for port: 780d6af7-9b1f-4047-b493-c44c17075595
2026-04-28 08:40:16.027 7 INFO neutron.plugins.ml2.drivers.ovn.mech_driver.mech_driver [None req-88d898b2-611c-4c68-b73a-ffce6f77e476 - - - - - -] OVN reports status down for port: 786af33d-62e0-4e89-b860-f31b3592860f
2026-04-28 08:40:16.035 8 INFO neutron.db.ovn_revision_numbers_db [None req-2621478b-2120-4943-9511-5f8353bd8a97 bcc9b660aa8c4d4ca1de1c4380307bf1 08704f5a8c5048088c1df70c915c0706 - - default default] Successfully bumped revision number for resource 786af33d-62e0-4e89-b860-f31b3592860f (type: ports) to 2
2026-04-28 08:40:16.143 7 WARNING neutron.plugins.ml2.drivers.ovn.mech_driver.ovsdb.ovn_client [None req-88d898b2-611c-4c68-b73a-ffce6f77e476 - - - - - -] Logical_Switch_Port 786af33d-62e0-4e89-b860-f31b3592860f host information not removed, the port state is up
2026-04-28 08:40:16.144 7 INFO neutron.plugins.ml2.drivers.ovn.mech_driver.mech_driver [None req-88d898b2-611c-4c68-b73a-ffce6f77e476 - - - - - -] OVN reports status up for port: 786af33d-62e0-4e89-b860-f31b3592860f [pid: 7|app: 0|req: 754/1430] 10.0.0.41 () {32 vars in 722 bytes} [Tue Apr 28 08:40:15 2026] DELETE /v2.0/subnets/4a99cad3-1e5f-4472-9c64-1abe80516686 => generated 0 bytes in 363 msecs (HTTP/1.1 204) 3 headers in 131 bytes (1 switches on core 0)
2026-04-28 08:40:16.173 7 INFO neutron.plugins.ml2.plugin [None req-88d898b2-611c-4c68-b73a-ffce6f77e476 - - - - - -] Attempt 1 to provision port 786af33d-62e0-4e89-b860-f31b3592860f [pid: 7|app: 0|req: 755/1431] 10.0.0.22 () {34 vars in 988 bytes} [Tue Apr 28 08:40:16 2026] GET /v2.0/ports?device_id=380841d7-42bb-490c-8578-d6f6cd20bf43 => generated 12 bytes in 36 msecs (HTTP/1.1 200) 4 headers in 156 bytes (1 switches on core 0)
2026-04-28 08:40:16.687 8 WARNING neutron.scheduler.dhcp_agent_scheduler [None req-2621478b-2120-4943-9511-5f8353bd8a97 bcc9b660aa8c4d4ca1de1c4380307bf1 08704f5a8c5048088c1df70c915c0706 - - default default] No more DHCP agents
2026-04-28 08:40:16.689 8 WARNING neutron.api.rpc.agentnotifiers.dhcp_rpc_agent_api [None req-2621478b-2120-4943-9511-5f8353bd8a97 bcc9b660aa8c4d4ca1de1c4380307bf1 08704f5a8c5048088c1df70c915c0706 - - default default] Unable to schedule network fb5382ae-4f38-4b8d-9a29-ad39f1e6d295: no agents available; will retry on subsequent port and subnet creation events.
2026-04-28 08:40:16.894 8 INFO neutron.db.ovn_revision_numbers_db [None req-2621478b-2120-4943-9511-5f8353bd8a97 bcc9b660aa8c4d4ca1de1c4380307bf1 08704f5a8c5048088c1df70c915c0706 - - default default] Successfully bumped revision number for resource 786af33d-62e0-4e89-b860-f31b3592860f (type: router_ports) to 3 [pid: 8|app: 0|req: 677/1432] 10.0.0.41 () {34 vars in 781 bytes} [Tue Apr 28 08:40:15 2026] PUT /v2.0/routers/d35598af-e1a2-4fb1-801e-4e5ae8c47765/add_router_interface => generated 310 bytes in 1498 msecs (HTTP/1.1 200) 4 headers in 157 bytes (1 switches on core 0) /var/lib/openstack/lib/python3.12/site-packages/pycadf/identifier.py:70: UserWarning: Invalid uuid: neutron. To ensure interoperability, identifiers should be a valid uuid. warnings.warn(('Invalid uuid: %s. To ensure interoperability, '
2026-04-28 08:40:17.029 7 WARNING neutron.scheduler.dhcp_agent_scheduler [None req-de09c681-3542-4890-bebb-a0c19ac06a53 9484efbc45b9421a93dbfbc72591a2e3 3168251623fd41d1a36ef23621ddd66c - - default default] No more DHCP agents
2026-04-28 08:40:17.033 7 WARNING neutron.api.rpc.agentnotifiers.dhcp_rpc_agent_api [None req-de09c681-3542-4890-bebb-a0c19ac06a53 9484efbc45b9421a93dbfbc72591a2e3 3168251623fd41d1a36ef23621ddd66c - - default default] Unable to schedule network fe1de6f7-0008-497f-b076-96e6ca5f5109: no agents available; will retry on subsequent port and subnet creation events.
2026-04-28 08:40:17.056 8 INFO neutron_taas.services.taas.taas_plugin [None req-c933615f-d878-40c6-af07-2e7e9721b644 42b823765e704d82aede86742b6a7236 6f8c4e0cde0b44f6a33b86f1c4e452f1 - - default default] TaaS: Handle Delete Port: cc90f452-df72-49ec-9fb0-be40347e50a0
2026-04-28 08:40:17.059 8 INFO neutron_taas.services.taas.tap_mirror_plugin [None req-c933615f-d878-40c6-af07-2e7e9721b644 42b823765e704d82aede86742b6a7236 6f8c4e0cde0b44f6a33b86f1c4e452f1 - - default default] Tap Mirror: Handle Delete Port: cc90f452-df72-49ec-9fb0-be40347e50a0
2026-04-28 08:40:17.115 7 INFO neutron.db.ovn_revision_numbers_db [None req-88d898b2-611c-4c68-b73a-ffce6f77e476 - - - - - -] Successfully bumped revision number for resource 786af33d-62e0-4e89-b860-f31b3592860f (type: ports) to 3
2026-04-28 08:40:17.235 8 INFO neutron.services.segments.plugin [-] Segment 1a8bbe05-40d5-4e0e-b5b7-771192a254b4 resource provider aggregate not found
2026-04-28 08:40:17.236 8 INFO neutron.services.segments.plugin [-] Segment 1a8bbe05-40d5-4e0e-b5b7-771192a254b4 resource provider aggregate not found
2026-04-28 08:40:17.272 8 INFO neutron.services.segments.plugin [-] Segment 1a8bbe05-40d5-4e0e-b5b7-771192a254b4 resource provider not found; error: Placement Client Error (4xx): {"errors": [{"status": 404, "title": "Not Found", "detail": "The resource could not be found.\n\n No resource provider with uuid 1a8bbe05-40d5-4e0e-b5b7-771192a254b4 found for delete ", "request_id": "req-3541d49e-35d8-490f-aa11-17d0f712ec19"}]}
2026-04-28 08:40:17.294 8 INFO neutron.plugins.ml2.drivers.ovn.mech_driver.mech_driver [None req-27735010-48bd-42d6-ad8a-078b33cde62e - - - - - -] OVN reports status down for port: e0cffb28-4d3f-4153-a363-bf78291d87c4
2026-04-28 08:40:17.296 8 INFO neutron.services.segments.plugin [-] Segment 1a8bbe05-40d5-4e0e-b5b7-771192a254b4 resource provider not found; error: Placement Client Error (4xx): {"errors": [{"status": 404, "title": "Not Found", "detail": "The resource could not be found.\n\n No resource provider with uuid 1a8bbe05-40d5-4e0e-b5b7-771192a254b4 found for delete ", "request_id": "req-0f7aa3fb-1a2d-4129-b002-6b462a2bf2d2"}]}
2026-04-28 08:40:17.315 7 INFO neutron.db.ovn_revision_numbers_db [None req-de09c681-3542-4890-bebb-a0c19ac06a53 9484efbc45b9421a93dbfbc72591a2e3 3168251623fd41d1a36ef23621ddd66c - - default default] Successfully bumped revision number for resource e0cffb28-4d3f-4153-a363-bf78291d87c4 (type: ports) to 1 [pid: 8|app: 0|req: 678/1433] 10.0.0.41 () {32 vars in 724 bytes} [Tue Apr 28 08:40:16 2026] DELETE /v2.0/networks/dbdf8184-f940-4be1-8ebf-3ac0228513ac => generated 0 bytes in 463 msecs (HTTP/1.1 204) 3 headers in 131 bytes (1 switches on core 0) [pid: 8|app: 0|req: 679/1434] 10.0.0.41 () {32 vars in 715 bytes} [Tue Apr 28 08:40:17 2026] GET /v2.0/ports/786af33d-62e0-4e89-b860-f31b3592860f => generated 1025 bytes in 80 msecs (HTTP/1.1 200) 4 headers in 158 bytes (1 switches on core 0) [pid: 8|app: 0|req: 680/1435] 10.0.0.22 () {34 vars in 988 bytes} [Tue Apr 28 08:40:17 2026] GET /v2.0/ports?device_id=380841d7-42bb-490c-8578-d6f6cd20bf43 => generated 12 bytes in 24 msecs (HTTP/1.1 200) 4 headers in 156 bytes (1 switches on core 0)
2026-04-28 08:40:17.565 8 INFO neutron.db.segments_db [None req-62f72c20-107f-4cf1-b205-6af980b03062 42b823765e704d82aede86742b6a7236 6f8c4e0cde0b44f6a33b86f1c4e452f1 - - default default] Added segment c191145b-3c38-42b2-8ee8-8d508cdebae4 of type geneve for network bdfbdc93-6c7f-42a7-9fea-9a93d47df2ea
2026-04-28 08:40:17.693 8 INFO neutron.db.ovn_revision_numbers_db [None req-62f72c20-107f-4cf1-b205-6af980b03062 42b823765e704d82aede86742b6a7236 6f8c4e0cde0b44f6a33b86f1c4e452f1 - - default default] Successfully bumped revision number for resource bdfbdc93-6c7f-42a7-9fea-9a93d47df2ea (type: networks) to 1
2026-04-28 08:40:17.872 8 WARNING neutron.scheduler.dhcp_agent_scheduler [None req-62f72c20-107f-4cf1-b205-6af980b03062 42b823765e704d82aede86742b6a7236 6f8c4e0cde0b44f6a33b86f1c4e452f1 - - default default] No more DHCP agents
2026-04-28 08:40:17.873 8 WARNING neutron.api.rpc.agentnotifiers.dhcp_rpc_agent_api [None req-62f72c20-107f-4cf1-b205-6af980b03062 42b823765e704d82aede86742b6a7236 6f8c4e0cde0b44f6a33b86f1c4e452f1 - - default default] Unable to schedule network bdfbdc93-6c7f-42a7-9fea-9a93d47df2ea: no agents available; will retry on subsequent port and subnet creation events.
2026-04-28 08:40:17.923 8 INFO neutron.plugins.ml2.drivers.ovn.mech_driver.mech_driver [None req-27735010-48bd-42d6-ad8a-078b33cde62e - - - - - -] OVN reports status down for port: 6f365a8b-8056-416b-a82b-f06e9881d3e5
2026-04-28 08:40:17.988 8 INFO neutron.db.ovn_revision_numbers_db [None req-62f72c20-107f-4cf1-b205-6af980b03062 42b823765e704d82aede86742b6a7236 6f8c4e0cde0b44f6a33b86f1c4e452f1 - - default default] Successfully bumped revision number for resource 6f365a8b-8056-416b-a82b-f06e9881d3e5 (type: ports) to 1
2026-04-28 08:40:18.047 7 INFO neutron.plugins.ml2.drivers.ovn.mech_driver.ovsdb.ovsdb_monitor [None req-4a4c2b36-4aab-45ca-975c-12b4de95ec13 - - - - - -] Router 59ee9310-b361-4b65-a098-e8fa52c9391d is bound to host instance [pid: 8|app: 0|req: 681/1436] 10.0.0.41 () {34 vars in 668 bytes} [Tue Apr 28 08:40:17 2026] POST /v2.0/networks => generated 666 bytes in 604 msecs (HTTP/1.1 201) 4 headers in 162 bytes (1 switches on core 0)
2026-04-28 08:40:18.084 7 INFO neutron.db.ovn_revision_numbers_db [None req-de09c681-3542-4890-bebb-a0c19ac06a53 9484efbc45b9421a93dbfbc72591a2e3 3168251623fd41d1a36ef23621ddd66c - - default default] Successfully bumped revision number for resource e0cffb28-4d3f-4153-a363-bf78291d87c4 (type: router_ports) to 1
2026-04-28 08:40:18.110 8 INFO neutron.plugins.ml2.drivers.ovn.mech_driver.mech_driver [None req-27735010-48bd-42d6-ad8a-078b33cde62e - - - - - -] OVN reports status up for port: e0cffb28-4d3f-4153-a363-bf78291d87c4
2026-04-28 08:40:18.149 8 INFO neutron.plugins.ml2.plugin [None req-27735010-48bd-42d6-ad8a-078b33cde62e - - - - - -] Attempt 1 to provision port e0cffb28-4d3f-4153-a363-bf78291d87c4
2026-04-28 08:40:18.214 7 INFO neutron.db.ovn_revision_numbers_db [None req-de09c681-3542-4890-bebb-a0c19ac06a53 9484efbc45b9421a93dbfbc72591a2e3 3168251623fd41d1a36ef23621ddd66c - - default default] Successfully bumped revision number for resource 59ee9310-b361-4b65-a098-e8fa52c9391d (type: routers) to 2 [pid: 7|app: 0|req: 756/1437] 10.0.0.41 () {34 vars in 667 bytes} [Tue Apr 28 08:40:16 2026] POST /v2.0/routers => generated 987 bytes in 2049 msecs (HTTP/1.1 201) 4 headers in 162 bytes (1 switches on core 0) /var/lib/openstack/lib/python3.12/site-packages/pycadf/identifier.py:70: UserWarning: Invalid uuid: neutron. To ensure interoperability, identifiers should be a valid uuid. warnings.warn(('Invalid uuid: %s. To ensure interoperability, '
2026-04-28 08:40:18.485 8 INFO neutron_taas.services.taas.taas_plugin [None req-dfc94ea6-02d6-45a8-b92a-8c5f20630065 bcc9b660aa8c4d4ca1de1c4380307bf1 08704f5a8c5048088c1df70c915c0706 - - default default] TaaS: Handle Delete Port: 786af33d-62e0-4e89-b860-f31b3592860f
2026-04-28 08:40:18.490 8 INFO neutron_taas.services.taas.tap_mirror_plugin [None req-dfc94ea6-02d6-45a8-b92a-8c5f20630065 bcc9b660aa8c4d4ca1de1c4380307bf1 08704f5a8c5048088c1df70c915c0706 - - default default] Tap Mirror: Handle Delete Port: 786af33d-62e0-4e89-b860-f31b3592860f
2026-04-28 08:40:18.737 7 WARNING neutron.scheduler.dhcp_agent_scheduler [None req-fc11fc6a-fbe7-4f0b-aa1b-9a3f54db1779 42b823765e704d82aede86742b6a7236 6f8c4e0cde0b44f6a33b86f1c4e452f1 - - default default] No more DHCP agents
2026-04-28 08:40:18.742 7 WARNING neutron.api.rpc.agentnotifiers.dhcp_rpc_agent_api [None req-fc11fc6a-fbe7-4f0b-aa1b-9a3f54db1779 42b823765e704d82aede86742b6a7236 6f8c4e0cde0b44f6a33b86f1c4e452f1 - - default default] Unable to schedule network bdfbdc93-6c7f-42a7-9fea-9a93d47df2ea: no agents available; will retry on subsequent port and subnet creation events. [pid: 8|app: 0|req: 682/1438] 10.0.0.41 () {34 vars in 787 bytes} [Tue Apr 28 08:40:18 2026] PUT /v2.0/routers/d35598af-e1a2-4fb1-801e-4e5ae8c47765/remove_router_interface => generated 310 bytes in 735 msecs (HTTP/1.1 200) 4 headers in 157 bytes (1 switches on core 0) /var/lib/openstack/lib/python3.12/site-packages/pycadf/identifier.py:70: UserWarning: Invalid uuid: neutron. To ensure interoperability, identifiers should be a valid uuid. warnings.warn(('Invalid uuid: %s. To ensure interoperability, '
2026-04-28 08:40:19.285 8 WARNING neutron.scheduler.dhcp_agent_scheduler [None req-2190e063-cd71-42c3-95ba-e318b9552cad 9484efbc45b9421a93dbfbc72591a2e3 3168251623fd41d1a36ef23621ddd66c - - default default] No more DHCP agents
2026-04-28 08:40:19.287 8 WARNING neutron.api.rpc.agentnotifiers.dhcp_rpc_agent_api [None req-2190e063-cd71-42c3-95ba-e318b9552cad 9484efbc45b9421a93dbfbc72591a2e3 3168251623fd41d1a36ef23621ddd66c - - default default] Unable to schedule network 166f5d3e-1176-4fd1-82ce-f94fce7c5798: no agents available; will retry on subsequent port and subnet creation events.
2026-04-28 08:40:19.423 8 INFO neutron.db.ovn_revision_numbers_db [None req-2190e063-cd71-42c3-95ba-e318b9552cad 9484efbc45b9421a93dbfbc72591a2e3 3168251623fd41d1a36ef23621ddd66c - - default default] Successfully bumped revision number for resource 9bb9e4a6-cdcd-4d9b-9347-0920ba739da4 (type: ports) to 1
2026-04-28 08:40:19.628 7 INFO neutron.db.ovn_revision_numbers_db [None req-fc11fc6a-fbe7-4f0b-aa1b-9a3f54db1779 42b823765e704d82aede86742b6a7236 6f8c4e0cde0b44f6a33b86f1c4e452f1 - - default default] Successfully bumped revision number for resource 6f365a8b-8056-416b-a82b-f06e9881d3e5 (type: ports) to 2
2026-04-28 08:40:19.709 7 INFO neutron.db.ovn_revision_numbers_db [None req-fc11fc6a-fbe7-4f0b-aa1b-9a3f54db1779 42b823765e704d82aede86742b6a7236 6f8c4e0cde0b44f6a33b86f1c4e452f1 - - default default] Successfully bumped revision number for resource 4e6ea90b-e26f-4cca-a2d2-cde19ec714c1 (type: subnets) to 0
2026-04-28 08:40:19.713 7 INFO neutron.db.ovn_revision_numbers_db [None req-27528a75-5e14-40ca-b9d8-3f20f9e43167 - - - - - -] Successfully bumped revision number for resource e0cffb28-4d3f-4153-a363-bf78291d87c4 (type: ports) to 4 [pid: 7|app: 0|req: 757/1439] 10.0.0.41 () {34 vars in 667 bytes} [Tue Apr 28 08:40:18 2026] POST /v2.0/subnets => generated 626 bytes in 1489 msecs (HTTP/1.1 201) 4 headers in 162 bytes (1 switches on core 0) [pid: 7|app: 0|req: 758/1440] 199.19.213.180 () {34 vars in 985 bytes} [Tue Apr 28 08:40:19 2026] GET /v2.0/networks?id=b5697dc9-2920-429e-bf44-ebd55b4af800 => generated 718 bytes in 118 msecs (HTTP/1.1 200) 4 headers in 157 bytes (1 switches on core 0) [pid: 7|app: 0|req: 759/1441] 10.0.0.22 () {34 vars in 988 bytes} [Tue Apr 28 08:40:19 2026] GET /v2.0/ports?device_id=380841d7-42bb-490c-8578-d6f6cd20bf43 => generated 12 bytes in 37 msecs (HTTP/1.1 200) 4 headers in 156 bytes (1 switches on core 0)
2026-04-28 08:40:20.027 7 INFO neutron.api.v2.resource [None req-c547c982-ddd3-4202-80e4-ec771cd87706 bcc9b660aa8c4d4ca1de1c4380307bf1 08704f5a8c5048088c1df70c915c0706 - - default default] remove_router_interface failed (client error): The resource could not be found. [pid: 7|app: 0|req: 760/1442] 10.0.0.41 () {34 vars in 787 bytes} [Tue Apr 28 08:40:19 2026] PUT /v2.0/routers/d35598af-e1a2-4fb1-801e-4e5ae8c47765/remove_router_interface => generated 197 bytes in 137 msecs (HTTP/1.1 404) 4 headers in 164 bytes (1 switches on core 0)
