2026-04-28 08:42:38.088 8 INFO neutron.db.ovn_revision_numbers_db [None req-e3c78057-9aea-463d-b7a6-b4c41057a34d 8f1a422232e24e209dd3304d8ade4ecc 93e2a32f59024784bc3b9280daf72e32 - - default default] Successfully bumped revision number for resource b32d1a5d-847e-472f-a139-50fd8e0c4a41 (type: ports) to 1 [pid: 8|app: 0|req: 1192/2387] 10.0.0.41 () {34 vars in 668 bytes} [Tue Apr 28 08:42:37 2026] POST /v2.0/networks => generated 674 bytes in 568 msecs (HTTP/1.1 201) 4 headers in 162 bytes (1 switches on core 0)
2026-04-28 08:42:38.248 8 INFO neutron_taas.services.taas.taas_plugin [None req-b5c9e550-d9d7-4098-bb50-dc31342778c8 4c8f709678204aff94cc6656d93aeed9 a39dfce8069a461385f0d57b2ba59922 - - default default] TaaS: Handle Delete Port: 15f18e41-e637-41b0-8ee5-1be40d1eeb29
2026-04-28 08:42:38.254 8 INFO neutron_taas.services.taas.tap_mirror_plugin [None req-b5c9e550-d9d7-4098-bb50-dc31342778c8 4c8f709678204aff94cc6656d93aeed9 a39dfce8069a461385f0d57b2ba59922 - - default default] Tap Mirror: Handle Delete Port: 15f18e41-e637-41b0-8ee5-1be40d1eeb29
2026-04-28 08:42:38.485 8 WARNING neutron.plugins.ml2.drivers.ovn.mech_driver.ovsdb.ovn_client [None req-4d05a8f2-5793-4710-9d91-6bec1fd57ad6 - - - - - -] No hosting information found for port 9a6e04c6-c75c-42fe-8d3e-dd83015412b2: RuntimeError: No hosting information found for port 9a6e04c6-c75c-42fe-8d3e-dd83015412b2
2026-04-28 08:42:38.485 8 INFO neutron.plugins.ml2.drivers.ovn.mech_driver.mech_driver [None req-4d05a8f2-5793-4710-9d91-6bec1fd57ad6 - - - - - -] OVN reports status down for port: 5074b5b5-e162-4aad-8d01-7abac9a576cc [pid: 8|app: 0|req: 1193/2388] 10.0.0.41 () {32 vars in 724 bytes} [Tue Apr 28 08:42:38 2026] DELETE /v2.0/networks/f5b1a3e0-df5b-4953-ae80-a6d3bcff25e6 => generated 0 bytes in 401 msecs (HTTP/1.1 204) 3 headers in 131 bytes (1 switches on core 0)
2026-04-28 08:42:38.589 8 WARNING neutron.plugins.ml2.drivers.ovn.mech_driver.ovsdb.ovn_client [None req-4d05a8f2-5793-4710-9d91-6bec1fd57ad6 - - - - - -] Logical_Switch_Port 5074b5b5-e162-4aad-8d01-7abac9a576cc host information not removed, the port state is up
2026-04-28 08:42:38.589 8 INFO neutron.plugins.ml2.drivers.ovn.mech_driver.mech_driver [None req-4d05a8f2-5793-4710-9d91-6bec1fd57ad6 - - - - - -] OVN reports status up for port: 5074b5b5-e162-4aad-8d01-7abac9a576cc
2026-04-28 08:42:38.606 8 INFO neutron.plugins.ml2.plugin [None req-4d05a8f2-5793-4710-9d91-6bec1fd57ad6 - - - - - -] Attempt 1 to provision port 5074b5b5-e162-4aad-8d01-7abac9a576cc
2026-04-28 08:42:38.704 7 WARNING neutron.scheduler.dhcp_agent_scheduler [None req-38ea0176-173e-442e-be0b-97c20369e6d7 - - - - - -] No more DHCP agents
2026-04-28 08:42:38.705 7 WARNING neutron.api.rpc.agentnotifiers.dhcp_rpc_agent_api [None req-38ea0176-173e-442e-be0b-97c20369e6d7 - - - - - -] Unable to schedule network b97c974b-6e87-41b5-b832-74cfa6cdd2c4: no agents available; will retry on subsequent port and subnet creation events.
2026-04-28 08:42:38.893 8 WARNING neutron.scheduler.dhcp_agent_scheduler [None req-b9311db2-0385-47b0-b490-b276540b0493 8f1a422232e24e209dd3304d8ade4ecc 93e2a32f59024784bc3b9280daf72e32 - - default default] No more DHCP agents
2026-04-28 08:42:38.895 8 WARNING neutron.api.rpc.agentnotifiers.dhcp_rpc_agent_api [None req-b9311db2-0385-47b0-b490-b276540b0493 8f1a422232e24e209dd3304d8ade4ecc 93e2a32f59024784bc3b9280daf72e32 - - default default] Unable to schedule network d0f3b9fd-8c18-4ea6-b95b-fabb1a3e34f8: no agents available; will retry on subsequent port and subnet creation events.
2026-04-28 08:42:38.951 8 INFO neutron.db.ovn_revision_numbers_db [None req-b9311db2-0385-47b0-b490-b276540b0493 8f1a422232e24e209dd3304d8ade4ecc 93e2a32f59024784bc3b9280daf72e32 - - default default] Successfully bumped revision number for resource 8a7d868d-4961-41b1-bf5a-b7b5640cc4cc (type: subnets) to 0 [pid: 8|app: 0|req: 1194/2389] 10.0.0.41 () {34 vars in 667 bytes} [Tue Apr 28 08:42:38 2026] POST /v2.0/subnets => generated 646 bytes in 460 msecs (HTTP/1.1 201) 4 headers in 162 bytes (1 switches on core 0)
2026-04-28 08:42:39.223 7 INFO neutron.db.ovn_revision_numbers_db [None req-38ea0176-173e-442e-be0b-97c20369e6d7 - - - - - -] Successfully bumped revision number for resource c071e7d9-0d18-4569-84a3-56ea5897c9d7 (type: router_ports) to 1
2026-04-28 08:42:39.234 7 INFO neutron.common.ovn.utils [None req-26db60fa-aca8-483b-979e-6f55d1bf4838 - - - - - -] HA Chassis Group neutron-b97c974b-6e87-41b5-b832-74cfa6cdd2c4 synchronized; highest priority chassis 874d406b-403d-4ec9-8b29-d8ffa3f4ab37
2026-04-28 08:42:39.332 8 INFO neutron_taas.services.taas.taas_plugin [None req-b9e5abff-27bc-4bdc-8972-762535013450 4c8f709678204aff94cc6656d93aeed9 a39dfce8069a461385f0d57b2ba59922 - - default default] TaaS: Handle Delete Port: 98ca94e2-36ae-469a-a359-c78f29b754f6
2026-04-28 08:42:39.340 8 INFO neutron_taas.services.taas.tap_mirror_plugin [None req-b9e5abff-27bc-4bdc-8972-762535013450 4c8f709678204aff94cc6656d93aeed9 a39dfce8069a461385f0d57b2ba59922 - - default default] Tap Mirror: Handle Delete Port: 98ca94e2-36ae-469a-a359-c78f29b754f6
2026-04-28 08:42:39.480 8 INFO neutron.services.segments.plugin [-] Segment cd0487d5-b914-45f3-9667-c6b904b70cb0 resource provider aggregate not found
2026-04-28 08:42:39.503 8 INFO neutron.services.segments.plugin [-] Segment cd0487d5-b914-45f3-9667-c6b904b70cb0 resource provider not found; error: Placement Client Error (4xx): {"errors": [{"status": 404, "title": "Not Found", "detail": "The resource could not be found.\n\n No resource provider with uuid cd0487d5-b914-45f3-9667-c6b904b70cb0 found for delete ", "request_id": "req-6c3f84b1-4e3f-484e-bb90-8b064170aff6"}]}
2026-04-28 08:42:39.505 8 INFO neutron.services.segments.plugin [-] Segment cd0487d5-b914-45f3-9667-c6b904b70cb0 resource provider aggregate not found
2026-04-28 08:42:39.514 7 WARNING neutron.scheduler.dhcp_agent_scheduler [None req-38ea0176-173e-442e-be0b-97c20369e6d7 - - - - - -] No more DHCP agents
2026-04-28 08:42:39.517 7 WARNING neutron.api.rpc.agentnotifiers.dhcp_rpc_agent_api [None req-38ea0176-173e-442e-be0b-97c20369e6d7 - - - - - -] Unable to schedule network b97c974b-6e87-41b5-b832-74cfa6cdd2c4: no agents available; will retry on subsequent port and subnet creation events.
2026-04-28 08:42:39.524 8 INFO neutron.services.segments.plugin [-] Segment cd0487d5-b914-45f3-9667-c6b904b70cb0 resource provider not found; error: Placement Client Error (4xx): {"errors": [{"status": 404, "title": "Not Found", "detail": "The resource could not be found.\n\n No resource provider with uuid cd0487d5-b914-45f3-9667-c6b904b70cb0 found for delete ", "request_id": "req-3d10bc23-a37c-4934-bc00-100ff1cbfd83"}]}
2026-04-28 08:42:39.569 8 INFO neutron.db.ovn_revision_numbers_db [None req-4d05a8f2-5793-4710-9d91-6bec1fd57ad6 - - - - - -] Successfully bumped revision number for resource 5074b5b5-e162-4aad-8d01-7abac9a576cc (type: ports) to 2
2026-04-28 08:42:39.760 7 INFO neutron.plugins.ml2.drivers.ovn.mech_driver.mech_driver [None req-26db60fa-aca8-483b-979e-6f55d1bf4838 - - - - - -] OVN reports status down for port: b1c7e89a-2939-4dd1-aced-8515291b4ab3
2026-04-28 08:42:39.814 7 INFO neutron.db.ovn_revision_numbers_db [None req-38ea0176-173e-442e-be0b-97c20369e6d7 - - - - - -] Successfully bumped revision number for resource b1c7e89a-2939-4dd1-aced-8515291b4ab3 (type: ports) to 1 [pid: 8|app: 0|req: 1195/2390] 10.0.0.41 () {32 vars in 724 bytes} [Tue Apr 28 08:42:38 2026] DELETE /v2.0/networks/91366718-d420-4263-83dd-9db220f535d4 => generated 0 bytes in 909 msecs (HTTP/1.1 204) 3 headers in 131 bytes (1 switches on core 0)
2026-04-28 08:42:40.111 7 INFO neutron.db.ovn_revision_numbers_db [None req-38ea0176-173e-442e-be0b-97c20369e6d7 - - - - - -] Successfully bumped revision number for resource b1c7e89a-2939-4dd1-aced-8515291b4ab3 (type: ports) to 3
2026-04-28 08:42:40.152 8 WARNING neutron.scheduler.dhcp_agent_scheduler [None req-c2965dbb-48e9-4206-94dd-41f98f518209 8f1a422232e24e209dd3304d8ade4ecc 93e2a32f59024784bc3b9280daf72e32 - - default default] No more DHCP agents
2026-04-28 08:42:40.154 8 WARNING neutron.api.rpc.agentnotifiers.dhcp_rpc_agent_api [None req-c2965dbb-48e9-4206-94dd-41f98f518209 8f1a422232e24e209dd3304d8ade4ecc 93e2a32f59024784bc3b9280daf72e32 - - default default] Unable to schedule network d0f3b9fd-8c18-4ea6-b95b-fabb1a3e34f8: no agents available; will retry on subsequent port and subnet creation events.
2026-04-28 08:42:40.287 7 INFO neutron.plugins.ml2.drivers.ovn.mech_driver.mech_driver [None req-26db60fa-aca8-483b-979e-6f55d1bf4838 - - - - - -] OVN reports status down for port: 2ca8e935-1751-4603-a8e2-63a182efc199
2026-04-28 08:42:40.311 8 INFO neutron.db.ovn_revision_numbers_db [None req-c2965dbb-48e9-4206-94dd-41f98f518209 8f1a422232e24e209dd3304d8ade4ecc 93e2a32f59024784bc3b9280daf72e32 - - default default] Successfully bumped revision number for resource 2ca8e935-1751-4603-a8e2-63a182efc199 (type: ports) to 1 [pid: 8|app: 0|req: 1196/2391] 10.0.0.41 () {34 vars in 663 bytes} [Tue Apr 28 08:42:39 2026] POST /v2.0/ports => generated 927 bytes in 449 msecs (HTTP/1.1 201) 4 headers in 162 bytes (1 switches on core 0)
2026-04-28 08:42:40.477 8 INFO neutron_taas.services.taas.taas_plugin [None req-4c38b7d6-1b57-4e8b-985d-4deede4b078a 4c8f709678204aff94cc6656d93aeed9 a39dfce8069a461385f0d57b2ba59922 - - default default] TaaS: Handle Delete Port: 38849dbb-2cb2-4863-b5de-2d5c27ebbce0
2026-04-28 08:42:40.481 8 INFO neutron_taas.services.taas.tap_mirror_plugin [None req-4c38b7d6-1b57-4e8b-985d-4deede4b078a 4c8f709678204aff94cc6656d93aeed9 a39dfce8069a461385f0d57b2ba59922 - - default default] Tap Mirror: Handle Delete Port: 38849dbb-2cb2-4863-b5de-2d5c27ebbce0 [pid: 7|app: 0|req: 1196/2392] 10.0.0.41 () {34 vars in 683 bytes} [Tue Apr 28 08:42:35 2026] POST /v2.0/vpn/vpnservices => generated 458 bytes in 5157 msecs (HTTP/1.1 201) 4 headers in 162 bytes (1 switches on core 0)
2026-04-28 08:42:40.728 7 INFO neutron_taas.services.taas.taas_plugin [None req-6593ecae-26b2-468e-88cc-b1357e75ec0b 8f1a422232e24e209dd3304d8ade4ecc 93e2a32f59024784bc3b9280daf72e32 - - default default] TaaS: Handle Delete Port: 2ca8e935-1751-4603-a8e2-63a182efc199
2026-04-28 08:42:40.732 7 INFO neutron_taas.services.taas.tap_mirror_plugin [None req-6593ecae-26b2-468e-88cc-b1357e75ec0b 8f1a422232e24e209dd3304d8ade4ecc 93e2a32f59024784bc3b9280daf72e32 - - default default] Tap Mirror: Handle Delete Port: 2ca8e935-1751-4603-a8e2-63a182efc199 [pid: 8|app: 0|req: 1197/2393] 10.0.0.41 () {32 vars in 724 bytes} [Tue Apr 28 08:42:40 2026] DELETE /v2.0/networks/b76beaff-de93-48ca-94f1-839913ad4bce => generated 0 bytes in 393 msecs (HTTP/1.1 204) 3 headers in 131 bytes (1 switches on core 0) [pid: 7|app: 0|req: 1197/2394] 10.0.0.41 () {32 vars in 718 bytes} [Tue Apr 28 08:42:40 2026] DELETE /v2.0/ports/2ca8e935-1751-4603-a8e2-63a182efc199 => generated 0 bytes in 383 msecs (HTTP/1.1 204) 3 headers in 131 bytes (1 switches on core 0)
2026-04-28 08:42:40.998 7 INFO neutron_taas.services.taas.taas_plugin [None req-7c2a3c96-21c6-41a6-a921-413514461b29 4c8f709678204aff94cc6656d93aeed9 a39dfce8069a461385f0d57b2ba59922 - - default default] TaaS: Handle Delete Port: c6f4ed9e-cd5f-4b96-ad5b-2e1d5b0fdf79
2026-04-28 08:42:41.001 7 INFO neutron_taas.services.taas.tap_mirror_plugin [None req-7c2a3c96-21c6-41a6-a921-413514461b29 4c8f709678204aff94cc6656d93aeed9 a39dfce8069a461385f0d57b2ba59922 - - default default] Tap Mirror: Handle Delete Port: c6f4ed9e-cd5f-4b96-ad5b-2e1d5b0fdf79
2026-04-28 08:42:41.172 7 INFO neutron.services.segments.plugin [-] Segment 6d642ac9-032b-4aee-9405-3d436f125563 resource provider aggregate not found
2026-04-28 08:42:41.180 7 INFO neutron.services.segments.plugin [-] Segment 6d642ac9-032b-4aee-9405-3d436f125563 resource provider aggregate not found
2026-04-28 08:42:41.194 7 INFO neutron.services.segments.plugin [-] Segment 6d642ac9-032b-4aee-9405-3d436f125563 resource provider not found; error: Placement Client Error (4xx): {"errors": [{"status": 404, "title": "Not Found", "detail": "The resource could not be found.\n\n No resource provider with uuid 6d642ac9-032b-4aee-9405-3d436f125563 found for delete ", "request_id": "req-6930f57f-e781-4336-9f56-19d94ecdefa5"}]}
2026-04-28 08:42:41.200 7 INFO neutron.services.segments.plugin [-] Segment 6d642ac9-032b-4aee-9405-3d436f125563 resource provider not found; error: Placement Client Error (4xx): {"errors": [{"status": 404, "title": "Not Found", "detail": "The resource could not be found.\n\n No resource provider with uuid 6d642ac9-032b-4aee-9405-3d436f125563 found for delete ", "request_id": "req-253b8ca2-5223-45e4-aa0b-e64317bf60b4"}]} [pid: 7|app: 0|req: 1198/2395] 10.0.0.41 () {32 vars in 724 bytes} [Tue Apr 28 08:42:40 2026] DELETE /v2.0/networks/706d8546-473d-4df2-be29-ca2a639a9586 => generated 0 bytes in 359 msecs (HTTP/1.1 204) 3 headers in 131 bytes (1 switches on core 0)
2026-04-28 08:42:41.245 7 INFO neutron.pecan_wsgi.hooks.translation [None req-720532ce-c12f-4ea2-af66-21d7be0e90a9 8f1a422232e24e209dd3304d8ade4ecc 93e2a32f59024784bc3b9280daf72e32 - - default default] GET failed (client error): The resource could not be found. [pid: 7|app: 0|req: 1199/2396] 10.0.0.41 () {32 vars in 715 bytes} [Tue Apr 28 08:42:41 2026] GET /v2.0/ports/2ca8e935-1751-4603-a8e2-63a182efc199 => generated 132 bytes in 19 msecs (HTTP/1.1 404) 4 headers in 164 bytes (1 switches on core 0) [pid: 8|app: 0|req: 1198/2397] 10.0.0.41 () {34 vars in 683 bytes} [Tue Apr 28 08:42:40 2026] POST /v2.0/vpn/vpnservices => generated 424 bytes in 517 msecs (HTTP/1.1 201) 4 headers in 162 bytes (1 switches on core 0)
2026-04-28 08:42:41.367 7 INFO neutron_taas.services.taas.taas_plugin [None req-95feb8fc-a128-4641-9877-4ef2927addb9 4c8f709678204aff94cc6656d93aeed9 a39dfce8069a461385f0d57b2ba59922 - - default default] TaaS: Handle Delete Port: a7ece80f-0a8d-4bd9-94c0-b6105fbe405b
2026-04-28 08:42:41.373 7 INFO neutron_taas.services.taas.tap_mirror_plugin [None req-95feb8fc-a128-4641-9877-4ef2927addb9 4c8f709678204aff94cc6656d93aeed9 a39dfce8069a461385f0d57b2ba59922 - - default default] Tap Mirror: Handle Delete Port: a7ece80f-0a8d-4bd9-94c0-b6105fbe405b [pid: 8|app: 0|req: 1199/2398] 10.0.0.41 () {32 vars in 722 bytes} [Tue Apr 28 08:42:41 2026] DELETE /v2.0/subnets/8a7d868d-4961-41b1-bf5a-b7b5640cc4cc => generated 0 bytes in 161 msecs (HTTP/1.1 204) 3 headers in 131 bytes (1 switches on core 0) [pid: 8|app: 0|req: 1200/2399] 10.0.0.41 () {34 vars in 682 bytes} [Tue Apr 28 08:42:41 2026] POST /v2.0/vpn/ikepolicies => generated 404 bytes in 51 msecs (HTTP/1.1 201) 4 headers in 162 bytes (1 switches on core 0)
2026-04-28 08:42:41.531 8 INFO neutron.services.segments.plugin [-] Segment c63661b4-cb74-424a-912c-d6fd5fff34c9 resource provider aggregate not found
2026-04-28 08:42:41.553 8 INFO neutron.services.segments.plugin [-] Segment c63661b4-cb74-424a-912c-d6fd5fff34c9 resource provider not found; error: Placement Client Error (4xx): {"errors": [{"status": 404, "title": "Not Found", "detail": "The resource could not be found.\n\n No resource provider with uuid c63661b4-cb74-424a-912c-d6fd5fff34c9 found for delete ", "request_id": "req-04f356e1-80cf-4779-a772-2ad6e5210430"}]}
2026-04-28 08:42:41.563 8 INFO neutron.services.segments.plugin [-] Segment c63661b4-cb74-424a-912c-d6fd5fff34c9 resource provider aggregate not found
2026-04-28 08:42:41.580 8 INFO neutron.services.segments.plugin [-] Segment 276163d4-2914-4e93-84cf-3f035be5e91c resource provider aggregate not found
2026-04-28 08:42:41.589 8 INFO neutron.services.segments.plugin [-] Segment c63661b4-cb74-424a-912c-d6fd5fff34c9 resource provider not found; error: Placement Client Error (4xx): {"errors": [{"status": 404, "title": "Not Found", "detail": "The resource could not be found.\n\n No resource provider with uuid c63661b4-cb74-424a-912c-d6fd5fff34c9 found for delete ", "request_id": "req-6b98ba2a-f74f-4f79-9259-126693fcea32"}]}
2026-04-28 08:42:41.614 8 INFO neutron.services.segments.plugin [-] Segment 276163d4-2914-4e93-84cf-3f035be5e91c resource provider not found; error: Placement Client Error (4xx): {"errors": [{"status": 404, "title": "Not Found", "detail": "The resource could not be found.\n\n No resource provider with uuid 276163d4-2914-4e93-84cf-3f035be5e91c found for delete ", "request_id": "req-9d19a411-6685-489a-a479-28da698a2b17"}]}
2026-04-28 08:42:41.621 8 INFO neutron.services.segments.plugin [-] Segment 276163d4-2914-4e93-84cf-3f035be5e91c resource provider aggregate not found
2026-04-28 08:42:41.649 8 INFO neutron.services.segments.plugin [-] Segment 276163d4-2914-4e93-84cf-3f035be5e91c resource provider not found; error: Placement Client Error (4xx): {"errors": [{"status": 404, "title": "Not Found", "detail": "The resource could not be found.\n\n No resource provider with uuid 276163d4-2914-4e93-84cf-3f035be5e91c found for delete ", "request_id": "req-06cbe087-3e2f-4efb-ad18-5827a506d48a"}]} [pid: 7|app: 0|req: 1200/2400] 10.0.0.41 () {32 vars in 724 bytes} [Tue Apr 28 08:42:41 2026] DELETE /v2.0/networks/fb862c76-1cb1-456c-96f0-dbe21554f85b => generated 0 bytes in 414 msecs (HTTP/1.1 204) 3 headers in 131 bytes (1 switches on core 0)
2026-04-28 08:42:41.667 8 INFO neutron_taas.services.taas.taas_plugin [None req-8352cbd0-2b4c-404a-9c05-659c6ffff0ce 8f1a422232e24e209dd3304d8ade4ecc 93e2a32f59024784bc3b9280daf72e32 - - default default] TaaS: Handle Delete Port: b32d1a5d-847e-472f-a139-50fd8e0c4a41
2026-04-28 08:42:41.672 8 INFO neutron_taas.services.taas.tap_mirror_plugin [None req-8352cbd0-2b4c-404a-9c05-659c6ffff0ce 8f1a422232e24e209dd3304d8ade4ecc 93e2a32f59024784bc3b9280daf72e32 - - default default] Tap Mirror: Handle Delete Port: b32d1a5d-847e-472f-a139-50fd8e0c4a41 [pid: 7|app: 0|req: 1201/2401] 10.0.0.41 () {34 vars in 686 bytes} [Tue Apr 28 08:42:41 2026] POST /v2.0/vpn/ipsecpolicies => generated 412 bytes in 42 msecs (HTTP/1.1 201) 4 headers in 162 bytes (1 switches on core 0) [pid: 7|app: 0|req: 1202/2402] 10.0.0.41 () {34 vars in 691 bytes} [Tue Apr 28 08:42:41 2026] POST /v2.0/vpn/endpoint-groups => generated 328 bytes in 75 msecs (HTTP/1.1 201) 4 headers in 162 bytes (1 switches on core 0) [pid: 7|app: 0|req: 1203/2403] 10.0.0.41 () {34 vars in 691 bytes} [Tue Apr 28 08:42:41 2026] POST /v2.0/vpn/endpoint-groups => generated 319 bytes in 42 msecs (HTTP/1.1 201) 4 headers in 162 bytes (1 switches on core 0) [pid: 8|app: 0|req: 1201/2404] 10.0.0.41 () {32 vars in 724 bytes} [Tue Apr 28 08:42:41 2026] DELETE /v2.0/networks/d0f3b9fd-8c18-4ea6-b95b-fabb1a3e34f8 => generated 0 bytes in 438 msecs (HTTP/1.1 204) 3 headers in 131 bytes (1 switches on core 0)
2026-04-28 08:42:42.152 8 WARNING neutron.scheduler.dhcp_agent_scheduler [None req-3312ceac-1670-413c-b48c-9cbdac1c1a1c 8f1a422232e24e209dd3304d8ade4ecc 93e2a32f59024784bc3b9280daf72e32 - - default default] No more DHCP agents
2026-04-28 08:42:42.153 8 WARNING neutron.api.rpc.agentnotifiers.dhcp_rpc_agent_api [None req-3312ceac-1670-413c-b48c-9cbdac1c1a1c 8f1a422232e24e209dd3304d8ade4ecc 93e2a32f59024784bc3b9280daf72e32 - - default default] Unable to schedule network 832a0dc0-7c51-4ebc-8cae-143a308f9d16: no agents available; will retry on subsequent port and subnet creation events.
2026-04-28 08:42:42.256 8 INFO neutron.db.ovn_revision_numbers_db [None req-3312ceac-1670-413c-b48c-9cbdac1c1a1c 8f1a422232e24e209dd3304d8ade4ecc 93e2a32f59024784bc3b9280daf72e32 - - default default] Successfully bumped revision number for resource 0478a62c-99d6-4a09-bcae-48a614c0b310 (type: ports) to 1 [pid: 8|app: 0|req: 1204/2407] 10.0.0.41 () {34 vars in 663 bytes} [Tue Apr 28 08:42:41 2026] POST /v2.0/ports => generated 778 bytes in 400 msecs (HTTP/1.1 201) 4 headers in 162 bytes (1 switches on core 0) /var/lib/openstack/lib/python3.12/site-packages/pycadf/identifier.py:70: UserWarning: Invalid uuid: neutron. To ensure interoperability, identifiers should be a valid uuid. warnings.warn(('Invalid uuid: %s. To ensure interoperability, '
2026-04-28 08:42:42.595 7 INFO neutron.db.ovn_revision_numbers_db [None req-131633b2-7a5c-4de9-b1ab-d2ea9d1328f7 38e7bfad92f14895b9e9d8fa0af31f89 09c8f41cd5944d01b1479da66017b071 - - default default] Successfully bumped revision number for resource 4be72683-7cab-4b65-ab8a-5bdf641e7502 (type: routers) to 5
2026-04-28 08:42:42.625 8 INFO neutron.db.ovn_revision_numbers_db [None req-ba76821c-fdf8-4602-ae5b-1fc6b1a7093b 8f1a422232e24e209dd3304d8ade4ecc 93e2a32f59024784bc3b9280daf72e32 - - default default] Successfully bumped revision number for resource 0478a62c-99d6-4a09-bcae-48a614c0b310 (type: ports) to 2 [pid: 7|app: 0|req: 1204/2408] 10.0.0.41 () {34 vars in 705 bytes} [Tue Apr 28 08:42:41 2026] POST /v2.0/vpn/ipsec-site-connections => generated 803 bytes in 795 msecs (HTTP/1.1 201) 4 headers in 162 bytes (1 switches on core 0) [pid: 8|app: 0|req: 1205/2409] 10.0.0.41 () {34 vars in 735 bytes} [Tue Apr 28 08:42:42 2026] PUT /v2.0/ports/0478a62c-99d6-4a09-bcae-48a614c0b310 => generated 752 bytes in 323 msecs (HTTP/1.1 200) 4 headers in 157 bytes (1 switches on core 0) /var/lib/openstack/lib/python3.12/site-packages/pycadf/identifier.py:70: UserWarning: Invalid uuid: neutron. To ensure interoperability, identifiers should be a valid uuid. warnings.warn(('Invalid uuid: %s. To ensure interoperability, ' [pid: 8|app: 0|req: 1206/2410] 10.0.0.41 () {34 vars in 691 bytes} [Tue Apr 28 08:42:42 2026] POST /v2.0/vpn/endpoint-groups => generated 290 bytes in 46 msecs (HTTP/1.1 201) 4 headers in 162 bytes (1 switches on core 0)
2026-04-28 08:42:42.818 8 INFO neutron_taas.services.taas.taas_plugin [None req-1589c3f2-9234-470f-8f8f-cc7f935e3c30 8f1a422232e24e209dd3304d8ade4ecc 93e2a32f59024784bc3b9280daf72e32 - - default default] TaaS: Handle Delete Port: 0478a62c-99d6-4a09-bcae-48a614c0b310
2026-04-28 08:42:42.821 8 INFO neutron_taas.services.taas.tap_mirror_plugin [None req-1589c3f2-9234-470f-8f8f-cc7f935e3c30 8f1a422232e24e209dd3304d8ade4ecc 93e2a32f59024784bc3b9280daf72e32 - - default default] Tap Mirror: Handle Delete Port: 0478a62c-99d6-4a09-bcae-48a614c0b310
2026-04-28 08:42:42.830 7 WARNING neutron.db.securitygroups_db [None req-e923dee5-a830-40e0-b4e6-a6580911c349 9484efbc45b9421a93dbfbc72591a2e3 3168251623fd41d1a36ef23621ddd66c - - default default] project_id key not found in filters, using tenant_id instead. This support has been deprecated and will be removed in a future release. [pid: 7|app: 0|req: 1205/2411] 10.0.0.41 () {32 vars in 772 bytes} [Tue Apr 28 08:42:42 2026] GET /v2.0/security-groups?tenant_id=a39dfce8069a461385f0d57b2ba59922&name=default => generated 2925 bytes in 222 msecs (HTTP/1.1 200) 4 headers in 158 bytes (1 switches on core 0) [pid: 7|app: 0|req: 1206/2412] 10.0.0.41 () {32 vars in 746 bytes} [Tue Apr 28 08:42:42 2026] DELETE /v2.0/vpn/endpoint-groups/b031ae09-bd3e-4177-a27e-1c75ad5b9ba8 => generated 0 bytes in 34 msecs (HTTP/1.1 204) 2 headers in 112 bytes (1 switches on core 0) [pid: 8|app: 0|req: 1207/2413] 10.0.0.41 () {32 vars in 718 bytes} [Tue Apr 28 08:42:42 2026] DELETE /v2.0/ports/0478a62c-99d6-4a09-bcae-48a614c0b310 => generated 0 bytes in 264 msecs (HTTP/1.1 204) 3 headers in 131 bytes (1 switches on core 0) [pid: 8|app: 0|req: 1208/2414] 10.0.0.41 () {32 vars in 669 bytes} [Tue Apr 28 08:42:42 2026] GET /v2.0/vpn/endpoint-groups => generated 632 bytes in 14 msecs (HTTP/1.1 200) 4 headers in 157 bytes (1 switches on core 0) [pid: 8|app: 0|req: 1209/2415] 10.0.0.41 () {32 vars in 641 bytes} [Tue Apr 28 08:42:42 2026] GET /v2.0/ports => generated 1537 bytes in 45 msecs (HTTP/1.1 200) 4 headers in 158 bytes (1 switches on core 0) [pid: 8|app: 0|req: 1210/2416] 10.0.0.41 () {32 vars in 669 bytes} [Tue Apr 28 08:42:43 2026] GET /v2.0/vpn/endpoint-groups => generated 632 bytes in 15 msecs (HTTP/1.1 200) 4 headers in 157 bytes (1 switches on core 0)
2026-04-28 08:42:43.068 8 INFO neutron.pecan_wsgi.hooks.translation [None req-19b0ba6a-2cf9-4daa-a0bc-cacdf7eda5d1 8f1a422232e24e209dd3304d8ade4ecc 93e2a32f59024784bc3b9280daf72e32 - - default default] GET failed (client error): The resource could not be found. [pid: 8|app: 0|req: 1211/2417] 10.0.0.41 () {32 vars in 715 bytes} [Tue Apr 28 08:42:43 2026] GET /v2.0/ports/0478a62c-99d6-4a09-bcae-48a614c0b310 => generated 132 bytes in 40 msecs (HTTP/1.1 404) 4 headers in 164 bytes (1 switches on core 0) [pid: 7|app: 0|req: 1207/2418] 10.0.0.41 () {32 vars in 738 bytes} [Tue Apr 28 08:42:42 2026] DELETE /v2.0/security-groups/889b162e-bc3d-467e-8ec3-d218856b7898 => generated 0 bytes in 200 msecs (HTTP/1.1 204) 2 headers in 112 bytes (1 switches on core 0) [pid: 8|app: 0|req: 1212/2419] 10.0.0.41 () {32 vars in 641 bytes} [Tue Apr 28 08:42:43 2026] GET /v2.0/ports => generated 1537 bytes in 49 msecs (HTTP/1.1 200) 4 headers in 158 bytes (1 switches on core 0)
2026-04-28 08:42:43.213 7 INFO neutron.services.segments.plugin [-] Segment f27bc063-182a-4759-8618-e4572ae2247d resource provider aggregate not found
2026-04-28 08:42:43.220 7 INFO neutron.services.segments.plugin [-] Segment f27bc063-182a-4759-8618-e4572ae2247d resource provider aggregate not found
2026-04-28 08:42:43.225 7 INFO neutron.services.segments.plugin [-] Segment f27bc063-182a-4759-8618-e4572ae2247d resource provider not found; error: Placement Client Error (4xx): {"errors": [{"status": 404, "title": "Not Found", "detail": "The resource could not be found.\n\n No resource provider with uuid f27bc063-182a-4759-8618-e4572ae2247d found for delete ", "request_id": "req-e343584c-eb25-45bb-ada7-0d90ff277dad"}]} [pid: 7|app: 0|req: 1208/2420] 10.0.0.41 () {32 vars in 715 bytes} [Tue Apr 28 08:42:43 2026] GET /v2.0/ports/f0196643-0603-440e-b17a-4c64645d8c4e => generated 778 bytes in 104 msecs (HTTP/1.1 200) 4 headers in 157 bytes (1 switches on core 0)
2026-04-28 08:42:43.238 7 INFO neutron.services.segments.plugin [-] Segment f27bc063-182a-4759-8618-e4572ae2247d resource provider not found; error: Placement Client Error (4xx): {"errors": [{"status": 404, "title": "Not Found", "detail": "The resource could not be found.\n\n No resource provider with uuid f27bc063-182a-4759-8618-e4572ae2247d found for delete ", "request_id": "req-8aa3ad15-be38-4218-8b11-5b50dae70239"}]}
2026-04-28 08:42:43.246 8 WARNING neutron.db.securitygroups_db [None req-444cd468-2087-4860-a2af-a5edb39cd5a3 9484efbc45b9421a93dbfbc72591a2e3 3168251623fd41d1a36ef23621ddd66c - - default default] project_id key not found in filters, using tenant_id instead. This support has been deprecated and will be removed in a future release.
2026-04-28 08:42:43.259 7 INFO neutron.pecan_wsgi.hooks.translation [None req-946b41b8-b5db-42ba-9c0e-91d5816561a1 8f1a422232e24e209dd3304d8ade4ecc 93e2a32f59024784bc3b9280daf72e32 - - default default] DELETE failed (client error): The resource could not be found. [pid: 7|app: 0|req: 1209/2421] 10.0.0.41 () {32 vars in 718 bytes} [Tue Apr 28 08:42:43 2026] DELETE /v2.0/ports/2ca8e935-1751-4603-a8e2-63a182efc199 => generated 132 bytes in 21 msecs (HTTP/1.1 404) 4 headers in 164 bytes (1 switches on core 0)
2026-04-28 08:42:43.289 7 INFO neutron.pecan_wsgi.hooks.translation [None req-164d1e0e-1341-4127-83b0-78cc2a7bc954 8f1a422232e24e209dd3304d8ade4ecc 93e2a32f59024784bc3b9280daf72e32 - - default default] DELETE failed (client error): The resource could not be found. [pid: 7|app: 0|req: 1210/2422] 10.0.0.41 () {32 vars in 722 bytes} [Tue Apr 28 08:42:43 2026] DELETE /v2.0/subnets/8a7d868d-4961-41b1-bf5a-b7b5640cc4cc => generated 136 bytes in 25 msecs (HTTP/1.1 404) 4 headers in 164 bytes (1 switches on core 0)
2026-04-28 08:42:43.313 7 INFO neutron.pecan_wsgi.hooks.translation [None req-6327db37-1c4a-4306-a058-1cf297aeb988 8f1a422232e24e209dd3304d8ade4ecc 93e2a32f59024784bc3b9280daf72e32 - - default default] DELETE failed (client error): The resource could not be found. [pid: 7|app: 0|req: 1211/2423] 10.0.0.41 () {32 vars in 722 bytes} [Tue Apr 28 08:42:43 2026] DELETE /v2.0/subnets/c80b47ba-fe1f-49e8-9dab-0b95cba9273e => generated 136 bytes in 18 msecs (HTTP/1.1 404) 4 headers in 164 bytes (1 switches on core 0)
2026-04-28 08:42:43.422 8 INFO neutron.db.ovn_revision_numbers_db [None req-444cd468-2087-4860-a2af-a5edb39cd5a3 9484efbc45b9421a93dbfbc72591a2e3 3168251623fd41d1a36ef23621ddd66c - - default default] Successfully bumped revision number for resource 5bad5913-96c2-46c5-9d90-de58c7261756 (type: security_groups) to 1
2026-04-28 08:42:43.441 8 INFO neutron.db.ovn_revision_numbers_db [None req-444cd468-2087-4860-a2af-a5edb39cd5a3 9484efbc45b9421a93dbfbc72591a2e3 3168251623fd41d1a36ef23621ddd66c - - default default] Successfully bumped revision number for resource 02c771fc-9201-44f3-b88b-73d4033b0a57 (type: security_group_rules) to 0
2026-04-28 08:42:43.465 8 INFO neutron.db.ovn_revision_numbers_db [None req-444cd468-2087-4860-a2af-a5edb39cd5a3 9484efbc45b9421a93dbfbc72591a2e3 3168251623fd41d1a36ef23621ddd66c - - default default] Successfully bumped revision number for resource 7fa0eb34-2996-40de-a022-b10786b5b760 (type: security_group_rules) to 0
2026-04-28 08:42:43.482 7 INFO neutron_taas.services.taas.taas_plugin [None req-1f875bbb-8c56-46bb-aaa4-460d3b533506 8f1a422232e24e209dd3304d8ade4ecc 93e2a32f59024784bc3b9280daf72e32 - - default default] TaaS: Handle Delete Port: f0196643-0603-440e-b17a-4c64645d8c4e
2026-04-28 08:42:43.486 7 INFO neutron_taas.services.taas.tap_mirror_plugin [None req-1f875bbb-8c56-46bb-aaa4-460d3b533506 8f1a422232e24e209dd3304d8ade4ecc 93e2a32f59024784bc3b9280daf72e32 - - default default] Tap Mirror: Handle Delete Port: f0196643-0603-440e-b17a-4c64645d8c4e
2026-04-28 08:42:43.486 8 INFO neutron.db.ovn_revision_numbers_db [None req-444cd468-2087-4860-a2af-a5edb39cd5a3 9484efbc45b9421a93dbfbc72591a2e3 3168251623fd41d1a36ef23621ddd66c - - default default] Successfully bumped revision number for resource 822bc32e-67f9-4564-aed7-5bd64e546f35 (type: security_group_rules) to 0
2026-04-28 08:42:43.504 8 INFO neutron.db.ovn_revision_numbers_db [None req-444cd468-2087-4860-a2af-a5edb39cd5a3 9484efbc45b9421a93dbfbc72591a2e3 3168251623fd41d1a36ef23621ddd66c - - default default] Successfully bumped revision number for resource cce700ce-a162-46b9-a760-81c520eb2313 (type: security_group_rules) to 0 [pid: 8|app: 0|req: 1213/2424] 10.0.0.41 () {32 vars in 772 bytes} [Tue Apr 28 08:42:43 2026] GET /v2.0/security-groups?tenant_id=da89ea2f41754c54b5133d1a3f24b1f5&name=default => generated 2925 bytes in 311 msecs (HTTP/1.1 200) 4 headers in 158 bytes (1 switches on core 0) [pid: 7|app: 0|req: 1212/2425] 10.0.0.41 () {32 vars in 718 bytes} [Tue Apr 28 08:42:43 2026] DELETE /v2.0/ports/f0196643-0603-440e-b17a-4c64645d8c4e => generated 0 bytes in 301 msecs (HTTP/1.1 204) 3 headers in 131 bytes (1 switches on core 0)
2026-04-28 08:42:43.636 8 INFO neutron.services.segments.plugin [-] Segment 1ec4cce8-ddd0-48de-b9b5-e789b3faf565 resource provider aggregate not found
2026-04-28 08:42:43.653 8 INFO neutron.services.segments.plugin [-] Segment 1ec4cce8-ddd0-48de-b9b5-e789b3faf565 resource provider not found; error: Placement Client Error (4xx): {"errors": [{"status": 404, "title": "Not Found", "detail": "The resource could not be found.\n\n No resource provider with uuid 1ec4cce8-ddd0-48de-b9b5-e789b3faf565 found for delete ", "request_id": "req-dafecf5e-e4f3-4ec0-9d37-b011d87b6f91"}]}
2026-04-28 08:42:43.676 8 INFO neutron.services.segments.plugin [-] Segment 1ec4cce8-ddd0-48de-b9b5-e789b3faf565 resource provider aggregate not found
2026-04-28 08:42:43.694 8 INFO neutron.services.segments.plugin [-] Segment 1ec4cce8-ddd0-48de-b9b5-e789b3faf565 resource provider not found; error: Placement Client Error (4xx): {"errors": [{"status": 404, "title": "Not Found", "detail": "The resource could not be found.\n\n No resource provider with uuid 1ec4cce8-ddd0-48de-b9b5-e789b3faf565 found for delete ", "request_id": "req-931b7f0b-d743-4d8a-bc9b-ffd481cf0e2d"}]} [pid: 8|app: 0|req: 1214/2426] 10.0.0.41 () {34 vars in 683 bytes} [Tue Apr 28 08:42:43 2026] POST /v2.0/vpn/ikepolicies => generated 402 bytes in 162 msecs (HTTP/1.1 201) 4 headers in 162 bytes (1 switches on core 0) [pid: 7|app: 0|req: 1213/2427] 10.0.0.41 () {32 vars in 738 bytes} [Tue Apr 28 08:42:43 2026] DELETE /v2.0/security-groups/5bad5913-96c2-46c5-9d90-de58c7261756 => generated 0 bytes in 189 msecs (HTTP/1.1 204) 2 headers in 112 bytes (1 switches on core 0) [pid: 7|app: 0|req: 1214/2428] 10.0.0.41 () {32 vars in 661 bytes} [Tue Apr 28 08:42:43 2026] GET /v2.0/vpn/ikepolicies => generated 797 bytes in 12 msecs (HTTP/1.1 200) 4 headers in 157 bytes (1 switches on core 0)
2026-04-28 08:42:43.860 8 INFO neutron_taas.services.taas.taas_plugin [None req-91ef9063-4799-4332-a669-d1dea7419e12 8f1a422232e24e209dd3304d8ade4ecc 93e2a32f59024784bc3b9280daf72e32 - - default default] TaaS: Handle Delete Port: 3ebf48dc-7ad9-4a0f-b2e1-66771284eff4
2026-04-28 08:42:43.864 8 INFO neutron_taas.services.taas.tap_mirror_plugin [None req-91ef9063-4799-4332-a669-d1dea7419e12 8f1a422232e24e209dd3304d8ade4ecc 93e2a32f59024784bc3b9280daf72e32 - - default default] Tap Mirror: Handle Delete Port: 3ebf48dc-7ad9-4a0f-b2e1-66771284eff4 [pid: 7|app: 0|req: 1215/2429] 10.0.0.41 () {32 vars in 738 bytes} [Tue Apr 28 08:42:43 2026] DELETE /v2.0/vpn/ikepolicies/e770520c-c2aa-4ef3-a98d-c2bd5c454cc5 => generated 0 bytes in 37 msecs (HTTP/1.1 204) 2 headers in 112 bytes (1 switches on core 0) [pid: 7|app: 0|req: 1216/2430] 10.0.0.41 () {34 vars in 687 bytes} [Tue Apr 28 08:42:43 2026] POST /v2.0/vpn/ipsecpolicies => generated 411 bytes in 46 msecs (HTTP/1.1 201) 4 headers in 162 bytes (1 switches on core 0) [pid: 7|app: 0|req: 1217/2431] 10.0.0.41 () {32 vars in 665 bytes} [Tue Apr 28 08:42:43 2026] GET /v2.0/vpn/ipsecpolicies => generated 812 bytes in 14 msecs (HTTP/1.1 200) 4 headers in 157 bytes (1 switches on core 0) [pid: 7|app: 0|req: 1218/2432] 10.0.0.41 () {32 vars in 742 bytes} [Tue Apr 28 08:42:43 2026] DELETE /v2.0/vpn/ipsecpolicies/128a2d6e-f721-451a-9076-75ef1c7d90e8 => generated 0 bytes in 51 msecs (HTTP/1.1 204) 2 headers in 112 bytes (1 switches on core 0) [pid: 8|app: 0|req: 1215/2433] 10.0.0.41 () {32 vars in 724 bytes} [Tue Apr 28 08:42:43 2026] DELETE /v2.0/networks/832a0dc0-7c51-4ebc-8cae-143a308f9d16 => generated 0 bytes in 383 msecs (HTTP/1.1 204) 3 headers in 131 bytes (1 switches on core 0)
2026-04-28 08:42:44.100 8 WARNING neutron.db.securitygroups_db [None req-71a460ef-49e6-44d9-9337-9f595b9d91f7 9484efbc45b9421a93dbfbc72591a2e3 3168251623fd41d1a36ef23621ddd66c - - default default] project_id key not found in filters, using tenant_id instead. This support has been deprecated and will be removed in a future release.
2026-04-28 08:42:44.110 7 INFO neutron.db.segments_db [None req-a7fbe70e-74e6-4920-a81f-395ed3254e7a 38e7bfad92f14895b9e9d8fa0af31f89 09c8f41cd5944d01b1479da66017b071 - - default default] Added segment 46f83318-a865-403e-b0b5-694cea14660a of type geneve for network b8948f3e-0dbc-4482-a7ff-3f79d21b4f6e
2026-04-28 08:42:44.244 8 INFO neutron.db.ovn_revision_numbers_db [None req-71a460ef-49e6-44d9-9337-9f595b9d91f7 9484efbc45b9421a93dbfbc72591a2e3 3168251623fd41d1a36ef23621ddd66c - - default default] Successfully bumped revision number for resource d35b32e4-88c3-40d8-b195-866f0450dd6a (type: security_groups) to 1
2026-04-28 08:42:44.266 8 INFO neutron.db.ovn_revision_numbers_db [None req-71a460ef-49e6-44d9-9337-9f595b9d91f7 9484efbc45b9421a93dbfbc72591a2e3 3168251623fd41d1a36ef23621ddd66c - - default default] Successfully bumped revision number for resource 1d4a2a8c-e406-4dd8-96d7-adbb90ebe6db (type: security_group_rules) to 0
2026-04-28 08:42:44.286 8 INFO neutron.db.ovn_revision_numbers_db [None req-71a460ef-49e6-44d9-9337-9f595b9d91f7 9484efbc45b9421a93dbfbc72591a2e3 3168251623fd41d1a36ef23621ddd66c - - default default] Successfully bumped revision number for resource 8b79b24c-bde1-429e-8944-0a43ab1e8f16 (type: security_group_rules) to 0
2026-04-28 08:42:44.288 7 INFO neutron.db.ovn_revision_numbers_db [None req-a7fbe70e-74e6-4920-a81f-395ed3254e7a 38e7bfad92f14895b9e9d8fa0af31f89 09c8f41cd5944d01b1479da66017b071 - - default default] Successfully bumped revision number for resource b8948f3e-0dbc-4482-a7ff-3f79d21b4f6e (type: networks) to 1
2026-04-28 08:42:44.302 8 INFO neutron.db.ovn_revision_numbers_db [None req-71a460ef-49e6-44d9-9337-9f595b9d91f7 9484efbc45b9421a93dbfbc72591a2e3 3168251623fd41d1a36ef23621ddd66c - - default default] Successfully bumped revision number for resource bd0fce85-9815-4a26-9d85-45aa484138d9 (type: security_group_rules) to 0
2026-04-28 08:42:44.323 8 INFO neutron.db.ovn_revision_numbers_db [None req-71a460ef-49e6-44d9-9337-9f595b9d91f7 9484efbc45b9421a93dbfbc72591a2e3 3168251623fd41d1a36ef23621ddd66c - - default default] Successfully bumped revision number for resource e9bb4f0e-7bcf-4fb5-b06b-b21f1c80ee6f (type: security_group_rules) to 0 [pid: 8|app: 0|req: 1216/2434] 10.0.0.41 () {32 vars in 772 bytes} [Tue Apr 28 08:42:44 2026] GET /v2.0/security-groups?tenant_id=63e930b820324515b437f7472848b890&name=default => generated 2925 bytes in 260 msecs (HTTP/1.1 200) 4 headers in 158 bytes (1 switches on core 0)
2026-04-28 08:42:44.488 7 WARNING neutron.scheduler.dhcp_agent_scheduler [None req-a7fbe70e-74e6-4920-a81f-395ed3254e7a 38e7bfad92f14895b9e9d8fa0af31f89 09c8f41cd5944d01b1479da66017b071 - - default default] No more DHCP agents
2026-04-28 08:42:44.490 7 WARNING neutron.api.rpc.agentnotifiers.dhcp_rpc_agent_api [None req-a7fbe70e-74e6-4920-a81f-395ed3254e7a 38e7bfad92f14895b9e9d8fa0af31f89 09c8f41cd5944d01b1479da66017b071 - - default default] Unable to schedule network b8948f3e-0dbc-4482-a7ff-3f79d21b4f6e: no agents available; will retry on subsequent port and subnet creation events. [pid: 8|app: 0|req: 1217/2435] 10.0.0.41 () {32 vars in 738 bytes} [Tue Apr 28 08:42:44 2026] DELETE /v2.0/security-groups/d35b32e4-88c3-40d8-b195-866f0450dd6a => generated 0 bytes in 164 msecs (HTTP/1.1 204) 2 headers in 112 bytes (1 switches on core 0)
2026-04-28 08:42:44.560 8 WARNING neutron.plugins.ml2.drivers.ovn.mech_driver.ovsdb.ovn_client [None req-ebe4506e-ae9d-48f3-afe2-4a42653e9058 - - - - - -] No hosting information found for port 5074b5b5-e162-4aad-8d01-7abac9a576cc: RuntimeError: No hosting information found for port 5074b5b5-e162-4aad-8d01-7abac9a576cc
2026-04-28 08:42:44.561 8 INFO neutron.plugins.ml2.drivers.ovn.mech_driver.mech_driver [None req-ebe4506e-ae9d-48f3-afe2-4a42653e9058 - - - - - -] OVN reports status down for port: cc48b2f3-0e01-40f0-87b4-f9d4948ab71a
2026-04-28 08:42:44.608 7 INFO neutron.plugins.ml2.drivers.ovn.mech_driver.mech_driver [None req-26db60fa-aca8-483b-979e-6f55d1bf4838 - - - - - -] OVN reports status down for port: 5f26aab8-865e-4304-b1eb-0be5e0b46094
2026-04-28 08:42:44.641 8 INFO neutron.common.ovn.utils [None req-ebe4506e-ae9d-48f3-afe2-4a42653e9058 - - - - - -] HA Chassis Group neutron-c0a8b28b-973d-4ec3-8b9e-fb99863d2e87 synchronized; highest priority chassis 874d406b-403d-4ec9-8b29-d8ffa3f4ab37
2026-04-28 08:42:44.691 7 INFO neutron.db.ovn_revision_numbers_db [None req-a7fbe70e-74e6-4920-a81f-395ed3254e7a 38e7bfad92f14895b9e9d8fa0af31f89 09c8f41cd5944d01b1479da66017b071 - - default default] Successfully bumped revision number for resource 5f26aab8-865e-4304-b1eb-0be5e0b46094 (type: ports) to 1 [pid: 7|app: 0|req: 1219/2436] 10.0.0.41 () {34 vars in 668 bytes} [Tue Apr 28 08:42:44 2026] POST /v2.0/networks => generated 670 bytes in 737 msecs (HTTP/1.1 201) 4 headers in 162 bytes (1 switches on core 0) [pid: 8|app: 0|req: 1218/2437] 10.0.0.69 () {28 vars in 581 bytes} [Tue Apr 28 08:42:44 2026] GET /v2.0/routers => generated 1090 bytes in 278 msecs (HTTP/1.1 200) 4 headers in 158 bytes (1 switches on core 0)
2026-04-28 08:42:44.815 8 INFO neutron.db.ovn_revision_numbers_db [None req-ebe4506e-ae9d-48f3-afe2-4a42653e9058 - - - - - -] Successfully bumped revision number for resource 5074b5b5-e162-4aad-8d01-7abac9a576cc (type: router_ports) to 2
2026-04-28 08:42:44.816 8 INFO neutron.plugins.ml2.drivers.ovn.mech_driver.mech_driver [None req-ebe4506e-ae9d-48f3-afe2-4a42653e9058 - - - - - -] OVN reports status down for port: c071e7d9-0d18-4569-84a3-56ea5897c9d7
2026-04-28 08:42:44.926 8 WARNING neutron.plugins.ml2.drivers.ovn.mech_driver.ovsdb.ovn_client [None req-ebe4506e-ae9d-48f3-afe2-4a42653e9058 - - - - - -] Logical_Switch_Port c071e7d9-0d18-4569-84a3-56ea5897c9d7 host information not removed, the port state is up
2026-04-28 08:42:44.926 8 INFO neutron.plugins.ml2.drivers.ovn.mech_driver.mech_driver [None req-ebe4506e-ae9d-48f3-afe2-4a42653e9058 - - - - - -] OVN reports status down for port: b32d1a5d-847e-472f-a139-50fd8e0c4a41
2026-04-28 08:42:44.944 7 WARNING neutron.db.securitygroups_db [None req-8f564815-d594-4dff-ae1b-983bf161f8e4 9484efbc45b9421a93dbfbc72591a2e3 3168251623fd41d1a36ef23621ddd66c - - default default] project_id key not found in filters, using tenant_id instead. This support has been deprecated and will be removed in a future release.
2026-04-28 08:42:44.957 8 INFO neutron.plugins.ml2.drivers.ovn.mech_driver.mech_driver [None req-ebe4506e-ae9d-48f3-afe2-4a42653e9058 - - - - - -] OVN reports status up for port: c071e7d9-0d18-4569-84a3-56ea5897c9d7
2026-04-28 08:42:44.989 8 INFO neutron.plugins.ml2.plugin [None req-ebe4506e-ae9d-48f3-afe2-4a42653e9058 - - - - - -] Attempt 1 to provision port c071e7d9-0d18-4569-84a3-56ea5897c9d7 [pid: 7|app: 0|req: 1220/2438] 10.0.0.41 () {32 vars in 772 bytes} [Tue Apr 28 08:42:44 2026] GET /v2.0/security-groups?tenant_id=93e2a32f59024784bc3b9280daf72e32&name=default => generated 2925 bytes in 257 msecs (HTTP/1.1 200) 4 headers in 158 bytes (1 switches on core 0) [pid: 7|app: 0|req: 1221/2439] 10.0.0.69 () {28 vars in 622 bytes} [Tue Apr 28 08:42:45 2026] GET /v2.0/agents?binary=ovn-controller => generated 416 bytes in 13 msecs (HTTP/1.1 200) 4 headers in 157 bytes (1 switches on core 0) [pid: 7|app: 0|req: 1222/2440] 10.0.0.69 () {28 vars in 597 bytes} [Tue Apr 28 08:42:45 2026] GET /v2.0/security-groups => generated 23205 bytes in 47 msecs (HTTP/1.1 200) 4 headers in 159 bytes (1 switches on core 0)
2026-04-28 08:42:45.232 8 WARNING neutron.scheduler.dhcp_agent_scheduler [None req-e1de6845-b29f-4d3a-891d-1e5e521e1372 38e7bfad92f14895b9e9d8fa0af31f89 09c8f41cd5944d01b1479da66017b071 - - default default] No more DHCP agents
2026-04-28 08:42:45.238 8 WARNING neutron.api.rpc.agentnotifiers.dhcp_rpc_agent_api [None req-e1de6845-b29f-4d3a-891d-1e5e521e1372 38e7bfad92f14895b9e9d8fa0af31f89 09c8f41cd5944d01b1479da66017b071 - - default default] Unable to schedule network b8948f3e-0dbc-4482-a7ff-3f79d21b4f6e: no agents available; will retry on subsequent port and subnet creation events. [pid: 7|app: 0|req: 1223/2441] 10.0.0.41 () {32 vars in 738 bytes} [Tue Apr 28 08:42:45 2026] DELETE /v2.0/security-groups/9f05f153-c78f-41b3-9255-1eaf176b8ac2 => generated 0 bytes in 192 msecs (HTTP/1.1 204) 2 headers in 112 bytes (1 switches on core 0) [pid: 7|app: 0|req: 1224/2442] 10.0.0.69 () {28 vars in 581 bytes} [Tue Apr 28 08:42:45 2026] GET /v2.0/subnets => generated 3273 bytes in 49 msecs (HTTP/1.1 200) 4 headers in 158 bytes (1 switches on core 0) [pid: 7|app: 0|req: 1225/2443] 10.0.0.69 () {28 vars in 579 bytes} [Tue Apr 28 08:42:45 2026] GET /v2.0/agents => generated 1214 bytes in 21 msecs (HTTP/1.1 200) 4 headers in 158 bytes (1 switches on core 0) [pid: 7|app: 0|req: 1226/2444] 10.0.0.69 () {28 vars in 581 bytes} [Tue Apr 28 08:42:45 2026] GET /v2.0/subnets => generated 3273 bytes in 46 msecs (HTTP/1.1 200) 4 headers in 158 bytes (1 switches on core 0) [pid: 7|app: 0|req: 1227/2445] 10.0.0.69 () {28 vars in 589 bytes} [Tue Apr 28 08:42:45 2026] GET /v2.0/subnetpools => generated 19 bytes in 13 msecs (HTTP/1.1 200) 4 headers in 156 bytes (1 switches on core 0) [pid: 7|app: 0|req: 1228/2446] 10.0.0.69 () {28 vars in 617 bytes} [Tue Apr 28 08:42:45 2026] GET /v2.0/network-ip-availabilities => generated 4030 bytes in 28 msecs (HTTP/1.1 200) 4 headers in 158 bytes (1 switches on core 0) [pid: 7|app: 0|req: 1229/2447] 10.0.0.69 () {28 vars in 583 bytes} [Tue Apr 28 08:42:45 2026] GET /v2.0/networks => generated 4590 bytes in 70 msecs (HTTP/1.1 200) 4 headers in 158 bytes (1 switches on core 0) [pid: 7|app: 0|req: 1230/2448] 10.0.0.69 () {28 vars in 577 bytes} [Tue Apr 28 08:42:45 2026] GET /v2.0/ports => generated 13430 bytes in 82 msecs (HTTP/1.1 200) 4 headers in 159 bytes (1 switches on core 0) [pid: 7|app: 0|req: 1231/2449] 10.0.0.69 () {28 vars in 589 bytes} [Tue Apr 28 08:42:45 2026] GET /v2.0/floatingips => generated 19 bytes in 20 msecs (HTTP/1.1 200) 4 headers in 156 bytes (1 switches on core 0)
2026-04-28 08:42:45.688 8 INFO neutron.services.segments.plugin [-] Segment b0b94b23-2c15-403c-8262-f53b1e11ebd9 resource provider aggregate not found
2026-04-28 08:42:45.724 8 INFO neutron.services.segments.plugin [-] Segment b0b94b23-2c15-403c-8262-f53b1e11ebd9 resource provider not found; error: Placement Client Error (4xx): {"errors": [{"status": 404, "title": "Not Found", "detail": "The resource could not be found.\n\n No resource provider with uuid b0b94b23-2c15-403c-8262-f53b1e11ebd9 found for delete ", "request_id": "req-e53ff2c4-577d-4401-8703-e473ddcef7af"}]}
2026-04-28 08:42:45.725 8 INFO neutron.services.segments.plugin [-] Segment b0b94b23-2c15-403c-8262-f53b1e11ebd9 resource provider aggregate not found
2026-04-28 08:42:45.754 8 INFO neutron.services.segments.plugin [-] Segment b0b94b23-2c15-403c-8262-f53b1e11ebd9 resource provider not found; error: Placement Client Error (4xx): {"errors": [{"status": 404, "title": "Not Found", "detail": "The resource could not be found.\n\n No resource provider with uuid b0b94b23-2c15-403c-8262-f53b1e11ebd9 found for delete ", "request_id": "req-9066f2a4-56a7-4dbf-bc77-8a2c74f39095"}]}
2026-04-28 08:42:46.090 8 INFO neutron.db.ovn_revision_numbers_db [None req-ebe4506e-ae9d-48f3-afe2-4a42653e9058 - - - - - -] Successfully bumped revision number for resource c071e7d9-0d18-4569-84a3-56ea5897c9d7 (type: ports) to 2
2026-04-28 08:42:46.288 8 INFO neutron.db.ovn_revision_numbers_db [None req-e1de6845-b29f-4d3a-891d-1e5e521e1372 38e7bfad92f14895b9e9d8fa0af31f89 09c8f41cd5944d01b1479da66017b071 - - default default] Successfully bumped revision number for resource 5f26aab8-865e-4304-b1eb-0be5e0b46094 (type: ports) to 2
2026-04-28 08:42:46.327 8 INFO neutron.db.ovn_revision_numbers_db [None req-e1de6845-b29f-4d3a-891d-1e5e521e1372 38e7bfad92f14895b9e9d8fa0af31f89 09c8f41cd5944d01b1479da66017b071 - - default default] Successfully bumped revision number for resource d3f3f58e-f837-45df-b1b3-6677baf36b36 (type: subnets) to 0 [pid: 8|app: 0|req: 1219/2450] 10.0.0.41 () {34 vars in 667 bytes} [Tue Apr 28 08:42:44 2026] POST /v2.0/subnets => generated 629 bytes in 1537 msecs (HTTP/1.1 201) 4 headers in 162 bytes (1 switches on core 0)
2026-04-28 08:42:46.799 7 WARNING neutron.scheduler.dhcp_agent_scheduler [None req-45540478-f61c-4b43-b7d9-9bd9e4952cda 38e7bfad92f14895b9e9d8fa0af31f89 09c8f41cd5944d01b1479da66017b071 - - default default] No more DHCP agents
2026-04-28 08:42:46.801 7 WARNING neutron.api.rpc.agentnotifiers.dhcp_rpc_agent_api [None req-45540478-f61c-4b43-b7d9-9bd9e4952cda 38e7bfad92f14895b9e9d8fa0af31f89 09c8f41cd5944d01b1479da66017b071 - - default default] Unable to schedule network fe1de6f7-0008-497f-b076-96e6ca5f5109: no agents available; will retry on subsequent port and subnet creation events.
2026-04-28 08:42:46.937 7 INFO neutron.plugins.ml2.drivers.ovn.mech_driver.mech_driver [None req-26db60fa-aca8-483b-979e-6f55d1bf4838 - - - - - -] OVN reports status down for port: 33010f27-c102-44cf-8ad7-e4be4ff548fb
2026-04-28 08:42:47.008 7 INFO neutron.db.ovn_revision_numbers_db [None req-45540478-f61c-4b43-b7d9-9bd9e4952cda 38e7bfad92f14895b9e9d8fa0af31f89 09c8f41cd5944d01b1479da66017b071 - - default default] Successfully bumped revision number for resource 33010f27-c102-44cf-8ad7-e4be4ff548fb (type: ports) to 1
2026-04-28 08:42:47.505 8 INFO neutron.db.ovn_revision_numbers_db [None req-cf22559c-ff2d-4531-a05f-53ef4159462f 08309b6751dd45f69f2ac6abc70f54c0 d19ecb58400f41e5b4523985b4261628 - - default default] Successfully bumped revision number for resource 1a75ea5b-cb22-4d35-8370-3079399af957 (type: security_groups) to 1
2026-04-28 08:42:47.528 8 INFO neutron.db.ovn_revision_numbers_db [None req-cf22559c-ff2d-4531-a05f-53ef4159462f 08309b6751dd45f69f2ac6abc70f54c0 d19ecb58400f41e5b4523985b4261628 - - default default] Successfully bumped revision number for resource 3f56b637-05b6-4cbf-8e50-fde15b7634c0 (type: security_group_rules) to 0
2026-04-28 08:42:47.544 8 INFO neutron.db.ovn_revision_numbers_db [None req-cf22559c-ff2d-4531-a05f-53ef4159462f 08309b6751dd45f69f2ac6abc70f54c0 d19ecb58400f41e5b4523985b4261628 - - default default] Successfully bumped revision number for resource a8ecbbc0-da25-47b4-b9dc-f740dcbfe8f0 (type: security_group_rules) to 0
2026-04-28 08:42:47.556 8 INFO neutron.db.ovn_revision_numbers_db [None req-cf22559c-ff2d-4531-a05f-53ef4159462f 08309b6751dd45f69f2ac6abc70f54c0 d19ecb58400f41e5b4523985b4261628 - - default default] Successfully bumped revision number for resource afeaf2ed-892a-40c1-affc-d4cd48e87ab9 (type: security_group_rules) to 0
2026-04-28 08:42:47.569 8 INFO neutron.db.ovn_revision_numbers_db [None req-cf22559c-ff2d-4531-a05f-53ef4159462f 08309b6751dd45f69f2ac6abc70f54c0 d19ecb58400f41e5b4523985b4261628 - - default default] Successfully bumped revision number for resource e823f747-3b50-41f2-989a-a1a5d882340c (type: security_group_rules) to 0
2026-04-28 08:42:47.719 8 INFO neutron.db.ovn_revision_numbers_db [None req-cf22559c-ff2d-4531-a05f-53ef4159462f 08309b6751dd45f69f2ac6abc70f54c0 d19ecb58400f41e5b4523985b4261628 - - default default] Successfully bumped revision number for resource c337ea15-0d22-4a83-966a-ee29a0c04461 (type: security_groups) to 1
