2026-04-28 08:43:41.056 8 WARNING tagging [None req-2c9ed173-d21b-4afb-a3a8-7b55b9077190 0c3db95854354f4fb9a6165b4d00acb0 16a59a5139484804b0f2fbc177acb283 - - default default] project_id key not found in request, using tenant_id instead. This support has been deprecated and will be removed in a future release. [pid: 8|app: 0|req: 1366/2762] 10.0.0.41 () {32 vars in 745 bytes} [Tue Apr 28 08:43:41 2026] GET /v2.0/security-groups/c236daae-387d-4261-8e49-b29dd1b9893a/tags => generated 34 bytes in 33 msecs (HTTP/1.1 200) 4 headers in 156 bytes (1 switches on core 0)
2026-04-28 08:43:41.094 8 INFO neutron.services.segments.plugin [-] Segment 0bd092d7-46f2-48a6-bfb5-a74cb8bdb9c4 resource provider aggregate not found
2026-04-28 08:43:41.109 7 INFO neutron.services.segments.plugin [-] Segment 82b0f03b-f6e3-429c-b7de-ada0299f6f7a resource provider aggregate not found
2026-04-28 08:43:41.112 8 INFO neutron.services.segments.plugin [-] Segment 0bd092d7-46f2-48a6-bfb5-a74cb8bdb9c4 resource provider not found; error: Placement Client Error (4xx): {"errors": [{"status": 404, "title": "Not Found", "detail": "The resource could not be found.\n\n No resource provider with uuid 0bd092d7-46f2-48a6-bfb5-a74cb8bdb9c4 found for delete ", "request_id": "req-de25f4dd-0882-4edd-9a38-3f7b20165cf8"}]}
2026-04-28 08:43:41.109 7 INFO neutron.services.segments.plugin [-] Segment 82b0f03b-f6e3-429c-b7de-ada0299f6f7a resource provider aggregate not found
2026-04-28 08:43:41.136 7 INFO neutron.services.segments.plugin [-] Segment 82b0f03b-f6e3-429c-b7de-ada0299f6f7a resource provider not found; error: Placement Client Error (4xx): {"errors": [{"status": 404, "title": "Not Found", "detail": "The resource could not be found.\n\n No resource provider with uuid 82b0f03b-f6e3-429c-b7de-ada0299f6f7a found for delete ", "request_id": "req-42e0b2e3-1f93-415a-87ae-8ad2bddd2a4a"}]}
2026-04-28 08:43:41.137 7 INFO neutron.services.segments.plugin [-] Segment 82b0f03b-f6e3-429c-b7de-ada0299f6f7a resource provider not found; error: Placement Client Error (4xx): {"errors": [{"status": 404, "title": "Not Found", "detail": "The resource could not be found.\n\n No resource provider with uuid 82b0f03b-f6e3-429c-b7de-ada0299f6f7a found for delete ", "request_id": "req-e65d7dc0-6de0-4371-b96f-471d9aff0e9b"}]}
2026-04-28 08:43:41.160 7 INFO neutron.services.segments.plugin [-] Segment 75db11e0-5c4f-4a0a-aa78-17566b152244 resource provider aggregate not found
2026-04-28 08:43:41.165 7 INFO neutron.services.segments.plugin [-] Segment 75db11e0-5c4f-4a0a-aa78-17566b152244 resource provider aggregate not found
2026-04-28 08:43:41.186 7 INFO neutron.services.segments.plugin [-] Segment 75db11e0-5c4f-4a0a-aa78-17566b152244 resource provider not found; error: Placement Client Error (4xx): {"errors": [{"status": 404, "title": "Not Found", "detail": "The resource could not be found.\n\n No resource provider with uuid 75db11e0-5c4f-4a0a-aa78-17566b152244 found for delete ", "request_id": "req-cf3a06a8-adba-4ef4-8210-b9774cb07b1c"}]}
2026-04-28 08:43:41.187 7 INFO neutron.services.segments.plugin [-] Segment 75db11e0-5c4f-4a0a-aa78-17566b152244 resource provider not found; error: Placement Client Error (4xx): {"errors": [{"status": 404, "title": "Not Found", "detail": "The resource could not be found.\n\n No resource provider with uuid 75db11e0-5c4f-4a0a-aa78-17566b152244 found for delete ", "request_id": "req-e33aa198-c193-45a0-8d43-c8e56658abfb"}]}
2026-04-28 08:43:41.202 8 INFO neutron_taas.services.taas.taas_plugin [None req-840ff430-4a2b-42c3-b9bc-04927bc82797 1745eac0ec984ac89e59a698fd6e3dc2 2ec8a2a90c4949f594afc28c7e4b5d09 - - default default] TaaS: Handle Delete Port: 5c4f4143-88e0-4749-ade6-d59c0d3d51ac
2026-04-28 08:43:41.206 8 INFO neutron_taas.services.taas.tap_mirror_plugin [None req-840ff430-4a2b-42c3-b9bc-04927bc82797 1745eac0ec984ac89e59a698fd6e3dc2 2ec8a2a90c4949f594afc28c7e4b5d09 - - default default] Tap Mirror: Handle Delete Port: 5c4f4143-88e0-4749-ade6-d59c0d3d51ac [pid: 8|app: 0|req: 1367/2763] 10.0.0.41 () {32 vars in 724 bytes} [Tue Apr 28 08:43:41 2026] DELETE /v2.0/networks/bbbed139-e33a-40a5-b4af-ff025bb49ffd => generated 0 bytes in 360 msecs (HTTP/1.1 204) 3 headers in 131 bytes (1 switches on core 0)
2026-04-28 08:43:41.451 8 WARNING tagging [None req-40f7fc2c-41bc-4093-94b6-5f7dd3bc84a3 0c3db95854354f4fb9a6165b4d00acb0 16a59a5139484804b0f2fbc177acb283 - - default default] project_id key not found in request, using tenant_id instead. This support has been deprecated and will be removed in a future release.
2026-04-28 08:43:41.476 7 INFO neutron.db.ovn_revision_numbers_db [None req-30e1439f-8664-43b0-be1d-6994278da562 38e7bfad92f14895b9e9d8fa0af31f89 09c8f41cd5944d01b1479da66017b071 - - default default] Successfully bumped revision number for resource 8843dd34-1561-4de2-87a9-b63f36334806 (type: routers) to 5 [pid: 7|app: 0|req: 1397/2764] 10.0.0.41 () {34 vars in 740 bytes} [Tue Apr 28 08:43:40 2026] PUT /v2.0/routers/8843dd34-1561-4de2-87a9-b63f36334806 => generated 963 bytes in 803 msecs (HTTP/1.1 200) 4 headers in 157 bytes (1 switches on core 0) [pid: 8|app: 0|req: 1368/2765] 10.0.0.41 () {34 vars in 794 bytes} [Tue Apr 28 08:43:41 2026] PUT /v2.0/security-groups/c236daae-387d-4261-8e49-b29dd1b9893a/tags/black.or.white => generated 4 bytes in 58 msecs (HTTP/1.1 201) 4 headers in 160 bytes (1 switches on core 0)
2026-04-28 08:43:41.516 8 WARNING tagging [None req-dd1cdc3b-3306-45a2-bbbe-6189f84b0aa0 0c3db95854354f4fb9a6165b4d00acb0 16a59a5139484804b0f2fbc177acb283 - - default default] project_id key not found in request, using tenant_id instead. This support has been deprecated and will be removed in a future release. [pid: 8|app: 0|req: 1369/2766] 10.0.0.41 () {32 vars in 745 bytes} [Tue Apr 28 08:43:41 2026] GET /v2.0/security-groups/c236daae-387d-4261-8e49-b29dd1b9893a/tags => generated 52 bytes in 38 msecs (HTTP/1.1 200) 4 headers in 156 bytes (1 switches on core 0)
2026-04-28 08:43:41.554 8 WARNING tagging [None req-78ac60cb-cf29-48eb-9093-0875064ef680 0c3db95854354f4fb9a6165b4d00acb0 16a59a5139484804b0f2fbc177acb283 - - default default] project_id key not found in request, using tenant_id instead. This support has been deprecated and will be removed in a future release. [pid: 7|app: 0|req: 1398/2767] 10.0.0.41 () {32 vars in 734 bytes} [Tue Apr 28 08:43:41 2026] GET /v2.0/ports?device_id=8843dd34-1561-4de2-87a9-b63f36334806 => generated 950 bytes in 92 msecs (HTTP/1.1 200) 4 headers in 157 bytes (1 switches on core 0) [pid: 8|app: 0|req: 1370/2768] 10.0.0.41 () {34 vars in 765 bytes} [Tue Apr 28 08:43:41 2026] PUT /v2.0/security-groups/c236daae-387d-4261-8e49-b29dd1b9893a/tags => generated 37 bytes in 50 msecs (HTTP/1.1 200) 4 headers in 156 bytes (1 switches on core 0)
2026-04-28 08:43:41.609 8 WARNING tagging [None req-019bdc23-8e67-4efa-8b20-adcb88a1c310 0c3db95854354f4fb9a6165b4d00acb0 16a59a5139484804b0f2fbc177acb283 - - default default] project_id key not found in request, using tenant_id instead. This support has been deprecated and will be removed in a future release. [pid: 8|app: 0|req: 1371/2769] 10.0.0.41 () {32 vars in 745 bytes} [Tue Apr 28 08:43:41 2026] GET /v2.0/security-groups/c236daae-387d-4261-8e49-b29dd1b9893a/tags => generated 37 bytes in 35 msecs (HTTP/1.1 200) 4 headers in 156 bytes (1 switches on core 0)
2026-04-28 08:43:41.649 8 WARNING tagging [None req-fb0590e3-12d0-407d-9fcc-765e80e9ff65 0c3db95854354f4fb9a6165b4d00acb0 16a59a5139484804b0f2fbc177acb283 - - default default] project_id key not found in request, using tenant_id instead. This support has been deprecated and will be removed in a future release. [pid: 8|app: 0|req: 1372/2770] 10.0.0.41 () {32 vars in 753 bytes} [Tue Apr 28 08:43:41 2026] GET /v2.0/security-groups/c236daae-387d-4261-8e49-b29dd1b9893a/tags/red => generated 0 bytes in 34 msecs (HTTP/1.1 204) 2 headers in 112 bytes (1 switches on core 0)
2026-04-28 08:43:41.688 8 WARNING tagging [None req-a30f5c50-74a4-4468-9793-bf154c69ec1b 0c3db95854354f4fb9a6165b4d00acb0 16a59a5139484804b0f2fbc177acb283 - - default default] project_id key not found in request, using tenant_id instead. This support has been deprecated and will be removed in a future release.
2026-04-28 08:43:41.698 8 INFO neutron.api.v2.resource [None req-a30f5c50-74a4-4468-9793-bf154c69ec1b 0c3db95854354f4fb9a6165b4d00acb0 16a59a5139484804b0f2fbc177acb283 - - default default] show failed (client error): The resource could not be found. [pid: 8|app: 0|req: 1373/2771] 10.0.0.41 () {32 vars in 757 bytes} [Tue Apr 28 08:43:41 2026] GET /v2.0/security-groups/c236daae-387d-4261-8e49-b29dd1b9893a/tags/green => generated 99 bytes in 35 msecs (HTTP/1.1 404) 4 headers in 163 bytes (1 switches on core 0)
2026-04-28 08:43:41.730 8 WARNING tagging [None req-5ac67a9f-7eed-4f41-b1b0-c5ee6cca5c97 0c3db95854354f4fb9a6165b4d00acb0 16a59a5139484804b0f2fbc177acb283 - - default default] project_id key not found in request, using tenant_id instead. This support has been deprecated and will be removed in a future release. [pid: 8|app: 0|req: 1374/2772] 10.0.0.41 () {32 vars in 756 bytes} [Tue Apr 28 08:43:41 2026] DELETE /v2.0/security-groups/c236daae-387d-4261-8e49-b29dd1b9893a/tags/red => generated 0 bytes in 56 msecs (HTTP/1.1 204) 2 headers in 112 bytes (1 switches on core 0)
2026-04-28 08:43:41.793 8 WARNING tagging [None req-e4a91f8b-cd0d-42f8-9b71-aa9d8d136641 0c3db95854354f4fb9a6165b4d00acb0 16a59a5139484804b0f2fbc177acb283 - - default default] project_id key not found in request, using tenant_id instead. This support has been deprecated and will be removed in a future release. [pid: 8|app: 0|req: 1375/2773] 10.0.0.41 () {32 vars in 745 bytes} [Tue Apr 28 08:43:41 2026] GET /v2.0/security-groups/c236daae-387d-4261-8e49-b29dd1b9893a/tags => generated 30 bytes in 63 msecs (HTTP/1.1 200) 4 headers in 156 bytes (1 switches on core 0)
2026-04-28 08:43:41.851 8 WARNING tagging [None req-1a52cfbc-bc03-4c70-b9a8-77d741057a96 0c3db95854354f4fb9a6165b4d00acb0 16a59a5139484804b0f2fbc177acb283 - - default default] project_id key not found in request, using tenant_id instead. This support has been deprecated and will be removed in a future release.
2026-04-28 08:43:41.864 8 INFO neutron.api.v2.resource [None req-1a52cfbc-bc03-4c70-b9a8-77d741057a96 0c3db95854354f4fb9a6165b4d00acb0 16a59a5139484804b0f2fbc177acb283 - - default default] delete failed (client error): The resource could not be found. [pid: 8|app: 0|req: 1376/2774] 10.0.0.41 () {32 vars in 760 bytes} [Tue Apr 28 08:43:41 2026] DELETE /v2.0/security-groups/c236daae-387d-4261-8e49-b29dd1b9893a/tags/green => generated 99 bytes in 35 msecs (HTTP/1.1 404) 4 headers in 163 bytes (1 switches on core 0)
2026-04-28 08:43:41.900 8 WARNING tagging [None req-d69d300f-c8b7-4c61-bd51-3b2fa72a2c1f 0c3db95854354f4fb9a6165b4d00acb0 16a59a5139484804b0f2fbc177acb283 - - default default] project_id key not found in request, using tenant_id instead. This support has been deprecated and will be removed in a future release. [pid: 8|app: 0|req: 1379/2777] 10.0.0.41 () {32 vars in 748 bytes} [Tue Apr 28 08:43:41 2026] DELETE /v2.0/security-groups/c236daae-387d-4261-8e49-b29dd1b9893a/tags => generated 0 bytes in 53 msecs (HTTP/1.1 204) 2 headers in 112 bytes (1 switches on core 0)
2026-04-28 08:43:41.964 8 WARNING tagging [None req-e15d1b09-d8e7-4ced-a8b3-44659f34eb6e 0c3db95854354f4fb9a6165b4d00acb0 16a59a5139484804b0f2fbc177acb283 - - default default] project_id key not found in request, using tenant_id instead. This support has been deprecated and will be removed in a future release. [pid: 8|app: 0|req: 1380/2778] 10.0.0.41 () {32 vars in 745 bytes} [Tue Apr 28 08:43:41 2026] GET /v2.0/security-groups/c236daae-387d-4261-8e49-b29dd1b9893a/tags => generated 12 bytes in 63 msecs (HTTP/1.1 200) 4 headers in 156 bytes (1 switches on core 0)
2026-04-28 08:43:42.008 7 INFO neutron_taas.services.taas.taas_plugin [None req-58ec209a-20b5-4327-acc3-215e1083dab0 38e7bfad92f14895b9e9d8fa0af31f89 09c8f41cd5944d01b1479da66017b071 - - default default] TaaS: Handle Delete Port: f7563889-075f-4f6b-99f5-afacf2a4d71c
2026-04-28 08:43:42.011 7 INFO neutron_taas.services.taas.tap_mirror_plugin [None req-58ec209a-20b5-4327-acc3-215e1083dab0 38e7bfad92f14895b9e9d8fa0af31f89 09c8f41cd5944d01b1479da66017b071 - - default default] Tap Mirror: Handle Delete Port: f7563889-075f-4f6b-99f5-afacf2a4d71c [pid: 8|app: 0|req: 1381/2779] 10.0.0.41 () {32 vars in 738 bytes} [Tue Apr 28 08:43:42 2026] DELETE /v2.0/security-groups/c236daae-387d-4261-8e49-b29dd1b9893a => generated 0 bytes in 175 msecs (HTTP/1.1 204) 2 headers in 112 bytes (1 switches on core 0)
2026-04-28 08:43:42.493 8 WARNING neutron.db.securitygroups_db [None req-18e0e601-0f04-4ff9-83aa-e1c95c09b8d6 9484efbc45b9421a93dbfbc72591a2e3 3168251623fd41d1a36ef23621ddd66c - - default default] project_id key not found in filters, using tenant_id instead. This support has been deprecated and will be removed in a future release. [pid: 7|app: 0|req: 1399/2780] 10.0.0.41 () {34 vars in 787 bytes} [Tue Apr 28 08:43:41 2026] PUT /v2.0/routers/8843dd34-1561-4de2-87a9-b63f36334806/remove_router_interface => generated 310 bytes in 994 msecs (HTTP/1.1 200) 4 headers in 157 bytes (1 switches on core 0) /var/lib/openstack/lib/python3.12/site-packages/pycadf/identifier.py:70: UserWarning: Invalid uuid: neutron. To ensure interoperability, identifiers should be a valid uuid. warnings.warn(('Invalid uuid: %s. To ensure interoperability, '
2026-04-28 08:43:42.651 8 INFO neutron.db.ovn_revision_numbers_db [None req-18e0e601-0f04-4ff9-83aa-e1c95c09b8d6 9484efbc45b9421a93dbfbc72591a2e3 3168251623fd41d1a36ef23621ddd66c - - default default] Successfully bumped revision number for resource 1647a96e-b5f2-4d00-acac-f7c4e0a27cf0 (type: security_groups) to 1
2026-04-28 08:43:42.670 8 INFO neutron.db.ovn_revision_numbers_db [None req-18e0e601-0f04-4ff9-83aa-e1c95c09b8d6 9484efbc45b9421a93dbfbc72591a2e3 3168251623fd41d1a36ef23621ddd66c - - default default] Successfully bumped revision number for resource 2ebb0017-d2f0-4838-b02a-cc0d1690b5f0 (type: security_group_rules) to 0
2026-04-28 08:43:42.685 8 INFO neutron.db.ovn_revision_numbers_db [None req-18e0e601-0f04-4ff9-83aa-e1c95c09b8d6 9484efbc45b9421a93dbfbc72591a2e3 3168251623fd41d1a36ef23621ddd66c - - default default] Successfully bumped revision number for resource 6ca3b959-97b8-49bb-b5a4-063c16bc5ac5 (type: security_group_rules) to 0
2026-04-28 08:43:42.699 8 INFO neutron.db.ovn_revision_numbers_db [None req-18e0e601-0f04-4ff9-83aa-e1c95c09b8d6 9484efbc45b9421a93dbfbc72591a2e3 3168251623fd41d1a36ef23621ddd66c - - default default] Successfully bumped revision number for resource 9d84cba7-1d33-46b8-8645-518b9ba29975 (type: security_group_rules) to 0
2026-04-28 08:43:42.720 8 INFO neutron.db.ovn_revision_numbers_db [None req-18e0e601-0f04-4ff9-83aa-e1c95c09b8d6 9484efbc45b9421a93dbfbc72591a2e3 3168251623fd41d1a36ef23621ddd66c - - default default] Successfully bumped revision number for resource a88b1ac1-622c-4a4e-825b-c779b3dde949 (type: security_group_rules) to 0 [pid: 8|app: 0|req: 1382/2781] 10.0.0.41 () {32 vars in 772 bytes} [Tue Apr 28 08:43:42 2026] GET /v2.0/security-groups?tenant_id=42f292880ea1401f8f916223d9c04ba3&name=default => generated 2929 bytes in 448 msecs (HTTP/1.1 200) 4 headers in 158 bytes (1 switches on core 0)
2026-04-28 08:43:42.927 7 INFO neutron_taas.services.taas.taas_plugin [None req-1ba9b83f-c64f-45a1-98b4-995685859d75 38e7bfad92f14895b9e9d8fa0af31f89 09c8f41cd5944d01b1479da66017b071 - - default default] TaaS: Handle Delete Port: 3ceb8cba-3c66-4216-bcf8-522f6a02fc28
2026-04-28 08:43:42.931 7 INFO neutron_taas.services.taas.tap_mirror_plugin [None req-1ba9b83f-c64f-45a1-98b4-995685859d75 38e7bfad92f14895b9e9d8fa0af31f89 09c8f41cd5944d01b1479da66017b071 - - default default] Tap Mirror: Handle Delete Port: 3ceb8cba-3c66-4216-bcf8-522f6a02fc28 [pid: 8|app: 0|req: 1383/2782] 10.0.0.41 () {32 vars in 738 bytes} [Tue Apr 28 08:43:42 2026] DELETE /v2.0/security-groups/1647a96e-b5f2-4d00-acac-f7c4e0a27cf0 => generated 0 bytes in 201 msecs (HTTP/1.1 204) 2 headers in 112 bytes (1 switches on core 0)
2026-04-28 08:43:43.022 8 INFO neutron.services.segments.plugin [-] Segment 8d90e79b-2171-49c1-945f-37de4bd4b5a0 resource provider aggregate not found
2026-04-28 08:43:43.036 8 INFO neutron.services.segments.plugin [-] Segment 8d90e79b-2171-49c1-945f-37de4bd4b5a0 resource provider not found; error: Placement Client Error (4xx): {"errors": [{"status": 404, "title": "Not Found", "detail": "The resource could not be found.\n\n No resource provider with uuid 8d90e79b-2171-49c1-945f-37de4bd4b5a0 found for delete ", "request_id": "req-9b9ff10d-1b03-4d8c-be4c-27ce024a022d"}]}
2026-04-28 08:43:43.082 8 WARNING neutron.db.securitygroups_db [None req-09d0b534-0f15-4195-88c7-fbc536d65471 9484efbc45b9421a93dbfbc72591a2e3 3168251623fd41d1a36ef23621ddd66c - - default default] project_id key not found in filters, using tenant_id instead. This support has been deprecated and will be removed in a future release.
2026-04-28 08:43:43.132 8 INFO neutron.services.segments.plugin [-] Segment 8d90e79b-2171-49c1-945f-37de4bd4b5a0 resource provider aggregate not found
2026-04-28 08:43:43.158 8 INFO neutron.services.segments.plugin [-] Segment 8d90e79b-2171-49c1-945f-37de4bd4b5a0 resource provider not found; error: Placement Client Error (4xx): {"errors": [{"status": 404, "title": "Not Found", "detail": "The resource could not be found.\n\n No resource provider with uuid 8d90e79b-2171-49c1-945f-37de4bd4b5a0 found for delete ", "request_id": "req-916a8893-fab3-4c61-b314-d0bd92eeaad1"}]}
2026-04-28 08:43:43.242 8 INFO neutron.db.ovn_revision_numbers_db [None req-09d0b534-0f15-4195-88c7-fbc536d65471 9484efbc45b9421a93dbfbc72591a2e3 3168251623fd41d1a36ef23621ddd66c - - default default] Successfully bumped revision number for resource 560926fc-9cf3-400d-b5dd-78922c091fa5 (type: security_groups) to 1
2026-04-28 08:43:43.254 8 INFO neutron.db.ovn_revision_numbers_db [None req-09d0b534-0f15-4195-88c7-fbc536d65471 9484efbc45b9421a93dbfbc72591a2e3 3168251623fd41d1a36ef23621ddd66c - - default default] Successfully bumped revision number for resource 5881c1c0-bcd0-496f-af35-39cb5060a28e (type: security_group_rules) to 0
2026-04-28 08:43:43.267 8 INFO neutron.db.ovn_revision_numbers_db [None req-09d0b534-0f15-4195-88c7-fbc536d65471 9484efbc45b9421a93dbfbc72591a2e3 3168251623fd41d1a36ef23621ddd66c - - default default] Successfully bumped revision number for resource 59c2e177-5752-4069-996d-715ea24f9acc (type: security_group_rules) to 0
2026-04-28 08:43:43.282 8 INFO neutron.db.ovn_revision_numbers_db [None req-09d0b534-0f15-4195-88c7-fbc536d65471 9484efbc45b9421a93dbfbc72591a2e3 3168251623fd41d1a36ef23621ddd66c - - default default] Successfully bumped revision number for resource 6bb840a2-642f-4386-9102-fffbd4f0958c (type: security_group_rules) to 0
2026-04-28 08:43:43.295 8 INFO neutron.db.ovn_revision_numbers_db [None req-09d0b534-0f15-4195-88c7-fbc536d65471 9484efbc45b9421a93dbfbc72591a2e3 3168251623fd41d1a36ef23621ddd66c - - default default] Successfully bumped revision number for resource f8e66451-7ef1-4c78-90d3-735e4f3ccebf (type: security_group_rules) to 0 [pid: 8|app: 0|req: 1384/2783] 10.0.0.41 () {32 vars in 772 bytes} [Tue Apr 28 08:43:42 2026] GET /v2.0/security-groups?tenant_id=3c4a1bf2d9aa41edade9f8d4159b98dd&name=default => generated 2929 bytes in 362 msecs (HTTP/1.1 200) 4 headers in 158 bytes (1 switches on core 0)
2026-04-28 08:43:43.352 8 WARNING neutron.db.securitygroups_db [None req-084c1863-52a7-4795-8d29-c4312716a483 9484efbc45b9421a93dbfbc72591a2e3 3168251623fd41d1a36ef23621ddd66c - - default default] project_id key not found in filters, using tenant_id instead. This support has been deprecated and will be removed in a future release. [pid: 7|app: 0|req: 1400/2784] 10.0.0.41 () {32 vars in 722 bytes} [Tue Apr 28 08:43:42 2026] DELETE /v2.0/routers/8843dd34-1561-4de2-87a9-b63f36334806 => generated 0 bytes in 794 msecs (HTTP/1.1 204) 2 headers in 112 bytes (1 switches on core 0)
2026-04-28 08:43:43.502 8 INFO neutron.db.ovn_revision_numbers_db [None req-084c1863-52a7-4795-8d29-c4312716a483 9484efbc45b9421a93dbfbc72591a2e3 3168251623fd41d1a36ef23621ddd66c - - default default] Successfully bumped revision number for resource 9ed02e26-7b2a-4c44-9898-7d42bbd5e47f (type: security_groups) to 1
2026-04-28 08:43:43.526 8 INFO neutron.db.ovn_revision_numbers_db [None req-084c1863-52a7-4795-8d29-c4312716a483 9484efbc45b9421a93dbfbc72591a2e3 3168251623fd41d1a36ef23621ddd66c - - default default] Successfully bumped revision number for resource 380f5fb9-8499-49fd-812b-44a4e0e73e1c (type: security_group_rules) to 0
2026-04-28 08:43:43.542 8 INFO neutron.db.ovn_revision_numbers_db [None req-084c1863-52a7-4795-8d29-c4312716a483 9484efbc45b9421a93dbfbc72591a2e3 3168251623fd41d1a36ef23621ddd66c - - default default] Successfully bumped revision number for resource 88427b9d-f639-481e-a542-36065dfc18be (type: security_group_rules) to 0
2026-04-28 08:43:43.557 8 INFO neutron.db.ovn_revision_numbers_db [None req-084c1863-52a7-4795-8d29-c4312716a483 9484efbc45b9421a93dbfbc72591a2e3 3168251623fd41d1a36ef23621ddd66c - - default default] Successfully bumped revision number for resource e889960e-9669-4a2b-ad5a-717e4c77a2e5 (type: security_group_rules) to 0
2026-04-28 08:43:43.573 8 INFO neutron.db.ovn_revision_numbers_db [None req-084c1863-52a7-4795-8d29-c4312716a483 9484efbc45b9421a93dbfbc72591a2e3 3168251623fd41d1a36ef23621ddd66c - - default default] Successfully bumped revision number for resource fc30c26d-ba7b-4fc2-bb03-c33d2df9dbb0 (type: security_group_rules) to 0 [pid: 7|app: 0|req: 1401/2785] 10.0.0.41 () {32 vars in 738 bytes} [Tue Apr 28 08:43:43 2026] DELETE /v2.0/security-groups/560926fc-9cf3-400d-b5dd-78922c091fa5 => generated 0 bytes in 212 msecs (HTTP/1.1 204) 2 headers in 112 bytes (1 switches on core 0)
2026-04-28 08:43:43.606 7 INFO neutron.api.v2.resource [None req-328dc7a1-bbb0-4677-9168-4ac192a197c1 38e7bfad92f14895b9e9d8fa0af31f89 09c8f41cd5944d01b1479da66017b071 - - default default] show failed (client error): The resource could not be found. [pid: 7|app: 0|req: 1402/2786] 10.0.0.41 () {32 vars in 719 bytes} [Tue Apr 28 08:43:43 2026] GET /v2.0/routers/34968c3f-cd6b-4f61-a08a-18152c6fc6fa => generated 135 bytes in 15 msecs (HTTP/1.1 404) 4 headers in 164 bytes (1 switches on core 0) [pid: 8|app: 0|req: 1385/2787] 10.0.0.41 () {32 vars in 772 bytes} [Tue Apr 28 08:43:43 2026] GET /v2.0/security-groups?tenant_id=b098b7e093c44edeacd2129fe011cd42&name=default => generated 2929 bytes in 267 msecs (HTTP/1.1 200) 4 headers in 158 bytes (1 switches on core 0) [pid: 7|app: 0|req: 1403/2788] 10.0.0.41 () {32 vars in 722 bytes} [Tue Apr 28 08:43:43 2026] DELETE /v2.0/subnets/1779a60d-edce-46bd-8d79-43d300fb4d0e => generated 0 bytes in 194 msecs (HTTP/1.1 204) 3 headers in 131 bytes (1 switches on core 0)
2026-04-28 08:43:43.809 7 WARNING neutron.db.securitygroups_db [None req-2aee1ccd-eb74-4270-b85b-8fb9771b2384 9484efbc45b9421a93dbfbc72591a2e3 3168251623fd41d1a36ef23621ddd66c - - default default] project_id key not found in filters, using tenant_id instead. This support has been deprecated and will be removed in a future release. [pid: 8|app: 0|req: 1386/2789] 10.0.0.41 () {32 vars in 738 bytes} [Tue Apr 28 08:43:43 2026] DELETE /v2.0/security-groups/9ed02e26-7b2a-4c44-9898-7d42bbd5e47f => generated 0 bytes in 199 msecs (HTTP/1.1 204) 2 headers in 112 bytes (1 switches on core 0) [pid: 7|app: 0|req: 1404/2790] 10.0.0.41 () {32 vars in 772 bytes} [Tue Apr 28 08:43:43 2026] GET /v2.0/security-groups?tenant_id=16a59a5139484804b0f2fbc177acb283&name=default => generated 2929 bytes in 31 msecs (HTTP/1.1 200) 4 headers in 158 bytes (1 switches on core 0) [pid: 8|app: 0|req: 1387/2791] 10.0.0.41 () {32 vars in 722 bytes} [Tue Apr 28 08:43:43 2026] DELETE /v2.0/subnets/d3f3f58e-f837-45df-b1b3-6677baf36b36 => generated 0 bytes in 194 msecs (HTTP/1.1 204) 3 headers in 131 bytes (1 switches on core 0)
2026-04-28 08:43:44.014 8 WARNING neutron.db.securitygroups_db [None req-0f88bd59-721a-479f-852d-19b90ac7b020 9484efbc45b9421a93dbfbc72591a2e3 3168251623fd41d1a36ef23621ddd66c - - default default] project_id key not found in filters, using tenant_id instead. This support has been deprecated and will be removed in a future release. [pid: 8|app: 0|req: 1388/2792] 10.0.0.41 () {32 vars in 772 bytes} [Tue Apr 28 08:43:44 2026] GET /v2.0/security-groups?tenant_id=2ec8a2a90c4949f594afc28c7e4b5d09&name=default => generated 2926 bytes in 34 msecs (HTTP/1.1 200) 4 headers in 158 bytes (1 switches on core 0) [pid: 7|app: 0|req: 1405/2793] 10.0.0.41 () {32 vars in 738 bytes} [Tue Apr 28 08:43:43 2026] DELETE /v2.0/security-groups/5804c20d-1019-45fc-a84b-79a55fc8ca82 => generated 0 bytes in 219 msecs (HTTP/1.1 204) 2 headers in 112 bytes (1 switches on core 0) [pid: 7|app: 0|req: 1406/2794] 10.0.0.41 () {32 vars in 738 bytes} [Tue Apr 28 08:43:44 2026] DELETE /v2.0/security-groups/ade98c66-ac98-45fb-91fb-574d84ca9d5d => generated 0 bytes in 166 msecs (HTTP/1.1 204) 2 headers in 112 bytes (1 switches on core 0) [pid: 8|app: 0|req: 1389/2795] 10.0.0.41 () {32 vars in 722 bytes} [Tue Apr 28 08:43:44 2026] DELETE /v2.0/subnets/3a17feed-7651-4a7c-a482-3220d76dfa4a => generated 0 bytes in 191 msecs (HTTP/1.1 204) 3 headers in 131 bytes (1 switches on core 0)
2026-04-28 08:43:44.257 7 INFO neutron.pecan_wsgi.hooks.translation [None req-7786ec83-7b6a-4036-9f83-8a9d53919436 38e7bfad92f14895b9e9d8fa0af31f89 09c8f41cd5944d01b1479da66017b071 - - default default] DELETE failed (client error): The resource could not be found. [pid: 7|app: 0|req: 1407/2796] 10.0.0.41 () {32 vars in 722 bytes} [Tue Apr 28 08:43:44 2026] DELETE /v2.0/subnets/d7e290e6-ca04-46ea-867a-e9a6141ae0d7 => generated 136 bytes in 21 msecs (HTTP/1.1 404) 4 headers in 164 bytes (1 switches on core 0)
2026-04-28 08:43:44.399 8 INFO neutron_taas.services.taas.taas_plugin [None req-83484944-956b-4b1c-b532-816abe4c08c8 38e7bfad92f14895b9e9d8fa0af31f89 09c8f41cd5944d01b1479da66017b071 - - default default] TaaS: Handle Delete Port: dad5a439-ff81-4ff8-bf73-caaf41baf508
2026-04-28 08:43:44.402 8 INFO neutron_taas.services.taas.tap_mirror_plugin [None req-83484944-956b-4b1c-b532-816abe4c08c8 38e7bfad92f14895b9e9d8fa0af31f89 09c8f41cd5944d01b1479da66017b071 - - default default] Tap Mirror: Handle Delete Port: dad5a439-ff81-4ff8-bf73-caaf41baf508 [pid: 7|app: 0|req: 1408/2797] 10.0.0.69 () {28 vars in 581 bytes} [Tue Apr 28 08:43:44 2026] GET /v2.0/routers => generated 15 bytes in 182 msecs (HTTP/1.1 200) 4 headers in 156 bytes (1 switches on core 0) [pid: 7|app: 0|req: 1409/2798] 10.0.0.69 () {28 vars in 622 bytes} [Tue Apr 28 08:43:44 2026] GET /v2.0/agents?binary=ovn-controller => generated 416 bytes in 35 msecs (HTTP/1.1 200) 4 headers in 157 bytes (1 switches on core 0) [pid: 8|app: 0|req: 1390/2799] 10.0.0.41 () {32 vars in 724 bytes} [Tue Apr 28 08:43:44 2026] DELETE /v2.0/networks/c0a8b28b-973d-4ec3-8b9e-fb99863d2e87 => generated 0 bytes in 415 msecs (HTTP/1.1 204) 3 headers in 131 bytes (1 switches on core 0) [pid: 7|app: 0|req: 1410/2800] 10.0.0.69 () {28 vars in 581 bytes} [Tue Apr 28 08:43:44 2026] GET /v2.0/subnets => generated 1308 bytes in 27 msecs (HTTP/1.1 200) 4 headers in 158 bytes (1 switches on core 0) [pid: 7|app: 0|req: 1411/2801] 10.0.0.69 () {28 vars in 589 bytes} [Tue Apr 28 08:43:44 2026] GET /v2.0/subnetpools => generated 19 bytes in 9 msecs (HTTP/1.1 200) 4 headers in 156 bytes (1 switches on core 0) [pid: 7|app: 0|req: 1412/2802] 10.0.0.69 () {28 vars in 589 bytes} [Tue Apr 28 08:43:44 2026] GET /v2.0/floatingips => generated 19 bytes in 21 msecs (HTTP/1.1 200) 4 headers in 156 bytes (1 switches on core 0) [pid: 7|app: 0|req: 1413/2803] 10.0.0.69 () {28 vars in 583 bytes} [Tue Apr 28 08:43:44 2026] GET /v2.0/networks => generated 3777 bytes in 77 msecs (HTTP/1.1 200) 4 headers in 158 bytes (1 switches on core 0)
2026-04-28 08:43:44.849 8 INFO neutron_taas.services.taas.taas_plugin [None req-d88aabd7-26bf-4670-89b0-f1a71ee4c083 38e7bfad92f14895b9e9d8fa0af31f89 09c8f41cd5944d01b1479da66017b071 - - default default] TaaS: Handle Delete Port: 5f26aab8-865e-4304-b1eb-0be5e0b46094
2026-04-28 08:43:44.852 8 INFO neutron_taas.services.taas.tap_mirror_plugin [None req-d88aabd7-26bf-4670-89b0-f1a71ee4c083 38e7bfad92f14895b9e9d8fa0af31f89 09c8f41cd5944d01b1479da66017b071 - - default default] Tap Mirror: Handle Delete Port: 5f26aab8-865e-4304-b1eb-0be5e0b46094 [pid: 7|app: 0|req: 1414/2804] 10.0.0.69 () {28 vars in 577 bytes} [Tue Apr 28 08:43:44 2026] GET /v2.0/ports => generated 6969 bytes in 64 msecs (HTTP/1.1 200) 4 headers in 158 bytes (1 switches on core 0) [pid: 7|app: 0|req: 1415/2805] 10.0.0.69 () {28 vars in 617 bytes} [Tue Apr 28 08:43:44 2026] GET /v2.0/network-ip-availabilities => generated 2700 bytes in 20 msecs (HTTP/1.1 200) 4 headers in 158 bytes (1 switches on core 0) [pid: 7|app: 0|req: 1416/2806] 10.0.0.69 () {28 vars in 579 bytes} [Tue Apr 28 08:43:44 2026] GET /v2.0/agents => generated 1214 bytes in 14 msecs (HTTP/1.1 200) 4 headers in 158 bytes (1 switches on core 0) [pid: 7|app: 0|req: 1417/2807] 10.0.0.69 () {28 vars in 597 bytes} [Tue Apr 28 08:43:44 2026] GET /v2.0/security-groups => generated 20301 bytes in 83 msecs (HTTP/1.1 200) 4 headers in 159 bytes (1 switches on core 0)
2026-04-28 08:43:45.060 8 INFO neutron.services.segments.plugin [-] Segment 7340a7cc-8f6f-4b93-89e5-d9ca4db43452 resource provider aggregate not found
2026-04-28 08:43:45.082 8 INFO neutron.services.segments.plugin [-] Segment 7340a7cc-8f6f-4b93-89e5-d9ca4db43452 resource provider not found; error: Placement Client Error (4xx): {"errors": [{"status": 404, "title": "Not Found", "detail": "The resource could not be found.\n\n No resource provider with uuid 7340a7cc-8f6f-4b93-89e5-d9ca4db43452 found for delete ", "request_id": "req-34ac53d7-99e2-4cc3-9210-a73ae9247c96"}]} [pid: 7|app: 0|req: 1418/2808] 10.0.0.69 () {28 vars in 581 bytes} [Tue Apr 28 08:43:45 2026] GET /v2.0/subnets => generated 1308 bytes in 47 msecs (HTTP/1.1 200) 4 headers in 158 bytes (1 switches on core 0) [pid: 8|app: 0|req: 1391/2809] 10.0.0.41 () {32 vars in 724 bytes} [Tue Apr 28 08:43:44 2026] DELETE /v2.0/networks/b8948f3e-0dbc-4482-a7ff-3f79d21b4f6e => generated 0 bytes in 485 msecs (HTTP/1.1 204) 3 headers in 131 bytes (1 switches on core 0)
2026-04-28 08:43:45.180 8 INFO neutron.services.segments.plugin [-] Segment 7340a7cc-8f6f-4b93-89e5-d9ca4db43452 resource provider aggregate not found
2026-04-28 08:43:45.196 8 INFO neutron.services.segments.plugin [-] Segment 7340a7cc-8f6f-4b93-89e5-d9ca4db43452 resource provider not found; error: Placement Client Error (4xx): {"errors": [{"status": 404, "title": "Not Found", "detail": "The resource could not be found.\n\n No resource provider with uuid 7340a7cc-8f6f-4b93-89e5-d9ca4db43452 found for delete ", "request_id": "req-78968601-2aaa-450f-844b-9cfc944cac85"}]}
2026-04-28 08:43:45.216 8 INFO neutron.services.segments.plugin [-] Segment 46f83318-a865-403e-b0b5-694cea14660a resource provider aggregate not found
2026-04-28 08:43:45.238 8 INFO neutron.services.segments.plugin [-] Segment 46f83318-a865-403e-b0b5-694cea14660a resource provider not found; error: Placement Client Error (4xx): {"errors": [{"status": 404, "title": "Not Found", "detail": "The resource could not be found.\n\n No resource provider with uuid 46f83318-a865-403e-b0b5-694cea14660a found for delete ", "request_id": "req-c827cf1e-dc41-4451-8eea-d9ba0cc43c8a"}]}
2026-04-28 08:43:45.308 7 INFO neutron_taas.services.taas.taas_plugin [None req-552abb8b-ae2b-40fe-85b5-0be386798e47 38e7bfad92f14895b9e9d8fa0af31f89 09c8f41cd5944d01b1479da66017b071 - - default default] TaaS: Handle Delete Port: 60026d06-d262-4e5d-976e-c174a68be8fd
2026-04-28 08:43:45.311 7 INFO neutron_taas.services.taas.tap_mirror_plugin [None req-552abb8b-ae2b-40fe-85b5-0be386798e47 38e7bfad92f14895b9e9d8fa0af31f89 09c8f41cd5944d01b1479da66017b071 - - default default] Tap Mirror: Handle Delete Port: 60026d06-d262-4e5d-976e-c174a68be8fd
2026-04-28 08:43:45.528 7 INFO neutron.services.segments.plugin [-] Segment 8729a024-7402-4b52-ac64-e3288fa42dab resource provider aggregate not found
2026-04-28 08:43:45.529 7 INFO neutron.services.segments.plugin [-] Segment 8729a024-7402-4b52-ac64-e3288fa42dab resource provider aggregate not found
2026-04-28 08:43:45.550 7 INFO neutron.services.segments.plugin [-] Segment 8729a024-7402-4b52-ac64-e3288fa42dab resource provider not found; error: Placement Client Error (4xx): {"errors": [{"status": 404, "title": "Not Found", "detail": "The resource could not be found.\n\n No resource provider with uuid 8729a024-7402-4b52-ac64-e3288fa42dab found for delete ", "request_id": "req-1bee2852-52ba-4797-99cf-f2e8570e9801"}]}
2026-04-28 08:43:45.576 7 INFO neutron.services.segments.plugin [-] Segment 8729a024-7402-4b52-ac64-e3288fa42dab resource provider not found; error: Placement Client Error (4xx): {"errors": [{"status": 404, "title": "Not Found", "detail": "The resource could not be found.\n\n No resource provider with uuid 8729a024-7402-4b52-ac64-e3288fa42dab found for delete ", "request_id": "req-68bdd889-8245-46bd-9964-adea14d75c46"}]} [pid: 7|app: 0|req: 1419/2810] 10.0.0.41 () {32 vars in 724 bytes} [Tue Apr 28 08:43:45 2026] DELETE /v2.0/networks/a9441142-9585-4003-af6f-09df5436b6bf => generated 0 bytes in 431 msecs (HTTP/1.1 204) 3 headers in 131 bytes (1 switches on core 0)
2026-04-28 08:43:45.636 8 INFO neutron.pecan_wsgi.hooks.translation [None req-65a9e84d-6384-4130-bd9a-d7b3e7fbcea5 38e7bfad92f14895b9e9d8fa0af31f89 09c8f41cd5944d01b1479da66017b071 - - default default] DELETE failed (client error): The resource could not be found. [pid: 8|app: 0|req: 1392/2811] 10.0.0.41 () {32 vars in 724 bytes} [Tue Apr 28 08:43:45 2026] DELETE /v2.0/networks/7394b935-ad72-4a33-80b6-ad671df82f91 => generated 138 bytes in 24 msecs (HTTP/1.1 404) 4 headers in 164 bytes (1 switches on core 0)
2026-04-28 08:43:46.380 7 WARNING neutron.db.securitygroups_db [None req-baac49db-f713-4ff8-9217-2294afbfe793 9484efbc45b9421a93dbfbc72591a2e3 3168251623fd41d1a36ef23621ddd66c - - default default] project_id key not found in filters, using tenant_id instead. This support has been deprecated and will be removed in a future release. [pid: 7|app: 0|req: 1420/2812] 10.0.0.41 () {32 vars in 772 bytes} [Tue Apr 28 08:43:46 2026] GET /v2.0/security-groups?tenant_id=09c8f41cd5944d01b1479da66017b071&name=default => generated 2925 bytes in 128 msecs (HTTP/1.1 200) 4 headers in 158 bytes (1 switches on core 0) [pid: 8|app: 0|req: 1393/2813] 10.0.0.41 () {32 vars in 738 bytes} [Tue Apr 28 08:43:46 2026] DELETE /v2.0/security-groups/3b7a1ba7-5265-4d2c-bc68-4438a1befde3 => generated 0 bytes in 209 msecs (HTTP/1.1 204) 2 headers in 112 bytes (1 switches on core 0)
2026-04-28 08:43:46.738 7 WARNING neutron.db.securitygroups_db [None req-cfe704f1-d25e-4e9e-8c24-4f6b028199f7 9484efbc45b9421a93dbfbc72591a2e3 3168251623fd41d1a36ef23621ddd66c - - default default] project_id key not found in filters, using tenant_id instead. This support has been deprecated and will be removed in a future release.
2026-04-28 08:43:46.853 7 INFO neutron.db.ovn_revision_numbers_db [None req-cfe704f1-d25e-4e9e-8c24-4f6b028199f7 9484efbc45b9421a93dbfbc72591a2e3 3168251623fd41d1a36ef23621ddd66c - - default default] Successfully bumped revision number for resource 8b136f45-ef85-46b8-9de8-6a3a8d55f5d4 (type: security_groups) to 1
2026-04-28 08:43:46.866 7 INFO neutron.db.ovn_revision_numbers_db [None req-cfe704f1-d25e-4e9e-8c24-4f6b028199f7 9484efbc45b9421a93dbfbc72591a2e3 3168251623fd41d1a36ef23621ddd66c - - default default] Successfully bumped revision number for resource 461ddbff-4087-4756-a0bd-06f232e711d8 (type: security_group_rules) to 0
2026-04-28 08:43:46.878 7 INFO neutron.db.ovn_revision_numbers_db [None req-cfe704f1-d25e-4e9e-8c24-4f6b028199f7 9484efbc45b9421a93dbfbc72591a2e3 3168251623fd41d1a36ef23621ddd66c - - default default] Successfully bumped revision number for resource 5c23dfc7-2e88-4270-80b0-616072a5abf6 (type: security_group_rules) to 0
2026-04-28 08:43:46.889 7 INFO neutron.db.ovn_revision_numbers_db [None req-cfe704f1-d25e-4e9e-8c24-4f6b028199f7 9484efbc45b9421a93dbfbc72591a2e3 3168251623fd41d1a36ef23621ddd66c - - default default] Successfully bumped revision number for resource 8e1d4129-07f1-46ea-ba2c-5909af2cb7f2 (type: security_group_rules) to 0
2026-04-28 08:43:46.906 7 INFO neutron.db.ovn_revision_numbers_db [None req-cfe704f1-d25e-4e9e-8c24-4f6b028199f7 9484efbc45b9421a93dbfbc72591a2e3 3168251623fd41d1a36ef23621ddd66c - - default default] Successfully bumped revision number for resource e41b4c64-5836-49a7-8a7d-3c9ba5a4ed12 (type: security_group_rules) to 0 [pid: 7|app: 0|req: 1421/2814] 10.0.0.41 () {32 vars in 772 bytes} [Tue Apr 28 08:43:46 2026] GET /v2.0/security-groups?tenant_id=9fa3178a00f840db8081377c57e40138&name=default => generated 2929 bytes in 215 msecs (HTTP/1.1 200) 4 headers in 158 bytes (1 switches on core 0)
2026-04-28 08:43:47.106 8 INFO neutron.services.segments.plugin [-] Segment 46f83318-a865-403e-b0b5-694cea14660a resource provider aggregate not found
2026-04-28 08:43:47.128 8 INFO neutron.services.segments.plugin [-] Segment 46f83318-a865-403e-b0b5-694cea14660a resource provider not found; error: Placement Client Error (4xx): {"errors": [{"status": 404, "title": "Not Found", "detail": "The resource could not be found.\n\n No resource provider with uuid 46f83318-a865-403e-b0b5-694cea14660a found for delete ", "request_id": "req-ae747885-f6c9-42eb-a214-9f0188c6f297"}]} [pid: 8|app: 0|req: 1394/2815] 10.0.0.41 () {32 vars in 738 bytes} [Tue Apr 28 08:43:46 2026] DELETE /v2.0/security-groups/8b136f45-ef85-46b8-9de8-6a3a8d55f5d4 => generated 0 bytes in 209 msecs (HTTP/1.1 204) 2 headers in 112 bytes (1 switches on core 0)
2026-04-28 08:43:48.991 7 INFO neutron.db.ovn_revision_numbers_db [None req-8ddad6e0-0398-4e11-95f4-fe33448ae222 896c435348f043d29da7d48a65eef9d8 404b168f96a64d07963f01c85729e140 - - default default] Successfully bumped revision number for resource 8dc43377-08e5-4443-b5b3-7f2b11fccc4a (type: security_groups) to 1
2026-04-28 08:43:49.004 7 INFO neutron.db.ovn_revision_numbers_db [None req-8ddad6e0-0398-4e11-95f4-fe33448ae222 896c435348f043d29da7d48a65eef9d8 404b168f96a64d07963f01c85729e140 - - default default] Successfully bumped revision number for resource 6d7ad269-cdc6-40fc-be71-738cc9b0f199 (type: security_group_rules) to 0
2026-04-28 08:43:49.015 7 INFO neutron.db.ovn_revision_numbers_db [None req-8ddad6e0-0398-4e11-95f4-fe33448ae222 896c435348f043d29da7d48a65eef9d8 404b168f96a64d07963f01c85729e140 - - default default] Successfully bumped revision number for resource 7882c78f-5a64-4a30-9953-b44900486c35 (type: security_group_rules) to 0
2026-04-28 08:43:49.028 7 INFO neutron.db.ovn_revision_numbers_db [None req-8ddad6e0-0398-4e11-95f4-fe33448ae222 896c435348f043d29da7d48a65eef9d8 404b168f96a64d07963f01c85729e140 - - default default] Successfully bumped revision number for resource b519614a-69ed-4e25-9e68-961270cfa941 (type: security_group_rules) to 0
2026-04-28 08:43:49.044 7 INFO neutron.db.ovn_revision_numbers_db [None req-8ddad6e0-0398-4e11-95f4-fe33448ae222 896c435348f043d29da7d48a65eef9d8 404b168f96a64d07963f01c85729e140 - - default default] Successfully bumped revision number for resource b607e5b3-2ce8-4480-98bd-a30f4337672b (type: security_group_rules) to 0
2026-04-28 08:43:49.175 7 INFO neutron.db.ovn_revision_numbers_db [None req-8ddad6e0-0398-4e11-95f4-fe33448ae222 896c435348f043d29da7d48a65eef9d8 404b168f96a64d07963f01c85729e140 - - default default] Successfully bumped revision number for resource 37522d2b-54d3-496d-abe1-97edf4cf1822 (type: security_groups) to 1
2026-04-28 08:43:49.184 7 INFO neutron.db.ovn_revision_numbers_db [None req-8ddad6e0-0398-4e11-95f4-fe33448ae222 896c435348f043d29da7d48a65eef9d8 404b168f96a64d07963f01c85729e140 - - default default] Successfully bumped revision number for resource 6380cb53-7165-437f-b5f1-ca109f49c7aa (type: security_group_rules) to 0
2026-04-28 08:43:49.197 7 INFO neutron.db.ovn_revision_numbers_db [None req-8ddad6e0-0398-4e11-95f4-fe33448ae222 896c435348f043d29da7d48a65eef9d8 404b168f96a64d07963f01c85729e140 - - default default] Successfully bumped revision number for resource 7b5754c7-3a01-4e23-a452-57af3869d82e (type: security_group_rules) to 0 [pid: 7|app: 0|req: 1422/2816] 10.0.0.41 () {34 vars in 682 bytes} [Tue Apr 28 08:43:48 2026] POST /v2.0/security-groups => generated 1603 bytes in 557 msecs (HTTP/1.1 201) 4 headers in 163 bytes (1 switches on core 0)
2026-04-28 08:43:49.367 8 INFO neutron.db.ovn_revision_numbers_db [None req-be1462b4-8842-4a5c-a6e2-a76f31420d9c 896c435348f043d29da7d48a65eef9d8 404b168f96a64d07963f01c85729e140 - - default default] Successfully bumped revision number for resource 942c4755-efc2-4ddb-81cf-d339117305c4 (type: security_groups) to 1
2026-04-28 08:43:49.378 8 INFO neutron.db.ovn_revision_numbers_db [None req-be1462b4-8842-4a5c-a6e2-a76f31420d9c 896c435348f043d29da7d48a65eef9d8 404b168f96a64d07963f01c85729e140 - - default default] Successfully bumped revision number for resource 7f3f2277-0339-4188-be63-7169cb90f806 (type: security_group_rules) to 0
2026-04-28 08:43:49.391 8 INFO neutron.db.ovn_revision_numbers_db [None req-be1462b4-8842-4a5c-a6e2-a76f31420d9c 896c435348f043d29da7d48a65eef9d8 404b168f96a64d07963f01c85729e140 - - default default] Successfully bumped revision number for resource b0411f42-c23d-42b9-a100-fe1245f41350 (type: security_group_rules) to 0 [pid: 8|app: 0|req: 1395/2817] 10.0.0.41 () {34 vars in 682 bytes} [Tue Apr 28 08:43:49 2026] POST /v2.0/security-groups => generated 1603 bytes in 195 msecs (HTTP/1.1 201) 4 headers in 163 bytes (1 switches on core 0)
2026-04-28 08:43:49.559 7 INFO neutron.db.ovn_revision_numbers_db [None req-2c6f79a0-bb07-4666-beb5-5ca50b1cb560 896c435348f043d29da7d48a65eef9d8 404b168f96a64d07963f01c85729e140 - - default default] Successfully bumped revision number for resource 4fc170e0-5c55-4f87-9c94-013303059be9 (type: security_groups) to 1
2026-04-28 08:43:49.576 7 INFO neutron.db.ovn_revision_numbers_db [None req-2c6f79a0-bb07-4666-beb5-5ca50b1cb560 896c435348f043d29da7d48a65eef9d8 404b168f96a64d07963f01c85729e140 - - default default] Successfully bumped revision number for resource 2d247939-38a1-439b-8a72-54c1d36514f1 (type: security_group_rules) to 0
2026-04-28 08:43:49.589 7 INFO neutron.db.ovn_revision_numbers_db [None req-2c6f79a0-bb07-4666-beb5-5ca50b1cb560 896c435348f043d29da7d48a65eef9d8 404b168f96a64d07963f01c85729e140 - - default default] Successfully bumped revision number for resource ef6e2297-bf47-431a-bfb1-7b76c1c71561 (type: security_group_rules) to 0 [pid: 7|app: 0|req: 1423/2818] 10.0.0.41 () {34 vars in 682 bytes} [Tue Apr 28 08:43:49 2026] POST /v2.0/security-groups => generated 1603 bytes in 184 msecs (HTTP/1.1 201) 4 headers in 163 bytes (1 switches on core 0)
2026-04-28 08:43:49.739 8 INFO neutron.db.ovn_revision_numbers_db [None req-39b4552e-4ddf-411a-a58c-feef4c57bb28 896c435348f043d29da7d48a65eef9d8 404b168f96a64d07963f01c85729e140 - - default default] Successfully bumped revision number for resource 81c7ffba-a544-491c-ba4d-808cad179cb8 (type: security_groups) to 1
2026-04-28 08:43:49.751 8 INFO neutron.db.ovn_revision_numbers_db [None req-39b4552e-4ddf-411a-a58c-feef4c57bb28 896c435348f043d29da7d48a65eef9d8 404b168f96a64d07963f01c85729e140 - - default default] Successfully bumped revision number for resource 0118eb36-141e-4773-af99-35798ed17892 (type: security_group_rules) to 0
2026-04-28 08:43:49.763 8 INFO neutron.db.ovn_revision_numbers_db [None req-39b4552e-4ddf-411a-a58c-feef4c57bb28 896c435348f043d29da7d48a65eef9d8 404b168f96a64d07963f01c85729e140 - - default default] Successfully bumped revision number for resource e2ed01be-5d1a-4ec1-b708-e2fa7d624aeb (type: security_group_rules) to 0 [pid: 8|app: 0|req: 1396/2819] 10.0.0.41 () {34 vars in 682 bytes} [Tue Apr 28 08:43:49 2026] POST /v2.0/security-groups => generated 1603 bytes in 169 msecs (HTTP/1.1 201) 4 headers in 163 bytes (1 switches on core 0)
2026-04-28 08:43:49.927 7 INFO neutron.db.ovn_revision_numbers_db [None req-3e1e80ad-2fc0-43f0-a82d-7d64c3a0f111 896c435348f043d29da7d48a65eef9d8 404b168f96a64d07963f01c85729e140 - - default default] Successfully bumped revision number for resource 1f9428b0-eeba-4a14-bd59-bf12340f9b54 (type: security_groups) to 1
2026-04-28 08:43:49.945 7 INFO neutron.db.ovn_revision_numbers_db [None req-3e1e80ad-2fc0-43f0-a82d-7d64c3a0f111 896c435348f043d29da7d48a65eef9d8 404b168f96a64d07963f01c85729e140 - - default default] Successfully bumped revision number for resource 633499fe-6cc2-418f-968a-6b720745b1be (type: security_group_rules) to 0
2026-04-28 08:43:49.958 7 INFO neutron.db.ovn_revision_numbers_db [None req-3e1e80ad-2fc0-43f0-a82d-7d64c3a0f111 896c435348f043d29da7d48a65eef9d8 404b168f96a64d07963f01c85729e140 - - default default] Successfully bumped revision number for resource ad833d3c-4055-4f32-84f1-c1c8f72f4f7b (type: security_group_rules) to 0 [pid: 7|app: 0|req: 1424/2820] 10.0.0.41 () {34 vars in 682 bytes} [Tue Apr 28 08:43:49 2026] POST /v2.0/security-groups => generated 1603 bytes in 206 msecs (HTTP/1.1 201) 4 headers in 163 bytes (1 switches on core 0)
2026-04-28 08:43:50.039 8 WARNING tagging [None req-fbd9bc39-684f-4db0-b80c-6047d3fc9eaa 896c435348f043d29da7d48a65eef9d8 404b168f96a64d07963f01c85729e140 - - default default] project_id key not found in request, using tenant_id instead. This support has been deprecated and will be removed in a future release. [pid: 8|app: 0|req: 1397/2821] 10.0.0.41 () {34 vars in 765 bytes} [Tue Apr 28 08:43:50 2026] PUT /v2.0/security-groups/37522d2b-54d3-496d-abe1-97edf4cf1822/tags => generated 17 bytes in 44 msecs (HTTP/1.1 200) 4 headers in 156 bytes (1 switches on core 0)
2026-04-28 08:43:50.092 7 WARNING tagging [None req-60fa1a92-46b2-4d74-a504-c88eba6b9c23 896c435348f043d29da7d48a65eef9d8 404b168f96a64d07963f01c85729e140 - - default default] project_id key not found in request, using tenant_id instead. This support has been deprecated and will be removed in a future release. [pid: 7|app: 0|req: 1425/2822] 10.0.0.41 () {34 vars in 765 bytes} [Tue Apr 28 08:43:50 2026] PUT /v2.0/security-groups/942c4755-efc2-4ddb-81cf-d339117305c4/tags => generated 25 bytes in 53 msecs (HTTP/1.1 200) 4 headers in 156 bytes (1 switches on core 0)
2026-04-28 08:43:50.152 8 WARNING tagging [None req-7b668687-feba-45d5-b50b-cfc3607a9cde 896c435348f043d29da7d48a65eef9d8 404b168f96a64d07963f01c85729e140 - - default default] project_id key not found in request, using tenant_id instead. This support has been deprecated and will be removed in a future release. [pid: 8|app: 0|req: 1398/2823] 10.0.0.41 () {34 vars in 765 bytes} [Tue Apr 28 08:43:50 2026] PUT /v2.0/security-groups/4fc170e0-5c55-4f87-9c94-013303059be9/tags => generated 34 bytes in 55 msecs (HTTP/1.1 200) 4 headers in 156 bytes (1 switches on core 0)
