Apr 03 03:09:17.023276 np0000163379 devstack@neutron-api.service[102269]: DEBUG neutron.plugins.ml2.drivers.ovn.mech_driver.ovsdb.maintenance [-] Touching Hash Ring node "a3658c7f802c515db52bef8ff2897d67" from periodic health check thread {{(pid=102269) touch_hash_ring_node /opt/stack/neutron/neutron/plugins/ml2/drivers/ovn/mech_driver/ovsdb/maintenance.py:1232}}
Apr 03 03:09:17.073040 np0000163379 devstack@neutron-api.service[102270]: DEBUG futurist.periodics [-] Submitting periodic callback 'neutron.plugins.ml2.drivers.ovn.mech_driver.ovsdb.maintenance.HashRingHealthCheckPeriodics.touch_hash_ring_node' {{(pid=102270) _process_scheduled /opt/stack/data/venv/lib/python3.12/site-packages/futurist/periodics.py:784}}
Apr 03 03:09:17.074122 np0000163379 devstack@neutron-api.service[102270]: DEBUG neutron.plugins.ml2.drivers.ovn.mech_driver.ovsdb.maintenance [-] Touching Hash Ring node "19707ebed43e532f9ced71fbb98c1c85" from periodic health check thread {{(pid=102270) touch_hash_ring_node /opt/stack/neutron/neutron/plugins/ml2/drivers/ovn/mech_driver/ovsdb/maintenance.py:1232}}
Apr 03 03:09:17.085987 np0000163379 devstack@neutron-api.service[102268]: DEBUG futurist.periodics [-] Submitting periodic callback 'neutron.plugins.ml2.drivers.ovn.mech_driver.ovsdb.maintenance.HashRingHealthCheckPeriodics.touch_hash_ring_node' {{(pid=102268) _process_scheduled /opt/stack/data/venv/lib/python3.12/site-packages/futurist/periodics.py:784}}
Apr 03 03:09:17.087383 np0000163379 devstack@neutron-api.service[102268]: DEBUG neutron.plugins.ml2.drivers.ovn.mech_driver.ovsdb.maintenance [-] Touching Hash Ring node "f711e2975ab25f9b91c1fd05ba5374c0" from periodic health check thread {{(pid=102268) touch_hash_ring_node /opt/stack/neutron/neutron/plugins/ml2/drivers/ovn/mech_driver/ovsdb/maintenance.py:1232}}
Apr 03 03:09:26.311000 np0000163379 devstack@neutron-api.service[102271]: DEBUG dbcounter [-] [102271] Writing DB stats neutron:UPDATE=1,neutron:SELECT=1 {{(pid=102271) stat_writer /opt/stack/data/venv/lib/python3.12/site-packages/dbcounter.py:115}}
Apr 03 03:09:27.035236 np0000163379 devstack@neutron-api.service[102269]: DEBUG dbcounter [-] [102269] Writing DB stats neutron:UPDATE=1,neutron:SELECT=1 {{(pid=102269) stat_writer /opt/stack/data/venv/lib/python3.12/site-packages/dbcounter.py:115}}
Apr 03 03:09:27.088584 np0000163379 devstack@neutron-api.service[102270]: DEBUG dbcounter [-] [102270] Writing DB stats neutron:UPDATE=1,neutron:SELECT=1 {{(pid=102270) stat_writer /opt/stack/data/venv/lib/python3.12/site-packages/dbcounter.py:115}}
Apr 03 03:09:27.099855 np0000163379 devstack@neutron-api.service[102268]: DEBUG dbcounter [-] [102268] Writing DB stats neutron:UPDATE=1,neutron:SELECT=1 {{(pid=102268) stat_writer /opt/stack/data/venv/lib/python3.12/site-packages/dbcounter.py:115}}
Apr 03 03:09:31.299012 np0000163379 devstack@neutron-api.service[102271]: DEBUG futurist.periodics [-] Submitting periodic callback 'neutron.plugins.ml2.drivers.ovn.mech_driver.ovsdb.maintenance.HashRingHealthCheckPeriodics.touch_hash_ring_node' {{(pid=102271) _process_scheduled /opt/stack/data/venv/lib/python3.12/site-packages/futurist/periodics.py:784}}
Apr 03 03:09:31.300704 np0000163379 devstack@neutron-api.service[102271]: DEBUG neutron.plugins.ml2.drivers.ovn.mech_driver.ovsdb.maintenance [-] Touching Hash Ring node "0839a4e472c05caeb55b6b375ed73d9d" from periodic health check thread {{(pid=102271) touch_hash_ring_node /opt/stack/neutron/neutron/plugins/ml2/drivers/ovn/mech_driver/ovsdb/maintenance.py:1232}}
Apr 03 03:09:32.023539 np0000163379 devstack@neutron-api.service[102269]: DEBUG futurist.periodics [-] Submitting periodic callback 'neutron.plugins.ml2.drivers.ovn.mech_driver.ovsdb.maintenance.HashRingHealthCheckPeriodics.touch_hash_ring_node' {{(pid=102269) _process_scheduled /opt/stack/data/venv/lib/python3.12/site-packages/futurist/periodics.py:784}}
Apr 03 03:09:32.024717 np0000163379 devstack@neutron-api.service[102269]: DEBUG neutron.plugins.ml2.drivers.ovn.mech_driver.ovsdb.maintenance [-] Touching Hash Ring node "a3658c7f802c515db52bef8ff2897d67" from periodic health check thread {{(pid=102269) touch_hash_ring_node /opt/stack/neutron/neutron/plugins/ml2/drivers/ovn/mech_driver/ovsdb/maintenance.py:1232}}
Apr 03 03:09:32.074297 np0000163379 devstack@neutron-api.service[102270]: DEBUG futurist.periodics [-] Submitting periodic callback 'neutron.plugins.ml2.drivers.ovn.mech_driver.ovsdb.maintenance.HashRingHealthCheckPeriodics.touch_hash_ring_node' {{(pid=102270) _process_scheduled /opt/stack/data/venv/lib/python3.12/site-packages/futurist/periodics.py:784}}
Apr 03 03:09:32.075282 np0000163379 devstack@neutron-api.service[102270]: DEBUG neutron.plugins.ml2.drivers.ovn.mech_driver.ovsdb.maintenance [-] Touching Hash Ring node "19707ebed43e532f9ced71fbb98c1c85" from periodic health check thread {{(pid=102270) touch_hash_ring_node /opt/stack/neutron/neutron/plugins/ml2/drivers/ovn/mech_driver/ovsdb/maintenance.py:1232}}
Apr 03 03:09:32.087375 np0000163379 devstack@neutron-api.service[102268]: DEBUG futurist.periodics [-] Submitting periodic callback 'neutron.plugins.ml2.drivers.ovn.mech_driver.ovsdb.maintenance.HashRingHealthCheckPeriodics.touch_hash_ring_node' {{(pid=102268) _process_scheduled /opt/stack/data/venv/lib/python3.12/site-packages/futurist/periodics.py:784}}
Apr 03 03:09:32.088115 np0000163379 devstack@neutron-api.service[102268]: DEBUG neutron.plugins.ml2.drivers.ovn.mech_driver.ovsdb.maintenance [-] Touching Hash Ring node "f711e2975ab25f9b91c1fd05ba5374c0" from periodic health check thread {{(pid=102268) touch_hash_ring_node /opt/stack/neutron/neutron/plugins/ml2/drivers/ovn/mech_driver/ovsdb/maintenance.py:1232}}
Apr 03 03:09:41.337665 np0000163379 devstack@neutron-api.service[102271]: DEBUG dbcounter [-] [102271] Writing DB stats neutron:UPDATE=1,neutron:SELECT=1 {{(pid=102271) stat_writer /opt/stack/data/venv/lib/python3.12/site-packages/dbcounter.py:115}}
Apr 03 03:09:42.038620 np0000163379 devstack@neutron-api.service[102269]: DEBUG dbcounter [-] [102269] Writing DB stats neutron:UPDATE=1,neutron:SELECT=1 {{(pid=102269) stat_writer /opt/stack/data/venv/lib/python3.12/site-packages/dbcounter.py:115}}
Apr 03 03:09:42.085150 np0000163379 devstack@neutron-api.service[102270]: DEBUG dbcounter [-] [102270] Writing DB stats neutron:UPDATE=1,neutron:SELECT=1 {{(pid=102270) stat_writer /opt/stack/data/venv/lib/python3.12/site-packages/dbcounter.py:115}}
Apr 03 03:09:42.099675 np0000163379 devstack@neutron-api.service[102268]: DEBUG dbcounter [-] [102268] Writing DB stats neutron:UPDATE=1,neutron:SELECT=1 {{(pid=102268) stat_writer /opt/stack/data/venv/lib/python3.12/site-packages/dbcounter.py:115}}
Apr 03 03:09:46.300683 np0000163379 devstack@neutron-api.service[102271]: DEBUG futurist.periodics [-] Submitting periodic callback 'neutron.plugins.ml2.drivers.ovn.mech_driver.ovsdb.maintenance.HashRingHealthCheckPeriodics.touch_hash_ring_node' {{(pid=102271) _process_scheduled /opt/stack/data/venv/lib/python3.12/site-packages/futurist/periodics.py:784}}
Apr 03 03:09:46.302389 np0000163379 devstack@neutron-api.service[102271]: DEBUG neutron.plugins.ml2.drivers.ovn.mech_driver.ovsdb.maintenance [-] Touching Hash Ring node "0839a4e472c05caeb55b6b375ed73d9d" from periodic health check thread {{(pid=102271) touch_hash_ring_node /opt/stack/neutron/neutron/plugins/ml2/drivers/ovn/mech_driver/ovsdb/maintenance.py:1232}}
Apr 03 03:09:47.024812 np0000163379 devstack@neutron-api.service[102269]: DEBUG futurist.periodics [-] Submitting periodic callback 'neutron.plugins.ml2.drivers.ovn.mech_driver.ovsdb.maintenance.HashRingHealthCheckPeriodics.touch_hash_ring_node' {{(pid=102269) _process_scheduled /opt/stack/data/venv/lib/python3.12/site-packages/futurist/periodics.py:784}}
Apr 03 03:09:47.026001 np0000163379 devstack@neutron-api.service[102269]: DEBUG neutron.plugins.ml2.drivers.ovn.mech_driver.ovsdb.maintenance [-] Touching Hash Ring node "a3658c7f802c515db52bef8ff2897d67" from periodic health check thread {{(pid=102269) touch_hash_ring_node /opt/stack/neutron/neutron/plugins/ml2/drivers/ovn/mech_driver/ovsdb/maintenance.py:1232}}
Apr 03 03:09:47.075576 np0000163379 devstack@neutron-api.service[102270]: DEBUG futurist.periodics [-] Submitting periodic callback 'neutron.plugins.ml2.drivers.ovn.mech_driver.ovsdb.maintenance.HashRingHealthCheckPeriodics.touch_hash_ring_node' {{(pid=102270) _process_scheduled /opt/stack/data/venv/lib/python3.12/site-packages/futurist/periodics.py:784}}
Apr 03 03:09:47.076467 np0000163379 devstack@neutron-api.service[102270]: DEBUG neutron.plugins.ml2.drivers.ovn.mech_driver.ovsdb.maintenance [-] Touching Hash Ring node "19707ebed43e532f9ced71fbb98c1c85" from periodic health check thread {{(pid=102270) touch_hash_ring_node /opt/stack/neutron/neutron/plugins/ml2/drivers/ovn/mech_driver/ovsdb/maintenance.py:1232}}
Apr 03 03:09:47.088450 np0000163379 devstack@neutron-api.service[102268]: DEBUG futurist.periodics [-] Submitting periodic callback 'neutron.plugins.ml2.drivers.ovn.mech_driver.ovsdb.maintenance.HashRingHealthCheckPeriodics.touch_hash_ring_node' {{(pid=102268) _process_scheduled /opt/stack/data/venv/lib/python3.12/site-packages/futurist/periodics.py:784}}
Apr 03 03:09:47.089697 np0000163379 devstack@neutron-api.service[102268]: DEBUG neutron.plugins.ml2.drivers.ovn.mech_driver.ovsdb.maintenance [-] Touching Hash Ring node "f711e2975ab25f9b91c1fd05ba5374c0" from periodic health check thread {{(pid=102268) touch_hash_ring_node /opt/stack/neutron/neutron/plugins/ml2/drivers/ovn/mech_driver/ovsdb/maintenance.py:1232}}
Apr 03 03:09:48.848501 np0000163379 devstack@neutron-api.service[102268]: /opt/stack/neutron/neutron/extensions/quotasv2.py:134: UserWarning: "--check-limit" parameter is no longer needed since Epoxy (2025.1) release. By default, Neutron quota engine checks the resource usage before updating the limits
Apr 03 03:09:48.848501 np0000163379 devstack@neutron-api.service[102268]: warnings.warn('"--check-limit" parameter is no longer needed '
Apr 03 03:09:48.849478 np0000163379 devstack@neutron-api.service[102268]: DEBUG neutron.api.v2.base [None req-96ca9c9d-9ede-4ac4-bf5d-06c7a8f79585 admin admin] Request body: {'quota': {'security_group': 100}} {{(pid=102268) prepare_request_body /opt/stack/neutron/neutron/api/v2/base.py:729}}
Apr 03 03:09:48.875838 np0000163379 devstack@neutron-api.service[102268]: [pid: 102268|app: 0|req: 22/88] 199.19.213.219 () {68 vars in 1449 bytes} [Fri Apr 3 03:09:48 2026] PUT /networking/v2.0/quotas/34ac448f36a44bbbb6eba20677d7c5f5 => generated 175 bytes in 162 msecs (HTTP/1.1 200) 4 headers in 157 bytes (1 switches on core 0)
Apr 03 03:09:49.182837 np0000163379 devstack@neutron-api.service[102270]: /opt/stack/neutron/neutron/extensions/quotasv2.py:134: UserWarning: "--check-limit" parameter is no longer needed since Epoxy (2025.1) release. By default, Neutron quota engine checks the resource usage before updating the limits
Apr 03 03:09:49.182837 np0000163379 devstack@neutron-api.service[102270]: warnings.warn('"--check-limit" parameter is no longer needed '
Apr 03 03:09:49.183480 np0000163379 devstack@neutron-api.service[102270]: DEBUG neutron.api.v2.base [None req-a78f3d87-838d-44e0-95db-eb126d308cbf admin admin] Request body: {'quota': {'security_group_rule': 1000}} {{(pid=102270) prepare_request_body /opt/stack/neutron/neutron/api/v2/base.py:729}}
Apr 03 03:09:49.203845 np0000163379 devstack@neutron-api.service[102270]: [pid: 102270|app: 0|req: 22/89] 199.19.213.219 () {68 vars in 1449 bytes} [Fri Apr 3 03:09:49 2026] PUT /networking/v2.0/quotas/34ac448f36a44bbbb6eba20677d7c5f5 => generated 176 bytes in 28 msecs (HTTP/1.1 200) 4 headers in 157 bytes (1 switches on core 0)
Apr 03 03:09:56.313733 np0000163379 devstack@neutron-api.service[102271]: DEBUG dbcounter [-] [102271] Writing DB stats neutron:UPDATE=1,neutron:SELECT=1 {{(pid=102271) stat_writer /opt/stack/data/venv/lib/python3.12/site-packages/dbcounter.py:115}}
Apr 03 03:09:57.036096 np0000163379 devstack@neutron-api.service[102269]: DEBUG dbcounter [-] [102269] Writing DB stats neutron:UPDATE=1,neutron:SELECT=1 {{(pid=102269) stat_writer /opt/stack/data/venv/lib/python3.12/site-packages/dbcounter.py:115}}
Apr 03 03:09:58.874650 np0000163379 devstack@neutron-api.service[102268]: DEBUG dbcounter [-] [102268] Writing DB stats neutron:UPDATE=1,neutron:SELECT=5,neutron:INSERT=1 {{(pid=102268) stat_writer /opt/stack/data/venv/lib/python3.12/site-packages/dbcounter.py:115}}
Apr 03 03:09:59.202349 np0000163379 devstack@neutron-api.service[102270]: DEBUG dbcounter [-] [102270] Writing DB stats neutron:UPDATE=1,neutron:SELECT=5,neutron:INSERT=1 {{(pid=102270) stat_writer /opt/stack/data/venv/lib/python3.12/site-packages/dbcounter.py:115}}
Apr 03 03:10:01.302607 np0000163379 devstack@neutron-api.service[102271]: DEBUG futurist.periodics [-] Submitting periodic callback 'neutron.plugins.ml2.drivers.ovn.mech_driver.ovsdb.maintenance.HashRingHealthCheckPeriodics.touch_hash_ring_node' {{(pid=102271) _process_scheduled /opt/stack/data/venv/lib/python3.12/site-packages/futurist/periodics.py:784}}
Apr 03 03:10:01.303637 np0000163379 devstack@neutron-api.service[102271]: DEBUG neutron.plugins.ml2.drivers.ovn.mech_driver.ovsdb.maintenance [-] Touching Hash Ring node "0839a4e472c05caeb55b6b375ed73d9d" from periodic health check thread {{(pid=102271) touch_hash_ring_node /opt/stack/neutron/neutron/plugins/ml2/drivers/ovn/mech_driver/ovsdb/maintenance.py:1232}}
Apr 03 03:10:02.026338 np0000163379 devstack@neutron-api.service[102269]: DEBUG futurist.periodics [-] Submitting periodic callback 'neutron.plugins.ml2.drivers.ovn.mech_driver.ovsdb.maintenance.HashRingHealthCheckPeriodics.touch_hash_ring_node' {{(pid=102269) _process_scheduled /opt/stack/data/venv/lib/python3.12/site-packages/futurist/periodics.py:784}}
Apr 03 03:10:02.028775 np0000163379 devstack@neutron-api.service[102269]: DEBUG neutron.plugins.ml2.drivers.ovn.mech_driver.ovsdb.maintenance [-] Touching Hash Ring node "a3658c7f802c515db52bef8ff2897d67" from periodic health check thread {{(pid=102269) touch_hash_ring_node /opt/stack/neutron/neutron/plugins/ml2/drivers/ovn/mech_driver/ovsdb/maintenance.py:1232}}
Apr 03 03:10:02.076831 np0000163379 devstack@neutron-api.service[102270]: DEBUG futurist.periodics [-] Submitting periodic callback 'neutron.plugins.ml2.drivers.ovn.mech_driver.ovsdb.maintenance.HashRingHealthCheckPeriodics.touch_hash_ring_node' {{(pid=102270) _process_scheduled /opt/stack/data/venv/lib/python3.12/site-packages/futurist/periodics.py:784}}
Apr 03 03:10:02.077663 np0000163379 devstack@neutron-api.service[102270]: DEBUG neutron.plugins.ml2.drivers.ovn.mech_driver.ovsdb.maintenance [-] Touching Hash Ring node "19707ebed43e532f9ced71fbb98c1c85" from periodic health check thread {{(pid=102270) touch_hash_ring_node /opt/stack/neutron/neutron/plugins/ml2/drivers/ovn/mech_driver/ovsdb/maintenance.py:1232}}
Apr 03 03:10:02.089845 np0000163379 devstack@neutron-api.service[102268]: DEBUG futurist.periodics [-] Submitting periodic callback 'neutron.plugins.ml2.drivers.ovn.mech_driver.ovsdb.maintenance.HashRingHealthCheckPeriodics.touch_hash_ring_node' {{(pid=102268) _process_scheduled /opt/stack/data/venv/lib/python3.12/site-packages/futurist/periodics.py:784}}
Apr 03 03:10:02.091213 np0000163379 devstack@neutron-api.service[102268]: DEBUG neutron.plugins.ml2.drivers.ovn.mech_driver.ovsdb.maintenance [-] Touching Hash Ring node "f711e2975ab25f9b91c1fd05ba5374c0" from periodic health check thread {{(pid=102268) touch_hash_ring_node /opt/stack/neutron/neutron/plugins/ml2/drivers/ovn/mech_driver/ovsdb/maintenance.py:1232}}
Apr 03 03:10:03.687901 np0000163379 devstack@neutron-api.service[102271]: DEBUG neutron.pecan_wsgi.hooks.policy_enforcement [None req-74870474-4c76-4dc8-a0a3-c354e381760e admin admin] Attributes excluded by policy engine: ['standard_attr_id'] {{(pid=102271) _exclude_attributes_by_policy /opt/stack/neutron/neutron/pecan_wsgi/hooks/policy_enforcement.py:258}}
Apr 03 03:10:03.690458 np0000163379 devstack@neutron-api.service[102271]: DEBUG neutron.pecan_wsgi.hooks.policy_enforcement [None req-74870474-4c76-4dc8-a0a3-c354e381760e admin admin] Attributes excluded by policy engine: ['standard_attr_id'] {{(pid=102271) _exclude_attributes_by_policy /opt/stack/neutron/neutron/pecan_wsgi/hooks/policy_enforcement.py:258}}
Apr 03 03:10:03.691124 np0000163379 devstack@neutron-api.service[102271]: [pid: 102271|app: 0|req: 24/90] 199.19.213.219 () {64 vars in 1378 bytes} [Fri Apr 3 03:10:03 2026] GET /networking/v2.0/ports?device_owner=network%3Adistributed => generated 1650 bytes in 98 msecs (HTTP/1.1 200) 4 headers in 158 bytes (1 switches on core 0)
Apr 03 03:10:04.457725 np0000163379 devstack@neutron-api.service[102270]: DEBUG neutron.common.ovn.hash_ring_manager [None req-6c9fc8de-499a-443e-b55e-33e4f22cde9b None None] Hash Ring loaded. 4 active nodes. 0 offline nodes {{(pid=102270) _load_hash_ring /opt/stack/neutron/neutron/common/ovn/hash_ring_manager.py:102}}
Apr 03 03:10:04.458395 np0000163379 devstack@neutron-api.service[102268]: DEBUG neutron.common.ovn.hash_ring_manager [None req-717cadbf-84b9-4354-ab72-193a39fb9b8b None None] Hash Ring loaded. 4 active nodes. 0 offline nodes {{(pid=102268) _load_hash_ring /opt/stack/neutron/neutron/common/ovn/hash_ring_manager.py:102}}
Apr 03 03:10:04.458395 np0000163379 devstack@neutron-api.service[102268]: DEBUG neutron.plugins.ml2.drivers.ovn.mech_driver.ovsdb.ovsdb_monitor [None req-717cadbf-84b9-4354-ab72-193a39fb9b8b None None] Hash Ring: Node f711e2975ab25f9b91c1fd05ba5374c0 (host: np0000163379) handling event "update" for row 593c1f81-d9bc-4286-82a1-1a31f631ca0d (table: Connection) {{(pid=102268) notify /opt/stack/neutron/neutron/plugins/ml2/drivers/ovn/mech_driver/ovsdb/ovsdb_monitor.py:912}}
Apr 03 03:10:04.460152 np0000163379 devstack@neutron-api.service[102271]: DEBUG neutron.common.ovn.hash_ring_manager [None req-86bf2454-bb35-4e54-aa16-40c909906912 None None] Hash Ring loaded. 4 active nodes. 0 offline nodes {{(pid=102271) _load_hash_ring /opt/stack/neutron/neutron/common/ovn/hash_ring_manager.py:102}}
Apr 03 03:10:04.462921 np0000163379 devstack@neutron-api.service[102269]: DEBUG neutron.common.ovn.hash_ring_manager [None req-0dc8003c-83d8-447a-a8f1-418746cae482 None None] Hash Ring loaded. 4 active nodes. 0 offline nodes {{(pid=102269) _load_hash_ring /opt/stack/neutron/neutron/common/ovn/hash_ring_manager.py:102}}
Apr 03 03:10:06.952742 np0000163379 devstack@neutron-api.service[102268]: DEBUG neutron.plugins.ml2.drivers.ovn.mech_driver.ovsdb.ovsdb_monitor [None req-717cadbf-84b9-4354-ab72-193a39fb9b8b None None] Hash Ring: Node f711e2975ab25f9b91c1fd05ba5374c0 (host: np0000163379) handling event "update" for row 593c1f81-d9bc-4286-82a1-1a31f631ca0d (table: Connection) {{(pid=102268) notify /opt/stack/neutron/neutron/plugins/ml2/drivers/ovn/mech_driver/ovsdb/ovsdb_monitor.py:912}}
Apr 03 03:10:14.456372 np0000163379 devstack@neutron-api.service[102270]: DEBUG dbcounter [-] [102270] Writing DB stats neutron:UPDATE=1,neutron:SELECT=3 {{(pid=102270) stat_writer /opt/stack/data/venv/lib/python3.12/site-packages/dbcounter.py:115}}
Apr 03 03:10:14.456974 np0000163379 devstack@neutron-api.service[102268]: DEBUG dbcounter [-] [102268] Writing DB stats neutron:UPDATE=1,neutron:SELECT=3 {{(pid=102268) stat_writer /opt/stack/data/venv/lib/python3.12/site-packages/dbcounter.py:115}}
Apr 03 03:10:14.458982 np0000163379 devstack@neutron-api.service[102271]: DEBUG dbcounter [-] [102271] Writing DB stats neutron:UPDATE=1,neutron:SELECT=12 {{(pid=102271) stat_writer /opt/stack/data/venv/lib/python3.12/site-packages/dbcounter.py:115}}
Apr 03 03:10:14.461549 np0000163379 devstack@neutron-api.service[102269]: DEBUG dbcounter [-] [102269] Writing DB stats neutron:UPDATE=1,neutron:SELECT=3 {{(pid=102269) stat_writer /opt/stack/data/venv/lib/python3.12/site-packages/dbcounter.py:115}}
Apr 03 03:10:15.337988 np0000163379 devstack@neutron-api.service[102269]: INFO neutron.pecan_wsgi.hooks.translation [None req-7eafee32-cf62-4f67-8f9e-59b8ccc93c47 admin admin] GET failed (client error): The resource could not be found.
Apr 03 03:10:15.338823 np0000163379 devstack@neutron-api.service[102269]: [pid: 102269|app: 0|req: 23/91] 199.19.213.219 () {64 vars in 1334 bytes} [Fri Apr 3 03:10:15 2026] GET /networking/v2.0/networks/admin_net => generated 111 bytes in 13 msecs (HTTP/1.1 404) 4 headers in 164 bytes (1 switches on core 0)
Apr 03 03:10:15.374955 np0000163379 devstack@neutron-api.service[102268]: [pid: 102268|app: 0|req: 23/92] 199.19.213.219 () {64 vars in 1346 bytes} [Fri Apr 3 03:10:15 2026] GET /networking/v2.0/networks?name=admin_net => generated 15 bytes in 25 msecs (HTTP/1.1 200) 4 headers in 156 bytes (1 switches on core 0)
Apr 03 03:10:15.617541 np0000163379 devstack@neutron-api.service[102270]: DEBUG neutron.api.v2.base [None req-5d511f01-10bb-4361-b5be-22d8f5f276c9 admin admin] Request body: {'network': {'name': 'admin_net', 'project_id': '1586731d4b664806a7c9fad4f016ea1c', 'admin_state_up': True}} {{(pid=102270) prepare_request_body /opt/stack/neutron/neutron/api/v2/base.py:729}}
Apr 03 03:10:15.641503 np0000163379 devstack@neutron-api.service[102270]: DEBUG neutron.pecan_wsgi.hooks.quota_enforcement [None req-5d511f01-10bb-4361-b5be-22d8f5f276c9 admin admin] Made reservation on behalf of 1586731d4b664806a7c9fad4f016ea1c for: {'network': 1} {{(pid=102270) before /opt/stack/neutron/neutron/pecan_wsgi/hooks/quota_enforcement.py:66}}
Apr 03 03:10:15.645935 np0000163379 devstack@neutron-api.service[102270]: DEBUG neutron_lib.callbacks.manager [None req-5d511f01-10bb-4361-b5be-22d8f5f276c9 admin admin] Publish callbacks ['neutron.plugins.ml2.plugin.SecurityGroupDbMixin._ensure_default_security_group_handler-71821'] for network (None), before_create {{(pid=102270) _notify_loop /opt/stack/data/venv/lib/python3.12/site-packages/neutron_lib/callbacks/manager.py:184}}
Apr 03 03:10:15.651760 np0000163379 devstack@neutron-api.service[102270]: DEBUG neutron_lib.callbacks.manager [None req-5d511f01-10bb-4361-b5be-22d8f5f276c9 admin admin] Publish callbacks [] for security_group (None), before_create {{(pid=102270) _notify_loop /opt/stack/data/venv/lib/python3.12/site-packages/neutron_lib/callbacks/manager.py:184}}
Apr 03 03:10:15.726053 np0000163379 devstack@neutron-api.service[102270]: DEBUG neutron_lib.callbacks.manager [None req-5d511f01-10bb-4361-b5be-22d8f5f276c9 admin admin] Publish callbacks ['neutron.plugins.ml2.drivers.ovn.mech_driver.mech_driver.OVNMechanismDriver._create_security_group_precommit-3969916'] for security_group (51eb460a-c4bc-469d-a431-9f3f154179af), precommit_create {{(pid=102270) _notify_loop /opt/stack/data/venv/lib/python3.12/site-packages/neutron_lib/callbacks/manager.py:184}}
Apr 03 03:10:15.726333 np0000163379 devstack@neutron-api.service[102270]: DEBUG neutron.db.ovn_revision_numbers_db [None req-5d511f01-10bb-4361-b5be-22d8f5f276c9 admin admin] create_initial_revision uuid=51eb460a-c4bc-469d-a431-9f3f154179af, type=security_groups, rev=-1 {{(pid=102270) create_initial_revision /opt/stack/neutron/neutron/db/ovn_revision_numbers_db.py:98}}
Apr 03 03:10:15.728234 np0000163379 devstack@neutron-api.service[102270]: DEBUG neutron.db.ovn_revision_numbers_db [None req-5d511f01-10bb-4361-b5be-22d8f5f276c9 admin admin] create_initial_revision uuid=5eb9f5b3-23d3-458e-b869-b8fe561f3438, type=security_group_rules, rev=-1 {{(pid=102270) create_initial_revision /opt/stack/neutron/neutron/db/ovn_revision_numbers_db.py:98}}
Apr 03 03:10:15.729344 np0000163379 devstack@neutron-api.service[102270]: DEBUG neutron.db.ovn_revision_numbers_db [None req-5d511f01-10bb-4361-b5be-22d8f5f276c9 admin admin] create_initial_revision uuid=bb3fb940-d52d-4677-903a-85b7a6e773f9, type=security_group_rules, rev=-1 {{(pid=102270) create_initial_revision /opt/stack/neutron/neutron/db/ovn_revision_numbers_db.py:98}}
Apr 03 03:10:15.730404 np0000163379 devstack@neutron-api.service[102270]: DEBUG neutron.db.ovn_revision_numbers_db [None req-5d511f01-10bb-4361-b5be-22d8f5f276c9 admin admin] create_initial_revision uuid=e2d2dda4-0b54-408d-ac42-4e6a829376d1, type=security_group_rules, rev=-1 {{(pid=102270) create_initial_revision /opt/stack/neutron/neutron/db/ovn_revision_numbers_db.py:98}}
Apr 03 03:10:15.731558 np0000163379 devstack@neutron-api.service[102270]: DEBUG neutron.db.ovn_revision_numbers_db [None req-5d511f01-10bb-4361-b5be-22d8f5f276c9 admin admin] create_initial_revision uuid=e3e1e856-f414-4aa8-be82-3139158b14d7, type=security_group_rules, rev=-1 {{(pid=102270) create_initial_revision /opt/stack/neutron/neutron/db/ovn_revision_numbers_db.py:98}}
Apr 03 03:10:15.739064 np0000163379 devstack@neutron-api.service[102270]: DEBUG neutron_lib.callbacks.manager [None req-5d511f01-10bb-4361-b5be-22d8f5f276c9 admin admin] Publish callbacks ['neutron.plugins.ml2.drivers.ovn.mech_driver.mech_driver.OVNMechanismDriver._create_security_group-3969862', 'neutron.plugins.ml2.ovo_rpc._ObjectChangeHandler.handle_event-2659645'] for security_group (51eb460a-c4bc-469d-a431-9f3f154179af), after_create {{(pid=102270) _notify_loop /opt/stack/data/venv/lib/python3.12/site-packages/neutron_lib/callbacks/manager.py:184}}
Apr 03 03:10:15.740245 np0000163379 devstack@neutron-api.service[102270]: DEBUG ovsdbapp.backend.ovs_idl.transaction [None req-6c9fc8de-499a-443e-b55e-33e4f22cde9b None None] Running txn n=1 command(idx=0): PgAddCommand(_result=None, name=pg_51eb460a_c4bc_469d_a431_9f3f154179af, may_exist=False, columns={'acls': [], 'external_ids': {'neutron:security_group_id': '51eb460a-c4bc-469d-a431-9f3f154179af'}}) {{(pid=102270) do_commit /opt/stack/data/venv/lib/python3.12/site-packages/ovsdbapp/backend/ovs_idl/transaction.py:89}}
Apr 03 03:10:15.740466 np0000163379 devstack@neutron-api.service[102270]: DEBUG ovsdbapp.backend.ovs_idl.transaction [None req-6c9fc8de-499a-443e-b55e-33e4f22cde9b None None] Running txn n=1 command(idx=1): PgAclAddCommand(_result=None, entity=pg_51eb460a_c4bc_469d_a431_9f3f154179af, direction=to-lport, priority=1002, match=outport == @pg_51eb460a_c4bc_469d_a431_9f3f154179af && ip6 && ip6.src == $pg_51eb460a_c4bc_469d_a431_9f3f154179af_ip6, action=allow-related, log=False, may_exist=True, severity=[], name=[], meter=[], external_ids={'neutron:security_group_rule_id': '5eb9f5b3-23d3-458e-b869-b8fe561f3438'}) {{(pid=102270) do_commit /opt/stack/data/venv/lib/python3.12/site-packages/ovsdbapp/backend/ovs_idl/transaction.py:89}}
Apr 03 03:10:15.740754 np0000163379 devstack@neutron-api.service[102270]: DEBUG ovsdbapp.backend.ovs_idl.transaction [None req-6c9fc8de-499a-443e-b55e-33e4f22cde9b None None] Running txn n=1 command(idx=2): PgAclAddCommand(_result=None, entity=pg_51eb460a_c4bc_469d_a431_9f3f154179af, direction=to-lport, priority=1002, match=outport == @pg_51eb460a_c4bc_469d_a431_9f3f154179af && ip4 && ip4.src == $pg_51eb460a_c4bc_469d_a431_9f3f154179af_ip4, action=allow-related, log=False, may_exist=True, severity=[], name=[], meter=[], external_ids={'neutron:security_group_rule_id': 'bb3fb940-d52d-4677-903a-85b7a6e773f9'}) {{(pid=102270) do_commit /opt/stack/data/venv/lib/python3.12/site-packages/ovsdbapp/backend/ovs_idl/transaction.py:89}}
Apr 03 03:10:15.741097 np0000163379 devstack@neutron-api.service[102270]: DEBUG ovsdbapp.backend.ovs_idl.transaction [None req-6c9fc8de-499a-443e-b55e-33e4f22cde9b None None] Running txn n=1 command(idx=3): PgAclAddCommand(_result=None, entity=pg_51eb460a_c4bc_469d_a431_9f3f154179af, direction=from-lport, priority=1002, match=inport == @pg_51eb460a_c4bc_469d_a431_9f3f154179af && ip4, action=allow-related, log=False, may_exist=True, severity=[], name=[], meter=[], external_ids={'neutron:security_group_rule_id': 'e2d2dda4-0b54-408d-ac42-4e6a829376d1'}) {{(pid=102270) do_commit /opt/stack/data/venv/lib/python3.12/site-packages/ovsdbapp/backend/ovs_idl/transaction.py:89}}
Apr 03 03:10:15.741491 np0000163379 devstack@neutron-api.service[102270]: DEBUG ovsdbapp.backend.ovs_idl.transaction [None req-6c9fc8de-499a-443e-b55e-33e4f22cde9b None None] Running txn n=1 command(idx=4): PgAclAddCommand(_result=None, entity=pg_51eb460a_c4bc_469d_a431_9f3f154179af, direction=from-lport, priority=1002, match=inport == @pg_51eb460a_c4bc_469d_a431_9f3f154179af && ip6, action=allow-related, log=False, may_exist=True, severity=[], name=[], meter=[], external_ids={'neutron:security_group_rule_id': 'e3e1e856-f414-4aa8-be82-3139158b14d7'}) {{(pid=102270) do_commit /opt/stack/data/venv/lib/python3.12/site-packages/ovsdbapp/backend/ovs_idl/transaction.py:89}}
Apr 03 03:10:15.749466 np0000163379 devstack@neutron-api.service[102268]: DEBUG neutron.plugins.ml2.drivers.ovn.mech_driver.ovsdb.ovsdb_monitor [None req-717cadbf-84b9-4354-ab72-193a39fb9b8b None None] Hash Ring: Node f711e2975ab25f9b91c1fd05ba5374c0 (host: np0000163379) handling event "create" for row ae0600a3-e848-4f43-9566-52d0fbd24f31 (table: ACL) {{(pid=102268) notify /opt/stack/neutron/neutron/plugins/ml2/drivers/ovn/mech_driver/ovsdb/ovsdb_monitor.py:912}}
Apr 03 03:10:15.753060 np0000163379 devstack@neutron-api.service[102271]: DEBUG neutron.plugins.ml2.drivers.ovn.mech_driver.ovsdb.ovsdb_monitor [None req-86bf2454-bb35-4e54-aa16-40c909906912 None None] Hash Ring: Node 0839a4e472c05caeb55b6b375ed73d9d (host: np0000163379) handling event "create" for row 325d2c1f-df38-473e-b267-a8e24ac60235 (table: ACL) {{(pid=102271) notify /opt/stack/neutron/neutron/plugins/ml2/drivers/ovn/mech_driver/ovsdb/ovsdb_monitor.py:912}}
Apr 03 03:10:15.753060 np0000163379 devstack@neutron-api.service[102271]: DEBUG neutron.plugins.ml2.drivers.ovn.mech_driver.ovsdb.ovsdb_monitor [None req-86bf2454-bb35-4e54-aa16-40c909906912 None None] Hash Ring: Node 0839a4e472c05caeb55b6b375ed73d9d (host: np0000163379) handling event "create" for row 5887fb69-eddf-4d05-858c-d327641a8b47 (table: ACL) {{(pid=102271) notify /opt/stack/neutron/neutron/plugins/ml2/drivers/ovn/mech_driver/ovsdb/ovsdb_monitor.py:912}}
Apr 03 03:10:15.753060 np0000163379 devstack@neutron-api.service[102271]: DEBUG neutron.plugins.ml2.drivers.ovn.mech_driver.ovsdb.ovsdb_monitor [None req-86bf2454-bb35-4e54-aa16-40c909906912 None None] Hash Ring: Node 0839a4e472c05caeb55b6b375ed73d9d (host: np0000163379) handling event "create" for row ae37c613-719a-4b02-b1c7-37c76396578e (table: ACL) {{(pid=102271) notify /opt/stack/neutron/neutron/plugins/ml2/drivers/ovn/mech_driver/ovsdb/ovsdb_monitor.py:912}}
Apr 03 03:10:15.753589 np0000163379 devstack@neutron-api.service[102271]: DEBUG neutron.plugins.ml2.drivers.ovn.mech_driver.ovsdb.ovsdb_monitor [None req-86bf2454-bb35-4e54-aa16-40c909906912 None None] Hash Ring: Node 0839a4e472c05caeb55b6b375ed73d9d (host: np0000163379) handling event "create" for row 17b09ce1-9fee-46cb-8148-21e70ce84100 (table: Port_Group) {{(pid=102271) notify /opt/stack/neutron/neutron/plugins/ml2/drivers/ovn/mech_driver/ovsdb/ovsdb_monitor.py:912}}
Apr 03 03:10:15.769092 np0000163379 devstack@neutron-api.service[102270]: INFO neutron.db.ovn_revision_numbers_db [None req-5d511f01-10bb-4361-b5be-22d8f5f276c9 admin admin] Successfully bumped revision number for resource 51eb460a-c4bc-469d-a431-9f3f154179af (type: security_groups) to 1
Apr 03 03:10:15.782501 np0000163379 devstack@neutron-api.service[102270]: INFO neutron.db.ovn_revision_numbers_db [None req-5d511f01-10bb-4361-b5be-22d8f5f276c9 admin admin] Successfully bumped revision number for resource 5eb9f5b3-23d3-458e-b869-b8fe561f3438 (type: security_group_rules) to 0
Apr 03 03:10:15.795870 np0000163379 devstack@neutron-api.service[102270]: INFO neutron.db.ovn_revision_numbers_db [None req-5d511f01-10bb-4361-b5be-22d8f5f276c9 admin admin] Successfully bumped revision number for resource bb3fb940-d52d-4677-903a-85b7a6e773f9 (type: security_group_rules) to 0
Apr 03 03:10:15.808684 np0000163379 devstack@neutron-api.service[102270]: INFO neutron.db.ovn_revision_numbers_db [None req-5d511f01-10bb-4361-b5be-22d8f5f276c9 admin admin] Successfully bumped revision number for resource e2d2dda4-0b54-408d-ac42-4e6a829376d1 (type: security_group_rules) to 0
Apr 03 03:10:15.824017 np0000163379 devstack@neutron-api.service[102270]: INFO neutron.db.ovn_revision_numbers_db [None req-5d511f01-10bb-4361-b5be-22d8f5f276c9 admin admin] Successfully bumped revision number for resource e3e1e856-f414-4aa8-be82-3139158b14d7 (type: security_group_rules) to 0
Apr 03 03:10:15.850146 np0000163379 devstack@neutron-api.service[102270]: DEBUG neutron.api.rpc.handlers.resources_rpc [None req-5d511f01-10bb-4361-b5be-22d8f5f276c9 admin admin] Pushing event updated for resources: {'SecurityGroup': ['ID=51eb460a-c4bc-469d-a431-9f3f154179af,revision_number=1']} {{(pid=102270) push /opt/stack/neutron/neutron/api/rpc/handlers/resources_rpc.py:237}}
Apr 03 03:10:15.854730 np0000163379 devstack@neutron-api.service[102270]: DEBUG ovsdbapp.backend.ovs_idl.transaction [None req-6c9fc8de-499a-443e-b55e-33e4f22cde9b None None] Running txn n=1 command(idx=0): CheckLivenessCommand(_result=None) {{(pid=102270) do_commit /opt/stack/data/venv/lib/python3.12/site-packages/ovsdbapp/backend/ovs_idl/transaction.py:89}}
Apr 03 03:10:15.858132 np0000163379 devstack@neutron-api.service[102270]: DEBUG neutron.plugins.ml2.drivers.ovn.mech_driver.ovsdb.ovsdb_monitor [None req-6c9fc8de-499a-443e-b55e-33e4f22cde9b None None] Hash Ring: Node 19707ebed43e532f9ced71fbb98c1c85 (host: np0000163379) handling event "update" for row b983e876-e147-4bb2-bf11-8b1ba75e410c (table: NB_Global) {{(pid=102270) notify /opt/stack/neutron/neutron/plugins/ml2/drivers/ovn/mech_driver/ovsdb/ovsdb_monitor.py:912}}
Apr 03 03:10:15.863838 np0000163379 devstack@neutron-api.service[102268]: DEBUG neutron.plugins.ml2.drivers.ovn.mech_driver.ovsdb.ovsdb_monitor [None req-80552125-1d0a-4469-9915-1060f5ff15d5 None None] ChassisAgentWriteEvent : Matched Chassis_Private, update, None None {{(pid=102268) matches /opt/stack/neutron/neutron/plugins/ml2/drivers/ovn/mech_driver/ovsdb/ovsdb_monitor.py:64}}
Apr 03 03:10:15.864153 np0000163379 devstack@neutron-api.service[102271]: DEBUG neutron.plugins.ml2.drivers.ovn.mech_driver.ovsdb.ovsdb_monitor [None req-44d2f92d-1300-4461-a09f-fa067268e967 None None] ChassisAgentWriteEvent : Matched Chassis_Private, update, None None {{(pid=102271) matches /opt/stack/neutron/neutron/plugins/ml2/drivers/ovn/mech_driver/ovsdb/ovsdb_monitor.py:64}}
Apr 03 03:10:15.864963 np0000163379 devstack@neutron-api.service[102269]: DEBUG neutron.plugins.ml2.drivers.ovn.mech_driver.ovsdb.ovsdb_monitor [None req-28663e7b-146d-47bb-bef5-67375c3fd570 None None] ChassisAgentWriteEvent : Matched Chassis_Private, update, None None {{(pid=102269) matches /opt/stack/neutron/neutron/plugins/ml2/drivers/ovn/mech_driver/ovsdb/ovsdb_monitor.py:64}}
Apr 03 03:10:15.865591 np0000163379 devstack@neutron-api.service[102270]: DEBUG neutron.plugins.ml2.drivers.ovn.mech_driver.ovsdb.ovsdb_monitor [None req-6c9fc8de-499a-443e-b55e-33e4f22cde9b None None] Hash Ring: Node 19707ebed43e532f9ced71fbb98c1c85 (host: np0000163379) handling event "update" for row b983e876-e147-4bb2-bf11-8b1ba75e410c (table: NB_Global) {{(pid=102270) notify /opt/stack/neutron/neutron/plugins/ml2/drivers/ovn/mech_driver/ovsdb/ovsdb_monitor.py:912}}
Apr 03 03:10:15.867865 np0000163379 devstack@neutron-api.service[102270]: DEBUG neutron.plugins.ml2.drivers.ovn.mech_driver.ovsdb.ovsdb_monitor [None req-6c9fc8de-499a-443e-b55e-33e4f22cde9b None None] Hash Ring: Node 19707ebed43e532f9ced71fbb98c1c85 (host: np0000163379) handling event "update" for row b983e876-e147-4bb2-bf11-8b1ba75e410c (table: NB_Global) {{(pid=102270) notify /opt/stack/neutron/neutron/plugins/ml2/drivers/ovn/mech_driver/ovsdb/ovsdb_monitor.py:912}}
Apr 03 03:10:15.868732 np0000163379 devstack@neutron-api.service[102270]: DEBUG neutron.plugins.ml2.drivers.ovn.mech_driver.ovsdb.ovsdb_monitor [None req-6c9fc8de-499a-443e-b55e-33e4f22cde9b None None] Hash Ring: Node 19707ebed43e532f9ced71fbb98c1c85 (host: np0000163379) handling event "update" for row b983e876-e147-4bb2-bf11-8b1ba75e410c (table: NB_Global) {{(pid=102270) notify /opt/stack/neutron/neutron/plugins/ml2/drivers/ovn/mech_driver/ovsdb/ovsdb_monitor.py:912}}
Apr 03 03:10:15.871501 np0000163379 devstack@neutron-api.service[102270]: DEBUG neutron.plugins.ml2.drivers.ovn.mech_driver.ovsdb.ovsdb_monitor [None req-98ca190f-f1ea-43fa-b4a8-e1bb5936c48d None None] ChassisAgentWriteEvent : Matched Chassis_Private, update, None None {{(pid=102270) matches /opt/stack/neutron/neutron/plugins/ml2/drivers/ovn/mech_driver/ovsdb/ovsdb_monitor.py:64}}
Apr 03 03:10:15.871595 np0000163379 devstack@neutron-api.service[102268]: DEBUG neutron.common.ovn.hash_ring_manager [None req-80552125-1d0a-4469-9915-1060f5ff15d5 None None] Hash Ring loaded. 4 active nodes. 0 offline nodes {{(pid=102268) _load_hash_ring /opt/stack/neutron/neutron/common/ovn/hash_ring_manager.py:102}}
Apr 03 03:10:15.873103 np0000163379 devstack@neutron-api.service[102269]: DEBUG neutron.common.ovn.hash_ring_manager [None req-28663e7b-146d-47bb-bef5-67375c3fd570 None None] Hash Ring loaded. 4 active nodes. 0 offline nodes {{(pid=102269) _load_hash_ring /opt/stack/neutron/neutron/common/ovn/hash_ring_manager.py:102}}
Apr 03 03:10:15.873442 np0000163379 devstack@neutron-api.service[102269]: DEBUG neutron.plugins.ml2.drivers.ovn.mech_driver.ovsdb.ovsdb_monitor [None req-28663e7b-146d-47bb-bef5-67375c3fd570 None None] Hash Ring: Node a3658c7f802c515db52bef8ff2897d67 (host: np0000163379) handling event "update" for row 98a14142-95c7-42e8-814a-b44342796627 (table: Chassis_Private) {{(pid=102269) notify /opt/stack/neutron/neutron/plugins/ml2/drivers/ovn/mech_driver/ovsdb/ovsdb_monitor.py:912}}
Apr 03 03:10:15.874299 np0000163379 devstack@neutron-api.service[102271]: DEBUG neutron.common.ovn.hash_ring_manager [None req-44d2f92d-1300-4461-a09f-fa067268e967 None None] Hash Ring loaded. 4 active nodes. 0 offline nodes {{(pid=102271) _load_hash_ring /opt/stack/neutron/neutron/common/ovn/hash_ring_manager.py:102}}
Apr 03 03:10:15.883358 np0000163379 devstack@neutron-api.service[102270]: DEBUG neutron.common.ovn.hash_ring_manager [None req-98ca190f-f1ea-43fa-b4a8-e1bb5936c48d None None] Hash Ring loaded. 4 active nodes. 0 offline nodes {{(pid=102270) _load_hash_ring /opt/stack/neutron/neutron/common/ovn/hash_ring_manager.py:102}}
Apr 03 03:10:15.910249 np0000163379 devstack@neutron-api.service[102270]: DEBUG neutron.plugins.ml2.drivers.helpers [None req-5d511f01-10bb-4361-b5be-22d8f5f276c9 admin admin] geneve segment allocate from pool success with {'geneve_vni': 62303} {{(pid=102270) allocate_partially_specified_segment /opt/stack/neutron/neutron/plugins/ml2/drivers/helpers.py:142}}
Apr 03 03:10:15.922053 np0000163379 devstack@neutron-api.service[102270]: DEBUG neutron_lib.callbacks.manager [None req-5d511f01-10bb-4361-b5be-22d8f5f276c9 admin admin] Publish callbacks ['neutron.services.segments.db._add_segment_host_mapping_for_segment-7968521585718', 'neutron.plugins.ml2.plugin.Ml2Plugin._handle_segment_change-349931'] for segment (65653c03-6083-4053-aead-7467327ac7fe), precommit_create {{(pid=102270) _notify_loop /opt/stack/data/venv/lib/python3.12/site-packages/neutron_lib/callbacks/manager.py:184}}
Apr 03 03:10:15.922267 np0000163379 devstack@neutron-api.service[102270]: INFO neutron.db.segments_db [None req-5d511f01-10bb-4361-b5be-22d8f5f276c9 admin admin] Added segment 65653c03-6083-4053-aead-7467327ac7fe of type geneve for network 1e2de731-d71f-4bc5-8c24-e8a4ed48807c
Apr 03 03:10:15.938015 np0000163379 devstack@neutron-api.service[102270]: DEBUG neutron_lib.callbacks.manager [None req-5d511f01-10bb-4361-b5be-22d8f5f276c9 admin admin] Publish callbacks ['neutron.services.auto_allocate.db._ensure_external_network_default_value_callback-7968519945240'] for network (1e2de731-d71f-4bc5-8c24-e8a4ed48807c), precommit_create {{(pid=102270) _notify_loop /opt/stack/data/venv/lib/python3.12/site-packages/neutron_lib/callbacks/manager.py:184}}
Apr 03 03:10:15.954150 np0000163379 devstack@neutron-api.service[102270]: DEBUG neutron.plugins.ml2.drivers.ovn.mech_driver.mech_driver [None req-5d511f01-10bb-4361-b5be-22d8f5f276c9 admin admin] Validating network segment with type geneve, segmentation ID 62303, physical network None {{(pid=102270) _validate_network_segments /opt/stack/neutron/neutron/plugins/ml2/drivers/ovn/mech_driver/mech_driver.py:631}}
Apr 03 03:10:15.954443 np0000163379 devstack@neutron-api.service[102270]: DEBUG neutron.db.ovn_revision_numbers_db [None req-5d511f01-10bb-4361-b5be-22d8f5f276c9 admin admin] create_initial_revision uuid=1e2de731-d71f-4bc5-8c24-e8a4ed48807c, type=networks, rev=-1 {{(pid=102270) create_initial_revision /opt/stack/neutron/neutron/db/ovn_revision_numbers_db.py:98}}
Apr 03 03:10:15.965250 np0000163379 devstack@neutron-api.service[102270]: DEBUG neutron_lib.callbacks.manager [None req-5d511f01-10bb-4361-b5be-22d8f5f276c9 admin admin] Publish callbacks ['neutron.plugins.ml2.ovo_rpc._ObjectChangeHandler.handle_event-2659527'] for network (1e2de731-d71f-4bc5-8c24-e8a4ed48807c), after_create {{(pid=102270) _notify_loop /opt/stack/data/venv/lib/python3.12/site-packages/neutron_lib/callbacks/manager.py:184}}
Apr 03 03:10:15.983938 np0000163379 devstack@neutron-api.service[102270]: DEBUG neutron.api.rpc.handlers.resources_rpc [None req-5d511f01-10bb-4361-b5be-22d8f5f276c9 admin admin] Pushing event updated for resources: {'Network': ['ID=1e2de731-d71f-4bc5-8c24-e8a4ed48807c,revision_number=1']} {{(pid=102270) push /opt/stack/neutron/neutron/api/rpc/handlers/resources_rpc.py:237}}
Apr 03 03:10:15.991220 np0000163379 devstack@neutron-api.service[102270]: DEBUG ovsdbapp.backend.ovs_idl.transaction [None req-6c9fc8de-499a-443e-b55e-33e4f22cde9b None None] Running txn n=1 command(idx=0): AddNetworkCommand(_result=None, network_uuid=1e2de731-d71f-4bc5-8c24-e8a4ed48807c, may_exist=True, columns={'external_ids': {'neutron:network_name': 'admin_net', 'neutron:mtu': '1372', 'neutron:revision_number': '1', 'neutron:availability_zone_hints': '', 'neutron:provnet-network-type': 'geneve'}, 'other_config': {'mcast_snoop': 'false', 'mcast_flood_unregistered': 'false', 'vlan-passthru': 'false'}}) {{(pid=102270) do_commit /opt/stack/data/venv/lib/python3.12/site-packages/ovsdbapp/backend/ovs_idl/transaction.py:89}}
Apr 03 03:10:15.996643 np0000163379 devstack@neutron-api.service[102270]: DEBUG neutron.plugins.ml2.drivers.ovn.mech_driver.ovsdb.ovsdb_monitor [None req-6c9fc8de-499a-443e-b55e-33e4f22cde9b None None] Hash Ring: Node 19707ebed43e532f9ced71fbb98c1c85 (host: np0000163379) handling event "create" for row 1e2de731-d71f-4bc5-8c24-e8a4ed48807c (table: Logical_Switch) {{(pid=102270) notify /opt/stack/neutron/neutron/plugins/ml2/drivers/ovn/mech_driver/ovsdb/ovsdb_monitor.py:912}}
Apr 03 03:10:15.999688 np0000163379 devstack@neutron-api.service[102268]: DEBUG neutron.plugins.ml2.drivers.ovn.mech_driver.ovsdb.ovsdb_monitor [None req-80552125-1d0a-4469-9915-1060f5ff15d5 None None] Hash Ring: Node f711e2975ab25f9b91c1fd05ba5374c0 (host: np0000163379) handling event "create" for row c9efc89c-789a-41b5-8c8e-05e39327216e (table: Datapath_Binding) {{(pid=102268) notify /opt/stack/neutron/neutron/plugins/ml2/drivers/ovn/mech_driver/ovsdb/ovsdb_monitor.py:912}}
Apr 03 03:10:16.024241 np0000163379 devstack@neutron-api.service[102270]: INFO neutron.db.ovn_revision_numbers_db [None req-5d511f01-10bb-4361-b5be-22d8f5f276c9 admin admin] Successfully bumped revision number for resource 1e2de731-d71f-4bc5-8c24-e8a4ed48807c (type: networks) to 1
Apr 03 03:10:16.039480 np0000163379 devstack@neutron-api.service[102270]: DEBUG neutron_lib.callbacks.manager [None req-5d511f01-10bb-4361-b5be-22d8f5f276c9 admin admin] Publish callbacks ['neutron.plugins.ml2.plugin.SecurityGroupDbMixin._ensure_default_security_group_handler-71821'] for port (None), before_create {{(pid=102270) _notify_loop /opt/stack/data/venv/lib/python3.12/site-packages/neutron_lib/callbacks/manager.py:184}}
Apr 03 03:10:16.113895 np0000163379 devstack@neutron-api.service[102270]: DEBUG neutron_lib.callbacks.manager [None req-5d511f01-10bb-4361-b5be-22d8f5f276c9 admin admin] Publish callbacks ['neutron.plugins.ml2.drivers.ovn.mech_driver.mech_driver.OVNMechanismDriver._validate_allowed_address_pairs-3964152'] for allowed_address_pair (3f3b3507-ccce-4948-be5f-01055e0409a2), before_create {{(pid=102270) _notify_loop /opt/stack/data/venv/lib/python3.12/site-packages/neutron_lib/callbacks/manager.py:184}}
Apr 03 03:10:16.114329 np0000163379 devstack@neutron-api.service[102270]: DEBUG neutron_lib.callbacks.manager [None req-5d511f01-10bb-4361-b5be-22d8f5f276c9 admin admin] Publish callbacks [] for port (3f3b3507-ccce-4948-be5f-01055e0409a2), precommit_create {{(pid=102270) _notify_loop /opt/stack/data/venv/lib/python3.12/site-packages/neutron_lib/callbacks/manager.py:184}}
Apr 03 03:10:16.114477 np0000163379 devstack@neutron-api.service[102270]: DEBUG neutron.plugins.ml2.drivers.ovn.mech_driver.mech_driver [None req-5d511f01-10bb-4361-b5be-22d8f5f276c9 admin admin] No provisioning block for port 3f3b3507-ccce-4948-be5f-01055e0409a2 since it does not have a host {{(pid=102270) _is_port_provisioning_required /opt/stack/neutron/neutron/plugins/ml2/drivers/ovn/mech_driver/mech_driver.py:884}}
Apr 03 03:10:16.114576 np0000163379 devstack@neutron-api.service[102270]: DEBUG neutron.db.ovn_revision_numbers_db [None req-5d511f01-10bb-4361-b5be-22d8f5f276c9 admin admin] create_initial_revision uuid=3f3b3507-ccce-4948-be5f-01055e0409a2, type=ports, rev=-1 {{(pid=102270) create_initial_revision /opt/stack/neutron/neutron/db/ovn_revision_numbers_db.py:98}}
Apr 03 03:10:16.150175 np0000163379 devstack@neutron-api.service[102270]: DEBUG neutron_lib.callbacks.manager [None req-5d511f01-10bb-4361-b5be-22d8f5f276c9 admin admin] Publish callbacks ['neutron.plugins.ml2.ovo_rpc._ObjectChangeHandler.handle_event-1282991'] for port (3f3b3507-ccce-4948-be5f-01055e0409a2), after_create {{(pid=102270) _notify_loop /opt/stack/data/venv/lib/python3.12/site-packages/neutron_lib/callbacks/manager.py:184}}
Apr 03 03:10:16.181238 np0000163379 devstack@neutron-api.service[102270]: DEBUG neutron.api.rpc.handlers.resources_rpc [None req-5d511f01-10bb-4361-b5be-22d8f5f276c9 admin admin] Pushing event updated for resources: {'Port': ['ID=3f3b3507-ccce-4948-be5f-01055e0409a2,revision_number=1']} {{(pid=102270) push /opt/stack/neutron/neutron/api/rpc/handlers/resources_rpc.py:237}}
Apr 03 03:10:16.187747 np0000163379 devstack@neutron-api.service[102270]: DEBUG ovsdbapp.backend.ovs_idl.transaction [None req-6c9fc8de-499a-443e-b55e-33e4f22cde9b None None] Running txn n=1 command(idx=0): AddLSwitchPortCommand(_result=None, lport=3f3b3507-ccce-4948-be5f-01055e0409a2, lswitch=neutron-1e2de731-d71f-4bc5-8c24-e8a4ed48807c, may_exist=True, network_uuid=1e2de731-d71f-4bc5-8c24-e8a4ed48807c, columns={'addresses': ['fa:16:3e:b7:a3:70'], 'external_ids': {'neutron:port_name': '', 'neutron:device_id': 'ovnmeta-1e2de731-d71f-4bc5-8c24-e8a4ed48807c', 'neutron:project_id': '1586731d4b664806a7c9fad4f016ea1c', 'neutron:cidrs': '', 'neutron:device_owner': 'network:distributed', 'neutron:subnet_pool_addr_scope4': '', 'neutron:subnet_pool_addr_scope6': '', 'neutron:network_name': 'neutron-1e2de731-d71f-4bc5-8c24-e8a4ed48807c', 'neutron:security_group_ids': '', 'neutron:revision_number': '1', 'neutron:vnic_type': 'normal', 'neutron:port_capabilities': '', 'neutron:mtu': ''}, 'parent_name': [], 'tag': [], 'enabled': True, 'options': {}, 'type': 'localport', 'port_security': [], 'dhcpv4_options': [], 'dhcpv6_options': []}) {{(pid=102270) do_commit /opt/stack/data/venv/lib/python3.12/site-packages/ovsdbapp/backend/ovs_idl/transaction.py:89}}
Apr 03 03:10:16.188753 np0000163379 devstack@neutron-api.service[102270]: DEBUG ovsdbapp.backend.ovs_idl.transaction [None req-6c9fc8de-499a-443e-b55e-33e4f22cde9b None None] Running txn n=1 command(idx=1): QoSDelCommand(_result=None, switch=neutron-1e2de731-d71f-4bc5-8c24-e8a4ed48807c, conditions=[('direction', '=', 'to-lport'), ('priority', '=', 2002), ('match', '=', 'outport == "3f3b3507-ccce-4948-be5f-01055e0409a2"')], if_exists=True) {{(pid=102270) do_commit /opt/stack/data/venv/lib/python3.12/site-packages/ovsdbapp/backend/ovs_idl/transaction.py:89}}
Apr 03 03:10:16.189117 np0000163379 devstack@neutron-api.service[102270]: DEBUG ovsdbapp.backend.ovs_idl.transaction [None req-6c9fc8de-499a-443e-b55e-33e4f22cde9b None None] Running txn n=1 command(idx=2): QoSDelCommand(_result=None, switch=neutron-1e2de731-d71f-4bc5-8c24-e8a4ed48807c, conditions=[('direction', '=', 'from-lport'), ('priority', '=', 2002), ('match', '=', 'inport == "3f3b3507-ccce-4948-be5f-01055e0409a2"')], if_exists=True) {{(pid=102270) do_commit /opt/stack/data/venv/lib/python3.12/site-packages/ovsdbapp/backend/ovs_idl/transaction.py:89}}
Apr 03 03:10:16.193514 np0000163379 devstack@neutron-api.service[102270]: DEBUG neutron.plugins.ml2.drivers.ovn.mech_driver.ovsdb.ovsdb_monitor [None req-6c9fc8de-499a-443e-b55e-33e4f22cde9b None None] Hash Ring: Node 19707ebed43e532f9ced71fbb98c1c85 (host: np0000163379) handling event "update" for row 1e2de731-d71f-4bc5-8c24-e8a4ed48807c (table: Logical_Switch) {{(pid=102270) notify /opt/stack/neutron/neutron/plugins/ml2/drivers/ovn/mech_driver/ovsdb/ovsdb_monitor.py:912}}
Apr 03 03:10:16.193853 np0000163379 devstack@neutron-api.service[102270]: DEBUG neutron.plugins.ml2.drivers.ovn.mech_driver.ovsdb.ovsdb_monitor [None req-6c9fc8de-499a-443e-b55e-33e4f22cde9b None None] Hash Ring: Node 19707ebed43e532f9ced71fbb98c1c85 (host: np0000163379) handling event "create" for row 12620041-ec28-454e-a2c3-6647f3c2933f (table: Logical_Switch_Port) {{(pid=102270) notify /opt/stack/neutron/neutron/plugins/ml2/drivers/ovn/mech_driver/ovsdb/ovsdb_monitor.py:912}}
