Jun 23 03:11:15.744503 np0000182517 devstack@neutron-api.service[103355]: DEBUG oslo_concurrency.processutils [None req-d5949379-9120-4593-a827-70a5e5aef830 None None] Running cmd (subprocess): ovsdb-client transact ssl:199.19.213.81:6641 --timeout 180 -p /opt/stack/data/CA/int-ca/private/devstack-cert.key -c /opt/stack/data/CA/int-ca/devstack-cert.crt -C /opt/stack/data/CA/int-ca/ca-chain.pem ["OVN_Northbound", {"op": "wait", "timeout": 0, "table": "Port_Group", "where": [["name", "==", "pvlan_pg_drop"]], "until": "==", "rows": []}, {"op": "insert", "table": "ACL", "row": {"action": "drop", "direction": "to-lport", "match": "outport == @pvlan_pg_drop && ip", "priority": 1010}, "uuid-name": "pvlandroptoport"}, {"op": "insert", "table": "ACL", "row": {"action": "drop", "direction": "from-lport", "match": "inport == @pvlan_pg_drop && ip", "priority": 1010}, "uuid-name": "pvlandropfromport"}, {"op": "insert", "table": "Port_Group", "row": {"name": "pvlan_pg_drop", "acls": ["set", [["named-uuid", "pvlandroptoport"], ["named-uuid", "pvlandropfromport"]]]}}] {{(pid=103355) execute /opt/stack/data/venv/lib/python3.12/site-packages/oslo_concurrency/processutils.py:440}}
Jun 23 03:11:15.745303 np0000182517 devstack@neutron-api.service[103355]: INFO neutron.plugins.ml2.drivers.ovn.mech_driver.ovsdb.extensions.qos [-] Starting OVNClientQosExtension
Jun 23 03:11:15.745564 np0000182517 devstack@neutron-api.service[103355]: INFO neutron.plugins.ml2.drivers.ovn.mech_driver.ovsdb.extensions.placement [-] Starting OVNClientPlacementExtension
Jun 23 03:11:15.789245 np0000182517 devstack@neutron-api.service[103355]: DEBUG oslo_concurrency.processutils [None req-d5949379-9120-4593-a827-70a5e5aef830 None None] CMD "ovsdb-client transact ssl:199.19.213.81:6641 --timeout 180 -p /opt/stack/data/CA/int-ca/private/devstack-cert.key -c /opt/stack/data/CA/int-ca/devstack-cert.crt -C /opt/stack/data/CA/int-ca/ca-chain.pem ["OVN_Northbound", {"op": "wait", "timeout": 0, "table": "Port_Group", "where": [["name", "==", "pvlan_pg_drop"]], "until": "==", "rows": []}, {"op": "insert", "table": "ACL", "row": {"action": "drop", "direction": "to-lport", "match": "outport == @pvlan_pg_drop && ip", "priority": 1010}, "uuid-name": "pvlandroptoport"}, {"op": "insert", "table": "ACL", "row": {"action": "drop", "direction": "from-lport", "match": "inport == @pvlan_pg_drop && ip", "priority": 1010}, "uuid-name": "pvlandropfromport"}, {"op": "insert", "table": "Port_Group", "row": {"name": "pvlan_pg_drop", "acls": ["set", [["named-uuid", "pvlandroptoport"], ["named-uuid", "pvlandropfromport"]]]}}]" returned: 0 in 0.044s {{(pid=103355) execute /opt/stack/data/venv/lib/python3.12/site-packages/oslo_concurrency/processutils.py:468}}
Jun 23 03:11:15.791841 np0000182517 devstack@neutron-api.service[103355]: WSGI app 0 (mountpoint='') ready in 8 seconds on interpreter 0x720822ca3668 pid: 103355 (default app)
Jun 23 03:11:15.808542 np0000182517 devstack@neutron-api.service[103358]: DEBUG neutron.common.ovn.hash_ring_manager [-] Allow caching, nodes 4>=4 {{(pid=103358) _wait_startup_before_caching /opt/stack/neutron/neutron/common/ovn/hash_ring_manager.py:71}}
Jun 23 03:11:15.808542 np0000182517 devstack@neutron-api.service[103358]: DEBUG neutron.plugins.ml2.drivers.ovn.mech_driver.ovsdb.ovsdb_monitor [-] Hash Ring: Node 7da2358341485d46a2bcb3c274213a41 (host: np0000182517) handling event "update" for row 4bdfab89-75e4-4fce-b238-56ccc8c0bb13 (table: Connection) {{(pid=103358) notify /opt/stack/neutron/neutron/plugins/ml2/drivers/ovn/mech_driver/ovsdb/ovsdb_monitor.py:1015}}
Jun 23 03:11:15.812898 np0000182517 devstack@neutron-api.service[103356]: DEBUG neutron.plugins.ml2.drivers.ovn.mech_driver.ovsdb.ovsdb_monitor [-] Hash Ring: Node 08db081f2c2b5cc29c1d6f6d5af49c5e (host: np0000182517) handling event "update" for row 4bdfab89-75e4-4fce-b238-56ccc8c0bb13 (table: Connection) {{(pid=103356) notify /opt/stack/neutron/neutron/plugins/ml2/drivers/ovn/mech_driver/ovsdb/ovsdb_monitor.py:1015}}
Jun 23 03:11:18.302464 np0000182517 devstack@neutron-api.service[103358]: DEBUG neutron.plugins.ml2.drivers.ovn.mech_driver.ovsdb.ovsdb_monitor [-] Hash Ring: Node 7da2358341485d46a2bcb3c274213a41 (host: np0000182517) handling event "update" for row 4bdfab89-75e4-4fce-b238-56ccc8c0bb13 (table: Connection) {{(pid=103358) notify /opt/stack/neutron/neutron/plugins/ml2/drivers/ovn/mech_driver/ovsdb/ovsdb_monitor.py:1015}}
Jun 23 03:11:18.304892 np0000182517 devstack@neutron-api.service[103356]: DEBUG neutron.plugins.ml2.drivers.ovn.mech_driver.ovsdb.ovsdb_monitor [-] Hash Ring: Node 08db081f2c2b5cc29c1d6f6d5af49c5e (host: np0000182517) handling event "update" for row 4bdfab89-75e4-4fce-b238-56ccc8c0bb13 (table: Connection) {{(pid=103356) notify /opt/stack/neutron/neutron/plugins/ml2/drivers/ovn/mech_driver/ovsdb/ovsdb_monitor.py:1015}}
Jun 23 03:11:22.081492 np0000182517 devstack@neutron-api.service[103358]: DEBUG neutron.api.wsgi [None req-f461d09e-850c-474a-a5a2-6bdf6cc146f5 admin admin] Missing Content-Type {{(pid=103358) get_content_type /opt/stack/neutron/neutron/api/wsgi.py:80}}
Jun 23 03:11:22.082060 np0000182517 devstack@neutron-api.service[103358]: DEBUG neutron.api.wsgi [None req-f461d09e-850c-474a-a5a2-6bdf6cc146f5 admin admin] https://199.19.213.81/networking/v2.0/extensions returned with HTTP 200 {{(pid=103358) __call__ /opt/stack/neutron/neutron/api/wsgi.py:540}}
Jun 23 03:11:22.082449 np0000182517 devstack@neutron-api.service[103358]: [pid: 103358|app: 0|req: 2/2] 199.19.213.81 () {64 vars in 1316 bytes} [Tue Jun 23 03:11:21 2026] GET /networking/v2.0/extensions => generated 16171 bytes in 654 msecs (HTTP/1.1 200) 4 headers in 159 bytes (1 switches on core 0)
Jun 23 03:11:22.526065 np0000182517 devstack@neutron-api.service[103356]: DEBUG neutron.api.v2.base [None req-ffff825f-6a90-4ad8-b518-65024fdd04c4 admin admin] Request body: {'subnetpool': {'is_default': True, 'shared': True, 'default_prefixlen': 26, 'name': 'shared-default-subnetpool-v4', 'prefixes': ['10.1.0.0/20']}} {{(pid=103356) prepare_request_body /opt/stack/neutron/neutron/api/v2/base.py:727}}
Jun 23 03:11:22.751481 np0000182517 devstack@neutron-api.service[103356]: DEBUG neutron.policy [None req-ffff825f-6a90-4ad8-b518-65024fdd04c4 admin admin] Loaded default policies from ['neutron'] under neutron.policies entry points {{(pid=103356) register_rules /opt/stack/neutron/neutron/policy.py:65}}
Jun 23 03:11:22.920035 np0000182517 devstack@neutron-api.service[103356]: DEBUG neutron_lib.callbacks.manager [None req-ffff825f-6a90-4ad8-b518-65024fdd04c4 admin admin] Publish callbacks ['neutron.objects.securitygroup.RbacNeutronDbObjectMixin.validate_rbac_policy_change-1290149753869', 'neutron.objects.address_group.RbacNeutronDbObjectMixin.validate_rbac_policy_change-1290149785566', 'neutron.objects.network.RbacNeutronDbObjectMixin.validate_rbac_policy_change-1290149393054', 'neutron.objects.qos.policy.RbacNeutronDbObjectMixin.validate_rbac_policy_change-1290149409497', 'neutron.objects.subnetpool.RbacNeutronDbObjectMixin.validate_rbac_policy_change-1290149403796', 'neutron.objects.address_scope.RbacNeutronDbObjectMixin.validate_rbac_policy_change-1290149423208', 'neutron.plugins.ml2.plugin.External_net_db_mixin._process_ext_policy_create-7377301', 'neutron.plugins.ml2.plugin.NeutronDbPluginV2.validate_network_rbac_policy_change-7399613'] for rbac-policy (None), before_create {{(pid=103356) _notify_loop /opt/stack/data/venv/lib/python3.12/site-packages/neutron_lib/callbacks/manager.py:184}}
Jun 23 03:11:22.977197 np0000182517 devstack@neutron-api.service[103356]: DEBUG neutron_lib.callbacks.manager [None req-ffff825f-6a90-4ad8-b518-65024fdd04c4 admin admin] Publish callbacks [] for subnetpool (None), before_response {{(pid=103356) _notify_loop /opt/stack/data/venv/lib/python3.12/site-packages/neutron_lib/callbacks/manager.py:184}}
Jun 23 03:11:22.978564 np0000182517 devstack@neutron-api.service[103356]: [pid: 103356|app: 0|req: 1/3] 199.19.213.81 () {68 vars in 1360 bytes} [Tue Jun 23 03:11:22 2026] POST /networking/v2.0/subnetpools => generated 533 bytes in 578 msecs (HTTP/1.1 201) 4 headers in 162 bytes (1 switches on core 0)
Jun 23 03:11:23.340090 np0000182517 devstack@neutron-api.service[103357]: DEBUG neutron.api.v2.base [None req-79069ca9-9d2e-421f-b831-fc3836465f9c admin admin] Request body: {'subnetpool': {'is_default': True, 'shared': True, 'default_prefixlen': 64, 'name': 'shared-default-subnetpool-v6', 'prefixes': ['fd29:71fc:22df::/56']}} {{(pid=103357) prepare_request_body /opt/stack/neutron/neutron/api/v2/base.py:727}}
Jun 23 03:11:23.536125 np0000182517 devstack@neutron-api.service[103357]: DEBUG neutron.policy [None req-79069ca9-9d2e-421f-b831-fc3836465f9c admin admin] Loaded default policies from ['neutron'] under neutron.policies entry points {{(pid=103357) register_rules /opt/stack/neutron/neutron/policy.py:65}}
Jun 23 03:11:23.714313 np0000182517 devstack@neutron-api.service[103357]: DEBUG neutron_lib.callbacks.manager [None req-79069ca9-9d2e-421f-b831-fc3836465f9c admin admin] Publish callbacks ['neutron.objects.securitygroup.RbacNeutronDbObjectMixin.validate_rbac_policy_change-1290149662767', 'neutron.objects.address_group.RbacNeutronDbObjectMixin.validate_rbac_policy_change-1290149439853', 'neutron.objects.network.RbacNeutronDbObjectMixin.validate_rbac_policy_change-1290149454273', 'neutron.objects.qos.policy.RbacNeutronDbObjectMixin.validate_rbac_policy_change-1290149458636', 'neutron.objects.subnetpool.RbacNeutronDbObjectMixin.validate_rbac_policy_change-1290149475545', 'neutron.objects.address_scope.RbacNeutronDbObjectMixin.validate_rbac_policy_change-1290149479835', 'neutron.plugins.ml2.plugin.External_net_db_mixin._process_ext_policy_create-7465789', 'neutron.plugins.ml2.plugin.NeutronDbPluginV2.validate_network_rbac_policy_change-7453371'] for rbac-policy (None), before_create {{(pid=103357) _notify_loop /opt/stack/data/venv/lib/python3.12/site-packages/neutron_lib/callbacks/manager.py:184}}
Jun 23 03:11:23.767488 np0000182517 devstack@neutron-api.service[103357]: DEBUG neutron_lib.callbacks.manager [None req-79069ca9-9d2e-421f-b831-fc3836465f9c admin admin] Publish callbacks [] for subnetpool (None), before_response {{(pid=103357) _notify_loop /opt/stack/data/venv/lib/python3.12/site-packages/neutron_lib/callbacks/manager.py:184}}
Jun 23 03:11:23.768712 np0000182517 devstack@neutron-api.service[103357]: [pid: 103357|app: 0|req: 1/4] 199.19.213.81 () {68 vars in 1360 bytes} [Tue Jun 23 03:11:23 2026] POST /networking/v2.0/subnetpools => generated 543 bytes in 549 msecs (HTTP/1.1 201) 4 headers in 162 bytes (1 switches on core 0)
Jun 23 03:11:24.234679 np0000182517 devstack@neutron-api.service[103355]: DEBUG neutron.api.v2.base [None req-2feb7d61-6946-4b4f-b715-10cdf3fa8120 admin admin] Request body: {'network': {'name': 'private', 'admin_state_up': True}} {{(pid=103355) prepare_request_body /opt/stack/neutron/neutron/api/v2/base.py:727}}
Jun 23 03:11:24.282947 np0000182517 devstack@neutron-api.service[103355]: DEBUG neutron.pecan_wsgi.hooks.quota_enforcement [None req-2feb7d61-6946-4b4f-b715-10cdf3fa8120 admin admin] Made reservation on behalf of 3ac0d36efd8d4ef1b5935c4eac57a9a7 for: {'network': 1} {{(pid=103355) before /opt/stack/neutron/neutron/pecan_wsgi/hooks/quota_enforcement.py:66}}
Jun 23 03:11:24.475772 np0000182517 devstack@neutron-api.service[103355]: DEBUG neutron.policy [None req-2feb7d61-6946-4b4f-b715-10cdf3fa8120 admin admin] Loaded default policies from ['neutron'] under neutron.policies entry points {{(pid=103355) register_rules /opt/stack/neutron/neutron/policy.py:65}}
Jun 23 03:11:24.590615 np0000182517 devstack@neutron-api.service[103355]: DEBUG neutron_lib.callbacks.manager [None req-2feb7d61-6946-4b4f-b715-10cdf3fa8120 admin admin] Publish callbacks ['neutron.plugins.ml2.plugin.SecurityGroupDbMixin._ensure_default_security_group_handler-30165'] for network (None), before_create {{(pid=103355) _notify_loop /opt/stack/data/venv/lib/python3.12/site-packages/neutron_lib/callbacks/manager.py:184}}
Jun 23 03:11:24.619064 np0000182517 devstack@neutron-api.service[103355]: DEBUG neutron_lib.callbacks.manager [None req-2feb7d61-6946-4b4f-b715-10cdf3fa8120 admin admin] Publish callbacks [] for security_group (None), before_create {{(pid=103355) _notify_loop /opt/stack/data/venv/lib/python3.12/site-packages/neutron_lib/callbacks/manager.py:184}}
Jun 23 03:11:24.740728 np0000182517 devstack@neutron-api.service[103355]: DEBUG neutron_lib.callbacks.manager [None req-2feb7d61-6946-4b4f-b715-10cdf3fa8120 admin admin] Publish callbacks ['neutron.plugins.ml2.drivers.ovn.mech_driver.mech_driver.OVNMechanismDriver._create_security_group_precommit-749794'] for security_group (551833a9-d179-45a5-b963-20d58a2e74b5), precommit_create {{(pid=103355) _notify_loop /opt/stack/data/venv/lib/python3.12/site-packages/neutron_lib/callbacks/manager.py:184}}
Jun 23 03:11:24.740898 np0000182517 devstack@neutron-api.service[103355]: DEBUG neutron.db.ovn_revision_numbers_db [None req-2feb7d61-6946-4b4f-b715-10cdf3fa8120 admin admin] create_initial_revision uuid=551833a9-d179-45a5-b963-20d58a2e74b5, type=security_groups, rev=-1 {{(pid=103355) create_initial_revision /opt/stack/neutron/neutron/db/ovn_revision_numbers_db.py:98}}
Jun 23 03:11:24.744031 np0000182517 devstack@neutron-api.service[103355]: DEBUG neutron.db.ovn_revision_numbers_db [None req-2feb7d61-6946-4b4f-b715-10cdf3fa8120 admin admin] create_initial_revision uuid=bc702aed-8ad2-425b-9bdc-660cc152a41e, type=security_group_rules, rev=-1 {{(pid=103355) create_initial_revision /opt/stack/neutron/neutron/db/ovn_revision_numbers_db.py:98}}
Jun 23 03:11:24.745157 np0000182517 devstack@neutron-api.service[103355]: DEBUG neutron.db.ovn_revision_numbers_db [None req-2feb7d61-6946-4b4f-b715-10cdf3fa8120 admin admin] create_initial_revision uuid=d988886c-5ab2-489c-97cc-46534bd9f69f, type=security_group_rules, rev=-1 {{(pid=103355) create_initial_revision /opt/stack/neutron/neutron/db/ovn_revision_numbers_db.py:98}}
Jun 23 03:11:24.746389 np0000182517 devstack@neutron-api.service[103355]: DEBUG neutron.db.ovn_revision_numbers_db [None req-2feb7d61-6946-4b4f-b715-10cdf3fa8120 admin admin] create_initial_revision uuid=edc48b3b-00a3-44b5-8d1e-337ff9dd0149, type=security_group_rules, rev=-1 {{(pid=103355) create_initial_revision /opt/stack/neutron/neutron/db/ovn_revision_numbers_db.py:98}}
Jun 23 03:11:24.747789 np0000182517 devstack@neutron-api.service[103355]: DEBUG neutron.db.ovn_revision_numbers_db [None req-2feb7d61-6946-4b4f-b715-10cdf3fa8120 admin admin] create_initial_revision uuid=f3605307-8ae2-4c0c-a179-8c5a3452c3b4, type=security_group_rules, rev=-1 {{(pid=103355) create_initial_revision /opt/stack/neutron/neutron/db/ovn_revision_numbers_db.py:98}}
Jun 23 03:11:24.753399 np0000182517 devstack@neutron-api.service[103355]: DEBUG neutron_lib.callbacks.manager [None req-2feb7d61-6946-4b4f-b715-10cdf3fa8120 admin admin] Publish callbacks ['neutron.plugins.ml2.drivers.ovn.mech_driver.mech_driver.OVNMechanismDriver._create_security_group-749816', 'neutron.plugins.ml2.ovo_rpc._ObjectChangeHandler.handle_event-1948351'] for security_group (551833a9-d179-45a5-b963-20d58a2e74b5), after_create {{(pid=103355) _notify_loop /opt/stack/data/venv/lib/python3.12/site-packages/neutron_lib/callbacks/manager.py:184}}
Jun 23 03:11:24.754858 np0000182517 devstack@neutron-api.service[103355]: DEBUG ovsdbapp.backend.ovs_idl.transaction [-] Running txn n=1 command(idx=0): PgAddCommand(_result=None, name=pg_551833a9_d179_45a5_b963_20d58a2e74b5, may_exist=False, columns={'acls': [], 'external_ids': {'neutron:security_group_id': '551833a9-d179-45a5-b963-20d58a2e74b5'}}) {{(pid=103355) do_commit /opt/stack/data/venv/lib/python3.12/site-packages/ovsdbapp/backend/ovs_idl/transaction.py:89}}
Jun 23 03:11:24.762212 np0000182517 devstack@neutron-api.service[103355]: DEBUG ovsdbapp.backend.ovs_idl.transaction [-] Running txn n=1 command(idx=1): PgAclAddCommand(_result=None, entity=pg_551833a9_d179_45a5_b963_20d58a2e74b5, direction=from-lport, priority=1002, match=inport == @pg_551833a9_d179_45a5_b963_20d58a2e74b5 && ip4, action=allow-related, log=False, may_exist=True, severity=[], name=[], meter=[], external_ids={'neutron:security_group_rule_id': 'bc702aed-8ad2-425b-9bdc-660cc152a41e'}) {{(pid=103355) do_commit /opt/stack/data/venv/lib/python3.12/site-packages/ovsdbapp/backend/ovs_idl/transaction.py:89}}
Jun 23 03:11:24.763400 np0000182517 devstack@neutron-api.service[103355]: DEBUG ovsdbapp.backend.ovs_idl.transaction [-] Running txn n=1 command(idx=2): PgAclAddCommand(_result=None, entity=pg_551833a9_d179_45a5_b963_20d58a2e74b5, direction=to-lport, priority=1002, match=outport == @pg_551833a9_d179_45a5_b963_20d58a2e74b5 && ip6 && ip6.src == $pg_551833a9_d179_45a5_b963_20d58a2e74b5_ip6, action=allow-related, log=False, may_exist=True, severity=[], name=[], meter=[], external_ids={'neutron:security_group_rule_id': 'd988886c-5ab2-489c-97cc-46534bd9f69f'}) {{(pid=103355) do_commit /opt/stack/data/venv/lib/python3.12/site-packages/ovsdbapp/backend/ovs_idl/transaction.py:89}}
Jun 23 03:11:24.764141 np0000182517 devstack@neutron-api.service[103355]: DEBUG ovsdbapp.backend.ovs_idl.transaction [-] Running txn n=1 command(idx=3): PgAclAddCommand(_result=None, entity=pg_551833a9_d179_45a5_b963_20d58a2e74b5, direction=to-lport, priority=1002, match=outport == @pg_551833a9_d179_45a5_b963_20d58a2e74b5 && ip4 && ip4.src == $pg_551833a9_d179_45a5_b963_20d58a2e74b5_ip4, action=allow-related, log=False, may_exist=True, severity=[], name=[], meter=[], external_ids={'neutron:security_group_rule_id': 'edc48b3b-00a3-44b5-8d1e-337ff9dd0149'}) {{(pid=103355) do_commit /opt/stack/data/venv/lib/python3.12/site-packages/ovsdbapp/backend/ovs_idl/transaction.py:89}}
Jun 23 03:11:24.764812 np0000182517 devstack@neutron-api.service[103355]: DEBUG ovsdbapp.backend.ovs_idl.transaction [-] Running txn n=1 command(idx=4): PgAclAddCommand(_result=None, entity=pg_551833a9_d179_45a5_b963_20d58a2e74b5, direction=from-lport, priority=1002, match=inport == @pg_551833a9_d179_45a5_b963_20d58a2e74b5 && ip6, action=allow-related, log=False, may_exist=True, severity=[], name=[], meter=[], external_ids={'neutron:security_group_rule_id': 'f3605307-8ae2-4c0c-a179-8c5a3452c3b4'}) {{(pid=103355) do_commit /opt/stack/data/venv/lib/python3.12/site-packages/ovsdbapp/backend/ovs_idl/transaction.py:89}}
Jun 23 03:11:24.770820 np0000182517 devstack@neutron-api.service[103355]: DEBUG neutron.plugins.ml2.drivers.ovn.mech_driver.ovsdb.ovsdb_monitor [-] Hash Ring: Node f922ef2700695d3cae30e83b6a3180b1 (host: np0000182517) handling event "create" for row e4dab756-9fc7-40a0-8b63-b3f4dd74ed3f (table: ACL) {{(pid=103355) notify /opt/stack/neutron/neutron/plugins/ml2/drivers/ovn/mech_driver/ovsdb/ovsdb_monitor.py:1015}}
Jun 23 03:11:24.770940 np0000182517 devstack@neutron-api.service[103355]: DEBUG neutron.plugins.ml2.drivers.ovn.mech_driver.ovsdb.ovsdb_monitor [-] Hash Ring: Node f922ef2700695d3cae30e83b6a3180b1 (host: np0000182517) handling event "create" for row ff0aedb7-afa2-41eb-9e6b-91ad0609f127 (table: ACL) {{(pid=103355) notify /opt/stack/neutron/neutron/plugins/ml2/drivers/ovn/mech_driver/ovsdb/ovsdb_monitor.py:1015}}
Jun 23 03:11:24.776858 np0000182517 devstack@neutron-api.service[103358]: DEBUG neutron.plugins.ml2.drivers.ovn.mech_driver.ovsdb.ovsdb_monitor [-] Hash Ring: Node 7da2358341485d46a2bcb3c274213a41 (host: np0000182517) handling event "create" for row 3e91bdfa-91a6-413f-b398-1cadcf6939d2 (table: ACL) {{(pid=103358) notify /opt/stack/neutron/neutron/plugins/ml2/drivers/ovn/mech_driver/ovsdb/ovsdb_monitor.py:1015}}
Jun 23 03:11:24.776858 np0000182517 devstack@neutron-api.service[103358]: DEBUG neutron.plugins.ml2.drivers.ovn.mech_driver.ovsdb.ovsdb_monitor [-] Hash Ring: Node 7da2358341485d46a2bcb3c274213a41 (host: np0000182517) handling event "create" for row da70caf7-f5b5-4358-b63f-cb97c0cfd169 (table: ACL) {{(pid=103358) notify /opt/stack/neutron/neutron/plugins/ml2/drivers/ovn/mech_driver/ovsdb/ovsdb_monitor.py:1015}}
Jun 23 03:11:24.777101 np0000182517 devstack@neutron-api.service[103358]: DEBUG neutron.plugins.ml2.drivers.ovn.mech_driver.ovsdb.ovsdb_monitor [-] Hash Ring: Node 7da2358341485d46a2bcb3c274213a41 (host: np0000182517) handling event "create" for row e4dab756-9fc7-40a0-8b63-b3f4dd74ed3f (table: ACL) {{(pid=103358) notify /opt/stack/neutron/neutron/plugins/ml2/drivers/ovn/mech_driver/ovsdb/ovsdb_monitor.py:1015}}
Jun 23 03:11:24.777776 np0000182517 devstack@neutron-api.service[103358]: DEBUG neutron.plugins.ml2.drivers.ovn.mech_driver.ovsdb.ovsdb_monitor [-] Hash Ring: Node 7da2358341485d46a2bcb3c274213a41 (host: np0000182517) handling event "create" for row ff0aedb7-afa2-41eb-9e6b-91ad0609f127 (table: ACL) {{(pid=103358) notify /opt/stack/neutron/neutron/plugins/ml2/drivers/ovn/mech_driver/ovsdb/ovsdb_monitor.py:1015}}
Jun 23 03:11:24.777776 np0000182517 devstack@neutron-api.service[103358]: DEBUG neutron.plugins.ml2.drivers.ovn.mech_driver.ovsdb.ovsdb_monitor [-] Hash Ring: Node 7da2358341485d46a2bcb3c274213a41 (host: np0000182517) handling event "create" for row 75a5b698-5a50-4ebd-8c30-7b93f9a2f2e7 (table: Port_Group) {{(pid=103358) notify /opt/stack/neutron/neutron/plugins/ml2/drivers/ovn/mech_driver/ovsdb/ovsdb_monitor.py:1015}}
Jun 23 03:11:24.779154 np0000182517 devstack@neutron-api.service[103356]: DEBUG neutron.plugins.ml2.drivers.ovn.mech_driver.ovsdb.ovsdb_monitor [-] Hash Ring: Node 08db081f2c2b5cc29c1d6f6d5af49c5e (host: np0000182517) handling event "create" for row da70caf7-f5b5-4358-b63f-cb97c0cfd169 (table: ACL) {{(pid=103356) notify /opt/stack/neutron/neutron/plugins/ml2/drivers/ovn/mech_driver/ovsdb/ovsdb_monitor.py:1015}}
Jun 23 03:11:24.784214 np0000182517 devstack@neutron-api.service[103357]: DEBUG neutron.plugins.ml2.drivers.ovn.mech_driver.ovsdb.ovsdb_monitor [-] Hash Ring: Node c3d0d40c812652f19f5539432bdd79ad (host: np0000182517) handling event "create" for row 3e91bdfa-91a6-413f-b398-1cadcf6939d2 (table: ACL) {{(pid=103357) notify /opt/stack/neutron/neutron/plugins/ml2/drivers/ovn/mech_driver/ovsdb/ovsdb_monitor.py:1015}}
Jun 23 03:11:24.805136 np0000182517 devstack@neutron-api.service[103355]: INFO neutron.db.ovn_revision_numbers_db [None req-2feb7d61-6946-4b4f-b715-10cdf3fa8120 admin admin] Successfully bumped revision number for resource 551833a9-d179-45a5-b963-20d58a2e74b5 (type: security_groups) to 1
Jun 23 03:11:24.834475 np0000182517 devstack@neutron-api.service[103355]: INFO neutron.db.ovn_revision_numbers_db [None req-2feb7d61-6946-4b4f-b715-10cdf3fa8120 admin admin] Successfully bumped revision number for resource bc702aed-8ad2-425b-9bdc-660cc152a41e (type: security_group_rules) to 0
Jun 23 03:11:24.857583 np0000182517 devstack@neutron-api.service[103355]: INFO neutron.db.ovn_revision_numbers_db [None req-2feb7d61-6946-4b4f-b715-10cdf3fa8120 admin admin] Successfully bumped revision number for resource d988886c-5ab2-489c-97cc-46534bd9f69f (type: security_group_rules) to 0
Jun 23 03:11:24.888723 np0000182517 devstack@neutron-api.service[103355]: INFO neutron.db.ovn_revision_numbers_db [None req-2feb7d61-6946-4b4f-b715-10cdf3fa8120 admin admin] Successfully bumped revision number for resource edc48b3b-00a3-44b5-8d1e-337ff9dd0149 (type: security_group_rules) to 0
Jun 23 03:11:24.911356 np0000182517 devstack@neutron-api.service[103355]: INFO neutron.db.ovn_revision_numbers_db [None req-2feb7d61-6946-4b4f-b715-10cdf3fa8120 admin admin] Successfully bumped revision number for resource f3605307-8ae2-4c0c-a179-8c5a3452c3b4 (type: security_group_rules) to 0
Jun 23 03:11:24.937277 np0000182517 devstack@neutron-api.service[103355]: DEBUG neutron.api.rpc.handlers.resources_rpc [None req-2feb7d61-6946-4b4f-b715-10cdf3fa8120 admin admin] Pushing event updated for resources: {'SecurityGroup': ['ID=551833a9-d179-45a5-b963-20d58a2e74b5,revision_number=1']} {{(pid=103355) push /opt/stack/neutron/neutron/api/rpc/handlers/resources_rpc.py:237}}
Jun 23 03:11:24.945486 np0000182517 devstack@neutron-api.service[103355]: DEBUG ovsdbapp.backend.ovs_idl.transaction [-] Running txn n=1 command(idx=0): CheckLivenessCommand(_result=None) {{(pid=103355) do_commit /opt/stack/data/venv/lib/python3.12/site-packages/ovsdbapp/backend/ovs_idl/transaction.py:89}}
Jun 23 03:11:24.948972 np0000182517 devstack@neutron-api.service[103355]: DEBUG neutron.plugins.ml2.drivers.ovn.mech_driver.ovsdb.ovsdb_monitor [-] Hash Ring: Node f922ef2700695d3cae30e83b6a3180b1 (host: np0000182517) handling event "update" for row 9441e48d-ccd5-4c87-88b4-22c447020064 (table: NB_Global) {{(pid=103355) notify /opt/stack/neutron/neutron/plugins/ml2/drivers/ovn/mech_driver/ovsdb/ovsdb_monitor.py:1015}}
Jun 23 03:11:24.951534 np0000182517 devstack@neutron-api.service[103358]: DEBUG neutron.plugins.ml2.drivers.ovn.mech_driver.ovsdb.ovsdb_monitor [-] Hash Ring: Node 7da2358341485d46a2bcb3c274213a41 (host: np0000182517) handling event "update" for row 9441e48d-ccd5-4c87-88b4-22c447020064 (table: NB_Global) {{(pid=103358) notify /opt/stack/neutron/neutron/plugins/ml2/drivers/ovn/mech_driver/ovsdb/ovsdb_monitor.py:1015}}
Jun 23 03:11:24.953301 np0000182517 devstack@neutron-api.service[103355]: DEBUG neutron.api.rpc.callbacks.version_manager [None req-2feb7d61-6946-4b4f-b715-10cdf3fa8120 admin admin] Tracked resource versions report:
Jun 23 03:11:24.953301 np0000182517 devstack@neutron-api.service[103355]: pushed versions:
Jun 23 03:11:24.953301 np0000182517 devstack@neutron-api.service[103355]: { 'AddressGroup': {'1.2'},
Jun 23 03:11:24.953301 np0000182517 devstack@neutron-api.service[103355]: 'Agent': {'1.1'},
Jun 23 03:11:24.953301 np0000182517 devstack@neutron-api.service[103355]: 'ConntrackHelper': {'1.0'},
Jun 23 03:11:24.953301 np0000182517 devstack@neutron-api.service[103355]: 'LocalIPAssociation': {'1.0'},
Jun 23 03:11:24.953301 np0000182517 devstack@neutron-api.service[103355]: 'Log': {'1.0'},
Jun 23 03:11:24.953301 np0000182517 devstack@neutron-api.service[103355]: 'NDPProxy': {'1.0'},
Jun 23 03:11:24.953301 np0000182517 devstack@neutron-api.service[103355]: 'Network': {'1.3'},
Jun 23 03:11:24.953301 np0000182517 devstack@neutron-api.service[103355]: 'Port': {'1.11'},
Jun 23 03:11:24.953301 np0000182517 devstack@neutron-api.service[103355]: 'PortForwarding': {'1.3'},
Jun 23 03:11:24.953301 np0000182517 devstack@neutron-api.service[103355]: 'QosPolicy': {'1.10'},
Jun 23 03:11:24.953301 np0000182517 devstack@neutron-api.service[103355]: 'SecurityGroup': {'1.6'},
Jun 23 03:11:24.953301 np0000182517 devstack@neutron-api.service[103355]: 'SecurityGroupRule': {'1.3'},
Jun 23 03:11:24.953301 np0000182517 devstack@neutron-api.service[103355]: 'SubPort': {'1.0'},
Jun 23 03:11:24.953301 np0000182517 devstack@neutron-api.service[103355]: 'Subnet': {'1.2'},
Jun 23 03:11:24.953301 np0000182517 devstack@neutron-api.service[103355]: 'Trunk': {'1.1'}}
Jun 23 03:11:24.953301 np0000182517 devstack@neutron-api.service[103355]: consumer versions:
Jun 23 03:11:24.953301 np0000182517 devstack@neutron-api.service[103355]: {}
Jun 23 03:11:24.953301 np0000182517 devstack@neutron-api.service[103355]: {{(pid=103355) report /opt/stack/neutron/neutron/api/rpc/callbacks/version_manager.py:183}}
Jun 23 03:11:24.955485 np0000182517 devstack@neutron-api.service[103358]: DEBUG neutron.plugins.ml2.drivers.ovn.mech_driver.ovsdb.ovsdb_monitor [-] Hash Ring: Node 7da2358341485d46a2bcb3c274213a41 (host: np0000182517) handling event "update" for row 9441e48d-ccd5-4c87-88b4-22c447020064 (table: NB_Global) {{(pid=103358) notify /opt/stack/neutron/neutron/plugins/ml2/drivers/ovn/mech_driver/ovsdb/ovsdb_monitor.py:1015}}
Jun 23 03:11:24.956077 np0000182517 devstack@neutron-api.service[103358]: DEBUG neutron.plugins.ml2.drivers.ovn.mech_driver.ovsdb.ovsdb_monitor [-] Hash Ring: Node 7da2358341485d46a2bcb3c274213a41 (host: np0000182517) handling event "update" for row 9441e48d-ccd5-4c87-88b4-22c447020064 (table: NB_Global) {{(pid=103358) notify /opt/stack/neutron/neutron/plugins/ml2/drivers/ovn/mech_driver/ovsdb/ovsdb_monitor.py:1015}}
Jun 23 03:11:24.958972 np0000182517 devstack@neutron-api.service[103358]: DEBUG neutron.plugins.ml2.drivers.ovn.mech_driver.ovsdb.ovsdb_monitor [-] ChassisAgentWriteEvent : Matched Chassis_Private, update, None None {{(pid=103358) matches /opt/stack/neutron/neutron/plugins/ml2/drivers/ovn/mech_driver/ovsdb/ovsdb_monitor.py:64}}
Jun 23 03:11:24.959418 np0000182517 devstack@neutron-api.service[103356]: DEBUG neutron.plugins.ml2.drivers.ovn.mech_driver.ovsdb.ovsdb_monitor [-] ChassisAgentWriteEvent : Matched Chassis_Private, update, None None {{(pid=103356) matches /opt/stack/neutron/neutron/plugins/ml2/drivers/ovn/mech_driver/ovsdb/ovsdb_monitor.py:64}}
Jun 23 03:11:24.959762 np0000182517 devstack@neutron-api.service[103357]: DEBUG neutron.plugins.ml2.drivers.ovn.mech_driver.ovsdb.ovsdb_monitor [-] ChassisAgentWriteEvent : Matched Chassis_Private, update, None None {{(pid=103357) matches /opt/stack/neutron/neutron/plugins/ml2/drivers/ovn/mech_driver/ovsdb/ovsdb_monitor.py:64}}
Jun 23 03:11:24.960904 np0000182517 devstack@neutron-api.service[103358]: DEBUG neutron.plugins.ml2.drivers.ovn.mech_driver.ovsdb.ovsdb_monitor [-] Hash Ring: Node 7da2358341485d46a2bcb3c274213a41 (host: np0000182517) handling event "update" for row 9441e48d-ccd5-4c87-88b4-22c447020064 (table: NB_Global) {{(pid=103358) notify /opt/stack/neutron/neutron/plugins/ml2/drivers/ovn/mech_driver/ovsdb/ovsdb_monitor.py:1015}}
Jun 23 03:11:24.964186 np0000182517 devstack@neutron-api.service[103355]: DEBUG neutron.plugins.ml2.drivers.ovn.mech_driver.ovsdb.ovsdb_monitor [-] Hash Ring: Node f922ef2700695d3cae30e83b6a3180b1 (host: np0000182517) handling event "update" for row 9441e48d-ccd5-4c87-88b4-22c447020064 (table: NB_Global) {{(pid=103355) notify /opt/stack/neutron/neutron/plugins/ml2/drivers/ovn/mech_driver/ovsdb/ovsdb_monitor.py:1015}}
Jun 23 03:11:24.965299 np0000182517 devstack@neutron-api.service[103355]: DEBUG neutron.plugins.ml2.drivers.ovn.mech_driver.ovsdb.ovsdb_monitor [-] Hash Ring: Node f922ef2700695d3cae30e83b6a3180b1 (host: np0000182517) handling event "update" for row 9441e48d-ccd5-4c87-88b4-22c447020064 (table: NB_Global) {{(pid=103355) notify /opt/stack/neutron/neutron/plugins/ml2/drivers/ovn/mech_driver/ovsdb/ovsdb_monitor.py:1015}}
Jun 23 03:11:24.965398 np0000182517 devstack@neutron-api.service[103355]: DEBUG neutron.plugins.ml2.drivers.ovn.mech_driver.ovsdb.ovsdb_monitor [-] ChassisAgentWriteEvent : Matched Chassis_Private, update, None None {{(pid=103355) matches /opt/stack/neutron/neutron/plugins/ml2/drivers/ovn/mech_driver/ovsdb/ovsdb_monitor.py:64}}
Jun 23 03:11:24.966820 np0000182517 devstack@neutron-api.service[103355]: DEBUG neutron.plugins.ml2.drivers.ovn.mech_driver.ovsdb.ovsdb_monitor [-] Hash Ring: Node f922ef2700695d3cae30e83b6a3180b1 (host: np0000182517) handling event "update" for row 9441e48d-ccd5-4c87-88b4-22c447020064 (table: NB_Global) {{(pid=103355) notify /opt/stack/neutron/neutron/plugins/ml2/drivers/ovn/mech_driver/ovsdb/ovsdb_monitor.py:1015}}
Jun 23 03:11:24.969767 np0000182517 devstack@neutron-api.service[103356]: DEBUG neutron.plugins.ml2.drivers.ovn.mech_driver.ovsdb.ovsdb_monitor [-] ChassisOVNAgentWriteEvent : Matched Chassis_Private, update, None None {{(pid=103356) matches /opt/stack/neutron/neutron/plugins/ml2/drivers/ovn/mech_driver/ovsdb/ovsdb_monitor.py:64}}
Jun 23 03:11:24.972123 np0000182517 devstack@neutron-api.service[103357]: DEBUG neutron.plugins.ml2.drivers.ovn.mech_driver.ovsdb.ovsdb_monitor [-] ChassisOVNAgentWriteEvent : Matched Chassis_Private, update, None None {{(pid=103357) matches /opt/stack/neutron/neutron/plugins/ml2/drivers/ovn/mech_driver/ovsdb/ovsdb_monitor.py:64}}
Jun 23 03:11:24.973837 np0000182517 devstack@neutron-api.service[103355]: DEBUG neutron.plugins.ml2.drivers.ovn.mech_driver.ovsdb.ovsdb_monitor [-] ChassisOVNAgentWriteEvent : Matched Chassis_Private, update, None None {{(pid=103355) matches /opt/stack/neutron/neutron/plugins/ml2/drivers/ovn/mech_driver/ovsdb/ovsdb_monitor.py:64}}
Jun 23 03:11:24.974333 np0000182517 devstack@neutron-api.service[103358]: DEBUG neutron.common.ovn.hash_ring_manager [-] Allow caching, nodes 4>=4 {{(pid=103358) _wait_startup_before_caching /opt/stack/neutron/neutron/common/ovn/hash_ring_manager.py:71}}
Jun 23 03:11:24.974333 np0000182517 devstack@neutron-api.service[103358]: DEBUG neutron.plugins.ml2.drivers.ovn.mech_driver.ovsdb.ovsdb_monitor [-] Hash Ring: Node 7da2358341485d46a2bcb3c274213a41 (host: np0000182517) handling event "update" for row fce44804-189a-4aff-a902-693217bd333b (table: Chassis_Private) {{(pid=103358) notify /opt/stack/neutron/neutron/plugins/ml2/drivers/ovn/mech_driver/ovsdb/ovsdb_monitor.py:1015}}
Jun 23 03:11:24.975766 np0000182517 devstack@neutron-api.service[103358]: DEBUG neutron.plugins.ml2.drivers.ovn.mech_driver.ovsdb.ovsdb_monitor [-] ChassisOVNAgentWriteEvent : Matched Chassis_Private, update, None None {{(pid=103358) matches /opt/stack/neutron/neutron/plugins/ml2/drivers/ovn/mech_driver/ovsdb/ovsdb_monitor.py:64}}
Jun 23 03:11:24.976556 np0000182517 devstack@neutron-api.service[103358]: DEBUG neutron.plugins.ml2.drivers.ovn.mech_driver.ovsdb.ovsdb_monitor [-] Hash Ring: Node 7da2358341485d46a2bcb3c274213a41 (host: np0000182517) handling event "update" for row fce44804-189a-4aff-a902-693217bd333b (table: Chassis_Private) {{(pid=103358) notify /opt/stack/neutron/neutron/plugins/ml2/drivers/ovn/mech_driver/ovsdb/ovsdb_monitor.py:1015}}
Jun 23 03:11:25.035690 np0000182517 devstack@neutron-api.service[103355]: DEBUG neutron.plugins.ml2.drivers.helpers [None req-2feb7d61-6946-4b4f-b715-10cdf3fa8120 admin admin] geneve segment allocate from pool success with {'geneve_vni': 52794} {{(pid=103355) allocate_partially_specified_segment /opt/stack/neutron/neutron/plugins/ml2/drivers/helpers.py:142}}
Jun 23 03:11:25.048255 np0000182517 devstack@neutron-api.service[103355]: DEBUG neutron_lib.callbacks.manager [None req-2feb7d61-6946-4b4f-b715-10cdf3fa8120 admin admin] Publish callbacks ['neutron.services.segments.db._add_segment_host_mapping_for_segment-7836197042710', 'neutron.plugins.ml2.plugin.Ml2Plugin._handle_segment_change-376653'] for segment (a3f15a53-3f08-4638-be50-b1f7700b8170), precommit_create {{(pid=103355) _notify_loop /opt/stack/data/venv/lib/python3.12/site-packages/neutron_lib/callbacks/manager.py:184}}
Jun 23 03:11:25.048499 np0000182517 devstack@neutron-api.service[103355]: INFO neutron.db.segments_db [None req-2feb7d61-6946-4b4f-b715-10cdf3fa8120 admin admin] Added segment a3f15a53-3f08-4638-be50-b1f7700b8170 of type geneve for network 0107d0b5-c6e0-4f61-8fb6-0c01e65def02
Jun 23 03:11:25.102837 np0000182517 devstack@neutron-api.service[103355]: DEBUG neutron_lib.callbacks.manager [None req-2feb7d61-6946-4b4f-b715-10cdf3fa8120 admin admin] Publish callbacks ['neutron.services.auto_allocate.db._ensure_external_network_default_value_callback-7836195808290'] for network (0107d0b5-c6e0-4f61-8fb6-0c01e65def02), precommit_create {{(pid=103355) _notify_loop /opt/stack/data/venv/lib/python3.12/site-packages/neutron_lib/callbacks/manager.py:184}}
Jun 23 03:11:25.123534 np0000182517 devstack@neutron-api.service[103355]: DEBUG neutron.plugins.ml2.drivers.ovn.mech_driver.mech_driver [None req-2feb7d61-6946-4b4f-b715-10cdf3fa8120 admin admin] Validating network segment with type geneve, segmentation ID 52794, physical network None {{(pid=103355) _validate_network_segments /opt/stack/neutron/neutron/plugins/ml2/drivers/ovn/mech_driver/mech_driver.py:646}}
Jun 23 03:11:25.123534 np0000182517 devstack@neutron-api.service[103355]: DEBUG neutron.db.ovn_revision_numbers_db [None req-2feb7d61-6946-4b4f-b715-10cdf3fa8120 admin admin] create_initial_revision uuid=0107d0b5-c6e0-4f61-8fb6-0c01e65def02, type=networks, rev=-1 {{(pid=103355) create_initial_revision /opt/stack/neutron/neutron/db/ovn_revision_numbers_db.py:98}}
Jun 23 03:11:25.144166 np0000182517 devstack@neutron-api.service[103355]: DEBUG neutron_lib.callbacks.manager [None req-2feb7d61-6946-4b4f-b715-10cdf3fa8120 admin admin] Publish callbacks ['neutron.plugins.ml2.ovo_rpc._ObjectChangeHandler.handle_event-1948336'] for network (0107d0b5-c6e0-4f61-8fb6-0c01e65def02), after_create {{(pid=103355) _notify_loop /opt/stack/data/venv/lib/python3.12/site-packages/neutron_lib/callbacks/manager.py:184}}
Jun 23 03:11:25.198815 np0000182517 devstack@neutron-api.service[103355]: DEBUG neutron.api.rpc.handlers.resources_rpc [None req-2feb7d61-6946-4b4f-b715-10cdf3fa8120 admin admin] Pushing event updated for resources: {'Network': ['ID=0107d0b5-c6e0-4f61-8fb6-0c01e65def02,revision_number=1']} {{(pid=103355) push /opt/stack/neutron/neutron/api/rpc/handlers/resources_rpc.py:237}}
Jun 23 03:11:25.209470 np0000182517 devstack@neutron-api.service[103355]: DEBUG ovsdbapp.backend.ovs_idl.transaction [-] Running txn n=1 command(idx=0): AddNetworkCommand(_result=None, network_uuid=0107d0b5-c6e0-4f61-8fb6-0c01e65def02, may_exist=True, columns={'external_ids': {'neutron:network_name': 'private', 'neutron:mtu': '1372', 'neutron:revision_number': '1', 'neutron:availability_zone_hints': '', 'neutron:provnet-network-type': 'geneve'}, 'other_config': {'mcast_snoop': 'false', 'mcast_flood_unregistered': 'false', 'vlan-passthru': 'false'}}) {{(pid=103355) do_commit /opt/stack/data/venv/lib/python3.12/site-packages/ovsdbapp/backend/ovs_idl/transaction.py:89}}
Jun 23 03:11:25.210296 np0000182517 devstack@neutron-api.service[103355]: DEBUG neutron.common.ovn.utils [-] OVS persist_uuid supported=True {{(pid=103355) ovs_persist_uuid_supported /opt/stack/neutron/neutron/common/ovn/utils.py:1544}}
Jun 23 03:11:25.217386 np0000182517 devstack@neutron-api.service[103358]: DEBUG neutron.plugins.ml2.drivers.ovn.mech_driver.ovsdb.ovsdb_monitor [-] Hash Ring: Node 7da2358341485d46a2bcb3c274213a41 (host: np0000182517) handling event "create" for row 0107d0b5-c6e0-4f61-8fb6-0c01e65def02 (table: Logical_Switch) {{(pid=103358) notify /opt/stack/neutron/neutron/plugins/ml2/drivers/ovn/mech_driver/ovsdb/ovsdb_monitor.py:1015}}
Jun 23 03:11:25.219055 np0000182517 devstack@neutron-api.service[103356]: DEBUG neutron.plugins.ml2.drivers.ovn.mech_driver.ovsdb.ovsdb_monitor [-] Hash Ring: Node 08db081f2c2b5cc29c1d6f6d5af49c5e (host: np0000182517) handling event "create" for row 0107d0b5-c6e0-4f61-8fb6-0c01e65def02 (table: Logical_Switch) {{(pid=103356) notify /opt/stack/neutron/neutron/plugins/ml2/drivers/ovn/mech_driver/ovsdb/ovsdb_monitor.py:1015}}
Jun 23 03:11:25.225508 np0000182517 devstack@neutron-api.service[103357]: DEBUG neutron.plugins.ml2.drivers.ovn.mech_driver.ovsdb.ovsdb_monitor [-] Hash Ring: Node c3d0d40c812652f19f5539432bdd79ad (host: np0000182517) handling event "create" for row 026f4d1b-d520-47fe-a510-bc213e549875 (table: Datapath_Binding) {{(pid=103357) notify /opt/stack/neutron/neutron/plugins/ml2/drivers/ovn/mech_driver/ovsdb/ovsdb_monitor.py:1015}}
Jun 23 03:11:25.228498 np0000182517 devstack@neutron-api.service[103358]: DEBUG neutron.plugins.ml2.drivers.ovn.mech_driver.ovsdb.ovsdb_monitor [-] Hash Ring: Node 7da2358341485d46a2bcb3c274213a41 (host: np0000182517) handling event "create" for row 026f4d1b-d520-47fe-a510-bc213e549875 (table: Datapath_Binding) {{(pid=103358) notify /opt/stack/neutron/neutron/plugins/ml2/drivers/ovn/mech_driver/ovsdb/ovsdb_monitor.py:1015}}
Jun 23 03:11:25.252283 np0000182517 devstack@neutron-api.service[103355]: INFO neutron.db.ovn_revision_numbers_db [None req-2feb7d61-6946-4b4f-b715-10cdf3fa8120 admin admin] Successfully bumped revision number for resource 0107d0b5-c6e0-4f61-8fb6-0c01e65def02 (type: networks) to 1
Jun 23 03:11:25.318623 np0000182517 devstack@neutron-api.service[103355]: DEBUG neutron_lib.callbacks.manager [None req-2feb7d61-6946-4b4f-b715-10cdf3fa8120 admin admin] Publish callbacks ['neutron.plugins.ml2.plugin.SecurityGroupDbMixin._ensure_default_security_group_handler-30165'] for port (None), before_create {{(pid=103355) _notify_loop /opt/stack/data/venv/lib/python3.12/site-packages/neutron_lib/callbacks/manager.py:184}}
Jun 23 03:11:25.803608 np0000182517 devstack@neutron-api.service[103355]: DEBUG neutron_lib.callbacks.manager [None req-2feb7d61-6946-4b4f-b715-10cdf3fa8120 admin admin] Publish callbacks ['neutron.plugins.ml2.drivers.ovn.mech_driver.mech_driver.OVNMechanismDriver._validate_allowed_address_pairs-749674'] for allowed_address_pair (46b39997-d103-439e-a713-d9d188e35ab3), before_create {{(pid=103355) _notify_loop /opt/stack/data/venv/lib/python3.12/site-packages/neutron_lib/callbacks/manager.py:184}}
Jun 23 03:11:25.804462 np0000182517 devstack@neutron-api.service[103355]: DEBUG neutron_lib.callbacks.manager [None req-2feb7d61-6946-4b4f-b715-10cdf3fa8120 admin admin] Publish callbacks [] for port (46b39997-d103-439e-a713-d9d188e35ab3), precommit_create {{(pid=103355) _notify_loop /opt/stack/data/venv/lib/python3.12/site-packages/neutron_lib/callbacks/manager.py:184}}
Jun 23 03:11:25.804511 np0000182517 devstack@neutron-api.service[103355]: DEBUG neutron.plugins.ml2.drivers.ovn.mech_driver.mech_driver [None req-2feb7d61-6946-4b4f-b715-10cdf3fa8120 admin admin] No provisioning block for port 46b39997-d103-439e-a713-d9d188e35ab3 since it does not have a host {{(pid=103355) _is_port_provisioning_required /opt/stack/neutron/neutron/plugins/ml2/drivers/ovn/mech_driver/mech_driver.py:899}}
Jun 23 03:11:25.804628 np0000182517 devstack@neutron-api.service[103355]: DEBUG neutron.db.ovn_revision_numbers_db [None req-2feb7d61-6946-4b4f-b715-10cdf3fa8120 admin admin] create_initial_revision uuid=46b39997-d103-439e-a713-d9d188e35ab3, type=ports, rev=-1 {{(pid=103355) create_initial_revision /opt/stack/neutron/neutron/db/ovn_revision_numbers_db.py:98}}
Jun 23 03:11:25.878640 np0000182517 devstack@neutron-api.service[103355]: DEBUG neutron_lib.callbacks.manager [None req-2feb7d61-6946-4b4f-b715-10cdf3fa8120 admin admin] Publish callbacks ['neutron.plugins.ml2.ovo_rpc._ObjectChangeHandler.handle_event-1948291'] for port (46b39997-d103-439e-a713-d9d188e35ab3), after_create {{(pid=103355) _notify_loop /opt/stack/data/venv/lib/python3.12/site-packages/neutron_lib/callbacks/manager.py:184}}
Jun 23 03:11:25.947164 np0000182517 devstack@neutron-api.service[103355]: DEBUG neutron.api.rpc.handlers.resources_rpc [None req-2feb7d61-6946-4b4f-b715-10cdf3fa8120 admin admin] Pushing event updated for resources: {'Port': ['ID=46b39997-d103-439e-a713-d9d188e35ab3,revision_number=1']} {{(pid=103355) push /opt/stack/neutron/neutron/api/rpc/handlers/resources_rpc.py:237}}
Jun 23 03:11:25.998180 np0000182517 devstack@neutron-api.service[103355]: DEBUG neutron.plugins.ml2.drivers.ovn.mech_driver.ovsdb.commands [None req-2feb7d61-6946-4b4f-b715-10cdf3fa8120 admin admin] Converting tag [] to a tag_request {{(pid=103355) _tag_column_to_tag_request /opt/stack/neutron/neutron/plugins/ml2/drivers/ovn/mech_driver/ovsdb/commands.py:205}}
Jun 23 03:11:25.999387 np0000182517 devstack@neutron-api.service[103355]: DEBUG ovsdbapp.backend.ovs_idl.transaction [-] Running txn n=1 command(idx=0): AddLSwitchPortCommand(_result=None, lport=46b39997-d103-439e-a713-d9d188e35ab3, lswitch=neutron-0107d0b5-c6e0-4f61-8fb6-0c01e65def02, may_exist=True, network_uuid=0107d0b5-c6e0-4f61-8fb6-0c01e65def02, columns={'addresses': ['fa:16:3e:ff:aa:e2'], 'external_ids': {'neutron:port_name': '', 'neutron:device_id': 'ovnmeta-0107d0b5-c6e0-4f61-8fb6-0c01e65def02', 'neutron:project_id': '3ac0d36efd8d4ef1b5935c4eac57a9a7', 'neutron:cidrs': '', 'neutron:device_owner': 'network:distributed', 'neutron:subnet_pool_addr_scope4': '', 'neutron:subnet_pool_addr_scope6': '', 'neutron:network_name': 'neutron-0107d0b5-c6e0-4f61-8fb6-0c01e65def02', 'neutron:security_group_ids': '', 'neutron:revision_number': '1', 'neutron:vnic_type': 'normal', 'neutron:port_capabilities': '', 'neutron:mtu': '1372'}, 'parent_name': [], 'enabled': True, 'options': {}, 'type': 'localport', 'port_security': [], 'dhcpv4_options': [], 'dhcpv6_options': [], 'tag_request': []}) {{(pid=103355) do_commit /opt/stack/data/venv/lib/python3.12/site-packages/ovsdbapp/backend/ovs_idl/transaction.py:89}}
Jun 23 03:11:26.000507 np0000182517 devstack@neutron-api.service[103355]: DEBUG ovsdbapp.backend.ovs_idl.transaction [-] Running txn n=1 command(idx=1): QoSDelCommand(_result=None, switch=neutron-0107d0b5-c6e0-4f61-8fb6-0c01e65def02, conditions=[('direction', '=', 'to-lport'), ('priority', '=', 2002), ('match', '=', 'outport == "46b39997-d103-439e-a713-d9d188e35ab3"')], if_exists=True) {{(pid=103355) do_commit /opt/stack/data/venv/lib/python3.12/site-packages/ovsdbapp/backend/ovs_idl/transaction.py:89}}
Jun 23 03:11:26.000802 np0000182517 devstack@neutron-api.service[103355]: DEBUG ovsdbapp.backend.ovs_idl.transaction [-] Running txn n=1 command(idx=2): QoSDelCommand(_result=None, switch=neutron-0107d0b5-c6e0-4f61-8fb6-0c01e65def02, conditions=[('direction', '=', 'from-lport'), ('priority', '=', 2002), ('match', '=', 'inport == "46b39997-d103-439e-a713-d9d188e35ab3"')], if_exists=True) {{(pid=103355) do_commit /opt/stack/data/venv/lib/python3.12/site-packages/ovsdbapp/backend/ovs_idl/transaction.py:89}}
Jun 23 03:11:26.007150 np0000182517 devstack@neutron-api.service[103356]: DEBUG neutron.plugins.ml2.drivers.ovn.mech_driver.ovsdb.ovsdb_monitor [-] Hash Ring: Node 08db081f2c2b5cc29c1d6f6d5af49c5e (host: np0000182517) handling event "update" for row 0107d0b5-c6e0-4f61-8fb6-0c01e65def02 (table: Logical_Switch) {{(pid=103356) notify /opt/stack/neutron/neutron/plugins/ml2/drivers/ovn/mech_driver/ovsdb/ovsdb_monitor.py:1015}}
Jun 23 03:11:26.007150 np0000182517 devstack@neutron-api.service[103356]: DEBUG neutron.plugins.ml2.drivers.ovn.mech_driver.ovsdb.ovsdb_monitor [-] Hash Ring: Node 08db081f2c2b5cc29c1d6f6d5af49c5e (host: np0000182517) handling event "create" for row bbb1c168-129b-4464-b5e7-12b8b8219fb8 (table: Logical_Switch_Port) {{(pid=103356) notify /opt/stack/neutron/neutron/plugins/ml2/drivers/ovn/mech_driver/ovsdb/ovsdb_monitor.py:1015}}
Jun 23 03:11:26.008422 np0000182517 devstack@neutron-api.service[103358]: DEBUG neutron.plugins.ml2.drivers.ovn.mech_driver.ovsdb.ovsdb_monitor [-] Hash Ring: Node 7da2358341485d46a2bcb3c274213a41 (host: np0000182517) handling event "update" for row 0107d0b5-c6e0-4f61-8fb6-0c01e65def02 (table: Logical_Switch) {{(pid=103358) notify /opt/stack/neutron/neutron/plugins/ml2/drivers/ovn/mech_driver/ovsdb/ovsdb_monitor.py:1015}}
Jun 23 03:11:26.009150 np0000182517 devstack@neutron-api.service[103358]: DEBUG neutron.plugins.ml2.drivers.ovn.mech_driver.ovsdb.ovsdb_monitor [-] Hash Ring: Node 7da2358341485d46a2bcb3c274213a41 (host: np0000182517) handling event "create" for row bbb1c168-129b-4464-b5e7-12b8b8219fb8 (table: Logical_Switch_Port) {{(pid=103358) notify /opt/stack/neutron/neutron/plugins/ml2/drivers/ovn/mech_driver/ovsdb/ovsdb_monitor.py:1015}}
Jun 23 03:11:26.009683 np0000182517 devstack@neutron-api.service[103356]: DEBUG ovsdbapp.backend.ovs_idl.event [-] Matched CREATE: LogicalSwitchPortCreateEvent(events=('create',), table='Logical_Switch_Port', conditions=[], old_conditions=None), priority=20 to row=Logical_Switch_Port(uuid=bbb1c168-129b-4464-b5e7-12b8b8219fb8, addresses=['fa:16:3e:ff:aa:e2'], dhcpv4_options=[], dhcpv6_options=[], dynamic_addresses=[], enabled=True, external_ids={'neutron:cidrs': '', 'neutron:device_id': 'ovnmeta-0107d0b5-c6e0-4f61-8fb6-0c01e65def02', 'neutron:device_owner': 'network:distributed', 'neutron:mtu': '1372', 'neutron:network_name': 'neutron-0107d0b5-c6e0-4f61-8fb6-0c01e65def02', 'neutron:port_capabilities': '', 'neutron:port_name': '', 'neutron:project_id': '3ac0d36efd8d4ef1b5935c4eac57a9a7', 'neutron:revision_number': '1', 'neutron:security_group_ids': '', 'neutron:subnet_pool_addr_scope4': '', 'neutron:subnet_pool_addr_scope6': '', 'neutron:vnic_type': 'normal'}, ha_chassis_group=[], mirror_rules=[], name='46b39997-d103-439e-a713-d9d188e35ab3', options={}, parent_name=[], port_security=[], tag=[], tag_request=[], type='localport', up=[]) old= {{(pid=103356) matches /opt/stack/data/venv/lib/python3.12/site-packages/ovsdbapp/backend/ovs_idl/event.py:55}}
Jun 23 03:11:26.010813 np0000182517 devstack@neutron-api.service[103356]: INFO neutron.plugins.ml2.drivers.ovn.mech_driver.mech_driver [-] OVN reports status down for port: 46b39997-d103-439e-a713-d9d188e35ab3
Jun 23 03:11:26.013812 np0000182517 devstack@neutron-api.service[103358]: DEBUG ovsdbapp.backend.ovs_idl.event [-] Matched CREATE: LogicalSwitchPortCreateEvent(events=('create',), table='Logical_Switch_Port', conditions=[], old_conditions=None), priority=20 to row=Logical_Switch_Port(uuid=bbb1c168-129b-4464-b5e7-12b8b8219fb8, addresses=['fa:16:3e:ff:aa:e2'], dhcpv4_options=[], dhcpv6_options=[], dynamic_addresses=[], enabled=True, external_ids={'neutron:cidrs': '', 'neutron:device_id': 'ovnmeta-0107d0b5-c6e0-4f61-8fb6-0c01e65def02', 'neutron:device_owner': 'network:distributed', 'neutron:mtu': '1372', 'neutron:network_name': 'neutron-0107d0b5-c6e0-4f61-8fb6-0c01e65def02', 'neutron:port_capabilities': '', 'neutron:port_name': '', 'neutron:project_id': '3ac0d36efd8d4ef1b5935c4eac57a9a7', 'neutron:revision_number': '1', 'neutron:security_group_ids': '', 'neutron:subnet_pool_addr_scope4': '', 'neutron:subnet_pool_addr_scope6': '', 'neutron:vnic_type': 'normal'}, ha_chassis_group=[], mirror_rules=[], name='46b39997-d103-439e-a713-d9d188e35ab3', options={}, parent_name=[], port_security=[], tag=[], tag_request=[], type='localport', up=[]) old= {{(pid=103358) matches /opt/stack/data/venv/lib/python3.12/site-packages/ovsdbapp/backend/ovs_idl/event.py:55}}
